Build Information
Failed to build AMLogger, reference 2.0.0 (5db8e3), with Swift 6.2 for watchOS using Xcode 26.3 on 24 Jul 2026 00:26:21 UTC.
Build Command
env DEVELOPER_DIR=/Applications/Xcode-26.3.0.app xcrun xcodebuild -IDEClonedSourcePackagesDirPathOverride=$PWD/.dependencies -skipMacroValidation -skipPackagePluginValidation -derivedDataPath $PWD/.derivedData build -scheme AMLogger -destination generic/platform=watchOSBuild Log
========================================
RunAll
========================================
Builder version: undefined version: run 'make version' to update
Interrupt handler set up.
========================================
Checkout
========================================
Clone URL: https://github.com/andrealufino/amlogger.git
Reference: 2.0.0
Initialized empty Git repository in /Users/admin/builder/spi-builder-workspace/.git/
From https://github.com/andrealufino/amlogger
* tag 2.0.0 -> FETCH_HEAD
HEAD is now at 5db8e3b Prepare 2.0.0 release
Cloned https://github.com/andrealufino/amlogger.git
Revision (git rev-parse @):
5db8e3b2e8492b618162e31831a911d958f3782c
SUCCESS checkout https://github.com/andrealufino/amlogger.git at 2.0.0
========================================
Build
========================================
Selected platform: watchOS
Swift version: 6.2
Building package at path: $PWD
https://github.com/andrealufino/amlogger.git
Command line invocation:
/Applications/Xcode-26.3.0.app/Contents/Developer/usr/bin/xcodebuild -IDEClonedSourcePackagesDirPathOverride=/Users/admin/builder/spi-builder-workspace/.dependencies -resolvePackageDependencies
Resolve Package Graph
Resolve Package Graph
Resolved source packages:
AMLogger: /Users/admin/builder/spi-builder-workspace
resolved source packages: AMLogger
2026-07-23 20:25:47.565 xcodebuild[538:3090] [MT] IDERunDestination: Supported platforms for the buildables in the current scheme is empty.
{
"dependencies" : [
],
"manifest_display_name" : "AMLogger",
"name" : "AMLogger",
"path" : "/Users/admin/builder/spi-builder-workspace",
"platforms" : [
{
"name" : "ios",
"version" : "17.0"
},
{
"name" : "macos",
"version" : "14.0"
},
{
"name" : "tvos",
"version" : "17.0"
},
{
"name" : "watchos",
"version" : "10.0"
},
{
"name" : "visionos",
"version" : "2.0"
}
],
"products" : [
{
"name" : "AMLogger",
"targets" : [
"AMLogger"
],
"type" : {
"library" : [
"automatic"
]
}
}
],
"targets" : [
{
"c99name" : "AMLoggerTests",
"module_type" : "SwiftTarget",
"name" : "AMLoggerTests",
"path" : "Tests/AMLoggerTests",
"sources" : [
"AMLoggerTests.swift"
],
"target_dependencies" : [
"AMLogger"
],
"type" : "test"
},
{
"c99name" : "AMLogger",
"module_type" : "SwiftTarget",
"name" : "AMLogger",
"path" : "Sources/AMLogger",
"product_memberships" : [
"AMLogger"
],
"sources" : [
"AMLogger.swift",
"Core/AMLogger+Metadata.swift",
"Core/AMLoggerStore.swift",
"Core/AMLoggerTypes.swift",
"SwiftData/AMLoggerMigrationPlan.swift",
"SwiftData/AMLoggerSchema.swift",
"UI/AMLoggerBodyDetailView.swift",
"UI/AMLoggerConsoleView.swift",
"UI/AMLoggerDetailView.swift",
"UI/AMLoggerFilteredListView.swift",
"UI/AMLoggerFiltersView.swift",
"UI/AMLoggerHelpers.swift",
"UI/AMLoggerLevelUI.swift",
"UI/AMLoggerListView.swift",
"UI/AMLoggerSessionPickerView.swift",
"UI/AMLoggerSessionsListView.swift",
"UI/AMLoggerStoreDetailsView.swift"
],
"type" : "library"
}
],
"tools_version" : "6.0"
}
{
"workspace" : {
"name" : "spi-builder-workspace",
"schemes" : [
"AMLogger"
]
}
}
2026-07-23 20:26:05.701 xcodebuild[677:4216] [MT] IDERunDestination: Supported platforms for the buildables in the current scheme is empty.
Running build ...
env DEVELOPER_DIR=/Applications/Xcode-26.3.0.app xcrun xcodebuild -IDEClonedSourcePackagesDirPathOverride=$PWD/.dependencies -skipMacroValidation -skipPackagePluginValidation -derivedDataPath $PWD/.derivedData build -scheme AMLogger -destination generic/platform=watchOS
Command line invocation:
/Applications/Xcode-26.3.0.app/Contents/Developer/usr/bin/xcodebuild -IDEClonedSourcePackagesDirPathOverride=/Users/admin/builder/spi-builder-workspace/.dependencies -skipMacroValidation -skipPackagePluginValidation -derivedDataPath /Users/admin/builder/spi-builder-workspace/.derivedData build -scheme AMLogger -destination generic/platform=watchOS
Resolve Package Graph
Resolved source packages:
AMLogger: /Users/admin/builder/spi-builder-workspace
ComputePackagePrebuildTargetDependencyGraph
Prepare packages
CreateBuildRequest
SendProjectDescription
CreateBuildOperation
ComputeTargetDependencyGraph
note: Building targets in dependency order
note: Target dependency graph (3 targets)
Target 'AMLogger' in project 'AMLogger'
➜ Explicit dependency on target 'AMLogger' in project 'AMLogger'
➜ Explicit dependency on target 'AMLogger_AMLogger' in project 'AMLogger'
Target 'AMLogger' in project 'AMLogger'
➜ Explicit dependency on target 'AMLogger_AMLogger' in project 'AMLogger'
Target 'AMLogger_AMLogger' in project 'AMLogger' (no dependencies)
GatherProvisioningInputs
CreateBuildDescription
ExecuteExternalTool /Applications/Xcode-26.3.0.app/Contents/Developer/Toolchains/XcodeDefault.xctoolchain/usr/bin/clang -v -E -dM -isysroot /Applications/Xcode-26.3.0.app/Contents/Developer/Platforms/WatchOS.platform/Developer/SDKs/WatchOS26.2.sdk -x c -c /dev/null
ExecuteExternalTool /Applications/Xcode-26.3.0.app/Contents/Developer/Toolchains/XcodeDefault.xctoolchain/usr/bin/swiftc --version
ExecuteExternalTool /Applications/Xcode-26.3.0.app/Contents/Developer/Toolchains/XcodeDefault.xctoolchain/usr/bin/ld -version_details
Build description signature: ae17b0c9efb7c4074d586e4cddfeff3c
Build description path: /Users/admin/builder/spi-builder-workspace/.derivedData/Build/Intermediates.noindex/XCBuildData/ae17b0c9efb7c4074d586e4cddfeff3c.xcbuilddata
ClangStatCache /Applications/Xcode-26.3.0.app/Contents/Developer/Toolchains/XcodeDefault.xctoolchain/usr/bin/clang-stat-cache /Applications/Xcode-26.3.0.app/Contents/Developer/Platforms/WatchOS.platform/Developer/SDKs/WatchOS26.2.sdk /Users/admin/builder/spi-builder-workspace/.derivedData/SDKStatCaches.noindex/watchos26.2-23S303-dc75598d0054f22ec865fa860f139d721753b489057de6bda919edfa1c59a62b.sdkstatcache
cd /Users/admin/builder/spi-builder-workspace/.swiftpm/xcode
/Applications/Xcode-26.3.0.app/Contents/Developer/Toolchains/XcodeDefault.xctoolchain/usr/bin/clang-stat-cache /Applications/Xcode-26.3.0.app/Contents/Developer/Platforms/WatchOS.platform/Developer/SDKs/WatchOS26.2.sdk -o /Users/admin/builder/spi-builder-workspace/.derivedData/SDKStatCaches.noindex/watchos26.2-23S303-dc75598d0054f22ec865fa860f139d721753b489057de6bda919edfa1c59a62b.sdkstatcache
CreateBuildDirectory /Users/admin/builder/spi-builder-workspace/.derivedData/Build/Products
cd /Users/admin/builder/spi-builder-workspace/.swiftpm/xcode
builtin-create-build-directory /Users/admin/builder/spi-builder-workspace/.derivedData/Build/Products
CreateBuildDirectory /Users/admin/builder/spi-builder-workspace/.derivedData/Build/Intermediates.noindex
cd /Users/admin/builder/spi-builder-workspace/.swiftpm/xcode
builtin-create-build-directory /Users/admin/builder/spi-builder-workspace/.derivedData/Build/Intermediates.noindex
CreateBuildDirectory /Users/admin/builder/spi-builder-workspace/.derivedData/Build/Intermediates.noindex/SwiftExplicitPrecompiledModules
cd /Users/admin/builder/spi-builder-workspace/.swiftpm/xcode
builtin-create-build-directory /Users/admin/builder/spi-builder-workspace/.derivedData/Build/Intermediates.noindex/SwiftExplicitPrecompiledModules
CreateBuildDirectory /Users/admin/builder/spi-builder-workspace/.derivedData/Build/Intermediates.noindex/ExplicitPrecompiledModules
cd /Users/admin/builder/spi-builder-workspace/.swiftpm/xcode
builtin-create-build-directory /Users/admin/builder/spi-builder-workspace/.derivedData/Build/Intermediates.noindex/ExplicitPrecompiledModules
CreateBuildDirectory /Users/admin/builder/spi-builder-workspace/.derivedData/Build/Intermediates.noindex/EagerLinkingTBDs/Debug-watchos
cd /Users/admin/builder/spi-builder-workspace/.swiftpm/xcode
builtin-create-build-directory /Users/admin/builder/spi-builder-workspace/.derivedData/Build/Intermediates.noindex/EagerLinkingTBDs/Debug-watchos
CreateBuildDirectory /Users/admin/builder/spi-builder-workspace/.derivedData/Build/Products/Debug-watchos
cd /Users/admin/builder/spi-builder-workspace/.swiftpm/xcode
builtin-create-build-directory /Users/admin/builder/spi-builder-workspace/.derivedData/Build/Products/Debug-watchos
CreateBuildDirectory /Users/admin/builder/spi-builder-workspace/.derivedData/Build/Products/Debug-watchos/PackageFrameworks
cd /Users/admin/builder/spi-builder-workspace/.swiftpm/xcode
builtin-create-build-directory /Users/admin/builder/spi-builder-workspace/.derivedData/Build/Products/Debug-watchos/PackageFrameworks
MkDir /Users/admin/builder/spi-builder-workspace/.derivedData/Build/Products/Debug-watchos/AMLogger_AMLogger.bundle (in target 'AMLogger_AMLogger' from project 'AMLogger')
cd /Users/admin/builder/spi-builder-workspace
/bin/mkdir -p /Users/admin/builder/spi-builder-workspace/.derivedData/Build/Products/Debug-watchos/AMLogger_AMLogger.bundle
WriteAuxiliaryFile /Users/admin/builder/spi-builder-workspace/.derivedData/Build/Intermediates.noindex/AMLogger.build/Debug-watchos/AMLogger_AMLogger.build/empty-AMLogger_AMLogger.plist (in target 'AMLogger_AMLogger' from project 'AMLogger')
cd /Users/admin/builder/spi-builder-workspace
write-file /Users/admin/builder/spi-builder-workspace/.derivedData/Build/Intermediates.noindex/AMLogger.build/Debug-watchos/AMLogger_AMLogger.build/empty-AMLogger_AMLogger.plist
WriteAuxiliaryFile /Users/admin/builder/spi-builder-workspace/.derivedData/Build/Intermediates.noindex/AMLogger.build/Debug-watchos/AMLogger_AMLogger.build/AMLogger_AMLogger.DependencyStaticMetadataFileList (in target 'AMLogger_AMLogger' from project 'AMLogger')
cd /Users/admin/builder/spi-builder-workspace
write-file /Users/admin/builder/spi-builder-workspace/.derivedData/Build/Intermediates.noindex/AMLogger.build/Debug-watchos/AMLogger_AMLogger.build/AMLogger_AMLogger.DependencyStaticMetadataFileList
WriteAuxiliaryFile /Users/admin/builder/spi-builder-workspace/.derivedData/Build/Intermediates.noindex/AMLogger.build/Debug-watchos/AMLogger_AMLogger.build/AMLogger_AMLogger.DependencyMetadataFileList (in target 'AMLogger_AMLogger' from project 'AMLogger')
cd /Users/admin/builder/spi-builder-workspace
write-file /Users/admin/builder/spi-builder-workspace/.derivedData/Build/Intermediates.noindex/AMLogger.build/Debug-watchos/AMLogger_AMLogger.build/AMLogger_AMLogger.DependencyMetadataFileList
WriteAuxiliaryFile /Users/admin/builder/spi-builder-workspace/.derivedData/Build/Intermediates.noindex/AMLogger.build/Debug-watchos/AMLogger.build/Objects-normal/arm64_32/AMLogger-OutputFileMap.json (in target 'AMLogger' from project 'AMLogger')
cd /Users/admin/builder/spi-builder-workspace
write-file /Users/admin/builder/spi-builder-workspace/.derivedData/Build/Intermediates.noindex/AMLogger.build/Debug-watchos/AMLogger.build/Objects-normal/arm64_32/AMLogger-OutputFileMap.json
WriteAuxiliaryFile /Users/admin/builder/spi-builder-workspace/.derivedData/Build/Intermediates.noindex/AMLogger.build/Debug-watchos/AMLogger.build/Objects-normal/arm64_32/AMLogger_const_extract_protocols.json (in target 'AMLogger' from project 'AMLogger')
cd /Users/admin/builder/spi-builder-workspace
write-file /Users/admin/builder/spi-builder-workspace/.derivedData/Build/Intermediates.noindex/AMLogger.build/Debug-watchos/AMLogger.build/Objects-normal/arm64_32/AMLogger_const_extract_protocols.json
WriteAuxiliaryFile /Users/admin/builder/spi-builder-workspace/.derivedData/Build/Intermediates.noindex/AMLogger.build/Debug-watchos/AMLogger.build/Objects-normal/arm64_32/AMLogger.SwiftConstValuesFileList (in target 'AMLogger' from project 'AMLogger')
cd /Users/admin/builder/spi-builder-workspace
write-file /Users/admin/builder/spi-builder-workspace/.derivedData/Build/Intermediates.noindex/AMLogger.build/Debug-watchos/AMLogger.build/Objects-normal/arm64_32/AMLogger.SwiftConstValuesFileList
WriteAuxiliaryFile /Users/admin/builder/spi-builder-workspace/.derivedData/Build/Intermediates.noindex/AMLogger.build/Debug-watchos/AMLogger.build/Objects-normal/arm64_32/AMLogger.LinkFileList (in target 'AMLogger' from project 'AMLogger')
cd /Users/admin/builder/spi-builder-workspace
write-file /Users/admin/builder/spi-builder-workspace/.derivedData/Build/Intermediates.noindex/AMLogger.build/Debug-watchos/AMLogger.build/Objects-normal/arm64_32/AMLogger.LinkFileList
WriteAuxiliaryFile /Users/admin/builder/spi-builder-workspace/.derivedData/Build/Intermediates.noindex/AMLogger.build/Debug-watchos/AMLogger.build/Objects-normal/arm64_32/AMLogger.SwiftFileList (in target 'AMLogger' from project 'AMLogger')
cd /Users/admin/builder/spi-builder-workspace
write-file /Users/admin/builder/spi-builder-workspace/.derivedData/Build/Intermediates.noindex/AMLogger.build/Debug-watchos/AMLogger.build/Objects-normal/arm64_32/AMLogger.SwiftFileList
WriteAuxiliaryFile /Users/admin/builder/spi-builder-workspace/.derivedData/Build/Intermediates.noindex/AMLogger.build/Debug-watchos/AMLogger.build/Objects-normal/arm64/AMLogger_const_extract_protocols.json (in target 'AMLogger' from project 'AMLogger')
cd /Users/admin/builder/spi-builder-workspace
write-file /Users/admin/builder/spi-builder-workspace/.derivedData/Build/Intermediates.noindex/AMLogger.build/Debug-watchos/AMLogger.build/Objects-normal/arm64/AMLogger_const_extract_protocols.json
WriteAuxiliaryFile /Users/admin/builder/spi-builder-workspace/.derivedData/Build/Intermediates.noindex/AMLogger.build/Debug-watchos/AMLogger.build/Objects-normal/arm64/AMLogger.SwiftFileList (in target 'AMLogger' from project 'AMLogger')
cd /Users/admin/builder/spi-builder-workspace
write-file /Users/admin/builder/spi-builder-workspace/.derivedData/Build/Intermediates.noindex/AMLogger.build/Debug-watchos/AMLogger.build/Objects-normal/arm64/AMLogger.SwiftFileList
WriteAuxiliaryFile /Users/admin/builder/spi-builder-workspace/.derivedData/Build/Intermediates.noindex/AMLogger.build/Debug-watchos/AMLogger.build/Objects-normal/arm64/AMLogger.SwiftConstValuesFileList (in target 'AMLogger' from project 'AMLogger')
cd /Users/admin/builder/spi-builder-workspace
write-file /Users/admin/builder/spi-builder-workspace/.derivedData/Build/Intermediates.noindex/AMLogger.build/Debug-watchos/AMLogger.build/Objects-normal/arm64/AMLogger.SwiftConstValuesFileList
WriteAuxiliaryFile /Users/admin/builder/spi-builder-workspace/.derivedData/Build/Intermediates.noindex/AMLogger.build/Debug-watchos/AMLogger.build/Objects-normal/arm64/AMLogger.LinkFileList (in target 'AMLogger' from project 'AMLogger')
cd /Users/admin/builder/spi-builder-workspace
write-file /Users/admin/builder/spi-builder-workspace/.derivedData/Build/Intermediates.noindex/AMLogger.build/Debug-watchos/AMLogger.build/Objects-normal/arm64/AMLogger.LinkFileList
WriteAuxiliaryFile /Users/admin/builder/spi-builder-workspace/.derivedData/Build/Intermediates.noindex/AMLogger.build/Debug-watchos/AMLogger.build/Objects-normal/arm64/AMLogger-OutputFileMap.json (in target 'AMLogger' from project 'AMLogger')
cd /Users/admin/builder/spi-builder-workspace
write-file /Users/admin/builder/spi-builder-workspace/.derivedData/Build/Intermediates.noindex/AMLogger.build/Debug-watchos/AMLogger.build/Objects-normal/arm64/AMLogger-OutputFileMap.json
WriteAuxiliaryFile /Users/admin/builder/spi-builder-workspace/.derivedData/Build/Intermediates.noindex/AMLogger.build/Debug-watchos/AMLogger.build/AMLogger.modulemap (in target 'AMLogger' from project 'AMLogger')
cd /Users/admin/builder/spi-builder-workspace
write-file /Users/admin/builder/spi-builder-workspace/.derivedData/Build/Intermediates.noindex/AMLogger.build/Debug-watchos/AMLogger.build/AMLogger.modulemap
WriteAuxiliaryFile /Users/admin/builder/spi-builder-workspace/.derivedData/Build/Intermediates.noindex/AMLogger.build/Debug-watchos/AMLogger.build/DerivedSources/resource_bundle_accessor.swift (in target 'AMLogger' from project 'AMLogger')
cd /Users/admin/builder/spi-builder-workspace
write-file /Users/admin/builder/spi-builder-workspace/.derivedData/Build/Intermediates.noindex/AMLogger.build/Debug-watchos/AMLogger.build/DerivedSources/resource_bundle_accessor.swift
WriteAuxiliaryFile /Users/admin/builder/spi-builder-workspace/.derivedData/Build/Intermediates.noindex/AMLogger.build/Debug-watchos/AMLogger.build/AMLogger.DependencyStaticMetadataFileList (in target 'AMLogger' from project 'AMLogger')
cd /Users/admin/builder/spi-builder-workspace
write-file /Users/admin/builder/spi-builder-workspace/.derivedData/Build/Intermediates.noindex/AMLogger.build/Debug-watchos/AMLogger.build/AMLogger.DependencyStaticMetadataFileList
WriteAuxiliaryFile /Users/admin/builder/spi-builder-workspace/.derivedData/Build/Intermediates.noindex/AMLogger.build/Debug-watchos/AMLogger.build/AMLogger.DependencyMetadataFileList (in target 'AMLogger' from project 'AMLogger')
cd /Users/admin/builder/spi-builder-workspace
write-file /Users/admin/builder/spi-builder-workspace/.derivedData/Build/Intermediates.noindex/AMLogger.build/Debug-watchos/AMLogger.build/AMLogger.DependencyMetadataFileList
Copy /Users/admin/builder/spi-builder-workspace/.derivedData/Build/Intermediates.noindex/GeneratedModuleMaps-watchos/AMLogger.modulemap /Users/admin/builder/spi-builder-workspace/.derivedData/Build/Intermediates.noindex/AMLogger.build/Debug-watchos/AMLogger.build/AMLogger.modulemap (in target 'AMLogger' from project 'AMLogger')
cd /Users/admin/builder/spi-builder-workspace
builtin-copy -exclude .DS_Store -exclude CVS -exclude .svn -exclude .git -exclude .hg -resolve-src-symlinks /Users/admin/builder/spi-builder-workspace/.derivedData/Build/Intermediates.noindex/AMLogger.build/Debug-watchos/AMLogger.build/AMLogger.modulemap /Users/admin/builder/spi-builder-workspace/.derivedData/Build/Intermediates.noindex/GeneratedModuleMaps-watchos
ProcessInfoPlistFile /Users/admin/builder/spi-builder-workspace/.derivedData/Build/Products/Debug-watchos/AMLogger_AMLogger.bundle/Info.plist /Users/admin/builder/spi-builder-workspace/.derivedData/Build/Intermediates.noindex/AMLogger.build/Debug-watchos/AMLogger_AMLogger.build/empty-AMLogger_AMLogger.plist (in target 'AMLogger_AMLogger' from project 'AMLogger')
cd /Users/admin/builder/spi-builder-workspace
builtin-infoPlistUtility /Users/admin/builder/spi-builder-workspace/.derivedData/Build/Intermediates.noindex/AMLogger.build/Debug-watchos/AMLogger_AMLogger.build/empty-AMLogger_AMLogger.plist -producttype com.apple.product-type.bundle -expandbuildsettings -format binary -platform watchos -o /Users/admin/builder/spi-builder-workspace/.derivedData/Build/Products/Debug-watchos/AMLogger_AMLogger.bundle/Info.plist
CpResource /Users/admin/builder/spi-builder-workspace/.derivedData/Build/Products/Debug-watchos/AMLogger_AMLogger.bundle/PrivacyInfo.xcprivacy /Users/admin/builder/spi-builder-workspace/Sources/AMLogger/PrivacyInfo.xcprivacy (in target 'AMLogger_AMLogger' from project 'AMLogger')
cd /Users/admin/builder/spi-builder-workspace
builtin-copy -exclude .DS_Store -exclude CVS -exclude .svn -exclude .git -exclude .hg -resolve-src-symlinks /Users/admin/builder/spi-builder-workspace/Sources/AMLogger/PrivacyInfo.xcprivacy /Users/admin/builder/spi-builder-workspace/.derivedData/Build/Products/Debug-watchos/AMLogger_AMLogger.bundle
RegisterExecutionPolicyException /Users/admin/builder/spi-builder-workspace/.derivedData/Build/Products/Debug-watchos/AMLogger_AMLogger.bundle (in target 'AMLogger_AMLogger' from project 'AMLogger')
cd /Users/admin/builder/spi-builder-workspace
builtin-RegisterExecutionPolicyException /Users/admin/builder/spi-builder-workspace/.derivedData/Build/Products/Debug-watchos/AMLogger_AMLogger.bundle
Touch /Users/admin/builder/spi-builder-workspace/.derivedData/Build/Products/Debug-watchos/AMLogger_AMLogger.bundle (in target 'AMLogger_AMLogger' from project 'AMLogger')
cd /Users/admin/builder/spi-builder-workspace
/usr/bin/touch -c /Users/admin/builder/spi-builder-workspace/.derivedData/Build/Products/Debug-watchos/AMLogger_AMLogger.bundle
SwiftDriver AMLogger normal arm64_32 com.apple.xcode.tools.swift.compiler (in target 'AMLogger' from project 'AMLogger')
cd /Users/admin/builder/spi-builder-workspace/.swiftpm/xcode
builtin-SwiftDriver -- /Applications/Xcode-26.3.0.app/Contents/Developer/Toolchains/XcodeDefault.xctoolchain/usr/bin/swiftc -module-name AMLogger -Onone -enforce-exclusivity\=checked @/Users/admin/builder/spi-builder-workspace/.derivedData/Build/Intermediates.noindex/AMLogger.build/Debug-watchos/AMLogger.build/Objects-normal/arm64_32/AMLogger.SwiftFileList -DSWIFT_PACKAGE -DDEBUG -DSWIFT_MODULE_RESOURCE_BUNDLE_AVAILABLE -DXcode -plugin-path /Applications/Xcode-26.3.0.app/Contents/Developer/Toolchains/XcodeDefault.xctoolchain/usr/lib/swift/host/plugins/testing -enable-experimental-feature DebugDescriptionMacro -sdk /Applications/Xcode-26.3.0.app/Contents/Developer/Platforms/WatchOS.platform/Developer/SDKs/WatchOS26.2.sdk -target arm64_32-apple-watchos10.0 -g -module-cache-path /Users/admin/builder/spi-builder-workspace/.derivedData/ModuleCache.noindex -Xfrontend -serialize-debugging-options -profile-coverage-mapping -profile-generate -enable-testing -index-store-path /Users/admin/builder/spi-builder-workspace/.derivedData/Index.noindex/DataStore -Xcc -D_LIBCPP_HARDENING_MODE\=_LIBCPP_HARDENING_MODE_DEBUG -swift-version 6 -I /Users/admin/builder/spi-builder-workspace/.derivedData/Build/Products/Debug-watchos -Isystem /Applications/Xcode-26.3.0.app/Contents/Developer/Platforms/WatchOS.platform/Developer/usr/lib -F /Users/admin/builder/spi-builder-workspace/.derivedData/Build/Products/Debug-watchos -F /Applications/Xcode-26.3.0.app/Contents/Developer/Platforms/WatchOS.platform/Developer/Library/Frameworks -F /Applications/Xcode-26.3.0.app/Contents/Developer/Platforms/WatchOS.platform/Developer/SDKs/WatchOS26.2.sdk/Developer/Library/Frameworks -c -j10 -enable-batch-mode -incremental -Xcc -ivfsstatcache -Xcc /Users/admin/builder/spi-builder-workspace/.derivedData/SDKStatCaches.noindex/watchos26.2-23S303-dc75598d0054f22ec865fa860f139d721753b489057de6bda919edfa1c59a62b.sdkstatcache -output-file-map /Users/admin/builder/spi-builder-workspace/.derivedData/Build/Intermediates.noindex/AMLogger.build/Debug-watchos/AMLogger.build/Objects-normal/arm64_32/AMLogger-OutputFileMap.json -use-frontend-parseable-output -save-temps -no-color-diagnostics -explicit-module-build -module-cache-path /Users/admin/builder/spi-builder-workspace/.derivedData/Build/Intermediates.noindex/SwiftExplicitPrecompiledModules -clang-scanner-module-cache-path /Users/admin/builder/spi-builder-workspace/.derivedData/ModuleCache.noindex -sdk-module-cache-path /Users/admin/builder/spi-builder-workspace/.derivedData/ModuleCache.noindex -serialize-diagnostics -emit-dependencies -emit-module -emit-module-path /Users/admin/builder/spi-builder-workspace/.derivedData/Build/Intermediates.noindex/AMLogger.build/Debug-watchos/AMLogger.build/Objects-normal/arm64_32/AMLogger.swiftmodule -validate-clang-modules-once -clang-build-session-file /Users/admin/builder/spi-builder-workspace/.derivedData/ModuleCache.noindex/Session.modulevalidation -package-name spi_builder_workspace -Xcc -I/Users/admin/builder/spi-builder-workspace/.derivedData/Build/Intermediates.noindex/AMLogger.build/Debug-watchos/AMLogger.build/swift-overrides.hmap -emit-const-values -Xfrontend -const-gather-protocols-file -Xfrontend /Users/admin/builder/spi-builder-workspace/.derivedData/Build/Intermediates.noindex/AMLogger.build/Debug-watchos/AMLogger.build/Objects-normal/arm64_32/AMLogger_const_extract_protocols.json -Xcc -I/Users/admin/builder/spi-builder-workspace/.derivedData/Build/Products/Debug-watchos/include -Xcc -I/Users/admin/builder/spi-builder-workspace/.derivedData/Build/Intermediates.noindex/AMLogger.build/Debug-watchos/AMLogger.build/DerivedSources-normal/arm64_32 -Xcc -I/Users/admin/builder/spi-builder-workspace/.derivedData/Build/Intermediates.noindex/AMLogger.build/Debug-watchos/AMLogger.build/DerivedSources/arm64_32 -Xcc -I/Users/admin/builder/spi-builder-workspace/.derivedData/Build/Intermediates.noindex/AMLogger.build/Debug-watchos/AMLogger.build/DerivedSources -Xcc -DSWIFT_PACKAGE -Xcc -DDEBUG\=1 -emit-objc-header -emit-objc-header-path /Users/admin/builder/spi-builder-workspace/.derivedData/Build/Intermediates.noindex/AMLogger.build/Debug-watchos/AMLogger.build/Objects-normal/arm64_32/AMLogger-Swift.h -working-directory /Users/admin/builder/spi-builder-workspace/.swiftpm/xcode -experimental-emit-module-separately -disable-cmo
SwiftDriver AMLogger normal arm64 com.apple.xcode.tools.swift.compiler (in target 'AMLogger' from project 'AMLogger')
cd /Users/admin/builder/spi-builder-workspace/.swiftpm/xcode
builtin-SwiftDriver -- /Applications/Xcode-26.3.0.app/Contents/Developer/Toolchains/XcodeDefault.xctoolchain/usr/bin/swiftc -module-name AMLogger -Onone -enforce-exclusivity\=checked @/Users/admin/builder/spi-builder-workspace/.derivedData/Build/Intermediates.noindex/AMLogger.build/Debug-watchos/AMLogger.build/Objects-normal/arm64/AMLogger.SwiftFileList -DSWIFT_PACKAGE -DDEBUG -DSWIFT_MODULE_RESOURCE_BUNDLE_AVAILABLE -DXcode -plugin-path /Applications/Xcode-26.3.0.app/Contents/Developer/Toolchains/XcodeDefault.xctoolchain/usr/lib/swift/host/plugins/testing -enable-experimental-feature DebugDescriptionMacro -sdk /Applications/Xcode-26.3.0.app/Contents/Developer/Platforms/WatchOS.platform/Developer/SDKs/WatchOS26.2.sdk -target arm64-apple-watchos10.0 -g -module-cache-path /Users/admin/builder/spi-builder-workspace/.derivedData/ModuleCache.noindex -Xfrontend -serialize-debugging-options -profile-coverage-mapping -profile-generate -enable-testing -index-store-path /Users/admin/builder/spi-builder-workspace/.derivedData/Index.noindex/DataStore -Xcc -D_LIBCPP_HARDENING_MODE\=_LIBCPP_HARDENING_MODE_DEBUG -swift-version 6 -I /Users/admin/builder/spi-builder-workspace/.derivedData/Build/Products/Debug-watchos -Isystem /Applications/Xcode-26.3.0.app/Contents/Developer/Platforms/WatchOS.platform/Developer/usr/lib -F /Users/admin/builder/spi-builder-workspace/.derivedData/Build/Products/Debug-watchos -F /Applications/Xcode-26.3.0.app/Contents/Developer/Platforms/WatchOS.platform/Developer/Library/Frameworks -F /Applications/Xcode-26.3.0.app/Contents/Developer/Platforms/WatchOS.platform/Developer/SDKs/WatchOS26.2.sdk/Developer/Library/Frameworks -c -j10 -enable-batch-mode -incremental -Xcc -ivfsstatcache -Xcc /Users/admin/builder/spi-builder-workspace/.derivedData/SDKStatCaches.noindex/watchos26.2-23S303-dc75598d0054f22ec865fa860f139d721753b489057de6bda919edfa1c59a62b.sdkstatcache -output-file-map /Users/admin/builder/spi-builder-workspace/.derivedData/Build/Intermediates.noindex/AMLogger.build/Debug-watchos/AMLogger.build/Objects-normal/arm64/AMLogger-OutputFileMap.json -use-frontend-parseable-output -save-temps -no-color-diagnostics -explicit-module-build -module-cache-path /Users/admin/builder/spi-builder-workspace/.derivedData/Build/Intermediates.noindex/SwiftExplicitPrecompiledModules -clang-scanner-module-cache-path /Users/admin/builder/spi-builder-workspace/.derivedData/ModuleCache.noindex -sdk-module-cache-path /Users/admin/builder/spi-builder-workspace/.derivedData/ModuleCache.noindex -serialize-diagnostics -emit-dependencies -emit-module -emit-module-path /Users/admin/builder/spi-builder-workspace/.derivedData/Build/Intermediates.noindex/AMLogger.build/Debug-watchos/AMLogger.build/Objects-normal/arm64/AMLogger.swiftmodule -validate-clang-modules-once -clang-build-session-file /Users/admin/builder/spi-builder-workspace/.derivedData/ModuleCache.noindex/Session.modulevalidation -package-name spi_builder_workspace -Xcc -I/Users/admin/builder/spi-builder-workspace/.derivedData/Build/Intermediates.noindex/AMLogger.build/Debug-watchos/AMLogger.build/swift-overrides.hmap -emit-const-values -Xfrontend -const-gather-protocols-file -Xfrontend /Users/admin/builder/spi-builder-workspace/.derivedData/Build/Intermediates.noindex/AMLogger.build/Debug-watchos/AMLogger.build/Objects-normal/arm64/AMLogger_const_extract_protocols.json -Xcc -I/Users/admin/builder/spi-builder-workspace/.derivedData/Build/Products/Debug-watchos/include -Xcc -I/Users/admin/builder/spi-builder-workspace/.derivedData/Build/Intermediates.noindex/AMLogger.build/Debug-watchos/AMLogger.build/DerivedSources-normal/arm64 -Xcc -I/Users/admin/builder/spi-builder-workspace/.derivedData/Build/Intermediates.noindex/AMLogger.build/Debug-watchos/AMLogger.build/DerivedSources/arm64 -Xcc -I/Users/admin/builder/spi-builder-workspace/.derivedData/Build/Intermediates.noindex/AMLogger.build/Debug-watchos/AMLogger.build/DerivedSources -Xcc -DSWIFT_PACKAGE -Xcc -DDEBUG\=1 -emit-objc-header -emit-objc-header-path /Users/admin/builder/spi-builder-workspace/.derivedData/Build/Intermediates.noindex/AMLogger.build/Debug-watchos/AMLogger.build/Objects-normal/arm64/AMLogger-Swift.h -working-directory /Users/admin/builder/spi-builder-workspace/.swiftpm/xcode -experimental-emit-module-separately -disable-cmo
SwiftExplicitDependencyGeneratePcm arm64_32 /Users/admin/builder/spi-builder-workspace/.derivedData/ModuleCache.noindex/SwiftShims-1KDDRF0T4GF3KEVBC8BQQ0CZ5.pcm
SwiftExplicitDependencyGeneratePcm arm64_32 /Users/admin/builder/spi-builder-workspace/.derivedData/ModuleCache.noindex/_Builtin_stdbool-5P7XRQ5AQ02CJZQOFJGPCI3TD.pcm
SwiftExplicitDependencyGeneratePcm arm64_32 /Users/admin/builder/spi-builder-workspace/.derivedData/ModuleCache.noindex/_AvailabilityInternal-2P7I2A0IHHWZTWSQ7YWZKAXBX.pcm
SwiftExplicitDependencyGeneratePcm arm64_32 /Users/admin/builder/spi-builder-workspace/.derivedData/ModuleCache.noindex/_Builtin_stdarg-D40VS4Q2KALO38V4FLA1GBDYO.pcm
SwiftExplicitDependencyGeneratePcm arm64_32 /Users/admin/builder/spi-builder-workspace/.derivedData/ModuleCache.noindex/_Builtin_float-57NF6Z0LMY2BSAMQJ9NJ49CVA.pcm
SwiftExplicitDependencyGeneratePcm arm64_32 /Users/admin/builder/spi-builder-workspace/.derivedData/ModuleCache.noindex/_Builtin_stddef-CVMDFD2LRC6J8Y1G2VDJIK5XT.pcm
SwiftExplicitDependencyGeneratePcm arm64_32 /Users/admin/builder/spi-builder-workspace/.derivedData/ModuleCache.noindex/ptrauth-625I4K1NIQYS1FZEGD4TBZD97.pcm
SwiftExplicitDependencyGeneratePcm arm64_32 /Users/admin/builder/spi-builder-workspace/.derivedData/ModuleCache.noindex/_SwiftConcurrencyShims-BE6OCM46C4HZFNWL8BR101QWH.pcm
SwiftExplicitDependencyGeneratePcm arm64_32 /Users/admin/builder/spi-builder-workspace/.derivedData/ModuleCache.noindex/ptrcheck-9AZUY5IS5PCZJH0IGF6KZ1CS4.pcm
SwiftExplicitDependencyGeneratePcm arm64_32 /Users/admin/builder/spi-builder-workspace/.derivedData/ModuleCache.noindex/DeveloperToolsSupport-5Q1NLQJRRPLABYGN6NVKFXWY0.pcm
SwiftExplicitDependencyGeneratePcm arm64 /Users/admin/builder/spi-builder-workspace/.derivedData/ModuleCache.noindex/SwiftShims-7I20DMCTK17Q8T32LA04FWAMX.pcm
SwiftExplicitDependencyGeneratePcm arm64 /Users/admin/builder/spi-builder-workspace/.derivedData/ModuleCache.noindex/_Builtin_stdbool-6XT6P5XUZWCFLZBIHXXS8S9EV.pcm
SwiftExplicitDependencyGeneratePcm arm64 /Users/admin/builder/spi-builder-workspace/.derivedData/ModuleCache.noindex/_Builtin_float-5QRDZB35Y522CLCFL7NT2LPUF.pcm
SwiftExplicitDependencyGeneratePcm arm64 /Users/admin/builder/spi-builder-workspace/.derivedData/ModuleCache.noindex/_AvailabilityInternal-2O3RFBUGA1RPVNII2XIZ3QNC3.pcm
SwiftExplicitDependencyGeneratePcm arm64 /Users/admin/builder/spi-builder-workspace/.derivedData/ModuleCache.noindex/DeveloperToolsSupport-4T92GXF0UX8LAOR19MDAZQ5FJ.pcm
SwiftExplicitDependencyGeneratePcm arm64 /Users/admin/builder/spi-builder-workspace/.derivedData/ModuleCache.noindex/ptrauth-23V973HP08H1G8HHZ6OAJWG6Z.pcm
SwiftExplicitDependencyGeneratePcm arm64 /Users/admin/builder/spi-builder-workspace/.derivedData/ModuleCache.noindex/_SwiftConcurrencyShims-6I3LH2ITNOZQ7GZSIWV3YFHI2.pcm
SwiftExplicitDependencyGeneratePcm arm64 /Users/admin/builder/spi-builder-workspace/.derivedData/ModuleCache.noindex/_Builtin_stddef-85JH2ZGWLM4WGGJWD7P19JNV6.pcm
SwiftExplicitDependencyGeneratePcm arm64 /Users/admin/builder/spi-builder-workspace/.derivedData/ModuleCache.noindex/ptrcheck-4YU0IIP3FXMEGKRFTVKLD8FLA.pcm
SwiftExplicitDependencyGeneratePcm arm64 /Users/admin/builder/spi-builder-workspace/.derivedData/ModuleCache.noindex/_Builtin_stdarg-RZPX1L7HC0FE24QDJB88HMGH.pcm
SwiftExplicitDependencyGeneratePcm arm64_32 /Users/admin/builder/spi-builder-workspace/.derivedData/ModuleCache.noindex/_DarwinFoundation1-B5IP3NLVAB98PUH6026E7IU3Z.pcm
SwiftExplicitDependencyGeneratePcm arm64 /Users/admin/builder/spi-builder-workspace/.derivedData/ModuleCache.noindex/_DarwinFoundation1-9CHGZVG6Q11ZVI9VKIOS0DH8R.pcm
SwiftExplicitDependencyGeneratePcm arm64_32 /Users/admin/builder/spi-builder-workspace/.derivedData/ModuleCache.noindex/_DarwinFoundation2-BE53KZ13PGS3ADMTR162NWOT8.pcm
SwiftExplicitDependencyGeneratePcm arm64_32 /Users/admin/builder/spi-builder-workspace/.derivedData/ModuleCache.noindex/_Builtin_limits-85C3GEXRWK1KZJSJYR1SLAHJZ.pcm
SwiftExplicitDependencyGeneratePcm arm64 /Users/admin/builder/spi-builder-workspace/.derivedData/ModuleCache.noindex/_DarwinFoundation2-91AUNY1B00JVZZS04EHZ5P78E.pcm
SwiftExplicitDependencyGeneratePcm arm64 /Users/admin/builder/spi-builder-workspace/.derivedData/ModuleCache.noindex/_Builtin_limits-DDBVG65V69EW9COVSML9AW08G.pcm
SwiftExplicitDependencyGeneratePcm arm64_32 /Users/admin/builder/spi-builder-workspace/.derivedData/ModuleCache.noindex/_Builtin_tgmath-9MAKYXN5PH90P2SVS3Q0JFOEL.pcm
SwiftExplicitDependencyGeneratePcm arm64_32 /Users/admin/builder/spi-builder-workspace/.derivedData/ModuleCache.noindex/_Builtin_stdint-DHK9W4154W1VADFICW26EF51A.pcm
SwiftExplicitDependencyGeneratePcm arm64_32 /Users/admin/builder/spi-builder-workspace/.derivedData/ModuleCache.noindex/sys_types-5220JAOP6QAKP1ZZSQXQIGT3N.pcm
SwiftExplicitDependencyGeneratePcm arm64 /Users/admin/builder/spi-builder-workspace/.derivedData/ModuleCache.noindex/_Builtin_stdint-BFTPAV7DTJR0UZMVITWJ89G3Z.pcm
SwiftExplicitDependencyGeneratePcm arm64 /Users/admin/builder/spi-builder-workspace/.derivedData/ModuleCache.noindex/sys_types-3UK4M66LJG7B93KMPGCYXJLGJ.pcm
SwiftExplicitDependencyGeneratePcm arm64 /Users/admin/builder/spi-builder-workspace/.derivedData/ModuleCache.noindex/_Builtin_tgmath-DI47CTKNA1DVO6XMQAP3NHIQ0.pcm
SwiftExplicitDependencyGeneratePcm arm64_32 /Users/admin/builder/spi-builder-workspace/.derivedData/ModuleCache.noindex/_Builtin_stdatomic-PGCTE6MX7UMTDPK5E7L1WO9G.pcm
SwiftExplicitDependencyGeneratePcm arm64_32 /Users/admin/builder/spi-builder-workspace/.derivedData/ModuleCache.noindex/_DarwinFoundation3-ECPZQXPEKKE17FVBYD1POXRMU.pcm
SwiftExplicitDependencyGeneratePcm arm64_32 /Users/admin/builder/spi-builder-workspace/.derivedData/ModuleCache.noindex/_Builtin_intrinsics-8BDARAQ01UZD6W014LHVKHINQ.pcm
SwiftExplicitDependencyGeneratePcm arm64 /Users/admin/builder/spi-builder-workspace/.derivedData/ModuleCache.noindex/_Builtin_intrinsics-58ND084GSLXVJ19XXOLY3EGKI.pcm
SwiftExplicitDependencyGeneratePcm arm64 /Users/admin/builder/spi-builder-workspace/.derivedData/ModuleCache.noindex/_Builtin_stdatomic-54VXVKINWJDUKUF1QQV7ZSY2R.pcm
SwiftExplicitDependencyGeneratePcm arm64 /Users/admin/builder/spi-builder-workspace/.derivedData/ModuleCache.noindex/_DarwinFoundation3-5VMZVD9RI030DGKFFW74MIHMQ.pcm
SwiftExplicitDependencyGeneratePcm arm64_32 /Users/admin/builder/spi-builder-workspace/.derivedData/ModuleCache.noindex/_Builtin_inttypes-DVW4DAGN9X56OUK4E1BD9DBZ7.pcm
SwiftExplicitDependencyGeneratePcm arm64 /Users/admin/builder/spi-builder-workspace/.derivedData/ModuleCache.noindex/_Builtin_inttypes-EAYG1OYRDQ7HO6J9WI6WA5Y2M.pcm
SwiftExplicitDependencyGeneratePcm arm64_32 /Users/admin/builder/spi-builder-workspace/.derivedData/ModuleCache.noindex/Darwin-C8WYVRDE1BASWGOHXGC15GM9F.pcm
SwiftExplicitDependencyGeneratePcm arm64 /Users/admin/builder/spi-builder-workspace/.derivedData/ModuleCache.noindex/Darwin-E1ZCMHXYOAUQKSA4QO0SMGPXA.pcm
SwiftExplicitDependencyGeneratePcm arm64 /Users/admin/builder/spi-builder-workspace/.derivedData/ModuleCache.noindex/simd-6UCUA2BKEI2K1ED9QH6DE7VZF.pcm
SwiftExplicitDependencyGeneratePcm arm64_32 /Users/admin/builder/spi-builder-workspace/.derivedData/ModuleCache.noindex/simd-9BYVQEJ0MLQ40IRA0VT385G31.pcm
SwiftExplicitDependencyGeneratePcm arm64_32 /Users/admin/builder/spi-builder-workspace/.derivedData/ModuleCache.noindex/MachO-7QHSINQMXX9UYJSOISDF3NS24.pcm
SwiftExplicitDependencyGeneratePcm arm64_32 /Users/admin/builder/spi-builder-workspace/.derivedData/ModuleCache.noindex/ObjectiveC-AVYBQYXS0QCLOEQGWXNFUFJ0V.pcm
SwiftExplicitDependencyGeneratePcm arm64 /Users/admin/builder/spi-builder-workspace/.derivedData/ModuleCache.noindex/ObjectiveC-2PU9OT47G6RBOHSXQR2STMWWR.pcm
SwiftExplicitDependencyGeneratePcm arm64 /Users/admin/builder/spi-builder-workspace/.derivedData/ModuleCache.noindex/MachO-CBB7CDJCGLJ1KAOBMESQJ6HN0.pcm
SwiftExplicitDependencyGeneratePcm arm64_32 /Users/admin/builder/spi-builder-workspace/.derivedData/ModuleCache.noindex/os_object-8N6RR4J5VVS62U9VXHR1297AW.pcm
SwiftExplicitDependencyGeneratePcm arm64 /Users/admin/builder/spi-builder-workspace/.derivedData/ModuleCache.noindex/os_object-CIUJ5N1V1HWSGEK024IV96R1M.pcm
SwiftExplicitDependencyGeneratePcm arm64_32 /Users/admin/builder/spi-builder-workspace/.derivedData/ModuleCache.noindex/os_workgroup-EGGSTWNSSUGG124AQRBUF2J85.pcm
SwiftExplicitDependencyGeneratePcm arm64 /Users/admin/builder/spi-builder-workspace/.derivedData/ModuleCache.noindex/os_workgroup-5S02ISLSMHO6BA5HLY5UNJ6A3.pcm
SwiftExplicitDependencyGeneratePcm arm64 /Users/admin/builder/spi-builder-workspace/.derivedData/ModuleCache.noindex/Spatial-P3M6DE6INE5TFFPGQXB74VLJ.pcm
SwiftExplicitDependencyGeneratePcm arm64_32 /Users/admin/builder/spi-builder-workspace/.derivedData/ModuleCache.noindex/Spatial-DGQ1Z61Q5HV0ERQQK6QDL9GGR.pcm
SwiftExplicitDependencyGeneratePcm arm64_32 /Users/admin/builder/spi-builder-workspace/.derivedData/ModuleCache.noindex/Dispatch-DV1SP0JEXVJ6MTIWZ3XCJTXSW.pcm
SwiftExplicitDependencyGeneratePcm arm64_32 /Users/admin/builder/spi-builder-workspace/.derivedData/ModuleCache.noindex/os-1GWCV6O27DHF8WQFPLJNCFKK4.pcm
SwiftExplicitDependencyGeneratePcm arm64 /Users/admin/builder/spi-builder-workspace/.derivedData/ModuleCache.noindex/Dispatch-4KQN7RRX0L9C07MGTWHYRJGYM.pcm
SwiftExplicitDependencyGeneratePcm arm64 /Users/admin/builder/spi-builder-workspace/.derivedData/ModuleCache.noindex/os-AOK4LQ23MW2NBBUH2N8QOP52R.pcm
SwiftExplicitDependencyGeneratePcm arm64_32 /Users/admin/builder/spi-builder-workspace/.derivedData/ModuleCache.noindex/CoreFoundation-EN8GNA4ERP0UOK1XPZ1YRZKGF.pcm
SwiftExplicitDependencyGeneratePcm arm64 /Users/admin/builder/spi-builder-workspace/.derivedData/ModuleCache.noindex/CoreFoundation-C0JIKJUNM7J0IFUIZ8S5RWP5A.pcm
SwiftExplicitDependencyGeneratePcm arm64_32 /Users/admin/builder/spi-builder-workspace/.derivedData/ModuleCache.noindex/Security-8KJEGVX0ECINJU374GLCNITFA.pcm
SwiftExplicitDependencyGeneratePcm arm64_32 /Users/admin/builder/spi-builder-workspace/.derivedData/ModuleCache.noindex/CoreGraphics-54WAF0IQ8H82D87XJZCFRIVTY.pcm
SwiftExplicitDependencyGeneratePcm arm64 /Users/admin/builder/spi-builder-workspace/.derivedData/ModuleCache.noindex/Security-8WXKZYCC8N3IYZ7GEEYK1LTTC.pcm
SwiftExplicitDependencyGeneratePcm arm64 /Users/admin/builder/spi-builder-workspace/.derivedData/ModuleCache.noindex/CoreGraphics-2FMIK8L6NJMCE0PUQH3KNMGI3.pcm
SwiftExplicitDependencyGeneratePcm arm64 /Users/admin/builder/spi-builder-workspace/.derivedData/ModuleCache.noindex/Foundation-188QGUU7PNEMS0JL2JNA4L9D.pcm
SwiftExplicitDependencyGeneratePcm arm64_32 /Users/admin/builder/spi-builder-workspace/.derivedData/ModuleCache.noindex/Foundation-1ZQJQ54U4TUPUQFY2U9YK0983.pcm
SwiftExplicitDependencyGeneratePcm arm64_32 /Users/admin/builder/spi-builder-workspace/.derivedData/ModuleCache.noindex/CoreText-69WFEC62YDTCXQEGLBFA7KKF1.pcm
SwiftExplicitDependencyGeneratePcm arm64_32 /Users/admin/builder/spi-builder-workspace/.derivedData/ModuleCache.noindex/CoreVideo-DAFM97GFIP18A85P7GYKWGVKF.pcm
SwiftExplicitDependencyGeneratePcm arm64 /Users/admin/builder/spi-builder-workspace/.derivedData/ModuleCache.noindex/CoreText-2GN9EZ4ZQV3RJTZAUM2RAP0C5.pcm
SwiftExplicitDependencyGeneratePcm arm64 /Users/admin/builder/spi-builder-workspace/.derivedData/ModuleCache.noindex/CoreVideo-15AO69LNM8QYOGDN9W7HMBMTS.pcm
SwiftExplicitDependencyGeneratePcm arm64 /Users/admin/builder/spi-builder-workspace/.derivedData/ModuleCache.noindex/DataDetection-DGEIPFEY2NNDNAFGCE7B6ZZG5.pcm
SwiftExplicitDependencyGeneratePcm arm64 /Users/admin/builder/spi-builder-workspace/.derivedData/ModuleCache.noindex/UIUtilities-2AT70EV9YA6Z5O1GGD8GO52CG.pcm
SwiftExplicitDependencyGeneratePcm arm64 /Users/admin/builder/spi-builder-workspace/.derivedData/ModuleCache.noindex/QuartzCore-4KHS4Y6YPAFSDDCY9RNZPJHA3.pcm
SwiftExplicitDependencyGeneratePcm arm64 /Users/admin/builder/spi-builder-workspace/.derivedData/ModuleCache.noindex/UniformTypeIdentifiers-458KAXK374TXBBN52PBPJYRSJ.pcm
SwiftExplicitDependencyGeneratePcm arm64 /Users/admin/builder/spi-builder-workspace/.derivedData/ModuleCache.noindex/LocalAuthentication-7OW89PR7M4C0NR91LQUNC1EB5.pcm
SwiftExplicitDependencyGeneratePcm arm64 /Users/admin/builder/spi-builder-workspace/.derivedData/ModuleCache.noindex/Accessibility-4HTSNVYGF3VC9YDCPC2MNOPN4.pcm
SwiftExplicitDependencyGeneratePcm arm64 /Users/admin/builder/spi-builder-workspace/.derivedData/ModuleCache.noindex/UserNotifications-57VYXICVMN3EV36XAB1WHJZ2C.pcm
SwiftExplicitDependencyGeneratePcm arm64 /Users/admin/builder/spi-builder-workspace/.derivedData/ModuleCache.noindex/Symbols-2U9Y3ZW48EA4WDS5V00VYWP77.pcm
SwiftExplicitDependencyGeneratePcm arm64 /Users/admin/builder/spi-builder-workspace/.derivedData/ModuleCache.noindex/SceneKit-3DCFJMYMG1AW8U9GLQQCC1TM9.pcm
SwiftExplicitDependencyGeneratePcm arm64 /Users/admin/builder/spi-builder-workspace/.derivedData/ModuleCache.noindex/CoreTransferable-8REPBA8E7O6DTYSXERNLF5EVF.pcm
SwiftExplicitDependencyGeneratePcm arm64_32 /Users/admin/builder/spi-builder-workspace/.derivedData/ModuleCache.noindex/DataDetection-9RZALVH3Q8QWPGVOXLJMRIMNJ.pcm
SwiftExplicitDependencyGeneratePcm arm64_32 /Users/admin/builder/spi-builder-workspace/.derivedData/ModuleCache.noindex/_LocationEssentials-4AVGDYZWJ1Z1EFYUB10MHWTSY.pcm
SwiftExplicitDependencyGeneratePcm arm64_32 /Users/admin/builder/spi-builder-workspace/.derivedData/ModuleCache.noindex/CoreData-F2DL2NECK2F0P1OBHCU46MF3Q.pcm
SwiftExplicitDependencyGeneratePcm arm64_32 /Users/admin/builder/spi-builder-workspace/.derivedData/ModuleCache.noindex/CoreTransferable-2CVORFL3L1ZOPK3KZBFUQTSQZ.pcm
SwiftExplicitDependencyGeneratePcm arm64_32 /Users/admin/builder/spi-builder-workspace/.derivedData/ModuleCache.noindex/SceneKit-6MBHR3E1L3RXHLA4E857VB005.pcm
SwiftExplicitDependencyGeneratePcm arm64_32 /Users/admin/builder/spi-builder-workspace/.derivedData/ModuleCache.noindex/LocalAuthentication-9P8F1TFD6RXHBK7I22BCFNNGO.pcm
SwiftExplicitDependencyGeneratePcm arm64_32 /Users/admin/builder/spi-builder-workspace/.derivedData/ModuleCache.noindex/UniformTypeIdentifiers-6VZH7JUQRBGXCIXRY267O4LKC.pcm
SwiftExplicitDependencyGeneratePcm arm64_32 /Users/admin/builder/spi-builder-workspace/.derivedData/ModuleCache.noindex/Symbols-A1BAQZRA0IPQ1BAQPBXB0XLK.pcm
SwiftExplicitDependencyGeneratePcm arm64_32 /Users/admin/builder/spi-builder-workspace/.derivedData/ModuleCache.noindex/OSLog-BBMJB65CZBEAD54GKEVKN32T5.pcm
SwiftExplicitDependencyGeneratePcm arm64 /Users/admin/builder/spi-builder-workspace/.derivedData/ModuleCache.noindex/UIKit-8SKRF6O0G9HZH553M3C9EWWAU.pcm
SwiftExplicitDependencyGeneratePcm arm64 /Users/admin/builder/spi-builder-workspace/.derivedData/ModuleCache.noindex/SwiftUICore-21H2UE8E2AZCB7ZNBBCK88V6B.pcm
SwiftExplicitDependencyGeneratePcm arm64_32 /Users/admin/builder/spi-builder-workspace/.derivedData/ModuleCache.noindex/CoreLocation-9RQ68E4O3PRRR7M1U83RT5KKA.pcm
SwiftExplicitDependencyGeneratePcm arm64_32 /Users/admin/builder/spi-builder-workspace/.derivedData/ModuleCache.noindex/QuartzCore-5EU9GG539SM7NV65MHB043EPG.pcm
SwiftExplicitDependencyGeneratePcm arm64_32 /Users/admin/builder/spi-builder-workspace/.derivedData/ModuleCache.noindex/UIUtilities-CPB7RV7T2CQM4IT41KNK8WEPF.pcm
SwiftExplicitDependencyGeneratePcm arm64_32 /Users/admin/builder/spi-builder-workspace/.derivedData/ModuleCache.noindex/Accessibility-869BJBZ6Y0GHCSU4LZ2MMOG62.pcm
SwiftExplicitDependencyGeneratePcm arm64 /Users/admin/builder/spi-builder-workspace/.derivedData/ModuleCache.noindex/_LocationEssentials-89SR6PJ8VGRNDNOJCJUJKQDF.pcm
SwiftExplicitDependencyGeneratePcm arm64_32 /Users/admin/builder/spi-builder-workspace/.derivedData/ModuleCache.noindex/UserNotifications-CY8CZNOA4HZ4NXF0NT757OY1I.pcm
SwiftExplicitDependencyGeneratePcm arm64 /Users/admin/builder/spi-builder-workspace/.derivedData/ModuleCache.noindex/OSLog-15I59UMBV6CMH7II4GT8R5JED.pcm
SwiftExplicitDependencyGeneratePcm arm64 /Users/admin/builder/spi-builder-workspace/.derivedData/ModuleCache.noindex/CoreData-2R09KN2ITB4YCFZYE0RKJ42SX.pcm
SwiftExplicitDependencyGeneratePcm arm64 /Users/admin/builder/spi-builder-workspace/.derivedData/ModuleCache.noindex/CoreLocation-BOG5PV0G1GSHHPJXU4ZBJCZRH.pcm
SwiftExplicitDependencyGeneratePcm arm64_32 /Users/admin/builder/spi-builder-workspace/.derivedData/ModuleCache.noindex/SwiftUICore-8ANRRAIL34VOSEU0OQX19CRW1.pcm
SwiftExplicitDependencyGeneratePcm arm64_32 /Users/admin/builder/spi-builder-workspace/.derivedData/ModuleCache.noindex/UIKit-1I38H26G25LVQJZB353WOWH6.pcm
SwiftExplicitDependencyGeneratePcm arm64 /Users/admin/builder/spi-builder-workspace/.derivedData/ModuleCache.noindex/MapKit-6Q8OOAF8BXB6AQCDERMACVNOQ.pcm
SwiftExplicitDependencyGeneratePcm arm64 /Users/admin/builder/spi-builder-workspace/.derivedData/ModuleCache.noindex/HomeKit-4C69268JUH909JW8MKMI4ZHZD.pcm
SwiftExplicitDependencyGeneratePcm arm64_32 /Users/admin/builder/spi-builder-workspace/.derivedData/ModuleCache.noindex/MapKit-61MX8NTUJI5M2YAB13WWU24YK.pcm
SwiftExplicitDependencyGeneratePcm arm64_32 /Users/admin/builder/spi-builder-workspace/.derivedData/ModuleCache.noindex/HomeKit-AHC3ILHKUO82Z75TFKF5V50CX.pcm
SwiftExplicitDependencyGeneratePcm arm64 /Users/admin/builder/spi-builder-workspace/.derivedData/ModuleCache.noindex/WatchKit-5T2K1B24G8E6J6KMDU2M6UZPN.pcm
SwiftExplicitDependencyGeneratePcm arm64 /Users/admin/builder/spi-builder-workspace/.derivedData/ModuleCache.noindex/SwiftUI-4OC0A8HWPDEBIVB0BVWDDC788.pcm
SwiftExplicitDependencyGeneratePcm arm64_32 /Users/admin/builder/spi-builder-workspace/.derivedData/ModuleCache.noindex/WatchKit-CAD4AK8HX5FUC7GD3OEVCTMHI.pcm
SwiftCompile normal arm64 Compiling\ AMLoggerListView.swift,\ AMLoggerSessionPickerView.swift /Users/admin/builder/spi-builder-workspace/Sources/AMLogger/UI/AMLoggerListView.swift /Users/admin/builder/spi-builder-workspace/Sources/AMLogger/UI/AMLoggerSessionPickerView.swift (in target 'AMLogger' from project 'AMLogger')
SwiftCompile normal arm64 /Users/admin/builder/spi-builder-workspace/Sources/AMLogger/UI/AMLoggerListView.swift (in target 'AMLogger' from project 'AMLogger')
cd /Users/admin/builder/spi-builder-workspace/.swiftpm/xcode
/Users/admin/builder/spi-builder-workspace/Sources/AMLogger/UI/AMLoggerListView.swift:79:18: error: 'listRowSeparator(_:edges:)' is unavailable in watchOS
.listRowSeparator(.hidden)
^~~~~~~~~~~~~~~~
SwiftUI.View.listRowSeparator:2:25: note: 'listRowSeparator(_:edges:)' has been explicitly marked unavailable here
nonisolated public func listRowSeparator(_ visibility: Visibility, edges: VerticalEdge.Set = .all) -> some View
^
SwiftCompile normal arm64 /Users/admin/builder/spi-builder-workspace/Sources/AMLogger/UI/AMLoggerSessionPickerView.swift (in target 'AMLogger' from project 'AMLogger')
cd /Users/admin/builder/spi-builder-workspace/.swiftpm/xcode
/Users/admin/builder/spi-builder-workspace/Sources/AMLogger/UI/AMLoggerSessionPickerView.swift:25:9: error: 'Menu' is unavailable in watchOS
Menu {
^~~~
SwiftUI.Menu:3:15: note: 'Menu' has been explicitly marked unavailable here
public struct Menu<Label, Content> : View where Label : View, Content : View {
^
/Users/admin/builder/spi-builder-workspace/Sources/AMLogger/UI/AMLoggerSessionPickerView.swift:25:9: error: 'init(content:label:)' is unavailable in watchOS
Menu {
^~~~
SwiftUI.Menu.init:2:20: note: 'init(content:label:)' has been explicitly marked unavailable here
nonisolated public init(@ViewBuilder content: () -> Content, @ViewBuilder label: () -> Label)}
^
SwiftCompile normal arm64 Compiling\ AMLoggerConsoleView.swift,\ AMLoggerDetailView.swift /Users/admin/builder/spi-builder-workspace/Sources/AMLogger/UI/AMLoggerConsoleView.swift /Users/admin/builder/spi-builder-workspace/Sources/AMLogger/UI/AMLoggerDetailView.swift (in target 'AMLogger' from project 'AMLogger')
Failed frontend command:
/Applications/Xcode-26.3.0.app/Contents/Developer/Toolchains/XcodeDefault.xctoolchain/usr/bin/swift-frontend -frontend -c /Users/admin/builder/spi-builder-workspace/.derivedData/Build/Intermediates.noindex/AMLogger.build/Debug-watchos/AMLogger.build/DerivedSources/resource_bundle_accessor.swift /Users/admin/builder/spi-builder-workspace/Sources/AMLogger/AMLogger.swift /Users/admin/builder/spi-builder-workspace/Sources/AMLogger/Core/AMLogger+Metadata.swift /Users/admin/builder/spi-builder-workspace/Sources/AMLogger/Core/AMLoggerStore.swift /Users/admin/builder/spi-builder-workspace/Sources/AMLogger/Core/AMLoggerTypes.swift /Users/admin/builder/spi-builder-workspace/Sources/AMLogger/SwiftData/AMLoggerMigrationPlan.swift /Users/admin/builder/spi-builder-workspace/Sources/AMLogger/SwiftData/AMLoggerSchema.swift /Users/admin/builder/spi-builder-workspace/Sources/AMLogger/UI/AMLoggerBodyDetailView.swift -primary-file /Users/admin/builder/spi-builder-workspace/Sources/AMLogger/UI/AMLoggerConsoleView.swift -primary-file /Users/admin/builder/spi-builder-workspace/Sources/AMLogger/UI/AMLoggerDetailView.swift /Users/admin/builder/spi-builder-workspace/Sources/AMLogger/UI/AMLoggerFilteredListView.swift /Users/admin/builder/spi-builder-workspace/Sources/AMLogger/UI/AMLoggerFiltersView.swift /Users/admin/builder/spi-builder-workspace/Sources/AMLogger/UI/AMLoggerHelpers.swift /Users/admin/builder/spi-builder-workspace/Sources/AMLogger/UI/AMLoggerLevelUI.swift /Users/admin/builder/spi-builder-workspace/Sources/AMLogger/UI/AMLoggerListView.swift /Users/admin/builder/spi-builder-workspace/Sources/AMLogger/UI/AMLoggerSessionPickerView.swift /Users/admin/builder/spi-builder-workspace/Sources/AMLogger/UI/AMLoggerSessionsListView.swift /Users/admin/builder/spi-builder-workspace/Sources/AMLogger/UI/AMLoggerStoreDetailsView.swift -emit-dependencies-path /Users/admin/builder/spi-builder-workspace/.derivedData/Build/Intermediates.noindex/AMLogger.build/Debug-watchos/AMLogger.build/Objects-normal/arm64/AMLoggerConsoleView.d -emit-const-values-path /Users/admin/builder/spi-builder-workspace/.derivedData/Build/Intermediates.noindex/AMLogger.build/Debug-watchos/AMLogger.build/Objects-normal/arm64/AMLoggerConsoleView.swiftconstvalues -emit-reference-dependencies-path /Users/admin/builder/spi-builder-workspace/.derivedData/Build/Intermediates.noindex/AMLogger.build/Debug-watchos/AMLogger.build/Objects-normal/arm64/AMLoggerConsoleView.swiftdeps -serialize-diagnostics-path /Users/admin/builder/spi-builder-workspace/.derivedData/Build/Intermediates.noindex/AMLogger.build/Debug-watchos/AMLogger.build/Objects-normal/arm64/AMLoggerConsoleView.dia -emit-dependencies-path /Users/admin/builder/spi-builder-workspace/.derivedData/Build/Intermediates.noindex/AMLogger.build/Debug-watchos/AMLogger.build/Objects-normal/arm64/AMLoggerDetailView.d -emit-const-values-path /Users/admin/builder/spi-builder-workspace/.derivedData/Build/Intermediates.noindex/AMLogger.build/Debug-watchos/AMLogger.build/Objects-normal/arm64/AMLoggerDetailView.swiftconstvalues -emit-reference-dependencies-path /Users/admin/builder/spi-builder-workspace/.derivedData/Build/Intermediates.noindex/AMLogger.build/Debug-watchos/AMLogger.build/Objects-normal/arm64/AMLoggerDetailView.swiftdeps -serialize-diagnostics-path /Users/admin/builder/spi-builder-workspace/.derivedData/Build/Intermediates.noindex/AMLogger.build/Debug-watchos/AMLogger.build/Objects-normal/arm64/AMLoggerDetailView.dia -target arm64-apple-watchos10.0 -disable-cross-import-overlay-search -swift-module-cross-import SwiftData /Applications/Xcode-26.3.0.app/Contents/Developer/Platforms/WatchOS.platform/Developer/SDKs/WatchOS26.2.sdk/System/Library/Frameworks/SwiftData.framework/Modules/SwiftData.swiftcrossimport/CoreData.swiftoverlay -swift-module-cross-import SwiftData /Applications/Xcode-26.3.0.app/Contents/Developer/Platforms/WatchOS.platform/Developer/SDKs/WatchOS26.2.sdk/System/Library/Frameworks/SwiftData.framework/Modules/SwiftData.swiftcrossimport/SwiftUI.swiftoverlay -load-resolved-plugin /Applications/Xcode-26.3.0.app/Contents/Developer/Platforms/WatchOS.platform/Developer/usr/lib/swift/host/plugins/libFoundationMacros.dylib\#/Applications/Xcode-26.3.0.app/Contents/Developer/Platforms/WatchOS.platform/Developer/usr/bin/swift-plugin-server\#FoundationMacros -load-resolved-plugin /Applications/Xcode-26.3.0.app/Contents/Developer/Platforms/WatchOS.platform/Developer/usr/lib/swift/host/plugins/libObservationMacros.dylib\#/Applications/Xcode-26.3.0.app/Contents/Developer/Platforms/WatchOS.platform/Developer/usr/bin/swift-plugin-server\#ObservationMacros -load-resolved-plugin /Applications/Xcode-26.3.0.app/Contents/Developer/Platforms/WatchOS.platform/Developer/usr/lib/swift/host/plugins/libPreviewsMacros.dylib\#/Applications/Xcode-26.3.0.app/Contents/Developer/Platforms/WatchOS.platform/Developer/usr/bin/swift-plugin-server\#PreviewsMacros -load-resolved-plugin /Applications/Xcode-26.3.0.app/Contents/Developer/Platforms/WatchOS.platform/Developer/usr/lib/swift/host/plugins/libSwiftDataMacros.dylib\#/Applications/Xcode-26.3.0.app/Contents/Developer/Platforms/WatchOS.platform/Developer/usr/bin/swift-plugin-server\#SwiftDataMacros -load-resolved-plugin /Applications/Xcode-26.3.0.app/Contents/Developer/Platforms/WatchOS.platform/Developer/usr/lib/swift/host/plugins/libSwiftMacros.dylib\#/Applications/Xcode-26.3.0.app/Contents/Developer/Platforms/WatchOS.platform/Developer/usr/bin/swift-plugin-server\#SwiftMacros -load-resolved-plugin /Applications/Xcode-26.3.0.app/Contents/Developer/Platforms/WatchOS.platform/Developer/usr/lib/swift/host/plugins/libSwiftUIMacros.dylib\#/Applications/Xcode-26.3.0.app/Contents/Developer/Platforms/WatchOS.platform/Developer/usr/bin/swift-plugin-server\#SwiftUIMacros -disable-implicit-swift-modules -Xcc -fno-implicit-modules -Xcc -fno-implicit-module-maps -explicit-swift-module-map-file /Users/admin/builder/spi-builder-workspace/.derivedData/Build/Intermediates.noindex/AMLogger.build/Debug-watchos/AMLogger.build/Objects-normal/arm64/AMLogger-dependencies-1.json -Xllvm -aarch64-use-tbi -enable-objc-interop -stack-check -sdk /Applications/Xcode-26.3.0.app/Contents/Developer/Platforms/WatchOS.platform/Developer/SDKs/WatchOS26.2.sdk -I /Users/admin/builder/spi-builder-workspace/.derivedData/Build/Products/Debug-watchos -Isystem /Applications/Xcode-26.3.0.app/Contents/Developer/Platforms/WatchOS.platform/Developer/usr/lib -F /Users/admin/builder/spi-builder-workspace/.derivedData/Build/Products/Debug-watchos -F /Applications/Xcode-26.3.0.app/Contents/Developer/Platforms/WatchOS.platform/Developer/Library/Frameworks -F /Applications/Xcode-26.3.0.app/Contents/Developer/Platforms/WatchOS.platform/Developer/SDKs/WatchOS26.2.sdk/Developer/Library/Frameworks -no-color-diagnostics -Xcc -fno-color-diagnostics -enable-testing -g -debug-info-format\=dwarf -dwarf-version\=4 -module-cache-path /Users/admin/builder/spi-builder-workspace/.derivedData/Build/Intermediates.noindex/SwiftExplicitPrecompiledModules -profile-generate -profile-coverage-mapping -swift-version 6 -enforce-exclusivity\=checked -Onone -D SWIFT_PACKAGE -D DEBUG -D SWIFT_MODULE_RESOURCE_BUNDLE_AVAILABLE -D Xcode -serialize-debugging-options -const-gather-protocols-file /Users/admin/builder/spi-builder-workspace/.derivedData/Build/Intermediates.noindex/AMLogger.build/Debug-watchos/AMLogger.build/Objects-normal/arm64/AMLogger_const_extract_protocols.json -enable-experimental-feature DebugDescriptionMacro -empty-abi-descriptor -validate-clang-modules-once -clang-build-session-file /Users/admin/builder/spi-builder-workspace/.derivedData/ModuleCache.noindex/Session.modulevalidation -Xcc -working-directory -Xcc /Users/admin/builder/spi-builder-workspace/.swiftpm/xcode -enable-anonymous-context-mangled-names -file-compilation-dir /Users/admin/builder/spi-builder-workspace/.swiftpm/xcode -Xcc -D_LIBCPP_HARDENING_MODE\=_LIBCPP_HARDENING_MODE_DEBUG -Xcc -ivfsstatcache -Xcc /Users/admin/builder/spi-builder-workspace/.derivedData/SDKStatCaches.noindex/watchos26.2-23S303-dc75598d0054f22ec865fa860f139d721753b489057de6bda919edfa1c59a62b.sdkstatcache -Xcc -I/Users/admin/builder/spi-builder-workspace/.derivedData/Build/Intermediates.noindex/AMLogger.build/Debug-watchos/AMLogger.build/swift-overrides.hmap -Xcc -I/Users/admin/builder/spi-builder-workspace/.derivedData/Build/Products/Debug-watchos/include -Xcc -I/Users/admin/builder/spi-builder-workspace/.derivedData/Build/Intermediates.noindex/AMLogger.build/Debug-watchos/AMLogger.build/DerivedSources-normal/arm64 -Xcc -I/Users/admin/builder/spi-builder-workspace/.derivedData/Build/Intermediates.noindex/AMLogger.build/Debug-watchos/AMLogger.build/DerivedSources/arm64 -Xcc -I/Users/admin/builder/spi-builder-workspace/.derivedData/Build/Intermediates.noindex/AMLogger.build/Debug-watchos/AMLogger.build/DerivedSources -Xcc -DSWIFT_PACKAGE -Xcc -DDEBUG\=1 -no-auto-bridging-header-chaining -module-name AMLogger -package-name spi_builder_workspace -frontend-parseable-output -disable-clang-spi -target-sdk-version 26.2 -target-sdk-name watchos26.2 -clang-target arm64-apple-watchos26.2 -in-process-plugin-server-path /Applications/Xcode-26.3.0.app/Contents/Developer/Toolchains/XcodeDefault.xctoolchain/usr/lib/swift/host/libSwiftInProcPluginServer.dylib -o /Users/admin/builder/spi-builder-workspace/.derivedData/Build/Intermediates.noindex/AMLogger.build/Debug-watchos/AMLogger.build/Objects-normal/arm64/AMLoggerConsoleView.o -o /Users/admin/builder/spi-builder-workspace/.derivedData/Build/Intermediates.noindex/AMLogger.build/Debug-watchos/AMLogger.build/Objects-normal/arm64/AMLoggerDetailView.o -index-unit-output-path /AMLogger.build/Debug-watchos/AMLogger.build/Objects-normal/arm64/AMLoggerConsoleView.o -index-unit-output-path /AMLogger.build/Debug-watchos/AMLogger.build/Objects-normal/arm64/AMLoggerDetailView.o -index-store-path /Users/admin/builder/spi-builder-workspace/.derivedData/Index.noindex/DataStore -index-system-modules
SwiftCompile normal arm64 /Users/admin/builder/spi-builder-workspace/Sources/AMLogger/UI/AMLoggerConsoleView.swift (in target 'AMLogger' from project 'AMLogger')
cd /Users/admin/builder/spi-builder-workspace/.swiftpm/xcode
/Users/admin/builder/spi-builder-workspace/Sources/AMLogger/UI/AMLoggerConsoleView.swift:114:17: error: 'Menu' is unavailable in watchOS
Menu {
^~~~
SwiftUI.Menu:3:15: note: 'Menu' has been explicitly marked unavailable here
public struct Menu<Label, Content> : View where Label : View, Content : View {
^
/Users/admin/builder/spi-builder-workspace/Sources/AMLogger/UI/AMLoggerConsoleView.swift:114:17: error: 'init(content:label:)' is unavailable in watchOS
Menu {
^~~~
SwiftUI.Menu.init:2:20: note: 'init(content:label:)' has been explicitly marked unavailable here
nonisolated public init(@ViewBuilder content: () -> Content, @ViewBuilder label: () -> Label)}
^
/Users/admin/builder/spi-builder-workspace/Sources/AMLogger/UI/AMLoggerConsoleView.swift:116:21: error: 'Menu' is unavailable in watchOS
Menu("Sort") {
^~~~
SwiftUI.Menu:3:15: note: 'Menu' has been explicitly marked unavailable here
public struct Menu<Label, Content> : View where Label : View, Content : View {
^
/Users/admin/builder/spi-builder-workspace/Sources/AMLogger/UI/AMLoggerConsoleView.swift:116:21: error: 'init(_:content:)' is unavailable in watchOS
Menu("Sort") {
^~~~
SwiftUI.Menu.init:2:20: note: 'init(_:content:)' has been explicitly marked unavailable here
nonisolated public init(_ titleKey: LocalizedStringKey, @ViewBuilder content: () -> Content) where Label == Text}
^
SwiftCompile normal arm64 /Users/admin/builder/spi-builder-workspace/Sources/AMLogger/UI/AMLoggerDetailView.swift (in target 'AMLogger' from project 'AMLogger')
cd /Users/admin/builder/spi-builder-workspace/.swiftpm/xcode
/Users/admin/builder/spi-builder-workspace/Sources/AMLogger/UI/AMLoggerDetailView.swift:110:26: error: 'textSelection' is unavailable in watchOS
.textSelection(.enabled)
^~~~~~~~~~~~~
SwiftUI.View.textSelection:2:25: note: 'textSelection' has been explicitly marked unavailable here
nonisolated public func textSelection<S>(_ selectability: S) -> some View where S : TextSelectability
^
/Users/admin/builder/spi-builder-workspace/Sources/AMLogger/UI/AMLoggerDetailView.swift:110:41: error: 'enabled' is unavailable in watchOS
.textSelection(.enabled)
^~~~~~~
SwiftUI.TextSelectability.enabled:2:19: note: 'enabled' has been explicitly marked unavailable here
public static var enabled: EnabledTextSelectability { get }}
^
/Users/admin/builder/spi-builder-workspace/Sources/AMLogger/UI/AMLoggerDetailView.swift:154:22: error: 'textSelection' is unavailable in watchOS
.textSelection(.enabled)
^~~~~~~~~~~~~
SwiftUI.View.textSelection:2:25: note: 'textSelection' has been explicitly marked unavailable here
nonisolated public func textSelection<S>(_ selectability: S) -> some View where S : TextSelectability
^
/Users/admin/builder/spi-builder-workspace/Sources/AMLogger/UI/AMLoggerDetailView.swift:154:37: error: 'enabled' is unavailable in watchOS
.textSelection(.enabled)
^~~~~~~
SwiftUI.TextSelectability.enabled:2:19: note: 'enabled' has been explicitly marked unavailable here
public static var enabled: EnabledTextSelectability { get }}
^
/Users/admin/builder/spi-builder-workspace/Sources/AMLogger/UI/AMLoggerDetailView.swift:159:22: error: 'textSelection' is unavailable in watchOS
.textSelection(.enabled)
^~~~~~~~~~~~~
SwiftUI.View.textSelection:2:25: note: 'textSelection' has been explicitly marked unavailable here
nonisolated public func textSelection<S>(_ selectability: S) -> some View where S : TextSelectability
^
/Users/admin/builder/spi-builder-workspace/Sources/AMLogger/UI/AMLoggerDetailView.swift:159:37: error: 'enabled' is unavailable in watchOS
.textSelection(.enabled)
^~~~~~~
SwiftUI.TextSelectability.enabled:2:19: note: 'enabled' has been explicitly marked unavailable here
public static var enabled: EnabledTextSelectability { get }}
^
/Users/admin/builder/spi-builder-workspace/Sources/AMLogger/UI/AMLoggerDetailView.swift:178:18: error: 'textSelection' is unavailable in watchOS
.textSelection(.enabled)
^~~~~~~~~~~~~
SwiftUI.View.textSelection:2:25: note: 'textSelection' has been explicitly marked unavailable here
nonisolated public func textSelection<S>(_ selectability: S) -> some View where S : TextSelectability
^
/Users/admin/builder/spi-builder-workspace/Sources/AMLogger/UI/AMLoggerDetailView.swift:178:33: error: 'enabled' is unavailable in watchOS
.textSelection(.enabled)
^~~~~~~
SwiftUI.TextSelectability.enabled:2:19: note: 'enabled' has been explicitly marked unavailable here
public static var enabled: EnabledTextSelectability { get }}
^
/Users/admin/builder/spi-builder-workspace/Sources/AMLogger/UI/AMLoggerDetailView.swift:197:18: error: 'textSelection' is unavailable in watchOS
.textSelection(.enabled)
^~~~~~~~~~~~~
SwiftUI.View.textSelection:2:25: note: 'textSelection' has been explicitly marked unavailable here
nonisolated public func textSelection<S>(_ selectability: S) -> some View where S : TextSelectability
^
/Users/admin/builder/spi-builder-workspace/Sources/AMLogger/UI/AMLoggerDetailView.swift:197:33: error: 'enabled' is unavailable in watchOS
.textSelection(.enabled)
^~~~~~~
SwiftUI.TextSelectability.enabled:2:19: note: 'enabled' has been explicitly marked unavailable here
public static var enabled: EnabledTextSelectability { get }}
^
SwiftCompile normal arm64 Compiling\ AMLoggerStoreDetailsView.swift /Users/admin/builder/spi-builder-workspace/Sources/AMLogger/UI/AMLoggerStoreDetailsView.swift (in target 'AMLogger' from project 'AMLogger')
SwiftCompile normal arm64 /Users/admin/builder/spi-builder-workspace/Sources/AMLogger/UI/AMLoggerStoreDetailsView.swift (in target 'AMLogger' from project 'AMLogger')
cd /Users/admin/builder/spi-builder-workspace/.swiftpm/xcode
SwiftEmitModule normal arm64 Emitting\ module\ for\ AMLogger (in target 'AMLogger' from project 'AMLogger')
EmitSwiftModule normal arm64 (in target 'AMLogger' from project 'AMLogger')
cd /Users/admin/builder/spi-builder-workspace/.swiftpm/xcode
SwiftCompile normal arm64 Compiling\ AMLoggerFilteredListView.swift,\ AMLoggerFiltersView.swift /Users/admin/builder/spi-builder-workspace/Sources/AMLogger/UI/AMLoggerFilteredListView.swift /Users/admin/builder/spi-builder-workspace/Sources/AMLogger/UI/AMLoggerFiltersView.swift (in target 'AMLogger' from project 'AMLogger')
SwiftCompile normal arm64 /Users/admin/builder/spi-builder-workspace/Sources/AMLogger/UI/AMLoggerFilteredListView.swift (in target 'AMLogger' from project 'AMLogger')
cd /Users/admin/builder/spi-builder-workspace/.swiftpm/xcode
SwiftCompile normal arm64 /Users/admin/builder/spi-builder-workspace/Sources/AMLogger/UI/AMLoggerFiltersView.swift (in target 'AMLogger' from project 'AMLogger')
cd /Users/admin/builder/spi-builder-workspace/.swiftpm/xcode
SwiftCompile normal arm64 Compiling\ AMLogger+Metadata.swift,\ AMLoggerStore.swift /Users/admin/builder/spi-builder-workspace/Sources/AMLogger/Core/AMLogger+Metadata.swift /Users/admin/builder/spi-builder-workspace/Sources/AMLogger/Core/AMLoggerStore.swift (in target 'AMLogger' from project 'AMLogger')
SwiftCompile normal arm64 /Users/admin/builder/spi-builder-workspace/Sources/AMLogger/Core/AMLogger+Metadata.swift (in target 'AMLogger' from project 'AMLogger')
cd /Users/admin/builder/spi-builder-workspace/.swiftpm/xcode
SwiftCompile normal arm64 /Users/admin/builder/spi-builder-workspace/Sources/AMLogger/Core/AMLoggerStore.swift (in target 'AMLogger' from project 'AMLogger')
cd /Users/admin/builder/spi-builder-workspace/.swiftpm/xcode
SwiftCompile normal arm64 Compiling\ AMLoggerSchema.swift,\ AMLoggerBodyDetailView.swift /Users/admin/builder/spi-builder-workspace/Sources/AMLogger/SwiftData/AMLoggerSchema.swift /Users/admin/builder/spi-builder-workspace/Sources/AMLogger/UI/AMLoggerBodyDetailView.swift (in target 'AMLogger' from project 'AMLogger')
SwiftCompile normal arm64 /Users/admin/builder/spi-builder-workspace/Sources/AMLogger/SwiftData/AMLoggerSchema.swift (in target 'AMLogger' from project 'AMLogger')
cd /Users/admin/builder/spi-builder-workspace/.swiftpm/xcode
SwiftCompile normal arm64 /Users/admin/builder/spi-builder-workspace/Sources/AMLogger/UI/AMLoggerBodyDetailView.swift (in target 'AMLogger' from project 'AMLogger')
cd /Users/admin/builder/spi-builder-workspace/.swiftpm/xcode
/Users/admin/builder/spi-builder-workspace/Sources/AMLogger/UI/AMLoggerBodyDetailView.swift:32:18: error: 'textSelection' is unavailable in watchOS
.textSelection(.enabled)
^~~~~~~~~~~~~
SwiftUI.View.textSelection:2:25: note: 'textSelection' has been explicitly marked unavailable here
nonisolated public func textSelection<S>(_ selectability: S) -> some View where S : TextSelectability
^
/Users/admin/builder/spi-builder-workspace/Sources/AMLogger/UI/AMLoggerBodyDetailView.swift:32:33: error: 'enabled' is unavailable in watchOS
.textSelection(.enabled)
^~~~~~~
SwiftUI.TextSelectability.enabled:2:19: note: 'enabled' has been explicitly marked unavailable here
public static var enabled: EnabledTextSelectability { get }}
^
SwiftCompile normal arm64 Compiling\ AMLoggerHelpers.swift,\ AMLoggerLevelUI.swift /Users/admin/builder/spi-builder-workspace/Sources/AMLogger/UI/AMLoggerHelpers.swift /Users/admin/builder/spi-builder-workspace/Sources/AMLogger/UI/AMLoggerLevelUI.swift (in target 'AMLogger' from project 'AMLogger')
SwiftCompile normal arm64 /Users/admin/builder/spi-builder-workspace/Sources/AMLogger/UI/AMLoggerHelpers.swift (in target 'AMLogger' from project 'AMLogger')
cd /Users/admin/builder/spi-builder-workspace/.swiftpm/xcode
SwiftCompile normal arm64 /Users/admin/builder/spi-builder-workspace/Sources/AMLogger/UI/AMLoggerLevelUI.swift (in target 'AMLogger' from project 'AMLogger')
cd /Users/admin/builder/spi-builder-workspace/.swiftpm/xcode
SwiftCompile normal arm64 Compiling\ resource_bundle_accessor.swift,\ AMLogger.swift /Users/admin/builder/spi-builder-workspace/.derivedData/Build/Intermediates.noindex/AMLogger.build/Debug-watchos/AMLogger.build/DerivedSources/resource_bundle_accessor.swift /Users/admin/builder/spi-builder-workspace/Sources/AMLogger/AMLogger.swift (in target 'AMLogger' from project 'AMLogger')
SwiftCompile normal arm64 /Users/admin/builder/spi-builder-workspace/.derivedData/Build/Intermediates.noindex/AMLogger.build/Debug-watchos/AMLogger.build/DerivedSources/resource_bundle_accessor.swift (in target 'AMLogger' from project 'AMLogger')
cd /Users/admin/builder/spi-builder-workspace/.swiftpm/xcode
SwiftCompile normal arm64 /Users/admin/builder/spi-builder-workspace/Sources/AMLogger/AMLogger.swift (in target 'AMLogger' from project 'AMLogger')
cd /Users/admin/builder/spi-builder-workspace/.swiftpm/xcode
SwiftCompile normal arm64 Compiling\ AMLoggerTypes.swift,\ AMLoggerMigrationPlan.swift /Users/admin/builder/spi-builder-workspace/Sources/AMLogger/Core/AMLoggerTypes.swift /Users/admin/builder/spi-builder-workspace/Sources/AMLogger/SwiftData/AMLoggerMigrationPlan.swift (in target 'AMLogger' from project 'AMLogger')
SwiftCompile normal arm64 /Users/admin/builder/spi-builder-workspace/Sources/AMLogger/Core/AMLoggerTypes.swift (in target 'AMLogger' from project 'AMLogger')
cd /Users/admin/builder/spi-builder-workspace/.swiftpm/xcode
SwiftCompile normal arm64 /Users/admin/builder/spi-builder-workspace/Sources/AMLogger/SwiftData/AMLoggerMigrationPlan.swift (in target 'AMLogger' from project 'AMLogger')
cd /Users/admin/builder/spi-builder-workspace/.swiftpm/xcode
SwiftExplicitDependencyGeneratePcm arm64_32 /Users/admin/builder/spi-builder-workspace/.derivedData/ModuleCache.noindex/SwiftUI-CTJZPDH0D73K21479D8OGT6Y3.pcm
SwiftDriverJobDiscovery normal arm64 Emitting module for AMLogger (in target 'AMLogger' from project 'AMLogger')
SwiftDriver\ Compilation\ Requirements AMLogger normal arm64 com.apple.xcode.tools.swift.compiler (in target 'AMLogger' from project 'AMLogger')
cd /Users/admin/builder/spi-builder-workspace/.swiftpm/xcode
builtin-Swift-Compilation-Requirements -- /Applications/Xcode-26.3.0.app/Contents/Developer/Toolchains/XcodeDefault.xctoolchain/usr/bin/swiftc -module-name AMLogger -Onone -enforce-exclusivity\=checked @/Users/admin/builder/spi-builder-workspace/.derivedData/Build/Intermediates.noindex/AMLogger.build/Debug-watchos/AMLogger.build/Objects-normal/arm64/AMLogger.SwiftFileList -DSWIFT_PACKAGE -DDEBUG -DSWIFT_MODULE_RESOURCE_BUNDLE_AVAILABLE -DXcode -plugin-path /Applications/Xcode-26.3.0.app/Contents/Developer/Toolchains/XcodeDefault.xctoolchain/usr/lib/swift/host/plugins/testing -enable-experimental-feature DebugDescriptionMacro -sdk /Applications/Xcode-26.3.0.app/Contents/Developer/Platforms/WatchOS.platform/Developer/SDKs/WatchOS26.2.sdk -target arm64-apple-watchos10.0 -g -module-cache-path /Users/admin/builder/spi-builder-workspace/.derivedData/ModuleCache.noindex -Xfrontend -serialize-debugging-options -profile-coverage-mapping -profile-generate -enable-testing -index-store-path /Users/admin/builder/spi-builder-workspace/.derivedData/Index.noindex/DataStore -Xcc -D_LIBCPP_HARDENING_MODE\=_LIBCPP_HARDENING_MODE_DEBUG -swift-version 6 -I /Users/admin/builder/spi-builder-workspace/.derivedData/Build/Products/Debug-watchos -Isystem /Applications/Xcode-26.3.0.app/Contents/Developer/Platforms/WatchOS.platform/Developer/usr/lib -F /Users/admin/builder/spi-builder-workspace/.derivedData/Build/Products/Debug-watchos -F /Applications/Xcode-26.3.0.app/Contents/Developer/Platforms/WatchOS.platform/Developer/Library/Frameworks -F /Applications/Xcode-26.3.0.app/Contents/Developer/Platforms/WatchOS.platform/Developer/SDKs/WatchOS26.2.sdk/Developer/Library/Frameworks -c -j10 -enable-batch-mode -incremental -Xcc -ivfsstatcache -Xcc /Users/admin/builder/spi-builder-workspace/.derivedData/SDKStatCaches.noindex/watchos26.2-23S303-dc75598d0054f22ec865fa860f139d721753b489057de6bda919edfa1c59a62b.sdkstatcache -output-file-map /Users/admin/builder/spi-builder-workspace/.derivedData/Build/Intermediates.noindex/AMLogger.build/Debug-watchos/AMLogger.build/Objects-normal/arm64/AMLogger-OutputFileMap.json -use-frontend-parseable-output -save-temps -no-color-diagnostics -explicit-module-build -module-cache-path /Users/admin/builder/spi-builder-workspace/.derivedData/Build/Intermediates.noindex/SwiftExplicitPrecompiledModules -clang-scanner-module-cache-path /Users/admin/builder/spi-builder-workspace/.derivedData/ModuleCache.noindex -sdk-module-cache-path /Users/admin/builder/spi-builder-workspace/.derivedData/ModuleCache.noindex -serialize-diagnostics -emit-dependencies -emit-module -emit-module-path /Users/admin/builder/spi-builder-workspace/.derivedData/Build/Intermediates.noindex/AMLogger.build/Debug-watchos/AMLogger.build/Objects-normal/arm64/AMLogger.swiftmodule -validate-clang-modules-once -clang-build-session-file /Users/admin/builder/spi-builder-workspace/.derivedData/ModuleCache.noindex/Session.modulevalidation -package-name spi_builder_workspace -Xcc -I/Users/admin/builder/spi-builder-workspace/.derivedData/Build/Intermediates.noindex/AMLogger.build/Debug-watchos/AMLogger.build/swift-overrides.hmap -emit-const-values -Xfrontend -const-gather-protocols-file -Xfrontend /Users/admin/builder/spi-builder-workspace/.derivedData/Build/Intermediates.noindex/AMLogger.build/Debug-watchos/AMLogger.build/Objects-normal/arm64/AMLogger_const_extract_protocols.json -Xcc -I/Users/admin/builder/spi-builder-workspace/.derivedData/Build/Products/Debug-watchos/include -Xcc -I/Users/admin/builder/spi-builder-workspace/.derivedData/Build/Intermediates.noindex/AMLogger.build/Debug-watchos/AMLogger.build/DerivedSources-normal/arm64 -Xcc -I/Users/admin/builder/spi-builder-workspace/.derivedData/Build/Intermediates.noindex/AMLogger.build/Debug-watchos/AMLogger.build/DerivedSources/arm64 -Xcc -I/Users/admin/builder/spi-builder-workspace/.derivedData/Build/Intermediates.noindex/AMLogger.build/Debug-watchos/AMLogger.build/DerivedSources -Xcc -DSWIFT_PACKAGE -Xcc -DDEBUG\=1 -emit-objc-header -emit-objc-header-path /Users/admin/builder/spi-builder-workspace/.derivedData/Build/Intermediates.noindex/AMLogger.build/Debug-watchos/AMLogger.build/Objects-normal/arm64/AMLogger-Swift.h -working-directory /Users/admin/builder/spi-builder-workspace/.swiftpm/xcode -experimental-emit-module-separately -disable-cmo
SwiftEmitModule normal arm64_32 Emitting\ module\ for\ AMLogger (in target 'AMLogger' from project 'AMLogger')
EmitSwiftModule normal arm64_32 (in target 'AMLogger' from project 'AMLogger')
cd /Users/admin/builder/spi-builder-workspace/.swiftpm/xcode
Copy /Users/admin/builder/spi-builder-workspace/.derivedData/Build/Products/Debug-watchos/AMLogger.swiftmodule/arm64-apple-watchos.swiftmodule /Users/admin/builder/spi-builder-workspace/.derivedData/Build/Intermediates.noindex/AMLogger.build/Debug-watchos/AMLogger.build/Objects-normal/arm64/AMLogger.swiftmodule (in target 'AMLogger' from project 'AMLogger')
cd /Users/admin/builder/spi-builder-workspace
builtin-copy -exclude .DS_Store -exclude CVS -exclude .svn -exclude .git -exclude .hg -resolve-src-symlinks -rename /Users/admin/builder/spi-builder-workspace/.derivedData/Build/Intermediates.noindex/AMLogger.build/Debug-watchos/AMLogger.build/Objects-normal/arm64/AMLogger.swiftmodule /Users/admin/builder/spi-builder-workspace/.derivedData/Build/Products/Debug-watchos/AMLogger.swiftmodule/arm64-apple-watchos.swiftmodule
SwiftDriverJobDiscovery normal arm64 Compiling AMLoggerTypes.swift, AMLoggerMigrationPlan.swift (in target 'AMLogger' from project 'AMLogger')
Copy /Users/admin/builder/spi-builder-workspace/.derivedData/Build/Products/Debug-watchos/AMLogger.swiftmodule/arm64-apple-watchos.swiftdoc /Users/admin/builder/spi-builder-workspace/.derivedData/Build/Intermediates.noindex/AMLogger.build/Debug-watchos/AMLogger.build/Objects-normal/arm64/AMLogger.swiftdoc (in target 'AMLogger' from project 'AMLogger')
cd /Users/admin/builder/spi-builder-workspace
builtin-copy -exclude .DS_Store -exclude CVS -exclude .svn -exclude .git -exclude .hg -resolve-src-symlinks -rename /Users/admin/builder/spi-builder-workspace/.derivedData/Build/Intermediates.noindex/AMLogger.build/Debug-watchos/AMLogger.build/Objects-normal/arm64/AMLogger.swiftdoc /Users/admin/builder/spi-builder-workspace/.derivedData/Build/Products/Debug-watchos/AMLogger.swiftmodule/arm64-apple-watchos.swiftdoc
Copy /Users/admin/builder/spi-builder-workspace/.derivedData/Build/Products/Debug-watchos/AMLogger.swiftmodule/arm64-apple-watchos.abi.json /Users/admin/builder/spi-builder-workspace/.derivedData/Build/Intermediates.noindex/AMLogger.build/Debug-watchos/AMLogger.build/Objects-normal/arm64/AMLogger.abi.json (in target 'AMLogger' from project 'AMLogger')
cd /Users/admin/builder/spi-builder-workspace
builtin-copy -exclude .DS_Store -exclude CVS -exclude .svn -exclude .git -exclude .hg -resolve-src-symlinks -rename /Users/admin/builder/spi-builder-workspace/.derivedData/Build/Intermediates.noindex/AMLogger.build/Debug-watchos/AMLogger.build/Objects-normal/arm64/AMLogger.abi.json /Users/admin/builder/spi-builder-workspace/.derivedData/Build/Products/Debug-watchos/AMLogger.swiftmodule/arm64-apple-watchos.abi.json
Copy /Users/admin/builder/spi-builder-workspace/.derivedData/Build/Products/Debug-watchos/AMLogger.swiftmodule/Project/arm64-apple-watchos.swiftsourceinfo /Users/admin/builder/spi-builder-workspace/.derivedData/Build/Intermediates.noindex/AMLogger.build/Debug-watchos/AMLogger.build/Objects-normal/arm64/AMLogger.swiftsourceinfo (in target 'AMLogger' from project 'AMLogger')
cd /Users/admin/builder/spi-builder-workspace
builtin-copy -exclude .DS_Store -exclude CVS -exclude .svn -exclude .git -exclude .hg -resolve-src-symlinks -rename /Users/admin/builder/spi-builder-workspace/.derivedData/Build/Intermediates.noindex/AMLogger.build/Debug-watchos/AMLogger.build/Objects-normal/arm64/AMLogger.swiftsourceinfo /Users/admin/builder/spi-builder-workspace/.derivedData/Build/Products/Debug-watchos/AMLogger.swiftmodule/Project/arm64-apple-watchos.swiftsourceinfo
SwiftCompile normal arm64_32 Compiling\ AMLoggerFilteredListView.swift,\ AMLoggerFiltersView.swift /Users/admin/builder/spi-builder-workspace/Sources/AMLogger/UI/AMLoggerFilteredListView.swift /Users/admin/builder/spi-builder-workspace/Sources/AMLogger/UI/AMLoggerFiltersView.swift (in target 'AMLogger' from project 'AMLogger')
SwiftCompile normal arm64_32 /Users/admin/builder/spi-builder-workspace/Sources/AMLogger/UI/AMLoggerFilteredListView.swift (in target 'AMLogger' from project 'AMLogger')
cd /Users/admin/builder/spi-builder-workspace/.swiftpm/xcode
SwiftCompile normal arm64_32 /Users/admin/builder/spi-builder-workspace/Sources/AMLogger/UI/AMLoggerFiltersView.swift (in target 'AMLogger' from project 'AMLogger')
cd /Users/admin/builder/spi-builder-workspace/.swiftpm/xcode
SwiftCompile normal arm64_32 Compiling\ AMLoggerConsoleView.swift,\ AMLoggerDetailView.swift /Users/admin/builder/spi-builder-workspace/Sources/AMLogger/UI/AMLoggerConsoleView.swift /Users/admin/builder/spi-builder-workspace/Sources/AMLogger/UI/AMLoggerDetailView.swift (in target 'AMLogger' from project 'AMLogger')
SwiftCompile normal arm64_32 /Users/admin/builder/spi-builder-workspace/Sources/AMLogger/UI/AMLoggerConsoleView.swift (in target 'AMLogger' from project 'AMLogger')
cd /Users/admin/builder/spi-builder-workspace/.swiftpm/xcode
SwiftCompile normal arm64_32 /Users/admin/builder/spi-builder-workspace/Sources/AMLogger/UI/AMLoggerDetailView.swift (in target 'AMLogger' from project 'AMLogger')
cd /Users/admin/builder/spi-builder-workspace/.swiftpm/xcode
SwiftDriverJobDiscovery normal arm64 Compiling resource_bundle_accessor.swift, AMLogger.swift (in target 'AMLogger' from project 'AMLogger')
SwiftCompile normal arm64_32 Compiling\ AMLoggerStoreDetailsView.swift /Users/admin/builder/spi-builder-workspace/Sources/AMLogger/UI/AMLoggerStoreDetailsView.swift (in target 'AMLogger' from project 'AMLogger')
SwiftCompile normal arm64_32 /Users/admin/builder/spi-builder-workspace/Sources/AMLogger/UI/AMLoggerStoreDetailsView.swift (in target 'AMLogger' from project 'AMLogger')
cd /Users/admin/builder/spi-builder-workspace/.swiftpm/xcode
SwiftDriverJobDiscovery normal arm64 Compiling AMLogger+Metadata.swift, AMLoggerStore.swift (in target 'AMLogger' from project 'AMLogger')
SwiftCompile normal arm64_32 Compiling\ AMLoggerListView.swift,\ AMLoggerSessionPickerView.swift /Users/admin/builder/spi-builder-workspace/Sources/AMLogger/UI/AMLoggerListView.swift /Users/admin/builder/spi-builder-workspace/Sources/AMLogger/UI/AMLoggerSessionPickerView.swift (in target 'AMLogger' from project 'AMLogger')
SwiftCompile normal arm64_32 /Users/admin/builder/spi-builder-workspace/Sources/AMLogger/UI/AMLoggerListView.swift (in target 'AMLogger' from project 'AMLogger')
cd /Users/admin/builder/spi-builder-workspace/.swiftpm/xcode
SwiftCompile normal arm64_32 /Users/admin/builder/spi-builder-workspace/Sources/AMLogger/UI/AMLoggerSessionPickerView.swift (in target 'AMLogger' from project 'AMLogger')
cd /Users/admin/builder/spi-builder-workspace/.swiftpm/xcode
SwiftDriverJobDiscovery normal arm64_32 Emitting module for AMLogger (in target 'AMLogger' from project 'AMLogger')
SwiftDriver\ Compilation\ Requirements AMLogger normal arm64_32 com.apple.xcode.tools.swift.compiler (in target 'AMLogger' from project 'AMLogger')
cd /Users/admin/builder/spi-builder-workspace/.swiftpm/xcode
builtin-Swift-Compilation-Requirements -- /Applications/Xcode-26.3.0.app/Contents/Developer/Toolchains/XcodeDefault.xctoolchain/usr/bin/swiftc -module-name AMLogger -Onone -enforce-exclusivity\=checked @/Users/admin/builder/spi-builder-workspace/.derivedData/Build/Intermediates.noindex/AMLogger.build/Debug-watchos/AMLogger.build/Objects-normal/arm64_32/AMLogger.SwiftFileList -DSWIFT_PACKAGE -DDEBUG -DSWIFT_MODULE_RESOURCE_BUNDLE_AVAILABLE -DXcode -plugin-path /Applications/Xcode-26.3.0.app/Contents/Developer/Toolchains/XcodeDefault.xctoolchain/usr/lib/swift/host/plugins/testing -enable-experimental-feature DebugDescriptionMacro -sdk /Applications/Xcode-26.3.0.app/Contents/Developer/Platforms/WatchOS.platform/Developer/SDKs/WatchOS26.2.sdk -target arm64_32-apple-watchos10.0 -g -module-cache-path /Users/admin/builder/spi-builder-workspace/.derivedData/ModuleCache.noindex -Xfrontend -serialize-debugging-options -profile-coverage-mapping -profile-generate -enable-testing -index-store-path /Users/admin/builder/spi-builder-workspace/.derivedData/Index.noindex/DataStore -Xcc -D_LIBCPP_HARDENING_MODE\=_LIBCPP_HARDENING_MODE_DEBUG -swift-version 6 -I /Users/admin/builder/spi-builder-workspace/.derivedData/Build/Products/Debug-watchos -Isystem /Applications/Xcode-26.3.0.app/Contents/Developer/Platforms/WatchOS.platform/Developer/usr/lib -F /Users/admin/builder/spi-builder-workspace/.derivedData/Build/Products/Debug-watchos -F /Applications/Xcode-26.3.0.app/Contents/Developer/Platforms/WatchOS.platform/Developer/Library/Frameworks -F /Applications/Xcode-26.3.0.app/Contents/Developer/Platforms/WatchOS.platform/Developer/SDKs/WatchOS26.2.sdk/Developer/Library/Frameworks -c -j10 -enable-batch-mode -incremental -Xcc -ivfsstatcache -Xcc /Users/admin/builder/spi-builder-workspace/.derivedData/SDKStatCaches.noindex/watchos26.2-23S303-dc75598d0054f22ec865fa860f139d721753b489057de6bda919edfa1c59a62b.sdkstatcache -output-file-map /Users/admin/builder/spi-builder-workspace/.derivedData/Build/Intermediates.noindex/AMLogger.build/Debug-watchos/AMLogger.build/Objects-normal/arm64_32/AMLogger-OutputFileMap.json -use-frontend-parseable-output -save-temps -no-color-diagnostics -explicit-module-build -module-cache-path /Users/admin/builder/spi-builder-workspace/.derivedData/Build/Intermediates.noindex/SwiftExplicitPrecompiledModules -clang-scanner-module-cache-path /Users/admin/builder/spi-builder-workspace/.derivedData/ModuleCache.noindex -sdk-module-cache-path /Users/admin/builder/spi-builder-workspace/.derivedData/ModuleCache.noindex -serialize-diagnostics -emit-dependencies -emit-module -emit-module-path /Users/admin/builder/spi-builder-workspace/.derivedData/Build/Intermediates.noindex/AMLogger.build/Debug-watchos/AMLogger.build/Objects-normal/arm64_32/AMLogger.swiftmodule -validate-clang-modules-once -clang-build-session-file /Users/admin/builder/spi-builder-workspace/.derivedData/ModuleCache.noindex/Session.modulevalidation -package-name spi_builder_workspace -Xcc -I/Users/admin/builder/spi-builder-workspace/.derivedData/Build/Intermediates.noindex/AMLogger.build/Debug-watchos/AMLogger.build/swift-overrides.hmap -emit-const-values -Xfrontend -const-gather-protocols-file -Xfrontend /Users/admin/builder/spi-builder-workspace/.derivedData/Build/Intermediates.noindex/AMLogger.build/Debug-watchos/AMLogger.build/Objects-normal/arm64_32/AMLogger_const_extract_protocols.json -Xcc -I/Users/admin/builder/spi-builder-workspace/.derivedData/Build/Products/Debug-watchos/include -Xcc -I/Users/admin/builder/spi-builder-workspace/.derivedData/Build/Intermediates.noindex/AMLogger.build/Debug-watchos/AMLogger.build/DerivedSources-normal/arm64_32 -Xcc -I/Users/admin/builder/spi-builder-workspace/.derivedData/Build/Intermediates.noindex/AMLogger.build/Debug-watchos/AMLogger.build/DerivedSources/arm64_32 -Xcc -I/Users/admin/builder/spi-builder-workspace/.derivedData/Build/Intermediates.noindex/AMLogger.build/Debug-watchos/AMLogger.build/DerivedSources -Xcc -DSWIFT_PACKAGE -Xcc -DDEBUG\=1 -emit-objc-header -emit-objc-header-path /Users/admin/builder/spi-builder-workspace/.derivedData/Build/Intermediates.noindex/AMLogger.build/Debug-watchos/AMLogger.build/Objects-normal/arm64_32/AMLogger-Swift.h -working-directory /Users/admin/builder/spi-builder-workspace/.swiftpm/xcode -experimental-emit-module-separately -disable-cmo
2026-07-23 20:26:07.114 xcodebuild[679:4268] [MT] IDERunDestination: Supported platforms for the buildables in the current scheme is empty.
** BUILD FAILED **
The following build commands failed:
SwiftCompile normal arm64 /Users/admin/builder/spi-builder-workspace/Sources/AMLogger/UI/AMLoggerListView.swift (in target 'AMLogger' from project 'AMLogger')
SwiftCompile normal arm64 /Users/admin/builder/spi-builder-workspace/Sources/AMLogger/UI/AMLoggerSessionPickerView.swift (in target 'AMLogger' from project 'AMLogger')
SwiftCompile normal arm64 Compiling\ AMLoggerConsoleView.swift,\ AMLoggerDetailView.swift /Users/admin/builder/spi-builder-workspace/Sources/AMLogger/UI/AMLoggerConsoleView.swift /Users/admin/builder/spi-builder-workspace/Sources/AMLogger/UI/AMLoggerDetailView.swift (in target 'AMLogger' from project 'AMLogger')
SwiftCompile normal arm64 /Users/admin/builder/spi-builder-workspace/Sources/AMLogger/UI/AMLoggerConsoleView.swift (in target 'AMLogger' from project 'AMLogger')
SwiftCompile normal arm64 /Users/admin/builder/spi-builder-workspace/Sources/AMLogger/UI/AMLoggerDetailView.swift (in target 'AMLogger' from project 'AMLogger')
SwiftCompile normal arm64 /Users/admin/builder/spi-builder-workspace/Sources/AMLogger/UI/AMLoggerBodyDetailView.swift (in target 'AMLogger' from project 'AMLogger')
Building workspace spi-builder-workspace with scheme AMLogger
(7 failures)
Command line invocation:
/Applications/Xcode-26.3.0.app/Contents/Developer/usr/bin/xcodebuild -IDEClonedSourcePackagesDirPathOverride=/Users/admin/builder/spi-builder-workspace/.dependencies -resolvePackageDependencies
Resolve Package Graph
Resolved source packages:
AMLogger: /Users/admin/builder/spi-builder-workspace
resolved source packages: AMLogger
2026-07-23 20:26:17.604 xcodebuild[831:4845] [MT] IDERunDestination: Supported platforms for the buildables in the current scheme is empty.
{
"dependencies" : [
],
"manifest_display_name" : "AMLogger",
"name" : "AMLogger",
"path" : "/Users/admin/builder/spi-builder-workspace",
"platforms" : [
{
"name" : "ios",
"version" : "17.0"
},
{
"name" : "macos",
"version" : "14.0"
},
{
"name" : "tvos",
"version" : "17.0"
},
{
"name" : "watchos",
"version" : "10.0"
},
{
"name" : "visionos",
"version" : "2.0"
}
],
"products" : [
{
"name" : "AMLogger",
"targets" : [
"AMLogger"
],
"type" : {
"library" : [
"automatic"
]
}
}
],
"targets" : [
{
"c99name" : "AMLoggerTests",
"module_type" : "SwiftTarget",
"name" : "AMLoggerTests",
"path" : "Tests/AMLoggerTests",
"sources" : [
"AMLoggerTests.swift"
],
"target_dependencies" : [
"AMLogger"
],
"type" : "test"
},
{
"c99name" : "AMLogger",
"module_type" : "SwiftTarget",
"name" : "AMLogger",
"path" : "Sources/AMLogger",
"product_memberships" : [
"AMLogger"
],
"sources" : [
"AMLogger.swift",
"Core/AMLogger+Metadata.swift",
"Core/AMLoggerStore.swift",
"Core/AMLoggerTypes.swift",
"SwiftData/AMLoggerMigrationPlan.swift",
"SwiftData/AMLoggerSchema.swift",
"UI/AMLoggerBodyDetailView.swift",
"UI/AMLoggerConsoleView.swift",
"UI/AMLoggerDetailView.swift",
"UI/AMLoggerFilteredListView.swift",
"UI/AMLoggerFiltersView.swift",
"UI/AMLoggerHelpers.swift",
"UI/AMLoggerLevelUI.swift",
"UI/AMLoggerListView.swift",
"UI/AMLoggerSessionPickerView.swift",
"UI/AMLoggerSessionsListView.swift",
"UI/AMLoggerStoreDetailsView.swift"
],
"type" : "library"
}
],
"tools_version" : "6.0"
}
{
"workspace" : {
"name" : "spi-builder-workspace",
"schemes" : [
"AMLogger"
]
}
}
2026-07-23 20:26:18.699 xcodebuild[839:4920] [MT] IDERunDestination: Supported platforms for the buildables in the current scheme is empty.
Running build ...
env DEVELOPER_DIR=/Applications/Xcode-26.3.0.app xcrun xcodebuild -IDEClonedSourcePackagesDirPathOverride=$PWD/.dependencies -skipMacroValidation -skipPackagePluginValidation -derivedDataPath $PWD/.derivedData build -scheme AMLogger -destination generic/platform=watchOS
Command line invocation:
/Applications/Xcode-26.3.0.app/Contents/Developer/usr/bin/xcodebuild -IDEClonedSourcePackagesDirPathOverride=/Users/admin/builder/spi-builder-workspace/.dependencies -skipMacroValidation -skipPackagePluginValidation -derivedDataPath /Users/admin/builder/spi-builder-workspace/.derivedData build -scheme AMLogger -destination generic/platform=watchOS
Resolve Package Graph
Resolved source packages:
AMLogger: /Users/admin/builder/spi-builder-workspace
ComputePackagePrebuildTargetDependencyGraph
Prepare packages
CreateBuildRequest
SendProjectDescription
CreateBuildOperation
ComputeTargetDependencyGraph
note: Building targets in dependency order
note: Target dependency graph (3 targets)
Target 'AMLogger' in project 'AMLogger'
➜ Explicit dependency on target 'AMLogger' in project 'AMLogger'
➜ Explicit dependency on target 'AMLogger_AMLogger' in project 'AMLogger'
Target 'AMLogger' in project 'AMLogger'
➜ Explicit dependency on target 'AMLogger_AMLogger' in project 'AMLogger'
Target 'AMLogger_AMLogger' in project 'AMLogger' (no dependencies)
GatherProvisioningInputs
CreateBuildDescription
ClangStatCache /Applications/Xcode-26.3.0.app/Contents/Developer/Toolchains/XcodeDefault.xctoolchain/usr/bin/clang-stat-cache /Applications/Xcode-26.3.0.app/Contents/Developer/Platforms/WatchOS.platform/Developer/SDKs/WatchOS26.2.sdk /Users/admin/builder/spi-builder-workspace/.derivedData/SDKStatCaches.noindex/watchos26.2-23S303-dc75598d0054f22ec865fa860f139d721753b489057de6bda919edfa1c59a62b.sdkstatcache
cd /Users/admin/builder/spi-builder-workspace/.swiftpm/xcode
/Applications/Xcode-26.3.0.app/Contents/Developer/Toolchains/XcodeDefault.xctoolchain/usr/bin/clang-stat-cache /Applications/Xcode-26.3.0.app/Contents/Developer/Platforms/WatchOS.platform/Developer/SDKs/WatchOS26.2.sdk -o /Users/admin/builder/spi-builder-workspace/.derivedData/SDKStatCaches.noindex/watchos26.2-23S303-dc75598d0054f22ec865fa860f139d721753b489057de6bda919edfa1c59a62b.sdkstatcache
SwiftDriver AMLogger normal arm64_32 com.apple.xcode.tools.swift.compiler (in target 'AMLogger' from project 'AMLogger')
cd /Users/admin/builder/spi-builder-workspace/.swiftpm/xcode
builtin-SwiftDriver -- /Applications/Xcode-26.3.0.app/Contents/Developer/Toolchains/XcodeDefault.xctoolchain/usr/bin/swiftc -module-name AMLogger -Onone -enforce-exclusivity\=checked @/Users/admin/builder/spi-builder-workspace/.derivedData/Build/Intermediates.noindex/AMLogger.build/Debug-watchos/AMLogger.build/Objects-normal/arm64_32/AMLogger.SwiftFileList -DSWIFT_PACKAGE -DDEBUG -DSWIFT_MODULE_RESOURCE_BUNDLE_AVAILABLE -DXcode -plugin-path /Applications/Xcode-26.3.0.app/Contents/Developer/Toolchains/XcodeDefault.xctoolchain/usr/lib/swift/host/plugins/testing -enable-experimental-feature DebugDescriptionMacro -sdk /Applications/Xcode-26.3.0.app/Contents/Developer/Platforms/WatchOS.platform/Developer/SDKs/WatchOS26.2.sdk -target arm64_32-apple-watchos10.0 -g -module-cache-path /Users/admin/builder/spi-builder-workspace/.derivedData/ModuleCache.noindex -Xfrontend -serialize-debugging-options -profile-coverage-mapping -profile-generate -enable-testing -index-store-path /Users/admin/builder/spi-builder-workspace/.derivedData/Index.noindex/DataStore -Xcc -D_LIBCPP_HARDENING_MODE\=_LIBCPP_HARDENING_MODE_DEBUG -swift-version 6 -I /Users/admin/builder/spi-builder-workspace/.derivedData/Build/Products/Debug-watchos -Isystem /Applications/Xcode-26.3.0.app/Contents/Developer/Platforms/WatchOS.platform/Developer/usr/lib -F /Users/admin/builder/spi-builder-workspace/.derivedData/Build/Products/Debug-watchos -F /Applications/Xcode-26.3.0.app/Contents/Developer/Platforms/WatchOS.platform/Developer/Library/Frameworks -F /Applications/Xcode-26.3.0.app/Contents/Developer/Platforms/WatchOS.platform/Developer/SDKs/WatchOS26.2.sdk/Developer/Library/Frameworks -c -j10 -enable-batch-mode -incremental -Xcc -ivfsstatcache -Xcc /Users/admin/builder/spi-builder-workspace/.derivedData/SDKStatCaches.noindex/watchos26.2-23S303-dc75598d0054f22ec865fa860f139d721753b489057de6bda919edfa1c59a62b.sdkstatcache -output-file-map /Users/admin/builder/spi-builder-workspace/.derivedData/Build/Intermediates.noindex/AMLogger.build/Debug-watchos/AMLogger.build/Objects-normal/arm64_32/AMLogger-OutputFileMap.json -use-frontend-parseable-output -save-temps -no-color-diagnostics -explicit-module-build -module-cache-path /Users/admin/builder/spi-builder-workspace/.derivedData/Build/Intermediates.noindex/SwiftExplicitPrecompiledModules -clang-scanner-module-cache-path /Users/admin/builder/spi-builder-workspace/.derivedData/ModuleCache.noindex -sdk-module-cache-path /Users/admin/builder/spi-builder-workspace/.derivedData/ModuleCache.noindex -serialize-diagnostics -emit-dependencies -emit-module -emit-module-path /Users/admin/builder/spi-builder-workspace/.derivedData/Build/Intermediates.noindex/AMLogger.build/Debug-watchos/AMLogger.build/Objects-normal/arm64_32/AMLogger.swiftmodule -validate-clang-modules-once -clang-build-session-file /Users/admin/builder/spi-builder-workspace/.derivedData/ModuleCache.noindex/Session.modulevalidation -package-name spi_builder_workspace -Xcc -I/Users/admin/builder/spi-builder-workspace/.derivedData/Build/Intermediates.noindex/AMLogger.build/Debug-watchos/AMLogger.build/swift-overrides.hmap -emit-const-values -Xfrontend -const-gather-protocols-file -Xfrontend /Users/admin/builder/spi-builder-workspace/.derivedData/Build/Intermediates.noindex/AMLogger.build/Debug-watchos/AMLogger.build/Objects-normal/arm64_32/AMLogger_const_extract_protocols.json -Xcc -I/Users/admin/builder/spi-builder-workspace/.derivedData/Build/Products/Debug-watchos/include -Xcc -I/Users/admin/builder/spi-builder-workspace/.derivedData/Build/Intermediates.noindex/AMLogger.build/Debug-watchos/AMLogger.build/DerivedSources-normal/arm64_32 -Xcc -I/Users/admin/builder/spi-builder-workspace/.derivedData/Build/Intermediates.noindex/AMLogger.build/Debug-watchos/AMLogger.build/DerivedSources/arm64_32 -Xcc -I/Users/admin/builder/spi-builder-workspace/.derivedData/Build/Intermediates.noindex/AMLogger.build/Debug-watchos/AMLogger.build/DerivedSources -Xcc -DSWIFT_PACKAGE -Xcc -DDEBUG\=1 -emit-objc-header -emit-objc-header-path /Users/admin/builder/spi-builder-workspace/.derivedData/Build/Intermediates.noindex/AMLogger.build/Debug-watchos/AMLogger.build/Objects-normal/arm64_32/AMLogger-Swift.h -working-directory /Users/admin/builder/spi-builder-workspace/.swiftpm/xcode -experimental-emit-module-separately -disable-cmo
SwiftDriver AMLogger normal arm64 com.apple.xcode.tools.swift.compiler (in target 'AMLogger' from project 'AMLogger')
cd /Users/admin/builder/spi-builder-workspace/.swiftpm/xcode
builtin-SwiftDriver -- /Applications/Xcode-26.3.0.app/Contents/Developer/Toolchains/XcodeDefault.xctoolchain/usr/bin/swiftc -module-name AMLogger -Onone -enforce-exclusivity\=checked @/Users/admin/builder/spi-builder-workspace/.derivedData/Build/Intermediates.noindex/AMLogger.build/Debug-watchos/AMLogger.build/Objects-normal/arm64/AMLogger.SwiftFileList -DSWIFT_PACKAGE -DDEBUG -DSWIFT_MODULE_RESOURCE_BUNDLE_AVAILABLE -DXcode -plugin-path /Applications/Xcode-26.3.0.app/Contents/Developer/Toolchains/XcodeDefault.xctoolchain/usr/lib/swift/host/plugins/testing -enable-experimental-feature DebugDescriptionMacro -sdk /Applications/Xcode-26.3.0.app/Contents/Developer/Platforms/WatchOS.platform/Developer/SDKs/WatchOS26.2.sdk -target arm64-apple-watchos10.0 -g -module-cache-path /Users/admin/builder/spi-builder-workspace/.derivedData/ModuleCache.noindex -Xfrontend -serialize-debugging-options -profile-coverage-mapping -profile-generate -enable-testing -index-store-path /Users/admin/builder/spi-builder-workspace/.derivedData/Index.noindex/DataStore -Xcc -D_LIBCPP_HARDENING_MODE\=_LIBCPP_HARDENING_MODE_DEBUG -swift-version 6 -I /Users/admin/builder/spi-builder-workspace/.derivedData/Build/Products/Debug-watchos -Isystem /Applications/Xcode-26.3.0.app/Contents/Developer/Platforms/WatchOS.platform/Developer/usr/lib -F /Users/admin/builder/spi-builder-workspace/.derivedData/Build/Products/Debug-watchos -F /Applications/Xcode-26.3.0.app/Contents/Developer/Platforms/WatchOS.platform/Developer/Library/Frameworks -F /Applications/Xcode-26.3.0.app/Contents/Developer/Platforms/WatchOS.platform/Developer/SDKs/WatchOS26.2.sdk/Developer/Library/Frameworks -c -j10 -enable-batch-mode -incremental -Xcc -ivfsstatcache -Xcc /Users/admin/builder/spi-builder-workspace/.derivedData/SDKStatCaches.noindex/watchos26.2-23S303-dc75598d0054f22ec865fa860f139d721753b489057de6bda919edfa1c59a62b.sdkstatcache -output-file-map /Users/admin/builder/spi-builder-workspace/.derivedData/Build/Intermediates.noindex/AMLogger.build/Debug-watchos/AMLogger.build/Objects-normal/arm64/AMLogger-OutputFileMap.json -use-frontend-parseable-output -save-temps -no-color-diagnostics -explicit-module-build -module-cache-path /Users/admin/builder/spi-builder-workspace/.derivedData/Build/Intermediates.noindex/SwiftExplicitPrecompiledModules -clang-scanner-module-cache-path /Users/admin/builder/spi-builder-workspace/.derivedData/ModuleCache.noindex -sdk-module-cache-path /Users/admin/builder/spi-builder-workspace/.derivedData/ModuleCache.noindex -serialize-diagnostics -emit-dependencies -emit-module -emit-module-path /Users/admin/builder/spi-builder-workspace/.derivedData/Build/Intermediates.noindex/AMLogger.build/Debug-watchos/AMLogger.build/Objects-normal/arm64/AMLogger.swiftmodule -validate-clang-modules-once -clang-build-session-file /Users/admin/builder/spi-builder-workspace/.derivedData/ModuleCache.noindex/Session.modulevalidation -package-name spi_builder_workspace -Xcc -I/Users/admin/builder/spi-builder-workspace/.derivedData/Build/Intermediates.noindex/AMLogger.build/Debug-watchos/AMLogger.build/swift-overrides.hmap -emit-const-values -Xfrontend -const-gather-protocols-file -Xfrontend /Users/admin/builder/spi-builder-workspace/.derivedData/Build/Intermediates.noindex/AMLogger.build/Debug-watchos/AMLogger.build/Objects-normal/arm64/AMLogger_const_extract_protocols.json -Xcc -I/Users/admin/builder/spi-builder-workspace/.derivedData/Build/Products/Debug-watchos/include -Xcc -I/Users/admin/builder/spi-builder-workspace/.derivedData/Build/Intermediates.noindex/AMLogger.build/Debug-watchos/AMLogger.build/DerivedSources-normal/arm64 -Xcc -I/Users/admin/builder/spi-builder-workspace/.derivedData/Build/Intermediates.noindex/AMLogger.build/Debug-watchos/AMLogger.build/DerivedSources/arm64 -Xcc -I/Users/admin/builder/spi-builder-workspace/.derivedData/Build/Intermediates.noindex/AMLogger.build/Debug-watchos/AMLogger.build/DerivedSources -Xcc -DSWIFT_PACKAGE -Xcc -DDEBUG\=1 -emit-objc-header -emit-objc-header-path /Users/admin/builder/spi-builder-workspace/.derivedData/Build/Intermediates.noindex/AMLogger.build/Debug-watchos/AMLogger.build/Objects-normal/arm64/AMLogger-Swift.h -working-directory /Users/admin/builder/spi-builder-workspace/.swiftpm/xcode -experimental-emit-module-separately -disable-cmo
SwiftEmitModule normal arm64_32 Emitting\ module\ for\ AMLogger (in target 'AMLogger' from project 'AMLogger')
EmitSwiftModule normal arm64_32 (in target 'AMLogger' from project 'AMLogger')
cd /Users/admin/builder/spi-builder-workspace/.swiftpm/xcode
SwiftCompile normal arm64_32 Compiling\ resource_bundle_accessor.swift,\ AMLogger.swift /Users/admin/builder/spi-builder-workspace/.derivedData/Build/Intermediates.noindex/AMLogger.build/Debug-watchos/AMLogger.build/DerivedSources/resource_bundle_accessor.swift /Users/admin/builder/spi-builder-workspace/Sources/AMLogger/AMLogger.swift (in target 'AMLogger' from project 'AMLogger')
SwiftCompile normal arm64_32 /Users/admin/builder/spi-builder-workspace/.derivedData/Build/Intermediates.noindex/AMLogger.build/Debug-watchos/AMLogger.build/DerivedSources/resource_bundle_accessor.swift (in target 'AMLogger' from project 'AMLogger')
cd /Users/admin/builder/spi-builder-workspace/.swiftpm/xcode
SwiftCompile normal arm64_32 /Users/admin/builder/spi-builder-workspace/Sources/AMLogger/AMLogger.swift (in target 'AMLogger' from project 'AMLogger')
cd /Users/admin/builder/spi-builder-workspace/.swiftpm/xcode
SwiftCompile normal arm64_32 Compiling\ AMLoggerTypes.swift,\ AMLoggerMigrationPlan.swift /Users/admin/builder/spi-builder-workspace/Sources/AMLogger/Core/AMLoggerTypes.swift /Users/admin/builder/spi-builder-workspace/Sources/AMLogger/SwiftData/AMLoggerMigrationPlan.swift (in target 'AMLogger' from project 'AMLogger')
SwiftCompile normal arm64_32 /Users/admin/builder/spi-builder-workspace/Sources/AMLogger/Core/AMLoggerTypes.swift (in target 'AMLogger' from project 'AMLogger')
cd /Users/admin/builder/spi-builder-workspace/.swiftpm/xcode
SwiftCompile normal arm64_32 /Users/admin/builder/spi-builder-workspace/Sources/AMLogger/SwiftData/AMLoggerMigrationPlan.swift (in target 'AMLogger' from project 'AMLogger')
cd /Users/admin/builder/spi-builder-workspace/.swiftpm/xcode
SwiftCompile normal arm64_32 Compiling\ AMLoggerFilteredListView.swift,\ AMLoggerFiltersView.swift /Users/admin/builder/spi-builder-workspace/Sources/AMLogger/UI/AMLoggerFilteredListView.swift /Users/admin/builder/spi-builder-workspace/Sources/AMLogger/UI/AMLoggerFiltersView.swift (in target 'AMLogger' from project 'AMLogger')
SwiftCompile normal arm64_32 /Users/admin/builder/spi-builder-workspace/Sources/AMLogger/UI/AMLoggerFilteredListView.swift (in target 'AMLogger' from project 'AMLogger')
cd /Users/admin/builder/spi-builder-workspace/.swiftpm/xcode
SwiftCompile normal arm64_32 /Users/admin/builder/spi-builder-workspace/Sources/AMLogger/UI/AMLoggerFiltersView.swift (in target 'AMLogger' from project 'AMLogger')
cd /Users/admin/builder/spi-builder-workspace/.swiftpm/xcode
SwiftCompile normal arm64_32 Compiling\ AMLoggerHelpers.swift,\ AMLoggerLevelUI.swift /Users/admin/builder/spi-builder-workspace/Sources/AMLogger/UI/AMLoggerHelpers.swift /Users/admin/builder/spi-builder-workspace/Sources/AMLogger/UI/AMLoggerLevelUI.swift (in target 'AMLogger' from project 'AMLogger')
SwiftCompile normal arm64_32 /Users/admin/builder/spi-builder-workspace/Sources/AMLogger/UI/AMLoggerHelpers.swift (in target 'AMLogger' from project 'AMLogger')
cd /Users/admin/builder/spi-builder-workspace/.swiftpm/xcode
SwiftCompile normal arm64_32 /Users/admin/builder/spi-builder-workspace/Sources/AMLogger/UI/AMLoggerLevelUI.swift (in target 'AMLogger' from project 'AMLogger')
cd /Users/admin/builder/spi-builder-workspace/.swiftpm/xcode
SwiftCompile normal arm64_32 Compiling\ AMLoggerStoreDetailsView.swift /Users/admin/builder/spi-builder-workspace/Sources/AMLogger/UI/AMLoggerStoreDetailsView.swift (in target 'AMLogger' from project 'AMLogger')
SwiftCompile normal arm64_32 /Users/admin/builder/spi-builder-workspace/Sources/AMLogger/UI/AMLoggerStoreDetailsView.swift (in target 'AMLogger' from project 'AMLogger')
cd /Users/admin/builder/spi-builder-workspace/.swiftpm/xcode
SwiftCompile normal arm64_32 Compiling\ AMLoggerListView.swift,\ AMLoggerSessionPickerView.swift /Users/admin/builder/spi-builder-workspace/Sources/AMLogger/UI/AMLoggerListView.swift /Users/admin/builder/spi-builder-workspace/Sources/AMLogger/UI/AMLoggerSessionPickerView.swift (in target 'AMLogger' from project 'AMLogger')
SwiftCompile normal arm64_32 /Users/admin/builder/spi-builder-workspace/Sources/AMLogger/UI/AMLoggerListView.swift (in target 'AMLogger' from project 'AMLogger')
cd /Users/admin/builder/spi-builder-workspace/.swiftpm/xcode
SwiftCompile normal arm64_32 /Users/admin/builder/spi-builder-workspace/Sources/AMLogger/UI/AMLoggerSessionPickerView.swift (in target 'AMLogger' from project 'AMLogger')
cd /Users/admin/builder/spi-builder-workspace/.swiftpm/xcode
SwiftCompile normal arm64_32 Compiling\ AMLoggerSessionsListView.swift /Users/admin/builder/spi-builder-workspace/Sources/AMLogger/UI/AMLoggerSessionsListView.swift (in target 'AMLogger' from project 'AMLogger')
SwiftCompile normal arm64_32 /Users/admin/builder/spi-builder-workspace/Sources/AMLogger/UI/AMLoggerSessionsListView.swift (in target 'AMLogger' from project 'AMLogger')
cd /Users/admin/builder/spi-builder-workspace/.swiftpm/xcode
SwiftCompile normal arm64_32 Compiling\ AMLoggerConsoleView.swift,\ AMLoggerDetailView.swift /Users/admin/builder/spi-builder-workspace/Sources/AMLogger/UI/AMLoggerConsoleView.swift /Users/admin/builder/spi-builder-workspace/Sources/AMLogger/UI/AMLoggerDetailView.swift (in target 'AMLogger' from project 'AMLogger')
SwiftCompile normal arm64_32 /Users/admin/builder/spi-builder-workspace/Sources/AMLogger/UI/AMLoggerConsoleView.swift (in target 'AMLogger' from project 'AMLogger')
cd /Users/admin/builder/spi-builder-workspace/.swiftpm/xcode
SwiftCompile normal arm64_32 /Users/admin/builder/spi-builder-workspace/Sources/AMLogger/UI/AMLoggerDetailView.swift (in target 'AMLogger' from project 'AMLogger')
cd /Users/admin/builder/spi-builder-workspace/.swiftpm/xcode
SwiftCompile normal arm64_32 Compiling\ AMLoggerSchema.swift,\ AMLoggerBodyDetailView.swift /Users/admin/builder/spi-builder-workspace/Sources/AMLogger/SwiftData/AMLoggerSchema.swift /Users/admin/builder/spi-builder-workspace/Sources/AMLogger/UI/AMLoggerBodyDetailView.swift (in target 'AMLogger' from project 'AMLogger')
SwiftCompile normal arm64_32 /Users/admin/builder/spi-builder-workspace/Sources/AMLogger/SwiftData/AMLoggerSchema.swift (in target 'AMLogger' from project 'AMLogger')
cd /Users/admin/builder/spi-builder-workspace/.swiftpm/xcode
SwiftCompile normal arm64_32 /Users/admin/builder/spi-builder-workspace/Sources/AMLogger/UI/AMLoggerBodyDetailView.swift (in target 'AMLogger' from project 'AMLogger')
cd /Users/admin/builder/spi-builder-workspace/.swiftpm/xcode
SwiftEmitModule normal arm64 Emitting\ module\ for\ AMLogger (in target 'AMLogger' from project 'AMLogger')
EmitSwiftModule normal arm64 (in target 'AMLogger' from project 'AMLogger')
cd /Users/admin/builder/spi-builder-workspace/.swiftpm/xcode
SwiftDriverJobDiscovery normal arm64_32 Emitting module for AMLogger (in target 'AMLogger' from project 'AMLogger')
SwiftDriver\ Compilation\ Requirements AMLogger normal arm64_32 com.apple.xcode.tools.swift.compiler (in target 'AMLogger' from project 'AMLogger')
cd /Users/admin/builder/spi-builder-workspace/.swiftpm/xcode
builtin-Swift-Compilation-Requirements -- /Applications/Xcode-26.3.0.app/Contents/Developer/Toolchains/XcodeDefault.xctoolchain/usr/bin/swiftc -module-name AMLogger -Onone -enforce-exclusivity\=checked @/Users/admin/builder/spi-builder-workspace/.derivedData/Build/Intermediates.noindex/AMLogger.build/Debug-watchos/AMLogger.build/Objects-normal/arm64_32/AMLogger.SwiftFileList -DSWIFT_PACKAGE -DDEBUG -DSWIFT_MODULE_RESOURCE_BUNDLE_AVAILABLE -DXcode -plugin-path /Applications/Xcode-26.3.0.app/Contents/Developer/Toolchains/XcodeDefault.xctoolchain/usr/lib/swift/host/plugins/testing -enable-experimental-feature DebugDescriptionMacro -sdk /Applications/Xcode-26.3.0.app/Contents/Developer/Platforms/WatchOS.platform/Developer/SDKs/WatchOS26.2.sdk -target arm64_32-apple-watchos10.0 -g -module-cache-path /Users/admin/builder/spi-builder-workspace/.derivedData/ModuleCache.noindex -Xfrontend -serialize-debugging-options -profile-coverage-mapping -profile-generate -enable-testing -index-store-path /Users/admin/builder/spi-builder-workspace/.derivedData/Index.noindex/DataStore -Xcc -D_LIBCPP_HARDENING_MODE\=_LIBCPP_HARDENING_MODE_DEBUG -swift-version 6 -I /Users/admin/builder/spi-builder-workspace/.derivedData/Build/Products/Debug-watchos -Isystem /Applications/Xcode-26.3.0.app/Contents/Developer/Platforms/WatchOS.platform/Developer/usr/lib -F /Users/admin/builder/spi-builder-workspace/.derivedData/Build/Products/Debug-watchos -F /Applications/Xcode-26.3.0.app/Contents/Developer/Platforms/WatchOS.platform/Developer/Library/Frameworks -F /Applications/Xcode-26.3.0.app/Contents/Developer/Platforms/WatchOS.platform/Developer/SDKs/WatchOS26.2.sdk/Developer/Library/Frameworks -c -j10 -enable-batch-mode -incremental -Xcc -ivfsstatcache -Xcc /Users/admin/builder/spi-builder-workspace/.derivedData/SDKStatCaches.noindex/watchos26.2-23S303-dc75598d0054f22ec865fa860f139d721753b489057de6bda919edfa1c59a62b.sdkstatcache -output-file-map /Users/admin/builder/spi-builder-workspace/.derivedData/Build/Intermediates.noindex/AMLogger.build/Debug-watchos/AMLogger.build/Objects-normal/arm64_32/AMLogger-OutputFileMap.json -use-frontend-parseable-output -save-temps -no-color-diagnostics -explicit-module-build -module-cache-path /Users/admin/builder/spi-builder-workspace/.derivedData/Build/Intermediates.noindex/SwiftExplicitPrecompiledModules -clang-scanner-module-cache-path /Users/admin/builder/spi-builder-workspace/.derivedData/ModuleCache.noindex -sdk-module-cache-path /Users/admin/builder/spi-builder-workspace/.derivedData/ModuleCache.noindex -serialize-diagnostics -emit-dependencies -emit-module -emit-module-path /Users/admin/builder/spi-builder-workspace/.derivedData/Build/Intermediates.noindex/AMLogger.build/Debug-watchos/AMLogger.build/Objects-normal/arm64_32/AMLogger.swiftmodule -validate-clang-modules-once -clang-build-session-file /Users/admin/builder/spi-builder-workspace/.derivedData/ModuleCache.noindex/Session.modulevalidation -package-name spi_builder_workspace -Xcc -I/Users/admin/builder/spi-builder-workspace/.derivedData/Build/Intermediates.noindex/AMLogger.build/Debug-watchos/AMLogger.build/swift-overrides.hmap -emit-const-values -Xfrontend -const-gather-protocols-file -Xfrontend /Users/admin/builder/spi-builder-workspace/.derivedData/Build/Intermediates.noindex/AMLogger.build/Debug-watchos/AMLogger.build/Objects-normal/arm64_32/AMLogger_const_extract_protocols.json -Xcc -I/Users/admin/builder/spi-builder-workspace/.derivedData/Build/Products/Debug-watchos/include -Xcc -I/Users/admin/builder/spi-builder-workspace/.derivedData/Build/Intermediates.noindex/AMLogger.build/Debug-watchos/AMLogger.build/DerivedSources-normal/arm64_32 -Xcc -I/Users/admin/builder/spi-builder-workspace/.derivedData/Build/Intermediates.noindex/AMLogger.build/Debug-watchos/AMLogger.build/DerivedSources/arm64_32 -Xcc -I/Users/admin/builder/spi-builder-workspace/.derivedData/Build/Intermediates.noindex/AMLogger.build/Debug-watchos/AMLogger.build/DerivedSources -Xcc -DSWIFT_PACKAGE -Xcc -DDEBUG\=1 -emit-objc-header -emit-objc-header-path /Users/admin/builder/spi-builder-workspace/.derivedData/Build/Intermediates.noindex/AMLogger.build/Debug-watchos/AMLogger.build/Objects-normal/arm64_32/AMLogger-Swift.h -working-directory /Users/admin/builder/spi-builder-workspace/.swiftpm/xcode -experimental-emit-module-separately -disable-cmo
SwiftDriverJobDiscovery normal arm64_32 Compiling AMLoggerTypes.swift, AMLoggerMigrationPlan.swift (in target 'AMLogger' from project 'AMLogger')
SwiftCompile normal arm64 Compiling\ AMLoggerConsoleView.swift,\ AMLoggerDetailView.swift /Users/admin/builder/spi-builder-workspace/Sources/AMLogger/UI/AMLoggerConsoleView.swift /Users/admin/builder/spi-builder-workspace/Sources/AMLogger/UI/AMLoggerDetailView.swift (in target 'AMLogger' from project 'AMLogger')
Failed frontend command:
/Applications/Xcode-26.3.0.app/Contents/Developer/Toolchains/XcodeDefault.xctoolchain/usr/bin/swift-frontend -frontend -c /Users/admin/builder/spi-builder-workspace/.derivedData/Build/Intermediates.noindex/AMLogger.build/Debug-watchos/AMLogger.build/DerivedSources/resource_bundle_accessor.swift /Users/admin/builder/spi-builder-workspace/Sources/AMLogger/AMLogger.swift /Users/admin/builder/spi-builder-workspace/Sources/AMLogger/Core/AMLogger+Metadata.swift /Users/admin/builder/spi-builder-workspace/Sources/AMLogger/Core/AMLoggerStore.swift /Users/admin/builder/spi-builder-workspace/Sources/AMLogger/Core/AMLoggerTypes.swift /Users/admin/builder/spi-builder-workspace/Sources/AMLogger/SwiftData/AMLoggerMigrationPlan.swift /Users/admin/builder/spi-builder-workspace/Sources/AMLogger/SwiftData/AMLoggerSchema.swift /Users/admin/builder/spi-builder-workspace/Sources/AMLogger/UI/AMLoggerBodyDetailView.swift -primary-file /Users/admin/builder/spi-builder-workspace/Sources/AMLogger/UI/AMLoggerConsoleView.swift -primary-file /Users/admin/builder/spi-builder-workspace/Sources/AMLogger/UI/AMLoggerDetailView.swift /Users/admin/builder/spi-builder-workspace/Sources/AMLogger/UI/AMLoggerFilteredListView.swift /Users/admin/builder/spi-builder-workspace/Sources/AMLogger/UI/AMLoggerFiltersView.swift /Users/admin/builder/spi-builder-workspace/Sources/AMLogger/UI/AMLoggerHelpers.swift /Users/admin/builder/spi-builder-workspace/Sources/AMLogger/UI/AMLoggerLevelUI.swift /Users/admin/builder/spi-builder-workspace/Sources/AMLogger/UI/AMLoggerListView.swift /Users/admin/builder/spi-builder-workspace/Sources/AMLogger/UI/AMLoggerSessionPickerView.swift /Users/admin/builder/spi-builder-workspace/Sources/AMLogger/UI/AMLoggerSessionsListView.swift /Users/admin/builder/spi-builder-workspace/Sources/AMLogger/UI/AMLoggerStoreDetailsView.swift -emit-dependencies-path /Users/admin/builder/spi-builder-workspace/.derivedData/Build/Intermediates.noindex/AMLogger.build/Debug-watchos/AMLogger.build/Objects-normal/arm64/AMLoggerConsoleView.d -emit-const-values-path /Users/admin/builder/spi-builder-workspace/.derivedData/Build/Intermediates.noindex/AMLogger.build/Debug-watchos/AMLogger.build/Objects-normal/arm64/AMLoggerConsoleView.swiftconstvalues -emit-reference-dependencies-path /Users/admin/builder/spi-builder-workspace/.derivedData/Build/Intermediates.noindex/AMLogger.build/Debug-watchos/AMLogger.build/Objects-normal/arm64/AMLoggerConsoleView.swiftdeps -serialize-diagnostics-path /Users/admin/builder/spi-builder-workspace/.derivedData/Build/Intermediates.noindex/AMLogger.build/Debug-watchos/AMLogger.build/Objects-normal/arm64/AMLoggerConsoleView.dia -emit-dependencies-path /Users/admin/builder/spi-builder-workspace/.derivedData/Build/Intermediates.noindex/AMLogger.build/Debug-watchos/AMLogger.build/Objects-normal/arm64/AMLoggerDetailView.d -emit-const-values-path /Users/admin/builder/spi-builder-workspace/.derivedData/Build/Intermediates.noindex/AMLogger.build/Debug-watchos/AMLogger.build/Objects-normal/arm64/AMLoggerDetailView.swiftconstvalues -emit-reference-dependencies-path /Users/admin/builder/spi-builder-workspace/.derivedData/Build/Intermediates.noindex/AMLogger.build/Debug-watchos/AMLogger.build/Objects-normal/arm64/AMLoggerDetailView.swiftdeps -serialize-diagnostics-path /Users/admin/builder/spi-builder-workspace/.derivedData/Build/Intermediates.noindex/AMLogger.build/Debug-watchos/AMLogger.build/Objects-normal/arm64/AMLoggerDetailView.dia -target arm64-apple-watchos10.0 -disable-cross-import-overlay-search -swift-module-cross-import SwiftData /Applications/Xcode-26.3.0.app/Contents/Developer/Platforms/WatchOS.platform/Developer/SDKs/WatchOS26.2.sdk/System/Library/Frameworks/SwiftData.framework/Modules/SwiftData.swiftcrossimport/CoreData.swiftoverlay -swift-module-cross-import SwiftData /Applications/Xcode-26.3.0.app/Contents/Developer/Platforms/WatchOS.platform/Developer/SDKs/WatchOS26.2.sdk/System/Library/Frameworks/SwiftData.framework/Modules/SwiftData.swiftcrossimport/SwiftUI.swiftoverlay -load-resolved-plugin /Applications/Xcode-26.3.0.app/Contents/Developer/Platforms/WatchOS.platform/Developer/usr/lib/swift/host/plugins/libFoundationMacros.dylib\#/Applications/Xcode-26.3.0.app/Contents/Developer/Platforms/WatchOS.platform/Developer/usr/bin/swift-plugin-server\#FoundationMacros -load-resolved-plugin /Applications/Xcode-26.3.0.app/Contents/Developer/Platforms/WatchOS.platform/Developer/usr/lib/swift/host/plugins/libObservationMacros.dylib\#/Applications/Xcode-26.3.0.app/Contents/Developer/Platforms/WatchOS.platform/Developer/usr/bin/swift-plugin-server\#ObservationMacros -load-resolved-plugin /Applications/Xcode-26.3.0.app/Contents/Developer/Platforms/WatchOS.platform/Developer/usr/lib/swift/host/plugins/libPreviewsMacros.dylib\#/Applications/Xcode-26.3.0.app/Contents/Developer/Platforms/WatchOS.platform/Developer/usr/bin/swift-plugin-server\#PreviewsMacros -load-resolved-plugin /Applications/Xcode-26.3.0.app/Contents/Developer/Platforms/WatchOS.platform/Developer/usr/lib/swift/host/plugins/libSwiftDataMacros.dylib\#/Applications/Xcode-26.3.0.app/Contents/Developer/Platforms/WatchOS.platform/Developer/usr/bin/swift-plugin-server\#SwiftDataMacros -load-resolved-plugin /Applications/Xcode-26.3.0.app/Contents/Developer/Platforms/WatchOS.platform/Developer/usr/lib/swift/host/plugins/libSwiftMacros.dylib\#/Applications/Xcode-26.3.0.app/Contents/Developer/Platforms/WatchOS.platform/Developer/usr/bin/swift-plugin-server\#SwiftMacros -load-resolved-plugin /Applications/Xcode-26.3.0.app/Contents/Developer/Platforms/WatchOS.platform/Developer/usr/lib/swift/host/plugins/libSwiftUIMacros.dylib\#/Applications/Xcode-26.3.0.app/Contents/Developer/Platforms/WatchOS.platform/Developer/usr/bin/swift-plugin-server\#SwiftUIMacros -disable-implicit-swift-modules -Xcc -fno-implicit-modules -Xcc -fno-implicit-module-maps -explicit-swift-module-map-file /Users/admin/builder/spi-builder-workspace/.derivedData/Build/Intermediates.noindex/AMLogger.build/Debug-watchos/AMLogger.build/Objects-normal/arm64/AMLogger-dependencies-1.json -Xllvm -aarch64-use-tbi -enable-objc-interop -stack-check -sdk /Applications/Xcode-26.3.0.app/Contents/Developer/Platforms/WatchOS.platform/Developer/SDKs/WatchOS26.2.sdk -I /Users/admin/builder/spi-builder-workspace/.derivedData/Build/Products/Debug-watchos -Isystem /Applications/Xcode-26.3.0.app/Contents/Developer/Platforms/WatchOS.platform/Developer/usr/lib -F /Users/admin/builder/spi-builder-workspace/.derivedData/Build/Products/Debug-watchos -F /Applications/Xcode-26.3.0.app/Contents/Developer/Platforms/WatchOS.platform/Developer/Library/Frameworks -F /Applications/Xcode-26.3.0.app/Contents/Developer/Platforms/WatchOS.platform/Developer/SDKs/WatchOS26.2.sdk/Developer/Library/Frameworks -no-color-diagnostics -Xcc -fno-color-diagnostics -enable-testing -g -debug-info-format\=dwarf -dwarf-version\=4 -module-cache-path /Users/admin/builder/spi-builder-workspace/.derivedData/Build/Intermediates.noindex/SwiftExplicitPrecompiledModules -profile-generate -profile-coverage-mapping -swift-version 6 -enforce-exclusivity\=checked -Onone -D SWIFT_PACKAGE -D DEBUG -D SWIFT_MODULE_RESOURCE_BUNDLE_AVAILABLE -D Xcode -serialize-debugging-options -const-gather-protocols-file /Users/admin/builder/spi-builder-workspace/.derivedData/Build/Intermediates.noindex/AMLogger.build/Debug-watchos/AMLogger.build/Objects-normal/arm64/AMLogger_const_extract_protocols.json -enable-experimental-feature DebugDescriptionMacro -empty-abi-descriptor -validate-clang-modules-once -clang-build-session-file /Users/admin/builder/spi-builder-workspace/.derivedData/ModuleCache.noindex/Session.modulevalidation -Xcc -working-directory -Xcc /Users/admin/builder/spi-builder-workspace/.swiftpm/xcode -enable-anonymous-context-mangled-names -file-compilation-dir /Users/admin/builder/spi-builder-workspace/.swiftpm/xcode -Xcc -D_LIBCPP_HARDENING_MODE\=_LIBCPP_HARDENING_MODE_DEBUG -Xcc -ivfsstatcache -Xcc /Users/admin/builder/spi-builder-workspace/.derivedData/SDKStatCaches.noindex/watchos26.2-23S303-dc75598d0054f22ec865fa860f139d721753b489057de6bda919edfa1c59a62b.sdkstatcache -Xcc -I/Users/admin/builder/spi-builder-workspace/.derivedData/Build/Intermediates.noindex/AMLogger.build/Debug-watchos/AMLogger.build/swift-overrides.hmap -Xcc -I/Users/admin/builder/spi-builder-workspace/.derivedData/Build/Products/Debug-watchos/include -Xcc -I/Users/admin/builder/spi-builder-workspace/.derivedData/Build/Intermediates.noindex/AMLogger.build/Debug-watchos/AMLogger.build/DerivedSources-normal/arm64 -Xcc -I/Users/admin/builder/spi-builder-workspace/.derivedData/Build/Intermediates.noindex/AMLogger.build/Debug-watchos/AMLogger.build/DerivedSources/arm64 -Xcc -I/Users/admin/builder/spi-builder-workspace/.derivedData/Build/Intermediates.noindex/AMLogger.build/Debug-watchos/AMLogger.build/DerivedSources -Xcc -DSWIFT_PACKAGE -Xcc -DDEBUG\=1 -no-auto-bridging-header-chaining -module-name AMLogger -package-name spi_builder_workspace -frontend-parseable-output -disable-clang-spi -target-sdk-version 26.2 -target-sdk-name watchos26.2 -clang-target arm64-apple-watchos26.2 -in-process-plugin-server-path /Applications/Xcode-26.3.0.app/Contents/Developer/Toolchains/XcodeDefault.xctoolchain/usr/lib/swift/host/libSwiftInProcPluginServer.dylib -o /Users/admin/builder/spi-builder-workspace/.derivedData/Build/Intermediates.noindex/AMLogger.build/Debug-watchos/AMLogger.build/Objects-normal/arm64/AMLoggerConsoleView.o -o /Users/admin/builder/spi-builder-workspace/.derivedData/Build/Intermediates.noindex/AMLogger.build/Debug-watchos/AMLogger.build/Objects-normal/arm64/AMLoggerDetailView.o -index-unit-output-path /AMLogger.build/Debug-watchos/AMLogger.build/Objects-normal/arm64/AMLoggerConsoleView.o -index-unit-output-path /AMLogger.build/Debug-watchos/AMLogger.build/Objects-normal/arm64/AMLoggerDetailView.o -index-store-path /Users/admin/builder/spi-builder-workspace/.derivedData/Index.noindex/DataStore -index-system-modules
SwiftCompile normal arm64 /Users/admin/builder/spi-builder-workspace/Sources/AMLogger/UI/AMLoggerConsoleView.swift (in target 'AMLogger' from project 'AMLogger')
cd /Users/admin/builder/spi-builder-workspace/.swiftpm/xcode
/Users/admin/builder/spi-builder-workspace/Sources/AMLogger/UI/AMLoggerConsoleView.swift:114:17: error: 'Menu' is unavailable in watchOS
Menu {
^~~~
SwiftUI.Menu:3:15: note: 'Menu' has been explicitly marked unavailable here
public struct Menu<Label, Content> : View where Label : View, Content : View {
^
/Users/admin/builder/spi-builder-workspace/Sources/AMLogger/UI/AMLoggerConsoleView.swift:114:17: error: 'init(content:label:)' is unavailable in watchOS
Menu {
^~~~
SwiftUI.Menu.init:2:20: note: 'init(content:label:)' has been explicitly marked unavailable here
nonisolated public init(@ViewBuilder content: () -> Content, @ViewBuilder label: () -> Label)}
^
/Users/admin/builder/spi-builder-workspace/Sources/AMLogger/UI/AMLoggerConsoleView.swift:116:21: error: 'Menu' is unavailable in watchOS
Menu("Sort") {
^~~~
SwiftUI.Menu:3:15: note: 'Menu' has been explicitly marked unavailable here
public struct Menu<Label, Content> : View where Label : View, Content : View {
^
/Users/admin/builder/spi-builder-workspace/Sources/AMLogger/UI/AMLoggerConsoleView.swift:116:21: error: 'init(_:content:)' is unavailable in watchOS
Menu("Sort") {
^~~~
SwiftUI.Menu.init:2:20: note: 'init(_:content:)' has been explicitly marked unavailable here
nonisolated public init(_ titleKey: LocalizedStringKey, @ViewBuilder content: () -> Content) where Label == Text}
^
SwiftCompile normal arm64 /Users/admin/builder/spi-builder-workspace/Sources/AMLogger/UI/AMLoggerDetailView.swift (in target 'AMLogger' from project 'AMLogger')
cd /Users/admin/builder/spi-builder-workspace/.swiftpm/xcode
/Users/admin/builder/spi-builder-workspace/Sources/AMLogger/UI/AMLoggerDetailView.swift:110:26: error: 'textSelection' is unavailable in watchOS
.textSelection(.enabled)
^~~~~~~~~~~~~
SwiftUI.View.textSelection:2:25: note: 'textSelection' has been explicitly marked unavailable here
nonisolated public func textSelection<S>(_ selectability: S) -> some View where S : TextSelectability
^
/Users/admin/builder/spi-builder-workspace/Sources/AMLogger/UI/AMLoggerDetailView.swift:110:41: error: 'enabled' is unavailable in watchOS
.textSelection(.enabled)
^~~~~~~
SwiftUI.TextSelectability.enabled:2:19: note: 'enabled' has been explicitly marked unavailable here
public static var enabled: EnabledTextSelectability { get }}
^
/Users/admin/builder/spi-builder-workspace/Sources/AMLogger/UI/AMLoggerDetailView.swift:154:22: error: 'textSelection' is unavailable in watchOS
.textSelection(.enabled)
^~~~~~~~~~~~~
SwiftUI.View.textSelection:2:25: note: 'textSelection' has been explicitly marked unavailable here
nonisolated public func textSelection<S>(_ selectability: S) -> some View where S : TextSelectability
^
/Users/admin/builder/spi-builder-workspace/Sources/AMLogger/UI/AMLoggerDetailView.swift:154:37: error: 'enabled' is unavailable in watchOS
.textSelection(.enabled)
^~~~~~~
SwiftUI.TextSelectability.enabled:2:19: note: 'enabled' has been explicitly marked unavailable here
public static var enabled: EnabledTextSelectability { get }}
^
/Users/admin/builder/spi-builder-workspace/Sources/AMLogger/UI/AMLoggerDetailView.swift:159:22: error: 'textSelection' is unavailable in watchOS
.textSelection(.enabled)
^~~~~~~~~~~~~
SwiftUI.View.textSelection:2:25: note: 'textSelection' has been explicitly marked unavailable here
nonisolated public func textSelection<S>(_ selectability: S) -> some View where S : TextSelectability
^
/Users/admin/builder/spi-builder-workspace/Sources/AMLogger/UI/AMLoggerDetailView.swift:159:37: error: 'enabled' is unavailable in watchOS
.textSelection(.enabled)
^~~~~~~
SwiftUI.TextSelectability.enabled:2:19: note: 'enabled' has been explicitly marked unavailable here
public static var enabled: EnabledTextSelectability { get }}
^
/Users/admin/builder/spi-builder-workspace/Sources/AMLogger/UI/AMLoggerDetailView.swift:178:18: error: 'textSelection' is unavailable in watchOS
.textSelection(.enabled)
^~~~~~~~~~~~~
SwiftUI.View.textSelection:2:25: note: 'textSelection' has been explicitly marked unavailable here
nonisolated public func textSelection<S>(_ selectability: S) -> some View where S : TextSelectability
^
/Users/admin/builder/spi-builder-workspace/Sources/AMLogger/UI/AMLoggerDetailView.swift:178:33: error: 'enabled' is unavailable in watchOS
.textSelection(.enabled)
^~~~~~~
SwiftUI.TextSelectability.enabled:2:19: note: 'enabled' has been explicitly marked unavailable here
public static var enabled: EnabledTextSelectability { get }}
^
/Users/admin/builder/spi-builder-workspace/Sources/AMLogger/UI/AMLoggerDetailView.swift:197:18: error: 'textSelection' is unavailable in watchOS
.textSelection(.enabled)
^~~~~~~~~~~~~
SwiftUI.View.textSelection:2:25: note: 'textSelection' has been explicitly marked unavailable here
nonisolated public func textSelection<S>(_ selectability: S) -> some View where S : TextSelectability
^
/Users/admin/builder/spi-builder-workspace/Sources/AMLogger/UI/AMLoggerDetailView.swift:197:33: error: 'enabled' is unavailable in watchOS
.textSelection(.enabled)
^~~~~~~
SwiftUI.TextSelectability.enabled:2:19: note: 'enabled' has been explicitly marked unavailable here
public static var enabled: EnabledTextSelectability { get }}
^
SwiftMergeGeneratedHeaders /Users/admin/builder/spi-builder-workspace/.derivedData/Build/Intermediates.noindex/GeneratedModuleMaps-watchos/AMLogger-Swift.h /Users/admin/builder/spi-builder-workspace/.derivedData/Build/Intermediates.noindex/AMLogger.build/Debug-watchos/AMLogger.build/Objects-normal/arm64/AMLogger-Swift.h /Users/admin/builder/spi-builder-workspace/.derivedData/Build/Intermediates.noindex/AMLogger.build/Debug-watchos/AMLogger.build/Objects-normal/arm64_32/AMLogger-Swift.h (in target 'AMLogger' from project 'AMLogger')
cd /Users/admin/builder/spi-builder-workspace
builtin-swiftHeaderTool -arch arm64 /Users/admin/builder/spi-builder-workspace/.derivedData/Build/Intermediates.noindex/AMLogger.build/Debug-watchos/AMLogger.build/Objects-normal/arm64/AMLogger-Swift.h -arch arm64_32 /Users/admin/builder/spi-builder-workspace/.derivedData/Build/Intermediates.noindex/AMLogger.build/Debug-watchos/AMLogger.build/Objects-normal/arm64_32/AMLogger-Swift.h -o /Users/admin/builder/spi-builder-workspace/.derivedData/Build/Intermediates.noindex/GeneratedModuleMaps-watchos/AMLogger-Swift.h
Copy /Users/admin/builder/spi-builder-workspace/.derivedData/Build/Products/Debug-watchos/AMLogger.swiftmodule/arm64_32-apple-watchos.swiftmodule /Users/admin/builder/spi-builder-workspace/.derivedData/Build/Intermediates.noindex/AMLogger.build/Debug-watchos/AMLogger.build/Objects-normal/arm64_32/AMLogger.swiftmodule (in target 'AMLogger' from project 'AMLogger')
cd /Users/admin/builder/spi-builder-workspace
builtin-copy -exclude .DS_Store -exclude CVS -exclude .svn -exclude .git -exclude .hg -resolve-src-symlinks -rename /Users/admin/builder/spi-builder-workspace/.derivedData/Build/Intermediates.noindex/AMLogger.build/Debug-watchos/AMLogger.build/Objects-normal/arm64_32/AMLogger.swiftmodule /Users/admin/builder/spi-builder-workspace/.derivedData/Build/Products/Debug-watchos/AMLogger.swiftmodule/arm64_32-apple-watchos.swiftmodule
Copy /Users/admin/builder/spi-builder-workspace/.derivedData/Build/Products/Debug-watchos/AMLogger.swiftmodule/arm64_32-apple-watchos.swiftdoc /Users/admin/builder/spi-builder-workspace/.derivedData/Build/Intermediates.noindex/AMLogger.build/Debug-watchos/AMLogger.build/Objects-normal/arm64_32/AMLogger.swiftdoc (in target 'AMLogger' from project 'AMLogger')
cd /Users/admin/builder/spi-builder-workspace
builtin-copy -exclude .DS_Store -exclude CVS -exclude .svn -exclude .git -exclude .hg -resolve-src-symlinks -rename /Users/admin/builder/spi-builder-workspace/.derivedData/Build/Intermediates.noindex/AMLogger.build/Debug-watchos/AMLogger.build/Objects-normal/arm64_32/AMLogger.swiftdoc /Users/admin/builder/spi-builder-workspace/.derivedData/Build/Products/Debug-watchos/AMLogger.swiftmodule/arm64_32-apple-watchos.swiftdoc
Copy /Users/admin/builder/spi-builder-workspace/.derivedData/Build/Products/Debug-watchos/AMLogger.swiftmodule/arm64_32-apple-watchos.abi.json /Users/admin/builder/spi-builder-workspace/.derivedData/Build/Intermediates.noindex/AMLogger.build/Debug-watchos/AMLogger.build/Objects-normal/arm64_32/AMLogger.abi.json (in target 'AMLogger' from project 'AMLogger')
cd /Users/admin/builder/spi-builder-workspace
builtin-copy -exclude .DS_Store -exclude CVS -exclude .svn -exclude .git -exclude .hg -resolve-src-symlinks -rename /Users/admin/builder/spi-builder-workspace/.derivedData/Build/Intermediates.noindex/AMLogger.build/Debug-watchos/AMLogger.build/Objects-normal/arm64_32/AMLogger.abi.json /Users/admin/builder/spi-builder-workspace/.derivedData/Build/Products/Debug-watchos/AMLogger.swiftmodule/arm64_32-apple-watchos.abi.json
Copy /Users/admin/builder/spi-builder-workspace/.derivedData/Build/Products/Debug-watchos/AMLogger.swiftmodule/Project/arm64_32-apple-watchos.swiftsourceinfo /Users/admin/builder/spi-builder-workspace/.derivedData/Build/Intermediates.noindex/AMLogger.build/Debug-watchos/AMLogger.build/Objects-normal/arm64_32/AMLogger.swiftsourceinfo (in target 'AMLogger' from project 'AMLogger')
cd /Users/admin/builder/spi-builder-workspace
builtin-copy -exclude .DS_Store -exclude CVS -exclude .svn -exclude .git -exclude .hg -resolve-src-symlinks -rename /Users/admin/builder/spi-builder-workspace/.derivedData/Build/Intermediates.noindex/AMLogger.build/Debug-watchos/AMLogger.build/Objects-normal/arm64_32/AMLogger.swiftsourceinfo /Users/admin/builder/spi-builder-workspace/.derivedData/Build/Products/Debug-watchos/AMLogger.swiftmodule/Project/arm64_32-apple-watchos.swiftsourceinfo
SwiftCompile normal arm64 Compiling\ AMLoggerLevelUI.swift /Users/admin/builder/spi-builder-workspace/Sources/AMLogger/UI/AMLoggerLevelUI.swift (in target 'AMLogger' from project 'AMLogger')
SwiftCompile normal arm64 /Users/admin/builder/spi-builder-workspace/Sources/AMLogger/UI/AMLoggerLevelUI.swift (in target 'AMLogger' from project 'AMLogger')
cd /Users/admin/builder/spi-builder-workspace/.swiftpm/xcode
SwiftCompile normal arm64 Compiling\ AMLoggerSchema.swift,\ AMLoggerBodyDetailView.swift /Users/admin/builder/spi-builder-workspace/Sources/AMLogger/SwiftData/AMLoggerSchema.swift /Users/admin/builder/spi-builder-workspace/Sources/AMLogger/UI/AMLoggerBodyDetailView.swift (in target 'AMLogger' from project 'AMLogger')
SwiftCompile normal arm64 /Users/admin/builder/spi-builder-workspace/Sources/AMLogger/SwiftData/AMLoggerSchema.swift (in target 'AMLogger' from project 'AMLogger')
cd /Users/admin/builder/spi-builder-workspace/.swiftpm/xcode
SwiftCompile normal arm64 /Users/admin/builder/spi-builder-workspace/Sources/AMLogger/UI/AMLoggerBodyDetailView.swift (in target 'AMLogger' from project 'AMLogger')
cd /Users/admin/builder/spi-builder-workspace/.swiftpm/xcode
SwiftDriverJobDiscovery normal arm64_32 Compiling resource_bundle_accessor.swift, AMLogger.swift (in target 'AMLogger' from project 'AMLogger')
SwiftCompile normal arm64 Compiling\ AMLoggerStoreDetailsView.swift /Users/admin/builder/spi-builder-workspace/Sources/AMLogger/UI/AMLoggerStoreDetailsView.swift (in target 'AMLogger' from project 'AMLogger')
SwiftCompile normal arm64 /Users/admin/builder/spi-builder-workspace/Sources/AMLogger/UI/AMLoggerStoreDetailsView.swift (in target 'AMLogger' from project 'AMLogger')
cd /Users/admin/builder/spi-builder-workspace/.swiftpm/xcode
SwiftDriverJobDiscovery normal arm64 Compiling AMLoggerLevelUI.swift (in target 'AMLogger' from project 'AMLogger')
SwiftCompile normal arm64 Compiling\ AMLoggerStore.swift /Users/admin/builder/spi-builder-workspace/Sources/AMLogger/Core/AMLoggerStore.swift (in target 'AMLogger' from project 'AMLogger')
2026-07-23 20:26:19.586 xcodebuild[841:4953] [MT] IDERunDestination: Supported platforms for the buildables in the current scheme is empty.
** BUILD FAILED **
The following build commands failed:
SwiftCompile normal arm64 Compiling\ AMLoggerConsoleView.swift,\ AMLoggerDetailView.swift /Users/admin/builder/spi-builder-workspace/Sources/AMLogger/UI/AMLoggerConsoleView.swift /Users/admin/builder/spi-builder-workspace/Sources/AMLogger/UI/AMLoggerDetailView.swift (in target 'AMLogger' from project 'AMLogger')
SwiftCompile normal arm64 /Users/admin/builder/spi-builder-workspace/Sources/AMLogger/UI/AMLoggerConsoleView.swift (in target 'AMLogger' from project 'AMLogger')
SwiftCompile normal arm64 /Users/admin/builder/spi-builder-workspace/Sources/AMLogger/UI/AMLoggerDetailView.swift (in target 'AMLogger' from project 'AMLogger')
Building workspace spi-builder-workspace with scheme AMLogger
(4 failures)
BUILD FAILURE 6.2 watchOS