The Swift Package Index logo.Swift Package Index

Build Information

Failed to build CircularReveal, reference 1.0.1 (b460f7), with Swift 6.4 for macOS (SPM) on 20 Sep 2026 01:54:09 UTC.

Build Command

env DEVELOPER_DIR=/Applications/Xcode-27.0.0-Release.Candidate.app xcrun swift build --arch arm64

Build Log

========================================
RunAll
========================================
Builder version: 5.1.0
Interrupt handler set up.
========================================
Checkout
========================================
Clone URL: https://github.com/terlan98/CircularReveal.git
Reference: 1.0.1
Initialized empty Git repository in /Users/admin/builder/spi-builder-workspace/.git/
From https://github.com/terlan98/CircularReveal
 * tag               1.0.1      -> FETCH_HEAD
HEAD is now at b460f70 Merge pull request #1 from terlan98/documentation/add-gif
Cloned https://github.com/terlan98/CircularReveal.git
Revision (git rev-parse @):
b460f7010d7e7353c99a6b2606c487bf76fe2d5c
SUCCESS checkout https://github.com/terlan98/CircularReveal.git at 1.0.1
========================================
Build
========================================
Selected platform:         macosSpm
Swift version:             6.4
Building package at path:  $PWD
https://github.com/terlan98/CircularReveal.git
Running build ...
env DEVELOPER_DIR=/Applications/Xcode-27.0.0-Release.Candidate.app xcrun swift build --arch arm64
Building for debugging...
[Planning deferred tasks]
[19 / 28]
[20 / 29] CircularReveal
[30 / 99]
[33 / 99]
[41 / 99]
[43 / 99]
[44 / 99]
[49 / 99]
[51 / 99]
[53 / 99]
[56 / 99]
[61 / 99]
[64 / 99]
[66 / 99]
[67 / 99]
[77 / 99]
[79 / 99]
[80 / 99]
[83 / 99]
[85 / 99]
[90 / 99] CircularReveal
error: SwiftCompile normal arm64 failed with a nonzero exit code. Command line:     cd /Users/admin/builder

/Users/admin/builder/spi-builder-workspace/Sources/CircularReveal/CircularAnimationMask.swift:11:39: error: cannot find 'UIScreen' in scope
 9 |
10 | fileprivate let minCircleSideLength = 50.0
11 | fileprivate let maxCircleSideLength = UIScreen.main.bounds.height * 2.25
   |                                       `- error: cannot find 'UIScreen' in scope
12 | fileprivate let initialViewToRevealOpacity = 0.2
13 |
/Users/admin/builder/spi-builder-workspace/Sources/CircularReveal/ClearBackgroundView.swift:12:42: error: cannot find type 'UIView' in scope
10 | /// Intended for clearing the background of a fullScreenCover
11 | struct ClearBackgroundView: UIViewRepresentable {
12 |     func makeUIView(context: Context) -> UIView {
   |                                          `- error: cannot find type 'UIView' in scope
13 |         return InnerView()
14 |     }
/Users/admin/builder/spi-builder-workspace/Sources/CircularReveal/ClearBackgroundView.swift:12:30: error: cannot find type 'Context' in scope
10 | /// Intended for clearing the background of a fullScreenCover
11 | struct ClearBackgroundView: UIViewRepresentable {
12 |     func makeUIView(context: Context) -> UIView {
   |                              `- error: cannot find type 'Context' in scope
13 |         return InnerView()
14 |     }
/Users/admin/builder/spi-builder-workspace/Sources/CircularReveal/ClearBackgroundView.swift:16:33: error: cannot find type 'UIView' in scope
14 |     }
15 |
16 |     func updateUIView(_ uiView: UIView, context: Context) {}
   |                                 `- error: cannot find type 'UIView' in scope
17 |
18 |     private class InnerView: UIView {
/Users/admin/builder/spi-builder-workspace/Sources/CircularReveal/ClearBackgroundView.swift:16:50: error: cannot find type 'Context' in scope
14 |     }
15 |
16 |     func updateUIView(_ uiView: UIView, context: Context) {}
   |                                                  `- error: cannot find type 'Context' in scope
17 |
18 |     private class InnerView: UIView {
/Users/admin/builder/spi-builder-workspace/Sources/CircularReveal/ClearBackgroundView.swift:18:30: error: cannot find type 'UIView' in scope
16 |     func updateUIView(_ uiView: UIView, context: Context) {}
17 |
18 |     private class InnerView: UIView {
   |                              `- error: cannot find type 'UIView' in scope
19 |         override func didMoveToWindow() {
20 |             super.didMoveToWindow()
/Users/admin/builder/spi-builder-workspace/Sources/CircularReveal/ClearBackgroundView.swift:19:23: error: method does not override any method from its superclass
17 |
18 |     private class InnerView: UIView {
19 |         override func didMoveToWindow() {
   |                       `- error: method does not override any method from its superclass
20 |             super.didMoveToWindow()
21 |
/Users/admin/builder/spi-builder-workspace/Sources/CircularReveal/ClearBackgroundView.swift:11:29: error: cannot find type 'UIViewRepresentable' in scope
 9 |
10 | /// Intended for clearing the background of a fullScreenCover
11 | struct ClearBackgroundView: UIViewRepresentable {
   |                             `- error: cannot find type 'UIViewRepresentable' in scope
12 |     func makeUIView(context: Context) -> UIView {
13 |         return InnerView()
Failed frontend command:
/Applications/Xcode-27.0.0-Release.Candidate.app/Contents/Developer/Toolchains/XcodeDefault.xctoolchain/usr/bin/swift-frontend -frontend -emit-module -experimental-skip-non-inlinable-function-bodies-without-types /Users/admin/builder/spi-builder-workspace/Sources/CircularReveal/CircularAnimationMask.swift /Users/admin/builder/spi-builder-workspace/Sources/CircularReveal/CircularReveal.swift /Users/admin/builder/spi-builder-workspace/Sources/CircularReveal/ClearBackgroundView.swift -target arm64-apple-macos12.0 -disable-cross-import-overlay-search -load-resolved-plugin /Applications/Xcode-27.0.0-Release.Candidate.app/Contents/Developer/Platforms/MacOSX.platform/Developer/usr/lib/swift/host/plugins/libFoundationMacros.dylib\#/Applications/Xcode-27.0.0-Release.Candidate.app/Contents/Developer/Platforms/MacOSX.platform/Developer/usr/bin/swift-plugin-server\#FoundationMacros -load-resolved-plugin /Applications/Xcode-27.0.0-Release.Candidate.app/Contents/Developer/Platforms/MacOSX.platform/Developer/usr/lib/swift/host/plugins/libObservationMacros.dylib\#/Applications/Xcode-27.0.0-Release.Candidate.app/Contents/Developer/Platforms/MacOSX.platform/Developer/usr/bin/swift-plugin-server\#ObservationMacros -load-resolved-plugin /Applications/Xcode-27.0.0-Release.Candidate.app/Contents/Developer/Platforms/MacOSX.platform/Developer/usr/lib/swift/host/plugins/libPreviewsMacros.dylib\#/Applications/Xcode-27.0.0-Release.Candidate.app/Contents/Developer/Platforms/MacOSX.platform/Developer/usr/bin/swift-plugin-server\#PreviewsMacros -load-resolved-plugin /Applications/Xcode-27.0.0-Release.Candidate.app/Contents/Developer/Platforms/MacOSX.platform/Developer/usr/lib/swift/host/plugins/libSwiftMacros.dylib\#/Applications/Xcode-27.0.0-Release.Candidate.app/Contents/Developer/Platforms/MacOSX.platform/Developer/usr/bin/swift-plugin-server\#SwiftMacros -load-resolved-plugin /Applications/Xcode-27.0.0-Release.Candidate.app/Contents/Developer/Platforms/MacOSX.platform/Developer/usr/lib/swift/host/plugins/libSwiftUIMacros.dylib\#/Applications/Xcode-27.0.0-Release.Candidate.app/Contents/Developer/Platforms/MacOSX.platform/Developer/usr/bin/swift-plugin-server\#SwiftUIMacros -disable-implicit-swift-modules -Xcc -fno-implicit-modules -Xcc -fno-implicit-module-maps -explicit-swift-module-map-file /Users/admin/builder/spi-builder-workspace/.build/out/Intermediates.noindex/CircularReveal.build/Debug/CircularReveal-t.build/Objects-normal/arm64/CircularReveal-dependencies-1.json -Xllvm -aarch64-use-tbi -enable-objc-interop -stack-check -sdk /Applications/Xcode-27.0.0-Release.Candidate.app/Contents/Developer/Platforms/MacOSX.platform/Developer/SDKs/MacOSX27.0.sdk -I /Users/admin/builder/spi-builder-workspace/.build/out/Products/Debug -Isystem /Applications/Xcode-27.0.0-Release.Candidate.app/Contents/Developer/Platforms/MacOSX.platform/Developer/usr/lib -F /Users/admin/builder/spi-builder-workspace/.build/out/Products/Debug -F /Applications/Xcode-27.0.0-Release.Candidate.app/Contents/Developer/Platforms/MacOSX.platform/Developer/Library/Frameworks -module-cache-path /Users/admin/builder/spi-builder-workspace/.build/out/Intermediates.noindex/SwiftExplicitPrecompiledModules -color-diagnostics -Xcc -fcolor-diagnostics -enable-testing -g -debug-info-format\=dwarf -dwarf-version\=4 -swift-version 5 -Onone -D SWIFT_PACKAGE -D DEBUG -D SWIFT_MODULE_RESOURCE_BUNDLE_UNAVAILABLE -D Xcode -serialize-debugging-options -enable-experimental-feature DebugDescriptionMacro -empty-abi-descriptor -validate-clang-modules-once -clang-build-session-file /Users/admin/builder/spi-builder-workspace/.build/out/ModuleCache.noindex/Session.modulevalidation -Xcc -working-directory -Xcc /Users/admin/builder -enable-anonymous-context-mangled-names -file-compilation-dir /Users/admin/builder -Xcc -D_LIBCPP_HARDENING_MODE\=_LIBCPP_HARDENING_MODE_DEBUG -Xcc -ivfsstatcache -Xcc /Users/admin/builder/spi-builder-workspace/.build/out/SDKStatCaches.noindex/macosx27.0-26A425-80c5bbf1d171475443272936d42f90a36a22442a12e9d48fe1a705f55a1adfc4.sdkstatcache -Xcc -fmodules-prune-interval\=86400 -Xcc -fmodules-prune-after\=345600 -Xcc -I/Users/admin/builder/spi-builder-workspace/.build/out/Products/Debug/include -Xcc -I/Users/admin/builder/spi-builder-workspace/.build/out/Intermediates.noindex/CircularReveal.build/Debug/CircularReveal-t.build/DerivedSources-normal/arm64 -Xcc -I/Users/admin/builder/spi-builder-workspace/.build/out/Intermediates.noindex/CircularReveal.build/Debug/CircularReveal-t.build/DerivedSources/arm64 -Xcc -I/Users/admin/builder/spi-builder-workspace/.build/out/Intermediates.noindex/CircularReveal.build/Debug/CircularReveal-t.build/DerivedSources -Xcc -DSWIFT_PACKAGE -Xcc -DDEBUG\=1 -no-auto-bridging-header-chaining -module-name CircularReveal -package-name spi_builder_workspace -const-gather-protocols-file /Users/admin/builder/spi-builder-workspace/.build/out/Intermediates.noindex/CircularReveal.build/Debug/CircularReveal-t.build/Objects-normal/arm64/CircularReveal_const_extract_protocols.json -disable-clang-spi -clang-target arm64-apple-macos27.0 -target-sdk-version 27.0 -target-sdk-name macosx27.0 -in-process-plugin-server-path /Applications/Xcode-27.0.0-Release.Candidate.app/Contents/Developer/Toolchains/XcodeDefault.xctoolchain/usr/lib/swift/host/libSwiftInProcPluginServer.dylib -emit-module-doc-path /Users/admin/builder/spi-builder-workspace/.build/out/Intermediates.noindex/CircularReveal.build/Debug/CircularReveal-t.build/Objects-normal/arm64/CircularReveal.swiftdoc -emit-module-source-info-path /Users/admin/builder/spi-builder-workspace/.build/out/Intermediates.noindex/CircularReveal.build/Debug/CircularReveal-t.build/Objects-normal/arm64/CircularReveal.swiftsourceinfo -emit-objc-header-path /Users/admin/builder/spi-builder-workspace/.build/out/Intermediates.noindex/CircularReveal.build/Debug/CircularReveal-t.build/Objects-normal/arm64/CircularReveal-Swift.h -serialize-diagnostics-path /Users/admin/builder/spi-builder-workspace/.build/out/Intermediates.noindex/CircularReveal.build/Debug/CircularReveal-t.build/Objects-normal/arm64/CircularReveal-primary-emit-module.dia -emit-dependencies-path /Users/admin/builder/spi-builder-workspace/.build/out/Intermediates.noindex/CircularReveal.build/Debug/CircularReveal-t.build/Objects-normal/arm64/CircularReveal-primary-emit-module.d -parse-as-library -o /Users/admin/builder/spi-builder-workspace/.build/out/Intermediates.noindex/CircularReveal.build/Debug/CircularReveal-t.build/Objects-normal/arm64/CircularReveal.swiftmodule -emit-abi-descriptor-path /Users/admin/builder/spi-builder-workspace/.build/out/Intermediates.noindex/CircularReveal.build/Debug/CircularReveal-t.build/Objects-normal/arm64/CircularReveal.abi.json
error: Build failed
BUILD FAILURE 6.4 macosSpm