The Swift Package Index logo.Swift Package Index

Build Information

Failed to build OpenInTerminalButton, reference main (94749c), with Swift 6.4 for watchOS using Xcode 27.0 on 20 Sep 2026 12:30:54 UTC.

Build Command

env DEVELOPER_DIR=/Applications/Xcode-27.0.0-Release.Candidate.app xcrun xcodebuild -IDEClonedSourcePackagesDirPathOverride=$PWD/.dependencies -skipMacroValidation -skipPackagePluginValidation -derivedDataPath $PWD/.derivedData build -scheme OpenInTerminalButton -destination generic/platform=watchOS

Build Log

========================================
RunAll
========================================
Builder version: 5.1.0
Interrupt handler set up.
========================================
Checkout
========================================
Clone URL: https://github.com/kukushechkin/OpenInTerminalButton.git
Reference: main
Initialized empty Git repository in /Users/admin/builder/spi-builder-workspace/.git/
From https://github.com/kukushechkin/OpenInTerminalButton
 * branch            main       -> FETCH_HEAD
 * [new branch]      main       -> origin/main
HEAD is now at 94749c4 make openInTerminal async
Cloned https://github.com/kukushechkin/OpenInTerminalButton.git
Revision (git rev-parse @):
94749c449223529844d593904645c509b377057d
SUCCESS checkout https://github.com/kukushechkin/OpenInTerminalButton.git at main
========================================
Build
========================================
Selected platform:         watchOS
Swift version:             6.4
Building package at path:  $PWD
https://github.com/kukushechkin/OpenInTerminalButton.git
Command line invocation:
    /Applications/Xcode-27.0.0-Release.Candidate.app/Contents/Developer/usr/bin/xcodebuild -IDEClonedSourcePackagesDirPathOverride=/Users/admin/builder/spi-builder-workspace/.dependencies -resolvePackageDependencies
Resolve Package Graph
Resolve Package Graph
Resolved source packages:
  OpenInTerminalButton: /Users/admin/builder/spi-builder-workspace
resolved source packages: OpenInTerminalButton
2026-09-20 08:30:10.975 xcodebuild[524:3034] [MT] IDERunDestination: Supported platforms for the buildables in the current scheme is empty.
{
  "dependencies" : [
  ],
  "manifest_display_name" : "OpenInTerminalButton",
  "name" : "OpenInTerminalButton",
  "path" : "/Users/admin/builder/spi-builder-workspace",
  "platforms" : [
    {
      "name" : "macos",
      "version" : "11.0"
    }
  ],
  "products" : [
    {
      "name" : "OpenInTerminalButton",
      "targets" : [
        "OpenInTerminalButton"
      ],
      "type" : {
        "library" : [
          "automatic"
        ]
      }
    }
  ],
  "targets" : [
    {
      "c99name" : "OpenInTerminalButtonTests",
      "module_type" : "SwiftTarget",
      "name" : "OpenInTerminalButtonTests",
      "path" : "Tests/OpenInTerminalButtonTests",
      "sources" : [
        "NSAppleScriptMock.swift",
        "NSWorkspaceMock.swift",
        "OpenInTerminalButtonTests.swift"
      ],
      "target_dependencies" : [
        "OpenInTerminalButton"
      ],
      "type" : "test"
    },
    {
      "c99name" : "OpenInTerminalButton",
      "module_type" : "SwiftTarget",
      "name" : "OpenInTerminalButton",
      "path" : "Sources/OpenInTerminalButton",
      "product_memberships" : [
        "OpenInTerminalButton"
      ],
      "sources" : [
        "Apple scripts/TerminalScript.swift",
        "Apple scripts/iTerm2Script.swift",
        "Buttons/BorderlessButton.swift",
        "Buttons/OpenInTerminalButton.swift",
        "OpenInTerminal.swift"
      ],
      "type" : "library"
    }
  ],
  "tools_version" : "5.7.1"
}
{
  "workspace" : {
    "name" : "OpenInTerminalButton",
    "schemes" : [
      "OpenInTerminalButton"
    ]
  }
}
2026-09-20 08:30:46.406 xcodebuild[623:3914] [MT] IDERunDestination: Supported platforms for the buildables in the current scheme is empty.
Running build ...
env DEVELOPER_DIR=/Applications/Xcode-27.0.0-Release.Candidate.app xcrun xcodebuild -IDEClonedSourcePackagesDirPathOverride=$PWD/.dependencies -skipMacroValidation -skipPackagePluginValidation -derivedDataPath $PWD/.derivedData build -scheme OpenInTerminalButton -destination generic/platform=watchOS
Command line invocation:
    /Applications/Xcode-27.0.0-Release.Candidate.app/Contents/Developer/usr/bin/xcodebuild -IDEClonedSourcePackagesDirPathOverride=/Users/admin/builder/spi-builder-workspace/.dependencies -skipMacroValidation -skipPackagePluginValidation -derivedDataPath /Users/admin/builder/spi-builder-workspace/.derivedData build -scheme OpenInTerminalButton -destination generic/platform=watchOS
Resolve Package Graph
Resolved source packages:
  OpenInTerminalButton: /Users/admin/builder/spi-builder-workspace
ComputePackagePrebuildTargetDependencyGraph
Prepare packages
CreateBuildRequest
SendProjectDescription
CreateBuildOperation
ComputeTargetDependencyGraph
note: Building targets in dependency order
note: Target dependency graph (2 targets)
    Target 'OpenInTerminalButton-product' in project 'OpenInTerminalButton'
        ➜ Explicit dependency on target 'OpenInTerminalButton' in project 'OpenInTerminalButton'
    Target 'OpenInTerminalButton' in project 'OpenInTerminalButton' (no dependencies)
GatherProvisioningInputs
CreateBuildDescription
ExecuteExternalTool /Applications/Xcode-27.0.0-Release.Candidate.app/Contents/Developer/Toolchains/XcodeDefault.xctoolchain/usr/bin/clang -v -E -dM -isysroot /Applications/Xcode-27.0.0-Release.Candidate.app/Contents/Developer/Platforms/WatchOS.platform/Developer/SDKs/WatchOS27.0.sdk -x c -c /dev/null
ExecuteExternalTool /Applications/Xcode-27.0.0-Release.Candidate.app/Contents/Developer/Toolchains/XcodeDefault.xctoolchain/usr/bin/swiftc --version
ExecuteExternalTool /Applications/Xcode-27.0.0-Release.Candidate.app/Contents/Developer/Toolchains/XcodeDefault.xctoolchain/usr/bin/ld -version_details
Build description signature: e749fe7ceb8eceffb128ca32a596c220
Build description path: /Users/admin/builder/spi-builder-workspace/.derivedData/Build/Intermediates.noindex/XCBuildData/e749fe7ceb8eceffb128ca32a596c220.xcbuilddata
CreateBuildDirectory /Users/admin/builder/spi-builder-workspace/.derivedData/SDKExplicitPrecompiledModules
    cd /Users/admin/builder/spi-builder-workspace/.swiftpm/xcode
    builtin-create-build-directory /Users/admin/builder/spi-builder-workspace/.derivedData/SDKExplicitPrecompiledModules
CreateBuildDirectory /Users/admin/builder/spi-builder-workspace/.derivedData/ModuleCache.noindex
    cd /Users/admin/builder/spi-builder-workspace/.swiftpm/xcode
    builtin-create-build-directory /Users/admin/builder/spi-builder-workspace/.derivedData/ModuleCache.noindex
CreateBuildDirectory /Users/admin/builder/spi-builder-workspace/.derivedData/CompilationCache.noindex
    cd /Users/admin/builder/spi-builder-workspace/.swiftpm/xcode
    builtin-create-build-directory /Users/admin/builder/spi-builder-workspace/.derivedData/CompilationCache.noindex
CreateBuildDirectory /Users/admin/builder/spi-builder-workspace/.derivedData/Build/Products
    cd /Users/admin/builder/spi-builder-workspace/.swiftpm/xcode
    builtin-create-build-directory /Users/admin/builder/spi-builder-workspace/.derivedData/Build/Products
CreateBuildDirectory /Users/admin/builder/spi-builder-workspace/.derivedData/Build/Intermediates.noindex
    cd /Users/admin/builder/spi-builder-workspace/.swiftpm/xcode
    builtin-create-build-directory /Users/admin/builder/spi-builder-workspace/.derivedData/Build/Intermediates.noindex
ClangStatCache /Applications/Xcode-27.0.0-Release.Candidate.app/Contents/Developer/Toolchains/XcodeDefault.xctoolchain/usr/bin/clang-stat-cache /Applications/Xcode-27.0.0-Release.Candidate.app/Contents/Developer/Platforms/WatchOS.platform/Developer/SDKs/WatchOS27.0.sdk /Users/admin/builder/spi-builder-workspace/.derivedData/SDKStatCaches.noindex/watchos27.0-24R360-e829b21a6f8c9b70876ba0858053c04477534ef55a1706bf4c1112bbb242f0a2.sdkstatcache
    cd /Users/admin/builder/spi-builder-workspace/.swiftpm/xcode
    /Applications/Xcode-27.0.0-Release.Candidate.app/Contents/Developer/Toolchains/XcodeDefault.xctoolchain/usr/bin/clang-stat-cache /Applications/Xcode-27.0.0-Release.Candidate.app/Contents/Developer/Platforms/WatchOS.platform/Developer/SDKs/WatchOS27.0.sdk -o /Users/admin/builder/spi-builder-workspace/.derivedData/SDKStatCaches.noindex/watchos27.0-24R360-e829b21a6f8c9b70876ba0858053c04477534ef55a1706bf4c1112bbb242f0a2.sdkstatcache
CreateBuildDirectory /Users/admin/builder/spi-builder-workspace/.derivedData/Build/Intermediates.noindex/SwiftExplicitPrecompiledModules
    cd /Users/admin/builder/spi-builder-workspace/.swiftpm/xcode
    builtin-create-build-directory /Users/admin/builder/spi-builder-workspace/.derivedData/Build/Intermediates.noindex/SwiftExplicitPrecompiledModules
CreateBuildDirectory /Users/admin/builder/spi-builder-workspace/.derivedData/Build/Intermediates.noindex/PrecompiledHeaders
    cd /Users/admin/builder/spi-builder-workspace/.swiftpm/xcode
    builtin-create-build-directory /Users/admin/builder/spi-builder-workspace/.derivedData/Build/Intermediates.noindex/PrecompiledHeaders
CreateBuildDirectory /Users/admin/builder/spi-builder-workspace/.derivedData/Build/Intermediates.noindex/ExplicitPrecompiledModules
    cd /Users/admin/builder/spi-builder-workspace/.swiftpm/xcode
    builtin-create-build-directory /Users/admin/builder/spi-builder-workspace/.derivedData/Build/Intermediates.noindex/ExplicitPrecompiledModules
CreateBuildDirectory /Users/admin/builder/spi-builder-workspace/.derivedData/Build/Intermediates.noindex/EagerLinkingTBDs/Debug-watchos
    cd /Users/admin/builder/spi-builder-workspace/.swiftpm/xcode
    builtin-create-build-directory /Users/admin/builder/spi-builder-workspace/.derivedData/Build/Intermediates.noindex/EagerLinkingTBDs/Debug-watchos
CreateBuildDirectory /Users/admin/builder/spi-builder-workspace/.derivedData/Build/Products/Debug-watchos
    cd /Users/admin/builder/spi-builder-workspace/.swiftpm/xcode
    builtin-create-build-directory /Users/admin/builder/spi-builder-workspace/.derivedData/Build/Products/Debug-watchos
CreateBuildDirectory /Users/admin/builder/spi-builder-workspace/.derivedData/Build/Products/Debug-watchos/PackageFrameworks
    cd /Users/admin/builder/spi-builder-workspace/.swiftpm/xcode
    builtin-create-build-directory /Users/admin/builder/spi-builder-workspace/.derivedData/Build/Products/Debug-watchos/PackageFrameworks
WriteAuxiliaryFile /Users/admin/builder/spi-builder-workspace/.derivedData/Build/Intermediates.noindex/OpenInTerminalButton.build/Debug-watchos/OpenInTerminalButton-t.build/OpenInTerminalButton.DependencyStaticMetadataFileList (in target 'OpenInTerminalButton' from project 'OpenInTerminalButton')
    cd /Users/admin/builder/spi-builder-workspace
    write-file /Users/admin/builder/spi-builder-workspace/.derivedData/Build/Intermediates.noindex/OpenInTerminalButton.build/Debug-watchos/OpenInTerminalButton-t.build/OpenInTerminalButton.DependencyStaticMetadataFileList
WriteAuxiliaryFile /Users/admin/builder/spi-builder-workspace/.derivedData/Build/Intermediates.noindex/OpenInTerminalButton.build/Debug-watchos/OpenInTerminalButton-t.build/OpenInTerminalButton.modulemap (in target 'OpenInTerminalButton' from project 'OpenInTerminalButton')
    cd /Users/admin/builder/spi-builder-workspace
    write-file /Users/admin/builder/spi-builder-workspace/.derivedData/Build/Intermediates.noindex/OpenInTerminalButton.build/Debug-watchos/OpenInTerminalButton-t.build/OpenInTerminalButton.modulemap
WriteAuxiliaryFile /Users/admin/builder/spi-builder-workspace/.derivedData/Build/Intermediates.noindex/OpenInTerminalButton.build/Debug-watchos/OpenInTerminalButton-t.build/OpenInTerminalButton.DependencyMetadataFileList (in target 'OpenInTerminalButton' from project 'OpenInTerminalButton')
    cd /Users/admin/builder/spi-builder-workspace
    write-file /Users/admin/builder/spi-builder-workspace/.derivedData/Build/Intermediates.noindex/OpenInTerminalButton.build/Debug-watchos/OpenInTerminalButton-t.build/OpenInTerminalButton.DependencyMetadataFileList
WriteAuxiliaryFile /Users/admin/builder/spi-builder-workspace/.derivedData/Build/Intermediates.noindex/OpenInTerminalButton.build/Debug-watchos/OpenInTerminalButton-t.build/Objects-normal/arm64_32/OpenInTerminalButton-OutputFileMap.json (in target 'OpenInTerminalButton' from project 'OpenInTerminalButton')
    cd /Users/admin/builder/spi-builder-workspace
    write-file /Users/admin/builder/spi-builder-workspace/.derivedData/Build/Intermediates.noindex/OpenInTerminalButton.build/Debug-watchos/OpenInTerminalButton-t.build/Objects-normal/arm64_32/OpenInTerminalButton-OutputFileMap.json
WriteAuxiliaryFile /Users/admin/builder/spi-builder-workspace/.derivedData/Build/Intermediates.noindex/OpenInTerminalButton.build/Debug-watchos/OpenInTerminalButton-t.build/Objects-normal/arm64_32/OpenInTerminalButton.SwiftConstValuesFileList (in target 'OpenInTerminalButton' from project 'OpenInTerminalButton')
    cd /Users/admin/builder/spi-builder-workspace
    write-file /Users/admin/builder/spi-builder-workspace/.derivedData/Build/Intermediates.noindex/OpenInTerminalButton.build/Debug-watchos/OpenInTerminalButton-t.build/Objects-normal/arm64_32/OpenInTerminalButton.SwiftConstValuesFileList
WriteAuxiliaryFile /Users/admin/builder/spi-builder-workspace/.derivedData/Build/Intermediates.noindex/OpenInTerminalButton.build/Debug-watchos/OpenInTerminalButton-t.build/Objects-normal/arm64_32/OpenInTerminalButton_const_extract_protocols.json (in target 'OpenInTerminalButton' from project 'OpenInTerminalButton')
    cd /Users/admin/builder/spi-builder-workspace
    write-file /Users/admin/builder/spi-builder-workspace/.derivedData/Build/Intermediates.noindex/OpenInTerminalButton.build/Debug-watchos/OpenInTerminalButton-t.build/Objects-normal/arm64_32/OpenInTerminalButton_const_extract_protocols.json
WriteAuxiliaryFile /Users/admin/builder/spi-builder-workspace/.derivedData/Build/Intermediates.noindex/OpenInTerminalButton.build/Debug-watchos/OpenInTerminalButton-t.build/Objects-normal/arm64_32/OpenInTerminalButton.LinkFileList (in target 'OpenInTerminalButton' from project 'OpenInTerminalButton')
    cd /Users/admin/builder/spi-builder-workspace
    write-file /Users/admin/builder/spi-builder-workspace/.derivedData/Build/Intermediates.noindex/OpenInTerminalButton.build/Debug-watchos/OpenInTerminalButton-t.build/Objects-normal/arm64_32/OpenInTerminalButton.LinkFileList
WriteAuxiliaryFile /Users/admin/builder/spi-builder-workspace/.derivedData/Build/Intermediates.noindex/OpenInTerminalButton.build/Debug-watchos/OpenInTerminalButton-t.build/Objects-normal/arm64_32/OpenInTerminalButton.SwiftFileList (in target 'OpenInTerminalButton' from project 'OpenInTerminalButton')
    cd /Users/admin/builder/spi-builder-workspace
    write-file /Users/admin/builder/spi-builder-workspace/.derivedData/Build/Intermediates.noindex/OpenInTerminalButton.build/Debug-watchos/OpenInTerminalButton-t.build/Objects-normal/arm64_32/OpenInTerminalButton.SwiftFileList
WriteAuxiliaryFile /Users/admin/builder/spi-builder-workspace/.derivedData/Build/Intermediates.noindex/OpenInTerminalButton.build/Debug-watchos/OpenInTerminalButton-t.build/Objects-normal/arm64/OpenInTerminalButton_const_extract_protocols.json (in target 'OpenInTerminalButton' from project 'OpenInTerminalButton')
    cd /Users/admin/builder/spi-builder-workspace
    write-file /Users/admin/builder/spi-builder-workspace/.derivedData/Build/Intermediates.noindex/OpenInTerminalButton.build/Debug-watchos/OpenInTerminalButton-t.build/Objects-normal/arm64/OpenInTerminalButton_const_extract_protocols.json
WriteAuxiliaryFile /Users/admin/builder/spi-builder-workspace/.derivedData/Build/Intermediates.noindex/OpenInTerminalButton.build/Debug-watchos/OpenInTerminalButton-t.build/Objects-normal/arm64/OpenInTerminalButton.SwiftFileList (in target 'OpenInTerminalButton' from project 'OpenInTerminalButton')
    cd /Users/admin/builder/spi-builder-workspace
    write-file /Users/admin/builder/spi-builder-workspace/.derivedData/Build/Intermediates.noindex/OpenInTerminalButton.build/Debug-watchos/OpenInTerminalButton-t.build/Objects-normal/arm64/OpenInTerminalButton.SwiftFileList
WriteAuxiliaryFile /Users/admin/builder/spi-builder-workspace/.derivedData/Build/Intermediates.noindex/OpenInTerminalButton.build/Debug-watchos/OpenInTerminalButton-t.build/Objects-normal/arm64/OpenInTerminalButton.SwiftConstValuesFileList (in target 'OpenInTerminalButton' from project 'OpenInTerminalButton')
    cd /Users/admin/builder/spi-builder-workspace
    write-file /Users/admin/builder/spi-builder-workspace/.derivedData/Build/Intermediates.noindex/OpenInTerminalButton.build/Debug-watchos/OpenInTerminalButton-t.build/Objects-normal/arm64/OpenInTerminalButton.SwiftConstValuesFileList
WriteAuxiliaryFile /Users/admin/builder/spi-builder-workspace/.derivedData/Build/Intermediates.noindex/OpenInTerminalButton.build/Debug-watchos/OpenInTerminalButton-t.build/Objects-normal/arm64/OpenInTerminalButton.LinkFileList (in target 'OpenInTerminalButton' from project 'OpenInTerminalButton')
    cd /Users/admin/builder/spi-builder-workspace
    write-file /Users/admin/builder/spi-builder-workspace/.derivedData/Build/Intermediates.noindex/OpenInTerminalButton.build/Debug-watchos/OpenInTerminalButton-t.build/Objects-normal/arm64/OpenInTerminalButton.LinkFileList
WriteAuxiliaryFile /Users/admin/builder/spi-builder-workspace/.derivedData/Build/Intermediates.noindex/OpenInTerminalButton.build/Debug-watchos/OpenInTerminalButton-t.build/Objects-normal/arm64/OpenInTerminalButton-OutputFileMap.json (in target 'OpenInTerminalButton' from project 'OpenInTerminalButton')
    cd /Users/admin/builder/spi-builder-workspace
    write-file /Users/admin/builder/spi-builder-workspace/.derivedData/Build/Intermediates.noindex/OpenInTerminalButton.build/Debug-watchos/OpenInTerminalButton-t.build/Objects-normal/arm64/OpenInTerminalButton-OutputFileMap.json
Copy /Users/admin/builder/spi-builder-workspace/.derivedData/Build/Intermediates.noindex/GeneratedModuleMaps-watchos/OpenInTerminalButton.modulemap /Users/admin/builder/spi-builder-workspace/.derivedData/Build/Intermediates.noindex/OpenInTerminalButton.build/Debug-watchos/OpenInTerminalButton-t.build/OpenInTerminalButton.modulemap (in target 'OpenInTerminalButton' from project 'OpenInTerminalButton')
    cd /Users/admin/builder/spi-builder-workspace
    builtin-copy -exclude .DS_Store -exclude CVS -exclude .svn -exclude .git -exclude .hg -resolve-src-symlinks /Users/admin/builder/spi-builder-workspace/.derivedData/Build/Intermediates.noindex/OpenInTerminalButton.build/Debug-watchos/OpenInTerminalButton-t.build/OpenInTerminalButton.modulemap /Users/admin/builder/spi-builder-workspace/.derivedData/Build/Intermediates.noindex/GeneratedModuleMaps-watchos
SwiftDriver OpenInTerminalButton normal arm64_32 com.apple.xcode.tools.swift.compiler (in target 'OpenInTerminalButton' from project 'OpenInTerminalButton')
    cd /Users/admin/builder/spi-builder-workspace/.swiftpm/xcode
    builtin-SwiftDriver -- /Applications/Xcode-27.0.0-Release.Candidate.app/Contents/Developer/Toolchains/XcodeDefault.xctoolchain/usr/bin/swiftc -parse-as-library -module-name OpenInTerminalButton -Onone @/Users/admin/builder/spi-builder-workspace/.derivedData/Build/Intermediates.noindex/OpenInTerminalButton.build/Debug-watchos/OpenInTerminalButton-t.build/Objects-normal/arm64_32/OpenInTerminalButton.SwiftFileList -DSWIFT_PACKAGE -DDEBUG -DSWIFT_MODULE_RESOURCE_BUNDLE_UNAVAILABLE -DXcode -plugin-path /Applications/Xcode-27.0.0-Release.Candidate.app/Contents/Developer/Toolchains/XcodeDefault.xctoolchain/usr/lib/swift/host/plugins/testing -enable-experimental-feature DebugDescriptionMacro -sdk /Applications/Xcode-27.0.0-Release.Candidate.app/Contents/Developer/Platforms/WatchOS.platform/Developer/SDKs/WatchOS27.0.sdk -target arm64_32-apple-watchos9.0 -g -module-cache-path /Users/admin/builder/spi-builder-workspace/.derivedData/ModuleCache.noindex -Xfrontend -serialize-debugging-options -profile-coverage-mapping -profile-generate -enable-testing -index-store-path /Users/admin/builder/spi-builder-workspace/.derivedData/Index.noindex/DataStore -Xcc -D_LIBCPP_HARDENING_MODE\=_LIBCPP_HARDENING_MODE_DEBUG -swift-version 5 -I /Users/admin/builder/spi-builder-workspace/.derivedData/Build/Products/Debug-watchos -Isystem /Applications/Xcode-27.0.0-Release.Candidate.app/Contents/Developer/Platforms/WatchOS.platform/Developer/usr/lib -F /Users/admin/builder/spi-builder-workspace/.derivedData/Build/Products/Debug-watchos -F /Applications/Xcode-27.0.0-Release.Candidate.app/Contents/Developer/Platforms/WatchOS.platform/Developer/Library/Frameworks -F /Applications/Xcode-27.0.0-Release.Candidate.app/Contents/Developer/Platforms/WatchOS.platform/Developer/SDKs/WatchOS27.0.sdk/Developer/Library/Frameworks -c -j10 -enable-batch-mode -incremental -Xcc -ivfsstatcache -Xcc /Users/admin/builder/spi-builder-workspace/.derivedData/SDKStatCaches.noindex/watchos27.0-24R360-e829b21a6f8c9b70876ba0858053c04477534ef55a1706bf4c1112bbb242f0a2.sdkstatcache -output-file-map /Users/admin/builder/spi-builder-workspace/.derivedData/Build/Intermediates.noindex/OpenInTerminalButton.build/Debug-watchos/OpenInTerminalButton-t.build/Objects-normal/arm64_32/OpenInTerminalButton-OutputFileMap.json -save-temps -no-color-diagnostics -explicit-module-build -module-cache-path /Users/admin/builder/spi-builder-workspace/.derivedData/Build/Intermediates.noindex/SwiftExplicitPrecompiledModules -clang-scanner-module-cache-path /Users/admin/builder/spi-builder-workspace/.derivedData/ModuleCache.noindex -sdk-module-cache-path /Users/admin/builder/spi-builder-workspace/.derivedData/SDKExplicitPrecompiledModules -emit-dependencies -emit-module -emit-module-path /Users/admin/builder/spi-builder-workspace/.derivedData/Build/Intermediates.noindex/OpenInTerminalButton.build/Debug-watchos/OpenInTerminalButton-t.build/Objects-normal/arm64_32/OpenInTerminalButton.swiftmodule -serialize-diagnostics -dependency-scan-serialize-diagnostics-path /Users/admin/builder/spi-builder-workspace/.derivedData/Build/Intermediates.noindex/OpenInTerminalButton.build/Debug-watchos/OpenInTerminalButton-t.build/Objects-normal/arm64_32/OpenInTerminalButton-dependency-scan.dia -validate-clang-modules-once -clang-build-session-file /Users/admin/builder/spi-builder-workspace/.derivedData/ModuleCache.noindex/Session.modulevalidation -Xcc -fmodules-prune-interval\=86400 -Xcc -fmodules-prune-after\=345600 -emit-const-values -const-gather-protocols-list /Users/admin/builder/spi-builder-workspace/.derivedData/Build/Intermediates.noindex/OpenInTerminalButton.build/Debug-watchos/OpenInTerminalButton-t.build/Objects-normal/arm64_32/OpenInTerminalButton_const_extract_protocols.json -Xcc -I/Users/admin/builder/spi-builder-workspace/.derivedData/Build/Products/Debug-watchos/include -Xcc -I/Users/admin/builder/spi-builder-workspace/.derivedData/Build/Intermediates.noindex/OpenInTerminalButton.build/Debug-watchos/OpenInTerminalButton-t.build/DerivedSources-normal/arm64_32 -Xcc -I/Users/admin/builder/spi-builder-workspace/.derivedData/Build/Intermediates.noindex/OpenInTerminalButton.build/Debug-watchos/OpenInTerminalButton-t.build/DerivedSources/arm64_32 -Xcc -I/Users/admin/builder/spi-builder-workspace/.derivedData/Build/Intermediates.noindex/OpenInTerminalButton.build/Debug-watchos/OpenInTerminalButton-t.build/DerivedSources -Xcc -DSWIFT_PACKAGE -Xcc -DDEBUG\=1 -emit-objc-header -emit-objc-header-path /Users/admin/builder/spi-builder-workspace/.derivedData/Build/Intermediates.noindex/OpenInTerminalButton.build/Debug-watchos/OpenInTerminalButton-t.build/Objects-normal/arm64_32/OpenInTerminalButton-Swift.h -working-directory /Users/admin/builder/spi-builder-workspace/.swiftpm/xcode -experimental-emit-module-separately -disable-cmo
/Users/admin/builder/spi-builder-workspace/Sources/OpenInTerminalButton/OpenInTerminal.swift:8:8: error: Unable to resolve module dependency: 'AppKit' (in target 'OpenInTerminalButton' from project 'OpenInTerminalButton')
    note: A dependency of main module 'OpenInTerminalButton'
/Users/admin/builder/spi-builder-workspace/Sources/OpenInTerminalButton/OpenInTerminal.swift:8:8: note: A dependency of main module 'OpenInTerminalButton'
import AppKit
       ^ (in target 'OpenInTerminalButton' from project 'OpenInTerminalButton')
SwiftDriver OpenInTerminalButton normal arm64 com.apple.xcode.tools.swift.compiler (in target 'OpenInTerminalButton' from project 'OpenInTerminalButton')
    cd /Users/admin/builder/spi-builder-workspace/.swiftpm/xcode
    builtin-SwiftDriver -- /Applications/Xcode-27.0.0-Release.Candidate.app/Contents/Developer/Toolchains/XcodeDefault.xctoolchain/usr/bin/swiftc -parse-as-library -module-name OpenInTerminalButton -Onone @/Users/admin/builder/spi-builder-workspace/.derivedData/Build/Intermediates.noindex/OpenInTerminalButton.build/Debug-watchos/OpenInTerminalButton-t.build/Objects-normal/arm64/OpenInTerminalButton.SwiftFileList -DSWIFT_PACKAGE -DDEBUG -DSWIFT_MODULE_RESOURCE_BUNDLE_UNAVAILABLE -DXcode -plugin-path /Applications/Xcode-27.0.0-Release.Candidate.app/Contents/Developer/Toolchains/XcodeDefault.xctoolchain/usr/lib/swift/host/plugins/testing -enable-experimental-feature DebugDescriptionMacro -sdk /Applications/Xcode-27.0.0-Release.Candidate.app/Contents/Developer/Platforms/WatchOS.platform/Developer/SDKs/WatchOS27.0.sdk -target arm64-apple-watchos9.0 -g -module-cache-path /Users/admin/builder/spi-builder-workspace/.derivedData/ModuleCache.noindex -Xfrontend -serialize-debugging-options -profile-coverage-mapping -profile-generate -enable-testing -index-store-path /Users/admin/builder/spi-builder-workspace/.derivedData/Index.noindex/DataStore -Xcc -D_LIBCPP_HARDENING_MODE\=_LIBCPP_HARDENING_MODE_DEBUG -swift-version 5 -I /Users/admin/builder/spi-builder-workspace/.derivedData/Build/Products/Debug-watchos -Isystem /Applications/Xcode-27.0.0-Release.Candidate.app/Contents/Developer/Platforms/WatchOS.platform/Developer/usr/lib -F /Users/admin/builder/spi-builder-workspace/.derivedData/Build/Products/Debug-watchos -F /Applications/Xcode-27.0.0-Release.Candidate.app/Contents/Developer/Platforms/WatchOS.platform/Developer/Library/Frameworks -F /Applications/Xcode-27.0.0-Release.Candidate.app/Contents/Developer/Platforms/WatchOS.platform/Developer/SDKs/WatchOS27.0.sdk/Developer/Library/Frameworks -c -j10 -enable-batch-mode -incremental -Xcc -ivfsstatcache -Xcc /Users/admin/builder/spi-builder-workspace/.derivedData/SDKStatCaches.noindex/watchos27.0-24R360-e829b21a6f8c9b70876ba0858053c04477534ef55a1706bf4c1112bbb242f0a2.sdkstatcache -output-file-map /Users/admin/builder/spi-builder-workspace/.derivedData/Build/Intermediates.noindex/OpenInTerminalButton.build/Debug-watchos/OpenInTerminalButton-t.build/Objects-normal/arm64/OpenInTerminalButton-OutputFileMap.json -save-temps -no-color-diagnostics -explicit-module-build -module-cache-path /Users/admin/builder/spi-builder-workspace/.derivedData/Build/Intermediates.noindex/SwiftExplicitPrecompiledModules -clang-scanner-module-cache-path /Users/admin/builder/spi-builder-workspace/.derivedData/ModuleCache.noindex -sdk-module-cache-path /Users/admin/builder/spi-builder-workspace/.derivedData/SDKExplicitPrecompiledModules -emit-dependencies -emit-module -emit-module-path /Users/admin/builder/spi-builder-workspace/.derivedData/Build/Intermediates.noindex/OpenInTerminalButton.build/Debug-watchos/OpenInTerminalButton-t.build/Objects-normal/arm64/OpenInTerminalButton.swiftmodule -serialize-diagnostics -dependency-scan-serialize-diagnostics-path /Users/admin/builder/spi-builder-workspace/.derivedData/Build/Intermediates.noindex/OpenInTerminalButton.build/Debug-watchos/OpenInTerminalButton-t.build/Objects-normal/arm64/OpenInTerminalButton-dependency-scan.dia -validate-clang-modules-once -clang-build-session-file /Users/admin/builder/spi-builder-workspace/.derivedData/ModuleCache.noindex/Session.modulevalidation -Xcc -fmodules-prune-interval\=86400 -Xcc -fmodules-prune-after\=345600 -emit-const-values -const-gather-protocols-list /Users/admin/builder/spi-builder-workspace/.derivedData/Build/Intermediates.noindex/OpenInTerminalButton.build/Debug-watchos/OpenInTerminalButton-t.build/Objects-normal/arm64/OpenInTerminalButton_const_extract_protocols.json -Xcc -I/Users/admin/builder/spi-builder-workspace/.derivedData/Build/Products/Debug-watchos/include -Xcc -I/Users/admin/builder/spi-builder-workspace/.derivedData/Build/Intermediates.noindex/OpenInTerminalButton.build/Debug-watchos/OpenInTerminalButton-t.build/DerivedSources-normal/arm64 -Xcc -I/Users/admin/builder/spi-builder-workspace/.derivedData/Build/Intermediates.noindex/OpenInTerminalButton.build/Debug-watchos/OpenInTerminalButton-t.build/DerivedSources/arm64 -Xcc -I/Users/admin/builder/spi-builder-workspace/.derivedData/Build/Intermediates.noindex/OpenInTerminalButton.build/Debug-watchos/OpenInTerminalButton-t.build/DerivedSources -Xcc -DSWIFT_PACKAGE -Xcc -DDEBUG\=1 -emit-objc-header -emit-objc-header-path /Users/admin/builder/spi-builder-workspace/.derivedData/Build/Intermediates.noindex/OpenInTerminalButton.build/Debug-watchos/OpenInTerminalButton-t.build/Objects-normal/arm64/OpenInTerminalButton-Swift.h -working-directory /Users/admin/builder/spi-builder-workspace/.swiftpm/xcode -experimental-emit-module-separately -disable-cmo
/Users/admin/builder/spi-builder-workspace/Sources/OpenInTerminalButton/OpenInTerminal.swift:8:8: error: Unable to resolve module dependency: 'AppKit' (in target 'OpenInTerminalButton' from project 'OpenInTerminalButton')
    note: A dependency of main module 'OpenInTerminalButton'
/Users/admin/builder/spi-builder-workspace/Sources/OpenInTerminalButton/OpenInTerminal.swift:8:8: note: A dependency of main module 'OpenInTerminalButton'
import AppKit
       ^ (in target 'OpenInTerminalButton' from project 'OpenInTerminalButton')
PruneExplicitPrecompiledModules /Users/admin/builder/spi-builder-workspace/.derivedData/Build/Intermediates.noindex/SwiftExplicitPrecompiledModules
PruneExplicitPrecompiledModules /Users/admin/builder/spi-builder-workspace/.derivedData/SDKExplicitPrecompiledModules
PruneExplicitPrecompiledModules /Users/admin/builder/spi-builder-workspace/.derivedData/Build/Intermediates.noindex/ExplicitPrecompiledModules
2026-09-20 08:30:47.842 xcodebuild[624:3957] [MT] IDERunDestination: Supported platforms for the buildables in the current scheme is empty.
** BUILD FAILED **
The following build commands failed:
	SwiftDriver OpenInTerminalButton normal arm64_32 com.apple.xcode.tools.swift.compiler (in target 'OpenInTerminalButton' from project 'OpenInTerminalButton')
	SwiftDriver OpenInTerminalButton normal arm64 com.apple.xcode.tools.swift.compiler (in target 'OpenInTerminalButton' from project 'OpenInTerminalButton')
	Building workspace OpenInTerminalButton with scheme OpenInTerminalButton
(3 failures)
Command line invocation:
    /Applications/Xcode-27.0.0-Release.Candidate.app/Contents/Developer/usr/bin/xcodebuild -IDEClonedSourcePackagesDirPathOverride=/Users/admin/builder/spi-builder-workspace/.dependencies -resolvePackageDependencies
Resolve Package Graph
Resolved source packages:
  OpenInTerminalButton: /Users/admin/builder/spi-builder-workspace
resolved source packages: OpenInTerminalButton
2026-09-20 08:30:51.101 xcodebuild[639:4213] [MT] IDERunDestination: Supported platforms for the buildables in the current scheme is empty.
{
  "dependencies" : [
  ],
  "manifest_display_name" : "OpenInTerminalButton",
  "name" : "OpenInTerminalButton",
  "path" : "/Users/admin/builder/spi-builder-workspace",
  "platforms" : [
    {
      "name" : "macos",
      "version" : "11.0"
    }
  ],
  "products" : [
    {
      "name" : "OpenInTerminalButton",
      "targets" : [
        "OpenInTerminalButton"
      ],
      "type" : {
        "library" : [
          "automatic"
        ]
      }
    }
  ],
  "targets" : [
    {
      "c99name" : "OpenInTerminalButtonTests",
      "module_type" : "SwiftTarget",
      "name" : "OpenInTerminalButtonTests",
      "path" : "Tests/OpenInTerminalButtonTests",
      "sources" : [
        "NSAppleScriptMock.swift",
        "NSWorkspaceMock.swift",
        "OpenInTerminalButtonTests.swift"
      ],
      "target_dependencies" : [
        "OpenInTerminalButton"
      ],
      "type" : "test"
    },
    {
      "c99name" : "OpenInTerminalButton",
      "module_type" : "SwiftTarget",
      "name" : "OpenInTerminalButton",
      "path" : "Sources/OpenInTerminalButton",
      "product_memberships" : [
        "OpenInTerminalButton"
      ],
      "sources" : [
        "Apple scripts/TerminalScript.swift",
        "Apple scripts/iTerm2Script.swift",
        "Buttons/BorderlessButton.swift",
        "Buttons/OpenInTerminalButton.swift",
        "OpenInTerminal.swift"
      ],
      "type" : "library"
    }
  ],
  "tools_version" : "5.7.1"
}
{
  "workspace" : {
    "name" : "OpenInTerminalButton",
    "schemes" : [
      "OpenInTerminalButton"
    ]
  }
}
2026-09-20 08:30:52.288 xcodebuild[647:4272] [MT] IDERunDestination: Supported platforms for the buildables in the current scheme is empty.
Running build ...
env DEVELOPER_DIR=/Applications/Xcode-27.0.0-Release.Candidate.app xcrun xcodebuild -IDEClonedSourcePackagesDirPathOverride=$PWD/.dependencies -skipMacroValidation -skipPackagePluginValidation -derivedDataPath $PWD/.derivedData build -scheme OpenInTerminalButton -destination generic/platform=watchOS
Command line invocation:
    /Applications/Xcode-27.0.0-Release.Candidate.app/Contents/Developer/usr/bin/xcodebuild -IDEClonedSourcePackagesDirPathOverride=/Users/admin/builder/spi-builder-workspace/.dependencies -skipMacroValidation -skipPackagePluginValidation -derivedDataPath /Users/admin/builder/spi-builder-workspace/.derivedData build -scheme OpenInTerminalButton -destination generic/platform=watchOS
Resolve Package Graph
Resolved source packages:
  OpenInTerminalButton: /Users/admin/builder/spi-builder-workspace
ComputePackagePrebuildTargetDependencyGraph
Prepare packages
CreateBuildRequest
SendProjectDescription
CreateBuildOperation
ComputeTargetDependencyGraph
note: Building targets in dependency order
note: Target dependency graph (2 targets)
    Target 'OpenInTerminalButton-product' in project 'OpenInTerminalButton'
        ➜ Explicit dependency on target 'OpenInTerminalButton' in project 'OpenInTerminalButton'
    Target 'OpenInTerminalButton' in project 'OpenInTerminalButton' (no dependencies)
GatherProvisioningInputs
CreateBuildDescription
ClangStatCache /Applications/Xcode-27.0.0-Release.Candidate.app/Contents/Developer/Toolchains/XcodeDefault.xctoolchain/usr/bin/clang-stat-cache /Applications/Xcode-27.0.0-Release.Candidate.app/Contents/Developer/Platforms/WatchOS.platform/Developer/SDKs/WatchOS27.0.sdk /Users/admin/builder/spi-builder-workspace/.derivedData/SDKStatCaches.noindex/watchos27.0-24R360-e829b21a6f8c9b70876ba0858053c04477534ef55a1706bf4c1112bbb242f0a2.sdkstatcache
    cd /Users/admin/builder/spi-builder-workspace/.swiftpm/xcode
    /Applications/Xcode-27.0.0-Release.Candidate.app/Contents/Developer/Toolchains/XcodeDefault.xctoolchain/usr/bin/clang-stat-cache /Applications/Xcode-27.0.0-Release.Candidate.app/Contents/Developer/Platforms/WatchOS.platform/Developer/SDKs/WatchOS27.0.sdk -o /Users/admin/builder/spi-builder-workspace/.derivedData/SDKStatCaches.noindex/watchos27.0-24R360-e829b21a6f8c9b70876ba0858053c04477534ef55a1706bf4c1112bbb242f0a2.sdkstatcache
SwiftDriver OpenInTerminalButton normal arm64 com.apple.xcode.tools.swift.compiler (in target 'OpenInTerminalButton' from project 'OpenInTerminalButton')
    cd /Users/admin/builder/spi-builder-workspace/.swiftpm/xcode
    builtin-SwiftDriver -- /Applications/Xcode-27.0.0-Release.Candidate.app/Contents/Developer/Toolchains/XcodeDefault.xctoolchain/usr/bin/swiftc -parse-as-library -module-name OpenInTerminalButton -Onone @/Users/admin/builder/spi-builder-workspace/.derivedData/Build/Intermediates.noindex/OpenInTerminalButton.build/Debug-watchos/OpenInTerminalButton-t.build/Objects-normal/arm64/OpenInTerminalButton.SwiftFileList -DSWIFT_PACKAGE -DDEBUG -DSWIFT_MODULE_RESOURCE_BUNDLE_UNAVAILABLE -DXcode -plugin-path /Applications/Xcode-27.0.0-Release.Candidate.app/Contents/Developer/Toolchains/XcodeDefault.xctoolchain/usr/lib/swift/host/plugins/testing -enable-experimental-feature DebugDescriptionMacro -sdk /Applications/Xcode-27.0.0-Release.Candidate.app/Contents/Developer/Platforms/WatchOS.platform/Developer/SDKs/WatchOS27.0.sdk -target arm64-apple-watchos9.0 -g -module-cache-path /Users/admin/builder/spi-builder-workspace/.derivedData/ModuleCache.noindex -Xfrontend -serialize-debugging-options -profile-coverage-mapping -profile-generate -enable-testing -index-store-path /Users/admin/builder/spi-builder-workspace/.derivedData/Index.noindex/DataStore -Xcc -D_LIBCPP_HARDENING_MODE\=_LIBCPP_HARDENING_MODE_DEBUG -swift-version 5 -I /Users/admin/builder/spi-builder-workspace/.derivedData/Build/Products/Debug-watchos -Isystem /Applications/Xcode-27.0.0-Release.Candidate.app/Contents/Developer/Platforms/WatchOS.platform/Developer/usr/lib -F /Users/admin/builder/spi-builder-workspace/.derivedData/Build/Products/Debug-watchos -F /Applications/Xcode-27.0.0-Release.Candidate.app/Contents/Developer/Platforms/WatchOS.platform/Developer/Library/Frameworks -F /Applications/Xcode-27.0.0-Release.Candidate.app/Contents/Developer/Platforms/WatchOS.platform/Developer/SDKs/WatchOS27.0.sdk/Developer/Library/Frameworks -c -j10 -enable-batch-mode -incremental -Xcc -ivfsstatcache -Xcc /Users/admin/builder/spi-builder-workspace/.derivedData/SDKStatCaches.noindex/watchos27.0-24R360-e829b21a6f8c9b70876ba0858053c04477534ef55a1706bf4c1112bbb242f0a2.sdkstatcache -output-file-map /Users/admin/builder/spi-builder-workspace/.derivedData/Build/Intermediates.noindex/OpenInTerminalButton.build/Debug-watchos/OpenInTerminalButton-t.build/Objects-normal/arm64/OpenInTerminalButton-OutputFileMap.json -save-temps -no-color-diagnostics -explicit-module-build -module-cache-path /Users/admin/builder/spi-builder-workspace/.derivedData/Build/Intermediates.noindex/SwiftExplicitPrecompiledModules -clang-scanner-module-cache-path /Users/admin/builder/spi-builder-workspace/.derivedData/ModuleCache.noindex -sdk-module-cache-path /Users/admin/builder/spi-builder-workspace/.derivedData/SDKExplicitPrecompiledModules -emit-dependencies -emit-module -emit-module-path /Users/admin/builder/spi-builder-workspace/.derivedData/Build/Intermediates.noindex/OpenInTerminalButton.build/Debug-watchos/OpenInTerminalButton-t.build/Objects-normal/arm64/OpenInTerminalButton.swiftmodule -serialize-diagnostics -dependency-scan-serialize-diagnostics-path /Users/admin/builder/spi-builder-workspace/.derivedData/Build/Intermediates.noindex/OpenInTerminalButton.build/Debug-watchos/OpenInTerminalButton-t.build/Objects-normal/arm64/OpenInTerminalButton-dependency-scan.dia -validate-clang-modules-once -clang-build-session-file /Users/admin/builder/spi-builder-workspace/.derivedData/ModuleCache.noindex/Session.modulevalidation -Xcc -fmodules-prune-interval\=86400 -Xcc -fmodules-prune-after\=345600 -emit-const-values -const-gather-protocols-list /Users/admin/builder/spi-builder-workspace/.derivedData/Build/Intermediates.noindex/OpenInTerminalButton.build/Debug-watchos/OpenInTerminalButton-t.build/Objects-normal/arm64/OpenInTerminalButton_const_extract_protocols.json -Xcc -I/Users/admin/builder/spi-builder-workspace/.derivedData/Build/Products/Debug-watchos/include -Xcc -I/Users/admin/builder/spi-builder-workspace/.derivedData/Build/Intermediates.noindex/OpenInTerminalButton.build/Debug-watchos/OpenInTerminalButton-t.build/DerivedSources-normal/arm64 -Xcc -I/Users/admin/builder/spi-builder-workspace/.derivedData/Build/Intermediates.noindex/OpenInTerminalButton.build/Debug-watchos/OpenInTerminalButton-t.build/DerivedSources/arm64 -Xcc -I/Users/admin/builder/spi-builder-workspace/.derivedData/Build/Intermediates.noindex/OpenInTerminalButton.build/Debug-watchos/OpenInTerminalButton-t.build/DerivedSources -Xcc -DSWIFT_PACKAGE -Xcc -DDEBUG\=1 -emit-objc-header -emit-objc-header-path /Users/admin/builder/spi-builder-workspace/.derivedData/Build/Intermediates.noindex/OpenInTerminalButton.build/Debug-watchos/OpenInTerminalButton-t.build/Objects-normal/arm64/OpenInTerminalButton-Swift.h -working-directory /Users/admin/builder/spi-builder-workspace/.swiftpm/xcode -experimental-emit-module-separately -disable-cmo
/Users/admin/builder/spi-builder-workspace/Sources/OpenInTerminalButton/OpenInTerminal.swift:8:8: error: Unable to resolve module dependency: 'AppKit' (in target 'OpenInTerminalButton' from project 'OpenInTerminalButton')
    note: A dependency of main module 'OpenInTerminalButton'
/Users/admin/builder/spi-builder-workspace/Sources/OpenInTerminalButton/OpenInTerminal.swift:8:8: note: A dependency of main module 'OpenInTerminalButton'
import AppKit
       ^ (in target 'OpenInTerminalButton' from project 'OpenInTerminalButton')
SwiftDriver OpenInTerminalButton normal arm64_32 com.apple.xcode.tools.swift.compiler (in target 'OpenInTerminalButton' from project 'OpenInTerminalButton')
    cd /Users/admin/builder/spi-builder-workspace/.swiftpm/xcode
    builtin-SwiftDriver -- /Applications/Xcode-27.0.0-Release.Candidate.app/Contents/Developer/Toolchains/XcodeDefault.xctoolchain/usr/bin/swiftc -parse-as-library -module-name OpenInTerminalButton -Onone @/Users/admin/builder/spi-builder-workspace/.derivedData/Build/Intermediates.noindex/OpenInTerminalButton.build/Debug-watchos/OpenInTerminalButton-t.build/Objects-normal/arm64_32/OpenInTerminalButton.SwiftFileList -DSWIFT_PACKAGE -DDEBUG -DSWIFT_MODULE_RESOURCE_BUNDLE_UNAVAILABLE -DXcode -plugin-path /Applications/Xcode-27.0.0-Release.Candidate.app/Contents/Developer/Toolchains/XcodeDefault.xctoolchain/usr/lib/swift/host/plugins/testing -enable-experimental-feature DebugDescriptionMacro -sdk /Applications/Xcode-27.0.0-Release.Candidate.app/Contents/Developer/Platforms/WatchOS.platform/Developer/SDKs/WatchOS27.0.sdk -target arm64_32-apple-watchos9.0 -g -module-cache-path /Users/admin/builder/spi-builder-workspace/.derivedData/ModuleCache.noindex -Xfrontend -serialize-debugging-options -profile-coverage-mapping -profile-generate -enable-testing -index-store-path /Users/admin/builder/spi-builder-workspace/.derivedData/Index.noindex/DataStore -Xcc -D_LIBCPP_HARDENING_MODE\=_LIBCPP_HARDENING_MODE_DEBUG -swift-version 5 -I /Users/admin/builder/spi-builder-workspace/.derivedData/Build/Products/Debug-watchos -Isystem /Applications/Xcode-27.0.0-Release.Candidate.app/Contents/Developer/Platforms/WatchOS.platform/Developer/usr/lib -F /Users/admin/builder/spi-builder-workspace/.derivedData/Build/Products/Debug-watchos -F /Applications/Xcode-27.0.0-Release.Candidate.app/Contents/Developer/Platforms/WatchOS.platform/Developer/Library/Frameworks -F /Applications/Xcode-27.0.0-Release.Candidate.app/Contents/Developer/Platforms/WatchOS.platform/Developer/SDKs/WatchOS27.0.sdk/Developer/Library/Frameworks -c -j10 -enable-batch-mode -incremental -Xcc -ivfsstatcache -Xcc /Users/admin/builder/spi-builder-workspace/.derivedData/SDKStatCaches.noindex/watchos27.0-24R360-e829b21a6f8c9b70876ba0858053c04477534ef55a1706bf4c1112bbb242f0a2.sdkstatcache -output-file-map /Users/admin/builder/spi-builder-workspace/.derivedData/Build/Intermediates.noindex/OpenInTerminalButton.build/Debug-watchos/OpenInTerminalButton-t.build/Objects-normal/arm64_32/OpenInTerminalButton-OutputFileMap.json -save-temps -no-color-diagnostics -explicit-module-build -module-cache-path /Users/admin/builder/spi-builder-workspace/.derivedData/Build/Intermediates.noindex/SwiftExplicitPrecompiledModules -clang-scanner-module-cache-path /Users/admin/builder/spi-builder-workspace/.derivedData/ModuleCache.noindex -sdk-module-cache-path /Users/admin/builder/spi-builder-workspace/.derivedData/SDKExplicitPrecompiledModules -emit-dependencies -emit-module -emit-module-path /Users/admin/builder/spi-builder-workspace/.derivedData/Build/Intermediates.noindex/OpenInTerminalButton.build/Debug-watchos/OpenInTerminalButton-t.build/Objects-normal/arm64_32/OpenInTerminalButton.swiftmodule -serialize-diagnostics -dependency-scan-serialize-diagnostics-path /Users/admin/builder/spi-builder-workspace/.derivedData/Build/Intermediates.noindex/OpenInTerminalButton.build/Debug-watchos/OpenInTerminalButton-t.build/Objects-normal/arm64_32/OpenInTerminalButton-dependency-scan.dia -validate-clang-modules-once -clang-build-session-file /Users/admin/builder/spi-builder-workspace/.derivedData/ModuleCache.noindex/Session.modulevalidation -Xcc -fmodules-prune-interval\=86400 -Xcc -fmodules-prune-after\=345600 -emit-const-values -const-gather-protocols-list /Users/admin/builder/spi-builder-workspace/.derivedData/Build/Intermediates.noindex/OpenInTerminalButton.build/Debug-watchos/OpenInTerminalButton-t.build/Objects-normal/arm64_32/OpenInTerminalButton_const_extract_protocols.json -Xcc -I/Users/admin/builder/spi-builder-workspace/.derivedData/Build/Products/Debug-watchos/include -Xcc -I/Users/admin/builder/spi-builder-workspace/.derivedData/Build/Intermediates.noindex/OpenInTerminalButton.build/Debug-watchos/OpenInTerminalButton-t.build/DerivedSources-normal/arm64_32 -Xcc -I/Users/admin/builder/spi-builder-workspace/.derivedData/Build/Intermediates.noindex/OpenInTerminalButton.build/Debug-watchos/OpenInTerminalButton-t.build/DerivedSources/arm64_32 -Xcc -I/Users/admin/builder/spi-builder-workspace/.derivedData/Build/Intermediates.noindex/OpenInTerminalButton.build/Debug-watchos/OpenInTerminalButton-t.build/DerivedSources -Xcc -DSWIFT_PACKAGE -Xcc -DDEBUG\=1 -emit-objc-header -emit-objc-header-path /Users/admin/builder/spi-builder-workspace/.derivedData/Build/Intermediates.noindex/OpenInTerminalButton.build/Debug-watchos/OpenInTerminalButton-t.build/Objects-normal/arm64_32/OpenInTerminalButton-Swift.h -working-directory /Users/admin/builder/spi-builder-workspace/.swiftpm/xcode -experimental-emit-module-separately -disable-cmo
/Users/admin/builder/spi-builder-workspace/Sources/OpenInTerminalButton/OpenInTerminal.swift:8:8: error: Unable to resolve module dependency: 'AppKit' (in target 'OpenInTerminalButton' from project 'OpenInTerminalButton')
    note: A dependency of main module 'OpenInTerminalButton'
/Users/admin/builder/spi-builder-workspace/Sources/OpenInTerminalButton/OpenInTerminal.swift:8:8: note: A dependency of main module 'OpenInTerminalButton'
import AppKit
       ^ (in target 'OpenInTerminalButton' from project 'OpenInTerminalButton')
PruneExplicitPrecompiledModules /Users/admin/builder/spi-builder-workspace/.derivedData/Build/Intermediates.noindex/SwiftExplicitPrecompiledModules
PruneExplicitPrecompiledModules /Users/admin/builder/spi-builder-workspace/.derivedData/SDKExplicitPrecompiledModules
PruneExplicitPrecompiledModules /Users/admin/builder/spi-builder-workspace/.derivedData/Build/Intermediates.noindex/ExplicitPrecompiledModules
2026-09-20 08:30:53.262 xcodebuild[649:4312] [MT] IDERunDestination: Supported platforms for the buildables in the current scheme is empty.
** BUILD FAILED **
The following build commands failed:
	SwiftDriver OpenInTerminalButton normal arm64 com.apple.xcode.tools.swift.compiler (in target 'OpenInTerminalButton' from project 'OpenInTerminalButton')
	SwiftDriver OpenInTerminalButton normal arm64_32 com.apple.xcode.tools.swift.compiler (in target 'OpenInTerminalButton' from project 'OpenInTerminalButton')
	Building workspace OpenInTerminalButton with scheme OpenInTerminalButton
(3 failures)
BUILD FAILURE 6.4 watchOS