Build Information
Failed to build FeatureFlags, reference 3.0.0 (1bd5a7), with Swift 6.4 for visionOS using Xcode 27.0 on 19 Sep 2026 02:02:43 UTC.
Build Command
env DEVELOPER_DIR=/Applications/Xcode-27.0.0-Release.Candidate.app xcrun xcodebuild -IDEClonedSourcePackagesDirPathOverride=$PWD/.dependencies -skipMacroValidation -skipPackagePluginValidation -derivedDataPath $PWD/.derivedData build -scheme FeatureFlags -destination generic/platform=xrOSBuild Log
========================================
RunAll
========================================
Builder version: 5.1.0
Interrupt handler set up.
========================================
Checkout
========================================
Clone URL: https://github.com/rwbutler/FeatureFlags.git
Reference: 3.0.0
Initialized empty Git repository in /Users/admin/builder/spi-builder-workspace/.git/
From https://github.com/rwbutler/FeatureFlags
* tag 3.0.0 -> FETCH_HEAD
HEAD is now at 1bd5a7b Add canImport check for UIKit
Cloned https://github.com/rwbutler/FeatureFlags.git
Revision (git rev-parse @):
1bd5a7bd3fad4815c9184c4774f352af0378c042
SUCCESS checkout https://github.com/rwbutler/FeatureFlags.git at 3.0.0
========================================
Build
========================================
Selected platform: visionOS
Swift version: 6.4
Building package at path: $PWD
https://github.com/rwbutler/FeatureFlags.git
Command line invocation:
/Applications/Xcode-27.0.0-Release.Candidate.app/Contents/Developer/usr/bin/xcodebuild -IDEClonedSourcePackagesDirPathOverride=/Users/admin/builder/spi-builder-workspace/.dependencies -resolvePackageDependencies
resolved source packages:
{
"dependencies" : [
],
"manifest_display_name" : "FeatureFlags",
"name" : "FeatureFlags",
"path" : "/Users/admin/builder/spi-builder-workspace",
"platforms" : [
{
"name" : "ios",
"version" : "11.0"
},
{
"name" : "macos",
"version" : "10.13"
}
],
"products" : [
{
"name" : "FeatureFlags",
"targets" : [
"FeatureFlags"
],
"type" : {
"library" : [
"automatic"
]
}
}
],
"targets" : [
{
"c99name" : "FeatureFlags",
"module_type" : "SwiftTarget",
"name" : "FeatureFlags",
"path" : "FeatureFlags",
"product_memberships" : [
"FeatureFlags"
],
"sources" : [
"Classes/Core/FeatureFlags+Internal.swift",
"Classes/Core/FeatureFlags.swift",
"Classes/Core/FeatureFlagsAdapter.swift",
"Classes/Extensions/CollectionAdditions.swift",
"Classes/Extensions/UIColorAdditions.swift",
"Classes/Model/ConfigurationType.swift",
"Classes/Model/Feature+Codable.swift",
"Classes/Model/Feature+Equatable.swift",
"Classes/Model/Feature.swift",
"Classes/Model/FeatureName.swift",
"Classes/Model/FeatureTest.swift",
"Classes/Model/FeatureType.swift",
"Classes/Model/FeaturesModel.swift",
"Classes/Model/Percentage.swift",
"Classes/Model/Test.swift",
"Classes/Model/TestVariation.swift",
"Classes/Services/Parsing/Implementation/JSONParsingService.swift",
"Classes/Services/Parsing/Implementation/PropertyListParsingService.swift",
"Classes/Services/Parsing/Model/ParsingServiceResult.swift",
"Classes/Services/Parsing/Protocol/ParsingService.swift",
"Classes/UI/Details/View Controller/FeatureDetailsViewController.swift",
"Classes/UI/Feature Flags/Shared/UIControl.swift",
"Classes/UI/Feature Flags/View Controller/CloseButtonAlignment.swift",
"Classes/UI/Feature Flags/View Controller/FeatureFlagsViewController+UIViewControllerPreviewingDelegate.swift",
"Classes/UI/Feature Flags/View Controller/FeatureFlagsViewController.swift",
"Classes/UI/Feature Flags/View Controller/FeatureFlagsViewControllerDelegate.swift",
"Classes/UI/Feature Flags/View Controller/Filter.swift",
"Classes/UI/Feature Flags/View Controller/NavigationSettings.swift",
"Classes/UI/Feature Flags/View Model/FeatureFlagsViewModel.swift",
"Classes/UI/Feature Flags/Views/FeatureFlagTableViewCell.swift",
"Classes/UI/FeatureFlagsUI.swift",
"Classes/UI/FeatureFlagsUIObserver.swift",
"Classes/UI/Picker/View Controller/PickerViewController.swift",
"Classes/UI/Picker/View Controller/TestVariationPickerViewController.swift",
"Classes/UI/Picker/View Model/PickerOptionsViewModel.swift"
],
"type" : "library"
}
],
"tools_version" : "5.1"
}
{
"project" : {
"configurations" : [
"Debug",
"Release"
],
"name" : "Pods",
"schemes" : [
"FeatureFlags",
"Pods-FeatureFlags_Example",
"Pods-FeatureFlags_Tests"
],
"targets" : [
"FeatureFlags",
"Pods-FeatureFlags_Example",
"Pods-FeatureFlags_Tests"
]
}
}
{
"workspace" : {
"name" : "FeatureFlags",
"schemes" : [
"FeatureFlags"
]
}
}
2026-09-18 22:02:30.659 xcodebuild[617:3886] [MT] IDERunDestination: Supported platforms for the buildables in the current scheme is empty.
Running build ...
env DEVELOPER_DIR=/Applications/Xcode-27.0.0-Release.Candidate.app xcrun xcodebuild -IDEClonedSourcePackagesDirPathOverride=$PWD/.dependencies -skipMacroValidation -skipPackagePluginValidation -derivedDataPath $PWD/.derivedData build -scheme FeatureFlags -destination generic/platform=xrOS
Command line invocation:
/Applications/Xcode-27.0.0-Release.Candidate.app/Contents/Developer/usr/bin/xcodebuild -IDEClonedSourcePackagesDirPathOverride=/Users/admin/builder/spi-builder-workspace/.dependencies -skipMacroValidation -skipPackagePluginValidation -derivedDataPath /Users/admin/builder/spi-builder-workspace/.derivedData build -scheme FeatureFlags -destination generic/platform=xrOS
Resolve Package Graph
Resolved source packages:
FeatureFlags: /Users/admin/builder/spi-builder-workspace
ComputePackagePrebuildTargetDependencyGraph
Prepare packages
CreateBuildRequest
SendProjectDescription
CreateBuildOperation
ComputeTargetDependencyGraph
note: Building targets in dependency order
note: Target dependency graph (2 targets)
Target 'FeatureFlags-product' in project 'FeatureFlags'
➜ Explicit dependency on target 'FeatureFlags' in project 'FeatureFlags'
Target 'FeatureFlags' in project 'FeatureFlags' (no dependencies)
GatherProvisioningInputs
CreateBuildDescription
ExecuteExternalTool /Applications/Xcode-27.0.0-Release.Candidate.app/Contents/Developer/Toolchains/XcodeDefault.xctoolchain/usr/bin/clang -v -E -dM -isysroot /Applications/Xcode-27.0.0-Release.Candidate.app/Contents/Developer/Platforms/XROS.platform/Developer/SDKs/XROS27.0.sdk -x c -c /dev/null
ExecuteExternalTool /Applications/Xcode-27.0.0-Release.Candidate.app/Contents/Developer/Toolchains/XcodeDefault.xctoolchain/usr/bin/swiftc --version
ExecuteExternalTool /Applications/Xcode-27.0.0-Release.Candidate.app/Contents/Developer/Toolchains/XcodeDefault.xctoolchain/usr/bin/ld -version_details
Build description signature: b91559040deb4bd074af3ba89b309c96
Build description path: /Users/admin/builder/spi-builder-workspace/.derivedData/Build/Intermediates.noindex/XCBuildData/b91559040deb4bd074af3ba89b309c96.xcbuilddata
CreateBuildDirectory /Users/admin/builder/spi-builder-workspace/.derivedData/SDKExplicitPrecompiledModules
cd /Users/admin/builder/spi-builder-workspace/.swiftpm/xcode
builtin-create-build-directory /Users/admin/builder/spi-builder-workspace/.derivedData/SDKExplicitPrecompiledModules
CreateBuildDirectory /Users/admin/builder/spi-builder-workspace/.derivedData/ModuleCache.noindex
cd /Users/admin/builder/spi-builder-workspace/.swiftpm/xcode
builtin-create-build-directory /Users/admin/builder/spi-builder-workspace/.derivedData/ModuleCache.noindex
CreateBuildDirectory /Users/admin/builder/spi-builder-workspace/.derivedData/CompilationCache.noindex
cd /Users/admin/builder/spi-builder-workspace/.swiftpm/xcode
builtin-create-build-directory /Users/admin/builder/spi-builder-workspace/.derivedData/CompilationCache.noindex
CreateBuildDirectory /Users/admin/builder/spi-builder-workspace/.derivedData/Build/Intermediates.noindex
cd /Users/admin/builder/spi-builder-workspace/.swiftpm/xcode
builtin-create-build-directory /Users/admin/builder/spi-builder-workspace/.derivedData/Build/Intermediates.noindex
ClangStatCache /Applications/Xcode-27.0.0-Release.Candidate.app/Contents/Developer/Toolchains/XcodeDefault.xctoolchain/usr/bin/clang-stat-cache /Applications/Xcode-27.0.0-Release.Candidate.app/Contents/Developer/Platforms/XROS.platform/Developer/SDKs/XROS27.0.sdk /Users/admin/builder/spi-builder-workspace/.derivedData/SDKStatCaches.noindex/xros27.0-24M361-e829b21a6f8c9b70876ba0858053c044735bd543db762f57723cac368afd1ce4.sdkstatcache
cd /Users/admin/builder/spi-builder-workspace/.swiftpm/xcode
/Applications/Xcode-27.0.0-Release.Candidate.app/Contents/Developer/Toolchains/XcodeDefault.xctoolchain/usr/bin/clang-stat-cache /Applications/Xcode-27.0.0-Release.Candidate.app/Contents/Developer/Platforms/XROS.platform/Developer/SDKs/XROS27.0.sdk -o /Users/admin/builder/spi-builder-workspace/.derivedData/SDKStatCaches.noindex/xros27.0-24M361-e829b21a6f8c9b70876ba0858053c044735bd543db762f57723cac368afd1ce4.sdkstatcache
CreateBuildDirectory /Users/admin/builder/spi-builder-workspace/.derivedData/Build/Products
cd /Users/admin/builder/spi-builder-workspace/.swiftpm/xcode
builtin-create-build-directory /Users/admin/builder/spi-builder-workspace/.derivedData/Build/Products
CreateBuildDirectory /Users/admin/builder/spi-builder-workspace/.derivedData/Build/Intermediates.noindex/SwiftExplicitPrecompiledModules
cd /Users/admin/builder/spi-builder-workspace/.swiftpm/xcode
builtin-create-build-directory /Users/admin/builder/spi-builder-workspace/.derivedData/Build/Intermediates.noindex/SwiftExplicitPrecompiledModules
CreateBuildDirectory /Users/admin/builder/spi-builder-workspace/.derivedData/Build/Intermediates.noindex/PrecompiledHeaders
cd /Users/admin/builder/spi-builder-workspace/.swiftpm/xcode
builtin-create-build-directory /Users/admin/builder/spi-builder-workspace/.derivedData/Build/Intermediates.noindex/PrecompiledHeaders
CreateBuildDirectory /Users/admin/builder/spi-builder-workspace/.derivedData/Build/Intermediates.noindex/ExplicitPrecompiledModules
cd /Users/admin/builder/spi-builder-workspace/.swiftpm/xcode
builtin-create-build-directory /Users/admin/builder/spi-builder-workspace/.derivedData/Build/Intermediates.noindex/ExplicitPrecompiledModules
CreateBuildDirectory /Users/admin/builder/spi-builder-workspace/.derivedData/Build/Intermediates.noindex/EagerLinkingTBDs/Debug-xros
cd /Users/admin/builder/spi-builder-workspace/.swiftpm/xcode
builtin-create-build-directory /Users/admin/builder/spi-builder-workspace/.derivedData/Build/Intermediates.noindex/EagerLinkingTBDs/Debug-xros
CreateBuildDirectory /Users/admin/builder/spi-builder-workspace/.derivedData/Build/Products/Debug-xros
cd /Users/admin/builder/spi-builder-workspace/.swiftpm/xcode
builtin-create-build-directory /Users/admin/builder/spi-builder-workspace/.derivedData/Build/Products/Debug-xros
CreateBuildDirectory /Users/admin/builder/spi-builder-workspace/.derivedData/Build/Products/Debug-xros/PackageFrameworks
cd /Users/admin/builder/spi-builder-workspace/.swiftpm/xcode
builtin-create-build-directory /Users/admin/builder/spi-builder-workspace/.derivedData/Build/Products/Debug-xros/PackageFrameworks
WriteAuxiliaryFile /Users/admin/builder/spi-builder-workspace/.derivedData/Build/Intermediates.noindex/FeatureFlags.build/Debug-xros/FeatureFlags-t.build/FeatureFlags.modulemap (in target 'FeatureFlags' from project 'FeatureFlags')
cd /Users/admin/builder/spi-builder-workspace
write-file /Users/admin/builder/spi-builder-workspace/.derivedData/Build/Intermediates.noindex/FeatureFlags.build/Debug-xros/FeatureFlags-t.build/FeatureFlags.modulemap
WriteAuxiliaryFile /Users/admin/builder/spi-builder-workspace/.derivedData/Build/Intermediates.noindex/FeatureFlags.build/Debug-xros/FeatureFlags-t.build/FeatureFlags.DependencyMetadataFileList (in target 'FeatureFlags' from project 'FeatureFlags')
cd /Users/admin/builder/spi-builder-workspace
write-file /Users/admin/builder/spi-builder-workspace/.derivedData/Build/Intermediates.noindex/FeatureFlags.build/Debug-xros/FeatureFlags-t.build/FeatureFlags.DependencyMetadataFileList
WriteAuxiliaryFile /Users/admin/builder/spi-builder-workspace/.derivedData/Build/Intermediates.noindex/FeatureFlags.build/Debug-xros/FeatureFlags-t.build/FeatureFlags.DependencyStaticMetadataFileList (in target 'FeatureFlags' from project 'FeatureFlags')
cd /Users/admin/builder/spi-builder-workspace
write-file /Users/admin/builder/spi-builder-workspace/.derivedData/Build/Intermediates.noindex/FeatureFlags.build/Debug-xros/FeatureFlags-t.build/FeatureFlags.DependencyStaticMetadataFileList
WriteAuxiliaryFile /Users/admin/builder/spi-builder-workspace/.derivedData/Build/Intermediates.noindex/FeatureFlags.build/Debug-xros/FeatureFlags-t.build/Objects-normal/arm64/FeatureFlags.SwiftFileList (in target 'FeatureFlags' from project 'FeatureFlags')
cd /Users/admin/builder/spi-builder-workspace
write-file /Users/admin/builder/spi-builder-workspace/.derivedData/Build/Intermediates.noindex/FeatureFlags.build/Debug-xros/FeatureFlags-t.build/Objects-normal/arm64/FeatureFlags.SwiftFileList
WriteAuxiliaryFile /Users/admin/builder/spi-builder-workspace/.derivedData/Build/Intermediates.noindex/FeatureFlags.build/Debug-xros/FeatureFlags-t.build/Objects-normal/arm64/FeatureFlags.LinkFileList (in target 'FeatureFlags' from project 'FeatureFlags')
cd /Users/admin/builder/spi-builder-workspace
write-file /Users/admin/builder/spi-builder-workspace/.derivedData/Build/Intermediates.noindex/FeatureFlags.build/Debug-xros/FeatureFlags-t.build/Objects-normal/arm64/FeatureFlags.LinkFileList
WriteAuxiliaryFile /Users/admin/builder/spi-builder-workspace/.derivedData/Build/Intermediates.noindex/FeatureFlags.build/Debug-xros/FeatureFlags-t.build/Objects-normal/arm64/FeatureFlags.SwiftConstValuesFileList (in target 'FeatureFlags' from project 'FeatureFlags')
cd /Users/admin/builder/spi-builder-workspace
write-file /Users/admin/builder/spi-builder-workspace/.derivedData/Build/Intermediates.noindex/FeatureFlags.build/Debug-xros/FeatureFlags-t.build/Objects-normal/arm64/FeatureFlags.SwiftConstValuesFileList
WriteAuxiliaryFile /Users/admin/builder/spi-builder-workspace/.derivedData/Build/Intermediates.noindex/FeatureFlags.build/Debug-xros/FeatureFlags-t.build/Objects-normal/arm64/FeatureFlags_const_extract_protocols.json (in target 'FeatureFlags' from project 'FeatureFlags')
cd /Users/admin/builder/spi-builder-workspace
write-file /Users/admin/builder/spi-builder-workspace/.derivedData/Build/Intermediates.noindex/FeatureFlags.build/Debug-xros/FeatureFlags-t.build/Objects-normal/arm64/FeatureFlags_const_extract_protocols.json
WriteAuxiliaryFile /Users/admin/builder/spi-builder-workspace/.derivedData/Build/Intermediates.noindex/FeatureFlags.build/Debug-xros/FeatureFlags-t.build/Objects-normal/arm64/FeatureFlags-OutputFileMap.json (in target 'FeatureFlags' from project 'FeatureFlags')
cd /Users/admin/builder/spi-builder-workspace
write-file /Users/admin/builder/spi-builder-workspace/.derivedData/Build/Intermediates.noindex/FeatureFlags.build/Debug-xros/FeatureFlags-t.build/Objects-normal/arm64/FeatureFlags-OutputFileMap.json
Copy /Users/admin/builder/spi-builder-workspace/.derivedData/Build/Intermediates.noindex/GeneratedModuleMaps-xros/FeatureFlags.modulemap /Users/admin/builder/spi-builder-workspace/.derivedData/Build/Intermediates.noindex/FeatureFlags.build/Debug-xros/FeatureFlags-t.build/FeatureFlags.modulemap (in target 'FeatureFlags' from project 'FeatureFlags')
cd /Users/admin/builder/spi-builder-workspace
builtin-copy -exclude .DS_Store -exclude CVS -exclude .svn -exclude .git -exclude .hg -resolve-src-symlinks /Users/admin/builder/spi-builder-workspace/.derivedData/Build/Intermediates.noindex/FeatureFlags.build/Debug-xros/FeatureFlags-t.build/FeatureFlags.modulemap /Users/admin/builder/spi-builder-workspace/.derivedData/Build/Intermediates.noindex/GeneratedModuleMaps-xros
SwiftDriver FeatureFlags normal arm64 com.apple.xcode.tools.swift.compiler (in target 'FeatureFlags' from project 'FeatureFlags')
cd /Users/admin/builder/spi-builder-workspace/.swiftpm/xcode
builtin-SwiftDriver -- /Applications/Xcode-27.0.0-Release.Candidate.app/Contents/Developer/Toolchains/XcodeDefault.xctoolchain/usr/bin/swiftc -parse-as-library -module-name FeatureFlags -Onone @/Users/admin/builder/spi-builder-workspace/.derivedData/Build/Intermediates.noindex/FeatureFlags.build/Debug-xros/FeatureFlags-t.build/Objects-normal/arm64/FeatureFlags.SwiftFileList -DSWIFT_PACKAGE -DDEBUG -DSWIFT_MODULE_RESOURCE_BUNDLE_UNAVAILABLE -DXcode -plugin-path /Applications/Xcode-27.0.0-Release.Candidate.app/Contents/Developer/Toolchains/XcodeDefault.xctoolchain/usr/lib/swift/host/plugins/testing -enable-experimental-feature DebugDescriptionMacro -sdk /Applications/Xcode-27.0.0-Release.Candidate.app/Contents/Developer/Platforms/XROS.platform/Developer/SDKs/XROS27.0.sdk -target arm64-apple-xros1.0 -g -module-cache-path /Users/admin/builder/spi-builder-workspace/.derivedData/ModuleCache.noindex -Xfrontend -serialize-debugging-options -enable-testing -index-store-path /Users/admin/builder/spi-builder-workspace/.derivedData/Index.noindex/DataStore -Xcc -D_LIBCPP_HARDENING_MODE\=_LIBCPP_HARDENING_MODE_DEBUG -swift-version 5 -I /Users/admin/builder/spi-builder-workspace/.derivedData/Build/Products/Debug-xros -Isystem /Applications/Xcode-27.0.0-Release.Candidate.app/Contents/Developer/Platforms/XROS.platform/Developer/usr/lib -F /Users/admin/builder/spi-builder-workspace/.derivedData/Build/Products/Debug-xros -F /Applications/Xcode-27.0.0-Release.Candidate.app/Contents/Developer/Platforms/XROS.platform/Developer/Library/Frameworks -F /Applications/Xcode-27.0.0-Release.Candidate.app/Contents/Developer/Platforms/XROS.platform/Developer/SDKs/XROS27.0.sdk/Developer/Library/Frameworks -c -j10 -enable-batch-mode -incremental -Xcc -ivfsstatcache -Xcc /Users/admin/builder/spi-builder-workspace/.derivedData/SDKStatCaches.noindex/xros27.0-24M361-e829b21a6f8c9b70876ba0858053c044735bd543db762f57723cac368afd1ce4.sdkstatcache -output-file-map /Users/admin/builder/spi-builder-workspace/.derivedData/Build/Intermediates.noindex/FeatureFlags.build/Debug-xros/FeatureFlags-t.build/Objects-normal/arm64/FeatureFlags-OutputFileMap.json -save-temps -no-color-diagnostics -explicit-module-build -module-cache-path /Users/admin/builder/spi-builder-workspace/.derivedData/Build/Intermediates.noindex/SwiftExplicitPrecompiledModules -clang-scanner-module-cache-path /Users/admin/builder/spi-builder-workspace/.derivedData/ModuleCache.noindex -sdk-module-cache-path /Users/admin/builder/spi-builder-workspace/.derivedData/SDKExplicitPrecompiledModules -emit-dependencies -emit-module -emit-module-path /Users/admin/builder/spi-builder-workspace/.derivedData/Build/Intermediates.noindex/FeatureFlags.build/Debug-xros/FeatureFlags-t.build/Objects-normal/arm64/FeatureFlags.swiftmodule -serialize-diagnostics -dependency-scan-serialize-diagnostics-path /Users/admin/builder/spi-builder-workspace/.derivedData/Build/Intermediates.noindex/FeatureFlags.build/Debug-xros/FeatureFlags-t.build/Objects-normal/arm64/FeatureFlags-dependency-scan.dia -validate-clang-modules-once -clang-build-session-file /Users/admin/builder/spi-builder-workspace/.derivedData/ModuleCache.noindex/Session.modulevalidation -Xcc -fmodules-prune-interval\=86400 -Xcc -fmodules-prune-after\=345600 -emit-const-values -const-gather-protocols-list /Users/admin/builder/spi-builder-workspace/.derivedData/Build/Intermediates.noindex/FeatureFlags.build/Debug-xros/FeatureFlags-t.build/Objects-normal/arm64/FeatureFlags_const_extract_protocols.json -Xcc -I/Users/admin/builder/spi-builder-workspace/.derivedData/Build/Products/Debug-xros/include -Xcc -I/Users/admin/builder/spi-builder-workspace/.derivedData/Build/Intermediates.noindex/FeatureFlags.build/Debug-xros/FeatureFlags-t.build/DerivedSources-normal/arm64 -Xcc -I/Users/admin/builder/spi-builder-workspace/.derivedData/Build/Intermediates.noindex/FeatureFlags.build/Debug-xros/FeatureFlags-t.build/DerivedSources/arm64 -Xcc -I/Users/admin/builder/spi-builder-workspace/.derivedData/Build/Intermediates.noindex/FeatureFlags.build/Debug-xros/FeatureFlags-t.build/DerivedSources -Xcc -DSWIFT_PACKAGE -Xcc -DDEBUG\=1 -emit-objc-header -emit-objc-header-path /Users/admin/builder/spi-builder-workspace/.derivedData/Build/Intermediates.noindex/FeatureFlags.build/Debug-xros/FeatureFlags-t.build/Objects-normal/arm64/FeatureFlags-Swift.h -working-directory /Users/admin/builder/spi-builder-workspace/.swiftpm/xcode -experimental-emit-module-separately -disable-cmo
SwiftExplicitDependencyGeneratePcm arm64 /Users/admin/builder/spi-builder-workspace/.derivedData/SDKExplicitPrecompiledModules/_Builtin_stdbool-5BU2ADS7JXQMYENKQHW9X8XOU.pcm
SwiftExplicitDependencyGeneratePcm arm64 /Users/admin/builder/spi-builder-workspace/.derivedData/SDKExplicitPrecompiledModules/_Builtin_stddef-5NQ9Z1GV07GBSRQGAQCGXGVRI.pcm
SwiftExplicitDependencyGeneratePcm arm64 /Users/admin/builder/spi-builder-workspace/.derivedData/SDKExplicitPrecompiledModules/ptrauth-1WBA714DZSVUL5JQDJ08CLKZ.pcm
SwiftExplicitDependencyGeneratePcm arm64 /Users/admin/builder/spi-builder-workspace/.derivedData/SDKExplicitPrecompiledModules/_AvailabilityInternal-1Q8IQP6M38UWSGZ95UCEY2M44.pcm
SwiftExplicitDependencyGeneratePcm arm64 /Users/admin/builder/spi-builder-workspace/.derivedData/SDKExplicitPrecompiledModules/ptrcheck-BXA97MNLI4BB0HF5I8MJE403D.pcm
SwiftExplicitDependencyGeneratePcm arm64 /Users/admin/builder/spi-builder-workspace/.derivedData/SDKExplicitPrecompiledModules/_Builtin_float-6WKHNW5S40U2QGHXXGETUDIRA.pcm
SwiftExplicitDependencyGeneratePcm arm64 /Users/admin/builder/spi-builder-workspace/.derivedData/SDKExplicitPrecompiledModules/_Builtin_stdarg-CDA349K2K4US766844K8E0PVA.pcm
SwiftExplicitDependencyGeneratePcm arm64 /Users/admin/builder/spi-builder-workspace/.derivedData/SDKExplicitPrecompiledModules/SwiftShims-CI4H5RO9IYFFWQ2COB512Q2S9.pcm
SwiftExplicitDependencyGeneratePcm arm64 /Users/admin/builder/spi-builder-workspace/.derivedData/SDKExplicitPrecompiledModules/DeveloperToolsSupport-46GOQP8J1QTHLYQSJW81T8UZ3.pcm
SwiftExplicitDependencyGeneratePcm arm64 /Users/admin/builder/spi-builder-workspace/.derivedData/SDKExplicitPrecompiledModules/_SwiftConcurrencyShims-C8XHKSHX96D5YYALNM4W70Z0O.pcm
SwiftExplicitDependencyGeneratePcm arm64 /Users/admin/builder/spi-builder-workspace/.derivedData/SDKExplicitPrecompiledModules/_DarwinFoundation1-5RGRVV2TZ6WC4WZW5IXF8NQ04.pcm
SwiftExplicitDependencyGeneratePcm arm64 /Users/admin/builder/spi-builder-workspace/.derivedData/SDKExplicitPrecompiledModules/_Builtin_limits-425JDMN5HPM3D0UEI8LEHP6NM.pcm
SwiftExplicitDependencyGeneratePcm arm64 /Users/admin/builder/spi-builder-workspace/.derivedData/SDKExplicitPrecompiledModules/_DarwinFoundation2-ENTECK156YEWITZRRBTOCE4KR.pcm
SwiftExplicitDependencyGeneratePcm arm64 /Users/admin/builder/spi-builder-workspace/.derivedData/SDKExplicitPrecompiledModules/_Builtin_stdint-8OR6T47OOYJA90ZBO3N1USDE.pcm
SwiftExplicitDependencyGeneratePcm arm64 /Users/admin/builder/spi-builder-workspace/.derivedData/SDKExplicitPrecompiledModules/sys_types-AYM0BHR77VKMWZCO2T0XGV2HF.pcm
SwiftExplicitDependencyGeneratePcm arm64 /Users/admin/builder/spi-builder-workspace/.derivedData/SDKExplicitPrecompiledModules/_Builtin_tgmath-BPYSMHWI520EQRL2HW519ZY7Z.pcm
SwiftExplicitDependencyGeneratePcm arm64 /Users/admin/builder/spi-builder-workspace/.derivedData/SDKExplicitPrecompiledModules/string_h-2GT67HHHHK5CF1V1S31LH0PU2.pcm
SwiftExplicitDependencyGeneratePcm arm64 /Users/admin/builder/spi-builder-workspace/.derivedData/SDKExplicitPrecompiledModules/_DarwinFoundation3-9ZHN6JKBS40BBA81RQMV8H0IC.pcm
SwiftExplicitDependencyGeneratePcm arm64 /Users/admin/builder/spi-builder-workspace/.derivedData/SDKExplicitPrecompiledModules/_Builtin_stdatomic-1VUZPM79PNCAHXVBERD53WRSF.pcm
SwiftExplicitDependencyGeneratePcm arm64 /Users/admin/builder/spi-builder-workspace/.derivedData/SDKExplicitPrecompiledModules/_Builtin_intrinsics-BC5IJI3YI34RQ61ZNVDRDZ6RN.pcm
SwiftExplicitDependencyGeneratePcm arm64 /Users/admin/builder/spi-builder-workspace/.derivedData/SDKExplicitPrecompiledModules/_Builtin_inttypes-11B64KJD36B3YOHBR1BBXBJY8.pcm
SwiftExplicitDependencyGeneratePcm arm64 /Users/admin/builder/spi-builder-workspace/.derivedData/SDKExplicitPrecompiledModules/Darwin-60P5LVNQO3ESRRM5DCJ05PFNK.pcm
SwiftExplicitDependencyGeneratePcm arm64 /Users/admin/builder/spi-builder-workspace/.derivedData/SDKExplicitPrecompiledModules/simd-9XXAB17Y6E4BBPQADD61NZ23.pcm
SwiftExplicitDependencyGeneratePcm arm64 /Users/admin/builder/spi-builder-workspace/.derivedData/SDKExplicitPrecompiledModules/MachO-3XTHY7HWV6RF3KXKYQVHUBUXK.pcm
SwiftExplicitDependencyGeneratePcm arm64 /Users/admin/builder/spi-builder-workspace/.derivedData/SDKExplicitPrecompiledModules/ObjectiveC-26TIBFYCEJZVP216ZZAU1X8KN.pcm
SwiftExplicitDependencyGeneratePcm arm64 /Users/admin/builder/spi-builder-workspace/.derivedData/SDKExplicitPrecompiledModules/os_object-692CJ8BG6RE5H04487EJJOVXW.pcm
SwiftExplicitDependencyGeneratePcm arm64 /Users/admin/builder/spi-builder-workspace/.derivedData/SDKExplicitPrecompiledModules/os_workgroup-4U1VXMWIZD80E7PRUQF2G7P9X.pcm
SwiftExplicitDependencyGeneratePcm arm64 /Users/admin/builder/spi-builder-workspace/.derivedData/SDKExplicitPrecompiledModules/Dispatch-CLT3466HKC22GCKAWSCNG0H7T.pcm
SwiftExplicitDependencyGeneratePcm arm64 /Users/admin/builder/spi-builder-workspace/.derivedData/SDKExplicitPrecompiledModules/Spatial-5E0I2846LO3ZE24CSVR2O57TI.pcm
SwiftExplicitDependencyGeneratePcm arm64 /Users/admin/builder/spi-builder-workspace/.derivedData/SDKExplicitPrecompiledModules/CoreFoundation-AVLTZVCXBU2TO75JCN4AGU8XJ.pcm
SwiftExplicitDependencyGeneratePcm arm64 /Users/admin/builder/spi-builder-workspace/.derivedData/SDKExplicitPrecompiledModules/XPC-EP5EU7FNGP4VOA3EDM18P1KHO.pcm
SwiftExplicitDependencyGeneratePcm arm64 /Users/admin/builder/spi-builder-workspace/.derivedData/SDKExplicitPrecompiledModules/os-1004XEJ3IXOOAU0KL58SM3D0K.pcm
SwiftExplicitDependencyGeneratePcm arm64 /Users/admin/builder/spi-builder-workspace/.derivedData/SDKExplicitPrecompiledModules/CFNetwork-5MI70N1VLDQSWTX4COWLMSIRO.pcm
SwiftExplicitDependencyGeneratePcm arm64 /Users/admin/builder/spi-builder-workspace/.derivedData/SDKExplicitPrecompiledModules/CoreGraphics-BFUJ177R223UT2ZI327ZTZY91.pcm
SwiftExplicitDependencyGeneratePcm arm64 /Users/admin/builder/spi-builder-workspace/.derivedData/SDKExplicitPrecompiledModules/Security-8TH2M8WJIQMET4SADWX0N8372.pcm
SwiftExplicitDependencyGeneratePcm arm64 /Users/admin/builder/spi-builder-workspace/.derivedData/SDKExplicitPrecompiledModules/Foundation-8GON1KVEKRN3NOQI8RETBRWJP.pcm
SwiftExplicitDependencyGeneratePcm arm64 /Users/admin/builder/spi-builder-workspace/.derivedData/SDKExplicitPrecompiledModules/CoreText-6F9TY5TEPCCZ1K2KYM4GMEGHD.pcm
SwiftExplicitDependencyGeneratePcm arm64 /Users/admin/builder/spi-builder-workspace/.derivedData/SDKExplicitPrecompiledModules/ImageIO-5CC6COR9KJYI1UBL7CSHLU2OG.pcm
SwiftExplicitDependencyGeneratePcm arm64 /Users/admin/builder/spi-builder-workspace/.derivedData/SDKExplicitPrecompiledModules/UniformTypeIdentifiers-E5KMWDZEKS4QW9RO1KBRDEXV6.pcm
SwiftExplicitDependencyGeneratePcm arm64 /Users/admin/builder/spi-builder-workspace/.derivedData/SDKExplicitPrecompiledModules/OSLog-BNGT87TS0GMBFF7TY70HHB69.pcm
SwiftExplicitDependencyGeneratePcm arm64 /Users/admin/builder/spi-builder-workspace/.derivedData/SDKExplicitPrecompiledModules/UserNotifications-8IIV1V1FPNAPA4LY1Y23LOM2N.pcm
SwiftExplicitDependencyGeneratePcm arm64 /Users/admin/builder/spi-builder-workspace/.derivedData/SDKExplicitPrecompiledModules/Symbols-8G2XC01RPQ5HYIZE6JNUT864I.pcm
SwiftExplicitDependencyGeneratePcm arm64 /Users/admin/builder/spi-builder-workspace/.derivedData/SDKExplicitPrecompiledModules/DataDetection-BANTQ3WXXGKZJYC0LLB3MD9K0.pcm
SwiftExplicitDependencyGeneratePcm arm64 /Users/admin/builder/spi-builder-workspace/.derivedData/SDKExplicitPrecompiledModules/IOSurface-5FE9U89GVFF9A7X7AGO2R8ENI.pcm
SwiftExplicitDependencyGeneratePcm arm64 /Users/admin/builder/spi-builder-workspace/.derivedData/SDKExplicitPrecompiledModules/_LocationEssentials-8GQGFVARUE99D8VJX3TINY0VP.pcm
SwiftExplicitDependencyGeneratePcm arm64 /Users/admin/builder/spi-builder-workspace/.derivedData/SDKExplicitPrecompiledModules/CoreTransferable-8TBYAKHCX6UC8QQSS7BD8GQK5.pcm
SwiftExplicitDependencyGeneratePcm arm64 /Users/admin/builder/spi-builder-workspace/.derivedData/SDKExplicitPrecompiledModules/UIUtilities-AOVGLUWEAN6CG2UZFNESGSP6C.pcm
SwiftExplicitDependencyGeneratePcm arm64 /Users/admin/builder/spi-builder-workspace/.derivedData/SDKExplicitPrecompiledModules/Accessibility-1DR4J4YDVDGAYQTZ0FKZ1PU09.pcm
SwiftExplicitDependencyGeneratePcm arm64 /Users/admin/builder/spi-builder-workspace/.derivedData/SDKExplicitPrecompiledModules/FileProvider-C9I28SI56F2SEVH1BCWTKGODO.pcm
SwiftExplicitDependencyGeneratePcm arm64 /Users/admin/builder/spi-builder-workspace/.derivedData/SDKExplicitPrecompiledModules/CoreLocation-1SN37095DAPVJ068LLP9TBDQX.pcm
SwiftExplicitDependencyGeneratePcm arm64 /Users/admin/builder/spi-builder-workspace/.derivedData/SDKExplicitPrecompiledModules/Metal-EKNUM9P3PRIBHZK1ZBD6BA2T7.pcm
SwiftExplicitDependencyGeneratePcm arm64 /Users/admin/builder/spi-builder-workspace/.derivedData/SDKExplicitPrecompiledModules/OpenGLES-56BKSYXNVAP91BYZRWAKQZKGI.pcm
SwiftExplicitDependencyGeneratePcm arm64 /Users/admin/builder/spi-builder-workspace/.derivedData/SDKExplicitPrecompiledModules/CoreMotion-10LV922UPGE28QX2SOIO7ALIZ.pcm
SwiftExplicitDependencyGeneratePcm arm64 /Users/admin/builder/spi-builder-workspace/.derivedData/SDKExplicitPrecompiledModules/CoreVideo-E12HJSJSLO0YKWYBES11UKJ02.pcm
SwiftExplicitDependencyGeneratePcm arm64 /Users/admin/builder/spi-builder-workspace/.derivedData/SDKExplicitPrecompiledModules/CoreImage-8WF1P230U10QM666EQMNV7OF1.pcm
SwiftExplicitDependencyGeneratePcm arm64 /Users/admin/builder/spi-builder-workspace/.derivedData/SDKExplicitPrecompiledModules/QuartzCore-12T8WVKUNCL1N7VXH87MM4YOB.pcm
SwiftExplicitDependencyGeneratePcm arm64 /Users/admin/builder/spi-builder-workspace/.derivedData/SDKExplicitPrecompiledModules/SwiftUICore-6OBBMA39VFD4CB6SG2PE41FAP.pcm
SwiftExplicitDependencyGeneratePcm arm64 /Users/admin/builder/spi-builder-workspace/.derivedData/SDKExplicitPrecompiledModules/UIKit-2D2PMAAE45TMO6S28UCGCO5BR.pcm
SwiftEmitModule normal arm64 Emitting\ module\ for\ FeatureFlags (in target 'FeatureFlags' from project 'FeatureFlags')
/Users/admin/builder/spi-builder-workspace/FeatureFlags/Classes/UI/Feature Flags/View Controller/FeatureFlagsViewController+UIViewControllerPreviewingDelegate.swift:20:10: error: cannot override 'previewingContext' which has been marked unavailable
18 | }
19 |
20 | func previewingContext(_ previewingContext: UIViewControllerPreviewing,
| `- error: cannot override 'previewingContext' which has been marked unavailable
21 | viewControllerForLocation location: CGPoint) -> UIViewController? {
22 | if let indexPath = tableView.indexPathForRow(at: location) {
/Applications/Xcode-27.0.0-Release.Candidate.app/Contents/Developer/Platforms/XROS.platform/Developer/SDKs/XROS27.0.sdk/System/Library/Frameworks/UIKit.framework/Headers/UIViewController.h:654:1: note: 'previewingContext(_:viewControllerForLocation:)' has been explicitly marked unavailable here
652 |
653 | // If you return nil, a preview presentation will not be performed
654 | - (nullable UIViewController *)previewingContext:(id <UIViewControllerPreviewing>)previewingContext viewControllerForLocation:(CGPoint)location API_DEPRECATED("UIViewControllerPreviewing is deprecated. Please use UIContextMenuInteraction.", ios(9.0, 13.0)) API_UNAVAILABLE(visionos, watchos);
| `- note: 'previewingContext(_:viewControllerForLocation:)' has been explicitly marked unavailable here
655 | - (void)previewingContext:(id <UIViewControllerPreviewing>)previewingContext commitViewController:(UIViewController *)viewControllerToCommit API_DEPRECATED("UIViewControllerPreviewing is deprecated. Please use UIContextMenuInteraction.", ios(9.0, 13.0)) API_UNAVAILABLE(visionos, watchos);
656 |
/Users/admin/builder/spi-builder-workspace/FeatureFlags/Classes/UI/Feature Flags/View Controller/FeatureFlagsViewController+UIViewControllerPreviewingDelegate.swift:29:10: error: cannot override 'previewingContext' which has been marked unavailable
27 | }
28 |
29 | func previewingContext(_ previewingContext: UIViewControllerPreviewing,
| `- error: cannot override 'previewingContext' which has been marked unavailable
30 | commit viewControllerToCommit: UIViewController) {
31 | navigationController?.pushViewController(viewControllerToCommit, animated: true)
/Applications/Xcode-27.0.0-Release.Candidate.app/Contents/Developer/Platforms/XROS.platform/Developer/SDKs/XROS27.0.sdk/System/Library/Frameworks/UIKit.framework/Headers/UIViewController.h:655:1: note: 'previewingContext(_:commit:)' has been explicitly marked unavailable here
653 | // If you return nil, a preview presentation will not be performed
654 | - (nullable UIViewController *)previewingContext:(id <UIViewControllerPreviewing>)previewingContext viewControllerForLocation:(CGPoint)location API_DEPRECATED("UIViewControllerPreviewing is deprecated. Please use UIContextMenuInteraction.", ios(9.0, 13.0)) API_UNAVAILABLE(visionos, watchos);
655 | - (void)previewingContext:(id <UIViewControllerPreviewing>)previewingContext commitViewController:(UIViewController *)viewControllerToCommit API_DEPRECATED("UIViewControllerPreviewing is deprecated. Please use UIContextMenuInteraction.", ios(9.0, 13.0)) API_UNAVAILABLE(visionos, watchos);
| `- note: 'previewingContext(_:commit:)' has been explicitly marked unavailable here
656 |
657 | @end
Failed frontend command:
SwiftCompile normal arm64 (in target 'FeatureFlags' from project 'FeatureFlags')
cd /Users/admin/builder/spi-builder-workspace/.swiftpm/xcode
/Applications/Xcode-27.0.0-Release.Candidate.app/Contents/Developer/Toolchains/XcodeDefault.xctoolchain/usr/bin/swift-frontend -frontend -emit-module -experimental-skip-non-inlinable-function-bodies-without-types /Users/admin/builder/spi-builder-workspace/FeatureFlags/Classes/Core/FeatureFlags+Internal.swift /Users/admin/builder/spi-builder-workspace/FeatureFlags/Classes/Core/FeatureFlags.swift /Users/admin/builder/spi-builder-workspace/FeatureFlags/Classes/Core/FeatureFlagsAdapter.swift /Users/admin/builder/spi-builder-workspace/FeatureFlags/Classes/Extensions/CollectionAdditions.swift /Users/admin/builder/spi-builder-workspace/FeatureFlags/Classes/Extensions/UIColorAdditions.swift /Users/admin/builder/spi-builder-workspace/FeatureFlags/Classes/Model/ConfigurationType.swift /Users/admin/builder/spi-builder-workspace/FeatureFlags/Classes/Model/Feature+Codable.swift /Users/admin/builder/spi-builder-workspace/FeatureFlags/Classes/Model/Feature+Equatable.swift /Users/admin/builder/spi-builder-workspace/FeatureFlags/Classes/Model/Feature.swift /Users/admin/builder/spi-builder-workspace/FeatureFlags/Classes/Model/FeatureName.swift /Users/admin/builder/spi-builder-workspace/FeatureFlags/Classes/Model/FeatureTest.swift /Users/admin/builder/spi-builder-workspace/FeatureFlags/Classes/Model/FeatureType.swift /Users/admin/builder/spi-builder-workspace/FeatureFlags/Classes/Model/FeaturesModel.swift /Users/admin/builder/spi-builder-workspace/FeatureFlags/Classes/Model/Percentage.swift /Users/admin/builder/spi-builder-workspace/FeatureFlags/Classes/Model/Test.swift /Users/admin/builder/spi-builder-workspace/FeatureFlags/Classes/Model/TestVariation.swift /Users/admin/builder/spi-builder-workspace/FeatureFlags/Classes/Services/Parsing/Implementation/JSONParsingService.swift /Users/admin/builder/spi-builder-workspace/FeatureFlags/Classes/Services/Parsing/Implementation/PropertyListParsingService.swift /Users/admin/builder/spi-builder-workspace/FeatureFlags/Classes/Services/Parsing/Model/ParsingServiceResult.swift /Users/admin/builder/spi-builder-workspace/FeatureFlags/Classes/Services/Parsing/Protocol/ParsingService.swift /Users/admin/builder/spi-builder-workspace/FeatureFlags/Classes/UI/Details/View\ Controller/FeatureDetailsViewController.swift /Users/admin/builder/spi-builder-workspace/FeatureFlags/Classes/UI/Feature\ Flags/Shared/UIControl.swift /Users/admin/builder/spi-builder-workspace/FeatureFlags/Classes/UI/Feature\ Flags/View\ Controller/CloseButtonAlignment.swift /Users/admin/builder/spi-builder-workspace/FeatureFlags/Classes/UI/Feature\ Flags/View\ Controller/FeatureFlagsViewController+UIViewControllerPreviewingDelegate.swift /Users/admin/builder/spi-builder-workspace/FeatureFlags/Classes/UI/Feature\ Flags/View\ Controller/FeatureFlagsViewController.swift /Users/admin/builder/spi-builder-workspace/FeatureFlags/Classes/UI/Feature\ Flags/View\ Controller/FeatureFlagsViewControllerDelegate.swift /Users/admin/builder/spi-builder-workspace/FeatureFlags/Classes/UI/Feature\ Flags/View\ Controller/Filter.swift /Users/admin/builder/spi-builder-workspace/FeatureFlags/Classes/UI/Feature\ Flags/View\ Controller/NavigationSettings.swift /Users/admin/builder/spi-builder-workspace/FeatureFlags/Classes/UI/Feature\ Flags/View\ Model/FeatureFlagsViewModel.swift /Users/admin/builder/spi-builder-workspace/FeatureFlags/Classes/UI/Feature\ Flags/Views/FeatureFlagTableViewCell.swift /Users/admin/builder/spi-builder-workspace/FeatureFlags/Classes/UI/FeatureFlagsUI.swift /Users/admin/builder/spi-builder-workspace/FeatureFlags/Classes/UI/FeatureFlagsUIObserver.swift /Users/admin/builder/spi-builder-workspace/FeatureFlags/Classes/UI/Picker/View\ Controller/PickerViewController.swift /Users/admin/builder/spi-builder-workspace/FeatureFlags/Classes/UI/Picker/View\ Controller/TestVariationPickerViewController.swift /Users/admin/builder/spi-builder-workspace/FeatureFlags/Classes/UI/Picker/View\ Model/PickerOptionsViewModel.swift -target arm64-apple-xros1.0 -module-can-import-version UIKit 9127.0.84.1 9127.0.84 -disable-cross-import-overlay-search -load-resolved-plugin /Applications/Xcode-27.0.0-Release.Candidate.app/Contents/Developer/Platforms/XROS.platform/Developer/usr/lib/swift/host/plugins/libFoundationMacros.dylib\#/Applications/Xcode-27.0.0-Release.Candidate.app/Contents/Developer/Platforms/XROS.platform/Developer/usr/bin/swift-plugin-server\#FoundationMacros -load-resolved-plugin /Applications/Xcode-27.0.0-Release.Candidate.app/Contents/Developer/Platforms/XROS.platform/Developer/usr/lib/swift/host/plugins/libObservationMacros.dylib\#/Applications/Xcode-27.0.0-Release.Candidate.app/Contents/Developer/Platforms/XROS.platform/Developer/usr/bin/swift-plugin-server\#ObservationMacros -load-resolved-plugin /Applications/Xcode-27.0.0-Release.Candidate.app/Contents/Developer/Platforms/XROS.platform/Developer/usr/lib/swift/host/plugins/libPreviewsMacros.dylib\#/Applications/Xcode-27.0.0-Release.Candidate.app/Contents/Developer/Platforms/XROS.platform/Developer/usr/bin/swift-plugin-server\#PreviewsMacros -load-resolved-plugin /Applications/Xcode-27.0.0-Release.Candidate.app/Contents/Developer/Platforms/XROS.platform/Developer/usr/lib/swift/host/plugins/libSwiftMacros.dylib\#/Applications/Xcode-27.0.0-Release.Candidate.app/Contents/Developer/Platforms/XROS.platform/Developer/usr/bin/swift-plugin-server\#SwiftMacros -load-resolved-plugin /Applications/Xcode-27.0.0-Release.Candidate.app/Contents/Developer/Platforms/XROS.platform/Developer/usr/lib/swift/host/plugins/libSwiftUIMacros.dylib\#/Applications/Xcode-27.0.0-Release.Candidate.app/Contents/Developer/Platforms/XROS.platform/Developer/usr/bin/swift-plugin-server\#SwiftUIMacros -disable-implicit-swift-modules -Xcc -fno-implicit-modules -Xcc -fno-implicit-module-maps -explicit-swift-module-map-file /Users/admin/builder/spi-builder-workspace/.derivedData/Build/Intermediates.noindex/FeatureFlags.build/Debug-xros/FeatureFlags-t.build/Objects-normal/arm64/FeatureFlags-dependencies-1.json -Xllvm -aarch64-use-tbi -enable-objc-interop -stack-check -sdk /Applications/Xcode-27.0.0-Release.Candidate.app/Contents/Developer/Platforms/XROS.platform/Developer/SDKs/XROS27.0.sdk -I /Users/admin/builder/spi-builder-workspace/.derivedData/Build/Products/Debug-xros -Isystem /Applications/Xcode-27.0.0-Release.Candidate.app/Contents/Developer/Platforms/XROS.platform/Developer/usr/lib -F /Users/admin/builder/spi-builder-workspace/.derivedData/Build/Products/Debug-xros -F /Applications/Xcode-27.0.0-Release.Candidate.app/Contents/Developer/Platforms/XROS.platform/Developer/Library/Frameworks -F /Applications/Xcode-27.0.0-Release.Candidate.app/Contents/Developer/Platforms/XROS.platform/Developer/SDKs/XROS27.0.sdk/Developer/Library/Frameworks -module-cache-path /Users/admin/builder/spi-builder-workspace/.derivedData/Build/Intermediates.noindex/SwiftExplicitPrecompiledModules -no-color-diagnostics -Xcc -fno-color-diagnostics -enable-testing -g -debug-info-format\=dwarf -dwarf-version\=4 -swift-version 5 -Onone -D SWIFT_PACKAGE -D DEBUG -D SWIFT_MODULE_RESOURCE_BUNDLE_UNAVAILABLE -D Xcode -serialize-debugging-options -enable-experimental-feature DebugDescriptionMacro -empty-abi-descriptor -validate-clang-modules-once -clang-build-session-file /Users/admin/builder/spi-builder-workspace/.derivedData/ModuleCache.noindex/Session.modulevalidation -Xcc -working-directory -Xcc /Users/admin/builder/spi-builder-workspace/.swiftpm/xcode -enable-anonymous-context-mangled-names -file-compilation-dir /Users/admin/builder/spi-builder-workspace/.swiftpm/xcode -Xcc -D_LIBCPP_HARDENING_MODE\=_LIBCPP_HARDENING_MODE_DEBUG -Xcc -ivfsstatcache -Xcc /Users/admin/builder/spi-builder-workspace/.derivedData/SDKStatCaches.noindex/xros27.0-24M361-e829b21a6f8c9b70876ba0858053c044735bd543db762f57723cac368afd1ce4.sdkstatcache -Xcc -fmodules-prune-interval\=86400 -Xcc -fmodules-prune-after\=345600 -Xcc -I/Users/admin/builder/spi-builder-workspace/.derivedData/Build/Products/Debug-xros/include -Xcc -I/Users/admin/builder/spi-builder-workspace/.derivedData/Build/Intermediates.noindex/FeatureFlags.build/Debug-xros/FeatureFlags-t.build/DerivedSources-normal/arm64 -Xcc -I/Users/admin/builder/spi-builder-workspace/.derivedData/Build/Intermediates.noindex/FeatureFlags.build/Debug-xros/FeatureFlags-t.build/DerivedSources/arm64 -Xcc -I/Users/admin/builder/spi-builder-workspace/.derivedData/Build/Intermediates.noindex/FeatureFlags.build/Debug-xros/FeatureFlags-t.build/DerivedSources -Xcc -DSWIFT_PACKAGE -Xcc -DDEBUG\=1 -no-auto-bridging-header-chaining -module-name FeatureFlags -const-gather-protocols-file /Users/admin/builder/spi-builder-workspace/.derivedData/Build/Intermediates.noindex/FeatureFlags.build/Debug-xros/FeatureFlags-t.build/Objects-normal/arm64/FeatureFlags_const_extract_protocols.json -disable-clang-spi -clang-target arm64-apple-xros27.0 -target-sdk-version 27.0 -target-sdk-name xros27.0 -in-process-plugin-server-path /Applications/Xcode-27.0.0-Release.Candidate.app/Contents/Developer/Toolchains/XcodeDefault.xctoolchain/usr/lib/swift/host/libSwiftInProcPluginServer.dylib -emit-module-doc-path /Users/admin/builder/spi-builder-workspace/.derivedData/Build/Intermediates.noindex/FeatureFlags.build/Debug-xros/FeatureFlags-t.build/Objects-normal/arm64/FeatureFlags.swiftdoc -emit-module-source-info-path /Users/admin/builder/spi-builder-workspace/.derivedData/Build/Intermediates.noindex/FeatureFlags.build/Debug-xros/FeatureFlags-t.build/Objects-normal/arm64/FeatureFlags.swiftsourceinfo -emit-objc-header-path /Users/admin/builder/spi-builder-workspace/.derivedData/Build/Intermediates.noindex/FeatureFlags.build/Debug-xros/FeatureFlags-t.build/Objects-normal/arm64/FeatureFlags-Swift.h -serialize-diagnostics-path /Users/admin/builder/spi-builder-workspace/.derivedData/Build/Intermediates.noindex/FeatureFlags.build/Debug-xros/FeatureFlags-t.build/Objects-normal/arm64/FeatureFlags-primary-emit-module.dia -emit-dependencies-path /Users/admin/builder/spi-builder-workspace/.derivedData/Build/Intermediates.noindex/FeatureFlags.build/Debug-xros/FeatureFlags-t.build/Objects-normal/arm64/FeatureFlags-primary-emit-module.d -parse-as-library -o /Users/admin/builder/spi-builder-workspace/.derivedData/Build/Intermediates.noindex/FeatureFlags.build/Debug-xros/FeatureFlags-t.build/Objects-normal/arm64/FeatureFlags.swiftmodule -emit-abi-descriptor-path /Users/admin/builder/spi-builder-workspace/.derivedData/Build/Intermediates.noindex/FeatureFlags.build/Debug-xros/FeatureFlags-t.build/Objects-normal/arm64/FeatureFlags.abi.json
SwiftCompile normal arm64 Compiling\ PickerViewController.swift,\ TestVariationPickerViewController.swift,\ PickerOptionsViewModel.swift /Users/admin/builder/spi-builder-workspace/FeatureFlags/Classes/UI/Picker/View\ Controller/PickerViewController.swift /Users/admin/builder/spi-builder-workspace/FeatureFlags/Classes/UI/Picker/View\ Controller/TestVariationPickerViewController.swift /Users/admin/builder/spi-builder-workspace/FeatureFlags/Classes/UI/Picker/View\ Model/PickerOptionsViewModel.swift (in target 'FeatureFlags' from project 'FeatureFlags')
SwiftCompile normal arm64 /Users/admin/builder/spi-builder-workspace/FeatureFlags/Classes/UI/Picker/View\ Controller/PickerViewController.swift (in target 'FeatureFlags' from project 'FeatureFlags')
cd /Users/admin/builder/spi-builder-workspace/.swiftpm/xcode
builtin-SwiftPerFileCompile PickerViewController.swift
SwiftCompile normal arm64 /Users/admin/builder/spi-builder-workspace/FeatureFlags/Classes/UI/Picker/View\ Controller/TestVariationPickerViewController.swift (in target 'FeatureFlags' from project 'FeatureFlags')
cd /Users/admin/builder/spi-builder-workspace/.swiftpm/xcode
builtin-SwiftPerFileCompile TestVariationPickerViewController.swift
SwiftCompile normal arm64 /Users/admin/builder/spi-builder-workspace/FeatureFlags/Classes/UI/Picker/View\ Model/PickerOptionsViewModel.swift (in target 'FeatureFlags' from project 'FeatureFlags')
cd /Users/admin/builder/spi-builder-workspace/.swiftpm/xcode
builtin-SwiftPerFileCompile PickerOptionsViewModel.swift
SwiftCompile normal arm64 Compiling\ Filter.swift,\ NavigationSettings.swift,\ FeatureFlagsViewModel.swift /Users/admin/builder/spi-builder-workspace/FeatureFlags/Classes/UI/Feature\ Flags/View\ Controller/Filter.swift /Users/admin/builder/spi-builder-workspace/FeatureFlags/Classes/UI/Feature\ Flags/View\ Controller/NavigationSettings.swift /Users/admin/builder/spi-builder-workspace/FeatureFlags/Classes/UI/Feature\ Flags/View\ Model/FeatureFlagsViewModel.swift (in target 'FeatureFlags' from project 'FeatureFlags')
SwiftCompile normal arm64 /Users/admin/builder/spi-builder-workspace/FeatureFlags/Classes/UI/Feature\ Flags/View\ Controller/Filter.swift (in target 'FeatureFlags' from project 'FeatureFlags')
cd /Users/admin/builder/spi-builder-workspace/.swiftpm/xcode
builtin-SwiftPerFileCompile Filter.swift
SwiftCompile normal arm64 /Users/admin/builder/spi-builder-workspace/FeatureFlags/Classes/UI/Feature\ Flags/View\ Controller/NavigationSettings.swift (in target 'FeatureFlags' from project 'FeatureFlags')
cd /Users/admin/builder/spi-builder-workspace/.swiftpm/xcode
builtin-SwiftPerFileCompile NavigationSettings.swift
SwiftCompile normal arm64 /Users/admin/builder/spi-builder-workspace/FeatureFlags/Classes/UI/Feature\ Flags/View\ Model/FeatureFlagsViewModel.swift (in target 'FeatureFlags' from project 'FeatureFlags')
cd /Users/admin/builder/spi-builder-workspace/.swiftpm/xcode
builtin-SwiftPerFileCompile FeatureFlagsViewModel.swift
SwiftCompile normal arm64 Compiling\ FeatureFlagTableViewCell.swift,\ FeatureFlagsUI.swift,\ FeatureFlagsUIObserver.swift /Users/admin/builder/spi-builder-workspace/FeatureFlags/Classes/UI/Feature\ Flags/Views/FeatureFlagTableViewCell.swift /Users/admin/builder/spi-builder-workspace/FeatureFlags/Classes/UI/FeatureFlagsUI.swift /Users/admin/builder/spi-builder-workspace/FeatureFlags/Classes/UI/FeatureFlagsUIObserver.swift (in target 'FeatureFlags' from project 'FeatureFlags')
SwiftCompile normal arm64 /Users/admin/builder/spi-builder-workspace/FeatureFlags/Classes/UI/Feature\ Flags/Views/FeatureFlagTableViewCell.swift (in target 'FeatureFlags' from project 'FeatureFlags')
cd /Users/admin/builder/spi-builder-workspace/.swiftpm/xcode
builtin-SwiftPerFileCompile FeatureFlagTableViewCell.swift
SwiftCompile normal arm64 /Users/admin/builder/spi-builder-workspace/FeatureFlags/Classes/UI/FeatureFlagsUI.swift (in target 'FeatureFlags' from project 'FeatureFlags')
cd /Users/admin/builder/spi-builder-workspace/.swiftpm/xcode
builtin-SwiftPerFileCompile FeatureFlagsUI.swift
SwiftCompile normal arm64 /Users/admin/builder/spi-builder-workspace/FeatureFlags/Classes/UI/FeatureFlagsUIObserver.swift (in target 'FeatureFlags' from project 'FeatureFlags')
cd /Users/admin/builder/spi-builder-workspace/.swiftpm/xcode
builtin-SwiftPerFileCompile FeatureFlagsUIObserver.swift
SwiftCompile normal arm64 Compiling\ FeatureFlagsViewController+UIViewControllerPreviewingDelegate.swift,\ FeatureFlagsViewController.swift,\ FeatureFlagsViewControllerDelegate.swift /Users/admin/builder/spi-builder-workspace/FeatureFlags/Classes/UI/Feature\ Flags/View\ Controller/FeatureFlagsViewController+UIViewControllerPreviewingDelegate.swift /Users/admin/builder/spi-builder-workspace/FeatureFlags/Classes/UI/Feature\ Flags/View\ Controller/FeatureFlagsViewController.swift /Users/admin/builder/spi-builder-workspace/FeatureFlags/Classes/UI/Feature\ Flags/View\ Controller/FeatureFlagsViewControllerDelegate.swift (in target 'FeatureFlags' from project 'FeatureFlags')
/Users/admin/builder/spi-builder-workspace/FeatureFlags/Classes/UI/Feature Flags/View Controller/FeatureFlagsViewController+UIViewControllerPreviewingDelegate.swift:20:10: error: cannot override 'previewingContext' which has been marked unavailable
18 | }
19 |
20 | func previewingContext(_ previewingContext: UIViewControllerPreviewing,
| `- error: cannot override 'previewingContext' which has been marked unavailable
21 | viewControllerForLocation location: CGPoint) -> UIViewController? {
22 | if let indexPath = tableView.indexPathForRow(at: location) {
/Applications/Xcode-27.0.0-Release.Candidate.app/Contents/Developer/Platforms/XROS.platform/Developer/SDKs/XROS27.0.sdk/System/Library/Frameworks/UIKit.framework/Headers/UIViewController.h:654:1: note: 'previewingContext(_:viewControllerForLocation:)' has been explicitly marked unavailable here
652 |
653 | // If you return nil, a preview presentation will not be performed
654 | - (nullable UIViewController *)previewingContext:(id <UIViewControllerPreviewing>)previewingContext viewControllerForLocation:(CGPoint)location API_DEPRECATED("UIViewControllerPreviewing is deprecated. Please use UIContextMenuInteraction.", ios(9.0, 13.0)) API_UNAVAILABLE(visionos, watchos);
| `- note: 'previewingContext(_:viewControllerForLocation:)' has been explicitly marked unavailable here
655 | - (void)previewingContext:(id <UIViewControllerPreviewing>)previewingContext commitViewController:(UIViewController *)viewControllerToCommit API_DEPRECATED("UIViewControllerPreviewing is deprecated. Please use UIContextMenuInteraction.", ios(9.0, 13.0)) API_UNAVAILABLE(visionos, watchos);
656 |
/Users/admin/builder/spi-builder-workspace/FeatureFlags/Classes/UI/Feature Flags/View Controller/FeatureFlagsViewController+UIViewControllerPreviewingDelegate.swift:29:10: error: cannot override 'previewingContext' which has been marked unavailable
27 | }
28 |
29 | func previewingContext(_ previewingContext: UIViewControllerPreviewing,
| `- error: cannot override 'previewingContext' which has been marked unavailable
30 | commit viewControllerToCommit: UIViewController) {
31 | navigationController?.pushViewController(viewControllerToCommit, animated: true)
/Applications/Xcode-27.0.0-Release.Candidate.app/Contents/Developer/Platforms/XROS.platform/Developer/SDKs/XROS27.0.sdk/System/Library/Frameworks/UIKit.framework/Headers/UIViewController.h:655:1: note: 'previewingContext(_:commit:)' has been explicitly marked unavailable here
653 | // If you return nil, a preview presentation will not be performed
654 | - (nullable UIViewController *)previewingContext:(id <UIViewControllerPreviewing>)previewingContext viewControllerForLocation:(CGPoint)location API_DEPRECATED("UIViewControllerPreviewing is deprecated. Please use UIContextMenuInteraction.", ios(9.0, 13.0)) API_UNAVAILABLE(visionos, watchos);
655 | - (void)previewingContext:(id <UIViewControllerPreviewing>)previewingContext commitViewController:(UIViewController *)viewControllerToCommit API_DEPRECATED("UIViewControllerPreviewing is deprecated. Please use UIContextMenuInteraction.", ios(9.0, 13.0)) API_UNAVAILABLE(visionos, watchos);
| `- note: 'previewingContext(_:commit:)' has been explicitly marked unavailable here
656 |
657 | @end
/Users/admin/builder/spi-builder-workspace/FeatureFlags/Classes/UI/Feature Flags/View Controller/FeatureFlagsViewController+UIViewControllerPreviewingDelegate.swift:23:31: error: 'sourceRect' is unavailable in visionOS
21 | viewControllerForLocation location: CGPoint) -> UIViewController? {
22 | if let indexPath = tableView.indexPathForRow(at: location) {
23 | previewingContext.sourceRect = tableView.rectForRow(at: indexPath)
| `- error: 'sourceRect' is unavailable in visionOS
24 | return detailViewController(for: indexPath)
25 | }
/Applications/Xcode-27.0.0-Release.Candidate.app/Contents/Developer/Platforms/XROS.platform/Developer/SDKs/XROS27.0.sdk/System/Library/Frameworks/UIKit.framework/Headers/UIViewController.h:645:30: note: 'sourceRect' has been explicitly marked unavailable here
643 | // -previewingContext:viewControllerForLocation:
644 |
645 | @property (nonatomic) CGRect sourceRect API_DEPRECATED("UIViewControllerPreviewing is deprecated. Please use UIContextMenuInteraction.", ios(9.0, 13.0)) API_UNAVAILABLE(visionos, watchos);
| `- note: 'sourceRect' has been explicitly marked unavailable here
646 |
647 | @end
/Users/admin/builder/spi-builder-workspace/FeatureFlags/Classes/UI/Feature Flags/View Controller/FeatureFlagsViewController.swift:181:23: warning: 'UINib' was deprecated in visionOS 1.0: Loading Interface Builder products will not be supported in a future version of visionOS. [#DeprecatedDeclaration]
179 | private func configureTableView() {
180 | let cellReuseIdentifier = String(describing: FeatureFlagTableViewCell.self)
181 | let cellNib = UINib(nibName: cellReuseIdentifier, bundle: Bundle(for: type(of: self)))
| `- warning: 'UINib' was deprecated in visionOS 1.0: Loading Interface Builder products will not be supported in a future version of visionOS. [#DeprecatedDeclaration]
182 | tableView.register(cellNib, forCellReuseIdentifier: cellReuseIdentifier)
183 | tableView.dataSource = self
/Users/admin/builder/spi-builder-workspace/FeatureFlags/Classes/UI/Feature Flags/View Controller/FeatureFlagsViewController.swift:182:19: warning: 'register(_:forCellReuseIdentifier:)' was deprecated in visionOS 1.0: Loading Interface Builder products will not be supported in a future version of visionOS. [#DeprecatedDeclaration]
180 | let cellReuseIdentifier = String(describing: FeatureFlagTableViewCell.self)
181 | let cellNib = UINib(nibName: cellReuseIdentifier, bundle: Bundle(for: type(of: self)))
182 | tableView.register(cellNib, forCellReuseIdentifier: cellReuseIdentifier)
| `- warning: 'register(_:forCellReuseIdentifier:)' was deprecated in visionOS 1.0: Loading Interface Builder products will not be supported in a future version of visionOS. [#DeprecatedDeclaration]
183 | tableView.dataSource = self
184 | tableView.delegate = self
/Users/admin/builder/spi-builder-workspace/FeatureFlags/Classes/UI/Feature Flags/View Controller/FeatureFlagsViewController.swift:194:9: error: 'registerForPreviewing(with:sourceView:)' is unavailable in visionOS
192 | tableView.addSubview(refreshControl)
193 | }
194 | registerForPreviewing(with: self, sourceView: tableView)
| `- error: 'registerForPreviewing(with:sourceView:)' is unavailable in visionOS
195 | }
196 |
/Applications/Xcode-27.0.0-Release.Candidate.app/Contents/Developer/Platforms/XROS.platform/Developer/SDKs/XROS27.0.sdk/System/Library/Frameworks/UIKit.framework/Headers/UIViewController.h:662:1: note: 'registerForPreviewing(with:sourceView:)' has been explicitly marked unavailable here
660 |
661 | // Registers a view controller to participate with 3D Touch preview (peek) and commit (pop).
662 | - (id <UIViewControllerPreviewing>)registerForPreviewingWithDelegate:(id<UIViewControllerPreviewingDelegate>)delegate sourceView:(UIView *)sourceView API_DEPRECATED("UIViewControllerPreviewing is deprecated. Please use UIContextMenuInteraction.", ios(9.0, 13.0)) API_UNAVAILABLE(visionos, watchos);
| `- note: 'registerForPreviewing(with:sourceView:)' has been explicitly marked unavailable here
663 | - (void)unregisterForPreviewingWithContext:(id <UIViewControllerPreviewing>)previewing API_DEPRECATED("UIViewControllerPreviewing is deprecated. Please use UIContextMenuInteraction.", ios(9.0, 13.0)) API_UNAVAILABLE(visionos, watchos);
664 |
SwiftCompile normal arm64 /Users/admin/builder/spi-builder-workspace/FeatureFlags/Classes/UI/Feature\ Flags/View\ Controller/FeatureFlagsViewController+UIViewControllerPreviewingDelegate.swift (in target 'FeatureFlags' from project 'FeatureFlags')
cd /Users/admin/builder/spi-builder-workspace/.swiftpm/xcode
builtin-SwiftPerFileCompile FeatureFlagsViewController+UIViewControllerPreviewingDelegate.swift
SwiftCompile normal arm64 /Users/admin/builder/spi-builder-workspace/FeatureFlags/Classes/UI/Feature\ Flags/View\ Controller/FeatureFlagsViewController.swift (in target 'FeatureFlags' from project 'FeatureFlags')
cd /Users/admin/builder/spi-builder-workspace/.swiftpm/xcode
builtin-SwiftPerFileCompile FeatureFlagsViewController.swift
SwiftCompile normal arm64 /Users/admin/builder/spi-builder-workspace/FeatureFlags/Classes/UI/Feature\ Flags/View\ Controller/FeatureFlagsViewControllerDelegate.swift (in target 'FeatureFlags' from project 'FeatureFlags')
cd /Users/admin/builder/spi-builder-workspace/.swiftpm/xcode
builtin-SwiftPerFileCompile FeatureFlagsViewControllerDelegate.swift
SwiftCompile normal arm64 Compiling\ FeaturesModel.swift,\ Percentage.swift,\ Test.swift,\ TestVariation.swift /Users/admin/builder/spi-builder-workspace/FeatureFlags/Classes/Model/FeaturesModel.swift /Users/admin/builder/spi-builder-workspace/FeatureFlags/Classes/Model/Percentage.swift /Users/admin/builder/spi-builder-workspace/FeatureFlags/Classes/Model/Test.swift /Users/admin/builder/spi-builder-workspace/FeatureFlags/Classes/Model/TestVariation.swift (in target 'FeatureFlags' from project 'FeatureFlags')
SwiftCompile normal arm64 /Users/admin/builder/spi-builder-workspace/FeatureFlags/Classes/Model/FeaturesModel.swift (in target 'FeatureFlags' from project 'FeatureFlags')
cd /Users/admin/builder/spi-builder-workspace/.swiftpm/xcode
builtin-SwiftPerFileCompile FeaturesModel.swift
SwiftCompile normal arm64 /Users/admin/builder/spi-builder-workspace/FeatureFlags/Classes/Model/Percentage.swift (in target 'FeatureFlags' from project 'FeatureFlags')
cd /Users/admin/builder/spi-builder-workspace/.swiftpm/xcode
builtin-SwiftPerFileCompile Percentage.swift
SwiftCompile normal arm64 /Users/admin/builder/spi-builder-workspace/FeatureFlags/Classes/Model/Test.swift (in target 'FeatureFlags' from project 'FeatureFlags')
cd /Users/admin/builder/spi-builder-workspace/.swiftpm/xcode
builtin-SwiftPerFileCompile Test.swift
SwiftCompile normal arm64 /Users/admin/builder/spi-builder-workspace/FeatureFlags/Classes/Model/TestVariation.swift (in target 'FeatureFlags' from project 'FeatureFlags')
cd /Users/admin/builder/spi-builder-workspace/.swiftpm/xcode
builtin-SwiftPerFileCompile TestVariation.swift
SwiftCompile normal arm64 Compiling\ FeatureDetailsViewController.swift,\ UIControl.swift,\ CloseButtonAlignment.swift /Users/admin/builder/spi-builder-workspace/FeatureFlags/Classes/UI/Details/View\ Controller/FeatureDetailsViewController.swift /Users/admin/builder/spi-builder-workspace/FeatureFlags/Classes/UI/Feature\ Flags/Shared/UIControl.swift /Users/admin/builder/spi-builder-workspace/FeatureFlags/Classes/UI/Feature\ Flags/View\ Controller/CloseButtonAlignment.swift (in target 'FeatureFlags' from project 'FeatureFlags')
SwiftCompile normal arm64 /Users/admin/builder/spi-builder-workspace/FeatureFlags/Classes/UI/Details/View\ Controller/FeatureDetailsViewController.swift (in target 'FeatureFlags' from project 'FeatureFlags')
cd /Users/admin/builder/spi-builder-workspace/.swiftpm/xcode
builtin-SwiftPerFileCompile FeatureDetailsViewController.swift
SwiftCompile normal arm64 /Users/admin/builder/spi-builder-workspace/FeatureFlags/Classes/UI/Feature\ Flags/Shared/UIControl.swift (in target 'FeatureFlags' from project 'FeatureFlags')
cd /Users/admin/builder/spi-builder-workspace/.swiftpm/xcode
builtin-SwiftPerFileCompile UIControl.swift
SwiftCompile normal arm64 /Users/admin/builder/spi-builder-workspace/FeatureFlags/Classes/UI/Feature\ Flags/View\ Controller/CloseButtonAlignment.swift (in target 'FeatureFlags' from project 'FeatureFlags')
cd /Users/admin/builder/spi-builder-workspace/.swiftpm/xcode
builtin-SwiftPerFileCompile CloseButtonAlignment.swift
SwiftCompile normal arm64 Compiling\ UIColorAdditions.swift,\ ConfigurationType.swift,\ Feature+Codable.swift,\ Feature+Equatable.swift /Users/admin/builder/spi-builder-workspace/FeatureFlags/Classes/Extensions/UIColorAdditions.swift /Users/admin/builder/spi-builder-workspace/FeatureFlags/Classes/Model/ConfigurationType.swift /Users/admin/builder/spi-builder-workspace/FeatureFlags/Classes/Model/Feature+Codable.swift /Users/admin/builder/spi-builder-workspace/FeatureFlags/Classes/Model/Feature+Equatable.swift (in target 'FeatureFlags' from project 'FeatureFlags')
SwiftCompile normal arm64 /Users/admin/builder/spi-builder-workspace/FeatureFlags/Classes/Extensions/UIColorAdditions.swift (in target 'FeatureFlags' from project 'FeatureFlags')
cd /Users/admin/builder/spi-builder-workspace/.swiftpm/xcode
builtin-SwiftPerFileCompile UIColorAdditions.swift
SwiftCompile normal arm64 /Users/admin/builder/spi-builder-workspace/FeatureFlags/Classes/Model/ConfigurationType.swift (in target 'FeatureFlags' from project 'FeatureFlags')
cd /Users/admin/builder/spi-builder-workspace/.swiftpm/xcode
builtin-SwiftPerFileCompile ConfigurationType.swift
SwiftCompile normal arm64 /Users/admin/builder/spi-builder-workspace/FeatureFlags/Classes/Model/Feature+Codable.swift (in target 'FeatureFlags' from project 'FeatureFlags')
cd /Users/admin/builder/spi-builder-workspace/.swiftpm/xcode
builtin-SwiftPerFileCompile Feature+Codable.swift
SwiftCompile normal arm64 /Users/admin/builder/spi-builder-workspace/FeatureFlags/Classes/Model/Feature+Equatable.swift (in target 'FeatureFlags' from project 'FeatureFlags')
cd /Users/admin/builder/spi-builder-workspace/.swiftpm/xcode
builtin-SwiftPerFileCompile Feature+Equatable.swift
SwiftCompile normal arm64 Compiling\ JSONParsingService.swift,\ PropertyListParsingService.swift,\ ParsingServiceResult.swift,\ ParsingService.swift /Users/admin/builder/spi-builder-workspace/FeatureFlags/Classes/Services/Parsing/Implementation/JSONParsingService.swift /Users/admin/builder/spi-builder-workspace/FeatureFlags/Classes/Services/Parsing/Implementation/PropertyListParsingService.swift /Users/admin/builder/spi-builder-workspace/FeatureFlags/Classes/Services/Parsing/Model/ParsingServiceResult.swift /Users/admin/builder/spi-builder-workspace/FeatureFlags/Classes/Services/Parsing/Protocol/ParsingService.swift (in target 'FeatureFlags' from project 'FeatureFlags')
SwiftCompile normal arm64 /Users/admin/builder/spi-builder-workspace/FeatureFlags/Classes/Services/Parsing/Implementation/JSONParsingService.swift (in target 'FeatureFlags' from project 'FeatureFlags')
cd /Users/admin/builder/spi-builder-workspace/.swiftpm/xcode
builtin-SwiftPerFileCompile JSONParsingService.swift
SwiftCompile normal arm64 /Users/admin/builder/spi-builder-workspace/FeatureFlags/Classes/Services/Parsing/Implementation/PropertyListParsingService.swift (in target 'FeatureFlags' from project 'FeatureFlags')
cd /Users/admin/builder/spi-builder-workspace/.swiftpm/xcode
builtin-SwiftPerFileCompile PropertyListParsingService.swift
SwiftCompile normal arm64 /Users/admin/builder/spi-builder-workspace/FeatureFlags/Classes/Services/Parsing/Model/ParsingServiceResult.swift (in target 'FeatureFlags' from project 'FeatureFlags')
cd /Users/admin/builder/spi-builder-workspace/.swiftpm/xcode
builtin-SwiftPerFileCompile ParsingServiceResult.swift
SwiftCompile normal arm64 /Users/admin/builder/spi-builder-workspace/FeatureFlags/Classes/Services/Parsing/Protocol/ParsingService.swift (in target 'FeatureFlags' from project 'FeatureFlags')
cd /Users/admin/builder/spi-builder-workspace/.swiftpm/xcode
builtin-SwiftPerFileCompile ParsingService.swift
SwiftCompile normal arm64 Compiling\ Feature.swift,\ FeatureName.swift,\ FeatureTest.swift,\ FeatureType.swift /Users/admin/builder/spi-builder-workspace/FeatureFlags/Classes/Model/Feature.swift /Users/admin/builder/spi-builder-workspace/FeatureFlags/Classes/Model/FeatureName.swift /Users/admin/builder/spi-builder-workspace/FeatureFlags/Classes/Model/FeatureTest.swift /Users/admin/builder/spi-builder-workspace/FeatureFlags/Classes/Model/FeatureType.swift (in target 'FeatureFlags' from project 'FeatureFlags')
SwiftCompile normal arm64 /Users/admin/builder/spi-builder-workspace/FeatureFlags/Classes/Model/Feature.swift (in target 'FeatureFlags' from project 'FeatureFlags')
cd /Users/admin/builder/spi-builder-workspace/.swiftpm/xcode
builtin-SwiftPerFileCompile Feature.swift
SwiftCompile normal arm64 /Users/admin/builder/spi-builder-workspace/FeatureFlags/Classes/Model/FeatureName.swift (in target 'FeatureFlags' from project 'FeatureFlags')
cd /Users/admin/builder/spi-builder-workspace/.swiftpm/xcode
builtin-SwiftPerFileCompile FeatureName.swift
SwiftCompile normal arm64 /Users/admin/builder/spi-builder-workspace/FeatureFlags/Classes/Model/FeatureTest.swift (in target 'FeatureFlags' from project 'FeatureFlags')
cd /Users/admin/builder/spi-builder-workspace/.swiftpm/xcode
builtin-SwiftPerFileCompile FeatureTest.swift
SwiftCompile normal arm64 /Users/admin/builder/spi-builder-workspace/FeatureFlags/Classes/Model/FeatureType.swift (in target 'FeatureFlags' from project 'FeatureFlags')
cd /Users/admin/builder/spi-builder-workspace/.swiftpm/xcode
builtin-SwiftPerFileCompile FeatureType.swift
SwiftCompile normal arm64 Compiling\ FeatureFlags+Internal.swift,\ FeatureFlags.swift,\ FeatureFlagsAdapter.swift,\ CollectionAdditions.swift /Users/admin/builder/spi-builder-workspace/FeatureFlags/Classes/Core/FeatureFlags+Internal.swift /Users/admin/builder/spi-builder-workspace/FeatureFlags/Classes/Core/FeatureFlags.swift /Users/admin/builder/spi-builder-workspace/FeatureFlags/Classes/Core/FeatureFlagsAdapter.swift /Users/admin/builder/spi-builder-workspace/FeatureFlags/Classes/Extensions/CollectionAdditions.swift (in target 'FeatureFlags' from project 'FeatureFlags')
SwiftCompile normal arm64 /Users/admin/builder/spi-builder-workspace/FeatureFlags/Classes/Core/FeatureFlags+Internal.swift (in target 'FeatureFlags' from project 'FeatureFlags')
cd /Users/admin/builder/spi-builder-workspace/.swiftpm/xcode
builtin-SwiftPerFileCompile FeatureFlags+Internal.swift
SwiftCompile normal arm64 /Users/admin/builder/spi-builder-workspace/FeatureFlags/Classes/Core/FeatureFlags.swift (in target 'FeatureFlags' from project 'FeatureFlags')
cd /Users/admin/builder/spi-builder-workspace/.swiftpm/xcode
builtin-SwiftPerFileCompile FeatureFlags.swift
SwiftCompile normal arm64 /Users/admin/builder/spi-builder-workspace/FeatureFlags/Classes/Core/FeatureFlagsAdapter.swift (in target 'FeatureFlags' from project 'FeatureFlags')
cd /Users/admin/builder/spi-builder-workspace/.swiftpm/xcode
builtin-SwiftPerFileCompile FeatureFlagsAdapter.swift
SwiftCompile normal arm64 /Users/admin/builder/spi-builder-workspace/FeatureFlags/Classes/Extensions/CollectionAdditions.swift (in target 'FeatureFlags' from project 'FeatureFlags')
cd /Users/admin/builder/spi-builder-workspace/.swiftpm/xcode
builtin-SwiftPerFileCompile CollectionAdditions.swift
PruneExplicitPrecompiledModules /Users/admin/builder/spi-builder-workspace/.derivedData/Build/Intermediates.noindex/SwiftExplicitPrecompiledModules
PruneExplicitPrecompiledModules /Users/admin/builder/spi-builder-workspace/.derivedData/SDKExplicitPrecompiledModules
PruneExplicitPrecompiledModules /Users/admin/builder/spi-builder-workspace/.derivedData/Build/Intermediates.noindex/ExplicitPrecompiledModules
2026-09-18 22:02:32.257 xcodebuild[682:4437] [MT] IDERunDestination: Supported platforms for the buildables in the current scheme is empty.
** BUILD FAILED **
The following build commands failed:
SwiftCompile normal arm64 (in target 'FeatureFlags' from project 'FeatureFlags')
SwiftEmitModule normal arm64 Emitting\ module\ for\ FeatureFlags (in target 'FeatureFlags' from project 'FeatureFlags')
Building workspace FeatureFlags with scheme FeatureFlags
(3 failures)
Command line invocation:
/Applications/Xcode-27.0.0-Release.Candidate.app/Contents/Developer/usr/bin/xcodebuild -IDEClonedSourcePackagesDirPathOverride=/Users/admin/builder/spi-builder-workspace/.dependencies -resolvePackageDependencies
Resolve Package Graph
Resolved source packages:
FeatureFlags: /Users/admin/builder/spi-builder-workspace
resolved source packages: FeatureFlags
2026-09-18 22:02:39.496 xcodebuild[774:4838] [MT] IDERunDestination: Supported platforms for the buildables in the current scheme is empty.
{
"dependencies" : [
],
"manifest_display_name" : "FeatureFlags",
"name" : "FeatureFlags",
"path" : "/Users/admin/builder/spi-builder-workspace",
"platforms" : [
{
"name" : "ios",
"version" : "11.0"
},
{
"name" : "macos",
"version" : "10.13"
}
],
"products" : [
{
"name" : "FeatureFlags",
"targets" : [
"FeatureFlags"
],
"type" : {
"library" : [
"automatic"
]
}
}
],
"targets" : [
{
"c99name" : "FeatureFlags",
"module_type" : "SwiftTarget",
"name" : "FeatureFlags",
"path" : "FeatureFlags",
"product_memberships" : [
"FeatureFlags"
],
"sources" : [
"Classes/Core/FeatureFlags+Internal.swift",
"Classes/Core/FeatureFlags.swift",
"Classes/Core/FeatureFlagsAdapter.swift",
"Classes/Extensions/CollectionAdditions.swift",
"Classes/Extensions/UIColorAdditions.swift",
"Classes/Model/ConfigurationType.swift",
"Classes/Model/Feature+Codable.swift",
"Classes/Model/Feature+Equatable.swift",
"Classes/Model/Feature.swift",
"Classes/Model/FeatureName.swift",
"Classes/Model/FeatureTest.swift",
"Classes/Model/FeatureType.swift",
"Classes/Model/FeaturesModel.swift",
"Classes/Model/Percentage.swift",
"Classes/Model/Test.swift",
"Classes/Model/TestVariation.swift",
"Classes/Services/Parsing/Implementation/JSONParsingService.swift",
"Classes/Services/Parsing/Implementation/PropertyListParsingService.swift",
"Classes/Services/Parsing/Model/ParsingServiceResult.swift",
"Classes/Services/Parsing/Protocol/ParsingService.swift",
"Classes/UI/Details/View Controller/FeatureDetailsViewController.swift",
"Classes/UI/Feature Flags/Shared/UIControl.swift",
"Classes/UI/Feature Flags/View Controller/CloseButtonAlignment.swift",
"Classes/UI/Feature Flags/View Controller/FeatureFlagsViewController+UIViewControllerPreviewingDelegate.swift",
"Classes/UI/Feature Flags/View Controller/FeatureFlagsViewController.swift",
"Classes/UI/Feature Flags/View Controller/FeatureFlagsViewControllerDelegate.swift",
"Classes/UI/Feature Flags/View Controller/Filter.swift",
"Classes/UI/Feature Flags/View Controller/NavigationSettings.swift",
"Classes/UI/Feature Flags/View Model/FeatureFlagsViewModel.swift",
"Classes/UI/Feature Flags/Views/FeatureFlagTableViewCell.swift",
"Classes/UI/FeatureFlagsUI.swift",
"Classes/UI/FeatureFlagsUIObserver.swift",
"Classes/UI/Picker/View Controller/PickerViewController.swift",
"Classes/UI/Picker/View Controller/TestVariationPickerViewController.swift",
"Classes/UI/Picker/View Model/PickerOptionsViewModel.swift"
],
"type" : "library"
}
],
"tools_version" : "5.1"
}
{
"workspace" : {
"name" : "FeatureFlags",
"schemes" : [
"FeatureFlags"
]
}
}
2026-09-18 22:02:40.669 xcodebuild[782:4912] [MT] IDERunDestination: Supported platforms for the buildables in the current scheme is empty.
Running build ...
env DEVELOPER_DIR=/Applications/Xcode-27.0.0-Release.Candidate.app xcrun xcodebuild -IDEClonedSourcePackagesDirPathOverride=$PWD/.dependencies -skipMacroValidation -skipPackagePluginValidation -derivedDataPath $PWD/.derivedData build -scheme FeatureFlags -destination generic/platform=xrOS
Command line invocation:
/Applications/Xcode-27.0.0-Release.Candidate.app/Contents/Developer/usr/bin/xcodebuild -IDEClonedSourcePackagesDirPathOverride=/Users/admin/builder/spi-builder-workspace/.dependencies -skipMacroValidation -skipPackagePluginValidation -derivedDataPath /Users/admin/builder/spi-builder-workspace/.derivedData build -scheme FeatureFlags -destination generic/platform=xrOS
Resolve Package Graph
Resolved source packages:
FeatureFlags: /Users/admin/builder/spi-builder-workspace
ComputePackagePrebuildTargetDependencyGraph
Prepare packages
CreateBuildRequest
SendProjectDescription
CreateBuildOperation
ComputeTargetDependencyGraph
note: Building targets in dependency order
note: Target dependency graph (2 targets)
Target 'FeatureFlags-product' in project 'FeatureFlags'
➜ Explicit dependency on target 'FeatureFlags' in project 'FeatureFlags'
Target 'FeatureFlags' in project 'FeatureFlags' (no dependencies)
GatherProvisioningInputs
CreateBuildDescription
ClangStatCache /Applications/Xcode-27.0.0-Release.Candidate.app/Contents/Developer/Toolchains/XcodeDefault.xctoolchain/usr/bin/clang-stat-cache /Applications/Xcode-27.0.0-Release.Candidate.app/Contents/Developer/Platforms/XROS.platform/Developer/SDKs/XROS27.0.sdk /Users/admin/builder/spi-builder-workspace/.derivedData/SDKStatCaches.noindex/xros27.0-24M361-e829b21a6f8c9b70876ba0858053c044735bd543db762f57723cac368afd1ce4.sdkstatcache
cd /Users/admin/builder/spi-builder-workspace/.swiftpm/xcode
/Applications/Xcode-27.0.0-Release.Candidate.app/Contents/Developer/Toolchains/XcodeDefault.xctoolchain/usr/bin/clang-stat-cache /Applications/Xcode-27.0.0-Release.Candidate.app/Contents/Developer/Platforms/XROS.platform/Developer/SDKs/XROS27.0.sdk -o /Users/admin/builder/spi-builder-workspace/.derivedData/SDKStatCaches.noindex/xros27.0-24M361-e829b21a6f8c9b70876ba0858053c044735bd543db762f57723cac368afd1ce4.sdkstatcache
SwiftDriver FeatureFlags normal arm64 com.apple.xcode.tools.swift.compiler (in target 'FeatureFlags' from project 'FeatureFlags')
cd /Users/admin/builder/spi-builder-workspace/.swiftpm/xcode
builtin-SwiftDriver -- /Applications/Xcode-27.0.0-Release.Candidate.app/Contents/Developer/Toolchains/XcodeDefault.xctoolchain/usr/bin/swiftc -parse-as-library -module-name FeatureFlags -Onone @/Users/admin/builder/spi-builder-workspace/.derivedData/Build/Intermediates.noindex/FeatureFlags.build/Debug-xros/FeatureFlags-t.build/Objects-normal/arm64/FeatureFlags.SwiftFileList -DSWIFT_PACKAGE -DDEBUG -DSWIFT_MODULE_RESOURCE_BUNDLE_UNAVAILABLE -DXcode -plugin-path /Applications/Xcode-27.0.0-Release.Candidate.app/Contents/Developer/Toolchains/XcodeDefault.xctoolchain/usr/lib/swift/host/plugins/testing -enable-experimental-feature DebugDescriptionMacro -sdk /Applications/Xcode-27.0.0-Release.Candidate.app/Contents/Developer/Platforms/XROS.platform/Developer/SDKs/XROS27.0.sdk -target arm64-apple-xros1.0 -g -module-cache-path /Users/admin/builder/spi-builder-workspace/.derivedData/ModuleCache.noindex -Xfrontend -serialize-debugging-options -enable-testing -index-store-path /Users/admin/builder/spi-builder-workspace/.derivedData/Index.noindex/DataStore -Xcc -D_LIBCPP_HARDENING_MODE\=_LIBCPP_HARDENING_MODE_DEBUG -swift-version 5 -I /Users/admin/builder/spi-builder-workspace/.derivedData/Build/Products/Debug-xros -Isystem /Applications/Xcode-27.0.0-Release.Candidate.app/Contents/Developer/Platforms/XROS.platform/Developer/usr/lib -F /Users/admin/builder/spi-builder-workspace/.derivedData/Build/Products/Debug-xros -F /Applications/Xcode-27.0.0-Release.Candidate.app/Contents/Developer/Platforms/XROS.platform/Developer/Library/Frameworks -F /Applications/Xcode-27.0.0-Release.Candidate.app/Contents/Developer/Platforms/XROS.platform/Developer/SDKs/XROS27.0.sdk/Developer/Library/Frameworks -c -j10 -enable-batch-mode -incremental -Xcc -ivfsstatcache -Xcc /Users/admin/builder/spi-builder-workspace/.derivedData/SDKStatCaches.noindex/xros27.0-24M361-e829b21a6f8c9b70876ba0858053c044735bd543db762f57723cac368afd1ce4.sdkstatcache -output-file-map /Users/admin/builder/spi-builder-workspace/.derivedData/Build/Intermediates.noindex/FeatureFlags.build/Debug-xros/FeatureFlags-t.build/Objects-normal/arm64/FeatureFlags-OutputFileMap.json -save-temps -no-color-diagnostics -explicit-module-build -module-cache-path /Users/admin/builder/spi-builder-workspace/.derivedData/Build/Intermediates.noindex/SwiftExplicitPrecompiledModules -clang-scanner-module-cache-path /Users/admin/builder/spi-builder-workspace/.derivedData/ModuleCache.noindex -sdk-module-cache-path /Users/admin/builder/spi-builder-workspace/.derivedData/SDKExplicitPrecompiledModules -emit-dependencies -emit-module -emit-module-path /Users/admin/builder/spi-builder-workspace/.derivedData/Build/Intermediates.noindex/FeatureFlags.build/Debug-xros/FeatureFlags-t.build/Objects-normal/arm64/FeatureFlags.swiftmodule -serialize-diagnostics -dependency-scan-serialize-diagnostics-path /Users/admin/builder/spi-builder-workspace/.derivedData/Build/Intermediates.noindex/FeatureFlags.build/Debug-xros/FeatureFlags-t.build/Objects-normal/arm64/FeatureFlags-dependency-scan.dia -validate-clang-modules-once -clang-build-session-file /Users/admin/builder/spi-builder-workspace/.derivedData/ModuleCache.noindex/Session.modulevalidation -Xcc -fmodules-prune-interval\=86400 -Xcc -fmodules-prune-after\=345600 -emit-const-values -const-gather-protocols-list /Users/admin/builder/spi-builder-workspace/.derivedData/Build/Intermediates.noindex/FeatureFlags.build/Debug-xros/FeatureFlags-t.build/Objects-normal/arm64/FeatureFlags_const_extract_protocols.json -Xcc -I/Users/admin/builder/spi-builder-workspace/.derivedData/Build/Products/Debug-xros/include -Xcc -I/Users/admin/builder/spi-builder-workspace/.derivedData/Build/Intermediates.noindex/FeatureFlags.build/Debug-xros/FeatureFlags-t.build/DerivedSources-normal/arm64 -Xcc -I/Users/admin/builder/spi-builder-workspace/.derivedData/Build/Intermediates.noindex/FeatureFlags.build/Debug-xros/FeatureFlags-t.build/DerivedSources/arm64 -Xcc -I/Users/admin/builder/spi-builder-workspace/.derivedData/Build/Intermediates.noindex/FeatureFlags.build/Debug-xros/FeatureFlags-t.build/DerivedSources -Xcc -DSWIFT_PACKAGE -Xcc -DDEBUG\=1 -emit-objc-header -emit-objc-header-path /Users/admin/builder/spi-builder-workspace/.derivedData/Build/Intermediates.noindex/FeatureFlags.build/Debug-xros/FeatureFlags-t.build/Objects-normal/arm64/FeatureFlags-Swift.h -working-directory /Users/admin/builder/spi-builder-workspace/.swiftpm/xcode -experimental-emit-module-separately -disable-cmo
SwiftCompile normal arm64 Compiling\ Feature.swift,\ FeatureName.swift,\ FeatureTest.swift,\ FeatureType.swift /Users/admin/builder/spi-builder-workspace/FeatureFlags/Classes/Model/Feature.swift /Users/admin/builder/spi-builder-workspace/FeatureFlags/Classes/Model/FeatureName.swift /Users/admin/builder/spi-builder-workspace/FeatureFlags/Classes/Model/FeatureTest.swift /Users/admin/builder/spi-builder-workspace/FeatureFlags/Classes/Model/FeatureType.swift (in target 'FeatureFlags' from project 'FeatureFlags')
SwiftCompile normal arm64 /Users/admin/builder/spi-builder-workspace/FeatureFlags/Classes/Model/Feature.swift (in target 'FeatureFlags' from project 'FeatureFlags')
cd /Users/admin/builder/spi-builder-workspace/.swiftpm/xcode
builtin-SwiftPerFileCompile Feature.swift
SwiftCompile normal arm64 /Users/admin/builder/spi-builder-workspace/FeatureFlags/Classes/Model/FeatureName.swift (in target 'FeatureFlags' from project 'FeatureFlags')
cd /Users/admin/builder/spi-builder-workspace/.swiftpm/xcode
builtin-SwiftPerFileCompile FeatureName.swift
SwiftCompile normal arm64 /Users/admin/builder/spi-builder-workspace/FeatureFlags/Classes/Model/FeatureTest.swift (in target 'FeatureFlags' from project 'FeatureFlags')
cd /Users/admin/builder/spi-builder-workspace/.swiftpm/xcode
builtin-SwiftPerFileCompile FeatureTest.swift
SwiftCompile normal arm64 /Users/admin/builder/spi-builder-workspace/FeatureFlags/Classes/Model/FeatureType.swift (in target 'FeatureFlags' from project 'FeatureFlags')
cd /Users/admin/builder/spi-builder-workspace/.swiftpm/xcode
builtin-SwiftPerFileCompile FeatureType.swift
SwiftCompile normal arm64 Compiling\ UIColorAdditions.swift,\ ConfigurationType.swift,\ Feature+Codable.swift,\ Feature+Equatable.swift /Users/admin/builder/spi-builder-workspace/FeatureFlags/Classes/Extensions/UIColorAdditions.swift /Users/admin/builder/spi-builder-workspace/FeatureFlags/Classes/Model/ConfigurationType.swift /Users/admin/builder/spi-builder-workspace/FeatureFlags/Classes/Model/Feature+Codable.swift /Users/admin/builder/spi-builder-workspace/FeatureFlags/Classes/Model/Feature+Equatable.swift (in target 'FeatureFlags' from project 'FeatureFlags')
SwiftCompile normal arm64 /Users/admin/builder/spi-builder-workspace/FeatureFlags/Classes/Extensions/UIColorAdditions.swift (in target 'FeatureFlags' from project 'FeatureFlags')
cd /Users/admin/builder/spi-builder-workspace/.swiftpm/xcode
builtin-SwiftPerFileCompile UIColorAdditions.swift
SwiftCompile normal arm64 /Users/admin/builder/spi-builder-workspace/FeatureFlags/Classes/Model/ConfigurationType.swift (in target 'FeatureFlags' from project 'FeatureFlags')
cd /Users/admin/builder/spi-builder-workspace/.swiftpm/xcode
builtin-SwiftPerFileCompile ConfigurationType.swift
SwiftCompile normal arm64 /Users/admin/builder/spi-builder-workspace/FeatureFlags/Classes/Model/Feature+Codable.swift (in target 'FeatureFlags' from project 'FeatureFlags')
cd /Users/admin/builder/spi-builder-workspace/.swiftpm/xcode
builtin-SwiftPerFileCompile Feature+Codable.swift
SwiftCompile normal arm64 /Users/admin/builder/spi-builder-workspace/FeatureFlags/Classes/Model/Feature+Equatable.swift (in target 'FeatureFlags' from project 'FeatureFlags')
cd /Users/admin/builder/spi-builder-workspace/.swiftpm/xcode
builtin-SwiftPerFileCompile Feature+Equatable.swift
SwiftCompile normal arm64 Compiling\ FeatureFlags+Internal.swift,\ FeatureFlags.swift,\ FeatureFlagsAdapter.swift,\ CollectionAdditions.swift /Users/admin/builder/spi-builder-workspace/FeatureFlags/Classes/Core/FeatureFlags+Internal.swift /Users/admin/builder/spi-builder-workspace/FeatureFlags/Classes/Core/FeatureFlags.swift /Users/admin/builder/spi-builder-workspace/FeatureFlags/Classes/Core/FeatureFlagsAdapter.swift /Users/admin/builder/spi-builder-workspace/FeatureFlags/Classes/Extensions/CollectionAdditions.swift (in target 'FeatureFlags' from project 'FeatureFlags')
SwiftCompile normal arm64 /Users/admin/builder/spi-builder-workspace/FeatureFlags/Classes/Core/FeatureFlags+Internal.swift (in target 'FeatureFlags' from project 'FeatureFlags')
cd /Users/admin/builder/spi-builder-workspace/.swiftpm/xcode
builtin-SwiftPerFileCompile FeatureFlags+Internal.swift
SwiftCompile normal arm64 /Users/admin/builder/spi-builder-workspace/FeatureFlags/Classes/Core/FeatureFlags.swift (in target 'FeatureFlags' from project 'FeatureFlags')
cd /Users/admin/builder/spi-builder-workspace/.swiftpm/xcode
builtin-SwiftPerFileCompile FeatureFlags.swift
SwiftCompile normal arm64 /Users/admin/builder/spi-builder-workspace/FeatureFlags/Classes/Core/FeatureFlagsAdapter.swift (in target 'FeatureFlags' from project 'FeatureFlags')
cd /Users/admin/builder/spi-builder-workspace/.swiftpm/xcode
builtin-SwiftPerFileCompile FeatureFlagsAdapter.swift
SwiftCompile normal arm64 /Users/admin/builder/spi-builder-workspace/FeatureFlags/Classes/Extensions/CollectionAdditions.swift (in target 'FeatureFlags' from project 'FeatureFlags')
cd /Users/admin/builder/spi-builder-workspace/.swiftpm/xcode
builtin-SwiftPerFileCompile CollectionAdditions.swift
SwiftCompile normal arm64 Compiling\ Filter.swift,\ NavigationSettings.swift,\ FeatureFlagsViewModel.swift /Users/admin/builder/spi-builder-workspace/FeatureFlags/Classes/UI/Feature\ Flags/View\ Controller/Filter.swift /Users/admin/builder/spi-builder-workspace/FeatureFlags/Classes/UI/Feature\ Flags/View\ Controller/NavigationSettings.swift /Users/admin/builder/spi-builder-workspace/FeatureFlags/Classes/UI/Feature\ Flags/View\ Model/FeatureFlagsViewModel.swift (in target 'FeatureFlags' from project 'FeatureFlags')
SwiftCompile normal arm64 /Users/admin/builder/spi-builder-workspace/FeatureFlags/Classes/UI/Feature\ Flags/View\ Controller/Filter.swift (in target 'FeatureFlags' from project 'FeatureFlags')
cd /Users/admin/builder/spi-builder-workspace/.swiftpm/xcode
builtin-SwiftPerFileCompile Filter.swift
SwiftCompile normal arm64 /Users/admin/builder/spi-builder-workspace/FeatureFlags/Classes/UI/Feature\ Flags/View\ Controller/NavigationSettings.swift (in target 'FeatureFlags' from project 'FeatureFlags')
cd /Users/admin/builder/spi-builder-workspace/.swiftpm/xcode
builtin-SwiftPerFileCompile NavigationSettings.swift
SwiftCompile normal arm64 /Users/admin/builder/spi-builder-workspace/FeatureFlags/Classes/UI/Feature\ Flags/View\ Model/FeatureFlagsViewModel.swift (in target 'FeatureFlags' from project 'FeatureFlags')
cd /Users/admin/builder/spi-builder-workspace/.swiftpm/xcode
builtin-SwiftPerFileCompile FeatureFlagsViewModel.swift
SwiftCompile normal arm64 Compiling\ FeatureFlagsViewController+UIViewControllerPreviewingDelegate.swift,\ FeatureFlagsViewController.swift,\ FeatureFlagsViewControllerDelegate.swift /Users/admin/builder/spi-builder-workspace/FeatureFlags/Classes/UI/Feature\ Flags/View\ Controller/FeatureFlagsViewController+UIViewControllerPreviewingDelegate.swift /Users/admin/builder/spi-builder-workspace/FeatureFlags/Classes/UI/Feature\ Flags/View\ Controller/FeatureFlagsViewController.swift /Users/admin/builder/spi-builder-workspace/FeatureFlags/Classes/UI/Feature\ Flags/View\ Controller/FeatureFlagsViewControllerDelegate.swift (in target 'FeatureFlags' from project 'FeatureFlags')
/Users/admin/builder/spi-builder-workspace/FeatureFlags/Classes/UI/Feature Flags/View Controller/FeatureFlagsViewController+UIViewControllerPreviewingDelegate.swift:20:10: error: cannot override 'previewingContext' which has been marked unavailable
18 | }
19 |
20 | func previewingContext(_ previewingContext: UIViewControllerPreviewing,
| `- error: cannot override 'previewingContext' which has been marked unavailable
21 | viewControllerForLocation location: CGPoint) -> UIViewController? {
22 | if let indexPath = tableView.indexPathForRow(at: location) {
/Applications/Xcode-27.0.0-Release.Candidate.app/Contents/Developer/Platforms/XROS.platform/Developer/SDKs/XROS27.0.sdk/System/Library/Frameworks/UIKit.framework/Headers/UIViewController.h:654:1: note: 'previewingContext(_:viewControllerForLocation:)' has been explicitly marked unavailable here
652 |
653 | // If you return nil, a preview presentation will not be performed
654 | - (nullable UIViewController *)previewingContext:(id <UIViewControllerPreviewing>)previewingContext viewControllerForLocation:(CGPoint)location API_DEPRECATED("UIViewControllerPreviewing is deprecated. Please use UIContextMenuInteraction.", ios(9.0, 13.0)) API_UNAVAILABLE(visionos, watchos);
| `- note: 'previewingContext(_:viewControllerForLocation:)' has been explicitly marked unavailable here
655 | - (void)previewingContext:(id <UIViewControllerPreviewing>)previewingContext commitViewController:(UIViewController *)viewControllerToCommit API_DEPRECATED("UIViewControllerPreviewing is deprecated. Please use UIContextMenuInteraction.", ios(9.0, 13.0)) API_UNAVAILABLE(visionos, watchos);
656 |
/Users/admin/builder/spi-builder-workspace/FeatureFlags/Classes/UI/Feature Flags/View Controller/FeatureFlagsViewController+UIViewControllerPreviewingDelegate.swift:29:10: error: cannot override 'previewingContext' which has been marked unavailable
27 | }
28 |
29 | func previewingContext(_ previewingContext: UIViewControllerPreviewing,
| `- error: cannot override 'previewingContext' which has been marked unavailable
30 | commit viewControllerToCommit: UIViewController) {
31 | navigationController?.pushViewController(viewControllerToCommit, animated: true)
/Applications/Xcode-27.0.0-Release.Candidate.app/Contents/Developer/Platforms/XROS.platform/Developer/SDKs/XROS27.0.sdk/System/Library/Frameworks/UIKit.framework/Headers/UIViewController.h:655:1: note: 'previewingContext(_:commit:)' has been explicitly marked unavailable here
653 | // If you return nil, a preview presentation will not be performed
654 | - (nullable UIViewController *)previewingContext:(id <UIViewControllerPreviewing>)previewingContext viewControllerForLocation:(CGPoint)location API_DEPRECATED("UIViewControllerPreviewing is deprecated. Please use UIContextMenuInteraction.", ios(9.0, 13.0)) API_UNAVAILABLE(visionos, watchos);
655 | - (void)previewingContext:(id <UIViewControllerPreviewing>)previewingContext commitViewController:(UIViewController *)viewControllerToCommit API_DEPRECATED("UIViewControllerPreviewing is deprecated. Please use UIContextMenuInteraction.", ios(9.0, 13.0)) API_UNAVAILABLE(visionos, watchos);
| `- note: 'previewingContext(_:commit:)' has been explicitly marked unavailable here
656 |
657 | @end
/Users/admin/builder/spi-builder-workspace/FeatureFlags/Classes/UI/Feature Flags/View Controller/FeatureFlagsViewController+UIViewControllerPreviewingDelegate.swift:23:31: error: 'sourceRect' is unavailable in visionOS
21 | viewControllerForLocation location: CGPoint) -> UIViewController? {
22 | if let indexPath = tableView.indexPathForRow(at: location) {
23 | previewingContext.sourceRect = tableView.rectForRow(at: indexPath)
| `- error: 'sourceRect' is unavailable in visionOS
24 | return detailViewController(for: indexPath)
25 | }
/Applications/Xcode-27.0.0-Release.Candidate.app/Contents/Developer/Platforms/XROS.platform/Developer/SDKs/XROS27.0.sdk/System/Library/Frameworks/UIKit.framework/Headers/UIViewController.h:645:30: note: 'sourceRect' has been explicitly marked unavailable here
643 | // -previewingContext:viewControllerForLocation:
644 |
645 | @property (nonatomic) CGRect sourceRect API_DEPRECATED("UIViewControllerPreviewing is deprecated. Please use UIContextMenuInteraction.", ios(9.0, 13.0)) API_UNAVAILABLE(visionos, watchos);
| `- note: 'sourceRect' has been explicitly marked unavailable here
646 |
647 | @end
/Users/admin/builder/spi-builder-workspace/FeatureFlags/Classes/UI/Feature Flags/View Controller/FeatureFlagsViewController.swift:181:23: warning: 'UINib' was deprecated in visionOS 1.0: Loading Interface Builder products will not be supported in a future version of visionOS. [#DeprecatedDeclaration]
179 | private func configureTableView() {
180 | let cellReuseIdentifier = String(describing: FeatureFlagTableViewCell.self)
181 | let cellNib = UINib(nibName: cellReuseIdentifier, bundle: Bundle(for: type(of: self)))
| `- warning: 'UINib' was deprecated in visionOS 1.0: Loading Interface Builder products will not be supported in a future version of visionOS. [#DeprecatedDeclaration]
182 | tableView.register(cellNib, forCellReuseIdentifier: cellReuseIdentifier)
183 | tableView.dataSource = self
/Users/admin/builder/spi-builder-workspace/FeatureFlags/Classes/UI/Feature Flags/View Controller/FeatureFlagsViewController.swift:182:19: warning: 'register(_:forCellReuseIdentifier:)' was deprecated in visionOS 1.0: Loading Interface Builder products will not be supported in a future version of visionOS. [#DeprecatedDeclaration]
180 | let cellReuseIdentifier = String(describing: FeatureFlagTableViewCell.self)
181 | let cellNib = UINib(nibName: cellReuseIdentifier, bundle: Bundle(for: type(of: self)))
182 | tableView.register(cellNib, forCellReuseIdentifier: cellReuseIdentifier)
| `- warning: 'register(_:forCellReuseIdentifier:)' was deprecated in visionOS 1.0: Loading Interface Builder products will not be supported in a future version of visionOS. [#DeprecatedDeclaration]
183 | tableView.dataSource = self
184 | tableView.delegate = self
/Users/admin/builder/spi-builder-workspace/FeatureFlags/Classes/UI/Feature Flags/View Controller/FeatureFlagsViewController.swift:194:9: error: 'registerForPreviewing(with:sourceView:)' is unavailable in visionOS
192 | tableView.addSubview(refreshControl)
193 | }
194 | registerForPreviewing(with: self, sourceView: tableView)
| `- error: 'registerForPreviewing(with:sourceView:)' is unavailable in visionOS
195 | }
196 |
/Applications/Xcode-27.0.0-Release.Candidate.app/Contents/Developer/Platforms/XROS.platform/Developer/SDKs/XROS27.0.sdk/System/Library/Frameworks/UIKit.framework/Headers/UIViewController.h:662:1: note: 'registerForPreviewing(with:sourceView:)' has been explicitly marked unavailable here
660 |
661 | // Registers a view controller to participate with 3D Touch preview (peek) and commit (pop).
662 | - (id <UIViewControllerPreviewing>)registerForPreviewingWithDelegate:(id<UIViewControllerPreviewingDelegate>)delegate sourceView:(UIView *)sourceView API_DEPRECATED("UIViewControllerPreviewing is deprecated. Please use UIContextMenuInteraction.", ios(9.0, 13.0)) API_UNAVAILABLE(visionos, watchos);
| `- note: 'registerForPreviewing(with:sourceView:)' has been explicitly marked unavailable here
663 | - (void)unregisterForPreviewingWithContext:(id <UIViewControllerPreviewing>)previewing API_DEPRECATED("UIViewControllerPreviewing is deprecated. Please use UIContextMenuInteraction.", ios(9.0, 13.0)) API_UNAVAILABLE(visionos, watchos);
664 |
SwiftCompile normal arm64 /Users/admin/builder/spi-builder-workspace/FeatureFlags/Classes/UI/Feature\ Flags/View\ Controller/FeatureFlagsViewController+UIViewControllerPreviewingDelegate.swift (in target 'FeatureFlags' from project 'FeatureFlags')
cd /Users/admin/builder/spi-builder-workspace/.swiftpm/xcode
builtin-SwiftPerFileCompile FeatureFlagsViewController+UIViewControllerPreviewingDelegate.swift
SwiftCompile normal arm64 /Users/admin/builder/spi-builder-workspace/FeatureFlags/Classes/UI/Feature\ Flags/View\ Controller/FeatureFlagsViewController.swift (in target 'FeatureFlags' from project 'FeatureFlags')
cd /Users/admin/builder/spi-builder-workspace/.swiftpm/xcode
builtin-SwiftPerFileCompile FeatureFlagsViewController.swift
SwiftCompile normal arm64 /Users/admin/builder/spi-builder-workspace/FeatureFlags/Classes/UI/Feature\ Flags/View\ Controller/FeatureFlagsViewControllerDelegate.swift (in target 'FeatureFlags' from project 'FeatureFlags')
cd /Users/admin/builder/spi-builder-workspace/.swiftpm/xcode
builtin-SwiftPerFileCompile FeatureFlagsViewControllerDelegate.swift
SwiftCompile normal arm64 Compiling\ FeatureFlagTableViewCell.swift,\ FeatureFlagsUI.swift,\ FeatureFlagsUIObserver.swift /Users/admin/builder/spi-builder-workspace/FeatureFlags/Classes/UI/Feature\ Flags/Views/FeatureFlagTableViewCell.swift /Users/admin/builder/spi-builder-workspace/FeatureFlags/Classes/UI/FeatureFlagsUI.swift /Users/admin/builder/spi-builder-workspace/FeatureFlags/Classes/UI/FeatureFlagsUIObserver.swift (in target 'FeatureFlags' from project 'FeatureFlags')
SwiftCompile normal arm64 /Users/admin/builder/spi-builder-workspace/FeatureFlags/Classes/UI/Feature\ Flags/Views/FeatureFlagTableViewCell.swift (in target 'FeatureFlags' from project 'FeatureFlags')
cd /Users/admin/builder/spi-builder-workspace/.swiftpm/xcode
builtin-SwiftPerFileCompile FeatureFlagTableViewCell.swift
SwiftCompile normal arm64 /Users/admin/builder/spi-builder-workspace/FeatureFlags/Classes/UI/FeatureFlagsUI.swift (in target 'FeatureFlags' from project 'FeatureFlags')
cd /Users/admin/builder/spi-builder-workspace/.swiftpm/xcode
builtin-SwiftPerFileCompile FeatureFlagsUI.swift
SwiftCompile normal arm64 /Users/admin/builder/spi-builder-workspace/FeatureFlags/Classes/UI/FeatureFlagsUIObserver.swift (in target 'FeatureFlags' from project 'FeatureFlags')
cd /Users/admin/builder/spi-builder-workspace/.swiftpm/xcode
builtin-SwiftPerFileCompile FeatureFlagsUIObserver.swift
SwiftCompile normal arm64 Compiling\ FeatureDetailsViewController.swift,\ UIControl.swift,\ CloseButtonAlignment.swift /Users/admin/builder/spi-builder-workspace/FeatureFlags/Classes/UI/Details/View\ Controller/FeatureDetailsViewController.swift /Users/admin/builder/spi-builder-workspace/FeatureFlags/Classes/UI/Feature\ Flags/Shared/UIControl.swift /Users/admin/builder/spi-builder-workspace/FeatureFlags/Classes/UI/Feature\ Flags/View\ Controller/CloseButtonAlignment.swift (in target 'FeatureFlags' from project 'FeatureFlags')
SwiftCompile normal arm64 /Users/admin/builder/spi-builder-workspace/FeatureFlags/Classes/UI/Details/View\ Controller/FeatureDetailsViewController.swift (in target 'FeatureFlags' from project 'FeatureFlags')
cd /Users/admin/builder/spi-builder-workspace/.swiftpm/xcode
builtin-SwiftPerFileCompile FeatureDetailsViewController.swift
SwiftCompile normal arm64 /Users/admin/builder/spi-builder-workspace/FeatureFlags/Classes/UI/Feature\ Flags/Shared/UIControl.swift (in target 'FeatureFlags' from project 'FeatureFlags')
cd /Users/admin/builder/spi-builder-workspace/.swiftpm/xcode
builtin-SwiftPerFileCompile UIControl.swift
SwiftCompile normal arm64 /Users/admin/builder/spi-builder-workspace/FeatureFlags/Classes/UI/Feature\ Flags/View\ Controller/CloseButtonAlignment.swift (in target 'FeatureFlags' from project 'FeatureFlags')
cd /Users/admin/builder/spi-builder-workspace/.swiftpm/xcode
builtin-SwiftPerFileCompile CloseButtonAlignment.swift
SwiftEmitModule normal arm64 Emitting\ module\ for\ FeatureFlags (in target 'FeatureFlags' from project 'FeatureFlags')
/Users/admin/builder/spi-builder-workspace/FeatureFlags/Classes/UI/Feature Flags/View Controller/FeatureFlagsViewController+UIViewControllerPreviewingDelegate.swift:20:10: error: cannot override 'previewingContext' which has been marked unavailable
18 | }
19 |
20 | func previewingContext(_ previewingContext: UIViewControllerPreviewing,
| `- error: cannot override 'previewingContext' which has been marked unavailable
21 | viewControllerForLocation location: CGPoint) -> UIViewController? {
22 | if let indexPath = tableView.indexPathForRow(at: location) {
/Applications/Xcode-27.0.0-Release.Candidate.app/Contents/Developer/Platforms/XROS.platform/Developer/SDKs/XROS27.0.sdk/System/Library/Frameworks/UIKit.framework/Headers/UIViewController.h:654:1: note: 'previewingContext(_:viewControllerForLocation:)' has been explicitly marked unavailable here
652 |
653 | // If you return nil, a preview presentation will not be performed
654 | - (nullable UIViewController *)previewingContext:(id <UIViewControllerPreviewing>)previewingContext viewControllerForLocation:(CGPoint)location API_DEPRECATED("UIViewControllerPreviewing is deprecated. Please use UIContextMenuInteraction.", ios(9.0, 13.0)) API_UNAVAILABLE(visionos, watchos);
| `- note: 'previewingContext(_:viewControllerForLocation:)' has been explicitly marked unavailable here
655 | - (void)previewingContext:(id <UIViewControllerPreviewing>)previewingContext commitViewController:(UIViewController *)viewControllerToCommit API_DEPRECATED("UIViewControllerPreviewing is deprecated. Please use UIContextMenuInteraction.", ios(9.0, 13.0)) API_UNAVAILABLE(visionos, watchos);
656 |
/Users/admin/builder/spi-builder-workspace/FeatureFlags/Classes/UI/Feature Flags/View Controller/FeatureFlagsViewController+UIViewControllerPreviewingDelegate.swift:29:10: error: cannot override 'previewingContext' which has been marked unavailable
27 | }
28 |
29 | func previewingContext(_ previewingContext: UIViewControllerPreviewing,
| `- error: cannot override 'previewingContext' which has been marked unavailable
30 | commit viewControllerToCommit: UIViewController) {
31 | navigationController?.pushViewController(viewControllerToCommit, animated: true)
/Applications/Xcode-27.0.0-Release.Candidate.app/Contents/Developer/Platforms/XROS.platform/Developer/SDKs/XROS27.0.sdk/System/Library/Frameworks/UIKit.framework/Headers/UIViewController.h:655:1: note: 'previewingContext(_:commit:)' has been explicitly marked unavailable here
653 | // If you return nil, a preview presentation will not be performed
654 | - (nullable UIViewController *)previewingContext:(id <UIViewControllerPreviewing>)previewingContext viewControllerForLocation:(CGPoint)location API_DEPRECATED("UIViewControllerPreviewing is deprecated. Please use UIContextMenuInteraction.", ios(9.0, 13.0)) API_UNAVAILABLE(visionos, watchos);
655 | - (void)previewingContext:(id <UIViewControllerPreviewing>)previewingContext commitViewController:(UIViewController *)viewControllerToCommit API_DEPRECATED("UIViewControllerPreviewing is deprecated. Please use UIContextMenuInteraction.", ios(9.0, 13.0)) API_UNAVAILABLE(visionos, watchos);
| `- note: 'previewingContext(_:commit:)' has been explicitly marked unavailable here
656 |
657 | @end
Failed frontend command:
/Applications/Xcode-27.0.0-Release.Candidate.app/Contents/Developer/Toolchains/XcodeDefault.xctoolchain/usr/bin/swift-frontend -frontend -emit-module -experimental-skip-non-inlinable-function-bodies-without-types /Users/admin/builder/spi-builder-workspace/FeatureFlags/Classes/Core/FeatureFlags+Internal.swift /Users/admin/builder/spi-builder-workspace/FeatureFlags/Classes/Core/FeatureFlags.swift /Users/admin/builder/spi-builder-workspace/FeatureFlags/Classes/Core/FeatureFlagsAdapter.swift /Users/admin/builder/spi-builder-workspace/FeatureFlags/Classes/Extensions/CollectionAdditions.swift /Users/admin/builder/spi-builder-workspace/FeatureFlags/Classes/Extensions/UIColorAdditions.swift /Users/admin/builder/spi-builder-workspace/FeatureFlags/Classes/Model/ConfigurationType.swift /Users/admin/builder/spi-builder-workspace/FeatureFlags/Classes/Model/Feature+Codable.swift /Users/admin/builder/spi-builder-workspace/FeatureFlags/Classes/Model/Feature+Equatable.swift /Users/admin/builder/spi-builder-workspace/FeatureFlags/Classes/Model/Feature.swift /Users/admin/builder/spi-builder-workspace/FeatureFlags/Classes/Model/FeatureName.swift /Users/admin/builder/spi-builder-workspace/FeatureFlags/Classes/Model/FeatureTest.swift /Users/admin/builder/spi-builder-workspace/FeatureFlags/Classes/Model/FeatureType.swift /Users/admin/builder/spi-builder-workspace/FeatureFlags/Classes/Model/FeaturesModel.swift /Users/admin/builder/spi-builder-workspace/FeatureFlags/Classes/Model/Percentage.swift /Users/admin/builder/spi-builder-workspace/FeatureFlags/Classes/Model/Test.swift /Users/admin/builder/spi-builder-workspace/FeatureFlags/Classes/Model/TestVariation.swift /Users/admin/builder/spi-builder-workspace/FeatureFlags/Classes/Services/Parsing/Implementation/JSONParsingService.swift /Users/admin/builder/spi-builder-workspace/FeatureFlags/Classes/Services/Parsing/Implementation/PropertyListParsingService.swift /Users/admin/builder/spi-builder-workspace/FeatureFlags/Classes/Services/Parsing/Model/ParsingServiceResult.swift /Users/admin/builder/spi-builder-workspace/FeatureFlags/Classes/Services/Parsing/Protocol/ParsingService.swift /Users/admin/builder/spi-builder-workspace/FeatureFlags/Classes/UI/Details/View\ Controller/FeatureDetailsViewController.swift /Users/admin/builder/spi-builder-workspace/FeatureFlags/Classes/UI/Feature\ Flags/Shared/UIControl.swift /Users/admin/builder/spi-builder-workspace/FeatureFlags/Classes/UI/Feature\ Flags/View\ Controller/CloseButtonAlignment.swift /Users/admin/builder/spi-builder-workspace/FeatureFlags/Classes/UI/Feature\ Flags/View\ Controller/FeatureFlagsViewController+UIViewControllerPreviewingDelegate.swift /Users/admin/builder/spi-builder-workspace/FeatureFlags/Classes/UI/Feature\ Flags/View\ Controller/FeatureFlagsViewController.swift /Users/admin/builder/spi-builder-workspace/FeatureFlags/Classes/UI/Feature\ Flags/View\ Controller/FeatureFlagsViewControllerDelegate.swift /Users/admin/builder/spi-builder-workspace/FeatureFlags/Classes/UI/Feature\ Flags/View\ Controller/Filter.swift /Users/admin/builder/spi-builder-workspace/FeatureFlags/Classes/UI/Feature\ Flags/View\ Controller/NavigationSettings.swift /Users/admin/builder/spi-builder-workspace/FeatureFlags/Classes/UI/Feature\ Flags/View\ Model/FeatureFlagsViewModel.swift /Users/admin/builder/spi-builder-workspace/FeatureFlags/Classes/UI/Feature\ Flags/Views/FeatureFlagTableViewCell.swift /Users/admin/builder/spi-builder-workspace/FeatureFlags/Classes/UI/FeatureFlagsUI.swift /Users/admin/builder/spi-builder-workspace/FeatureFlags/Classes/UI/FeatureFlagsUIObserver.swift /Users/admin/builder/spi-builder-workspace/FeatureFlags/Classes/UI/Picker/View\ Controller/PickerViewController.swift /Users/admin/builder/spi-builder-workspace/FeatureFlags/Classes/UI/Picker/View\ Controller/TestVariationPickerViewController.swift /Users/admin/builder/spi-builder-workspace/FeatureFlags/Classes/UI/Picker/View\ Model/PickerOptionsViewModel.swift -target arm64-apple-xros1.0 -module-can-import-version UIKit 9127.0.84.1 9127.0.84 -disable-cross-import-overlay-search -load-resolved-plugin /Applications/Xcode-27.0.0-Release.Candidate.app/Contents/Developer/Platforms/XROS.platform/Developer/usr/lib/swift/host/plugins/libFoundationMacros.dylib\#/Applications/Xcode-27.0.0-Release.Candidate.app/Contents/Developer/Platforms/XROS.platform/Developer/usr/bin/swift-plugin-server\#FoundationMacros -load-resolved-plugin /Applications/Xcode-27.0.0-Release.Candidate.app/Contents/Developer/Platforms/XROS.platform/Developer/usr/lib/swift/host/plugins/libObservationMacros.dylib\#/Applications/Xcode-27.0.0-Release.Candidate.app/Contents/Developer/Platforms/XROS.platform/Developer/usr/bin/swift-plugin-server\#ObservationMacros -load-resolved-plugin /Applications/Xcode-27.0.0-Release.Candidate.app/Contents/Developer/Platforms/XROS.platform/Developer/usr/lib/swift/host/plugins/libPreviewsMacros.dylib\#/Applications/Xcode-27.0.0-Release.Candidate.app/Contents/Developer/Platforms/XROS.platform/Developer/usr/bin/swift-plugin-server\#PreviewsMacros -load-resolved-plugin /Applications/Xcode-27.0.0-Release.Candidate.app/Contents/Developer/Platforms/XROS.platform/Developer/usr/lib/swift/host/plugins/libSwiftMacros.dylib\#/Applications/Xcode-27.0.0-Release.Candidate.app/Contents/Developer/Platforms/XROS.platform/Developer/usr/bin/swift-plugin-server\#SwiftMacros -load-resolved-plugin /Applications/Xcode-27.0.0-Release.Candidate.app/Contents/Developer/Platforms/XROS.platform/Developer/usr/lib/swift/host/plugins/libSwiftUIMacros.dylib\#/Applications/Xcode-27.0.0-Release.Candidate.app/Contents/Developer/Platforms/XROS.platform/Developer/usr/bin/swift-plugin-server\#SwiftUIMacros -disable-implicit-swift-modules -Xcc -fno-implicit-modules -Xcc -fno-implicit-module-maps -explicit-swift-module-map-file /Users/admin/builder/spi-builder-workspace/.derivedData/Build/Intermediates.noindex/FeatureFlags.build/Debug-xros/FeatureFlags-t.build/Objects-normal/arm64/FeatureFlags-dependencies-1.json -Xllvm -aarch64-use-tbi -enable-objc-interop -stack-check -sdk /Applications/Xcode-27.0.0-Release.Candidate.app/Contents/Developer/Platforms/XROS.platform/Developer/SDKs/XROS27.0.sdk -I /Users/admin/builder/spi-builder-workspace/.derivedData/Build/Products/Debug-xros -Isystem /Applications/Xcode-27.0.0-Release.Candidate.app/Contents/Developer/Platforms/XROS.platform/Developer/usr/lib -F /Users/admin/builder/spi-builder-workspace/.derivedData/Build/Products/Debug-xros -F /Applications/Xcode-27.0.0-Release.Candidate.app/Contents/Developer/Platforms/XROS.platform/Developer/Library/Frameworks -F /Applications/Xcode-27.0.0-Release.Candidate.app/Contents/Developer/Platforms/XROS.platform/Developer/SDKs/XROS27.0.sdk/Developer/Library/Frameworks -module-cache-path /Users/admin/builder/spi-builder-workspace/.derivedData/Build/Intermediates.noindex/SwiftExplicitPrecompiledModules -no-color-diagnostics -Xcc -fno-color-diagnostics -enable-testing -g -debug-info-format\=dwarf -dwarf-version\=4 -swift-version 5 -Onone -D SWIFT_PACKAGE -D DEBUG -D SWIFT_MODULE_RESOURCE_BUNDLE_UNAVAILABLE -D Xcode -serialize-debugging-options -enable-experimental-feature DebugDescriptionMacro -empty-abi-descriptor -validate-clang-modules-once -clang-build-session-file /Users/admin/builder/spi-builder-workspace/.derivedData/ModuleCache.noindex/Session.modulevalidation -Xcc -working-directory -Xcc /Users/admin/builder/spi-builder-workspace/.swiftpm/xcode -enable-anonymous-context-mangled-names -file-compilation-dir /Users/admin/builder/spi-builder-workspace/.swiftpm/xcode -Xcc -D_LIBCPP_HARDENING_MODE\=_LIBCPP_HARDENING_MODE_DEBUG -Xcc -ivfsstatcache -Xcc /Users/admin/builder/spi-builder-workspace/.derivedData/SDKStatCaches.noindex/xros27.0-24M361-e829b21a6f8c9b70876ba0858053c044735bd543db762f57723cac368afd1ce4.sdkstatcache -Xcc -fmodules-prune-interval\=86400 -Xcc -fmodules-prune-after\=345600 -Xcc -I/Users/admin/builder/spi-builder-workspace/.derivedData/Build/Products/Debug-xros/include -Xcc -I/Users/admin/builder/spi-builder-workspace/.derivedData/Build/Intermediates.noindex/FeatureFlags.build/Debug-xros/FeatureFlags-t.build/DerivedSources-normal/arm64 -Xcc -I/Users/admin/builder/spi-builder-workspace/.derivedData/Build/Intermediates.noindex/FeatureFlags.build/Debug-xros/FeatureFlags-t.build/DerivedSources/arm64 -Xcc -I/Users/admin/builder/spi-builder-workspace/.derivedData/Build/Intermediates.noindex/FeatureFlags.build/Debug-xros/FeatureFlags-t.build/DerivedSources -Xcc -DSWIFT_PACKAGE -Xcc -DDEBUG\=1 -no-auto-bridging-header-chaining -module-name FeatureFlags -const-gather-protocols-file /Users/admin/builder/spi-builder-workspace/.derivedData/Build/Intermediates.noindex/FeatureFlags.build/Debug-xros/FeatureFlags-t.build/Objects-normal/arm64/FeatureFlags_const_extract_protocols.json -disable-clang-spi -clang-target arm64-apple-xros27.0 -target-sdk-version 27.0 -target-sdk-name xros27.0 -in-process-plugin-server-path /Applications/Xcode-27.0.0-Release.Candidate.app/Contents/Developer/Toolchains/XcodeDefault.xctoolchain/usr/lib/swift/host/libSwiftInProcPluginServer.dylib -emit-module-doc-path /Users/admin/builder/spi-builder-workspace/.derivedData/Build/Intermediates.noindex/FeatureFlags.build/Debug-xros/FeatureFlags-t.build/Objects-normal/arm64/FeatureFlags.swiftdoc -emit-module-source-info-path /Users/admin/builder/spi-builder-workspace/.derivedData/Build/Intermediates.noindex/FeatureFlags.build/Debug-xros/FeatureFlags-t.build/Objects-normal/arm64/FeatureFlags.swiftsourceinfo -emit-objc-header-path /Users/admin/builder/spi-builder-workspace/.derivedData/Build/Intermediates.noindex/FeatureFlags.build/Debug-xros/FeatureFlags-t.build/Objects-normal/arm64/FeatureFlags-Swift.h -serialize-diagnostics-path /Users/admin/builder/spi-builder-workspace/.derivedData/Build/Intermediates.noindex/FeatureFlags.build/Debug-xros/FeatureFlags-t.build/Objects-normal/arm64/FeatureFlags-primary-emit-module.dia -emit-dependencies-path /Users/admin/builder/spi-builder-workspace/.derivedData/Build/Intermediates.noindex/FeatureFlags.build/Debug-xros/FeatureFlags-t.build/Objects-normal/arm64/FeatureFlags-primary-emit-module.d -parse-as-library -o /Users/admin/builder/spi-builder-workspace/.derivedData/Build/Intermediates.noindex/FeatureFlags.build/Debug-xros/FeatureFlags-t.build/Objects-normal/arm64/FeatureFlags.swiftmodule -emit-abi-descriptor-path /Users/admin/builder/spi-builder-workspace/.derivedData/Build/Intermediates.noindex/FeatureFlags.build/Debug-xros/FeatureFlags-t.build/Objects-normal/arm64/FeatureFlags.abi.json
SwiftCompile normal arm64 (in target 'FeatureFlags' from project 'FeatureFlags')
cd /Users/admin/builder/spi-builder-workspace/.swiftpm/xcode
SwiftCompile normal arm64 Compiling\ PickerViewController.swift,\ TestVariationPickerViewController.swift,\ PickerOptionsViewModel.swift /Users/admin/builder/spi-builder-workspace/FeatureFlags/Classes/UI/Picker/View\ Controller/PickerViewController.swift /Users/admin/builder/spi-builder-workspace/FeatureFlags/Classes/UI/Picker/View\ Controller/TestVariationPickerViewController.swift /Users/admin/builder/spi-builder-workspace/FeatureFlags/Classes/UI/Picker/View\ Model/PickerOptionsViewModel.swift (in target 'FeatureFlags' from project 'FeatureFlags')
SwiftCompile normal arm64 /Users/admin/builder/spi-builder-workspace/FeatureFlags/Classes/UI/Picker/View\ Controller/PickerViewController.swift (in target 'FeatureFlags' from project 'FeatureFlags')
cd /Users/admin/builder/spi-builder-workspace/.swiftpm/xcode
builtin-SwiftPerFileCompile PickerViewController.swift
SwiftCompile normal arm64 /Users/admin/builder/spi-builder-workspace/FeatureFlags/Classes/UI/Picker/View\ Controller/TestVariationPickerViewController.swift (in target 'FeatureFlags' from project 'FeatureFlags')
cd /Users/admin/builder/spi-builder-workspace/.swiftpm/xcode
builtin-SwiftPerFileCompile TestVariationPickerViewController.swift
SwiftCompile normal arm64 /Users/admin/builder/spi-builder-workspace/FeatureFlags/Classes/UI/Picker/View\ Model/PickerOptionsViewModel.swift (in target 'FeatureFlags' from project 'FeatureFlags')
cd /Users/admin/builder/spi-builder-workspace/.swiftpm/xcode
builtin-SwiftPerFileCompile PickerOptionsViewModel.swift
SwiftCompile normal arm64 Compiling\ FeaturesModel.swift,\ Percentage.swift,\ Test.swift,\ TestVariation.swift /Users/admin/builder/spi-builder-workspace/FeatureFlags/Classes/Model/FeaturesModel.swift /Users/admin/builder/spi-builder-workspace/FeatureFlags/Classes/Model/Percentage.swift /Users/admin/builder/spi-builder-workspace/FeatureFlags/Classes/Model/Test.swift /Users/admin/builder/spi-builder-workspace/FeatureFlags/Classes/Model/TestVariation.swift (in target 'FeatureFlags' from project 'FeatureFlags')
SwiftCompile normal arm64 /Users/admin/builder/spi-builder-workspace/FeatureFlags/Classes/Model/FeaturesModel.swift (in target 'FeatureFlags' from project 'FeatureFlags')
cd /Users/admin/builder/spi-builder-workspace/.swiftpm/xcode
builtin-SwiftPerFileCompile FeaturesModel.swift
SwiftCompile normal arm64 /Users/admin/builder/spi-builder-workspace/FeatureFlags/Classes/Model/Percentage.swift (in target 'FeatureFlags' from project 'FeatureFlags')
cd /Users/admin/builder/spi-builder-workspace/.swiftpm/xcode
builtin-SwiftPerFileCompile Percentage.swift
SwiftCompile normal arm64 /Users/admin/builder/spi-builder-workspace/FeatureFlags/Classes/Model/Test.swift (in target 'FeatureFlags' from project 'FeatureFlags')
cd /Users/admin/builder/spi-builder-workspace/.swiftpm/xcode
builtin-SwiftPerFileCompile Test.swift
SwiftCompile normal arm64 /Users/admin/builder/spi-builder-workspace/FeatureFlags/Classes/Model/TestVariation.swift (in target 'FeatureFlags' from project 'FeatureFlags')
cd /Users/admin/builder/spi-builder-workspace/.swiftpm/xcode
builtin-SwiftPerFileCompile TestVariation.swift
PruneExplicitPrecompiledModules /Users/admin/builder/spi-builder-workspace/.derivedData/SDKExplicitPrecompiledModules
PruneExplicitPrecompiledModules /Users/admin/builder/spi-builder-workspace/.derivedData/Build/Intermediates.noindex/ExplicitPrecompiledModules
PruneExplicitPrecompiledModules /Users/admin/builder/spi-builder-workspace/.derivedData/Build/Intermediates.noindex/SwiftExplicitPrecompiledModules
2026-09-18 22:02:41.759 xcodebuild[783:4936] [MT] IDERunDestination: Supported platforms for the buildables in the current scheme is empty.
** BUILD FAILED **
The following build commands failed:
SwiftEmitModule normal arm64 Emitting\ module\ for\ FeatureFlags (in target 'FeatureFlags' from project 'FeatureFlags')
SwiftCompile normal arm64 (in target 'FeatureFlags' from project 'FeatureFlags')
Building workspace FeatureFlags with scheme FeatureFlags
(3 failures)
BUILD FAILURE 6.4 visionOS