Build Information
Failed to build ImageIOPlus, reference master (d50082), with Swift 6.4 for watchOS using Xcode 27.0 on 16 Sep 2026 15:47:50 UTC.
Build Command
env DEVELOPER_DIR=/Applications/Xcode-27.0.0-Release.Candidate.app xcrun xcodebuild -IDEClonedSourcePackagesDirPathOverride=$PWD/.dependencies -skipMacroValidation -skipPackagePluginValidation -derivedDataPath $PWD/.derivedData build -scheme ImageIOPlus-Package -destination generic/platform=watchOSBuild Log
write-file /Users/admin/builder/spi-builder-workspace/.derivedData/Build/Intermediates.noindex/ImageIOPlus.build/Debug-watchos/ImageIOPlusBase-t.build/Objects-normal/arm64_32/ImageIOPlusBase.SwiftConstValuesFileList
WriteAuxiliaryFile /Users/admin/builder/spi-builder-workspace/.derivedData/Build/Intermediates.noindex/ImageIOPlus.build/Debug-watchos/ImageIOPlusBase-t.build/Objects-normal/arm64_32/ImageIOPlusBase.SwiftFileList (in target 'ImageIOPlusBase' from project 'ImageIOPlus')
cd /Users/admin/builder/spi-builder-workspace
write-file /Users/admin/builder/spi-builder-workspace/.derivedData/Build/Intermediates.noindex/ImageIOPlus.build/Debug-watchos/ImageIOPlusBase-t.build/Objects-normal/arm64_32/ImageIOPlusBase.SwiftFileList
WriteAuxiliaryFile /Users/admin/builder/spi-builder-workspace/.derivedData/Build/Intermediates.noindex/ImageIOPlus.build/Debug-watchos/ImageIOPlusBase-t.build/Objects-normal/arm64/ImageIOPlusBase.SwiftConstValuesFileList (in target 'ImageIOPlusBase' from project 'ImageIOPlus')
cd /Users/admin/builder/spi-builder-workspace
write-file /Users/admin/builder/spi-builder-workspace/.derivedData/Build/Intermediates.noindex/ImageIOPlus.build/Debug-watchos/ImageIOPlusBase-t.build/Objects-normal/arm64/ImageIOPlusBase.SwiftConstValuesFileList
WriteAuxiliaryFile /Users/admin/builder/spi-builder-workspace/.derivedData/Build/Intermediates.noindex/ImageIOPlus.build/Debug-watchos/ImageIOPlusBase-t.build/Objects-normal/arm64_32/ImageIOPlusBase.LinkFileList (in target 'ImageIOPlusBase' from project 'ImageIOPlus')
cd /Users/admin/builder/spi-builder-workspace
write-file /Users/admin/builder/spi-builder-workspace/.derivedData/Build/Intermediates.noindex/ImageIOPlus.build/Debug-watchos/ImageIOPlusBase-t.build/Objects-normal/arm64_32/ImageIOPlusBase.LinkFileList
WriteAuxiliaryFile /Users/admin/builder/spi-builder-workspace/.derivedData/Build/Intermediates.noindex/ImageIOPlus.build/Debug-watchos/ImageIOPlusBase-t.build/Objects-normal/arm64/ImageIOPlusBase_const_extract_protocols.json (in target 'ImageIOPlusBase' from project 'ImageIOPlus')
cd /Users/admin/builder/spi-builder-workspace
write-file /Users/admin/builder/spi-builder-workspace/.derivedData/Build/Intermediates.noindex/ImageIOPlus.build/Debug-watchos/ImageIOPlusBase-t.build/Objects-normal/arm64/ImageIOPlusBase_const_extract_protocols.json
WriteAuxiliaryFile /Users/admin/builder/spi-builder-workspace/.derivedData/Build/Intermediates.noindex/ImageIOPlus.build/Debug-watchos/ImageIOPlusBase-t.build/Objects-normal/arm64_32/ImageIOPlusBase-OutputFileMap.json (in target 'ImageIOPlusBase' from project 'ImageIOPlus')
cd /Users/admin/builder/spi-builder-workspace
write-file /Users/admin/builder/spi-builder-workspace/.derivedData/Build/Intermediates.noindex/ImageIOPlus.build/Debug-watchos/ImageIOPlusBase-t.build/Objects-normal/arm64_32/ImageIOPlusBase-OutputFileMap.json
WriteAuxiliaryFile /Users/admin/builder/spi-builder-workspace/.derivedData/Build/Intermediates.noindex/ImageIOPlus.build/Debug-watchos/ImageIOPlusBase-t.build/Objects-normal/arm64/ImageIOPlusBase.LinkFileList (in target 'ImageIOPlusBase' from project 'ImageIOPlus')
cd /Users/admin/builder/spi-builder-workspace
write-file /Users/admin/builder/spi-builder-workspace/.derivedData/Build/Intermediates.noindex/ImageIOPlus.build/Debug-watchos/ImageIOPlusBase-t.build/Objects-normal/arm64/ImageIOPlusBase.LinkFileList
WriteAuxiliaryFile /Users/admin/builder/spi-builder-workspace/.derivedData/Build/Intermediates.noindex/ImageIOPlus.build/Debug-watchos/ImageIOPlusBase-t.build/Objects-normal/arm64/ImageIOPlusBase.SwiftFileList (in target 'ImageIOPlusBase' from project 'ImageIOPlus')
cd /Users/admin/builder/spi-builder-workspace
write-file /Users/admin/builder/spi-builder-workspace/.derivedData/Build/Intermediates.noindex/ImageIOPlus.build/Debug-watchos/ImageIOPlusBase-t.build/Objects-normal/arm64/ImageIOPlusBase.SwiftFileList
WriteAuxiliaryFile /Users/admin/builder/spi-builder-workspace/.derivedData/Build/Intermediates.noindex/ImageIOPlus.build/Debug-watchos/ImageIOPlusBase-t.build/Objects-normal/arm64_32/ImageIOPlusBase_const_extract_protocols.json (in target 'ImageIOPlusBase' from project 'ImageIOPlus')
cd /Users/admin/builder/spi-builder-workspace
write-file /Users/admin/builder/spi-builder-workspace/.derivedData/Build/Intermediates.noindex/ImageIOPlus.build/Debug-watchos/ImageIOPlusBase-t.build/Objects-normal/arm64_32/ImageIOPlusBase_const_extract_protocols.json
WriteAuxiliaryFile /Users/admin/builder/spi-builder-workspace/.derivedData/Build/Intermediates.noindex/ImageIOPlus.build/Debug-watchos/ImageIOPlusBase-t.build/Objects-normal/arm64/ImageIOPlusBase-OutputFileMap.json (in target 'ImageIOPlusBase' from project 'ImageIOPlus')
cd /Users/admin/builder/spi-builder-workspace
write-file /Users/admin/builder/spi-builder-workspace/.derivedData/Build/Intermediates.noindex/ImageIOPlus.build/Debug-watchos/ImageIOPlusBase-t.build/Objects-normal/arm64/ImageIOPlusBase-OutputFileMap.json
WriteAuxiliaryFile /Users/admin/builder/spi-builder-workspace/.derivedData/Build/Intermediates.noindex/ImageIOPlus.build/Debug-watchos/ImageIOPlusBase-t.build/ImageIOPlusBase.modulemap (in target 'ImageIOPlusBase' from project 'ImageIOPlus')
cd /Users/admin/builder/spi-builder-workspace
write-file /Users/admin/builder/spi-builder-workspace/.derivedData/Build/Intermediates.noindex/ImageIOPlus.build/Debug-watchos/ImageIOPlusBase-t.build/ImageIOPlusBase.modulemap
WriteAuxiliaryFile /Users/admin/builder/spi-builder-workspace/.derivedData/Build/Intermediates.noindex/ImageIOPlus.build/Debug-watchos/ImageIOPlusBase-t.build/ImageIOPlusBase.DependencyStaticMetadataFileList (in target 'ImageIOPlusBase' from project 'ImageIOPlus')
cd /Users/admin/builder/spi-builder-workspace
write-file /Users/admin/builder/spi-builder-workspace/.derivedData/Build/Intermediates.noindex/ImageIOPlus.build/Debug-watchos/ImageIOPlusBase-t.build/ImageIOPlusBase.DependencyStaticMetadataFileList
WriteAuxiliaryFile /Users/admin/builder/spi-builder-workspace/.derivedData/Build/Intermediates.noindex/ImageIOPlus.build/Debug-watchos/ImageIOPlus-t.build/Objects-normal/arm64_32/ImageIOPlus_const_extract_protocols.json (in target 'ImageIOPlus' from project 'ImageIOPlus')
cd /Users/admin/builder/spi-builder-workspace
write-file /Users/admin/builder/spi-builder-workspace/.derivedData/Build/Intermediates.noindex/ImageIOPlus.build/Debug-watchos/ImageIOPlus-t.build/Objects-normal/arm64_32/ImageIOPlus_const_extract_protocols.json
WriteAuxiliaryFile /Users/admin/builder/spi-builder-workspace/.derivedData/Build/Intermediates.noindex/ImageIOPlus.build/Debug-watchos/ImageIOPlusBase-t.build/ImageIOPlusBase.DependencyMetadataFileList (in target 'ImageIOPlusBase' from project 'ImageIOPlus')
cd /Users/admin/builder/spi-builder-workspace
write-file /Users/admin/builder/spi-builder-workspace/.derivedData/Build/Intermediates.noindex/ImageIOPlus.build/Debug-watchos/ImageIOPlusBase-t.build/ImageIOPlusBase.DependencyMetadataFileList
WriteAuxiliaryFile /Users/admin/builder/spi-builder-workspace/.derivedData/Build/Intermediates.noindex/ImageIOPlus.build/Debug-watchos/ImageIOPlus-t.build/Objects-normal/arm64_32/ImageIOPlus.SwiftFileList (in target 'ImageIOPlus' from project 'ImageIOPlus')
cd /Users/admin/builder/spi-builder-workspace
write-file /Users/admin/builder/spi-builder-workspace/.derivedData/Build/Intermediates.noindex/ImageIOPlus.build/Debug-watchos/ImageIOPlus-t.build/Objects-normal/arm64_32/ImageIOPlus.SwiftFileList
WriteAuxiliaryFile /Users/admin/builder/spi-builder-workspace/.derivedData/Build/Intermediates.noindex/ImageIOPlus.build/Debug-watchos/ImageIOPlus-t.build/Objects-normal/arm64_32/ImageIOPlus.SwiftConstValuesFileList (in target 'ImageIOPlus' from project 'ImageIOPlus')
cd /Users/admin/builder/spi-builder-workspace
write-file /Users/admin/builder/spi-builder-workspace/.derivedData/Build/Intermediates.noindex/ImageIOPlus.build/Debug-watchos/ImageIOPlus-t.build/Objects-normal/arm64_32/ImageIOPlus.SwiftConstValuesFileList
WriteAuxiliaryFile /Users/admin/builder/spi-builder-workspace/.derivedData/Build/Intermediates.noindex/ImageIOPlus.build/Debug-watchos/ImageIOPlus-t.build/Objects-normal/arm64_32/ImageIOPlus.LinkFileList (in target 'ImageIOPlus' from project 'ImageIOPlus')
cd /Users/admin/builder/spi-builder-workspace
write-file /Users/admin/builder/spi-builder-workspace/.derivedData/Build/Intermediates.noindex/ImageIOPlus.build/Debug-watchos/ImageIOPlus-t.build/Objects-normal/arm64_32/ImageIOPlus.LinkFileList
WriteAuxiliaryFile /Users/admin/builder/spi-builder-workspace/.derivedData/Build/Intermediates.noindex/ImageIOPlus.build/Debug-watchos/ImageIOPlus-t.build/Objects-normal/arm64_32/ImageIOPlus-OutputFileMap.json (in target 'ImageIOPlus' from project 'ImageIOPlus')
cd /Users/admin/builder/spi-builder-workspace
write-file /Users/admin/builder/spi-builder-workspace/.derivedData/Build/Intermediates.noindex/ImageIOPlus.build/Debug-watchos/ImageIOPlus-t.build/Objects-normal/arm64_32/ImageIOPlus-OutputFileMap.json
WriteAuxiliaryFile /Users/admin/builder/spi-builder-workspace/.derivedData/Build/Intermediates.noindex/ImageIOPlus.build/Debug-watchos/ImageIOPlus-t.build/Objects-normal/arm64/ImageIOPlus.SwiftFileList (in target 'ImageIOPlus' from project 'ImageIOPlus')
cd /Users/admin/builder/spi-builder-workspace
write-file /Users/admin/builder/spi-builder-workspace/.derivedData/Build/Intermediates.noindex/ImageIOPlus.build/Debug-watchos/ImageIOPlus-t.build/Objects-normal/arm64/ImageIOPlus.SwiftFileList
WriteAuxiliaryFile /Users/admin/builder/spi-builder-workspace/.derivedData/Build/Intermediates.noindex/ImageIOPlus.build/Debug-watchos/ImageIOPlus-t.build/Objects-normal/arm64/ImageIOPlus_const_extract_protocols.json (in target 'ImageIOPlus' from project 'ImageIOPlus')
cd /Users/admin/builder/spi-builder-workspace
write-file /Users/admin/builder/spi-builder-workspace/.derivedData/Build/Intermediates.noindex/ImageIOPlus.build/Debug-watchos/ImageIOPlus-t.build/Objects-normal/arm64/ImageIOPlus_const_extract_protocols.json
Copy /Users/admin/builder/spi-builder-workspace/.derivedData/Build/Intermediates.noindex/GeneratedModuleMaps-watchos/ImageIOPlusBase.modulemap /Users/admin/builder/spi-builder-workspace/.derivedData/Build/Intermediates.noindex/ImageIOPlus.build/Debug-watchos/ImageIOPlusBase-t.build/ImageIOPlusBase.modulemap (in target 'ImageIOPlusBase' from project 'ImageIOPlus')
cd /Users/admin/builder/spi-builder-workspace
builtin-copy -exclude .DS_Store -exclude CVS -exclude .svn -exclude .git -exclude .hg -resolve-src-symlinks /Users/admin/builder/spi-builder-workspace/.derivedData/Build/Intermediates.noindex/ImageIOPlus.build/Debug-watchos/ImageIOPlusBase-t.build/ImageIOPlusBase.modulemap /Users/admin/builder/spi-builder-workspace/.derivedData/Build/Intermediates.noindex/GeneratedModuleMaps-watchos
WriteAuxiliaryFile /Users/admin/builder/spi-builder-workspace/.derivedData/Build/Intermediates.noindex/ImageIOPlus.build/Debug-watchos/ImageIOPlus-t.build/Objects-normal/arm64/ImageIOPlus.SwiftConstValuesFileList (in target 'ImageIOPlus' from project 'ImageIOPlus')
cd /Users/admin/builder/spi-builder-workspace
write-file /Users/admin/builder/spi-builder-workspace/.derivedData/Build/Intermediates.noindex/ImageIOPlus.build/Debug-watchos/ImageIOPlus-t.build/Objects-normal/arm64/ImageIOPlus.SwiftConstValuesFileList
WriteAuxiliaryFile /Users/admin/builder/spi-builder-workspace/.derivedData/Build/Intermediates.noindex/ImageIOPlus.build/Debug-watchos/ImageIOPlus-t.build/Objects-normal/arm64/ImageIOPlus.LinkFileList (in target 'ImageIOPlus' from project 'ImageIOPlus')
cd /Users/admin/builder/spi-builder-workspace
write-file /Users/admin/builder/spi-builder-workspace/.derivedData/Build/Intermediates.noindex/ImageIOPlus.build/Debug-watchos/ImageIOPlus-t.build/Objects-normal/arm64/ImageIOPlus.LinkFileList
WriteAuxiliaryFile /Users/admin/builder/spi-builder-workspace/.derivedData/Build/Intermediates.noindex/ImageIOPlus.build/Debug-watchos/ImageIOPlus-t.build/Objects-normal/arm64/ImageIOPlus-OutputFileMap.json (in target 'ImageIOPlus' from project 'ImageIOPlus')
cd /Users/admin/builder/spi-builder-workspace
write-file /Users/admin/builder/spi-builder-workspace/.derivedData/Build/Intermediates.noindex/ImageIOPlus.build/Debug-watchos/ImageIOPlus-t.build/Objects-normal/arm64/ImageIOPlus-OutputFileMap.json
WriteAuxiliaryFile /Users/admin/builder/spi-builder-workspace/.derivedData/Build/Intermediates.noindex/ImageIOPlus.build/Debug-watchos/ImageIOPlus-t.build/ImageIOPlus.modulemap (in target 'ImageIOPlus' from project 'ImageIOPlus')
cd /Users/admin/builder/spi-builder-workspace
write-file /Users/admin/builder/spi-builder-workspace/.derivedData/Build/Intermediates.noindex/ImageIOPlus.build/Debug-watchos/ImageIOPlus-t.build/ImageIOPlus.modulemap
WriteAuxiliaryFile /Users/admin/builder/spi-builder-workspace/.derivedData/Build/Intermediates.noindex/ImageIOPlus.build/Debug-watchos/ImageIOPlus-t.build/ImageIOPlus.DependencyStaticMetadataFileList (in target 'ImageIOPlus' from project 'ImageIOPlus')
cd /Users/admin/builder/spi-builder-workspace
write-file /Users/admin/builder/spi-builder-workspace/.derivedData/Build/Intermediates.noindex/ImageIOPlus.build/Debug-watchos/ImageIOPlus-t.build/ImageIOPlus.DependencyStaticMetadataFileList
WriteAuxiliaryFile /Users/admin/builder/spi-builder-workspace/.derivedData/Build/Intermediates.noindex/ImageIOPlus.build/Debug-watchos/ImageIOPlus-t.build/ImageIOPlus.DependencyMetadataFileList (in target 'ImageIOPlus' from project 'ImageIOPlus')
cd /Users/admin/builder/spi-builder-workspace
write-file /Users/admin/builder/spi-builder-workspace/.derivedData/Build/Intermediates.noindex/ImageIOPlus.build/Debug-watchos/ImageIOPlus-t.build/ImageIOPlus.DependencyMetadataFileList
WriteAuxiliaryFile /Users/admin/builder/spi-builder-workspace/.derivedData/Build/Intermediates.noindex/ImageIOPlus.build/Debug-watchos/CoreVideoPlus-t.build/Objects-normal/arm64_32/CoreVideoPlus_const_extract_protocols.json (in target 'CoreVideoPlus' from project 'ImageIOPlus')
cd /Users/admin/builder/spi-builder-workspace
write-file /Users/admin/builder/spi-builder-workspace/.derivedData/Build/Intermediates.noindex/ImageIOPlus.build/Debug-watchos/CoreVideoPlus-t.build/Objects-normal/arm64_32/CoreVideoPlus_const_extract_protocols.json
WriteAuxiliaryFile /Users/admin/builder/spi-builder-workspace/.derivedData/Build/Intermediates.noindex/ImageIOPlus.build/Debug-watchos/CoreVideoPlus-t.build/Objects-normal/arm64_32/CoreVideoPlus.SwiftFileList (in target 'CoreVideoPlus' from project 'ImageIOPlus')
cd /Users/admin/builder/spi-builder-workspace
write-file /Users/admin/builder/spi-builder-workspace/.derivedData/Build/Intermediates.noindex/ImageIOPlus.build/Debug-watchos/CoreVideoPlus-t.build/Objects-normal/arm64_32/CoreVideoPlus.SwiftFileList
WriteAuxiliaryFile /Users/admin/builder/spi-builder-workspace/.derivedData/Build/Intermediates.noindex/ImageIOPlus.build/Debug-watchos/CoreVideoPlus-t.build/Objects-normal/arm64_32/CoreVideoPlus.SwiftConstValuesFileList (in target 'CoreVideoPlus' from project 'ImageIOPlus')
cd /Users/admin/builder/spi-builder-workspace
write-file /Users/admin/builder/spi-builder-workspace/.derivedData/Build/Intermediates.noindex/ImageIOPlus.build/Debug-watchos/CoreVideoPlus-t.build/Objects-normal/arm64_32/CoreVideoPlus.SwiftConstValuesFileList
WriteAuxiliaryFile /Users/admin/builder/spi-builder-workspace/.derivedData/Build/Intermediates.noindex/ImageIOPlus.build/Debug-watchos/CoreVideoPlus-t.build/Objects-normal/arm64_32/CoreVideoPlus.LinkFileList (in target 'CoreVideoPlus' from project 'ImageIOPlus')
cd /Users/admin/builder/spi-builder-workspace
write-file /Users/admin/builder/spi-builder-workspace/.derivedData/Build/Intermediates.noindex/ImageIOPlus.build/Debug-watchos/CoreVideoPlus-t.build/Objects-normal/arm64_32/CoreVideoPlus.LinkFileList
WriteAuxiliaryFile /Users/admin/builder/spi-builder-workspace/.derivedData/Build/Intermediates.noindex/ImageIOPlus.build/Debug-watchos/CoreVideoPlus-t.build/Objects-normal/arm64_32/CoreVideoPlus-OutputFileMap.json (in target 'CoreVideoPlus' from project 'ImageIOPlus')
cd /Users/admin/builder/spi-builder-workspace
write-file /Users/admin/builder/spi-builder-workspace/.derivedData/Build/Intermediates.noindex/ImageIOPlus.build/Debug-watchos/CoreVideoPlus-t.build/Objects-normal/arm64_32/CoreVideoPlus-OutputFileMap.json
WriteAuxiliaryFile /Users/admin/builder/spi-builder-workspace/.derivedData/Build/Intermediates.noindex/ImageIOPlus.build/Debug-watchos/CoreVideoPlus-t.build/Objects-normal/arm64/CoreVideoPlus.SwiftFileList (in target 'CoreVideoPlus' from project 'ImageIOPlus')
cd /Users/admin/builder/spi-builder-workspace
write-file /Users/admin/builder/spi-builder-workspace/.derivedData/Build/Intermediates.noindex/ImageIOPlus.build/Debug-watchos/CoreVideoPlus-t.build/Objects-normal/arm64/CoreVideoPlus.SwiftFileList
WriteAuxiliaryFile /Users/admin/builder/spi-builder-workspace/.derivedData/Build/Intermediates.noindex/ImageIOPlus.build/Debug-watchos/CoreVideoPlus-t.build/Objects-normal/arm64/CoreVideoPlus_const_extract_protocols.json (in target 'CoreVideoPlus' from project 'ImageIOPlus')
cd /Users/admin/builder/spi-builder-workspace
write-file /Users/admin/builder/spi-builder-workspace/.derivedData/Build/Intermediates.noindex/ImageIOPlus.build/Debug-watchos/CoreVideoPlus-t.build/Objects-normal/arm64/CoreVideoPlus_const_extract_protocols.json
Copy /Users/admin/builder/spi-builder-workspace/.derivedData/Build/Intermediates.noindex/GeneratedModuleMaps-watchos/ImageIOPlus.modulemap /Users/admin/builder/spi-builder-workspace/.derivedData/Build/Intermediates.noindex/ImageIOPlus.build/Debug-watchos/ImageIOPlus-t.build/ImageIOPlus.modulemap (in target 'ImageIOPlus' from project 'ImageIOPlus')
cd /Users/admin/builder/spi-builder-workspace
builtin-copy -exclude .DS_Store -exclude CVS -exclude .svn -exclude .git -exclude .hg -resolve-src-symlinks /Users/admin/builder/spi-builder-workspace/.derivedData/Build/Intermediates.noindex/ImageIOPlus.build/Debug-watchos/ImageIOPlus-t.build/ImageIOPlus.modulemap /Users/admin/builder/spi-builder-workspace/.derivedData/Build/Intermediates.noindex/GeneratedModuleMaps-watchos
WriteAuxiliaryFile /Users/admin/builder/spi-builder-workspace/.derivedData/Build/Intermediates.noindex/ImageIOPlus.build/Debug-watchos/CoreVideoPlus-t.build/Objects-normal/arm64/CoreVideoPlus.SwiftConstValuesFileList (in target 'CoreVideoPlus' from project 'ImageIOPlus')
cd /Users/admin/builder/spi-builder-workspace
write-file /Users/admin/builder/spi-builder-workspace/.derivedData/Build/Intermediates.noindex/ImageIOPlus.build/Debug-watchos/CoreVideoPlus-t.build/Objects-normal/arm64/CoreVideoPlus.SwiftConstValuesFileList
WriteAuxiliaryFile /Users/admin/builder/spi-builder-workspace/.derivedData/Build/Intermediates.noindex/ImageIOPlus.build/Debug-watchos/CoreVideoPlus-t.build/Objects-normal/arm64/CoreVideoPlus.LinkFileList (in target 'CoreVideoPlus' from project 'ImageIOPlus')
cd /Users/admin/builder/spi-builder-workspace
write-file /Users/admin/builder/spi-builder-workspace/.derivedData/Build/Intermediates.noindex/ImageIOPlus.build/Debug-watchos/CoreVideoPlus-t.build/Objects-normal/arm64/CoreVideoPlus.LinkFileList
WriteAuxiliaryFile /Users/admin/builder/spi-builder-workspace/.derivedData/Build/Intermediates.noindex/ImageIOPlus.build/Debug-watchos/CoreVideoPlus-t.build/Objects-normal/arm64/CoreVideoPlus-OutputFileMap.json (in target 'CoreVideoPlus' from project 'ImageIOPlus')
cd /Users/admin/builder/spi-builder-workspace
write-file /Users/admin/builder/spi-builder-workspace/.derivedData/Build/Intermediates.noindex/ImageIOPlus.build/Debug-watchos/CoreVideoPlus-t.build/Objects-normal/arm64/CoreVideoPlus-OutputFileMap.json
WriteAuxiliaryFile /Users/admin/builder/spi-builder-workspace/.derivedData/Build/Intermediates.noindex/ImageIOPlus.build/Debug-watchos/CoreVideoPlus-t.build/CoreVideoPlus.modulemap (in target 'CoreVideoPlus' from project 'ImageIOPlus')
cd /Users/admin/builder/spi-builder-workspace
write-file /Users/admin/builder/spi-builder-workspace/.derivedData/Build/Intermediates.noindex/ImageIOPlus.build/Debug-watchos/CoreVideoPlus-t.build/CoreVideoPlus.modulemap
WriteAuxiliaryFile /Users/admin/builder/spi-builder-workspace/.derivedData/Build/Intermediates.noindex/ImageIOPlus.build/Debug-watchos/CoreVideoPlus-t.build/CoreVideoPlus.DependencyStaticMetadataFileList (in target 'CoreVideoPlus' from project 'ImageIOPlus')
cd /Users/admin/builder/spi-builder-workspace
write-file /Users/admin/builder/spi-builder-workspace/.derivedData/Build/Intermediates.noindex/ImageIOPlus.build/Debug-watchos/CoreVideoPlus-t.build/CoreVideoPlus.DependencyStaticMetadataFileList
WriteAuxiliaryFile /Users/admin/builder/spi-builder-workspace/.derivedData/Build/Intermediates.noindex/ImageIOPlus.build/Debug-watchos/CoreVideoPlus-t.build/CoreVideoPlus.DependencyMetadataFileList (in target 'CoreVideoPlus' from project 'ImageIOPlus')
cd /Users/admin/builder/spi-builder-workspace
write-file /Users/admin/builder/spi-builder-workspace/.derivedData/Build/Intermediates.noindex/ImageIOPlus.build/Debug-watchos/CoreVideoPlus-t.build/CoreVideoPlus.DependencyMetadataFileList
Copy /Users/admin/builder/spi-builder-workspace/.derivedData/Build/Intermediates.noindex/GeneratedModuleMaps-watchos/CoreVideoPlus.modulemap /Users/admin/builder/spi-builder-workspace/.derivedData/Build/Intermediates.noindex/ImageIOPlus.build/Debug-watchos/CoreVideoPlus-t.build/CoreVideoPlus.modulemap (in target 'CoreVideoPlus' from project 'ImageIOPlus')
cd /Users/admin/builder/spi-builder-workspace
builtin-copy -exclude .DS_Store -exclude CVS -exclude .svn -exclude .git -exclude .hg -resolve-src-symlinks /Users/admin/builder/spi-builder-workspace/.derivedData/Build/Intermediates.noindex/ImageIOPlus.build/Debug-watchos/CoreVideoPlus-t.build/CoreVideoPlus.modulemap /Users/admin/builder/spi-builder-workspace/.derivedData/Build/Intermediates.noindex/GeneratedModuleMaps-watchos
SwiftDriver ImageIOPlusBase normal arm64_32 com.apple.xcode.tools.swift.compiler (in target 'ImageIOPlusBase' from project 'ImageIOPlus')
cd /Users/admin/builder/spi-builder-workspace/.swiftpm/xcode
builtin-SwiftDriver -- /Applications/Xcode-27.0.0-Release.Candidate.app/Contents/Developer/Toolchains/XcodeDefault.xctoolchain/usr/bin/swiftc -parse-as-library -module-name ImageIOPlusBase -Onone @/Users/admin/builder/spi-builder-workspace/.derivedData/Build/Intermediates.noindex/ImageIOPlus.build/Debug-watchos/ImageIOPlusBase-t.build/Objects-normal/arm64_32/ImageIOPlusBase.SwiftFileList -DSWIFT_PACKAGE -DDEBUG -DSWIFT_MODULE_RESOURCE_BUNDLE_UNAVAILABLE -DXcode -plugin-path /Applications/Xcode-27.0.0-Release.Candidate.app/Contents/Developer/Toolchains/XcodeDefault.xctoolchain/usr/lib/swift/host/plugins/testing -enable-experimental-feature DebugDescriptionMacro -sdk /Applications/Xcode-27.0.0-Release.Candidate.app/Contents/Developer/Platforms/WatchOS.platform/Developer/SDKs/WatchOS27.0.sdk -target arm64_32-apple-watchos9.0 -g -module-cache-path /Users/admin/builder/spi-builder-workspace/.derivedData/ModuleCache.noindex -Xfrontend -serialize-debugging-options -profile-coverage-mapping -profile-generate -enable-testing -index-store-path /Users/admin/builder/spi-builder-workspace/.derivedData/Index.noindex/DataStore -Xcc -D_LIBCPP_HARDENING_MODE\=_LIBCPP_HARDENING_MODE_DEBUG -swift-version 4.2 -I /Users/admin/builder/spi-builder-workspace/.derivedData/Build/Products/Debug-watchos -Isystem /Applications/Xcode-27.0.0-Release.Candidate.app/Contents/Developer/Platforms/WatchOS.platform/Developer/usr/lib -F /Users/admin/builder/spi-builder-workspace/.derivedData/Build/Products/Debug-watchos -F /Applications/Xcode-27.0.0-Release.Candidate.app/Contents/Developer/Platforms/WatchOS.platform/Developer/Library/Frameworks -F /Applications/Xcode-27.0.0-Release.Candidate.app/Contents/Developer/Platforms/WatchOS.platform/Developer/SDKs/WatchOS27.0.sdk/Developer/Library/Frameworks -c -j10 -enable-batch-mode -incremental -Xcc -ivfsstatcache -Xcc /Users/admin/builder/spi-builder-workspace/.derivedData/SDKStatCaches.noindex/watchos27.0-24R360-e829b21a6f8c9b70876ba0858053c04477534ef55a1706bf4c1112bbb242f0a2.sdkstatcache -output-file-map /Users/admin/builder/spi-builder-workspace/.derivedData/Build/Intermediates.noindex/ImageIOPlus.build/Debug-watchos/ImageIOPlusBase-t.build/Objects-normal/arm64_32/ImageIOPlusBase-OutputFileMap.json -save-temps -no-color-diagnostics -emit-dependencies -emit-module -emit-module-path /Users/admin/builder/spi-builder-workspace/.derivedData/Build/Intermediates.noindex/ImageIOPlus.build/Debug-watchos/ImageIOPlusBase-t.build/Objects-normal/arm64_32/ImageIOPlusBase.swiftmodule -serialize-diagnostics -validate-clang-modules-once -clang-build-session-file /Users/admin/builder/spi-builder-workspace/.derivedData/ModuleCache.noindex/Session.modulevalidation -Xcc -fmodules-prune-interval\=86400 -Xcc -fmodules-prune-after\=345600 -emit-const-values -const-gather-protocols-list /Users/admin/builder/spi-builder-workspace/.derivedData/Build/Intermediates.noindex/ImageIOPlus.build/Debug-watchos/ImageIOPlusBase-t.build/Objects-normal/arm64_32/ImageIOPlusBase_const_extract_protocols.json -Xcc -I/Users/admin/builder/spi-builder-workspace/.derivedData/Build/Products/Debug-watchos/include -Xcc -I/Users/admin/builder/spi-builder-workspace/.derivedData/Build/Intermediates.noindex/ImageIOPlus.build/Debug-watchos/ImageIOPlusBase-t.build/DerivedSources-normal/arm64_32 -Xcc -I/Users/admin/builder/spi-builder-workspace/.derivedData/Build/Intermediates.noindex/ImageIOPlus.build/Debug-watchos/ImageIOPlusBase-t.build/DerivedSources/arm64_32 -Xcc -I/Users/admin/builder/spi-builder-workspace/.derivedData/Build/Intermediates.noindex/ImageIOPlus.build/Debug-watchos/ImageIOPlusBase-t.build/DerivedSources -Xcc -DSWIFT_PACKAGE -Xcc -DDEBUG\=1 -emit-objc-header -emit-objc-header-path /Users/admin/builder/spi-builder-workspace/.derivedData/Build/Intermediates.noindex/ImageIOPlus.build/Debug-watchos/ImageIOPlusBase-t.build/Objects-normal/arm64_32/ImageIOPlusBase-Swift.h -working-directory /Users/admin/builder/spi-builder-workspace/.swiftpm/xcode -experimental-emit-module-separately -disable-cmo
SwiftDriver ImageIOPlusBase normal arm64 com.apple.xcode.tools.swift.compiler (in target 'ImageIOPlusBase' from project 'ImageIOPlus')
cd /Users/admin/builder/spi-builder-workspace/.swiftpm/xcode
builtin-SwiftDriver -- /Applications/Xcode-27.0.0-Release.Candidate.app/Contents/Developer/Toolchains/XcodeDefault.xctoolchain/usr/bin/swiftc -parse-as-library -module-name ImageIOPlusBase -Onone @/Users/admin/builder/spi-builder-workspace/.derivedData/Build/Intermediates.noindex/ImageIOPlus.build/Debug-watchos/ImageIOPlusBase-t.build/Objects-normal/arm64/ImageIOPlusBase.SwiftFileList -DSWIFT_PACKAGE -DDEBUG -DSWIFT_MODULE_RESOURCE_BUNDLE_UNAVAILABLE -DXcode -plugin-path /Applications/Xcode-27.0.0-Release.Candidate.app/Contents/Developer/Toolchains/XcodeDefault.xctoolchain/usr/lib/swift/host/plugins/testing -enable-experimental-feature DebugDescriptionMacro -sdk /Applications/Xcode-27.0.0-Release.Candidate.app/Contents/Developer/Platforms/WatchOS.platform/Developer/SDKs/WatchOS27.0.sdk -target arm64-apple-watchos9.0 -g -module-cache-path /Users/admin/builder/spi-builder-workspace/.derivedData/ModuleCache.noindex -Xfrontend -serialize-debugging-options -profile-coverage-mapping -profile-generate -enable-testing -index-store-path /Users/admin/builder/spi-builder-workspace/.derivedData/Index.noindex/DataStore -Xcc -D_LIBCPP_HARDENING_MODE\=_LIBCPP_HARDENING_MODE_DEBUG -swift-version 4.2 -I /Users/admin/builder/spi-builder-workspace/.derivedData/Build/Products/Debug-watchos -Isystem /Applications/Xcode-27.0.0-Release.Candidate.app/Contents/Developer/Platforms/WatchOS.platform/Developer/usr/lib -F /Users/admin/builder/spi-builder-workspace/.derivedData/Build/Products/Debug-watchos -F /Applications/Xcode-27.0.0-Release.Candidate.app/Contents/Developer/Platforms/WatchOS.platform/Developer/Library/Frameworks -F /Applications/Xcode-27.0.0-Release.Candidate.app/Contents/Developer/Platforms/WatchOS.platform/Developer/SDKs/WatchOS27.0.sdk/Developer/Library/Frameworks -c -j10 -enable-batch-mode -incremental -Xcc -ivfsstatcache -Xcc /Users/admin/builder/spi-builder-workspace/.derivedData/SDKStatCaches.noindex/watchos27.0-24R360-e829b21a6f8c9b70876ba0858053c04477534ef55a1706bf4c1112bbb242f0a2.sdkstatcache -output-file-map /Users/admin/builder/spi-builder-workspace/.derivedData/Build/Intermediates.noindex/ImageIOPlus.build/Debug-watchos/ImageIOPlusBase-t.build/Objects-normal/arm64/ImageIOPlusBase-OutputFileMap.json -save-temps -no-color-diagnostics -emit-dependencies -emit-module -emit-module-path /Users/admin/builder/spi-builder-workspace/.derivedData/Build/Intermediates.noindex/ImageIOPlus.build/Debug-watchos/ImageIOPlusBase-t.build/Objects-normal/arm64/ImageIOPlusBase.swiftmodule -serialize-diagnostics -validate-clang-modules-once -clang-build-session-file /Users/admin/builder/spi-builder-workspace/.derivedData/ModuleCache.noindex/Session.modulevalidation -Xcc -fmodules-prune-interval\=86400 -Xcc -fmodules-prune-after\=345600 -emit-const-values -const-gather-protocols-list /Users/admin/builder/spi-builder-workspace/.derivedData/Build/Intermediates.noindex/ImageIOPlus.build/Debug-watchos/ImageIOPlusBase-t.build/Objects-normal/arm64/ImageIOPlusBase_const_extract_protocols.json -Xcc -I/Users/admin/builder/spi-builder-workspace/.derivedData/Build/Products/Debug-watchos/include -Xcc -I/Users/admin/builder/spi-builder-workspace/.derivedData/Build/Intermediates.noindex/ImageIOPlus.build/Debug-watchos/ImageIOPlusBase-t.build/DerivedSources-normal/arm64 -Xcc -I/Users/admin/builder/spi-builder-workspace/.derivedData/Build/Intermediates.noindex/ImageIOPlus.build/Debug-watchos/ImageIOPlusBase-t.build/DerivedSources/arm64 -Xcc -I/Users/admin/builder/spi-builder-workspace/.derivedData/Build/Intermediates.noindex/ImageIOPlus.build/Debug-watchos/ImageIOPlusBase-t.build/DerivedSources -Xcc -DSWIFT_PACKAGE -Xcc -DDEBUG\=1 -emit-objc-header -emit-objc-header-path /Users/admin/builder/spi-builder-workspace/.derivedData/Build/Intermediates.noindex/ImageIOPlus.build/Debug-watchos/ImageIOPlusBase-t.build/Objects-normal/arm64/ImageIOPlusBase-Swift.h -working-directory /Users/admin/builder/spi-builder-workspace/.swiftpm/xcode -experimental-emit-module-separately -disable-cmo
SwiftCompile normal arm64 Compiling\ UTI.swift /Users/admin/builder/spi-builder-workspace/Sources/ImageIOPlusBase/UTI.swift (in target 'ImageIOPlusBase' from project 'ImageIOPlus')
SwiftCompile normal arm64 /Users/admin/builder/spi-builder-workspace/Sources/ImageIOPlusBase/UTI.swift (in target 'ImageIOPlusBase' from project 'ImageIOPlus')
cd /Users/admin/builder/spi-builder-workspace/.swiftpm/xcode
builtin-SwiftPerFileCompile UTI.swift
SwiftEmitModule normal arm64_32 Emitting\ module\ for\ ImageIOPlusBase (in target 'ImageIOPlusBase' from project 'ImageIOPlus')
SwiftCompile normal arm64_32 (in target 'ImageIOPlusBase' from project 'ImageIOPlus')
cd /Users/admin/builder/spi-builder-workspace/.swiftpm/xcode
SwiftCompile normal arm64_32 Compiling\ Bridging.swift /Users/admin/builder/spi-builder-workspace/Sources/ImageIOPlusBase/Bridging.swift (in target 'ImageIOPlusBase' from project 'ImageIOPlus')
SwiftCompile normal arm64_32 /Users/admin/builder/spi-builder-workspace/Sources/ImageIOPlusBase/Bridging.swift (in target 'ImageIOPlusBase' from project 'ImageIOPlus')
cd /Users/admin/builder/spi-builder-workspace/.swiftpm/xcode
builtin-SwiftPerFileCompile Bridging.swift
SwiftCompile normal arm64_32 Compiling\ UTI.swift /Users/admin/builder/spi-builder-workspace/Sources/ImageIOPlusBase/UTI.swift (in target 'ImageIOPlusBase' from project 'ImageIOPlus')
SwiftCompile normal arm64_32 /Users/admin/builder/spi-builder-workspace/Sources/ImageIOPlusBase/UTI.swift (in target 'ImageIOPlusBase' from project 'ImageIOPlus')
cd /Users/admin/builder/spi-builder-workspace/.swiftpm/xcode
builtin-SwiftPerFileCompile UTI.swift
SwiftCompile normal arm64 Compiling\ Bridging.swift /Users/admin/builder/spi-builder-workspace/Sources/ImageIOPlusBase/Bridging.swift (in target 'ImageIOPlusBase' from project 'ImageIOPlus')
SwiftCompile normal arm64 /Users/admin/builder/spi-builder-workspace/Sources/ImageIOPlusBase/Bridging.swift (in target 'ImageIOPlusBase' from project 'ImageIOPlus')
cd /Users/admin/builder/spi-builder-workspace/.swiftpm/xcode
builtin-SwiftPerFileCompile Bridging.swift
SwiftCompile normal arm64_32 Compiling\ Float16.swift /Users/admin/builder/spi-builder-workspace/Sources/ImageIOPlusBase/Float16.swift (in target 'ImageIOPlusBase' from project 'ImageIOPlus')
/Users/admin/builder/spi-builder-workspace/Sources/ImageIOPlusBase/Float16.swift:26:48: warning: cannot use inout expression here; argument 'data' must be a pointer that outlives the call to 'init(data:height:width:rowBytes:)' [#TemporaryPointers]
24 | var outputs: [Float] = Array<Float>(repeating: 0, count: values.count)
25 | let width = vImagePixelCount(values.count)
26 | var sourceBuffer = vImage_Buffer(data: &inputs, height: 1, width: width, rowBytes: MemoryLayout<UInt16>.size * values.count)
| |- warning: cannot use inout expression here; argument 'data' must be a pointer that outlives the call to 'init(data:height:width:rowBytes:)' [#TemporaryPointers]
| |- note: implicit argument conversion from '[UInt16]' to 'UnsafeMutableRawPointer?' produces a pointer valid only for the duration of the call to 'init(data:height:width:rowBytes:)'
| `- note: use the 'withUnsafeMutableBytes' method on Array in order to explicitly convert argument to buffer pointer valid for a defined scope
27 | var destinationBuffer = vImage_Buffer(data: &outputs, height: 1, width: width, rowBytes: MemoryLayout<Float>.size * values.count)
28 | vImageConvert_Planar16FtoPlanarF(&sourceBuffer, &destinationBuffer, 0)
SwiftCompile normal arm64_32 /Users/admin/builder/spi-builder-workspace/Sources/ImageIOPlusBase/Float16.swift (in target 'ImageIOPlusBase' from project 'ImageIOPlus')
cd /Users/admin/builder/spi-builder-workspace/.swiftpm/xcode
builtin-SwiftPerFileCompile Float16.swift
SwiftCompile normal arm64 Compiling\ Float16.swift /Users/admin/builder/spi-builder-workspace/Sources/ImageIOPlusBase/Float16.swift (in target 'ImageIOPlusBase' from project 'ImageIOPlus')
SwiftCompile normal arm64 /Users/admin/builder/spi-builder-workspace/Sources/ImageIOPlusBase/Float16.swift (in target 'ImageIOPlusBase' from project 'ImageIOPlus')
cd /Users/admin/builder/spi-builder-workspace/.swiftpm/xcode
builtin-SwiftPerFileCompile Float16.swift
/Users/admin/builder/spi-builder-workspace/Sources/ImageIOPlusBase/Float16.swift:26:48: warning: cannot use inout expression here; argument 'data' must be a pointer that outlives the call to 'init(data:height:width:rowBytes:)' [#TemporaryPointers]
24 | var outputs: [Float] = Array<Float>(repeating: 0, count: values.count)
25 | let width = vImagePixelCount(values.count)
26 | var sourceBuffer = vImage_Buffer(data: &inputs, height: 1, width: width, rowBytes: MemoryLayout<UInt16>.size * values.count)
| |- warning: cannot use inout expression here; argument 'data' must be a pointer that outlives the call to 'init(data:height:width:rowBytes:)' [#TemporaryPointers]
| |- note: implicit argument conversion from '[UInt16]' to 'UnsafeMutableRawPointer?' produces a pointer valid only for the duration of the call to 'init(data:height:width:rowBytes:)'
| `- note: use the 'withUnsafeMutableBytes' method on Array in order to explicitly convert argument to buffer pointer valid for a defined scope
27 | var destinationBuffer = vImage_Buffer(data: &outputs, height: 1, width: width, rowBytes: MemoryLayout<Float>.size * values.count)
28 | vImageConvert_Planar16FtoPlanarF(&sourceBuffer, &destinationBuffer, 0)
SwiftEmitModule normal arm64 Emitting\ module\ for\ ImageIOPlusBase (in target 'ImageIOPlusBase' from project 'ImageIOPlus')
SwiftCompile normal arm64 (in target 'ImageIOPlusBase' from project 'ImageIOPlus')
cd /Users/admin/builder/spi-builder-workspace/.swiftpm/xcode
SwiftDriverJobDiscovery normal arm64 Emitting module for ImageIOPlusBase (in target 'ImageIOPlusBase' from project 'ImageIOPlus')
SwiftDriver\ Compilation\ Requirements ImageIOPlusBase normal arm64 com.apple.xcode.tools.swift.compiler (in target 'ImageIOPlusBase' from project 'ImageIOPlus')
cd /Users/admin/builder/spi-builder-workspace/.swiftpm/xcode
builtin-Swift-Compilation-Requirements -- /Applications/Xcode-27.0.0-Release.Candidate.app/Contents/Developer/Toolchains/XcodeDefault.xctoolchain/usr/bin/swiftc -parse-as-library -module-name ImageIOPlusBase -Onone @/Users/admin/builder/spi-builder-workspace/.derivedData/Build/Intermediates.noindex/ImageIOPlus.build/Debug-watchos/ImageIOPlusBase-t.build/Objects-normal/arm64/ImageIOPlusBase.SwiftFileList -DSWIFT_PACKAGE -DDEBUG -DSWIFT_MODULE_RESOURCE_BUNDLE_UNAVAILABLE -DXcode -plugin-path /Applications/Xcode-27.0.0-Release.Candidate.app/Contents/Developer/Toolchains/XcodeDefault.xctoolchain/usr/lib/swift/host/plugins/testing -enable-experimental-feature DebugDescriptionMacro -sdk /Applications/Xcode-27.0.0-Release.Candidate.app/Contents/Developer/Platforms/WatchOS.platform/Developer/SDKs/WatchOS27.0.sdk -target arm64-apple-watchos9.0 -g -module-cache-path /Users/admin/builder/spi-builder-workspace/.derivedData/ModuleCache.noindex -Xfrontend -serialize-debugging-options -profile-coverage-mapping -profile-generate -enable-testing -index-store-path /Users/admin/builder/spi-builder-workspace/.derivedData/Index.noindex/DataStore -Xcc -D_LIBCPP_HARDENING_MODE\=_LIBCPP_HARDENING_MODE_DEBUG -swift-version 4.2 -I /Users/admin/builder/spi-builder-workspace/.derivedData/Build/Products/Debug-watchos -Isystem /Applications/Xcode-27.0.0-Release.Candidate.app/Contents/Developer/Platforms/WatchOS.platform/Developer/usr/lib -F /Users/admin/builder/spi-builder-workspace/.derivedData/Build/Products/Debug-watchos -F /Applications/Xcode-27.0.0-Release.Candidate.app/Contents/Developer/Platforms/WatchOS.platform/Developer/Library/Frameworks -F /Applications/Xcode-27.0.0-Release.Candidate.app/Contents/Developer/Platforms/WatchOS.platform/Developer/SDKs/WatchOS27.0.sdk/Developer/Library/Frameworks -c -j10 -enable-batch-mode -incremental -Xcc -ivfsstatcache -Xcc /Users/admin/builder/spi-builder-workspace/.derivedData/SDKStatCaches.noindex/watchos27.0-24R360-e829b21a6f8c9b70876ba0858053c04477534ef55a1706bf4c1112bbb242f0a2.sdkstatcache -output-file-map /Users/admin/builder/spi-builder-workspace/.derivedData/Build/Intermediates.noindex/ImageIOPlus.build/Debug-watchos/ImageIOPlusBase-t.build/Objects-normal/arm64/ImageIOPlusBase-OutputFileMap.json -save-temps -no-color-diagnostics -emit-dependencies -emit-module -emit-module-path /Users/admin/builder/spi-builder-workspace/.derivedData/Build/Intermediates.noindex/ImageIOPlus.build/Debug-watchos/ImageIOPlusBase-t.build/Objects-normal/arm64/ImageIOPlusBase.swiftmodule -serialize-diagnostics -validate-clang-modules-once -clang-build-session-file /Users/admin/builder/spi-builder-workspace/.derivedData/ModuleCache.noindex/Session.modulevalidation -Xcc -fmodules-prune-interval\=86400 -Xcc -fmodules-prune-after\=345600 -emit-const-values -const-gather-protocols-list /Users/admin/builder/spi-builder-workspace/.derivedData/Build/Intermediates.noindex/ImageIOPlus.build/Debug-watchos/ImageIOPlusBase-t.build/Objects-normal/arm64/ImageIOPlusBase_const_extract_protocols.json -Xcc -I/Users/admin/builder/spi-builder-workspace/.derivedData/Build/Products/Debug-watchos/include -Xcc -I/Users/admin/builder/spi-builder-workspace/.derivedData/Build/Intermediates.noindex/ImageIOPlus.build/Debug-watchos/ImageIOPlusBase-t.build/DerivedSources-normal/arm64 -Xcc -I/Users/admin/builder/spi-builder-workspace/.derivedData/Build/Intermediates.noindex/ImageIOPlus.build/Debug-watchos/ImageIOPlusBase-t.build/DerivedSources/arm64 -Xcc -I/Users/admin/builder/spi-builder-workspace/.derivedData/Build/Intermediates.noindex/ImageIOPlus.build/Debug-watchos/ImageIOPlusBase-t.build/DerivedSources -Xcc -DSWIFT_PACKAGE -Xcc -DDEBUG\=1 -emit-objc-header -emit-objc-header-path /Users/admin/builder/spi-builder-workspace/.derivedData/Build/Intermediates.noindex/ImageIOPlus.build/Debug-watchos/ImageIOPlusBase-t.build/Objects-normal/arm64/ImageIOPlusBase-Swift.h -working-directory /Users/admin/builder/spi-builder-workspace/.swiftpm/xcode -experimental-emit-module-separately -disable-cmo
Copy /Users/admin/builder/spi-builder-workspace/.derivedData/Build/Products/Debug-watchos/ImageIOPlusBase.swiftmodule/arm64-apple-watchos.swiftdoc /Users/admin/builder/spi-builder-workspace/.derivedData/Build/Intermediates.noindex/ImageIOPlus.build/Debug-watchos/ImageIOPlusBase-t.build/Objects-normal/arm64/ImageIOPlusBase.swiftdoc (in target 'ImageIOPlusBase' from project 'ImageIOPlus')
cd /Users/admin/builder/spi-builder-workspace
builtin-copy -exclude .DS_Store -exclude CVS -exclude .svn -exclude .git -exclude .hg -resolve-src-symlinks -rename /Users/admin/builder/spi-builder-workspace/.derivedData/Build/Intermediates.noindex/ImageIOPlus.build/Debug-watchos/ImageIOPlusBase-t.build/Objects-normal/arm64/ImageIOPlusBase.swiftdoc /Users/admin/builder/spi-builder-workspace/.derivedData/Build/Products/Debug-watchos/ImageIOPlusBase.swiftmodule/arm64-apple-watchos.swiftdoc
Copy /Users/admin/builder/spi-builder-workspace/.derivedData/Build/Products/Debug-watchos/ImageIOPlusBase.swiftmodule/arm64-apple-watchos.swiftmodule /Users/admin/builder/spi-builder-workspace/.derivedData/Build/Intermediates.noindex/ImageIOPlus.build/Debug-watchos/ImageIOPlusBase-t.build/Objects-normal/arm64/ImageIOPlusBase.swiftmodule (in target 'ImageIOPlusBase' from project 'ImageIOPlus')
cd /Users/admin/builder/spi-builder-workspace
builtin-copy -exclude .DS_Store -exclude CVS -exclude .svn -exclude .git -exclude .hg -resolve-src-symlinks -rename /Users/admin/builder/spi-builder-workspace/.derivedData/Build/Intermediates.noindex/ImageIOPlus.build/Debug-watchos/ImageIOPlusBase-t.build/Objects-normal/arm64/ImageIOPlusBase.swiftmodule /Users/admin/builder/spi-builder-workspace/.derivedData/Build/Products/Debug-watchos/ImageIOPlusBase.swiftmodule/arm64-apple-watchos.swiftmodule
Copy /Users/admin/builder/spi-builder-workspace/.derivedData/Build/Products/Debug-watchos/ImageIOPlusBase.swiftmodule/arm64-apple-watchos.abi.json /Users/admin/builder/spi-builder-workspace/.derivedData/Build/Intermediates.noindex/ImageIOPlus.build/Debug-watchos/ImageIOPlusBase-t.build/Objects-normal/arm64/ImageIOPlusBase.abi.json (in target 'ImageIOPlusBase' from project 'ImageIOPlus')
cd /Users/admin/builder/spi-builder-workspace
builtin-copy -exclude .DS_Store -exclude CVS -exclude .svn -exclude .git -exclude .hg -resolve-src-symlinks -rename /Users/admin/builder/spi-builder-workspace/.derivedData/Build/Intermediates.noindex/ImageIOPlus.build/Debug-watchos/ImageIOPlusBase-t.build/Objects-normal/arm64/ImageIOPlusBase.abi.json /Users/admin/builder/spi-builder-workspace/.derivedData/Build/Products/Debug-watchos/ImageIOPlusBase.swiftmodule/arm64-apple-watchos.abi.json
Copy /Users/admin/builder/spi-builder-workspace/.derivedData/Build/Products/Debug-watchos/ImageIOPlusBase.swiftmodule/Project/arm64-apple-watchos.swiftsourceinfo /Users/admin/builder/spi-builder-workspace/.derivedData/Build/Intermediates.noindex/ImageIOPlus.build/Debug-watchos/ImageIOPlusBase-t.build/Objects-normal/arm64/ImageIOPlusBase.swiftsourceinfo (in target 'ImageIOPlusBase' from project 'ImageIOPlus')
cd /Users/admin/builder/spi-builder-workspace
builtin-copy -exclude .DS_Store -exclude CVS -exclude .svn -exclude .git -exclude .hg -resolve-src-symlinks -rename /Users/admin/builder/spi-builder-workspace/.derivedData/Build/Intermediates.noindex/ImageIOPlus.build/Debug-watchos/ImageIOPlusBase-t.build/Objects-normal/arm64/ImageIOPlusBase.swiftsourceinfo /Users/admin/builder/spi-builder-workspace/.derivedData/Build/Products/Debug-watchos/ImageIOPlusBase.swiftmodule/Project/arm64-apple-watchos.swiftsourceinfo
SwiftDriverJobDiscovery normal arm64_32 Emitting module for ImageIOPlusBase (in target 'ImageIOPlusBase' from project 'ImageIOPlus')
SwiftDriver\ Compilation\ Requirements ImageIOPlusBase normal arm64_32 com.apple.xcode.tools.swift.compiler (in target 'ImageIOPlusBase' from project 'ImageIOPlus')
cd /Users/admin/builder/spi-builder-workspace/.swiftpm/xcode
builtin-Swift-Compilation-Requirements -- /Applications/Xcode-27.0.0-Release.Candidate.app/Contents/Developer/Toolchains/XcodeDefault.xctoolchain/usr/bin/swiftc -parse-as-library -module-name ImageIOPlusBase -Onone @/Users/admin/builder/spi-builder-workspace/.derivedData/Build/Intermediates.noindex/ImageIOPlus.build/Debug-watchos/ImageIOPlusBase-t.build/Objects-normal/arm64_32/ImageIOPlusBase.SwiftFileList -DSWIFT_PACKAGE -DDEBUG -DSWIFT_MODULE_RESOURCE_BUNDLE_UNAVAILABLE -DXcode -plugin-path /Applications/Xcode-27.0.0-Release.Candidate.app/Contents/Developer/Toolchains/XcodeDefault.xctoolchain/usr/lib/swift/host/plugins/testing -enable-experimental-feature DebugDescriptionMacro -sdk /Applications/Xcode-27.0.0-Release.Candidate.app/Contents/Developer/Platforms/WatchOS.platform/Developer/SDKs/WatchOS27.0.sdk -target arm64_32-apple-watchos9.0 -g -module-cache-path /Users/admin/builder/spi-builder-workspace/.derivedData/ModuleCache.noindex -Xfrontend -serialize-debugging-options -profile-coverage-mapping -profile-generate -enable-testing -index-store-path /Users/admin/builder/spi-builder-workspace/.derivedData/Index.noindex/DataStore -Xcc -D_LIBCPP_HARDENING_MODE\=_LIBCPP_HARDENING_MODE_DEBUG -swift-version 4.2 -I /Users/admin/builder/spi-builder-workspace/.derivedData/Build/Products/Debug-watchos -Isystem /Applications/Xcode-27.0.0-Release.Candidate.app/Contents/Developer/Platforms/WatchOS.platform/Developer/usr/lib -F /Users/admin/builder/spi-builder-workspace/.derivedData/Build/Products/Debug-watchos -F /Applications/Xcode-27.0.0-Release.Candidate.app/Contents/Developer/Platforms/WatchOS.platform/Developer/Library/Frameworks -F /Applications/Xcode-27.0.0-Release.Candidate.app/Contents/Developer/Platforms/WatchOS.platform/Developer/SDKs/WatchOS27.0.sdk/Developer/Library/Frameworks -c -j10 -enable-batch-mode -incremental -Xcc -ivfsstatcache -Xcc /Users/admin/builder/spi-builder-workspace/.derivedData/SDKStatCaches.noindex/watchos27.0-24R360-e829b21a6f8c9b70876ba0858053c04477534ef55a1706bf4c1112bbb242f0a2.sdkstatcache -output-file-map /Users/admin/builder/spi-builder-workspace/.derivedData/Build/Intermediates.noindex/ImageIOPlus.build/Debug-watchos/ImageIOPlusBase-t.build/Objects-normal/arm64_32/ImageIOPlusBase-OutputFileMap.json -save-temps -no-color-diagnostics -emit-dependencies -emit-module -emit-module-path /Users/admin/builder/spi-builder-workspace/.derivedData/Build/Intermediates.noindex/ImageIOPlus.build/Debug-watchos/ImageIOPlusBase-t.build/Objects-normal/arm64_32/ImageIOPlusBase.swiftmodule -serialize-diagnostics -validate-clang-modules-once -clang-build-session-file /Users/admin/builder/spi-builder-workspace/.derivedData/ModuleCache.noindex/Session.modulevalidation -Xcc -fmodules-prune-interval\=86400 -Xcc -fmodules-prune-after\=345600 -emit-const-values -const-gather-protocols-list /Users/admin/builder/spi-builder-workspace/.derivedData/Build/Intermediates.noindex/ImageIOPlus.build/Debug-watchos/ImageIOPlusBase-t.build/Objects-normal/arm64_32/ImageIOPlusBase_const_extract_protocols.json -Xcc -I/Users/admin/builder/spi-builder-workspace/.derivedData/Build/Products/Debug-watchos/include -Xcc -I/Users/admin/builder/spi-builder-workspace/.derivedData/Build/Intermediates.noindex/ImageIOPlus.build/Debug-watchos/ImageIOPlusBase-t.build/DerivedSources-normal/arm64_32 -Xcc -I/Users/admin/builder/spi-builder-workspace/.derivedData/Build/Intermediates.noindex/ImageIOPlus.build/Debug-watchos/ImageIOPlusBase-t.build/DerivedSources/arm64_32 -Xcc -I/Users/admin/builder/spi-builder-workspace/.derivedData/Build/Intermediates.noindex/ImageIOPlus.build/Debug-watchos/ImageIOPlusBase-t.build/DerivedSources -Xcc -DSWIFT_PACKAGE -Xcc -DDEBUG\=1 -emit-objc-header -emit-objc-header-path /Users/admin/builder/spi-builder-workspace/.derivedData/Build/Intermediates.noindex/ImageIOPlus.build/Debug-watchos/ImageIOPlusBase-t.build/Objects-normal/arm64_32/ImageIOPlusBase-Swift.h -working-directory /Users/admin/builder/spi-builder-workspace/.swiftpm/xcode -experimental-emit-module-separately -disable-cmo
SwiftMergeGeneratedHeaders /Users/admin/builder/spi-builder-workspace/.derivedData/Build/Intermediates.noindex/GeneratedModuleMaps-watchos/ImageIOPlusBase-Swift.h /Users/admin/builder/spi-builder-workspace/.derivedData/Build/Intermediates.noindex/ImageIOPlus.build/Debug-watchos/ImageIOPlusBase-t.build/Objects-normal/arm64/ImageIOPlusBase-Swift.h /Users/admin/builder/spi-builder-workspace/.derivedData/Build/Intermediates.noindex/ImageIOPlus.build/Debug-watchos/ImageIOPlusBase-t.build/Objects-normal/arm64_32/ImageIOPlusBase-Swift.h (in target 'ImageIOPlusBase' from project 'ImageIOPlus')
cd /Users/admin/builder/spi-builder-workspace
builtin-swiftHeaderTool -arch arm64 /Users/admin/builder/spi-builder-workspace/.derivedData/Build/Intermediates.noindex/ImageIOPlus.build/Debug-watchos/ImageIOPlusBase-t.build/Objects-normal/arm64/ImageIOPlusBase-Swift.h -arch arm64_32 /Users/admin/builder/spi-builder-workspace/.derivedData/Build/Intermediates.noindex/ImageIOPlus.build/Debug-watchos/ImageIOPlusBase-t.build/Objects-normal/arm64_32/ImageIOPlusBase-Swift.h -o /Users/admin/builder/spi-builder-workspace/.derivedData/Build/Intermediates.noindex/GeneratedModuleMaps-watchos/ImageIOPlusBase-Swift.h
Copy /Users/admin/builder/spi-builder-workspace/.derivedData/Build/Products/Debug-watchos/ImageIOPlusBase.swiftmodule/arm64_32-apple-watchos.swiftmodule /Users/admin/builder/spi-builder-workspace/.derivedData/Build/Intermediates.noindex/ImageIOPlus.build/Debug-watchos/ImageIOPlusBase-t.build/Objects-normal/arm64_32/ImageIOPlusBase.swiftmodule (in target 'ImageIOPlusBase' from project 'ImageIOPlus')
cd /Users/admin/builder/spi-builder-workspace
builtin-copy -exclude .DS_Store -exclude CVS -exclude .svn -exclude .git -exclude .hg -resolve-src-symlinks -rename /Users/admin/builder/spi-builder-workspace/.derivedData/Build/Intermediates.noindex/ImageIOPlus.build/Debug-watchos/ImageIOPlusBase-t.build/Objects-normal/arm64_32/ImageIOPlusBase.swiftmodule /Users/admin/builder/spi-builder-workspace/.derivedData/Build/Products/Debug-watchos/ImageIOPlusBase.swiftmodule/arm64_32-apple-watchos.swiftmodule
Copy /Users/admin/builder/spi-builder-workspace/.derivedData/Build/Products/Debug-watchos/ImageIOPlusBase.swiftmodule/arm64_32-apple-watchos.swiftdoc /Users/admin/builder/spi-builder-workspace/.derivedData/Build/Intermediates.noindex/ImageIOPlus.build/Debug-watchos/ImageIOPlusBase-t.build/Objects-normal/arm64_32/ImageIOPlusBase.swiftdoc (in target 'ImageIOPlusBase' from project 'ImageIOPlus')
cd /Users/admin/builder/spi-builder-workspace
builtin-copy -exclude .DS_Store -exclude CVS -exclude .svn -exclude .git -exclude .hg -resolve-src-symlinks -rename /Users/admin/builder/spi-builder-workspace/.derivedData/Build/Intermediates.noindex/ImageIOPlus.build/Debug-watchos/ImageIOPlusBase-t.build/Objects-normal/arm64_32/ImageIOPlusBase.swiftdoc /Users/admin/builder/spi-builder-workspace/.derivedData/Build/Products/Debug-watchos/ImageIOPlusBase.swiftmodule/arm64_32-apple-watchos.swiftdoc
Copy /Users/admin/builder/spi-builder-workspace/.derivedData/Build/Products/Debug-watchos/ImageIOPlusBase.swiftmodule/arm64_32-apple-watchos.abi.json /Users/admin/builder/spi-builder-workspace/.derivedData/Build/Intermediates.noindex/ImageIOPlus.build/Debug-watchos/ImageIOPlusBase-t.build/Objects-normal/arm64_32/ImageIOPlusBase.abi.json (in target 'ImageIOPlusBase' from project 'ImageIOPlus')
cd /Users/admin/builder/spi-builder-workspace
builtin-copy -exclude .DS_Store -exclude CVS -exclude .svn -exclude .git -exclude .hg -resolve-src-symlinks -rename /Users/admin/builder/spi-builder-workspace/.derivedData/Build/Intermediates.noindex/ImageIOPlus.build/Debug-watchos/ImageIOPlusBase-t.build/Objects-normal/arm64_32/ImageIOPlusBase.abi.json /Users/admin/builder/spi-builder-workspace/.derivedData/Build/Products/Debug-watchos/ImageIOPlusBase.swiftmodule/arm64_32-apple-watchos.abi.json
Copy /Users/admin/builder/spi-builder-workspace/.derivedData/Build/Products/Debug-watchos/ImageIOPlusBase.swiftmodule/Project/arm64_32-apple-watchos.swiftsourceinfo /Users/admin/builder/spi-builder-workspace/.derivedData/Build/Intermediates.noindex/ImageIOPlus.build/Debug-watchos/ImageIOPlusBase-t.build/Objects-normal/arm64_32/ImageIOPlusBase.swiftsourceinfo (in target 'ImageIOPlusBase' from project 'ImageIOPlus')
cd /Users/admin/builder/spi-builder-workspace
builtin-copy -exclude .DS_Store -exclude CVS -exclude .svn -exclude .git -exclude .hg -resolve-src-symlinks -rename /Users/admin/builder/spi-builder-workspace/.derivedData/Build/Intermediates.noindex/ImageIOPlus.build/Debug-watchos/ImageIOPlusBase-t.build/Objects-normal/arm64_32/ImageIOPlusBase.swiftsourceinfo /Users/admin/builder/spi-builder-workspace/.derivedData/Build/Products/Debug-watchos/ImageIOPlusBase.swiftmodule/Project/arm64_32-apple-watchos.swiftsourceinfo
SwiftDriver ImageIOPlus normal arm64_32 com.apple.xcode.tools.swift.compiler (in target 'ImageIOPlus' from project 'ImageIOPlus')
cd /Users/admin/builder/spi-builder-workspace/.swiftpm/xcode
builtin-SwiftDriver -- /Applications/Xcode-27.0.0-Release.Candidate.app/Contents/Developer/Toolchains/XcodeDefault.xctoolchain/usr/bin/swiftc -parse-as-library -module-name ImageIOPlus -Onone @/Users/admin/builder/spi-builder-workspace/.derivedData/Build/Intermediates.noindex/ImageIOPlus.build/Debug-watchos/ImageIOPlus-t.build/Objects-normal/arm64_32/ImageIOPlus.SwiftFileList -DSWIFT_PACKAGE -DDEBUG -DSWIFT_MODULE_RESOURCE_BUNDLE_UNAVAILABLE -DXcode -plugin-path /Applications/Xcode-27.0.0-Release.Candidate.app/Contents/Developer/Toolchains/XcodeDefault.xctoolchain/usr/lib/swift/host/plugins/testing -enable-experimental-feature DebugDescriptionMacro -sdk /Applications/Xcode-27.0.0-Release.Candidate.app/Contents/Developer/Platforms/WatchOS.platform/Developer/SDKs/WatchOS27.0.sdk -target arm64_32-apple-watchos9.0 -g -module-cache-path /Users/admin/builder/spi-builder-workspace/.derivedData/ModuleCache.noindex -Xfrontend -serialize-debugging-options -profile-coverage-mapping -profile-generate -enable-testing -index-store-path /Users/admin/builder/spi-builder-workspace/.derivedData/Index.noindex/DataStore -Xcc -D_LIBCPP_HARDENING_MODE\=_LIBCPP_HARDENING_MODE_DEBUG -swift-version 4.2 -I /Users/admin/builder/spi-builder-workspace/.derivedData/Build/Products/Debug-watchos -Isystem /Applications/Xcode-27.0.0-Release.Candidate.app/Contents/Developer/Platforms/WatchOS.platform/Developer/usr/lib -F /Users/admin/builder/spi-builder-workspace/.derivedData/Build/Products/Debug-watchos/PackageFrameworks -F /Users/admin/builder/spi-builder-workspace/.derivedData/Build/Products/Debug-watchos -F /Applications/Xcode-27.0.0-Release.Candidate.app/Contents/Developer/Platforms/WatchOS.platform/Developer/Library/Frameworks -F /Applications/Xcode-27.0.0-Release.Candidate.app/Contents/Developer/Platforms/WatchOS.platform/Developer/SDKs/WatchOS27.0.sdk/Developer/Library/Frameworks -c -j10 -enable-batch-mode -incremental -Xcc -ivfsstatcache -Xcc /Users/admin/builder/spi-builder-workspace/.derivedData/SDKStatCaches.noindex/watchos27.0-24R360-e829b21a6f8c9b70876ba0858053c04477534ef55a1706bf4c1112bbb242f0a2.sdkstatcache -output-file-map /Users/admin/builder/spi-builder-workspace/.derivedData/Build/Intermediates.noindex/ImageIOPlus.build/Debug-watchos/ImageIOPlus-t.build/Objects-normal/arm64_32/ImageIOPlus-OutputFileMap.json -save-temps -no-color-diagnostics -emit-dependencies -emit-module -emit-module-path /Users/admin/builder/spi-builder-workspace/.derivedData/Build/Intermediates.noindex/ImageIOPlus.build/Debug-watchos/ImageIOPlus-t.build/Objects-normal/arm64_32/ImageIOPlus.swiftmodule -serialize-diagnostics -validate-clang-modules-once -clang-build-session-file /Users/admin/builder/spi-builder-workspace/.derivedData/ModuleCache.noindex/Session.modulevalidation -Xcc -fmodules-prune-interval\=86400 -Xcc -fmodules-prune-after\=345600 -emit-const-values -const-gather-protocols-list /Users/admin/builder/spi-builder-workspace/.derivedData/Build/Intermediates.noindex/ImageIOPlus.build/Debug-watchos/ImageIOPlus-t.build/Objects-normal/arm64_32/ImageIOPlus_const_extract_protocols.json -Xcc -I/Users/admin/builder/spi-builder-workspace/.derivedData/Build/Products/Debug-watchos/include -Xcc -I/Users/admin/builder/spi-builder-workspace/.derivedData/Build/Intermediates.noindex/ImageIOPlus.build/Debug-watchos/ImageIOPlus-t.build/DerivedSources-normal/arm64_32 -Xcc -I/Users/admin/builder/spi-builder-workspace/.derivedData/Build/Intermediates.noindex/ImageIOPlus.build/Debug-watchos/ImageIOPlus-t.build/DerivedSources/arm64_32 -Xcc -I/Users/admin/builder/spi-builder-workspace/.derivedData/Build/Intermediates.noindex/ImageIOPlus.build/Debug-watchos/ImageIOPlus-t.build/DerivedSources -Xcc -DSWIFT_PACKAGE -Xcc -DDEBUG\=1 -emit-objc-header -emit-objc-header-path /Users/admin/builder/spi-builder-workspace/.derivedData/Build/Intermediates.noindex/ImageIOPlus.build/Debug-watchos/ImageIOPlus-t.build/Objects-normal/arm64_32/ImageIOPlus-Swift.h -working-directory /Users/admin/builder/spi-builder-workspace/.swiftpm/xcode -experimental-emit-module-separately -disable-cmo
SwiftDriver ImageIOPlus normal arm64 com.apple.xcode.tools.swift.compiler (in target 'ImageIOPlus' from project 'ImageIOPlus')
cd /Users/admin/builder/spi-builder-workspace/.swiftpm/xcode
builtin-SwiftDriver -- /Applications/Xcode-27.0.0-Release.Candidate.app/Contents/Developer/Toolchains/XcodeDefault.xctoolchain/usr/bin/swiftc -parse-as-library -module-name ImageIOPlus -Onone @/Users/admin/builder/spi-builder-workspace/.derivedData/Build/Intermediates.noindex/ImageIOPlus.build/Debug-watchos/ImageIOPlus-t.build/Objects-normal/arm64/ImageIOPlus.SwiftFileList -DSWIFT_PACKAGE -DDEBUG -DSWIFT_MODULE_RESOURCE_BUNDLE_UNAVAILABLE -DXcode -plugin-path /Applications/Xcode-27.0.0-Release.Candidate.app/Contents/Developer/Toolchains/XcodeDefault.xctoolchain/usr/lib/swift/host/plugins/testing -enable-experimental-feature DebugDescriptionMacro -sdk /Applications/Xcode-27.0.0-Release.Candidate.app/Contents/Developer/Platforms/WatchOS.platform/Developer/SDKs/WatchOS27.0.sdk -target arm64-apple-watchos9.0 -g -module-cache-path /Users/admin/builder/spi-builder-workspace/.derivedData/ModuleCache.noindex -Xfrontend -serialize-debugging-options -profile-coverage-mapping -profile-generate -enable-testing -index-store-path /Users/admin/builder/spi-builder-workspace/.derivedData/Index.noindex/DataStore -Xcc -D_LIBCPP_HARDENING_MODE\=_LIBCPP_HARDENING_MODE_DEBUG -swift-version 4.2 -I /Users/admin/builder/spi-builder-workspace/.derivedData/Build/Products/Debug-watchos -Isystem /Applications/Xcode-27.0.0-Release.Candidate.app/Contents/Developer/Platforms/WatchOS.platform/Developer/usr/lib -F /Users/admin/builder/spi-builder-workspace/.derivedData/Build/Products/Debug-watchos/PackageFrameworks -F /Users/admin/builder/spi-builder-workspace/.derivedData/Build/Products/Debug-watchos -F /Applications/Xcode-27.0.0-Release.Candidate.app/Contents/Developer/Platforms/WatchOS.platform/Developer/Library/Frameworks -F /Applications/Xcode-27.0.0-Release.Candidate.app/Contents/Developer/Platforms/WatchOS.platform/Developer/SDKs/WatchOS27.0.sdk/Developer/Library/Frameworks -c -j10 -enable-batch-mode -incremental -Xcc -ivfsstatcache -Xcc /Users/admin/builder/spi-builder-workspace/.derivedData/SDKStatCaches.noindex/watchos27.0-24R360-e829b21a6f8c9b70876ba0858053c04477534ef55a1706bf4c1112bbb242f0a2.sdkstatcache -output-file-map /Users/admin/builder/spi-builder-workspace/.derivedData/Build/Intermediates.noindex/ImageIOPlus.build/Debug-watchos/ImageIOPlus-t.build/Objects-normal/arm64/ImageIOPlus-OutputFileMap.json -save-temps -no-color-diagnostics -emit-dependencies -emit-module -emit-module-path /Users/admin/builder/spi-builder-workspace/.derivedData/Build/Intermediates.noindex/ImageIOPlus.build/Debug-watchos/ImageIOPlus-t.build/Objects-normal/arm64/ImageIOPlus.swiftmodule -serialize-diagnostics -validate-clang-modules-once -clang-build-session-file /Users/admin/builder/spi-builder-workspace/.derivedData/ModuleCache.noindex/Session.modulevalidation -Xcc -fmodules-prune-interval\=86400 -Xcc -fmodules-prune-after\=345600 -emit-const-values -const-gather-protocols-list /Users/admin/builder/spi-builder-workspace/.derivedData/Build/Intermediates.noindex/ImageIOPlus.build/Debug-watchos/ImageIOPlus-t.build/Objects-normal/arm64/ImageIOPlus_const_extract_protocols.json -Xcc -I/Users/admin/builder/spi-builder-workspace/.derivedData/Build/Products/Debug-watchos/include -Xcc -I/Users/admin/builder/spi-builder-workspace/.derivedData/Build/Intermediates.noindex/ImageIOPlus.build/Debug-watchos/ImageIOPlus-t.build/DerivedSources-normal/arm64 -Xcc -I/Users/admin/builder/spi-builder-workspace/.derivedData/Build/Intermediates.noindex/ImageIOPlus.build/Debug-watchos/ImageIOPlus-t.build/DerivedSources/arm64 -Xcc -I/Users/admin/builder/spi-builder-workspace/.derivedData/Build/Intermediates.noindex/ImageIOPlus.build/Debug-watchos/ImageIOPlus-t.build/DerivedSources -Xcc -DSWIFT_PACKAGE -Xcc -DDEBUG\=1 -emit-objc-header -emit-objc-header-path /Users/admin/builder/spi-builder-workspace/.derivedData/Build/Intermediates.noindex/ImageIOPlus.build/Debug-watchos/ImageIOPlus-t.build/Objects-normal/arm64/ImageIOPlus-Swift.h -working-directory /Users/admin/builder/spi-builder-workspace/.swiftpm/xcode -experimental-emit-module-separately -disable-cmo
SwiftDriver CoreVideoPlus normal arm64_32 com.apple.xcode.tools.swift.compiler (in target 'CoreVideoPlus' from project 'ImageIOPlus')
cd /Users/admin/builder/spi-builder-workspace/.swiftpm/xcode
builtin-SwiftDriver -- /Applications/Xcode-27.0.0-Release.Candidate.app/Contents/Developer/Toolchains/XcodeDefault.xctoolchain/usr/bin/swiftc -parse-as-library -module-name CoreVideoPlus -Onone @/Users/admin/builder/spi-builder-workspace/.derivedData/Build/Intermediates.noindex/ImageIOPlus.build/Debug-watchos/CoreVideoPlus-t.build/Objects-normal/arm64_32/CoreVideoPlus.SwiftFileList -DSWIFT_PACKAGE -DDEBUG -DSWIFT_MODULE_RESOURCE_BUNDLE_UNAVAILABLE -DXcode -plugin-path /Applications/Xcode-27.0.0-Release.Candidate.app/Contents/Developer/Toolchains/XcodeDefault.xctoolchain/usr/lib/swift/host/plugins/testing -enable-experimental-feature DebugDescriptionMacro -sdk /Applications/Xcode-27.0.0-Release.Candidate.app/Contents/Developer/Platforms/WatchOS.platform/Developer/SDKs/WatchOS27.0.sdk -target arm64_32-apple-watchos9.0 -g -module-cache-path /Users/admin/builder/spi-builder-workspace/.derivedData/ModuleCache.noindex -Xfrontend -serialize-debugging-options -profile-coverage-mapping -profile-generate -enable-testing -index-store-path /Users/admin/builder/spi-builder-workspace/.derivedData/Index.noindex/DataStore -Xcc -D_LIBCPP_HARDENING_MODE\=_LIBCPP_HARDENING_MODE_DEBUG -swift-version 4.2 -I /Users/admin/builder/spi-builder-workspace/.derivedData/Build/Products/Debug-watchos -Isystem /Applications/Xcode-27.0.0-Release.Candidate.app/Contents/Developer/Platforms/WatchOS.platform/Developer/usr/lib -F /Users/admin/builder/spi-builder-workspace/.derivedData/Build/Products/Debug-watchos/PackageFrameworks -F /Users/admin/builder/spi-builder-workspace/.derivedData/Build/Products/Debug-watchos -F /Applications/Xcode-27.0.0-Release.Candidate.app/Contents/Developer/Platforms/WatchOS.platform/Developer/Library/Frameworks -F /Applications/Xcode-27.0.0-Release.Candidate.app/Contents/Developer/Platforms/WatchOS.platform/Developer/SDKs/WatchOS27.0.sdk/Developer/Library/Frameworks -c -j10 -enable-batch-mode -incremental -Xcc -ivfsstatcache -Xcc /Users/admin/builder/spi-builder-workspace/.derivedData/SDKStatCaches.noindex/watchos27.0-24R360-e829b21a6f8c9b70876ba0858053c04477534ef55a1706bf4c1112bbb242f0a2.sdkstatcache -output-file-map /Users/admin/builder/spi-builder-workspace/.derivedData/Build/Intermediates.noindex/ImageIOPlus.build/Debug-watchos/CoreVideoPlus-t.build/Objects-normal/arm64_32/CoreVideoPlus-OutputFileMap.json -save-temps -no-color-diagnostics -emit-dependencies -emit-module -emit-module-path /Users/admin/builder/spi-builder-workspace/.derivedData/Build/Intermediates.noindex/ImageIOPlus.build/Debug-watchos/CoreVideoPlus-t.build/Objects-normal/arm64_32/CoreVideoPlus.swiftmodule -serialize-diagnostics -validate-clang-modules-once -clang-build-session-file /Users/admin/builder/spi-builder-workspace/.derivedData/ModuleCache.noindex/Session.modulevalidation -Xcc -fmodules-prune-interval\=86400 -Xcc -fmodules-prune-after\=345600 -emit-const-values -const-gather-protocols-list /Users/admin/builder/spi-builder-workspace/.derivedData/Build/Intermediates.noindex/ImageIOPlus.build/Debug-watchos/CoreVideoPlus-t.build/Objects-normal/arm64_32/CoreVideoPlus_const_extract_protocols.json -Xcc -I/Users/admin/builder/spi-builder-workspace/.derivedData/Build/Products/Debug-watchos/include -Xcc -I/Users/admin/builder/spi-builder-workspace/.derivedData/Build/Intermediates.noindex/ImageIOPlus.build/Debug-watchos/CoreVideoPlus-t.build/DerivedSources-normal/arm64_32 -Xcc -I/Users/admin/builder/spi-builder-workspace/.derivedData/Build/Intermediates.noindex/ImageIOPlus.build/Debug-watchos/CoreVideoPlus-t.build/DerivedSources/arm64_32 -Xcc -I/Users/admin/builder/spi-builder-workspace/.derivedData/Build/Intermediates.noindex/ImageIOPlus.build/Debug-watchos/CoreVideoPlus-t.build/DerivedSources -Xcc -DSWIFT_PACKAGE -Xcc -DDEBUG\=1 -emit-objc-header -emit-objc-header-path /Users/admin/builder/spi-builder-workspace/.derivedData/Build/Intermediates.noindex/ImageIOPlus.build/Debug-watchos/CoreVideoPlus-t.build/Objects-normal/arm64_32/CoreVideoPlus-Swift.h -working-directory /Users/admin/builder/spi-builder-workspace/.swiftpm/xcode -experimental-emit-module-separately -disable-cmo
SwiftDriver CoreVideoPlus normal arm64 com.apple.xcode.tools.swift.compiler (in target 'CoreVideoPlus' from project 'ImageIOPlus')
cd /Users/admin/builder/spi-builder-workspace/.swiftpm/xcode
builtin-SwiftDriver -- /Applications/Xcode-27.0.0-Release.Candidate.app/Contents/Developer/Toolchains/XcodeDefault.xctoolchain/usr/bin/swiftc -parse-as-library -module-name CoreVideoPlus -Onone @/Users/admin/builder/spi-builder-workspace/.derivedData/Build/Intermediates.noindex/ImageIOPlus.build/Debug-watchos/CoreVideoPlus-t.build/Objects-normal/arm64/CoreVideoPlus.SwiftFileList -DSWIFT_PACKAGE -DDEBUG -DSWIFT_MODULE_RESOURCE_BUNDLE_UNAVAILABLE -DXcode -plugin-path /Applications/Xcode-27.0.0-Release.Candidate.app/Contents/Developer/Toolchains/XcodeDefault.xctoolchain/usr/lib/swift/host/plugins/testing -enable-experimental-feature DebugDescriptionMacro -sdk /Applications/Xcode-27.0.0-Release.Candidate.app/Contents/Developer/Platforms/WatchOS.platform/Developer/SDKs/WatchOS27.0.sdk -target arm64-apple-watchos9.0 -g -module-cache-path /Users/admin/builder/spi-builder-workspace/.derivedData/ModuleCache.noindex -Xfrontend -serialize-debugging-options -profile-coverage-mapping -profile-generate -enable-testing -index-store-path /Users/admin/builder/spi-builder-workspace/.derivedData/Index.noindex/DataStore -Xcc -D_LIBCPP_HARDENING_MODE\=_LIBCPP_HARDENING_MODE_DEBUG -swift-version 4.2 -I /Users/admin/builder/spi-builder-workspace/.derivedData/Build/Products/Debug-watchos -Isystem /Applications/Xcode-27.0.0-Release.Candidate.app/Contents/Developer/Platforms/WatchOS.platform/Developer/usr/lib -F /Users/admin/builder/spi-builder-workspace/.derivedData/Build/Products/Debug-watchos/PackageFrameworks -F /Users/admin/builder/spi-builder-workspace/.derivedData/Build/Products/Debug-watchos -F /Applications/Xcode-27.0.0-Release.Candidate.app/Contents/Developer/Platforms/WatchOS.platform/Developer/Library/Frameworks -F /Applications/Xcode-27.0.0-Release.Candidate.app/Contents/Developer/Platforms/WatchOS.platform/Developer/SDKs/WatchOS27.0.sdk/Developer/Library/Frameworks -c -j10 -enable-batch-mode -incremental -Xcc -ivfsstatcache -Xcc /Users/admin/builder/spi-builder-workspace/.derivedData/SDKStatCaches.noindex/watchos27.0-24R360-e829b21a6f8c9b70876ba0858053c04477534ef55a1706bf4c1112bbb242f0a2.sdkstatcache -output-file-map /Users/admin/builder/spi-builder-workspace/.derivedData/Build/Intermediates.noindex/ImageIOPlus.build/Debug-watchos/CoreVideoPlus-t.build/Objects-normal/arm64/CoreVideoPlus-OutputFileMap.json -save-temps -no-color-diagnostics -emit-dependencies -emit-module -emit-module-path /Users/admin/builder/spi-builder-workspace/.derivedData/Build/Intermediates.noindex/ImageIOPlus.build/Debug-watchos/CoreVideoPlus-t.build/Objects-normal/arm64/CoreVideoPlus.swiftmodule -serialize-diagnostics -validate-clang-modules-once -clang-build-session-file /Users/admin/builder/spi-builder-workspace/.derivedData/ModuleCache.noindex/Session.modulevalidation -Xcc -fmodules-prune-interval\=86400 -Xcc -fmodules-prune-after\=345600 -emit-const-values -const-gather-protocols-list /Users/admin/builder/spi-builder-workspace/.derivedData/Build/Intermediates.noindex/ImageIOPlus.build/Debug-watchos/CoreVideoPlus-t.build/Objects-normal/arm64/CoreVideoPlus_const_extract_protocols.json -Xcc -I/Users/admin/builder/spi-builder-workspace/.derivedData/Build/Products/Debug-watchos/include -Xcc -I/Users/admin/builder/spi-builder-workspace/.derivedData/Build/Intermediates.noindex/ImageIOPlus.build/Debug-watchos/CoreVideoPlus-t.build/DerivedSources-normal/arm64 -Xcc -I/Users/admin/builder/spi-builder-workspace/.derivedData/Build/Intermediates.noindex/ImageIOPlus.build/Debug-watchos/CoreVideoPlus-t.build/DerivedSources/arm64 -Xcc -I/Users/admin/builder/spi-builder-workspace/.derivedData/Build/Intermediates.noindex/ImageIOPlus.build/Debug-watchos/CoreVideoPlus-t.build/DerivedSources -Xcc -DSWIFT_PACKAGE -Xcc -DDEBUG\=1 -emit-objc-header -emit-objc-header-path /Users/admin/builder/spi-builder-workspace/.derivedData/Build/Intermediates.noindex/ImageIOPlus.build/Debug-watchos/CoreVideoPlus-t.build/Objects-normal/arm64/CoreVideoPlus-Swift.h -working-directory /Users/admin/builder/spi-builder-workspace/.swiftpm/xcode -experimental-emit-module-separately -disable-cmo
SwiftEmitModule normal arm64_32 Emitting\ module\ for\ CoreVideoPlus (in target 'CoreVideoPlus' from project 'ImageIOPlus')
/Users/admin/builder/spi-builder-workspace/Sources/CoreVideoPlus/CVBuffer/Attachments.swift:14:5: warning: 'public' modifier is redundant for struct declared in a public extension
12 |
13 | public extension CVBuffer {
14 | public struct Attachments : RawKeyDictionaryWrapper {
| `- warning: 'public' modifier is redundant for struct declared in a public extension
15 |
16 | // CVBuffer
/Users/admin/builder/spi-builder-workspace/Sources/CoreVideoPlus/CVBuffer/Attachments.swift:134:5: warning: 'public' modifier is redundant for enum declared in a public extension
132 | */
133 |
134 | public enum Key : String, CaseIterable {
| `- warning: 'public' modifier is redundant for enum declared in a public extension
135 | // CVBuffer, Generally only available for frames emitted by QuickTime
136 | case timeValue = "QTMovieTime" // let kCVBufferTimeValueKey: CFString
/Users/admin/builder/spi-builder-workspace/Sources/CoreVideoPlus/CVBuffer/Attachments.swift:161:5: warning: 'public' modifier is redundant for struct declared in a public extension
159 |
160 | public extension CVBuffer.Attachments {
161 | public struct CleanAperture : RawKeyDictionaryWrapper {
| `- warning: 'public' modifier is redundant for struct declared in a public extension
162 |
163 | /*
/Users/admin/builder/spi-builder-workspace/Sources/CoreVideoPlus/CVBuffer/Attachments.swift:192:5: warning: 'public' modifier is redundant for struct declared in a public extension
190 | }
191 |
192 | public struct FieldDetail : RawKeyDictionaryWrapper {
| `- warning: 'public' modifier is redundant for struct declared in a public extension
193 |
194 | /*
/Users/admin/builder/spi-builder-workspace/Sources/CoreVideoPlus/CVBuffer/Attachments.swift:224:5: warning: 'public' modifier is redundant for struct declared in a public extension
222 | }
223 |
224 | public struct PixelAspectRatio : RawKeyDictionaryWrapper {
| `- warning: 'public' modifier is redundant for struct declared in a public extension
225 | public typealias RawKey = Key.RawValue
226 | /*
/Users/admin/builder/spi-builder-workspace/Sources/CoreVideoPlus/CVBuffer/Attachments.swift:247:5: warning: 'public' modifier is redundant for struct declared in a public extension
245 | }
246 |
247 | public struct DisplayDimensions : RawKeyDictionaryWrapper {
| `- warning: 'public' modifier is redundant for struct declared in a public extension
248 | /*
249 | 0x00000001a9fbda60 ( 0x8) kCVImageBufferDisplayWidthKey
/Users/admin/builder/spi-builder-workspace/Sources/CoreVideoPlus/CVBuffer/Attachments.swift:269:5: warning: 'public' modifier is redundant for struct declared in a public extension
267 | }
268 |
269 | public struct TimeValue: RawKeyDictionaryWrapper {
| `- warning: 'public' modifier is redundant for struct declared in a public extension
270 | public enum Key : String, CaseIterable {
271 | case timeScale = "TimeScale"
/Users/admin/builder/spi-builder-workspace/Sources/CoreVideoPlus/CVBuffer/Attachments.swift:294:5: warning: 'public' modifier is redundant for enum declared in a public extension
292 | 0x00000001a9fbdab0 ( 0x8) kCVImageBufferYCbCrMatrix_ITU_R_2020
293 | */
294 | public enum YCbCrMatrix : String, CaseIterable {
| `- warning: 'public' modifier is redundant for enum declared in a public extension
295 | case ITU_R_709_2
296 | case ITU_R_601_4
/Users/admin/builder/spi-builder-workspace/Sources/CoreVideoPlus/CVBuffer/Attachments.swift:316:5: warning: 'public' modifier is redundant for enum declared in a public extension
314 | 0x00000001a9fbdb50 ( 0x8) kCVImageBufferTransferFunction_UseGamma
315 | */
316 | public enum TransferFunction : String, CaseIterable {
| `- warning: 'public' modifier is redundant for enum declared in a public extension
317 | case ITU_R_709_2
318 | case SMPTE_240M_1995
/Users/admin/builder/spi-builder-workspace/Sources/CoreVideoPlus/CVBuffer/Attachments.swift:341:5: warning: 'public' modifier is redundant for enum declared in a public extension
339 | */
340 |
341 | public enum ChromaLocation : String, CaseIterable {
| `- warning: 'public' modifier is redundant for enum declared in a public extension
342 | case center = "Center"
343 | case top = "Top"
/Users/admin/builder/spi-builder-workspace/Sources/CoreVideoPlus/CVBuffer/Attachments.swift:359:5: warning: 'public' modifier is redundant for enum declared in a public extension
357 | */
358 |
359 | public enum ChromaSubsampling : String, CaseIterable {
| `- warning: 'public' modifier is redundant for enum declared in a public extension
360 | case _420 = "4:2:0"
361 | case _422 = "4:2:2"
/Users/admin/builder/spi-builder-workspace/Sources/CoreVideoPlus/CVBuffer/Attachments.swift:375:5: warning: 'public' modifier is redundant for enum declared in a public extension
373 | public let kCVImageBufferColorPrimaries_P22: CFString
374 | */
375 | public enum ColorPrimaries : String, CaseIterable {
| `- warning: 'public' modifier is redundant for enum declared in a public extension
376 | case ITU_R_709_2
377 | case EBU_3213
/Users/admin/builder/spi-builder-workspace/Sources/CoreVideoPlus/CVBuffer/Attributes.swift:121:27: error: ambiguous type name 'Attributes' in 'CVBuffer'
11 |
12 | public extension CVBuffer {
13 | struct Attributes : RawKeyDictionaryWrapper {
| `- note: found candidate with type 'CVBuffer.Attributes'
14 | public let pixelFormat: CVPixelFormat
15 |
:
119 | }
120 |
121 | public extension CVBuffer.Attributes {
| `- error: ambiguous type name 'Attributes' in 'CVBuffer'
122 | enum Key : String {
123 |
CoreVideo.CVBuffer.Attributes:3:38: note: found candidate with type 'CVBuffer.Attributes'
1 | class CVBuffer {
2 | @available(*, deprecated, renamed: "CVPixelBufferAttributes")
3 | @dynamicMemberLookup public struct Attributes : Sendable {
| `- note: found candidate with type 'CVBuffer.Attributes'
4 | public var rawAttributes: [String : any Sendable] { get }
5 | public init(rawAttributes: [String : any Sendable])
/Users/admin/builder/spi-builder-workspace/Sources/CoreVideoPlus/CVPixelBuffer/CVPixelBuffer.swift:35:21: error: 'Attributes' is ambiguous for type lookup in this context
33 | pixelFormat: CVPixelFormat,
34 | size: Int.Size,
35 | attributes: Attributes? = nil
| `- error: 'Attributes' is ambiguous for type lookup in this context
36 | ) throws -> CVPixelBuffer? {
37 | let pixelFormat = pixelFormat.rawValue
/Users/admin/builder/spi-builder-workspace/Sources/CoreVideoPlus/CVBuffer/Attributes.swift:13:12: note: found this candidate
11 |
12 | public extension CVBuffer {
13 | struct Attributes : RawKeyDictionaryWrapper {
| `- note: found this candidate
14 | public let pixelFormat: CVPixelFormat
15 |
CoreVideo.CVBuffer.Attributes:3:38: note: found this candidate
1 | class CVBuffer {
2 | @available(*, deprecated, renamed: "CVPixelBufferAttributes")
3 | @dynamicMemberLookup public struct Attributes : Sendable {
| `- note: found this candidate
4 | public var rawAttributes: [String : any Sendable] { get }
5 | public init(rawAttributes: [String : any Sendable])
/Users/admin/builder/spi-builder-workspace/Sources/CoreVideoPlus/CVPixelBuffer/CVPixelBuffer.swift:31:5: warning: 'public' modifier is redundant for class method declared in a public extension
29 | @result returns kCVReturnSuccess on success.
30 | */
31 | public class func `init`(
| `- warning: 'public' modifier is redundant for class method declared in a public extension
32 | allocator: CFAllocator? = nil,
33 | pixelFormat: CVPixelFormat,
/Users/admin/builder/spi-builder-workspace/Sources/CoreVideoPlus/CVPixelBuffer/CVPixelBuffer.swift:67:21: error: 'Attributes' is ambiguous for type lookup in this context
65 | pixelFormat: CVPixelFormat,
66 | planeInfo: PlaneInfo,
67 | attributes: Attributes? = nil,
| `- error: 'Attributes' is ambiguous for type lookup in this context
68 | releaseCallback: ReleaseBytesCallback? = nil,
69 | releaseRefCon: UnsafeMutableRawPointer? = nil
/Users/admin/builder/spi-builder-workspace/Sources/CoreVideoPlus/CVBuffer/Attributes.swift:13:12: note: found this candidate
11 |
12 | public extension CVBuffer {
13 | struct Attributes : RawKeyDictionaryWrapper {
| `- note: found this candidate
14 | public let pixelFormat: CVPixelFormat
15 |
CoreVideo.CVBuffer.Attributes:3:38: note: found this candidate
1 | class CVBuffer {
2 | @available(*, deprecated, renamed: "CVPixelBufferAttributes")
3 | @dynamicMemberLookup public struct Attributes : Sendable {
| `- note: found this candidate
4 | public var rawAttributes: [String : any Sendable] { get }
5 | public init(rawAttributes: [String : any Sendable])
/Users/admin/builder/spi-builder-workspace/Sources/CoreVideoPlus/CVPixelBuffer/CVPixelBuffer.swift:63:5: warning: 'public' modifier is redundant for instance method declared in a public extension
61 | @result returns kCVReturnSuccess on success.
62 | */
63 | public func `init`(
| `- warning: 'public' modifier is redundant for instance method declared in a public extension
64 | allocator: CFAllocator? = nil,
65 | pixelFormat: CVPixelFormat,
/Users/admin/builder/spi-builder-workspace/Sources/CoreVideoPlus/CVPixelBuffer/CVPixelBuffer.swift:119:21: error: 'Attributes' is ambiguous for type lookup in this context
117 | planeDataSize: Int? = nil,
118 | planeInfos: [PlaneInfo],
119 | attributes: Attributes? = nil,
| `- error: 'Attributes' is ambiguous for type lookup in this context
120 | releaseCallback: ReleasePlanarBytesCallback? = nil,
121 | releaseRefCon: UnsafeMutableRawPointer? = nil
/Users/admin/builder/spi-builder-workspace/Sources/CoreVideoPlus/CVBuffer/Attributes.swift:13:12: note: found this candidate
11 |
12 | public extension CVBuffer {
13 | struct Attributes : RawKeyDictionaryWrapper {
| `- note: found this candidate
14 | public let pixelFormat: CVPixelFormat
15 |
CoreVideo.CVBuffer.Attributes:3:38: note: found this candidate
1 | class CVBuffer {
2 | @available(*, deprecated, renamed: "CVPixelBufferAttributes")
3 | @dynamicMemberLookup public struct Attributes : Sendable {
| `- note: found this candidate
4 | public var rawAttributes: [String : any Sendable] { get }
5 | public init(rawAttributes: [String : any Sendable])
/Users/admin/builder/spi-builder-workspace/Sources/CoreVideoPlus/CVPixelBuffer/CVPixelBuffer.swift:112:5: warning: 'public' modifier is redundant for instance method declared in a public extension
110 | @result returns kCVReturnSuccess on success.
111 | */
112 | public func `init`(
| `- warning: 'public' modifier is redundant for instance method declared in a public extension
113 | allocator: CFAllocator? = nil,
114 | pixelFormat: CVPixelFormat,
/Users/admin/builder/spi-builder-workspace/Sources/CoreVideoPlus/CVPixelBuffer/CVPixelBuffer.swift:160:5: warning: 'public' modifier is redundant for type alias declared in a public extension
158 | }
159 |
160 | public typealias PlaneInfo = (size: Int.Size, bytesPerRow: Int, baseAddress: UnsafeMutableRawPointer)
| `- warning: 'public' modifier is redundant for type alias declared in a public extension
161 | public typealias ReleaseBytesCallback = @convention(c) (UnsafeMutableRawPointer?, UnsafeRawPointer?) -> Void
162 | public typealias ReleasePlanarBytesCallback = @convention(c) (UnsafeMutableRawPointer?, UnsafeRawPointer?, Int, Int, UnsafeMutablePointer<UnsafeRawPointer?>?) -> Void
/Users/admin/builder/spi-builder-workspace/Sources/CoreVideoPlus/CVPixelBuffer/CVPixelBuffer.swift:161:5: warning: 'public' modifier is redundant for type alias declared in a public extension
159 |
160 | public typealias PlaneInfo = (size: Int.Size, bytesPerRow: Int, baseAddress: UnsafeMutableRawPointer)
161 | public typealias ReleaseBytesCallback = @convention(c) (UnsafeMutableRawPointer?, UnsafeRawPointer?) -> Void
| `- warning: 'public' modifier is redundant for type alias declared in a public extension
162 | public typealias ReleasePlanarBytesCallback = @convention(c) (UnsafeMutableRawPointer?, UnsafeRawPointer?, Int, Int, UnsafeMutablePointer<UnsafeRawPointer?>?) -> Void
163 | }
/Users/admin/builder/spi-builder-workspace/Sources/CoreVideoPlus/CVPixelBuffer/CVPixelBuffer.swift:162:5: warning: 'public' modifier is redundant for type alias declared in a public extension
160 | public typealias PlaneInfo = (size: Int.Size, bytesPerRow: Int, baseAddress: UnsafeMutableRawPointer)
161 | public typealias ReleaseBytesCallback = @convention(c) (UnsafeMutableRawPointer?, UnsafeRawPointer?) -> Void
162 | public typealias ReleasePlanarBytesCallback = @convention(c) (UnsafeMutableRawPointer?, UnsafeRawPointer?, Int, Int, UnsafeMutablePointer<UnsafeRawPointer?>?) -> Void
| `- warning: 'public' modifier is redundant for type alias declared in a public extension
163 | }
164 |
/Users/admin/builder/spi-builder-workspace/Sources/CoreVideoPlus/CVPixelBuffer/CVPixelBuffer.swift:178:21: error: 'Attributes' is ambiguous for type lookup in this context
176 | allocator: CFAllocator? = nil,
177 | attributesArray: [Attributes]
178 | ) throws -> Attributes {
| `- error: 'Attributes' is ambiguous for type lookup in this context
179 | let rawInputAttributes = attributesArray.map { $0.rawValue as CFDictionary } as CFArray
180 |
/Users/admin/builder/spi-builder-workspace/Sources/CoreVideoPlus/CVBuffer/Attributes.swift:13:12: note: found this candidate
11 |
12 | public extension CVBuffer {
13 | struct Attributes : RawKeyDictionaryWrapper {
| `- note: found this candidate
14 | public let pixelFormat: CVPixelFormat
15 |
CoreVideo.CVBuffer.Attributes:3:38: note: found this candidate
1 | class CVBuffer {
2 | @available(*, deprecated, renamed: "CVPixelBufferAttributes")
3 | @dynamicMemberLookup public struct Attributes : Sendable {
| `- note: found this candidate
4 | public var rawAttributes: [String : any Sendable] { get }
5 | public init(rawAttributes: [String : any Sendable])
/Users/admin/builder/spi-builder-workspace/Sources/CoreVideoPlus/CVPixelBuffer/CVPixelBuffer.swift:177:27: error: 'Attributes' is ambiguous for type lookup in this context
175 | class func resolve(
176 | allocator: CFAllocator? = nil,
177 | attributesArray: [Attributes]
| `- error: 'Attributes' is ambiguous for type lookup in this context
178 | ) throws -> Attributes {
179 | let rawInputAttributes = attributesArray.map { $0.rawValue as CFDictionary } as CFArray
/Users/admin/builder/spi-builder-workspace/Sources/CoreVideoPlus/CVBuffer/Attributes.swift:13:12: note: found this candidate
11 |
12 | public extension CVBuffer {
13 | struct Attributes : RawKeyDictionaryWrapper {
| `- note: found this candidate
14 | public let pixelFormat: CVPixelFormat
15 |
CoreVideo.CVBuffer.Attributes:3:38: note: found this candidate
1 | class CVBuffer {
2 | @available(*, deprecated, renamed: "CVPixelBufferAttributes")
3 | @dynamicMemberLookup public struct Attributes : Sendable {
| `- note: found this candidate
4 | public var rawAttributes: [String : any Sendable] { get }
5 | public init(rawAttributes: [String : any Sendable])
/Users/admin/builder/spi-builder-workspace/Sources/CoreVideoPlus/CVPixelBuffer/CVPixelBuffer.swift:400:5: warning: 'public' modifier is redundant for property declared in a public extension
398 | @param extraRowsOnBottom Returns the pixel row padding to the bottom. May be NULL.
399 | */
400 | public var extendedPixels: (left: Int, right: Int, top: Int, bottom: Int) {
| `- warning: 'public' modifier is redundant for property declared in a public extension
401 | var extraColumnsOnLeft: Int = 0
402 | var extraColumnsOnRight: Int = 0
/Users/admin/builder/spi-builder-workspace/Sources/CoreVideoPlus/CVPixelBuffer/CVPixelBufferPool.swift:24:48: error: ambiguous type name 'Attributes' in 'CVPixelBuffer' (aka 'CVBuffer')
22 | allocator: CFAllocator? = nil,
23 | _ poolAttributes: Attributes?,
24 | _ pixelBufferAttributes: CVPixelBuffer.Attributes?,
| `- error: ambiguous type name 'Attributes' in 'CVPixelBuffer' (aka 'CVBuffer')
25 | _ poolOut: UnsafeMutablePointer<CVPixelBufferPool?>
26 | ) -> CVReturn {
/Users/admin/builder/spi-builder-workspace/Sources/CoreVideoPlus/CVBuffer/Attributes.swift:13:12: note: found candidate with type 'CVPixelBuffer.Attributes' (aka 'CVBuffer.Attributes')
11 |
12 | public extension CVBuffer {
13 | struct Attributes : RawKeyDictionaryWrapper {
| `- note: found candidate with type 'CVPixelBuffer.Attributes' (aka 'CVBuffer.Attributes')
14 | public let pixelFormat: CVPixelFormat
15 |
CoreVideo.CVBuffer.Attributes:3:38: note: found candidate with type 'CVPixelBuffer.Attributes' (aka 'CVBuffer.Attributes')
1 | class CVBuffer {
2 | @available(*, deprecated, renamed: "CVPixelBufferAttributes")
3 | @dynamicMemberLookup public struct Attributes : Sendable {
| `- note: found candidate with type 'CVPixelBuffer.Attributes' (aka 'CVBuffer.Attributes')
4 | public var rawAttributes: [String : any Sendable] { get }
5 | public init(rawAttributes: [String : any Sendable])
/Users/admin/builder/spi-builder-workspace/Sources/CoreVideoPlus/CVPixelBuffer/CVPixelBufferPool.swift:104:5: warning: 'public' modifier is redundant for property declared in a public extension
102 | @result Returns the pixel buffer attributes dictionary, or NULL on failure.
103 | */
104 | public var pixelBufferAttributes: CFDictionary? {
| `- warning: 'public' modifier is redundant for property declared in a public extension
105 | return CVPixelBufferPoolGetPixelBufferAttributes(self)
106 | }
/Users/admin/builder/spi-builder-workspace/Sources/CoreVideoPlus/CVPixelBuffer/CVPixelBufferPool.swift:108:5: warning: 'public' modifier is redundant for class property declared in a public extension
106 | }
107 |
108 | public class var typeID: CFTypeID {
| `- warning: 'public' modifier is redundant for class property declared in a public extension
109 | return CVPixelBufferPoolGetTypeID()
110 | }
/Users/admin/builder/spi-builder-workspace/Sources/CoreVideoPlus/CVPixelFormat/CVPixelFormat.swift:97:1: warning: extension declares a conformance of imported type 'UInt32' to imported protocols 'ExpressibleByStringLiteral', 'ExpressibleByExtendedGraphemeClusterLiteral', 'ExpressibleByUnicodeScalarLiteral'; this will not behave correctly if the owners of 'Swift' introduce this conformance in the future
95 | }
96 |
97 | extension OSType : ExpressibleByStringLiteral {
| |- warning: extension declares a conformance of imported type 'UInt32' to imported protocols 'ExpressibleByStringLiteral', 'ExpressibleByExtendedGraphemeClusterLiteral', 'ExpressibleByUnicodeScalarLiteral'; this will not behave correctly if the owners of 'Swift' introduce this conformance in the future
| `- note: add '@retroactive' to silence this warning
98 | public init(stringLiteral: String) {
99 | self = stringLiteral.unicodeScalars.filter{ $0.isASCII }.map{ $0.value }.reduce(0, { $0 << 8 + $1 })
Failed frontend command:
/Applications/Xcode-27.0.0-Release.Candidate.app/Contents/Developer/Toolchains/XcodeDefault.xctoolchain/usr/bin/swift-frontend -frontend -emit-module -experimental-skip-non-inlinable-function-bodies-without-types /Users/admin/builder/spi-builder-workspace/Sources/CoreVideoPlus/CVBuffer/Attachments.swift /Users/admin/builder/spi-builder-workspace/Sources/CoreVideoPlus/CVBuffer/Attributes.swift /Users/admin/builder/spi-builder-workspace/Sources/CoreVideoPlus/CVBuffer/CVBuffer.swift /Users/admin/builder/spi-builder-workspace/Sources/CoreVideoPlus/CVImageBuffer/CVImageBuffer.swift /Users/admin/builder/spi-builder-workspace/Sources/CoreVideoPlus/CVPixelBuffer/CVPixelBuffer+.swift /Users/admin/builder/spi-builder-workspace/Sources/CoreVideoPlus/CVPixelBuffer/CVPixelBuffer.swift /Users/admin/builder/spi-builder-workspace/Sources/CoreVideoPlus/CVPixelBuffer/CVPixelBufferPool.swift /Users/admin/builder/spi-builder-workspace/Sources/CoreVideoPlus/CVPixelFormat/CVPixelFormat.swift /Users/admin/builder/spi-builder-workspace/Sources/CoreVideoPlus/CVPixelFormat/Description.swift /Users/admin/builder/spi-builder-workspace/Sources/CoreVideoPlus/CVReturnStatus.swift -target arm64_32-apple-watchos9.0 -enable-objc-interop -sdk /Applications/Xcode-27.0.0-Release.Candidate.app/Contents/Developer/Platforms/WatchOS.platform/Developer/SDKs/WatchOS27.0.sdk -I /Users/admin/builder/spi-builder-workspace/.derivedData/Build/Products/Debug-watchos -Isystem /Applications/Xcode-27.0.0-Release.Candidate.app/Contents/Developer/Platforms/WatchOS.platform/Developer/usr/lib -F /Users/admin/builder/spi-builder-workspace/.derivedData/Build/Products/Debug-watchos/PackageFrameworks -F /Users/admin/builder/spi-builder-workspace/.derivedData/Build/Products/Debug-watchos -F /Applications/Xcode-27.0.0-Release.Candidate.app/Contents/Developer/Platforms/WatchOS.platform/Developer/Library/Frameworks -F /Applications/Xcode-27.0.0-Release.Candidate.app/Contents/Developer/Platforms/WatchOS.platform/Developer/SDKs/WatchOS27.0.sdk/Developer/Library/Frameworks -module-cache-path /Users/admin/builder/spi-builder-workspace/.derivedData/ModuleCache.noindex -no-color-diagnostics -Xcc -fno-color-diagnostics -enable-testing -g -debug-info-format\=dwarf -dwarf-version\=4 -profile-generate -profile-coverage-mapping -swift-version 4.2 -Onone -D SWIFT_PACKAGE -D DEBUG -D SWIFT_MODULE_RESOURCE_BUNDLE_UNAVAILABLE -D Xcode -serialize-debugging-options -enable-experimental-feature DebugDescriptionMacro -empty-abi-descriptor -plugin-path /Applications/Xcode-27.0.0-Release.Candidate.app/Contents/Developer/Toolchains/XcodeDefault.xctoolchain/usr/lib/swift/host/plugins/testing -validate-clang-modules-once -clang-build-session-file /Users/admin/builder/spi-builder-workspace/.derivedData/ModuleCache.noindex/Session.modulevalidation -Xcc -working-directory -Xcc /Users/admin/builder/spi-builder-workspace/.swiftpm/xcode -enable-anonymous-context-mangled-names -file-compilation-dir /Users/admin/builder/spi-builder-workspace/.swiftpm/xcode -Xcc -D_LIBCPP_HARDENING_MODE\=_LIBCPP_HARDENING_MODE_DEBUG -Xcc -ivfsstatcache -Xcc /Users/admin/builder/spi-builder-workspace/.derivedData/SDKStatCaches.noindex/watchos27.0-24R360-e829b21a6f8c9b70876ba0858053c04477534ef55a1706bf4c1112bbb242f0a2.sdkstatcache -Xcc -fmodules-prune-interval\=86400 -Xcc -fmodules-prune-after\=345600 -Xcc -I/Users/admin/builder/spi-builder-workspace/.derivedData/Build/Products/Debug-watchos/include -Xcc -I/Users/admin/builder/spi-builder-workspace/.derivedData/Build/Intermediates.noindex/ImageIOPlus.build/Debug-watchos/CoreVideoPlus-t.build/DerivedSources-normal/arm64_32 -Xcc -I/Users/admin/builder/spi-builder-workspace/.derivedData/Build/Intermediates.noindex/ImageIOPlus.build/Debug-watchos/CoreVideoPlus-t.build/DerivedSources/arm64_32 -Xcc -I/Users/admin/builder/spi-builder-workspace/.derivedData/Build/Intermediates.noindex/ImageIOPlus.build/Debug-watchos/CoreVideoPlus-t.build/DerivedSources -Xcc -DSWIFT_PACKAGE -Xcc -DDEBUG\=1 -no-auto-bridging-header-chaining -module-name CoreVideoPlus -const-gather-protocols-file /Users/admin/builder/spi-builder-workspace/.derivedData/Build/Intermediates.noindex/ImageIOPlus.build/Debug-watchos/CoreVideoPlus-t.build/Objects-normal/arm64_32/CoreVideoPlus_const_extract_protocols.json -disable-clang-spi -target-sdk-version 27.0 -target-sdk-name watchos27.0 -external-plugin-path /Applications/Xcode-27.0.0-Release.Candidate.app/Contents/Developer/Platforms/WatchOS.platform/Developer/usr/lib/swift/host/plugins\#/Applications/Xcode-27.0.0-Release.Candidate.app/Contents/Developer/Platforms/WatchOS.platform/Developer/usr/bin/swift-plugin-server -external-plugin-path /Applications/Xcode-27.0.0-Release.Candidate.app/Contents/Developer/Platforms/WatchOS.platform/Developer/usr/local/lib/swift/host/plugins\#/Applications/Xcode-27.0.0-Release.Candidate.app/Contents/Developer/Platforms/WatchOS.platform/Developer/usr/bin/swift-plugin-server -in-process-plugin-server-path /Applications/Xcode-27.0.0-Release.Candidate.app/Contents/Developer/Toolchains/XcodeDefault.xctoolchain/usr/lib/swift/host/libSwiftInProcPluginServer.dylib -plugin-path /Applications/Xcode-27.0.0-Release.Candidate.app/Contents/Developer/Toolchains/XcodeDefault.xctoolchain/usr/lib/swift/host/plugins -plugin-path /Applications/Xcode-27.0.0-Release.Candidate.app/Contents/Developer/Toolchains/XcodeDefault.xctoolchain/usr/local/lib/swift/host/plugins -emit-module-doc-path /Users/admin/builder/spi-builder-workspace/.derivedData/Build/Intermediates.noindex/ImageIOPlus.build/Debug-watchos/CoreVideoPlus-t.build/Objects-normal/arm64_32/CoreVideoPlus.swiftdoc -emit-module-source-info-path /Users/admin/builder/spi-builder-workspace/.derivedData/Build/Intermediates.noindex/ImageIOPlus.build/Debug-watchos/CoreVideoPlus-t.build/Objects-normal/arm64_32/CoreVideoPlus.swiftsourceinfo -emit-objc-header-path /Users/admin/builder/spi-builder-workspace/.derivedData/Build/Intermediates.noindex/ImageIOPlus.build/Debug-watchos/CoreVideoPlus-t.build/Objects-normal/arm64_32/CoreVideoPlus-Swift.h -serialize-diagnostics-path /Users/admin/builder/spi-builder-workspace/.derivedData/Build/Intermediates.noindex/ImageIOPlus.build/Debug-watchos/CoreVideoPlus-t.build/Objects-normal/arm64_32/CoreVideoPlus-primary-emit-module.dia -emit-dependencies-path /Users/admin/builder/spi-builder-workspace/.derivedData/Build/Intermediates.noindex/ImageIOPlus.build/Debug-watchos/CoreVideoPlus-t.build/Objects-normal/arm64_32/CoreVideoPlus-primary-emit-module.d -parse-as-library -o /Users/admin/builder/spi-builder-workspace/.derivedData/Build/Intermediates.noindex/ImageIOPlus.build/Debug-watchos/CoreVideoPlus-t.build/Objects-normal/arm64_32/CoreVideoPlus.swiftmodule -emit-abi-descriptor-path /Users/admin/builder/spi-builder-workspace/.derivedData/Build/Intermediates.noindex/ImageIOPlus.build/Debug-watchos/CoreVideoPlus-t.build/Objects-normal/arm64_32/CoreVideoPlus.abi.json
SwiftCompile normal arm64_32 (in target 'CoreVideoPlus' from project 'ImageIOPlus')
cd /Users/admin/builder/spi-builder-workspace/.swiftpm/xcode
SwiftCompile normal arm64_32 Compiling\ Description.swift /Users/admin/builder/spi-builder-workspace/Sources/CoreVideoPlus/CVPixelFormat/Description.swift (in target 'CoreVideoPlus' from project 'ImageIOPlus')
SwiftCompile normal arm64_32 /Users/admin/builder/spi-builder-workspace/Sources/CoreVideoPlus/CVPixelFormat/Description.swift (in target 'CoreVideoPlus' from project 'ImageIOPlus')
cd /Users/admin/builder/spi-builder-workspace/.swiftpm/xcode
builtin-SwiftPerFileCompile Description.swift
SwiftCompile normal arm64_32 Compiling\ CVImageBuffer.swift /Users/admin/builder/spi-builder-workspace/Sources/CoreVideoPlus/CVImageBuffer/CVImageBuffer.swift (in target 'CoreVideoPlus' from project 'ImageIOPlus')
SwiftCompile normal arm64_32 /Users/admin/builder/spi-builder-workspace/Sources/CoreVideoPlus/CVImageBuffer/CVImageBuffer.swift (in target 'CoreVideoPlus' from project 'ImageIOPlus')
cd /Users/admin/builder/spi-builder-workspace/.swiftpm/xcode
builtin-SwiftPerFileCompile CVImageBuffer.swift
SwiftCompile normal arm64_32 Compiling\ CVPixelBufferPool.swift /Users/admin/builder/spi-builder-workspace/Sources/CoreVideoPlus/CVPixelBuffer/CVPixelBufferPool.swift (in target 'CoreVideoPlus' from project 'ImageIOPlus')
/Users/admin/builder/spi-builder-workspace/Sources/CoreVideoPlus/CVPixelBuffer/CVPixelBufferPool.swift:24:48: error: ambiguous type name 'Attributes' in 'CVPixelBuffer' (aka 'CVBuffer')
22 | allocator: CFAllocator? = nil,
23 | _ poolAttributes: Attributes?,
24 | _ pixelBufferAttributes: CVPixelBuffer.Attributes?,
| `- error: ambiguous type name 'Attributes' in 'CVPixelBuffer' (aka 'CVBuffer')
25 | _ poolOut: UnsafeMutablePointer<CVPixelBufferPool?>
26 | ) -> CVReturn {
/Users/admin/builder/spi-builder-workspace/Sources/CoreVideoPlus/CVBuffer/Attributes.swift:13:12: note: found candidate with type 'CVPixelBuffer.Attributes' (aka 'CVBuffer.Attributes')
11 |
12 | public extension CVBuffer {
13 | struct Attributes : RawKeyDictionaryWrapper {
| `- note: found candidate with type 'CVPixelBuffer.Attributes' (aka 'CVBuffer.Attributes')
14 | public let pixelFormat: CVPixelFormat
15 |
CoreVideo.CVBuffer.Attributes:3:38: note: found candidate with type 'CVPixelBuffer.Attributes' (aka 'CVBuffer.Attributes')
1 | class CVBuffer {
2 | @available(*, deprecated, renamed: "CVPixelBufferAttributes")
3 | @dynamicMemberLookup public struct Attributes : Sendable {
| `- note: found candidate with type 'CVPixelBuffer.Attributes' (aka 'CVBuffer.Attributes')
4 | public var rawAttributes: [String : any Sendable] { get }
5 | public init(rawAttributes: [String : any Sendable])
/Users/admin/builder/spi-builder-workspace/Sources/CoreVideoPlus/CVPixelBuffer/CVPixelBufferPool.swift:104:5: warning: 'public' modifier is redundant for property declared in a public extension
102 | @result Returns the pixel buffer attributes dictionary, or NULL on failure.
103 | */
104 | public var pixelBufferAttributes: CFDictionary? {
| `- warning: 'public' modifier is redundant for property declared in a public extension
105 | return CVPixelBufferPoolGetPixelBufferAttributes(self)
106 | }
SwiftCompile normal arm64_32 /Users/admin/builder/spi-builder-workspace/Sources/CoreVideoPlus/CVPixelBuffer/CVPixelBufferPool.swift (in target 'CoreVideoPlus' from project 'ImageIOPlus')
cd /Users/admin/builder/spi-builder-workspace/.swiftpm/xcode
builtin-SwiftPerFileCompile CVPixelBufferPool.swift
SwiftEmitModule normal arm64 Emitting\ module\ for\ ImageIOPlus (in target 'ImageIOPlus' from project 'ImageIOPlus')
SwiftCompile normal arm64 (in target 'ImageIOPlus' from project 'ImageIOPlus')
cd /Users/admin/builder/spi-builder-workspace/.swiftpm/xcode
PruneExplicitPrecompiledModules /Users/admin/builder/spi-builder-workspace/.derivedData/Build/Intermediates.noindex/ExplicitPrecompiledModules
PruneExplicitPrecompiledModules /Users/admin/builder/spi-builder-workspace/.derivedData/Build/Intermediates.noindex/SwiftExplicitPrecompiledModules
PruneExplicitPrecompiledModules /Users/admin/builder/spi-builder-workspace/.derivedData/SDKExplicitPrecompiledModules
2026-09-16 11:47:41.316 xcodebuild[648:4176] [MT] IDERunDestination: Supported platforms for the buildables in the current scheme is empty.
** BUILD FAILED **
The following build commands failed:
SwiftEmitModule normal arm64_32 Emitting\ module\ for\ CoreVideoPlus (in target 'CoreVideoPlus' from project 'ImageIOPlus')
SwiftCompile normal arm64_32 (in target 'CoreVideoPlus' from project 'ImageIOPlus')
Building workspace ImageIOPlus with scheme ImageIOPlus-Package
(3 failures)
Command line invocation:
/Applications/Xcode-27.0.0-Release.Candidate.app/Contents/Developer/usr/bin/xcodebuild -IDEClonedSourcePackagesDirPathOverride=/Users/admin/builder/spi-builder-workspace/.dependencies -resolvePackageDependencies
Resolve Package Graph
Resolved source packages:
ImageIOPlus: /Users/admin/builder/spi-builder-workspace
resolved source packages: ImageIOPlus
2026-09-16 11:47:47.342 xcodebuild[675:4425] [MT] IDERunDestination: Supported platforms for the buildables in the current scheme is empty.
{
"dependencies" : [
],
"manifest_display_name" : "ImageIOPlus",
"name" : "ImageIOPlus",
"path" : "/Users/admin/builder/spi-builder-workspace",
"platforms" : [
],
"products" : [
{
"name" : "ImageIOPlus",
"targets" : [
"ImageIOPlus"
],
"type" : {
"library" : [
"automatic"
]
}
},
{
"name" : "CoreVideoPlus",
"targets" : [
"CoreVideoPlus"
],
"type" : {
"library" : [
"automatic"
]
}
},
{
"name" : "ImageIOPlusBase",
"targets" : [
"ImageIOPlusBase"
],
"type" : {
"library" : [
"automatic"
]
}
}
],
"targets" : [
{
"c99name" : "ImageIOPlusTests",
"module_type" : "SwiftTarget",
"name" : "ImageIOPlusTests",
"path" : "Tests/ImageIOPlusTests",
"sources" : [
"ImageIOPlusTests.swift",
"XCTestManifests.swift"
],
"target_dependencies" : [
"ImageIOPlus"
],
"type" : "test"
},
{
"c99name" : "ImageIOPlusBase",
"module_type" : "SwiftTarget",
"name" : "ImageIOPlusBase",
"path" : "Sources/ImageIOPlusBase",
"product_memberships" : [
"ImageIOPlus",
"CoreVideoPlus",
"ImageIOPlusBase"
],
"sources" : [
"Bridging.swift",
"Float16.swift",
"UTI.swift"
],
"type" : "library"
},
{
"c99name" : "ImageIOPlus",
"module_type" : "SwiftTarget",
"name" : "ImageIOPlus",
"path" : "Sources/ImageIOPlus",
"product_memberships" : [
"ImageIOPlus"
],
"sources" : [
"CGImageAux/CGImageAux.swift",
"CGImageAux/CGImageAuxType.swift",
"CGImageDestination/CGImageDestination.swift",
"CGImageDestination/CGImageDestinationProperties.swift",
"CGImageMetadata/CGImageMetadata.swift",
"CGImageSource/CGImageSource.swift",
"CGImageSource/CGImageSourceImage.swift",
"CGImageSource/CGImageSourceOptions.swift",
"CGImageSource/Protocols/CGImageSourceProtocols-Aux.swift",
"CGImageSource/Protocols/CGImageSourceProtocols-Collection.swift",
"CGImageSource/Protocols/CGImageSourceProtocols-Status.swift"
],
"target_dependencies" : [
"ImageIOPlusBase"
],
"type" : "library"
},
{
"c99name" : "CoreVideoPlus",
"module_type" : "SwiftTarget",
"name" : "CoreVideoPlus",
"path" : "Sources/CoreVideoPlus",
"product_memberships" : [
"CoreVideoPlus"
],
"sources" : [
"CVBuffer/Attachments.swift",
"CVBuffer/Attributes.swift",
"CVBuffer/CVBuffer.swift",
"CVImageBuffer/CVImageBuffer.swift",
"CVPixelBuffer/CVPixelBuffer+.swift",
"CVPixelBuffer/CVPixelBuffer.swift",
"CVPixelBuffer/CVPixelBufferPool.swift",
"CVPixelFormat/CVPixelFormat.swift",
"CVPixelFormat/Description.swift",
"CVReturnStatus.swift"
],
"target_dependencies" : [
"ImageIOPlusBase"
],
"type" : "library"
}
],
"tools_version" : "4.2"
}
{
"workspace" : {
"name" : "ImageIOPlus",
"schemes" : [
"CoreVideoPlus",
"ImageIOPlus",
"ImageIOPlus-Package",
"ImageIOPlusBase"
]
}
}
2026-09-16 11:47:48.575 xcodebuild[683:4491] [MT] IDERunDestination: Supported platforms for the buildables in the current scheme is empty.
Running build ...
env DEVELOPER_DIR=/Applications/Xcode-27.0.0-Release.Candidate.app xcrun xcodebuild -IDEClonedSourcePackagesDirPathOverride=$PWD/.dependencies -skipMacroValidation -skipPackagePluginValidation -derivedDataPath $PWD/.derivedData build -scheme ImageIOPlus-Package -destination generic/platform=watchOS
Command line invocation:
/Applications/Xcode-27.0.0-Release.Candidate.app/Contents/Developer/usr/bin/xcodebuild -IDEClonedSourcePackagesDirPathOverride=/Users/admin/builder/spi-builder-workspace/.dependencies -skipMacroValidation -skipPackagePluginValidation -derivedDataPath /Users/admin/builder/spi-builder-workspace/.derivedData build -scheme ImageIOPlus-Package -destination generic/platform=watchOS
Resolve Package Graph
Resolved source packages:
ImageIOPlus: /Users/admin/builder/spi-builder-workspace
ComputePackagePrebuildTargetDependencyGraph
Prepare packages
CreateBuildRequest
SendProjectDescription
CreateBuildOperation
ComputeTargetDependencyGraph
note: Building targets in dependency order
note: Target dependency graph (6 targets)
Target 'ImageIOPlusBase-product' in project 'ImageIOPlus'
➜ Explicit dependency on target 'ImageIOPlusBase' in project 'ImageIOPlus'
Target 'CoreVideoPlus-product' in project 'ImageIOPlus'
➜ Explicit dependency on target 'CoreVideoPlus' in project 'ImageIOPlus'
➜ Explicit dependency on target 'ImageIOPlusBase' in project 'ImageIOPlus'
Target 'CoreVideoPlus' in project 'ImageIOPlus'
➜ Explicit dependency on target 'ImageIOPlusBase' in project 'ImageIOPlus'
Target 'ImageIOPlus-product' in project 'ImageIOPlus'
➜ Explicit dependency on target 'ImageIOPlus' in project 'ImageIOPlus'
➜ Explicit dependency on target 'ImageIOPlusBase' in project 'ImageIOPlus'
Target 'ImageIOPlus' in project 'ImageIOPlus'
➜ Explicit dependency on target 'ImageIOPlusBase' in project 'ImageIOPlus'
Target 'ImageIOPlusBase' in project 'ImageIOPlus' (no dependencies)
GatherProvisioningInputs
CreateBuildDescription
ClangStatCache /Applications/Xcode-27.0.0-Release.Candidate.app/Contents/Developer/Toolchains/XcodeDefault.xctoolchain/usr/bin/clang-stat-cache /Applications/Xcode-27.0.0-Release.Candidate.app/Contents/Developer/Platforms/WatchOS.platform/Developer/SDKs/WatchOS27.0.sdk /Users/admin/builder/spi-builder-workspace/.derivedData/SDKStatCaches.noindex/watchos27.0-24R360-e829b21a6f8c9b70876ba0858053c04477534ef55a1706bf4c1112bbb242f0a2.sdkstatcache
cd /Users/admin/builder/spi-builder-workspace/.swiftpm/xcode
/Applications/Xcode-27.0.0-Release.Candidate.app/Contents/Developer/Toolchains/XcodeDefault.xctoolchain/usr/bin/clang-stat-cache /Applications/Xcode-27.0.0-Release.Candidate.app/Contents/Developer/Platforms/WatchOS.platform/Developer/SDKs/WatchOS27.0.sdk -o /Users/admin/builder/spi-builder-workspace/.derivedData/SDKStatCaches.noindex/watchos27.0-24R360-e829b21a6f8c9b70876ba0858053c04477534ef55a1706bf4c1112bbb242f0a2.sdkstatcache
SwiftDriver ImageIOPlusBase normal arm64_32 com.apple.xcode.tools.swift.compiler (in target 'ImageIOPlusBase' from project 'ImageIOPlus')
cd /Users/admin/builder/spi-builder-workspace/.swiftpm/xcode
builtin-SwiftDriver -- /Applications/Xcode-27.0.0-Release.Candidate.app/Contents/Developer/Toolchains/XcodeDefault.xctoolchain/usr/bin/swiftc -parse-as-library -module-name ImageIOPlusBase -Onone @/Users/admin/builder/spi-builder-workspace/.derivedData/Build/Intermediates.noindex/ImageIOPlus.build/Debug-watchos/ImageIOPlusBase-t.build/Objects-normal/arm64_32/ImageIOPlusBase.SwiftFileList -DSWIFT_PACKAGE -DDEBUG -DSWIFT_MODULE_RESOURCE_BUNDLE_UNAVAILABLE -DXcode -plugin-path /Applications/Xcode-27.0.0-Release.Candidate.app/Contents/Developer/Toolchains/XcodeDefault.xctoolchain/usr/lib/swift/host/plugins/testing -enable-experimental-feature DebugDescriptionMacro -sdk /Applications/Xcode-27.0.0-Release.Candidate.app/Contents/Developer/Platforms/WatchOS.platform/Developer/SDKs/WatchOS27.0.sdk -target arm64_32-apple-watchos9.0 -g -module-cache-path /Users/admin/builder/spi-builder-workspace/.derivedData/ModuleCache.noindex -Xfrontend -serialize-debugging-options -profile-coverage-mapping -profile-generate -enable-testing -index-store-path /Users/admin/builder/spi-builder-workspace/.derivedData/Index.noindex/DataStore -Xcc -D_LIBCPP_HARDENING_MODE\=_LIBCPP_HARDENING_MODE_DEBUG -swift-version 4.2 -I /Users/admin/builder/spi-builder-workspace/.derivedData/Build/Products/Debug-watchos -Isystem /Applications/Xcode-27.0.0-Release.Candidate.app/Contents/Developer/Platforms/WatchOS.platform/Developer/usr/lib -F /Users/admin/builder/spi-builder-workspace/.derivedData/Build/Products/Debug-watchos -F /Applications/Xcode-27.0.0-Release.Candidate.app/Contents/Developer/Platforms/WatchOS.platform/Developer/Library/Frameworks -F /Applications/Xcode-27.0.0-Release.Candidate.app/Contents/Developer/Platforms/WatchOS.platform/Developer/SDKs/WatchOS27.0.sdk/Developer/Library/Frameworks -c -j10 -enable-batch-mode -incremental -Xcc -ivfsstatcache -Xcc /Users/admin/builder/spi-builder-workspace/.derivedData/SDKStatCaches.noindex/watchos27.0-24R360-e829b21a6f8c9b70876ba0858053c04477534ef55a1706bf4c1112bbb242f0a2.sdkstatcache -output-file-map /Users/admin/builder/spi-builder-workspace/.derivedData/Build/Intermediates.noindex/ImageIOPlus.build/Debug-watchos/ImageIOPlusBase-t.build/Objects-normal/arm64_32/ImageIOPlusBase-OutputFileMap.json -save-temps -no-color-diagnostics -emit-dependencies -emit-module -emit-module-path /Users/admin/builder/spi-builder-workspace/.derivedData/Build/Intermediates.noindex/ImageIOPlus.build/Debug-watchos/ImageIOPlusBase-t.build/Objects-normal/arm64_32/ImageIOPlusBase.swiftmodule -serialize-diagnostics -validate-clang-modules-once -clang-build-session-file /Users/admin/builder/spi-builder-workspace/.derivedData/ModuleCache.noindex/Session.modulevalidation -Xcc -fmodules-prune-interval\=86400 -Xcc -fmodules-prune-after\=345600 -emit-const-values -const-gather-protocols-list /Users/admin/builder/spi-builder-workspace/.derivedData/Build/Intermediates.noindex/ImageIOPlus.build/Debug-watchos/ImageIOPlusBase-t.build/Objects-normal/arm64_32/ImageIOPlusBase_const_extract_protocols.json -Xcc -I/Users/admin/builder/spi-builder-workspace/.derivedData/Build/Products/Debug-watchos/include -Xcc -I/Users/admin/builder/spi-builder-workspace/.derivedData/Build/Intermediates.noindex/ImageIOPlus.build/Debug-watchos/ImageIOPlusBase-t.build/DerivedSources-normal/arm64_32 -Xcc -I/Users/admin/builder/spi-builder-workspace/.derivedData/Build/Intermediates.noindex/ImageIOPlus.build/Debug-watchos/ImageIOPlusBase-t.build/DerivedSources/arm64_32 -Xcc -I/Users/admin/builder/spi-builder-workspace/.derivedData/Build/Intermediates.noindex/ImageIOPlus.build/Debug-watchos/ImageIOPlusBase-t.build/DerivedSources -Xcc -DSWIFT_PACKAGE -Xcc -DDEBUG\=1 -emit-objc-header -emit-objc-header-path /Users/admin/builder/spi-builder-workspace/.derivedData/Build/Intermediates.noindex/ImageIOPlus.build/Debug-watchos/ImageIOPlusBase-t.build/Objects-normal/arm64_32/ImageIOPlusBase-Swift.h -working-directory /Users/admin/builder/spi-builder-workspace/.swiftpm/xcode -experimental-emit-module-separately -disable-cmo
SwiftDriver ImageIOPlusBase normal arm64 com.apple.xcode.tools.swift.compiler (in target 'ImageIOPlusBase' from project 'ImageIOPlus')
cd /Users/admin/builder/spi-builder-workspace/.swiftpm/xcode
builtin-SwiftDriver -- /Applications/Xcode-27.0.0-Release.Candidate.app/Contents/Developer/Toolchains/XcodeDefault.xctoolchain/usr/bin/swiftc -parse-as-library -module-name ImageIOPlusBase -Onone @/Users/admin/builder/spi-builder-workspace/.derivedData/Build/Intermediates.noindex/ImageIOPlus.build/Debug-watchos/ImageIOPlusBase-t.build/Objects-normal/arm64/ImageIOPlusBase.SwiftFileList -DSWIFT_PACKAGE -DDEBUG -DSWIFT_MODULE_RESOURCE_BUNDLE_UNAVAILABLE -DXcode -plugin-path /Applications/Xcode-27.0.0-Release.Candidate.app/Contents/Developer/Toolchains/XcodeDefault.xctoolchain/usr/lib/swift/host/plugins/testing -enable-experimental-feature DebugDescriptionMacro -sdk /Applications/Xcode-27.0.0-Release.Candidate.app/Contents/Developer/Platforms/WatchOS.platform/Developer/SDKs/WatchOS27.0.sdk -target arm64-apple-watchos9.0 -g -module-cache-path /Users/admin/builder/spi-builder-workspace/.derivedData/ModuleCache.noindex -Xfrontend -serialize-debugging-options -profile-coverage-mapping -profile-generate -enable-testing -index-store-path /Users/admin/builder/spi-builder-workspace/.derivedData/Index.noindex/DataStore -Xcc -D_LIBCPP_HARDENING_MODE\=_LIBCPP_HARDENING_MODE_DEBUG -swift-version 4.2 -I /Users/admin/builder/spi-builder-workspace/.derivedData/Build/Products/Debug-watchos -Isystem /Applications/Xcode-27.0.0-Release.Candidate.app/Contents/Developer/Platforms/WatchOS.platform/Developer/usr/lib -F /Users/admin/builder/spi-builder-workspace/.derivedData/Build/Products/Debug-watchos -F /Applications/Xcode-27.0.0-Release.Candidate.app/Contents/Developer/Platforms/WatchOS.platform/Developer/Library/Frameworks -F /Applications/Xcode-27.0.0-Release.Candidate.app/Contents/Developer/Platforms/WatchOS.platform/Developer/SDKs/WatchOS27.0.sdk/Developer/Library/Frameworks -c -j10 -enable-batch-mode -incremental -Xcc -ivfsstatcache -Xcc /Users/admin/builder/spi-builder-workspace/.derivedData/SDKStatCaches.noindex/watchos27.0-24R360-e829b21a6f8c9b70876ba0858053c04477534ef55a1706bf4c1112bbb242f0a2.sdkstatcache -output-file-map /Users/admin/builder/spi-builder-workspace/.derivedData/Build/Intermediates.noindex/ImageIOPlus.build/Debug-watchos/ImageIOPlusBase-t.build/Objects-normal/arm64/ImageIOPlusBase-OutputFileMap.json -save-temps -no-color-diagnostics -emit-dependencies -emit-module -emit-module-path /Users/admin/builder/spi-builder-workspace/.derivedData/Build/Intermediates.noindex/ImageIOPlus.build/Debug-watchos/ImageIOPlusBase-t.build/Objects-normal/arm64/ImageIOPlusBase.swiftmodule -serialize-diagnostics -validate-clang-modules-once -clang-build-session-file /Users/admin/builder/spi-builder-workspace/.derivedData/ModuleCache.noindex/Session.modulevalidation -Xcc -fmodules-prune-interval\=86400 -Xcc -fmodules-prune-after\=345600 -emit-const-values -const-gather-protocols-list /Users/admin/builder/spi-builder-workspace/.derivedData/Build/Intermediates.noindex/ImageIOPlus.build/Debug-watchos/ImageIOPlusBase-t.build/Objects-normal/arm64/ImageIOPlusBase_const_extract_protocols.json -Xcc -I/Users/admin/builder/spi-builder-workspace/.derivedData/Build/Products/Debug-watchos/include -Xcc -I/Users/admin/builder/spi-builder-workspace/.derivedData/Build/Intermediates.noindex/ImageIOPlus.build/Debug-watchos/ImageIOPlusBase-t.build/DerivedSources-normal/arm64 -Xcc -I/Users/admin/builder/spi-builder-workspace/.derivedData/Build/Intermediates.noindex/ImageIOPlus.build/Debug-watchos/ImageIOPlusBase-t.build/DerivedSources/arm64 -Xcc -I/Users/admin/builder/spi-builder-workspace/.derivedData/Build/Intermediates.noindex/ImageIOPlus.build/Debug-watchos/ImageIOPlusBase-t.build/DerivedSources -Xcc -DSWIFT_PACKAGE -Xcc -DDEBUG\=1 -emit-objc-header -emit-objc-header-path /Users/admin/builder/spi-builder-workspace/.derivedData/Build/Intermediates.noindex/ImageIOPlus.build/Debug-watchos/ImageIOPlusBase-t.build/Objects-normal/arm64/ImageIOPlusBase-Swift.h -working-directory /Users/admin/builder/spi-builder-workspace/.swiftpm/xcode -experimental-emit-module-separately -disable-cmo
SwiftDriver ImageIOPlus normal arm64_32 com.apple.xcode.tools.swift.compiler (in target 'ImageIOPlus' from project 'ImageIOPlus')
cd /Users/admin/builder/spi-builder-workspace/.swiftpm/xcode
builtin-SwiftDriver -- /Applications/Xcode-27.0.0-Release.Candidate.app/Contents/Developer/Toolchains/XcodeDefault.xctoolchain/usr/bin/swiftc -parse-as-library -module-name ImageIOPlus -Onone @/Users/admin/builder/spi-builder-workspace/.derivedData/Build/Intermediates.noindex/ImageIOPlus.build/Debug-watchos/ImageIOPlus-t.build/Objects-normal/arm64_32/ImageIOPlus.SwiftFileList -DSWIFT_PACKAGE -DDEBUG -DSWIFT_MODULE_RESOURCE_BUNDLE_UNAVAILABLE -DXcode -plugin-path /Applications/Xcode-27.0.0-Release.Candidate.app/Contents/Developer/Toolchains/XcodeDefault.xctoolchain/usr/lib/swift/host/plugins/testing -enable-experimental-feature DebugDescriptionMacro -sdk /Applications/Xcode-27.0.0-Release.Candidate.app/Contents/Developer/Platforms/WatchOS.platform/Developer/SDKs/WatchOS27.0.sdk -target arm64_32-apple-watchos9.0 -g -module-cache-path /Users/admin/builder/spi-builder-workspace/.derivedData/ModuleCache.noindex -Xfrontend -serialize-debugging-options -profile-coverage-mapping -profile-generate -enable-testing -index-store-path /Users/admin/builder/spi-builder-workspace/.derivedData/Index.noindex/DataStore -Xcc -D_LIBCPP_HARDENING_MODE\=_LIBCPP_HARDENING_MODE_DEBUG -swift-version 4.2 -I /Users/admin/builder/spi-builder-workspace/.derivedData/Build/Products/Debug-watchos -Isystem /Applications/Xcode-27.0.0-Release.Candidate.app/Contents/Developer/Platforms/WatchOS.platform/Developer/usr/lib -F /Users/admin/builder/spi-builder-workspace/.derivedData/Build/Products/Debug-watchos/PackageFrameworks -F /Users/admin/builder/spi-builder-workspace/.derivedData/Build/Products/Debug-watchos -F /Applications/Xcode-27.0.0-Release.Candidate.app/Contents/Developer/Platforms/WatchOS.platform/Developer/Library/Frameworks -F /Applications/Xcode-27.0.0-Release.Candidate.app/Contents/Developer/Platforms/WatchOS.platform/Developer/SDKs/WatchOS27.0.sdk/Developer/Library/Frameworks -c -j10 -enable-batch-mode -incremental -Xcc -ivfsstatcache -Xcc /Users/admin/builder/spi-builder-workspace/.derivedData/SDKStatCaches.noindex/watchos27.0-24R360-e829b21a6f8c9b70876ba0858053c04477534ef55a1706bf4c1112bbb242f0a2.sdkstatcache -output-file-map /Users/admin/builder/spi-builder-workspace/.derivedData/Build/Intermediates.noindex/ImageIOPlus.build/Debug-watchos/ImageIOPlus-t.build/Objects-normal/arm64_32/ImageIOPlus-OutputFileMap.json -save-temps -no-color-diagnostics -emit-dependencies -emit-module -emit-module-path /Users/admin/builder/spi-builder-workspace/.derivedData/Build/Intermediates.noindex/ImageIOPlus.build/Debug-watchos/ImageIOPlus-t.build/Objects-normal/arm64_32/ImageIOPlus.swiftmodule -serialize-diagnostics -validate-clang-modules-once -clang-build-session-file /Users/admin/builder/spi-builder-workspace/.derivedData/ModuleCache.noindex/Session.modulevalidation -Xcc -fmodules-prune-interval\=86400 -Xcc -fmodules-prune-after\=345600 -emit-const-values -const-gather-protocols-list /Users/admin/builder/spi-builder-workspace/.derivedData/Build/Intermediates.noindex/ImageIOPlus.build/Debug-watchos/ImageIOPlus-t.build/Objects-normal/arm64_32/ImageIOPlus_const_extract_protocols.json -Xcc -I/Users/admin/builder/spi-builder-workspace/.derivedData/Build/Products/Debug-watchos/include -Xcc -I/Users/admin/builder/spi-builder-workspace/.derivedData/Build/Intermediates.noindex/ImageIOPlus.build/Debug-watchos/ImageIOPlus-t.build/DerivedSources-normal/arm64_32 -Xcc -I/Users/admin/builder/spi-builder-workspace/.derivedData/Build/Intermediates.noindex/ImageIOPlus.build/Debug-watchos/ImageIOPlus-t.build/DerivedSources/arm64_32 -Xcc -I/Users/admin/builder/spi-builder-workspace/.derivedData/Build/Intermediates.noindex/ImageIOPlus.build/Debug-watchos/ImageIOPlus-t.build/DerivedSources -Xcc -DSWIFT_PACKAGE -Xcc -DDEBUG\=1 -emit-objc-header -emit-objc-header-path /Users/admin/builder/spi-builder-workspace/.derivedData/Build/Intermediates.noindex/ImageIOPlus.build/Debug-watchos/ImageIOPlus-t.build/Objects-normal/arm64_32/ImageIOPlus-Swift.h -working-directory /Users/admin/builder/spi-builder-workspace/.swiftpm/xcode -experimental-emit-module-separately -disable-cmo
SwiftDriver ImageIOPlus normal arm64 com.apple.xcode.tools.swift.compiler (in target 'ImageIOPlus' from project 'ImageIOPlus')
cd /Users/admin/builder/spi-builder-workspace/.swiftpm/xcode
builtin-SwiftDriver -- /Applications/Xcode-27.0.0-Release.Candidate.app/Contents/Developer/Toolchains/XcodeDefault.xctoolchain/usr/bin/swiftc -parse-as-library -module-name ImageIOPlus -Onone @/Users/admin/builder/spi-builder-workspace/.derivedData/Build/Intermediates.noindex/ImageIOPlus.build/Debug-watchos/ImageIOPlus-t.build/Objects-normal/arm64/ImageIOPlus.SwiftFileList -DSWIFT_PACKAGE -DDEBUG -DSWIFT_MODULE_RESOURCE_BUNDLE_UNAVAILABLE -DXcode -plugin-path /Applications/Xcode-27.0.0-Release.Candidate.app/Contents/Developer/Toolchains/XcodeDefault.xctoolchain/usr/lib/swift/host/plugins/testing -enable-experimental-feature DebugDescriptionMacro -sdk /Applications/Xcode-27.0.0-Release.Candidate.app/Contents/Developer/Platforms/WatchOS.platform/Developer/SDKs/WatchOS27.0.sdk -target arm64-apple-watchos9.0 -g -module-cache-path /Users/admin/builder/spi-builder-workspace/.derivedData/ModuleCache.noindex -Xfrontend -serialize-debugging-options -profile-coverage-mapping -profile-generate -enable-testing -index-store-path /Users/admin/builder/spi-builder-workspace/.derivedData/Index.noindex/DataStore -Xcc -D_LIBCPP_HARDENING_MODE\=_LIBCPP_HARDENING_MODE_DEBUG -swift-version 4.2 -I /Users/admin/builder/spi-builder-workspace/.derivedData/Build/Products/Debug-watchos -Isystem /Applications/Xcode-27.0.0-Release.Candidate.app/Contents/Developer/Platforms/WatchOS.platform/Developer/usr/lib -F /Users/admin/builder/spi-builder-workspace/.derivedData/Build/Products/Debug-watchos/PackageFrameworks -F /Users/admin/builder/spi-builder-workspace/.derivedData/Build/Products/Debug-watchos -F /Applications/Xcode-27.0.0-Release.Candidate.app/Contents/Developer/Platforms/WatchOS.platform/Developer/Library/Frameworks -F /Applications/Xcode-27.0.0-Release.Candidate.app/Contents/Developer/Platforms/WatchOS.platform/Developer/SDKs/WatchOS27.0.sdk/Developer/Library/Frameworks -c -j10 -enable-batch-mode -incremental -Xcc -ivfsstatcache -Xcc /Users/admin/builder/spi-builder-workspace/.derivedData/SDKStatCaches.noindex/watchos27.0-24R360-e829b21a6f8c9b70876ba0858053c04477534ef55a1706bf4c1112bbb242f0a2.sdkstatcache -output-file-map /Users/admin/builder/spi-builder-workspace/.derivedData/Build/Intermediates.noindex/ImageIOPlus.build/Debug-watchos/ImageIOPlus-t.build/Objects-normal/arm64/ImageIOPlus-OutputFileMap.json -save-temps -no-color-diagnostics -emit-dependencies -emit-module -emit-module-path /Users/admin/builder/spi-builder-workspace/.derivedData/Build/Intermediates.noindex/ImageIOPlus.build/Debug-watchos/ImageIOPlus-t.build/Objects-normal/arm64/ImageIOPlus.swiftmodule -serialize-diagnostics -validate-clang-modules-once -clang-build-session-file /Users/admin/builder/spi-builder-workspace/.derivedData/ModuleCache.noindex/Session.modulevalidation -Xcc -fmodules-prune-interval\=86400 -Xcc -fmodules-prune-after\=345600 -emit-const-values -const-gather-protocols-list /Users/admin/builder/spi-builder-workspace/.derivedData/Build/Intermediates.noindex/ImageIOPlus.build/Debug-watchos/ImageIOPlus-t.build/Objects-normal/arm64/ImageIOPlus_const_extract_protocols.json -Xcc -I/Users/admin/builder/spi-builder-workspace/.derivedData/Build/Products/Debug-watchos/include -Xcc -I/Users/admin/builder/spi-builder-workspace/.derivedData/Build/Intermediates.noindex/ImageIOPlus.build/Debug-watchos/ImageIOPlus-t.build/DerivedSources-normal/arm64 -Xcc -I/Users/admin/builder/spi-builder-workspace/.derivedData/Build/Intermediates.noindex/ImageIOPlus.build/Debug-watchos/ImageIOPlus-t.build/DerivedSources/arm64 -Xcc -I/Users/admin/builder/spi-builder-workspace/.derivedData/Build/Intermediates.noindex/ImageIOPlus.build/Debug-watchos/ImageIOPlus-t.build/DerivedSources -Xcc -DSWIFT_PACKAGE -Xcc -DDEBUG\=1 -emit-objc-header -emit-objc-header-path /Users/admin/builder/spi-builder-workspace/.derivedData/Build/Intermediates.noindex/ImageIOPlus.build/Debug-watchos/ImageIOPlus-t.build/Objects-normal/arm64/ImageIOPlus-Swift.h -working-directory /Users/admin/builder/spi-builder-workspace/.swiftpm/xcode -experimental-emit-module-separately -disable-cmo
SwiftDriver CoreVideoPlus normal arm64_32 com.apple.xcode.tools.swift.compiler (in target 'CoreVideoPlus' from project 'ImageIOPlus')
cd /Users/admin/builder/spi-builder-workspace/.swiftpm/xcode
builtin-SwiftDriver -- /Applications/Xcode-27.0.0-Release.Candidate.app/Contents/Developer/Toolchains/XcodeDefault.xctoolchain/usr/bin/swiftc -parse-as-library -module-name CoreVideoPlus -Onone @/Users/admin/builder/spi-builder-workspace/.derivedData/Build/Intermediates.noindex/ImageIOPlus.build/Debug-watchos/CoreVideoPlus-t.build/Objects-normal/arm64_32/CoreVideoPlus.SwiftFileList -DSWIFT_PACKAGE -DDEBUG -DSWIFT_MODULE_RESOURCE_BUNDLE_UNAVAILABLE -DXcode -plugin-path /Applications/Xcode-27.0.0-Release.Candidate.app/Contents/Developer/Toolchains/XcodeDefault.xctoolchain/usr/lib/swift/host/plugins/testing -enable-experimental-feature DebugDescriptionMacro -sdk /Applications/Xcode-27.0.0-Release.Candidate.app/Contents/Developer/Platforms/WatchOS.platform/Developer/SDKs/WatchOS27.0.sdk -target arm64_32-apple-watchos9.0 -g -module-cache-path /Users/admin/builder/spi-builder-workspace/.derivedData/ModuleCache.noindex -Xfrontend -serialize-debugging-options -profile-coverage-mapping -profile-generate -enable-testing -index-store-path /Users/admin/builder/spi-builder-workspace/.derivedData/Index.noindex/DataStore -Xcc -D_LIBCPP_HARDENING_MODE\=_LIBCPP_HARDENING_MODE_DEBUG -swift-version 4.2 -I /Users/admin/builder/spi-builder-workspace/.derivedData/Build/Products/Debug-watchos -Isystem /Applications/Xcode-27.0.0-Release.Candidate.app/Contents/Developer/Platforms/WatchOS.platform/Developer/usr/lib -F /Users/admin/builder/spi-builder-workspace/.derivedData/Build/Products/Debug-watchos/PackageFrameworks -F /Users/admin/builder/spi-builder-workspace/.derivedData/Build/Products/Debug-watchos -F /Applications/Xcode-27.0.0-Release.Candidate.app/Contents/Developer/Platforms/WatchOS.platform/Developer/Library/Frameworks -F /Applications/Xcode-27.0.0-Release.Candidate.app/Contents/Developer/Platforms/WatchOS.platform/Developer/SDKs/WatchOS27.0.sdk/Developer/Library/Frameworks -c -j10 -enable-batch-mode -incremental -Xcc -ivfsstatcache -Xcc /Users/admin/builder/spi-builder-workspace/.derivedData/SDKStatCaches.noindex/watchos27.0-24R360-e829b21a6f8c9b70876ba0858053c04477534ef55a1706bf4c1112bbb242f0a2.sdkstatcache -output-file-map /Users/admin/builder/spi-builder-workspace/.derivedData/Build/Intermediates.noindex/ImageIOPlus.build/Debug-watchos/CoreVideoPlus-t.build/Objects-normal/arm64_32/CoreVideoPlus-OutputFileMap.json -save-temps -no-color-diagnostics -emit-dependencies -emit-module -emit-module-path /Users/admin/builder/spi-builder-workspace/.derivedData/Build/Intermediates.noindex/ImageIOPlus.build/Debug-watchos/CoreVideoPlus-t.build/Objects-normal/arm64_32/CoreVideoPlus.swiftmodule -serialize-diagnostics -validate-clang-modules-once -clang-build-session-file /Users/admin/builder/spi-builder-workspace/.derivedData/ModuleCache.noindex/Session.modulevalidation -Xcc -fmodules-prune-interval\=86400 -Xcc -fmodules-prune-after\=345600 -emit-const-values -const-gather-protocols-list /Users/admin/builder/spi-builder-workspace/.derivedData/Build/Intermediates.noindex/ImageIOPlus.build/Debug-watchos/CoreVideoPlus-t.build/Objects-normal/arm64_32/CoreVideoPlus_const_extract_protocols.json -Xcc -I/Users/admin/builder/spi-builder-workspace/.derivedData/Build/Products/Debug-watchos/include -Xcc -I/Users/admin/builder/spi-builder-workspace/.derivedData/Build/Intermediates.noindex/ImageIOPlus.build/Debug-watchos/CoreVideoPlus-t.build/DerivedSources-normal/arm64_32 -Xcc -I/Users/admin/builder/spi-builder-workspace/.derivedData/Build/Intermediates.noindex/ImageIOPlus.build/Debug-watchos/CoreVideoPlus-t.build/DerivedSources/arm64_32 -Xcc -I/Users/admin/builder/spi-builder-workspace/.derivedData/Build/Intermediates.noindex/ImageIOPlus.build/Debug-watchos/CoreVideoPlus-t.build/DerivedSources -Xcc -DSWIFT_PACKAGE -Xcc -DDEBUG\=1 -emit-objc-header -emit-objc-header-path /Users/admin/builder/spi-builder-workspace/.derivedData/Build/Intermediates.noindex/ImageIOPlus.build/Debug-watchos/CoreVideoPlus-t.build/Objects-normal/arm64_32/CoreVideoPlus-Swift.h -working-directory /Users/admin/builder/spi-builder-workspace/.swiftpm/xcode -experimental-emit-module-separately -disable-cmo
SwiftDriver CoreVideoPlus normal arm64 com.apple.xcode.tools.swift.compiler (in target 'CoreVideoPlus' from project 'ImageIOPlus')
cd /Users/admin/builder/spi-builder-workspace/.swiftpm/xcode
builtin-SwiftDriver -- /Applications/Xcode-27.0.0-Release.Candidate.app/Contents/Developer/Toolchains/XcodeDefault.xctoolchain/usr/bin/swiftc -parse-as-library -module-name CoreVideoPlus -Onone @/Users/admin/builder/spi-builder-workspace/.derivedData/Build/Intermediates.noindex/ImageIOPlus.build/Debug-watchos/CoreVideoPlus-t.build/Objects-normal/arm64/CoreVideoPlus.SwiftFileList -DSWIFT_PACKAGE -DDEBUG -DSWIFT_MODULE_RESOURCE_BUNDLE_UNAVAILABLE -DXcode -plugin-path /Applications/Xcode-27.0.0-Release.Candidate.app/Contents/Developer/Toolchains/XcodeDefault.xctoolchain/usr/lib/swift/host/plugins/testing -enable-experimental-feature DebugDescriptionMacro -sdk /Applications/Xcode-27.0.0-Release.Candidate.app/Contents/Developer/Platforms/WatchOS.platform/Developer/SDKs/WatchOS27.0.sdk -target arm64-apple-watchos9.0 -g -module-cache-path /Users/admin/builder/spi-builder-workspace/.derivedData/ModuleCache.noindex -Xfrontend -serialize-debugging-options -profile-coverage-mapping -profile-generate -enable-testing -index-store-path /Users/admin/builder/spi-builder-workspace/.derivedData/Index.noindex/DataStore -Xcc -D_LIBCPP_HARDENING_MODE\=_LIBCPP_HARDENING_MODE_DEBUG -swift-version 4.2 -I /Users/admin/builder/spi-builder-workspace/.derivedData/Build/Products/Debug-watchos -Isystem /Applications/Xcode-27.0.0-Release.Candidate.app/Contents/Developer/Platforms/WatchOS.platform/Developer/usr/lib -F /Users/admin/builder/spi-builder-workspace/.derivedData/Build/Products/Debug-watchos/PackageFrameworks -F /Users/admin/builder/spi-builder-workspace/.derivedData/Build/Products/Debug-watchos -F /Applications/Xcode-27.0.0-Release.Candidate.app/Contents/Developer/Platforms/WatchOS.platform/Developer/Library/Frameworks -F /Applications/Xcode-27.0.0-Release.Candidate.app/Contents/Developer/Platforms/WatchOS.platform/Developer/SDKs/WatchOS27.0.sdk/Developer/Library/Frameworks -c -j10 -enable-batch-mode -incremental -Xcc -ivfsstatcache -Xcc /Users/admin/builder/spi-builder-workspace/.derivedData/SDKStatCaches.noindex/watchos27.0-24R360-e829b21a6f8c9b70876ba0858053c04477534ef55a1706bf4c1112bbb242f0a2.sdkstatcache -output-file-map /Users/admin/builder/spi-builder-workspace/.derivedData/Build/Intermediates.noindex/ImageIOPlus.build/Debug-watchos/CoreVideoPlus-t.build/Objects-normal/arm64/CoreVideoPlus-OutputFileMap.json -save-temps -no-color-diagnostics -emit-dependencies -emit-module -emit-module-path /Users/admin/builder/spi-builder-workspace/.derivedData/Build/Intermediates.noindex/ImageIOPlus.build/Debug-watchos/CoreVideoPlus-t.build/Objects-normal/arm64/CoreVideoPlus.swiftmodule -serialize-diagnostics -validate-clang-modules-once -clang-build-session-file /Users/admin/builder/spi-builder-workspace/.derivedData/ModuleCache.noindex/Session.modulevalidation -Xcc -fmodules-prune-interval\=86400 -Xcc -fmodules-prune-after\=345600 -emit-const-values -const-gather-protocols-list /Users/admin/builder/spi-builder-workspace/.derivedData/Build/Intermediates.noindex/ImageIOPlus.build/Debug-watchos/CoreVideoPlus-t.build/Objects-normal/arm64/CoreVideoPlus_const_extract_protocols.json -Xcc -I/Users/admin/builder/spi-builder-workspace/.derivedData/Build/Products/Debug-watchos/include -Xcc -I/Users/admin/builder/spi-builder-workspace/.derivedData/Build/Intermediates.noindex/ImageIOPlus.build/Debug-watchos/CoreVideoPlus-t.build/DerivedSources-normal/arm64 -Xcc -I/Users/admin/builder/spi-builder-workspace/.derivedData/Build/Intermediates.noindex/ImageIOPlus.build/Debug-watchos/CoreVideoPlus-t.build/DerivedSources/arm64 -Xcc -I/Users/admin/builder/spi-builder-workspace/.derivedData/Build/Intermediates.noindex/ImageIOPlus.build/Debug-watchos/CoreVideoPlus-t.build/DerivedSources -Xcc -DSWIFT_PACKAGE -Xcc -DDEBUG\=1 -emit-objc-header -emit-objc-header-path /Users/admin/builder/spi-builder-workspace/.derivedData/Build/Intermediates.noindex/ImageIOPlus.build/Debug-watchos/CoreVideoPlus-t.build/Objects-normal/arm64/CoreVideoPlus-Swift.h -working-directory /Users/admin/builder/spi-builder-workspace/.swiftpm/xcode -experimental-emit-module-separately -disable-cmo
SwiftCompile normal arm64 Compiling\ Bridging.swift /Users/admin/builder/spi-builder-workspace/Sources/ImageIOPlusBase/Bridging.swift (in target 'ImageIOPlusBase' from project 'ImageIOPlus')
SwiftCompile normal arm64 /Users/admin/builder/spi-builder-workspace/Sources/ImageIOPlusBase/Bridging.swift (in target 'ImageIOPlusBase' from project 'ImageIOPlus')
cd /Users/admin/builder/spi-builder-workspace/.swiftpm/xcode
builtin-SwiftPerFileCompile Bridging.swift
SwiftCompile normal arm64 Compiling\ Float16.swift /Users/admin/builder/spi-builder-workspace/Sources/ImageIOPlusBase/Float16.swift (in target 'ImageIOPlusBase' from project 'ImageIOPlus')
SwiftCompile normal arm64 /Users/admin/builder/spi-builder-workspace/Sources/ImageIOPlusBase/Float16.swift (in target 'ImageIOPlusBase' from project 'ImageIOPlus')
cd /Users/admin/builder/spi-builder-workspace/.swiftpm/xcode
builtin-SwiftPerFileCompile Float16.swift
/Users/admin/builder/spi-builder-workspace/Sources/ImageIOPlusBase/Float16.swift:26:48: warning: cannot use inout expression here; argument 'data' must be a pointer that outlives the call to 'init(data:height:width:rowBytes:)' [#TemporaryPointers]
24 | var outputs: [Float] = Array<Float>(repeating: 0, count: values.count)
25 | let width = vImagePixelCount(values.count)
26 | var sourceBuffer = vImage_Buffer(data: &inputs, height: 1, width: width, rowBytes: MemoryLayout<UInt16>.size * values.count)
| |- warning: cannot use inout expression here; argument 'data' must be a pointer that outlives the call to 'init(data:height:width:rowBytes:)' [#TemporaryPointers]
| |- note: implicit argument conversion from '[UInt16]' to 'UnsafeMutableRawPointer?' produces a pointer valid only for the duration of the call to 'init(data:height:width:rowBytes:)'
| `- note: use the 'withUnsafeMutableBytes' method on Array in order to explicitly convert argument to buffer pointer valid for a defined scope
27 | var destinationBuffer = vImage_Buffer(data: &outputs, height: 1, width: width, rowBytes: MemoryLayout<Float>.size * values.count)
28 | vImageConvert_Planar16FtoPlanarF(&sourceBuffer, &destinationBuffer, 0)
SwiftEmitModule normal arm64 Emitting\ module\ for\ ImageIOPlusBase (in target 'ImageIOPlusBase' from project 'ImageIOPlus')
SwiftCompile normal arm64 (in target 'ImageIOPlusBase' from project 'ImageIOPlus')
cd /Users/admin/builder/spi-builder-workspace/.swiftpm/xcode
SwiftCompile normal arm64 Compiling\ UTI.swift /Users/admin/builder/spi-builder-workspace/Sources/ImageIOPlusBase/UTI.swift (in target 'ImageIOPlusBase' from project 'ImageIOPlus')
SwiftCompile normal arm64 /Users/admin/builder/spi-builder-workspace/Sources/ImageIOPlusBase/UTI.swift (in target 'ImageIOPlusBase' from project 'ImageIOPlus')
cd /Users/admin/builder/spi-builder-workspace/.swiftpm/xcode
builtin-SwiftPerFileCompile UTI.swift
SwiftEmitModule normal arm64_32 Emitting\ module\ for\ ImageIOPlusBase (in target 'ImageIOPlusBase' from project 'ImageIOPlus')
SwiftCompile normal arm64_32 (in target 'ImageIOPlusBase' from project 'ImageIOPlus')
cd /Users/admin/builder/spi-builder-workspace/.swiftpm/xcode
SwiftCompile normal arm64_32 Compiling\ UTI.swift /Users/admin/builder/spi-builder-workspace/Sources/ImageIOPlusBase/UTI.swift (in target 'ImageIOPlusBase' from project 'ImageIOPlus')
SwiftCompile normal arm64_32 /Users/admin/builder/spi-builder-workspace/Sources/ImageIOPlusBase/UTI.swift (in target 'ImageIOPlusBase' from project 'ImageIOPlus')
cd /Users/admin/builder/spi-builder-workspace/.swiftpm/xcode
builtin-SwiftPerFileCompile UTI.swift
SwiftCompile normal arm64_32 Compiling\ Float16.swift /Users/admin/builder/spi-builder-workspace/Sources/ImageIOPlusBase/Float16.swift (in target 'ImageIOPlusBase' from project 'ImageIOPlus')
/Users/admin/builder/spi-builder-workspace/Sources/ImageIOPlusBase/Float16.swift:26:48: warning: cannot use inout expression here; argument 'data' must be a pointer that outlives the call to 'init(data:height:width:rowBytes:)' [#TemporaryPointers]
24 | var outputs: [Float] = Array<Float>(repeating: 0, count: values.count)
25 | let width = vImagePixelCount(values.count)
26 | var sourceBuffer = vImage_Buffer(data: &inputs, height: 1, width: width, rowBytes: MemoryLayout<UInt16>.size * values.count)
| |- warning: cannot use inout expression here; argument 'data' must be a pointer that outlives the call to 'init(data:height:width:rowBytes:)' [#TemporaryPointers]
| |- note: implicit argument conversion from '[UInt16]' to 'UnsafeMutableRawPointer?' produces a pointer valid only for the duration of the call to 'init(data:height:width:rowBytes:)'
| `- note: use the 'withUnsafeMutableBytes' method on Array in order to explicitly convert argument to buffer pointer valid for a defined scope
27 | var destinationBuffer = vImage_Buffer(data: &outputs, height: 1, width: width, rowBytes: MemoryLayout<Float>.size * values.count)
28 | vImageConvert_Planar16FtoPlanarF(&sourceBuffer, &destinationBuffer, 0)
SwiftCompile normal arm64_32 /Users/admin/builder/spi-builder-workspace/Sources/ImageIOPlusBase/Float16.swift (in target 'ImageIOPlusBase' from project 'ImageIOPlus')
cd /Users/admin/builder/spi-builder-workspace/.swiftpm/xcode
builtin-SwiftPerFileCompile Float16.swift
SwiftCompile normal arm64_32 Compiling\ Bridging.swift /Users/admin/builder/spi-builder-workspace/Sources/ImageIOPlusBase/Bridging.swift (in target 'ImageIOPlusBase' from project 'ImageIOPlus')
SwiftCompile normal arm64_32 /Users/admin/builder/spi-builder-workspace/Sources/ImageIOPlusBase/Bridging.swift (in target 'ImageIOPlusBase' from project 'ImageIOPlus')
cd /Users/admin/builder/spi-builder-workspace/.swiftpm/xcode
builtin-SwiftPerFileCompile Bridging.swift
SwiftEmitModule normal arm64_32 Emitting\ module\ for\ ImageIOPlus (in target 'ImageIOPlus' from project 'ImageIOPlus')
SwiftCompile normal arm64_32 (in target 'ImageIOPlus' from project 'ImageIOPlus')
cd /Users/admin/builder/spi-builder-workspace/.swiftpm/xcode
SwiftEmitModule normal arm64 Emitting\ module\ for\ ImageIOPlus (in target 'ImageIOPlus' from project 'ImageIOPlus')
SwiftCompile normal arm64 (in target 'ImageIOPlus' from project 'ImageIOPlus')
cd /Users/admin/builder/spi-builder-workspace/.swiftpm/xcode
SwiftEmitModule normal arm64_32 Emitting\ module\ for\ CoreVideoPlus (in target 'CoreVideoPlus' from project 'ImageIOPlus')
/Users/admin/builder/spi-builder-workspace/Sources/CoreVideoPlus/CVBuffer/Attachments.swift:14:5: warning: 'public' modifier is redundant for struct declared in a public extension
12 |
13 | public extension CVBuffer {
14 | public struct Attachments : RawKeyDictionaryWrapper {
| `- warning: 'public' modifier is redundant for struct declared in a public extension
15 |
16 | // CVBuffer
/Users/admin/builder/spi-builder-workspace/Sources/CoreVideoPlus/CVBuffer/Attachments.swift:134:5: warning: 'public' modifier is redundant for enum declared in a public extension
132 | */
133 |
134 | public enum Key : String, CaseIterable {
| `- warning: 'public' modifier is redundant for enum declared in a public extension
135 | // CVBuffer, Generally only available for frames emitted by QuickTime
136 | case timeValue = "QTMovieTime" // let kCVBufferTimeValueKey: CFString
/Users/admin/builder/spi-builder-workspace/Sources/CoreVideoPlus/CVBuffer/Attachments.swift:161:5: warning: 'public' modifier is redundant for struct declared in a public extension
159 |
160 | public extension CVBuffer.Attachments {
161 | public struct CleanAperture : RawKeyDictionaryWrapper {
| `- warning: 'public' modifier is redundant for struct declared in a public extension
162 |
163 | /*
/Users/admin/builder/spi-builder-workspace/Sources/CoreVideoPlus/CVBuffer/Attachments.swift:192:5: warning: 'public' modifier is redundant for struct declared in a public extension
190 | }
191 |
192 | public struct FieldDetail : RawKeyDictionaryWrapper {
| `- warning: 'public' modifier is redundant for struct declared in a public extension
193 |
194 | /*
/Users/admin/builder/spi-builder-workspace/Sources/CoreVideoPlus/CVBuffer/Attachments.swift:224:5: warning: 'public' modifier is redundant for struct declared in a public extension
222 | }
223 |
224 | public struct PixelAspectRatio : RawKeyDictionaryWrapper {
| `- warning: 'public' modifier is redundant for struct declared in a public extension
225 | public typealias RawKey = Key.RawValue
226 | /*
/Users/admin/builder/spi-builder-workspace/Sources/CoreVideoPlus/CVBuffer/Attachments.swift:247:5: warning: 'public' modifier is redundant for struct declared in a public extension
245 | }
246 |
247 | public struct DisplayDimensions : RawKeyDictionaryWrapper {
| `- warning: 'public' modifier is redundant for struct declared in a public extension
248 | /*
249 | 0x00000001a9fbda60 ( 0x8) kCVImageBufferDisplayWidthKey
/Users/admin/builder/spi-builder-workspace/Sources/CoreVideoPlus/CVBuffer/Attachments.swift:269:5: warning: 'public' modifier is redundant for struct declared in a public extension
267 | }
268 |
269 | public struct TimeValue: RawKeyDictionaryWrapper {
| `- warning: 'public' modifier is redundant for struct declared in a public extension
270 | public enum Key : String, CaseIterable {
271 | case timeScale = "TimeScale"
/Users/admin/builder/spi-builder-workspace/Sources/CoreVideoPlus/CVBuffer/Attachments.swift:294:5: warning: 'public' modifier is redundant for enum declared in a public extension
292 | 0x00000001a9fbdab0 ( 0x8) kCVImageBufferYCbCrMatrix_ITU_R_2020
293 | */
294 | public enum YCbCrMatrix : String, CaseIterable {
| `- warning: 'public' modifier is redundant for enum declared in a public extension
295 | case ITU_R_709_2
296 | case ITU_R_601_4
/Users/admin/builder/spi-builder-workspace/Sources/CoreVideoPlus/CVBuffer/Attachments.swift:316:5: warning: 'public' modifier is redundant for enum declared in a public extension
314 | 0x00000001a9fbdb50 ( 0x8) kCVImageBufferTransferFunction_UseGamma
315 | */
316 | public enum TransferFunction : String, CaseIterable {
| `- warning: 'public' modifier is redundant for enum declared in a public extension
317 | case ITU_R_709_2
318 | case SMPTE_240M_1995
/Users/admin/builder/spi-builder-workspace/Sources/CoreVideoPlus/CVBuffer/Attachments.swift:341:5: warning: 'public' modifier is redundant for enum declared in a public extension
339 | */
340 |
341 | public enum ChromaLocation : String, CaseIterable {
| `- warning: 'public' modifier is redundant for enum declared in a public extension
342 | case center = "Center"
343 | case top = "Top"
/Users/admin/builder/spi-builder-workspace/Sources/CoreVideoPlus/CVBuffer/Attachments.swift:359:5: warning: 'public' modifier is redundant for enum declared in a public extension
357 | */
358 |
359 | public enum ChromaSubsampling : String, CaseIterable {
| `- warning: 'public' modifier is redundant for enum declared in a public extension
360 | case _420 = "4:2:0"
361 | case _422 = "4:2:2"
/Users/admin/builder/spi-builder-workspace/Sources/CoreVideoPlus/CVBuffer/Attachments.swift:375:5: warning: 'public' modifier is redundant for enum declared in a public extension
373 | public let kCVImageBufferColorPrimaries_P22: CFString
374 | */
375 | public enum ColorPrimaries : String, CaseIterable {
| `- warning: 'public' modifier is redundant for enum declared in a public extension
376 | case ITU_R_709_2
377 | case EBU_3213
/Users/admin/builder/spi-builder-workspace/Sources/CoreVideoPlus/CVBuffer/Attributes.swift:121:27: error: ambiguous type name 'Attributes' in 'CVBuffer'
11 |
12 | public extension CVBuffer {
13 | struct Attributes : RawKeyDictionaryWrapper {
| `- note: found candidate with type 'CVBuffer.Attributes'
14 | public let pixelFormat: CVPixelFormat
15 |
:
119 | }
120 |
121 | public extension CVBuffer.Attributes {
| `- error: ambiguous type name 'Attributes' in 'CVBuffer'
122 | enum Key : String {
123 |
CoreVideo.CVBuffer.Attributes:3:38: note: found candidate with type 'CVBuffer.Attributes'
1 | class CVBuffer {
2 | @available(*, deprecated, renamed: "CVPixelBufferAttributes")
3 | @dynamicMemberLookup public struct Attributes : Sendable {
| `- note: found candidate with type 'CVBuffer.Attributes'
4 | public var rawAttributes: [String : any Sendable] { get }
5 | public init(rawAttributes: [String : any Sendable])
/Users/admin/builder/spi-builder-workspace/Sources/CoreVideoPlus/CVPixelBuffer/CVPixelBuffer.swift:35:21: error: 'Attributes' is ambiguous for type lookup in this context
33 | pixelFormat: CVPixelFormat,
34 | size: Int.Size,
35 | attributes: Attributes? = nil
| `- error: 'Attributes' is ambiguous for type lookup in this context
36 | ) throws -> CVPixelBuffer? {
37 | let pixelFormat = pixelFormat.rawValue
/Users/admin/builder/spi-builder-workspace/Sources/CoreVideoPlus/CVBuffer/Attributes.swift:13:12: note: found this candidate
11 |
12 | public extension CVBuffer {
13 | struct Attributes : RawKeyDictionaryWrapper {
| `- note: found this candidate
14 | public let pixelFormat: CVPixelFormat
15 |
CoreVideo.CVBuffer.Attributes:3:38: note: found this candidate
1 | class CVBuffer {
2 | @available(*, deprecated, renamed: "CVPixelBufferAttributes")
3 | @dynamicMemberLookup public struct Attributes : Sendable {
| `- note: found this candidate
4 | public var rawAttributes: [String : any Sendable] { get }
5 | public init(rawAttributes: [String : any Sendable])
/Users/admin/builder/spi-builder-workspace/Sources/CoreVideoPlus/CVPixelBuffer/CVPixelBuffer.swift:31:5: warning: 'public' modifier is redundant for class method declared in a public extension
29 | @result returns kCVReturnSuccess on success.
30 | */
31 | public class func `init`(
| `- warning: 'public' modifier is redundant for class method declared in a public extension
32 | allocator: CFAllocator? = nil,
33 | pixelFormat: CVPixelFormat,
/Users/admin/builder/spi-builder-workspace/Sources/CoreVideoPlus/CVPixelBuffer/CVPixelBuffer.swift:67:21: error: 'Attributes' is ambiguous for type lookup in this context
65 | pixelFormat: CVPixelFormat,
66 | planeInfo: PlaneInfo,
67 | attributes: Attributes? = nil,
| `- error: 'Attributes' is ambiguous for type lookup in this context
68 | releaseCallback: ReleaseBytesCallback? = nil,
69 | releaseRefCon: UnsafeMutableRawPointer? = nil
/Users/admin/builder/spi-builder-workspace/Sources/CoreVideoPlus/CVBuffer/Attributes.swift:13:12: note: found this candidate
11 |
12 | public extension CVBuffer {
13 | struct Attributes : RawKeyDictionaryWrapper {
| `- note: found this candidate
14 | public let pixelFormat: CVPixelFormat
15 |
CoreVideo.CVBuffer.Attributes:3:38: note: found this candidate
1 | class CVBuffer {
2 | @available(*, deprecated, renamed: "CVPixelBufferAttributes")
3 | @dynamicMemberLookup public struct Attributes : Sendable {
| `- note: found this candidate
4 | public var rawAttributes: [String : any Sendable] { get }
5 | public init(rawAttributes: [String : any Sendable])
/Users/admin/builder/spi-builder-workspace/Sources/CoreVideoPlus/CVPixelBuffer/CVPixelBuffer.swift:63:5: warning: 'public' modifier is redundant for instance method declared in a public extension
61 | @result returns kCVReturnSuccess on success.
62 | */
63 | public func `init`(
| `- warning: 'public' modifier is redundant for instance method declared in a public extension
64 | allocator: CFAllocator? = nil,
65 | pixelFormat: CVPixelFormat,
/Users/admin/builder/spi-builder-workspace/Sources/CoreVideoPlus/CVPixelBuffer/CVPixelBuffer.swift:119:21: error: 'Attributes' is ambiguous for type lookup in this context
117 | planeDataSize: Int? = nil,
118 | planeInfos: [PlaneInfo],
119 | attributes: Attributes? = nil,
| `- error: 'Attributes' is ambiguous for type lookup in this context
120 | releaseCallback: ReleasePlanarBytesCallback? = nil,
121 | releaseRefCon: UnsafeMutableRawPointer? = nil
/Users/admin/builder/spi-builder-workspace/Sources/CoreVideoPlus/CVBuffer/Attributes.swift:13:12: note: found this candidate
11 |
12 | public extension CVBuffer {
13 | struct Attributes : RawKeyDictionaryWrapper {
| `- note: found this candidate
14 | public let pixelFormat: CVPixelFormat
15 |
CoreVideo.CVBuffer.Attributes:3:38: note: found this candidate
1 | class CVBuffer {
2 | @available(*, deprecated, renamed: "CVPixelBufferAttributes")
3 | @dynamicMemberLookup public struct Attributes : Sendable {
| `- note: found this candidate
4 | public var rawAttributes: [String : any Sendable] { get }
5 | public init(rawAttributes: [String : any Sendable])
/Users/admin/builder/spi-builder-workspace/Sources/CoreVideoPlus/CVPixelBuffer/CVPixelBuffer.swift:112:5: warning: 'public' modifier is redundant for instance method declared in a public extension
110 | @result returns kCVReturnSuccess on success.
111 | */
112 | public func `init`(
| `- warning: 'public' modifier is redundant for instance method declared in a public extension
113 | allocator: CFAllocator? = nil,
114 | pixelFormat: CVPixelFormat,
/Users/admin/builder/spi-builder-workspace/Sources/CoreVideoPlus/CVPixelBuffer/CVPixelBuffer.swift:160:5: warning: 'public' modifier is redundant for type alias declared in a public extension
158 | }
159 |
160 | public typealias PlaneInfo = (size: Int.Size, bytesPerRow: Int, baseAddress: UnsafeMutableRawPointer)
| `- warning: 'public' modifier is redundant for type alias declared in a public extension
161 | public typealias ReleaseBytesCallback = @convention(c) (UnsafeMutableRawPointer?, UnsafeRawPointer?) -> Void
162 | public typealias ReleasePlanarBytesCallback = @convention(c) (UnsafeMutableRawPointer?, UnsafeRawPointer?, Int, Int, UnsafeMutablePointer<UnsafeRawPointer?>?) -> Void
/Users/admin/builder/spi-builder-workspace/Sources/CoreVideoPlus/CVPixelBuffer/CVPixelBuffer.swift:161:5: warning: 'public' modifier is redundant for type alias declared in a public extension
159 |
160 | public typealias PlaneInfo = (size: Int.Size, bytesPerRow: Int, baseAddress: UnsafeMutableRawPointer)
161 | public typealias ReleaseBytesCallback = @convention(c) (UnsafeMutableRawPointer?, UnsafeRawPointer?) -> Void
| `- warning: 'public' modifier is redundant for type alias declared in a public extension
162 | public typealias ReleasePlanarBytesCallback = @convention(c) (UnsafeMutableRawPointer?, UnsafeRawPointer?, Int, Int, UnsafeMutablePointer<UnsafeRawPointer?>?) -> Void
163 | }
/Users/admin/builder/spi-builder-workspace/Sources/CoreVideoPlus/CVPixelBuffer/CVPixelBuffer.swift:162:5: warning: 'public' modifier is redundant for type alias declared in a public extension
160 | public typealias PlaneInfo = (size: Int.Size, bytesPerRow: Int, baseAddress: UnsafeMutableRawPointer)
161 | public typealias ReleaseBytesCallback = @convention(c) (UnsafeMutableRawPointer?, UnsafeRawPointer?) -> Void
162 | public typealias ReleasePlanarBytesCallback = @convention(c) (UnsafeMutableRawPointer?, UnsafeRawPointer?, Int, Int, UnsafeMutablePointer<UnsafeRawPointer?>?) -> Void
| `- warning: 'public' modifier is redundant for type alias declared in a public extension
163 | }
164 |
/Users/admin/builder/spi-builder-workspace/Sources/CoreVideoPlus/CVPixelBuffer/CVPixelBuffer.swift:178:21: error: 'Attributes' is ambiguous for type lookup in this context
176 | allocator: CFAllocator? = nil,
177 | attributesArray: [Attributes]
178 | ) throws -> Attributes {
| `- error: 'Attributes' is ambiguous for type lookup in this context
179 | let rawInputAttributes = attributesArray.map { $0.rawValue as CFDictionary } as CFArray
180 |
/Users/admin/builder/spi-builder-workspace/Sources/CoreVideoPlus/CVBuffer/Attributes.swift:13:12: note: found this candidate
11 |
12 | public extension CVBuffer {
13 | struct Attributes : RawKeyDictionaryWrapper {
| `- note: found this candidate
14 | public let pixelFormat: CVPixelFormat
15 |
CoreVideo.CVBuffer.Attributes:3:38: note: found this candidate
1 | class CVBuffer {
2 | @available(*, deprecated, renamed: "CVPixelBufferAttributes")
3 | @dynamicMemberLookup public struct Attributes : Sendable {
| `- note: found this candidate
4 | public var rawAttributes: [String : any Sendable] { get }
5 | public init(rawAttributes: [String : any Sendable])
/Users/admin/builder/spi-builder-workspace/Sources/CoreVideoPlus/CVPixelBuffer/CVPixelBuffer.swift:177:27: error: 'Attributes' is ambiguous for type lookup in this context
175 | class func resolve(
176 | allocator: CFAllocator? = nil,
177 | attributesArray: [Attributes]
| `- error: 'Attributes' is ambiguous for type lookup in this context
178 | ) throws -> Attributes {
179 | let rawInputAttributes = attributesArray.map { $0.rawValue as CFDictionary } as CFArray
/Users/admin/builder/spi-builder-workspace/Sources/CoreVideoPlus/CVBuffer/Attributes.swift:13:12: note: found this candidate
11 |
12 | public extension CVBuffer {
13 | struct Attributes : RawKeyDictionaryWrapper {
| `- note: found this candidate
14 | public let pixelFormat: CVPixelFormat
15 |
CoreVideo.CVBuffer.Attributes:3:38: note: found this candidate
1 | class CVBuffer {
2 | @available(*, deprecated, renamed: "CVPixelBufferAttributes")
3 | @dynamicMemberLookup public struct Attributes : Sendable {
| `- note: found this candidate
4 | public var rawAttributes: [String : any Sendable] { get }
5 | public init(rawAttributes: [String : any Sendable])
/Users/admin/builder/spi-builder-workspace/Sources/CoreVideoPlus/CVPixelBuffer/CVPixelBuffer.swift:400:5: warning: 'public' modifier is redundant for property declared in a public extension
398 | @param extraRowsOnBottom Returns the pixel row padding to the bottom. May be NULL.
399 | */
400 | public var extendedPixels: (left: Int, right: Int, top: Int, bottom: Int) {
| `- warning: 'public' modifier is redundant for property declared in a public extension
401 | var extraColumnsOnLeft: Int = 0
402 | var extraColumnsOnRight: Int = 0
/Users/admin/builder/spi-builder-workspace/Sources/CoreVideoPlus/CVPixelBuffer/CVPixelBufferPool.swift:24:48: error: ambiguous type name 'Attributes' in 'CVPixelBuffer' (aka 'CVBuffer')
22 | allocator: CFAllocator? = nil,
23 | _ poolAttributes: Attributes?,
24 | _ pixelBufferAttributes: CVPixelBuffer.Attributes?,
| `- error: ambiguous type name 'Attributes' in 'CVPixelBuffer' (aka 'CVBuffer')
25 | _ poolOut: UnsafeMutablePointer<CVPixelBufferPool?>
26 | ) -> CVReturn {
/Users/admin/builder/spi-builder-workspace/Sources/CoreVideoPlus/CVBuffer/Attributes.swift:13:12: note: found candidate with type 'CVPixelBuffer.Attributes' (aka 'CVBuffer.Attributes')
11 |
12 | public extension CVBuffer {
13 | struct Attributes : RawKeyDictionaryWrapper {
| `- note: found candidate with type 'CVPixelBuffer.Attributes' (aka 'CVBuffer.Attributes')
14 | public let pixelFormat: CVPixelFormat
15 |
CoreVideo.CVBuffer.Attributes:3:38: note: found candidate with type 'CVPixelBuffer.Attributes' (aka 'CVBuffer.Attributes')
1 | class CVBuffer {
2 | @available(*, deprecated, renamed: "CVPixelBufferAttributes")
3 | @dynamicMemberLookup public struct Attributes : Sendable {
| `- note: found candidate with type 'CVPixelBuffer.Attributes' (aka 'CVBuffer.Attributes')
4 | public var rawAttributes: [String : any Sendable] { get }
5 | public init(rawAttributes: [String : any Sendable])
/Users/admin/builder/spi-builder-workspace/Sources/CoreVideoPlus/CVPixelBuffer/CVPixelBufferPool.swift:104:5: warning: 'public' modifier is redundant for property declared in a public extension
102 | @result Returns the pixel buffer attributes dictionary, or NULL on failure.
103 | */
104 | public var pixelBufferAttributes: CFDictionary? {
| `- warning: 'public' modifier is redundant for property declared in a public extension
105 | return CVPixelBufferPoolGetPixelBufferAttributes(self)
106 | }
/Users/admin/builder/spi-builder-workspace/Sources/CoreVideoPlus/CVPixelBuffer/CVPixelBufferPool.swift:108:5: warning: 'public' modifier is redundant for class property declared in a public extension
106 | }
107 |
108 | public class var typeID: CFTypeID {
| `- warning: 'public' modifier is redundant for class property declared in a public extension
109 | return CVPixelBufferPoolGetTypeID()
110 | }
/Users/admin/builder/spi-builder-workspace/Sources/CoreVideoPlus/CVPixelFormat/CVPixelFormat.swift:97:1: warning: extension declares a conformance of imported type 'UInt32' to imported protocols 'ExpressibleByStringLiteral', 'ExpressibleByExtendedGraphemeClusterLiteral', 'ExpressibleByUnicodeScalarLiteral'; this will not behave correctly if the owners of 'Swift' introduce this conformance in the future
95 | }
96 |
97 | extension OSType : ExpressibleByStringLiteral {
| |- warning: extension declares a conformance of imported type 'UInt32' to imported protocols 'ExpressibleByStringLiteral', 'ExpressibleByExtendedGraphemeClusterLiteral', 'ExpressibleByUnicodeScalarLiteral'; this will not behave correctly if the owners of 'Swift' introduce this conformance in the future
| `- note: add '@retroactive' to silence this warning
98 | public init(stringLiteral: String) {
99 | self = stringLiteral.unicodeScalars.filter{ $0.isASCII }.map{ $0.value }.reduce(0, { $0 << 8 + $1 })
Failed frontend command:
/Applications/Xcode-27.0.0-Release.Candidate.app/Contents/Developer/Toolchains/XcodeDefault.xctoolchain/usr/bin/swift-frontend -frontend -emit-module -experimental-skip-non-inlinable-function-bodies-without-types /Users/admin/builder/spi-builder-workspace/Sources/CoreVideoPlus/CVBuffer/Attachments.swift /Users/admin/builder/spi-builder-workspace/Sources/CoreVideoPlus/CVBuffer/Attributes.swift /Users/admin/builder/spi-builder-workspace/Sources/CoreVideoPlus/CVBuffer/CVBuffer.swift /Users/admin/builder/spi-builder-workspace/Sources/CoreVideoPlus/CVImageBuffer/CVImageBuffer.swift /Users/admin/builder/spi-builder-workspace/Sources/CoreVideoPlus/CVPixelBuffer/CVPixelBuffer+.swift /Users/admin/builder/spi-builder-workspace/Sources/CoreVideoPlus/CVPixelBuffer/CVPixelBuffer.swift /Users/admin/builder/spi-builder-workspace/Sources/CoreVideoPlus/CVPixelBuffer/CVPixelBufferPool.swift /Users/admin/builder/spi-builder-workspace/Sources/CoreVideoPlus/CVPixelFormat/CVPixelFormat.swift /Users/admin/builder/spi-builder-workspace/Sources/CoreVideoPlus/CVPixelFormat/Description.swift /Users/admin/builder/spi-builder-workspace/Sources/CoreVideoPlus/CVReturnStatus.swift -target arm64_32-apple-watchos9.0 -enable-objc-interop -sdk /Applications/Xcode-27.0.0-Release.Candidate.app/Contents/Developer/Platforms/WatchOS.platform/Developer/SDKs/WatchOS27.0.sdk -I /Users/admin/builder/spi-builder-workspace/.derivedData/Build/Products/Debug-watchos -Isystem /Applications/Xcode-27.0.0-Release.Candidate.app/Contents/Developer/Platforms/WatchOS.platform/Developer/usr/lib -F /Users/admin/builder/spi-builder-workspace/.derivedData/Build/Products/Debug-watchos/PackageFrameworks -F /Users/admin/builder/spi-builder-workspace/.derivedData/Build/Products/Debug-watchos -F /Applications/Xcode-27.0.0-Release.Candidate.app/Contents/Developer/Platforms/WatchOS.platform/Developer/Library/Frameworks -F /Applications/Xcode-27.0.0-Release.Candidate.app/Contents/Developer/Platforms/WatchOS.platform/Developer/SDKs/WatchOS27.0.sdk/Developer/Library/Frameworks -module-cache-path /Users/admin/builder/spi-builder-workspace/.derivedData/ModuleCache.noindex -no-color-diagnostics -Xcc -fno-color-diagnostics -enable-testing -g -debug-info-format\=dwarf -dwarf-version\=4 -profile-generate -profile-coverage-mapping -swift-version 4.2 -Onone -D SWIFT_PACKAGE -D DEBUG -D SWIFT_MODULE_RESOURCE_BUNDLE_UNAVAILABLE -D Xcode -serialize-debugging-options -enable-experimental-feature DebugDescriptionMacro -empty-abi-descriptor -plugin-path /Applications/Xcode-27.0.0-Release.Candidate.app/Contents/Developer/Toolchains/XcodeDefault.xctoolchain/usr/lib/swift/host/plugins/testing -validate-clang-modules-once -clang-build-session-file /Users/admin/builder/spi-builder-workspace/.derivedData/ModuleCache.noindex/Session.modulevalidation -Xcc -working-directory -Xcc /Users/admin/builder/spi-builder-workspace/.swiftpm/xcode -enable-anonymous-context-mangled-names -file-compilation-dir /Users/admin/builder/spi-builder-workspace/.swiftpm/xcode -Xcc -D_LIBCPP_HARDENING_MODE\=_LIBCPP_HARDENING_MODE_DEBUG -Xcc -ivfsstatcache -Xcc /Users/admin/builder/spi-builder-workspace/.derivedData/SDKStatCaches.noindex/watchos27.0-24R360-e829b21a6f8c9b70876ba0858053c04477534ef55a1706bf4c1112bbb242f0a2.sdkstatcache -Xcc -fmodules-prune-interval\=86400 -Xcc -fmodules-prune-after\=345600 -Xcc -I/Users/admin/builder/spi-builder-workspace/.derivedData/Build/Products/Debug-watchos/include -Xcc -I/Users/admin/builder/spi-builder-workspace/.derivedData/Build/Intermediates.noindex/ImageIOPlus.build/Debug-watchos/CoreVideoPlus-t.build/DerivedSources-normal/arm64_32 -Xcc -I/Users/admin/builder/spi-builder-workspace/.derivedData/Build/Intermediates.noindex/ImageIOPlus.build/Debug-watchos/CoreVideoPlus-t.build/DerivedSources/arm64_32 -Xcc -I/Users/admin/builder/spi-builder-workspace/.derivedData/Build/Intermediates.noindex/ImageIOPlus.build/Debug-watchos/CoreVideoPlus-t.build/DerivedSources -Xcc -DSWIFT_PACKAGE -Xcc -DDEBUG\=1 -no-auto-bridging-header-chaining -module-name CoreVideoPlus -const-gather-protocols-file /Users/admin/builder/spi-builder-workspace/.derivedData/Build/Intermediates.noindex/ImageIOPlus.build/Debug-watchos/CoreVideoPlus-t.build/Objects-normal/arm64_32/CoreVideoPlus_const_extract_protocols.json -disable-clang-spi -target-sdk-version 27.0 -target-sdk-name watchos27.0 -external-plugin-path /Applications/Xcode-27.0.0-Release.Candidate.app/Contents/Developer/Platforms/WatchOS.platform/Developer/usr/lib/swift/host/plugins\#/Applications/Xcode-27.0.0-Release.Candidate.app/Contents/Developer/Platforms/WatchOS.platform/Developer/usr/bin/swift-plugin-server -external-plugin-path /Applications/Xcode-27.0.0-Release.Candidate.app/Contents/Developer/Platforms/WatchOS.platform/Developer/usr/local/lib/swift/host/plugins\#/Applications/Xcode-27.0.0-Release.Candidate.app/Contents/Developer/Platforms/WatchOS.platform/Developer/usr/bin/swift-plugin-server -in-process-plugin-server-path /Applications/Xcode-27.0.0-Release.Candidate.app/Contents/Developer/Toolchains/XcodeDefault.xctoolchain/usr/lib/swift/host/libSwiftInProcPluginServer.dylib -plugin-path /Applications/Xcode-27.0.0-Release.Candidate.app/Contents/Developer/Toolchains/XcodeDefault.xctoolchain/usr/lib/swift/host/plugins -plugin-path /Applications/Xcode-27.0.0-Release.Candidate.app/Contents/Developer/Toolchains/XcodeDefault.xctoolchain/usr/local/lib/swift/host/plugins -emit-module-doc-path /Users/admin/builder/spi-builder-workspace/.derivedData/Build/Intermediates.noindex/ImageIOPlus.build/Debug-watchos/CoreVideoPlus-t.build/Objects-normal/arm64_32/CoreVideoPlus.swiftdoc -emit-module-source-info-path /Users/admin/builder/spi-builder-workspace/.derivedData/Build/Intermediates.noindex/ImageIOPlus.build/Debug-watchos/CoreVideoPlus-t.build/Objects-normal/arm64_32/CoreVideoPlus.swiftsourceinfo -emit-objc-header-path /Users/admin/builder/spi-builder-workspace/.derivedData/Build/Intermediates.noindex/ImageIOPlus.build/Debug-watchos/CoreVideoPlus-t.build/Objects-normal/arm64_32/CoreVideoPlus-Swift.h -serialize-diagnostics-path /Users/admin/builder/spi-builder-workspace/.derivedData/Build/Intermediates.noindex/ImageIOPlus.build/Debug-watchos/CoreVideoPlus-t.build/Objects-normal/arm64_32/CoreVideoPlus-primary-emit-module.dia -emit-dependencies-path /Users/admin/builder/spi-builder-workspace/.derivedData/Build/Intermediates.noindex/ImageIOPlus.build/Debug-watchos/CoreVideoPlus-t.build/Objects-normal/arm64_32/CoreVideoPlus-primary-emit-module.d -parse-as-library -o /Users/admin/builder/spi-builder-workspace/.derivedData/Build/Intermediates.noindex/ImageIOPlus.build/Debug-watchos/CoreVideoPlus-t.build/Objects-normal/arm64_32/CoreVideoPlus.swiftmodule -emit-abi-descriptor-path /Users/admin/builder/spi-builder-workspace/.derivedData/Build/Intermediates.noindex/ImageIOPlus.build/Debug-watchos/CoreVideoPlus-t.build/Objects-normal/arm64_32/CoreVideoPlus.abi.json
SwiftCompile normal arm64_32 (in target 'CoreVideoPlus' from project 'ImageIOPlus')
cd /Users/admin/builder/spi-builder-workspace/.swiftpm/xcode
SwiftEmitModule normal arm64 Emitting\ module\ for\ CoreVideoPlus (in target 'CoreVideoPlus' from project 'ImageIOPlus')
/Users/admin/builder/spi-builder-workspace/Sources/CoreVideoPlus/CVBuffer/Attachments.swift:14:5: warning: 'public' modifier is redundant for struct declared in a public extension
12 |
13 | public extension CVBuffer {
14 | public struct Attachments : RawKeyDictionaryWrapper {
| `- warning: 'public' modifier is redundant for struct declared in a public extension
15 |
16 | // CVBuffer
/Users/admin/builder/spi-builder-workspace/Sources/CoreVideoPlus/CVBuffer/Attachments.swift:134:5: warning: 'public' modifier is redundant for enum declared in a public extension
132 | */
133 |
134 | public enum Key : String, CaseIterable {
| `- warning: 'public' modifier is redundant for enum declared in a public extension
135 | // CVBuffer, Generally only available for frames emitted by QuickTime
136 | case timeValue = "QTMovieTime" // let kCVBufferTimeValueKey: CFString
/Users/admin/builder/spi-builder-workspace/Sources/CoreVideoPlus/CVBuffer/Attachments.swift:161:5: warning: 'public' modifier is redundant for struct declared in a public extension
159 |
160 | public extension CVBuffer.Attachments {
161 | public struct CleanAperture : RawKeyDictionaryWrapper {
| `- warning: 'public' modifier is redundant for struct declared in a public extension
162 |
163 | /*
/Users/admin/builder/spi-builder-workspace/Sources/CoreVideoPlus/CVBuffer/Attachments.swift:192:5: warning: 'public' modifier is redundant for struct declared in a public extension
190 | }
191 |
192 | public struct FieldDetail : RawKeyDictionaryWrapper {
| `- warning: 'public' modifier is redundant for struct declared in a public extension
193 |
194 | /*
/Users/admin/builder/spi-builder-workspace/Sources/CoreVideoPlus/CVBuffer/Attachments.swift:224:5: warning: 'public' modifier is redundant for struct declared in a public extension
222 | }
223 |
224 | public struct PixelAspectRatio : RawKeyDictionaryWrapper {
| `- warning: 'public' modifier is redundant for struct declared in a public extension
225 | public typealias RawKey = Key.RawValue
226 | /*
/Users/admin/builder/spi-builder-workspace/Sources/CoreVideoPlus/CVBuffer/Attachments.swift:247:5: warning: 'public' modifier is redundant for struct declared in a public extension
245 | }
246 |
247 | public struct DisplayDimensions : RawKeyDictionaryWrapper {
| `- warning: 'public' modifier is redundant for struct declared in a public extension
248 | /*
249 | 0x00000001a9fbda60 ( 0x8) kCVImageBufferDisplayWidthKey
/Users/admin/builder/spi-builder-workspace/Sources/CoreVideoPlus/CVBuffer/Attachments.swift:269:5: warning: 'public' modifier is redundant for struct declared in a public extension
267 | }
268 |
269 | public struct TimeValue: RawKeyDictionaryWrapper {
| `- warning: 'public' modifier is redundant for struct declared in a public extension
270 | public enum Key : String, CaseIterable {
271 | case timeScale = "TimeScale"
/Users/admin/builder/spi-builder-workspace/Sources/CoreVideoPlus/CVBuffer/Attachments.swift:294:5: warning: 'public' modifier is redundant for enum declared in a public extension
292 | 0x00000001a9fbdab0 ( 0x8) kCVImageBufferYCbCrMatrix_ITU_R_2020
293 | */
294 | public enum YCbCrMatrix : String, CaseIterable {
| `- warning: 'public' modifier is redundant for enum declared in a public extension
295 | case ITU_R_709_2
296 | case ITU_R_601_4
/Users/admin/builder/spi-builder-workspace/Sources/CoreVideoPlus/CVBuffer/Attachments.swift:316:5: warning: 'public' modifier is redundant for enum declared in a public extension
314 | 0x00000001a9fbdb50 ( 0x8) kCVImageBufferTransferFunction_UseGamma
315 | */
316 | public enum TransferFunction : String, CaseIterable {
| `- warning: 'public' modifier is redundant for enum declared in a public extension
317 | case ITU_R_709_2
318 | case SMPTE_240M_1995
/Users/admin/builder/spi-builder-workspace/Sources/CoreVideoPlus/CVBuffer/Attachments.swift:341:5: warning: 'public' modifier is redundant for enum declared in a public extension
339 | */
340 |
341 | public enum ChromaLocation : String, CaseIterable {
| `- warning: 'public' modifier is redundant for enum declared in a public extension
342 | case center = "Center"
343 | case top = "Top"
/Users/admin/builder/spi-builder-workspace/Sources/CoreVideoPlus/CVBuffer/Attachments.swift:359:5: warning: 'public' modifier is redundant for enum declared in a public extension
357 | */
358 |
359 | public enum ChromaSubsampling : String, CaseIterable {
| `- warning: 'public' modifier is redundant for enum declared in a public extension
360 | case _420 = "4:2:0"
361 | case _422 = "4:2:2"
/Users/admin/builder/spi-builder-workspace/Sources/CoreVideoPlus/CVBuffer/Attachments.swift:375:5: warning: 'public' modifier is redundant for enum declared in a public extension
373 | public let kCVImageBufferColorPrimaries_P22: CFString
374 | */
375 | public enum ColorPrimaries : String, CaseIterable {
| `- warning: 'public' modifier is redundant for enum declared in a public extension
376 | case ITU_R_709_2
377 | case EBU_3213
/Users/admin/builder/spi-builder-workspace/Sources/CoreVideoPlus/CVBuffer/Attributes.swift:121:27: error: ambiguous type name 'Attributes' in 'CVBuffer'
11 |
12 | public extension CVBuffer {
13 | struct Attributes : RawKeyDictionaryWrapper {
| `- note: found candidate with type 'CVBuffer.Attributes'
14 | public let pixelFormat: CVPixelFormat
15 |
:
119 | }
120 |
121 | public extension CVBuffer.Attributes {
| `- error: ambiguous type name 'Attributes' in 'CVBuffer'
122 | enum Key : String {
123 |
CoreVideo.CVBuffer.Attributes:3:38: note: found candidate with type 'CVBuffer.Attributes'
1 | class CVBuffer {
2 | @available(*, deprecated, renamed: "CVPixelBufferAttributes")
3 | @dynamicMemberLookup public struct Attributes : Sendable {
| `- note: found candidate with type 'CVBuffer.Attributes'
4 | public var rawAttributes: [String : any Sendable] { get }
5 | public init(rawAttributes: [String : any Sendable])
/Users/admin/builder/spi-builder-workspace/Sources/CoreVideoPlus/CVPixelBuffer/CVPixelBuffer.swift:35:21: error: 'Attributes' is ambiguous for type lookup in this context
33 | pixelFormat: CVPixelFormat,
34 | size: Int.Size,
35 | attributes: Attributes? = nil
| `- error: 'Attributes' is ambiguous for type lookup in this context
36 | ) throws -> CVPixelBuffer? {
37 | let pixelFormat = pixelFormat.rawValue
/Users/admin/builder/spi-builder-workspace/Sources/CoreVideoPlus/CVBuffer/Attributes.swift:13:12: note: found this candidate
11 |
12 | public extension CVBuffer {
13 | struct Attributes : RawKeyDictionaryWrapper {
| `- note: found this candidate
14 | public let pixelFormat: CVPixelFormat
15 |
CoreVideo.CVBuffer.Attributes:3:38: note: found this candidate
1 | class CVBuffer {
2 | @available(*, deprecated, renamed: "CVPixelBufferAttributes")
3 | @dynamicMemberLookup public struct Attributes : Sendable {
| `- note: found this candidate
4 | public var rawAttributes: [String : any Sendable] { get }
5 | public init(rawAttributes: [String : any Sendable])
/Users/admin/builder/spi-builder-workspace/Sources/CoreVideoPlus/CVPixelBuffer/CVPixelBuffer.swift:31:5: warning: 'public' modifier is redundant for class method declared in a public extension
29 | @result returns kCVReturnSuccess on success.
30 | */
31 | public class func `init`(
| `- warning: 'public' modifier is redundant for class method declared in a public extension
32 | allocator: CFAllocator? = nil,
33 | pixelFormat: CVPixelFormat,
/Users/admin/builder/spi-builder-workspace/Sources/CoreVideoPlus/CVPixelBuffer/CVPixelBuffer.swift:67:21: error: 'Attributes' is ambiguous for type lookup in this context
65 | pixelFormat: CVPixelFormat,
66 | planeInfo: PlaneInfo,
67 | attributes: Attributes? = nil,
| `- error: 'Attributes' is ambiguous for type lookup in this context
68 | releaseCallback: ReleaseBytesCallback? = nil,
69 | releaseRefCon: UnsafeMutableRawPointer? = nil
/Users/admin/builder/spi-builder-workspace/Sources/CoreVideoPlus/CVBuffer/Attributes.swift:13:12: note: found this candidate
11 |
12 | public extension CVBuffer {
13 | struct Attributes : RawKeyDictionaryWrapper {
| `- note: found this candidate
14 | public let pixelFormat: CVPixelFormat
15 |
CoreVideo.CVBuffer.Attributes:3:38: note: found this candidate
1 | class CVBuffer {
2 | @available(*, deprecated, renamed: "CVPixelBufferAttributes")
3 | @dynamicMemberLookup public struct Attributes : Sendable {
| `- note: found this candidate
4 | public var rawAttributes: [String : any Sendable] { get }
5 | public init(rawAttributes: [String : any Sendable])
/Users/admin/builder/spi-builder-workspace/Sources/CoreVideoPlus/CVPixelBuffer/CVPixelBuffer.swift:63:5: warning: 'public' modifier is redundant for instance method declared in a public extension
61 | @result returns kCVReturnSuccess on success.
62 | */
63 | public func `init`(
| `- warning: 'public' modifier is redundant for instance method declared in a public extension
64 | allocator: CFAllocator? = nil,
65 | pixelFormat: CVPixelFormat,
/Users/admin/builder/spi-builder-workspace/Sources/CoreVideoPlus/CVPixelBuffer/CVPixelBuffer.swift:119:21: error: 'Attributes' is ambiguous for type lookup in this context
117 | planeDataSize: Int? = nil,
118 | planeInfos: [PlaneInfo],
119 | attributes: Attributes? = nil,
| `- error: 'Attributes' is ambiguous for type lookup in this context
120 | releaseCallback: ReleasePlanarBytesCallback? = nil,
121 | releaseRefCon: UnsafeMutableRawPointer? = nil
/Users/admin/builder/spi-builder-workspace/Sources/CoreVideoPlus/CVBuffer/Attributes.swift:13:12: note: found this candidate
11 |
12 | public extension CVBuffer {
13 | struct Attributes : RawKeyDictionaryWrapper {
| `- note: found this candidate
14 | public let pixelFormat: CVPixelFormat
15 |
CoreVideo.CVBuffer.Attributes:3:38: note: found this candidate
1 | class CVBuffer {
2 | @available(*, deprecated, renamed: "CVPixelBufferAttributes")
3 | @dynamicMemberLookup public struct Attributes : Sendable {
| `- note: found this candidate
4 | public var rawAttributes: [String : any Sendable] { get }
5 | public init(rawAttributes: [String : any Sendable])
/Users/admin/builder/spi-builder-workspace/Sources/CoreVideoPlus/CVPixelBuffer/CVPixelBuffer.swift:112:5: warning: 'public' modifier is redundant for instance method declared in a public extension
110 | @result returns kCVReturnSuccess on success.
111 | */
112 | public func `init`(
| `- warning: 'public' modifier is redundant for instance method declared in a public extension
113 | allocator: CFAllocator? = nil,
114 | pixelFormat: CVPixelFormat,
/Users/admin/builder/spi-builder-workspace/Sources/CoreVideoPlus/CVPixelBuffer/CVPixelBuffer.swift:160:5: warning: 'public' modifier is redundant for type alias declared in a public extension
158 | }
159 |
160 | public typealias PlaneInfo = (size: Int.Size, bytesPerRow: Int, baseAddress: UnsafeMutableRawPointer)
| `- warning: 'public' modifier is redundant for type alias declared in a public extension
161 | public typealias ReleaseBytesCallback = @convention(c) (UnsafeMutableRawPointer?, UnsafeRawPointer?) -> Void
162 | public typealias ReleasePlanarBytesCallback = @convention(c) (UnsafeMutableRawPointer?, UnsafeRawPointer?, Int, Int, UnsafeMutablePointer<UnsafeRawPointer?>?) -> Void
/Users/admin/builder/spi-builder-workspace/Sources/CoreVideoPlus/CVPixelBuffer/CVPixelBuffer.swift:161:5: warning: 'public' modifier is redundant for type alias declared in a public extension
159 |
160 | public typealias PlaneInfo = (size: Int.Size, bytesPerRow: Int, baseAddress: UnsafeMutableRawPointer)
161 | public typealias ReleaseBytesCallback = @convention(c) (UnsafeMutableRawPointer?, UnsafeRawPointer?) -> Void
| `- warning: 'public' modifier is redundant for type alias declared in a public extension
162 | public typealias ReleasePlanarBytesCallback = @convention(c) (UnsafeMutableRawPointer?, UnsafeRawPointer?, Int, Int, UnsafeMutablePointer<UnsafeRawPointer?>?) -> Void
163 | }
/Users/admin/builder/spi-builder-workspace/Sources/CoreVideoPlus/CVPixelBuffer/CVPixelBuffer.swift:162:5: warning: 'public' modifier is redundant for type alias declared in a public extension
160 | public typealias PlaneInfo = (size: Int.Size, bytesPerRow: Int, baseAddress: UnsafeMutableRawPointer)
161 | public typealias ReleaseBytesCallback = @convention(c) (UnsafeMutableRawPointer?, UnsafeRawPointer?) -> Void
162 | public typealias ReleasePlanarBytesCallback = @convention(c) (UnsafeMutableRawPointer?, UnsafeRawPointer?, Int, Int, UnsafeMutablePointer<UnsafeRawPointer?>?) -> Void
| `- warning: 'public' modifier is redundant for type alias declared in a public extension
163 | }
164 |
/Users/admin/builder/spi-builder-workspace/Sources/CoreVideoPlus/CVPixelBuffer/CVPixelBuffer.swift:178:21: error: 'Attributes' is ambiguous for type lookup in this context
176 | allocator: CFAllocator? = nil,
177 | attributesArray: [Attributes]
178 | ) throws -> Attributes {
| `- error: 'Attributes' is ambiguous for type lookup in this context
179 | let rawInputAttributes = attributesArray.map { $0.rawValue as CFDictionary } as CFArray
180 |
/Users/admin/builder/spi-builder-workspace/Sources/CoreVideoPlus/CVBuffer/Attributes.swift:13:12: note: found this candidate
11 |
12 | public extension CVBuffer {
13 | struct Attributes : RawKeyDictionaryWrapper {
| `- note: found this candidate
14 | public let pixelFormat: CVPixelFormat
15 |
CoreVideo.CVBuffer.Attributes:3:38: note: found this candidate
1 | class CVBuffer {
2 | @available(*, deprecated, renamed: "CVPixelBufferAttributes")
3 | @dynamicMemberLookup public struct Attributes : Sendable {
| `- note: found this candidate
4 | public var rawAttributes: [String : any Sendable] { get }
5 | public init(rawAttributes: [String : any Sendable])
/Users/admin/builder/spi-builder-workspace/Sources/CoreVideoPlus/CVPixelBuffer/CVPixelBuffer.swift:177:27: error: 'Attributes' is ambiguous for type lookup in this context
175 | class func resolve(
176 | allocator: CFAllocator? = nil,
177 | attributesArray: [Attributes]
| `- error: 'Attributes' is ambiguous for type lookup in this context
178 | ) throws -> Attributes {
179 | let rawInputAttributes = attributesArray.map { $0.rawValue as CFDictionary } as CFArray
/Users/admin/builder/spi-builder-workspace/Sources/CoreVideoPlus/CVBuffer/Attributes.swift:13:12: note: found this candidate
11 |
12 | public extension CVBuffer {
13 | struct Attributes : RawKeyDictionaryWrapper {
| `- note: found this candidate
14 | public let pixelFormat: CVPixelFormat
15 |
CoreVideo.CVBuffer.Attributes:3:38: note: found this candidate
1 | class CVBuffer {
2 | @available(*, deprecated, renamed: "CVPixelBufferAttributes")
3 | @dynamicMemberLookup public struct Attributes : Sendable {
| `- note: found this candidate
4 | public var rawAttributes: [String : any Sendable] { get }
5 | public init(rawAttributes: [String : any Sendable])
/Users/admin/builder/spi-builder-workspace/Sources/CoreVideoPlus/CVPixelBuffer/CVPixelBuffer.swift:400:5: warning: 'public' modifier is redundant for property declared in a public extension
398 | @param extraRowsOnBottom Returns the pixel row padding to the bottom. May be NULL.
399 | */
400 | public var extendedPixels: (left: Int, right: Int, top: Int, bottom: Int) {
| `- warning: 'public' modifier is redundant for property declared in a public extension
401 | var extraColumnsOnLeft: Int = 0
402 | var extraColumnsOnRight: Int = 0
/Users/admin/builder/spi-builder-workspace/Sources/CoreVideoPlus/CVPixelBuffer/CVPixelBufferPool.swift:24:48: error: ambiguous type name 'Attributes' in 'CVPixelBuffer' (aka 'CVBuffer')
22 | allocator: CFAllocator? = nil,
23 | _ poolAttributes: Attributes?,
24 | _ pixelBufferAttributes: CVPixelBuffer.Attributes?,
| `- error: ambiguous type name 'Attributes' in 'CVPixelBuffer' (aka 'CVBuffer')
25 | _ poolOut: UnsafeMutablePointer<CVPixelBufferPool?>
26 | ) -> CVReturn {
/Users/admin/builder/spi-builder-workspace/Sources/CoreVideoPlus/CVBuffer/Attributes.swift:13:12: note: found candidate with type 'CVPixelBuffer.Attributes' (aka 'CVBuffer.Attributes')
11 |
12 | public extension CVBuffer {
13 | struct Attributes : RawKeyDictionaryWrapper {
| `- note: found candidate with type 'CVPixelBuffer.Attributes' (aka 'CVBuffer.Attributes')
14 | public let pixelFormat: CVPixelFormat
15 |
CoreVideo.CVBuffer.Attributes:3:38: note: found candidate with type 'CVPixelBuffer.Attributes' (aka 'CVBuffer.Attributes')
1 | class CVBuffer {
2 | @available(*, deprecated, renamed: "CVPixelBufferAttributes")
3 | @dynamicMemberLookup public struct Attributes : Sendable {
| `- note: found candidate with type 'CVPixelBuffer.Attributes' (aka 'CVBuffer.Attributes')
4 | public var rawAttributes: [String : any Sendable] { get }
5 | public init(rawAttributes: [String : any Sendable])
/Users/admin/builder/spi-builder-workspace/Sources/CoreVideoPlus/CVPixelBuffer/CVPixelBufferPool.swift:104:5: warning: 'public' modifier is redundant for property declared in a public extension
102 | @result Returns the pixel buffer attributes dictionary, or NULL on failure.
103 | */
104 | public var pixelBufferAttributes: CFDictionary? {
| `- warning: 'public' modifier is redundant for property declared in a public extension
105 | return CVPixelBufferPoolGetPixelBufferAttributes(self)
106 | }
/Users/admin/builder/spi-builder-workspace/Sources/CoreVideoPlus/CVPixelBuffer/CVPixelBufferPool.swift:108:5: warning: 'public' modifier is redundant for class property declared in a public extension
106 | }
107 |
108 | public class var typeID: CFTypeID {
| `- warning: 'public' modifier is redundant for class property declared in a public extension
109 | return CVPixelBufferPoolGetTypeID()
110 | }
/Users/admin/builder/spi-builder-workspace/Sources/CoreVideoPlus/CVPixelFormat/CVPixelFormat.swift:97:1: warning: extension declares a conformance of imported type 'UInt32' to imported protocols 'ExpressibleByStringLiteral', 'ExpressibleByExtendedGraphemeClusterLiteral', 'ExpressibleByUnicodeScalarLiteral'; this will not behave correctly if the owners of 'Swift' introduce this conformance in the future
95 | }
96 |
97 | extension OSType : ExpressibleByStringLiteral {
| |- warning: extension declares a conformance of imported type 'UInt32' to imported protocols 'ExpressibleByStringLiteral', 'ExpressibleByExtendedGraphemeClusterLiteral', 'ExpressibleByUnicodeScalarLiteral'; this will not behave correctly if the owners of 'Swift' introduce this conformance in the future
| `- note: add '@retroactive' to silence this warning
98 | public init(stringLiteral: String) {
99 | self = stringLiteral.unicodeScalars.filter{ $0.isASCII }.map{ $0.value }.reduce(0, { $0 << 8 + $1 })
Failed frontend command:
/Applications/Xcode-27.0.0-Release.Candidate.app/Contents/Developer/Toolchains/XcodeDefault.xctoolchain/usr/bin/swift-frontend -frontend -emit-module -experimental-skip-non-inlinable-function-bodies-without-types /Users/admin/builder/spi-builder-workspace/Sources/CoreVideoPlus/CVBuffer/Attachments.swift /Users/admin/builder/spi-builder-workspace/Sources/CoreVideoPlus/CVBuffer/Attributes.swift /Users/admin/builder/spi-builder-workspace/Sources/CoreVideoPlus/CVBuffer/CVBuffer.swift /Users/admin/builder/spi-builder-workspace/Sources/CoreVideoPlus/CVImageBuffer/CVImageBuffer.swift /Users/admin/builder/spi-builder-workspace/Sources/CoreVideoPlus/CVPixelBuffer/CVPixelBuffer+.swift /Users/admin/builder/spi-builder-workspace/Sources/CoreVideoPlus/CVPixelBuffer/CVPixelBuffer.swift /Users/admin/builder/spi-builder-workspace/Sources/CoreVideoPlus/CVPixelBuffer/CVPixelBufferPool.swift /Users/admin/builder/spi-builder-workspace/Sources/CoreVideoPlus/CVPixelFormat/CVPixelFormat.swift /Users/admin/builder/spi-builder-workspace/Sources/CoreVideoPlus/CVPixelFormat/Description.swift /Users/admin/builder/spi-builder-workspace/Sources/CoreVideoPlus/CVReturnStatus.swift -target arm64-apple-watchos9.0 -Xllvm -aarch64-use-tbi -enable-objc-interop -stack-check -sdk /Applications/Xcode-27.0.0-Release.Candidate.app/Contents/Developer/Platforms/WatchOS.platform/Developer/SDKs/WatchOS27.0.sdk -I /Users/admin/builder/spi-builder-workspace/.derivedData/Build/Products/Debug-watchos -Isystem /Applications/Xcode-27.0.0-Release.Candidate.app/Contents/Developer/Platforms/WatchOS.platform/Developer/usr/lib -F /Users/admin/builder/spi-builder-workspace/.derivedData/Build/Products/Debug-watchos/PackageFrameworks -F /Users/admin/builder/spi-builder-workspace/.derivedData/Build/Products/Debug-watchos -F /Applications/Xcode-27.0.0-Release.Candidate.app/Contents/Developer/Platforms/WatchOS.platform/Developer/Library/Frameworks -F /Applications/Xcode-27.0.0-Release.Candidate.app/Contents/Developer/Platforms/WatchOS.platform/Developer/SDKs/WatchOS27.0.sdk/Developer/Library/Frameworks -module-cache-path /Users/admin/builder/spi-builder-workspace/.derivedData/ModuleCache.noindex -no-color-diagnostics -Xcc -fno-color-diagnostics -enable-testing -g -debug-info-format\=dwarf -dwarf-version\=4 -profile-generate -profile-coverage-mapping -swift-version 4.2 -Onone -D SWIFT_PACKAGE -D DEBUG -D SWIFT_MODULE_RESOURCE_BUNDLE_UNAVAILABLE -D Xcode -serialize-debugging-options -enable-experimental-feature DebugDescriptionMacro -empty-abi-descriptor -plugin-path /Applications/Xcode-27.0.0-Release.Candidate.app/Contents/Developer/Toolchains/XcodeDefault.xctoolchain/usr/lib/swift/host/plugins/testing -validate-clang-modules-once -clang-build-session-file /Users/admin/builder/spi-builder-workspace/.derivedData/ModuleCache.noindex/Session.modulevalidation -Xcc -working-directory -Xcc /Users/admin/builder/spi-builder-workspace/.swiftpm/xcode -enable-anonymous-context-mangled-names -file-compilation-dir /Users/admin/builder/spi-builder-workspace/.swiftpm/xcode -Xcc -D_LIBCPP_HARDENING_MODE\=_LIBCPP_HARDENING_MODE_DEBUG -Xcc -ivfsstatcache -Xcc /Users/admin/builder/spi-builder-workspace/.derivedData/SDKStatCaches.noindex/watchos27.0-24R360-e829b21a6f8c9b70876ba0858053c04477534ef55a1706bf4c1112bbb242f0a2.sdkstatcache -Xcc -fmodules-prune-interval\=86400 -Xcc -fmodules-prune-after\=345600 -Xcc -I/Users/admin/builder/spi-builder-workspace/.derivedData/Build/Products/Debug-watchos/include -Xcc -I/Users/admin/builder/spi-builder-workspace/.derivedData/Build/Intermediates.noindex/ImageIOPlus.build/Debug-watchos/CoreVideoPlus-t.build/DerivedSources-normal/arm64 -Xcc -I/Users/admin/builder/spi-builder-workspace/.derivedData/Build/Intermediates.noindex/ImageIOPlus.build/Debug-watchos/CoreVideoPlus-t.build/DerivedSources/arm64 -Xcc -I/Users/admin/builder/spi-builder-workspace/.derivedData/Build/Intermediates.noindex/ImageIOPlus.build/Debug-watchos/CoreVideoPlus-t.build/DerivedSources -Xcc -DSWIFT_PACKAGE -Xcc -DDEBUG\=1 -no-auto-bridging-header-chaining -module-name CoreVideoPlus -const-gather-protocols-file /Users/admin/builder/spi-builder-workspace/.derivedData/Build/Intermediates.noindex/ImageIOPlus.build/Debug-watchos/CoreVideoPlus-t.build/Objects-normal/arm64/CoreVideoPlus_const_extract_protocols.json -disable-clang-spi -target-sdk-version 27.0 -target-sdk-name watchos27.0 -external-plugin-path /Applications/Xcode-27.0.0-Release.Candidate.app/Contents/Developer/Platforms/WatchOS.platform/Developer/usr/lib/swift/host/plugins\#/Applications/Xcode-27.0.0-Release.Candidate.app/Contents/Developer/Platforms/WatchOS.platform/Developer/usr/bin/swift-plugin-server -external-plugin-path /Applications/Xcode-27.0.0-Release.Candidate.app/Contents/Developer/Platforms/WatchOS.platform/Developer/usr/local/lib/swift/host/plugins\#/Applications/Xcode-27.0.0-Release.Candidate.app/Contents/Developer/Platforms/WatchOS.platform/Developer/usr/bin/swift-plugin-server -in-process-plugin-server-path /Applications/Xcode-27.0.0-Release.Candidate.app/Contents/Developer/Toolchains/XcodeDefault.xctoolchain/usr/lib/swift/host/libSwiftInProcPluginServer.dylib -plugin-path /Applications/Xcode-27.0.0-Release.Candidate.app/Contents/Developer/Toolchains/XcodeDefault.xctoolchain/usr/lib/swift/host/plugins -plugin-path /Applications/Xcode-27.0.0-Release.Candidate.app/Contents/Developer/Toolchains/XcodeDefault.xctoolchain/usr/local/lib/swift/host/plugins -emit-module-doc-path /Users/admin/builder/spi-builder-workspace/.derivedData/Build/Intermediates.noindex/ImageIOPlus.build/Debug-watchos/CoreVideoPlus-t.build/Objects-normal/arm64/CoreVideoPlus.swiftdoc -emit-module-source-info-path /Users/admin/builder/spi-builder-workspace/.derivedData/Build/Intermediates.noindex/ImageIOPlus.build/Debug-watchos/CoreVideoPlus-t.build/Objects-normal/arm64/CoreVideoPlus.swiftsourceinfo -emit-objc-header-path /Users/admin/builder/spi-builder-workspace/.derivedData/Build/Intermediates.noindex/ImageIOPlus.build/Debug-watchos/CoreVideoPlus-t.build/Objects-normal/arm64/CoreVideoPlus-Swift.h -serialize-diagnostics-path /Users/admin/builder/spi-builder-workspace/.derivedData/Build/Intermediates.noindex/ImageIOPlus.build/Debug-watchos/CoreVideoPlus-t.build/Objects-normal/arm64/CoreVideoPlus-primary-emit-module.dia -emit-dependencies-path /Users/admin/builder/spi-builder-workspace/.derivedData/Build/Intermediates.noindex/ImageIOPlus.build/Debug-watchos/CoreVideoPlus-t.build/Objects-normal/arm64/CoreVideoPlus-primary-emit-module.d -parse-as-library -o /Users/admin/builder/spi-builder-workspace/.derivedData/Build/Intermediates.noindex/ImageIOPlus.build/Debug-watchos/CoreVideoPlus-t.build/Objects-normal/arm64/CoreVideoPlus.swiftmodule -emit-abi-descriptor-path /Users/admin/builder/spi-builder-workspace/.derivedData/Build/Intermediates.noindex/ImageIOPlus.build/Debug-watchos/CoreVideoPlus-t.build/Objects-normal/arm64/CoreVideoPlus.abi.json
SwiftCompile normal arm64 (in target 'CoreVideoPlus' from project 'ImageIOPlus')
cd /Users/admin/builder/spi-builder-workspace/.swiftpm/xcode
SwiftCompile normal arm64_32 Compiling\ CGImageSourceOptions.swift /Users/admin/builder/spi-builder-workspace/Sources/ImageIOPlus/CGImageSource/CGImageSourceOptions.swift (in target 'ImageIOPlus' from project 'ImageIOPlus')
SwiftCompile normal arm64_32 /Users/admin/builder/spi-builder-workspace/Sources/ImageIOPlus/CGImageSource/CGImageSourceOptions.swift (in target 'ImageIOPlus' from project 'ImageIOPlus')
cd /Users/admin/builder/spi-builder-workspace/.swiftpm/xcode
builtin-SwiftPerFileCompile CGImageSourceOptions.swift
PruneExplicitPrecompiledModules /Users/admin/builder/spi-builder-workspace/.derivedData/Build/Intermediates.noindex/ExplicitPrecompiledModules
PruneExplicitPrecompiledModules /Users/admin/builder/spi-builder-workspace/.derivedData/Build/Intermediates.noindex/SwiftExplicitPrecompiledModules
PruneExplicitPrecompiledModules /Users/admin/builder/spi-builder-workspace/.derivedData/SDKExplicitPrecompiledModules
2026-09-16 11:47:49.590 xcodebuild[684:4514] [MT] IDERunDestination: Supported platforms for the buildables in the current scheme is empty.
** BUILD FAILED **
The following build commands failed:
SwiftEmitModule normal arm64_32 Emitting\ module\ for\ CoreVideoPlus (in target 'CoreVideoPlus' from project 'ImageIOPlus')
SwiftCompile normal arm64_32 (in target 'CoreVideoPlus' from project 'ImageIOPlus')
SwiftEmitModule normal arm64 Emitting\ module\ for\ CoreVideoPlus (in target 'CoreVideoPlus' from project 'ImageIOPlus')
SwiftCompile normal arm64 (in target 'CoreVideoPlus' from project 'ImageIOPlus')
Building workspace ImageIOPlus with scheme ImageIOPlus-Package
(5 failures)
BUILD FAILURE 6.4 watchOS