Build Information
Failed to build ZendeskSDKLogger, reference 0.12.0 (f31290), with Swift 6.4 for tvOS using Xcode 27.0 on 3 Oct 2026 15:33:16 UTC.
Build Command
env DEVELOPER_DIR=/Applications/Xcode-27.0.0-Release.Candidate.app xcrun xcodebuild -IDEClonedSourcePackagesDirPathOverride=$PWD/.dependencies -skipMacroValidation -skipPackagePluginValidation -derivedDataPath $PWD/.derivedData build -scheme ZendeskSDKLogger -destination generic/platform=tvOSBuild Log
========================================
RunAll
========================================
Builder version: 5.1.1
Interrupt handler set up.
========================================
Checkout
========================================
Clone URL: https://github.com/zendesk/sdk_logger_ios.git
Reference: 0.12.0
Initialized empty Git repository in /Users/admin/builder/spi-builder-workspace/.git/
From https://github.com/zendesk/sdk_logger_ios
* tag 0.12.0 -> FETCH_HEAD
HEAD is now at f31290d [RELEASE] New version 0.12.0
Cloned https://github.com/zendesk/sdk_logger_ios.git
Revision (git rev-parse @):
f31290d725f729c02b5e468ecf73ab8100fb35da
SUCCESS checkout https://github.com/zendesk/sdk_logger_ios.git at 0.12.0
========================================
Build
========================================
Selected platform: tvOS
Swift version: 6.4
Building package at path: $PWD
https://github.com/zendesk/sdk_logger_ios.git
Command line invocation:
/Applications/Xcode-27.0.0-Release.Candidate.app/Contents/Developer/usr/bin/xcodebuild -IDEClonedSourcePackagesDirPathOverride=/Users/admin/builder/spi-builder-workspace/.dependencies -resolvePackageDependencies
Resolve Package Graph
Resolve Package Graph
Resolved source packages:
ZendeskSDKLogger: /Users/admin/builder/spi-builder-workspace
resolved source packages: ZendeskSDKLogger
2026-10-03 11:32:29.472 xcodebuild[529:3034] [MT] IDERunDestination: Supported platforms for the buildables in the current scheme is empty.
{
"dependencies" : [
],
"manifest_display_name" : "ZendeskSDKLogger",
"name" : "ZendeskSDKLogger",
"path" : "/Users/admin/builder/spi-builder-workspace",
"platforms" : [
{
"name" : "ios",
"version" : "16.0"
}
],
"products" : [
{
"name" : "ZendeskSDKLogger",
"targets" : [
"ZendeskSDKLogger"
],
"type" : {
"library" : [
"automatic"
]
}
}
],
"targets" : [
{
"c99name" : "ZendeskSDKLogger",
"module_type" : "BinaryTarget",
"name" : "ZendeskSDKLogger",
"path" : "ZendeskSDKLogger.xcframework",
"product_memberships" : [
"ZendeskSDKLogger"
],
"sources" : [
],
"type" : "binary"
}
],
"tools_version" : "5.7"
}
{
"workspace" : {
"name" : "ZendeskSDKLogger",
"schemes" : [
"ZendeskSDKLogger"
]
}
}
2026-10-03 11:33:10.707 xcodebuild[657:4212] [MT] IDERunDestination: Supported platforms for the buildables in the current scheme is empty.
Running build ...
env DEVELOPER_DIR=/Applications/Xcode-27.0.0-Release.Candidate.app xcrun xcodebuild -IDEClonedSourcePackagesDirPathOverride=$PWD/.dependencies -skipMacroValidation -skipPackagePluginValidation -derivedDataPath $PWD/.derivedData build -scheme ZendeskSDKLogger -destination generic/platform=tvOS
Command line invocation:
/Applications/Xcode-27.0.0-Release.Candidate.app/Contents/Developer/usr/bin/xcodebuild -IDEClonedSourcePackagesDirPathOverride=/Users/admin/builder/spi-builder-workspace/.dependencies -skipMacroValidation -skipPackagePluginValidation -derivedDataPath /Users/admin/builder/spi-builder-workspace/.derivedData build -scheme ZendeskSDKLogger -destination generic/platform=tvOS
Resolve Package Graph
Resolved source packages:
ZendeskSDKLogger: /Users/admin/builder/spi-builder-workspace
ComputePackagePrebuildTargetDependencyGraph
Prepare packages
CreateBuildRequest
SendProjectDescription
CreateBuildOperation
ComputeTargetDependencyGraph
note: Building targets in dependency order
note: Target dependency graph (1 target)
Target 'ZendeskSDKLogger-product' in project 'ZendeskSDKLogger' (no dependencies)
GatherProvisioningInputs
CreateBuildDescription
ExecuteExternalTool /Applications/Xcode-27.0.0-Release.Candidate.app/Contents/Developer/Toolchains/XcodeDefault.xctoolchain/usr/bin/clang -v -E -dM -isysroot /Applications/Xcode-27.0.0-Release.Candidate.app/Contents/Developer/Platforms/AppleTVOS.platform/Developer/SDKs/AppleTVOS27.0.sdk -x c -c /dev/null
Build description signature: 2136133c8bab97bf43d31e8ff739759f
Build description path: /Users/admin/builder/spi-builder-workspace/.derivedData/Build/Intermediates.noindex/XCBuildData/2136133c8bab97bf43d31e8ff739759f.xcbuilddata
/Users/admin/builder/spi-builder-workspace/ZendeskSDKLogger.xcframework:1:1: error: While building for tvOS, no library for this platform was found in '/Users/admin/builder/spi-builder-workspace/ZendeskSDKLogger.xcframework'. (in target 'ZendeskSDKLogger-product' from project 'ZendeskSDKLogger')
2026-10-03 11:33:12.186 xcodebuild[658:4256] [MT] IDERunDestination: Supported platforms for the buildables in the current scheme is empty.
** BUILD FAILED **
The following build commands failed:
Building workspace ZendeskSDKLogger with scheme ZendeskSDKLogger
(1 failure)
Command line invocation:
/Applications/Xcode-27.0.0-Release.Candidate.app/Contents/Developer/usr/bin/xcodebuild -IDEClonedSourcePackagesDirPathOverride=/Users/admin/builder/spi-builder-workspace/.dependencies -resolvePackageDependencies
Resolve Package Graph
Resolved source packages:
ZendeskSDKLogger: /Users/admin/builder/spi-builder-workspace
resolved source packages: ZendeskSDKLogger
2026-10-03 11:33:13.630 xcodebuild[670:4353] [MT] IDERunDestination: Supported platforms for the buildables in the current scheme is empty.
{
"dependencies" : [
],
"manifest_display_name" : "ZendeskSDKLogger",
"name" : "ZendeskSDKLogger",
"path" : "/Users/admin/builder/spi-builder-workspace",
"platforms" : [
{
"name" : "ios",
"version" : "16.0"
}
],
"products" : [
{
"name" : "ZendeskSDKLogger",
"targets" : [
"ZendeskSDKLogger"
],
"type" : {
"library" : [
"automatic"
]
}
}
],
"targets" : [
{
"c99name" : "ZendeskSDKLogger",
"module_type" : "BinaryTarget",
"name" : "ZendeskSDKLogger",
"path" : "ZendeskSDKLogger.xcframework",
"product_memberships" : [
"ZendeskSDKLogger"
],
"sources" : [
],
"type" : "binary"
}
],
"tools_version" : "5.7"
}
{
"workspace" : {
"name" : "ZendeskSDKLogger",
"schemes" : [
"ZendeskSDKLogger"
]
}
}
2026-10-03 11:33:14.821 xcodebuild[678:4416] [MT] IDERunDestination: Supported platforms for the buildables in the current scheme is empty.
Running build ...
env DEVELOPER_DIR=/Applications/Xcode-27.0.0-Release.Candidate.app xcrun xcodebuild -IDEClonedSourcePackagesDirPathOverride=$PWD/.dependencies -skipMacroValidation -skipPackagePluginValidation -derivedDataPath $PWD/.derivedData build -scheme ZendeskSDKLogger -destination generic/platform=tvOS
Command line invocation:
/Applications/Xcode-27.0.0-Release.Candidate.app/Contents/Developer/usr/bin/xcodebuild -IDEClonedSourcePackagesDirPathOverride=/Users/admin/builder/spi-builder-workspace/.dependencies -skipMacroValidation -skipPackagePluginValidation -derivedDataPath /Users/admin/builder/spi-builder-workspace/.derivedData build -scheme ZendeskSDKLogger -destination generic/platform=tvOS
Resolve Package Graph
Resolved source packages:
ZendeskSDKLogger: /Users/admin/builder/spi-builder-workspace
ComputePackagePrebuildTargetDependencyGraph
Prepare packages
CreateBuildRequest
SendProjectDescription
CreateBuildOperation
ComputeTargetDependencyGraph
note: Building targets in dependency order
note: Target dependency graph (1 target)
Target 'ZendeskSDKLogger-product' in project 'ZendeskSDKLogger' (no dependencies)
GatherProvisioningInputs
CreateBuildDescription
/Users/admin/builder/spi-builder-workspace/ZendeskSDKLogger.xcframework:1:1: error: While building for tvOS, no library for this platform was found in '/Users/admin/builder/spi-builder-workspace/ZendeskSDKLogger.xcframework'. (in target 'ZendeskSDKLogger-product' from project 'ZendeskSDKLogger')
2026-10-03 11:33:15.752 xcodebuild[679:4444] [MT] IDERunDestination: Supported platforms for the buildables in the current scheme is empty.
** BUILD FAILED **
The following build commands failed:
Building workspace ZendeskSDKLogger with scheme ZendeskSDKLogger
(1 failure)
BUILD FAILURE 6.4 tvOS