The Swift Package Index logo.Swift Package Index

Build Information

Failed to build AwaitlessKit, reference main (378448), with Swift 6.2 for Wasm on 31 Aug 2026 10:41:55 UTC.

Build Command

bash -c docker run --pull=always --rm -v "checkouts-54344849-0":/host -w "$PWD" -e JAVA_HOME="/root/.sdkman/candidates/java/current" -e SPI_BUILD="1" -e SPI_PROCESSING="1" registry.gitlab.com/saguaro1/spi-images:wasm-6.2-latest swift build --swift-sdk swift-6.2-RELEASE_wasm 2>&1

Build Log

========================================
RunAll
========================================
Builder version: 5.0.2
Interrupt handler set up.
========================================
Checkout
========================================
Clone URL: https://github.com/bonkey/AwaitlessKit.git
Reference: main
Initialized empty Git repository in /host/spi-builder-workspace/.git/
hint: Using 'master' as the name for the initial branch. This default branch name
hint: is subject to change. To configure the initial branch name to use in all
hint: of your new repositories, which will suppress this warning, call:
hint:
hint: 	git config --global init.defaultBranch <name>
hint:
hint: Names commonly chosen instead of 'master' are 'main', 'trunk' and
hint: 'development'. The just-created branch can be renamed via this command:
hint:
hint: 	git branch -m <name>
From https://github.com/bonkey/AwaitlessKit
 * branch            main       -> FETCH_HEAD
 * [new branch]      main       -> origin/main
HEAD is now at 378448b Bump github.com/pointfreeco/swift-macro-testing from 0.6.5 to 0.7.0 (#47)
Cloned https://github.com/bonkey/AwaitlessKit.git
Revision (git rev-parse @):
378448b2d20457d75f5e18f79f64e9687bd6fcbc
SPI manifest file found: $PWD/.spi.yml
SUCCESS checkout https://github.com/bonkey/AwaitlessKit.git at main
========================================
Build
========================================
Selected platform:         wasm
Swift version:             6.2
Building package at path:  $PWD
https://github.com/bonkey/AwaitlessKit.git
Running build ...
bash -c docker run --pull=always --rm -v "checkouts-54344849-0":/host -w "$PWD" -e JAVA_HOME="/root/.sdkman/candidates/java/current" -e SPI_BUILD="1" -e SPI_PROCESSING="1" registry.gitlab.com/saguaro1/spi-images:wasm-6.2-latest swift build --swift-sdk swift-6.2-RELEASE_wasm 2>&1
wasm-6.2-latest: Pulling from saguaro1/spi-images
Digest: sha256:70428a4f4110aef5b17a27427e965f31cf3855e8cf1dfdc416ed61c780337965
Status: Image is up to date for registry.gitlab.com/saguaro1/spi-images:wasm-6.2-latest
Fetching https://github.com/pointfreeco/swift-macro-testing.git
Fetching https://github.com/swiftlang/swift-syntax.git
Fetching https://github.com/mxcl/PromiseKit.git
[1/1002] Fetching swift-macro-testing
[1003/18246] Fetching swift-macro-testing, promisekit
[12729/97596] Fetching swift-macro-testing, promisekit, swift-syntax
Fetched https://github.com/mxcl/PromiseKit.git from cache (1.50s)
[13698/80352] Fetching swift-macro-testing, swift-syntax
Fetched https://github.com/pointfreeco/swift-macro-testing.git from cache (3.52s)
Fetched https://github.com/swiftlang/swift-syntax.git from cache (3.54s)
Computing version for https://github.com/swiftlang/swift-syntax.git
Computed https://github.com/swiftlang/swift-syntax.git at 600.0.1 (4.50s)
Computing version for https://github.com/pointfreeco/swift-macro-testing.git
Computed https://github.com/pointfreeco/swift-macro-testing.git at 0.7.0 (0.15s)
Fetching https://github.com/pointfreeco/swift-snapshot-testing
[1/16392] Fetching swift-snapshot-testing
Fetched https://github.com/pointfreeco/swift-snapshot-testing from cache (3.24s)
Computing version for https://github.com/mxcl/PromiseKit.git
Computed https://github.com/mxcl/PromiseKit.git at 8.2.0 (3.43s)
Computing version for https://github.com/pointfreeco/swift-snapshot-testing
Computed https://github.com/pointfreeco/swift-snapshot-testing at 1.19.4 (0.15s)
Fetching https://github.com/pointfreeco/swift-custom-dump
[1/5701] Fetching swift-custom-dump
Fetched https://github.com/pointfreeco/swift-custom-dump from cache (1.49s)
Computing version for https://github.com/pointfreeco/swift-custom-dump
Computed https://github.com/pointfreeco/swift-custom-dump at 1.7.3 (1.66s)
Fetching https://github.com/pointfreeco/xctest-dynamic-overlay
[1/2727] Fetching xctest-dynamic-overlay
Fetched https://github.com/pointfreeco/xctest-dynamic-overlay from cache (0.75s)
Computing version for https://github.com/pointfreeco/xctest-dynamic-overlay
Computed https://github.com/pointfreeco/xctest-dynamic-overlay at 1.13.1 (1.66s)
Creating working copy for https://github.com/pointfreeco/swift-snapshot-testing
Working copy of https://github.com/pointfreeco/swift-snapshot-testing resolved at 1.19.4
Creating working copy for https://github.com/swiftlang/swift-syntax.git
Working copy of https://github.com/swiftlang/swift-syntax.git resolved at 600.0.1
Creating working copy for https://github.com/pointfreeco/swift-macro-testing.git
Working copy of https://github.com/pointfreeco/swift-macro-testing.git resolved at 0.7.0
Creating working copy for https://github.com/pointfreeco/swift-custom-dump
Working copy of https://github.com/pointfreeco/swift-custom-dump resolved at 1.7.3
Creating working copy for https://github.com/pointfreeco/xctest-dynamic-overlay
Working copy of https://github.com/pointfreeco/xctest-dynamic-overlay resolved at 1.13.1
Creating working copy for https://github.com/mxcl/PromiseKit.git
Working copy of https://github.com/mxcl/PromiseKit.git resolved at 8.2.0
Downloading package prebuilt https://download.swift.org/prebuilts/swift-syntax/600.0.1/swift-6.2-RELEASE-MacroSupport-ubuntu_jammy_x86_64.tar.gz
Downloaded https://download.swift.org/prebuilts/swift-syntax/600.0.1/swift-6.2-RELEASE-MacroSupport-ubuntu_jammy_x86_64.tar.gz (0.27s)
Building for debugging...
[0/29] Write sources
[0/29] Copying PrivacyInfo.xcprivacy
[0/29] Write sources
[4/29] Copying PrivacyInfo.xcprivacy
[13/29] Write swift-version-24593BA9C3E375BF.txt
[15/77] Emitting module AwaitlessCore
error: emit-module command failed with exit code 1 (use -v to see invocation)
[16/77] Emitting module PromiseKit
/host/spi-builder-workspace/.build/checkouts/PromiseKit/Sources/Box.swift:1:8: error: no such module 'Dispatch'
  1 | import Dispatch
    |        `- error: no such module 'Dispatch'
  2 |
  3 | enum Sealant<R> {
[18/81] Compiling PromiseKit Async.swift
[19/81] Compiling PromiseKit Box.swift
[20/81] Compiling PromiseKit Catchable.swift
[21/81] Compiling AwaitlessCore AwaitlessableExtensionGeneration.swift
[22/81] Compiling AwaitlessCore AwaitlessSynchronizationStrategy.swift
[23/81] Compiling PromiseKit when.swift
/host/spi-builder-workspace/.build/checkouts/PromiseKit/Sources/Box.swift:1:8: error: no such module 'Dispatch'
  1 | import Dispatch
    |        `- error: no such module 'Dispatch'
  2 |
  3 | enum Sealant<R> {
[24/81] Compiling PromiseKit resource_bundle_accessor.swift
/host/spi-builder-workspace/.build/checkouts/PromiseKit/Sources/Box.swift:1:8: error: no such module 'Dispatch'
  1 | import Dispatch
    |        `- error: no such module 'Dispatch'
  2 |
  3 | enum Sealant<R> {
[25/81] Compiling PromiseKit Resolver.swift
/host/spi-builder-workspace/.build/checkouts/PromiseKit/Sources/Box.swift:1:8: error: no such module 'Dispatch'
  1 | import Dispatch
    |        `- error: no such module 'Dispatch'
  2 |
  3 | enum Sealant<R> {
[26/81] Compiling PromiseKit Thenable.swift
/host/spi-builder-workspace/.build/checkouts/PromiseKit/Sources/Box.swift:1:8: error: no such module 'Dispatch'
  1 | import Dispatch
    |        `- error: no such module 'Dispatch'
  2 |
  3 | enum Sealant<R> {
[27/81] Compiling PromiseKit LogEvent.swift
/host/spi-builder-workspace/.build/checkouts/PromiseKit/Sources/Box.swift:1:8: error: no such module 'Dispatch'
  1 | import Dispatch
    |        `- error: no such module 'Dispatch'
  2 |
  3 | enum Sealant<R> {
[28/81] Compiling PromiseKit Promise.swift
/host/spi-builder-workspace/.build/checkouts/PromiseKit/Sources/Box.swift:1:8: error: no such module 'Dispatch'
  1 | import Dispatch
    |        `- error: no such module 'Dispatch'
  2 |
  3 | enum Sealant<R> {
[29/81] Compiling PromiseKit hang.swift
/host/spi-builder-workspace/.build/checkouts/PromiseKit/Sources/Box.swift:1:8: error: no such module 'Dispatch'
  1 | import Dispatch
    |        `- error: no such module 'Dispatch'
  2 |
  3 | enum Sealant<R> {
[30/81] Compiling PromiseKit race.swift
/host/spi-builder-workspace/.build/checkouts/PromiseKit/Sources/Box.swift:1:8: error: no such module 'Dispatch'
  1 | import Dispatch
    |        `- error: no such module 'Dispatch'
  2 |
  3 | enum Sealant<R> {
[31/81] Compiling PromiseKit after.swift
/host/spi-builder-workspace/.build/checkouts/PromiseKit/Sources/Box.swift:1:8: error: no such module 'Dispatch'
  1 | import Dispatch
    |        `- error: no such module 'Dispatch'
  2 |
  3 | enum Sealant<R> {
[32/81] Compiling PromiseKit firstly.swift
/host/spi-builder-workspace/.build/checkouts/PromiseKit/Sources/Box.swift:1:8: error: no such module 'Dispatch'
  1 | import Dispatch
    |        `- error: no such module 'Dispatch'
  2 |
  3 | enum Sealant<R> {
[33/81] Compiling PromiseKit Error.swift
/host/spi-builder-workspace/.build/checkouts/PromiseKit/Sources/Box.swift:1:8: error: no such module 'Dispatch'
  1 | import Dispatch
    |        `- error: no such module 'Dispatch'
  2 |
  3 | enum Sealant<R> {
[34/81] Compiling PromiseKit Guarantee.swift
/host/spi-builder-workspace/.build/checkouts/PromiseKit/Sources/Box.swift:1:8: error: no such module 'Dispatch'
  1 | import Dispatch
    |        `- error: no such module 'Dispatch'
  2 |
  3 | enum Sealant<R> {
/host/spi-builder-workspace/.build/checkouts/PromiseKit/Sources/Box.swift:1:8: error: no such module 'Dispatch'
  1 | import Dispatch
    |        `- error: no such module 'Dispatch'
  2 |
  3 | enum Sealant<R> {
/host/spi-builder-workspace/.build/checkouts/PromiseKit/Sources/Box.swift:1:8: error: no such module 'Dispatch'
  1 | import Dispatch
    |        `- error: no such module 'Dispatch'
  2 |
  3 | enum Sealant<R> {
/host/spi-builder-workspace/.build/checkouts/PromiseKit/Sources/Box.swift:1:8: error: no such module 'Dispatch'
  1 | import Dispatch
    |        `- error: no such module 'Dispatch'
  2 |
  3 | enum Sealant<R> {
[38/81] Compiling PromiseKit Combine.swift
/host/spi-builder-workspace/.build/checkouts/PromiseKit/Sources/Box.swift:1:8: error: no such module 'Dispatch'
  1 | import Dispatch
    |        `- error: no such module 'Dispatch'
  2 |
  3 | enum Sealant<R> {
[39/81] Compiling PromiseKit Configuration.swift
/host/spi-builder-workspace/.build/checkouts/PromiseKit/Sources/Box.swift:1:8: error: no such module 'Dispatch'
  1 | import Dispatch
    |        `- error: no such module 'Dispatch'
  2 |
  3 | enum Sealant<R> {
[40/81] Compiling PromiseKit CustomStringConvertible.swift
/host/spi-builder-workspace/.build/checkouts/PromiseKit/Sources/Box.swift:1:8: error: no such module 'Dispatch'
  1 | import Dispatch
    |        `- error: no such module 'Dispatch'
  2 |
  3 | enum Sealant<R> {
[41/81] Compiling AwaitlessCore AwaitlessAvailability.swift
[42/81] Compiling AwaitlessCore AwaitlessConfigData.swift
BUILD FAILURE 6.2 wasm