Build Information
Failed to build pir-service-example, reference main (87e080), with Swift 6.3 for Android on 4 Oct 2026 06:48:57 UTC.
Build Command
bash -c docker run --pull=always --rm -v "checkouts-54344843-0":/host -w "$PWD" -e JAVA_HOME="/root/.sdkman/candidates/java/current" -e SPI_BUILD="1" -e SPI_PROCESSING="1" registry.gitlab.com/saguaro1/spi-images:android-6.3-latest swift build --swift-sdk aarch64-unknown-linux-android28 2>&1Build Log
========================================
RunAll
========================================
Builder version: 5.1.1
Interrupt handler set up.
========================================
Checkout
========================================
Clone URL: https://github.com/apple/pir-service-example.git
Reference: main
Initialized empty Git repository in /host/spi-builder-workspace/.git/
hint: Using 'master' as the name for the initial branch. This default branch name
hint: is subject to change. To configure the initial branch name to use in all
hint: of your new repositories, which will suppress this warning, call:
hint:
hint: git config --global init.defaultBranch <name>
hint:
hint: Names commonly chosen instead of 'master' are 'main', 'trunk' and
hint: 'development'. The just-created branch can be renamed via this command:
hint:
hint: git branch -m <name>
From https://github.com/apple/pir-service-example
* branch main -> FETCH_HEAD
* [new branch] main -> origin/main
HEAD is now at 87e080a PrivacyPass: make nonce insert the atomic double spend check (#179)
Cloned https://github.com/apple/pir-service-example.git
Revision (git rev-parse @):
87e080a9262c8c9d728c6a20de5baf708fbae1fa
SPI manifest file found: $PWD/.spi.yml
SUCCESS checkout https://github.com/apple/pir-service-example.git at main
========================================
Build
========================================
Selected platform: android
Swift version: 6.3
Building package at path: $PWD
https://github.com/apple/pir-service-example.git
Running build ...
bash -c docker run --pull=always --rm -v "checkouts-54344843-0":/host -w "$PWD" -e JAVA_HOME="/root/.sdkman/candidates/java/current" -e SPI_BUILD="1" -e SPI_PROCESSING="1" registry.gitlab.com/saguaro1/spi-images:android-6.3-latest swift build --swift-sdk aarch64-unknown-linux-android28 2>&1
android-6.3-latest: Pulling from saguaro1/spi-images
Digest: sha256:8ca9e1e6d70fd53f5b05e4f64d92569d697563f7f457a1485802bc9eb2cd1382
Status: Image is up to date for registry.gitlab.com/saguaro1/spi-images:android-6.3-latest
Fetching https://github.com/apple/swift-homomorphic-encryption
[1/5680] Fetching swift-homomorphic-encryption
Fetched https://github.com/apple/swift-homomorphic-encryption from cache (0.55s)
Fetching https://github.com/hummingbird-project/hummingbird-compression
Fetching https://github.com/apple/swift-numerics
Fetching https://github.com/apple/swift-crypto.git
Fetching https://github.com/apple/swift-argument-parser.git
Fetching https://github.com/swiftlang/swift-docc-plugin
Fetching https://github.com/apple/swift-protobuf
[1/1176] Fetching hummingbird-compression
[589/3521] Fetching hummingbird-compression, swift-docc-plugin
[1120/22093] Fetching hummingbird-compression, swift-docc-plugin, swift-crypto
Fetched https://github.com/hummingbird-project/hummingbird-compression from cache (0.40s)
Fetching https://github.com/swift-server/swift-service-lifecycle.git
[608/27575] Fetching swift-docc-plugin, swift-crypto, swift-numerics
[9387/46622] Fetching swift-docc-plugin, swift-crypto, swift-numerics, swift-argument-parser
Fetched https://github.com/apple/swift-numerics from cache (0.55s)
[5727/39964] Fetching swift-docc-plugin, swift-crypto, swift-argument-parser
Fetching https://github.com/apple/swift-asn1.git
[24922/42813] Fetching swift-docc-plugin, swift-crypto, swift-argument-parser, swift-service-lifecycle
[26108/97209] Fetching swift-docc-plugin, swift-crypto, swift-argument-parser, swift-service-lifecycle, swift-protobuf
Fetched https://github.com/swift-server/swift-service-lifecycle.git from cache (0.44s)
Fetching https://github.com/apple/swift-algorithms
[31342/94360] Fetching swift-docc-plugin, swift-crypto, swift-argument-parser, swift-protobuf
[32086/96346] Fetching swift-docc-plugin, swift-crypto, swift-argument-parser, swift-protobuf, swift-asn1
Fetched https://github.com/apple/swift-asn1.git from cache (0.39s)
[35588/94360] Fetching swift-docc-plugin, swift-crypto, swift-argument-parser, swift-protobuf
Fetching https://github.com/apple/swift-log.git
[50845/100519] Fetching swift-docc-plugin, swift-crypto, swift-argument-parser, swift-protobuf, swift-algorithms
[51636/108751] Fetching swift-docc-plugin, swift-crypto, swift-argument-parser, swift-protobuf, swift-algorithms, swift-log
Fetched https://github.com/apple/swift-crypto.git from cache (1.31s)
[36771/90179] Fetching swift-docc-plugin, swift-argument-parser, swift-protobuf, swift-algorithms, swift-log
Fetching https://github.com/hummingbird-project/hummingbird
Fetched https://github.com/apple/swift-algorithms from cache (0.57s)
[45943/84020] Fetching swift-docc-plugin, swift-argument-parser, swift-protobuf, swift-log
Fetched https://github.com/apple/swift-log.git from cache (0.50s)
[38799/75788] Fetching swift-docc-plugin, swift-argument-parser, swift-protobuf
[59471/104621] Fetching swift-docc-plugin, swift-argument-parser, swift-protobuf, hummingbird
Fetched https://github.com/hummingbird-project/hummingbird from cache (0.98s)
[70349/75788] Fetching swift-docc-plugin, swift-argument-parser, swift-protobuf
Fetched https://github.com/swiftlang/swift-docc-plugin from cache (4.88s)
Fetched https://github.com/apple/swift-argument-parser.git from cache (4.89s)
Fetched https://github.com/apple/swift-protobuf from cache (4.92s)
Computing version for https://github.com/apple/swift-protobuf
Computed https://github.com/apple/swift-protobuf at 1.38.1 (5.13s)
Computing version for https://github.com/apple/swift-algorithms
Computed https://github.com/apple/swift-algorithms at 1.2.1 (1.32s)
Computing version for https://github.com/hummingbird-project/hummingbird-compression
Computed https://github.com/hummingbird-project/hummingbird-compression at 2.1.0 (0.19s)
Fetching https://github.com/apple/swift-nio.git
Fetching https://github.com/adam-fowler/compress-nio.git
[13/643] Fetching compress-nio
[644/86908] Fetching compress-nio, swift-nio
Fetched https://github.com/adam-fowler/compress-nio.git from cache (2.95s)
Fetched https://github.com/apple/swift-nio.git from cache (2.99s)
Computing version for https://github.com/hummingbird-project/hummingbird
Computed https://github.com/hummingbird-project/hummingbird at 2.27.0 (3.21s)
Fetching https://github.com/apple/swift-atomics.git
Fetching https://github.com/apple/swift-nio-transport-services.git
Fetching https://github.com/swift-server/async-http-client.git
Fetching https://github.com/apple/swift-collections.git
[1/2867] Fetching swift-nio-transport-services
[374/4752] Fetching swift-nio-transport-services, swift-atomics
Fetched https://github.com/apple/swift-nio-transport-services.git from cache (0.44s)
[1622/1885] Fetching swift-atomics
Fetching https://github.com/apple/swift-async-algorithms.git
Fetched https://github.com/apple/swift-atomics.git from cache (0.50s)
Fetching https://github.com/apple/swift-nio-ssl.git
[1/16407] Fetching async-http-client
[2/44945] Fetching async-http-client, swift-collections
[25541/51744] Fetching async-http-client, swift-collections, swift-async-algorithms
Fetched https://github.com/apple/swift-async-algorithms.git from cache (0.67s)
[39523/44945] Fetching async-http-client, swift-collections
Fetching https://github.com/apple/swift-nio-extras.git
Fetching https://github.com/apple/swift-http-types.git
Fetching https://github.com/apple/swift-distributed-tracing.git
Fetched https://github.com/swift-server/async-http-client.git from cache (1.17s)
[27968/28538] Fetching swift-collections
Fetching https://github.com/apple/swift-metrics.git
[28539/45392] Fetching swift-collections, swift-nio-ssl
[31573/47331] Fetching swift-collections, swift-nio-ssl, swift-http-types
[32046/54024] Fetching swift-collections, swift-nio-ssl, swift-http-types, swift-nio-extras
[33134/57570] Fetching swift-collections, swift-nio-ssl, swift-http-types, swift-nio-extras, swift-metrics
[33831/64061] Fetching swift-collections, swift-nio-ssl, swift-http-types, swift-nio-extras, swift-metrics, swift-distributed-tracing
Fetched https://github.com/apple/swift-http-types.git from cache (0.46s)
[40546/62122] Fetching swift-collections, swift-nio-ssl, swift-nio-extras, swift-metrics, swift-distributed-tracing
Fetching https://github.com/apple/swift-nio-http2.git
Fetched https://github.com/apple/swift-collections.git from cache (1.65s)
[16633/33584] Fetching swift-nio-ssl, swift-nio-extras, swift-metrics, swift-distributed-tracing
Fetching https://github.com/apple/swift-configuration.git
Fetched https://github.com/apple/swift-metrics.git from cache (0.60s)
[18578/30038] Fetching swift-nio-ssl, swift-nio-extras, swift-distributed-tracing
Fetched https://github.com/apple/swift-nio-extras.git from cache (0.72s)
[12390/23345] Fetching swift-nio-ssl, swift-distributed-tracing
Fetched https://github.com/apple/swift-distributed-tracing.git from cache (0.70s)
[6236/16854] Fetching swift-nio-ssl
[16855/20741] Fetching swift-nio-ssl, swift-configuration
[20742/32996] Fetching swift-nio-ssl, swift-configuration, swift-nio-http2
Fetched https://github.com/apple/swift-configuration.git from cache (0.54s)
[17100/29109] Fetching swift-nio-ssl, swift-nio-http2
Fetched https://github.com/apple/swift-nio-ssl.git from cache (1.84s)
[3800/12255] Fetching swift-nio-http2
Fetched https://github.com/apple/swift-nio-http2.git from cache (1.04s)
Computing version for https://github.com/apple/swift-log.git
Computed https://github.com/apple/swift-log.git at 1.15.1 (2.83s)
Computing version for https://github.com/adam-fowler/compress-nio.git
Computed https://github.com/adam-fowler/compress-nio.git at 1.4.2 (0.15s)
Computing version for https://github.com/apple/swift-nio-http2.git
Computed https://github.com/apple/swift-nio-http2.git at 1.46.0 (0.22s)
Computing version for https://github.com/apple/swift-metrics.git
Computed https://github.com/apple/swift-metrics.git at 2.11.0 (0.24s)
Computing version for https://github.com/apple/swift-configuration.git
Computed https://github.com/apple/swift-configuration.git at 1.2.1 (0.30s)
Fetching https://github.com/apple/swift-system
[1/7104] Fetching swift-system
Fetched https://github.com/apple/swift-system from cache (0.61s)
Computing version for https://github.com/apple/swift-nio-extras.git
Computed https://github.com/apple/swift-nio-extras.git at 1.35.1 (0.97s)
Fetching https://github.com/apple/swift-certificates.git
Fetching https://github.com/apple/swift-http-structured-headers.git
[1/1253] Fetching swift-http-structured-headers
[1254/8860] Fetching swift-http-structured-headers, swift-certificates
Fetched https://github.com/apple/swift-http-structured-headers.git from cache (0.55s)
Fetched https://github.com/apple/swift-certificates.git from cache (0.55s)
Computing version for https://github.com/apple/swift-atomics.git
Computed https://github.com/apple/swift-atomics.git at 1.3.1 (0.71s)
Computing version for https://github.com/apple/swift-distributed-tracing.git
Computed https://github.com/apple/swift-distributed-tracing.git at 1.5.0 (0.16s)
Fetching https://github.com/apple/swift-service-context.git
[1/1436] Fetching swift-service-context
Fetched https://github.com/apple/swift-service-context.git from cache (0.40s)
Computing version for https://github.com/apple/swift-service-context.git
Computed https://github.com/apple/swift-service-context.git at 1.3.0 (0.56s)
Computing version for https://github.com/apple/swift-numerics
Computed https://github.com/apple/swift-numerics at 1.1.1 (0.14s)
Computing version for https://github.com/swift-server/swift-service-lifecycle.git
Computed https://github.com/swift-server/swift-service-lifecycle.git at 2.12.0 (0.15s)
Computing version for https://github.com/apple/swift-async-algorithms.git
Computed https://github.com/apple/swift-async-algorithms.git at 1.1.7 (0.19s)
Computing version for https://github.com/apple/swift-collections.git
Computed https://github.com/apple/swift-collections.git at 1.7.1 (0.25s)
Computing version for https://github.com/apple/swift-nio.git
Computed https://github.com/apple/swift-nio.git at 2.103.0 (0.28s)
Computing version for https://github.com/apple/swift-http-types.git
Computed https://github.com/apple/swift-http-types.git at 1.8.0 (0.21s)
Computing version for https://github.com/apple/swift-http-structured-headers.git
Computed https://github.com/apple/swift-http-structured-headers.git at 1.7.0 (0.15s)
Computing version for https://github.com/apple/swift-asn1.git
Computed https://github.com/apple/swift-asn1.git at 1.7.3 (0.19s)
Computing version for https://github.com/apple/swift-nio-ssl.git
Computed https://github.com/apple/swift-nio-ssl.git at 2.37.5 (0.19s)
Computing version for https://github.com/swiftlang/swift-docc-plugin
Computed https://github.com/swiftlang/swift-docc-plugin at 1.5.0 (0.19s)
Fetching https://github.com/swiftlang/swift-docc-symbolkit
[1/3833] Fetching swift-docc-symbolkit
Fetched https://github.com/swiftlang/swift-docc-symbolkit from cache (0.53s)
Computing version for https://github.com/swiftlang/swift-docc-symbolkit
Computed https://github.com/swiftlang/swift-docc-symbolkit at 1.0.0 (0.74s)
Computing version for https://github.com/apple/swift-nio-transport-services.git
Computed https://github.com/apple/swift-nio-transport-services.git at 1.28.0 (0.16s)
Computing version for https://github.com/swift-server/async-http-client.git
Computed https://github.com/swift-server/async-http-client.git at 1.36.2 (0.17s)
Computing version for https://github.com/apple/swift-certificates.git
Computed https://github.com/apple/swift-certificates.git at 1.21.0 (0.22s)
Computing version for https://github.com/apple/swift-crypto.git
Computed https://github.com/apple/swift-crypto.git at 3.15.1 (0.23s)
Computing version for https://github.com/apple/swift-system
Computed https://github.com/apple/swift-system at 1.8.1 (0.18s)
Computing version for https://github.com/apple/swift-argument-parser.git
Computed https://github.com/apple/swift-argument-parser.git at 1.8.2 (0.16s)
Creating working copy for https://github.com/apple/swift-nio.git
Working copy of https://github.com/apple/swift-nio.git resolved at 2.103.0
Creating working copy for https://github.com/apple/swift-homomorphic-encryption
Working copy of https://github.com/apple/swift-homomorphic-encryption resolved at release/1.1 (a791290)
Creating working copy for https://github.com/apple/swift-atomics.git
Working copy of https://github.com/apple/swift-atomics.git resolved at 1.3.1
Creating working copy for https://github.com/apple/swift-algorithms
Working copy of https://github.com/apple/swift-algorithms resolved at 1.2.1
Creating working copy for https://github.com/apple/swift-system
Working copy of https://github.com/apple/swift-system resolved at 1.8.1
Creating working copy for https://github.com/apple/swift-nio-extras.git
Working copy of https://github.com/apple/swift-nio-extras.git resolved at 1.35.1
Creating working copy for https://github.com/apple/swift-crypto.git
Working copy of https://github.com/apple/swift-crypto.git resolved at 3.15.1
Creating working copy for https://github.com/apple/swift-async-algorithms.git
Working copy of https://github.com/apple/swift-async-algorithms.git resolved at 1.1.7
Creating working copy for https://github.com/apple/swift-numerics
Working copy of https://github.com/apple/swift-numerics resolved at 1.1.1
Creating working copy for https://github.com/apple/swift-nio-transport-services.git
Working copy of https://github.com/apple/swift-nio-transport-services.git resolved at 1.28.0
Creating working copy for https://github.com/apple/swift-metrics.git
Working copy of https://github.com/apple/swift-metrics.git resolved at 2.11.0
Creating working copy for https://github.com/apple/swift-log.git
Working copy of https://github.com/apple/swift-log.git resolved at 1.15.1
Creating working copy for https://github.com/swift-server/async-http-client.git
Working copy of https://github.com/swift-server/async-http-client.git resolved at 1.36.2
Creating working copy for https://github.com/apple/swift-distributed-tracing.git
Working copy of https://github.com/apple/swift-distributed-tracing.git resolved at 1.5.0
Creating working copy for https://github.com/apple/swift-argument-parser.git
Working copy of https://github.com/apple/swift-argument-parser.git resolved at 1.8.2
Creating working copy for https://github.com/apple/swift-http-types.git
Working copy of https://github.com/apple/swift-http-types.git resolved at 1.8.0
Creating working copy for https://github.com/apple/swift-nio-ssl.git
Working copy of https://github.com/apple/swift-nio-ssl.git resolved at 2.37.5
Creating working copy for https://github.com/apple/swift-certificates.git
Working copy of https://github.com/apple/swift-certificates.git resolved at 1.21.0
Creating working copy for https://github.com/swiftlang/swift-docc-symbolkit
Working copy of https://github.com/swiftlang/swift-docc-symbolkit resolved at 1.0.0
Creating working copy for https://github.com/hummingbird-project/hummingbird
Working copy of https://github.com/hummingbird-project/hummingbird resolved at 2.27.0
Creating working copy for https://github.com/swiftlang/swift-docc-plugin
Working copy of https://github.com/swiftlang/swift-docc-plugin resolved at 1.5.0
Creating working copy for https://github.com/apple/swift-nio-http2.git
Working copy of https://github.com/apple/swift-nio-http2.git resolved at 1.46.0
Creating working copy for https://github.com/adam-fowler/compress-nio.git
Working copy of https://github.com/adam-fowler/compress-nio.git resolved at 1.4.2
Creating working copy for https://github.com/apple/swift-configuration.git
Working copy of https://github.com/apple/swift-configuration.git resolved at 1.2.1
Creating working copy for https://github.com/apple/swift-service-context.git
Working copy of https://github.com/apple/swift-service-context.git resolved at 1.3.0
Creating working copy for https://github.com/apple/swift-asn1.git
Working copy of https://github.com/apple/swift-asn1.git resolved at 1.7.3
Creating working copy for https://github.com/hummingbird-project/hummingbird-compression
Working copy of https://github.com/hummingbird-project/hummingbird-compression resolved at 2.1.0
Creating working copy for https://github.com/swift-server/swift-service-lifecycle.git
Working copy of https://github.com/swift-server/swift-service-lifecycle.git resolved at 2.12.0
Creating working copy for https://github.com/apple/swift-http-structured-headers.git
Working copy of https://github.com/apple/swift-http-structured-headers.git resolved at 1.7.0
Creating working copy for https://github.com/apple/swift-collections.git
Working copy of https://github.com/apple/swift-collections.git resolved at 1.7.1
Creating working copy for https://github.com/apple/swift-protobuf
Working copy of https://github.com/apple/swift-protobuf resolved at 1.38.1
[1/1] Compiling plugin Swift-DocC Preview
[2/2] Compiling plugin Swift-DocC
[3/3] Compiling plugin SwiftProtobufPlugin
[4/4] Compiling plugin GenerateManual
[5/5] Compiling plugin GenerateDoccReference
Building for debugging...
[5/925] Compiling a_d2i_fp.cc
[6/925] Compiling a_i2d_fp.cc
[7/925] Compiling _NumericsShims _NumericsShims.c
[8/925] Compiling aes.cc
[9/925] Write sources
[11/925] Write swift-version-272D24FF697CF451.txt
[12/925] Write sources
[15/925] Compiling a_dup.cc
[16/925] Compiling _AtomicsShims.c
[17/925] Write sources
[21/934] Compiling a_bitstr.cc
[22/934] Write sources
[24/935] Compiling a_bool.cc
[25/935] Write sources
[28/983] Compiling a_gentm.cc
[29/1001] Compiling a_int.cc
[31/1014] Emitting module Util
[31/1038] Write sources
[34/1049] Emitting module _NIOBase64
[34/1049] Write sources
[36/1049] Emitting module ServiceContextModule
[36/1049] Write sources
[60/1052] Emitting module _NIODataStructures
[61/1052] Compiling Util Platform.swift
[62/1052] Compiling RealModule AlgebraicField.swift
[63/1052] Compiling ModularArithmetic Scalar.swift
[64/1052] Compiling ModularArithmetic Modulus.swift
[65/1052] Compiling RealModule ApproximateEquality.swift
[66/1052] Emitting module ModularArithmetic
[67/1054] Write sources
[69/1054] Compiling RealModule Real.swift
[70/1054] Emitting module RealModule
[71/1054] Compiling RealModule Float16+Real.swift
[72/1054] Compiling RealModule ElementaryFunctions.swift
[73/1054] Compiling RealModule Float+Real.swift
[74/1054] Compiling RealModule AugmentedArithmetic.swift
[75/1054] Compiling RealModule Double+Real.swift
[76/1054] Compiling RealModule RelaxedArithmetic.swift
[77/1054] Compiling _NIOBase64 Base64.swift
[77/1055] Wrapping AST for ModularArithmetic for debugging
[80/1055] Compiling ServiceContextModule ServiceContextKey.swift
[81/1055] Compiling ServiceContextModule ServiceContext.swift
[81/1056] Write sources
[83/1067] Compiling _NIODataStructures _TinyArray.swift
[84/1067] Compiling _NIODataStructures Heap.swift
[85/1067] Compiling _NIODataStructures PriorityQueue.swift
[86/1067] Compiling Util OperatingSystem.swift
[87/1068] Compiling RealModule RealFunctions.swift
[88/1068] Compiling RealModule Float80+Real.swift
[92/1098] Wrapping AST for _NIOBase64 for debugging
[93/1098] Wrapping AST for ServiceContextModule for debugging
[94/1098] Write sources
[95/1098] Wrapping AST for RealModule for debugging
[96/1098] Write sources
[100/1098] Wrapping AST for _NIODataStructures for debugging
[101/1098] Write sources
[110/1104] Compiling InternalCollectionsUtilities Iterable+CopyContents.swift
[111/1104] Compiling InternalCollectionsUtilities Iterable+Equality.swift
[112/1104] Compiling InternalCollectionsUtilities LifetimeOverride.swift
[113/1104] Compiling InternalCollectionsUtilities MutableRef.swift
[113/1107] Wrapping AST for Util for debugging
[115/1107] Compiling Logging LoggingSystem.swift
[115/1108] Write sources
[119/1118] Compiling Logging Logger+With.swift
[120/1123] Compiling InternalCollectionsUtilities UnsafeMutablePointer+Extras.swift
[121/1123] Compiling InternalCollectionsUtilities UnsafeMutableRawBufferPointer+Extras.swift
[122/1123] Compiling InternalCollectionsUtilities UnsafePointer+Extras.swift
[123/1125] Compiling Instrumentation NoOpInstrument.swift
[124/1126] Compiling Instrumentation MultiplexInstrument.swift
[125/1126] Compiling Logging Logger.swift
[126/1126] Compiling HTTPTypes HTTPField.swift
[127/1126] Compiling HTTPTypes HTTPFieldName.swift
[128/1126] Compiling HTTPTypes HTTP2ErrorCode.swift
[129/1126] Compiling HTTPTypes HTTP3ErrorCode.swift
[130/1126] Compiling InternalCollectionsUtilities FixedWidthInteger+roundUpToPowerOfTwo.swift
[131/1126] Compiling InternalCollectionsUtilities Integer rank.swift
[132/1126] Compiling InternalCollectionsUtilities UInt+first and last set bit.swift
[133/1126] Compiling InternalCollectionsUtilities UInt+reversed.swift
[134/1126] Compiling InternalCollectionsUtilities UnsafeRawBufferPointer+Extras.swift
[135/1126] Compiling InternalCollectionsUtilities _SortedCollection.swift
[136/1126] Compiling InternalCollectionsUtilities _UniqueCollection.swift
[137/1126] Emitting module Instrumentation
[138/1126] Compiling CoreMetrics WithMetricsFactory.swift
[139/1126] Compiling InternalCollectionsUtilities _UnsafeBitSet+_Word.swift
[140/1126] Compiling InternalCollectionsUtilities _UnsafeBitSet.swift
[141/1126] Compiling InternalCollectionsUtilities UnsafeBufferPointer+Extras.swift
[142/1126] Compiling InternalCollectionsUtilities UnsafeMutableBufferPointer+Extras.swift
[143/1126] Compiling ConcurrencyHelpers LockedValueBox.swift
[144/1126] Compiling InternalCollectionsUtilities MutableSpan+Extras.swift
[145/1126] Compiling InternalCollectionsUtilities OutputSpan+Extras.swift
[146/1126] Compiling InternalCollectionsUtilities RandomAccessCollection+Offsets.swift
[147/1126] Compiling InternalCollectionsUtilities Span+Extras.swift
[148/1126] Compiling InternalCollectionsUtilities Strideable+LimitHelpers.swift
[149/1126] Compiling InternalCollectionsUtilities String+Padding.swift
[150/1126] Compiling InternalCollectionsUtilities TemporaryAllocation.swift
[151/1126] Compiling InternalCollectionsUtilities _UnsafeBitSet+Index.swift
[154/1127] Emitting module HTTPTypes
[160/1129] Emitting module CoreMetrics
[161/1129] Compiling HTTPTypes HTTPRequest.swift
[168/1129] Compiling SwiftASN1 DER.swift
[169/1129] Compiling SwiftASN1 Errors.swift
[170/1129] Emitting module InternalCollectionsUtilities
[172/1130] Compiling HTTPTypes HTTPFields.swift
[173/1134] Compiling SpanPreview OutputSpan+InputSpanHelpers.swift
[174/1134] Compiling SpanPreview MutableSpan+InputSpanHelpers.swift
[175/1134] Compiling SpanPreview InputSpan.swift
[176/1134] Emitting module SpanPreview
[177/1135] Compiling HTTPTypes HTTPResponse.swift
[179/1184] Compiling CoreMetrics MappingMetricsFactory.swift
[180/1184] Compiling CoreMetrics Metrics.swift
[181/1192] Compiling OrderedCollections _HashTable+Testing.swift
[182/1192] Compiling OrderedCollections _HashTable+UnsafeHandle.swift
[183/1192] Compiling Logging Logger+Attributes.swift
[184/1192] Compiling OrderedCollections _HashTable+Constants.swift
[185/1192] Compiling OrderedCollections _HashTable+CustomStringConvertible.swift
[186/1192] Compiling Logging MetadataProvider.swift
[187/1192] Compiling Instrumentation Locks.swift
[188/1192] Compiling Instrumentation InstrumentationSystem.swift
[189/1192] Compiling Instrumentation Instrument.swift
[190/1192] Emitting module Logging
[191/1192] Compiling OrderedCollections _HashTable+Bucket.swift
[192/1192] Compiling OrderedCollections _HashTable+BucketIterator.swift
[193/1194] Emitting module ConcurrencyHelpers
[194/1194] Compiling HTTPTypes HTTPParsedFields.swift
[195/1194] Compiling HTTPTypes HTTPFieldValue.swift
[196/1194] Compiling HTTPTypes HTTPRequest+URL.swift
[197/1194] Compiling ConcurrencyHelpers Lock.swift
[202/1196] Compiling OrderedCollections _HashTable.swift
[203/1196] Compiling OrderedCollections _Hashtable+Header.swift
[204/1196] Compiling OrderedCollections OrderedDictionary+Elements.SubSequence.swift
[206/1196] Compiling OrderedCollections OrderedDictionary+Elements.swift
[207/1196] Compiling CoreMetrics Locks.swift
[209/1204] Wrapping AST for SpanPreview for debugging
[211/1244] Wrapping AST for Logging for debugging
[213/1244] Compiling DequeModule UniqueDeque+Initializers.swift
[214/1244] Compiling DequeModule UniqueDeque+Insertions.swift
[215/1244] Compiling DequeModule UniqueDeque+Iterable.swift
[216/1244] Compiling DequeModule UniqueDeque+Prepend.swift
[217/1244] Compiling DequeModule UniqueDeque+Removals.swift
[217/1249] Wrapping AST for InternalCollectionsUtilities for debugging
[218/1257] Wrapping AST for Instrumentation for debugging
[219/1257] Wrapping AST for HTTPTypes for debugging
[221/1257] Compiling Tracing NoOpTracer.swift
[222/1257] Compiling Tracing InstrumentationSystem+Tracing.swift
[222/1258] Wrapping AST for CoreMetrics for debugging
[224/1258] Compiling Tracing WithTracer.swift
[224/1258] Wrapping AST for ConcurrencyHelpers for debugging
[225/1258] Write sources
[226/1258] Compiling CUtil zeroize.c
[228/1258] Compiling DequeModule UniqueDeque+Consumption.swift
[229/1258] Compiling DequeModule UniqueDeque+ContainerOperations.swift
[230/1258] Compiling DequeModule UniqueDeque+Deprecations.swift
[231/1258] Compiling DequeModule UniqueDeque+Descriptions.swift
[232/1258] Compiling DequeModule UniqueDeque+Equatable.swift
[233/1258] Compiling DequeModule UniqueDeque+Hashable.swift
[234/1258] Compiling DequeModule Deque+Codable.swift
[235/1258] Compiling DequeModule Deque+Collection.swift
[236/1258] Compiling DequeModule Deque+CustomReflectable.swift
[237/1258] Compiling DequeModule Deque+Descriptions.swift
[238/1258] Compiling DequeModule Deque+Equatable.swift
[239/1258] Compiling DequeModule Deque+ExpressibleByArrayLiteral.swift
[241/1267] Compiling DequeModule UniqueDeque+Replacements.swift
[242/1267] Compiling DequeModule UniqueDeque.swift
[243/1267] Compiling DequeModule _DequeSlot.swift
[244/1267] Compiling DequeModule _UnsafeDequeHandle.swift
[245/1267] Compiling DequeModule _UnsafeDequeSegments.swift
[246/1267] Compiling OrderedCollections OrderedSet+Partial SetAlgebra isStrictSuperset.swift
[247/1267] Compiling OrderedCollections OrderedSet+Partial SetAlgebra isSubset.swift
[248/1267] Compiling OrderedCollections OrderedSet+Partial SetAlgebra isSuperset.swift
[249/1267] Compiling OrderedCollections OrderedSet+Partial SetAlgebra subtract.swift
[250/1267] Compiling OrderedCollections OrderedSet+Partial SetAlgebra subtracting.swift
[251/1267] Compiling OrderedCollections OrderedSet+Partial SetAlgebra symmetricDifference.swift
[252/1267] Compiling OrderedCollections OrderedSet+Partial SetAlgebra union.swift
[253/1267] Compiling OrderedCollections OrderedSet+Partial SetAlgebra+Basics.swift
[254/1267] Compiling OrderedCollections OrderedSet+RandomAccessCollection.swift
[255/1267] Compiling OrderedCollections OrderedSet+ReserveCapacity.swift
[256/1276] Compiling ComplexModule Complex+Hashable.swift
[257/1276] Compiling ComplexModule Complex+IntegerLiteral.swift
[258/1277] Compiling ComplexModule Scale.swift
[259/1277] Emitting module ComplexModule
[260/1277] Compiling Metrics Metrics.swift
[261/1277] Emitting module Metrics
[262/1277] Emitting module Tracing
[263/1277] Compiling Tracing TracingTime.swift
[265/1278] Compiling ComplexModule Complex+StringConvertible.swift
[266/1278] Compiling OrderedCollections OrderedSet+UnorderedView.swift
[267/1278] Compiling OrderedCollections OrderedSet+UnstableInternals.swift
[268/1278] Compiling OrderedCollections OrderedSet.swift
[269/1278] Compiling OrderedCollections _UnsafeBitset.swift
[270/1278] Compiling SwiftProtobuf Message+JSONArrayAdditions.swift
[271/1278] Compiling SwiftProtobuf Message+JSONArrayAdditions_Data.swift
[272/1278] Compiling SwiftProtobuf Message+TextFormatAdditions.swift
[273/1278] Compiling SwiftProtobuf Message.swift
[274/1278] Compiling SwiftProtobuf MessageExtension.swift
[275/1278] Compiling SwiftProtobuf NameMap.swift
[276/1278] Compiling SwiftProtobuf PathDecoder.swift
[277/1278] Compiling SwiftProtobuf PathVisitor.swift
[278/1286] Compiling DequeModule Deque+Testing.swift
[279/1286] Compiling DequeModule Deque._Storage.swift
[280/1286] Compiling DequeModule Deque._UnsafeHandle.swift
[281/1286] Compiling DequeModule Deque.swift
[282/1286] Compiling DequeModule RigidDeque+Descriptions.swift
[283/1286] Compiling DequeModule RigidDeque+Equatable.swift
[284/1286] Compiling DequeModule RigidDeque+Hashable.swift
[285/1286] Compiling DequeModule RigidDeque+Initializers.swift
[286/1289] Compiling DequeModule _DequeBuffer.swift
[287/1289] Compiling DequeModule _DequeBufferHeader.swift
[288/1289] Compiling DequeModule RigidDeque+Append.swift
[289/1289] Compiling DequeModule RigidDeque+Consumption.swift
[290/1289] Compiling DequeModule RigidDeque+ContainerOperations.swift
[291/1289] Compiling DequeModule RigidDeque+Deprecations.swift
[296/1289] Compiling DequeModule RigidDeque+Insertions.swift
[297/1289] Compiling DequeModule RigidDeque+Iterable.swift
[298/1289] Compiling DequeModule RigidDeque+Prepend.swift
[299/1289] Compiling DequeModule RigidDeque+Removals.swift
[300/1289] Compiling DequeModule RigidDeque+Replacements.swift
[301/1289] Compiling DequeModule RigidDeque+Testing.swift
[302/1289] Compiling DequeModule RigidDeque.swift
[303/1289] Compiling DequeModule UniqueDeque+Append.swift
[304/1289] Compiling Tracing TracerProtocol.swift
[304/1289] Wrapping AST for Metrics for debugging
[306/1289] Compiling ComplexModule Complex+Numeric.swift
[307/1289] Compiling ComplexModule Polar.swift
[308/1289] Compiling Tracing Tracer.swift
[309/1289] Compiling Tracing TracerProtocol+Legacy.swift
[309/1289] Compiling CSystem shims.c
[310/1289] Compiling CNIOWindows shim.c
[312/1289] Emitting module SwiftASN1
[314/1290] Emitting module UnixSignals
[315/1290] Compiling UnixSignals UnixSignal.swift
[316/1291] Compiling UnixSignals UnixSignalsSequence.swift
[317/1295] Compiling ComplexModule Complex.swift
[318/1328] Compiling CNIOWindows WSAStartup.c
[319/1328] Compiling CNIOWASI CNIOWASI.c
[321/1328] Compiling SystemPackage MachPort.swift
[322/1328] Compiling SystemPackage PlatformString.swift
[323/1328] Compiling SystemPackage IOCompletion.swift
[324/1328] Compiling SystemPackage IORequest.swift
[325/1328] Compiling SystemPackage IORing+Util.swift
[326/1328] Compiling SystemPackage IORing.swift
[327/1328] Compiling SystemPackage RawIORequest.swift
[328/1328] Compiling SystemPackage FileFlags.swift
[329/1328] Compiling SystemPackage ErrnoWindows.swift
[330/1328] Compiling SystemPackage FileDescriptor.swift
[331/1328] Compiling SystemPackage FileHelpers.swift
[332/1328] Compiling SystemPackage FileOperations.swift
[333/1328] Compiling SystemPackage FilePath.swift
[334/1328] Compiling SystemPackage RawBuffer.swift
[335/1328] Compiling SystemPackage Syscalls.swift
[336/1328] Compiling SystemPackage WindowsSyscallAdapters.swift
[337/1328] Compiling SystemPackage CInterop.swift
[338/1328] Compiling SystemPackage Constants.swift
[339/1328] Compiling SystemPackage Exports.swift
[340/1328] Compiling SystemPackage Mocking.swift
[341/1328] Compiling SystemPackage Errno.swift
[349/1328] Compiling SystemPackage Stat.swift
[360/1328] Wrapping AST for UnixSignals for debugging
[361/1328] Wrapping AST for SwiftASN1 for debugging
[362/1328] Compiling CNIOPosix event_loop_id.c
[363/1328] Compiling CNIOOpenBSD shim.c
[364/1328] Compiling CNIOLinux liburing_shims.c
[365/1328] Compiling CNIOLinux shim.c
[366/1328] Compiling CNIOLLHTTP c_nio_http.c
[368/1328] Compiling SystemPackage FilePathSyntax.swift
[369/1328] Compiling SystemPackage FilePathTemp.swift
[370/1328] Compiling SystemPackage FilePathParsing.swift
[371/1328] Compiling SystemPackage FilePathString.swift
[377/1334] Compiling SystemPackage FilePathTempPosix.swift
[378/1334] Compiling SystemPackage FilePathTempWindows.swift
[379/1334] Compiling SystemPackage FilePathWindows.swift
[380/1334] Compiling SystemPackage FilePermissions.swift
[381/1334] Compiling SystemPackage Backcompat.swift
[383/1334] Compiling CNIOLLHTTP c_nio_api.c
[384/1334] Compiling CNIOFreeBSD shim.c
[386/1334] Compiling Tracing SpanProtocol.swift
[387/1337] Compiling CNIOExtrasZlib zutil.c
[388/1337] Compiling CNIOLLHTTP c_nio_llhttp.c
[390/1337] Compiling Numerics Numerics.swift
[391/1337] Emitting module Numerics
[391/1337] Compiling CNIOExtrasZlib trees.c
[392/1338] Wrapping AST for ComplexModule for debugging
[394/1338] Compiling CNIOExtrasZlib inftrees.c
[395/1338] Wrapping AST for Tracing for debugging
[397/1338] Compiling SystemPackage FileMode.swift
[398/1338] Compiling SystemPackage FileType.swift
[399/1338] Compiling SystemPackage Identifiers.swift
[401/1338] Compiling SystemPackage SystemString.swift
[402/1338] Compiling SystemPackage Util+StringArray.swift
[403/1338] Compiling SystemPackage Util.swift
[404/1338] Compiling SystemPackage UtilConsumers.swift
[404/1338] Compiling CNIOExtrasZlib deflate.c
[405/1338] Wrapping AST for Numerics for debugging
[406/1338] Compiling CNIOExtrasZlib adler32.c
[407/1338] Compiling CNIOExtrasZlib crc32.c
[408/1338] Compiling CNIODarwin shim.c
[409/1338] Compiling CNIOExtrasZlib inffast.c
[410/1338] Compiling fiat_p256_adx_sqr.S
[411/1338] Compiling fiat_p256_adx_mul.S
[412/1338] Compiling fiat_curve25519_adx_square.S
[413/1338] Compiling CNIOBoringSSLShims shims.c
[414/1338] Compiling fiat_curve25519_adx_mul.S
[415/1338] Compiling CNIOExtrasZlib inflate.c
[417/1338] Compiling SystemPackage FilePathComponentView.swift
[418/1338] Compiling SystemPackage FilePathComponents.swift
[458/1338] Compiling OrderedCollections OrderedSet+Sendable.swift
[459/1338] Compiling OrderedCollections OrderedSet+SubSequence.swift
[460/1338] Compiling OrderedCollections OrderedSet+Testing.swift
[479/1338] Compiling SystemPackage WinSDK+Overlay.swift
[480/1338] Emitting module OrderedCollections
[500/1339] Emitting module SwiftProtobuf
[501/1339] Emitting module SystemPackage
[507/1340] Wrapping AST for SystemPackage for debugging
[508/1340] Wrapping AST for OrderedCollections for debugging
[509/1340] Compiling tls13_client.cc
[511/1340] Emitting module DequeModule
[511/1340] Compiling tls_method.cc
[512/1340] Compiling tls13_enc.cc
[513/1340] Compiling tls_record.cc
[515/1340] Compiling SwiftProtobuf AnyMessageStorage.swift
[516/1340] Compiling SwiftProtobuf AnyUnpackError.swift
[517/1340] Compiling SwiftProtobuf AsyncMessageSequence.swift
[518/1340] Compiling SwiftProtobuf BinaryDecoder.swift
[519/1340] Compiling SwiftProtobuf BinaryDecodingError.swift
[520/1340] Compiling SwiftProtobuf BinaryDecodingOptions.swift
[521/1340] Compiling SwiftProtobuf BinaryDelimited.swift
[522/1340] Compiling SwiftProtobuf BinaryEncoder.swift
[523/1340] Compiling SwiftProtobuf BinaryEncodingError.swift
[524/1340] Compiling SwiftProtobuf BinaryEncodingOptions.swift
[525/1340] Compiling SwiftProtobuf BinaryEncodingSizeVisitor.swift
[526/1340] Compiling SwiftProtobuf BinaryEncodingVisitor.swift
[526/1340] Compiling tls13_server.cc
[527/1340] Compiling ssl_versions.cc
[533/1341] Compiling t1_enc.cc
[535/1341] Compiling tls13_both.cc
[536/1384] Compiling ssl_stat.cc
[537/1384] Wrapping AST for DequeModule for debugging
[539/1384] Emitting module Configuration
[540/1389] Compiling Configuration JSONSnapshot.swift
[541/1389] Compiling Configuration PropertyListSnapshot.swift
[542/1389] Compiling Configuration ReloadingFileProvider.swift
[543/1389] Compiling Configuration ReloadingFileProviderMetrics.swift
[544/1389] Compiling Configuration YAMLSnapshot.swift
[545/1389] Compiling Configuration InMemoryProvider.swift
[545/1389] Compiling ssl_x509.cc
[546/1389] Compiling ssl_transcript.cc
[547/1389] Compiling ssl_session.cc
[549/1389] Compiling Configuration EnvironmentKeyEncoder.swift
[550/1389] Compiling Configuration EnvironmentVariablesProvider.swift
[551/1389] Compiling Configuration CommonProviderFileSystem.swift
[552/1389] Compiling Configuration DirectoryFilesProvider.swift
[553/1389] Compiling Configuration FileProvider.swift
[554/1389] Compiling Configuration FileProviderSnapshot.swift
[554/1389] Compiling ssl_privkey.cc
[555/1389] Compiling ssl_key_share.cc
[556/1389] Compiling ssl_file.cc
[557/1389] Compiling ssl_lib.cc
[559/1389] Compiling Configuration SeparatorKeyEncoder.swift
[560/1389] Compiling Configuration MultiProvider.swift
[561/1389] Compiling Configuration CLIArgumentParser.swift
[562/1389] Compiling Configuration CLISnapshot.swift
[563/1389] Compiling Configuration CommandLineArgumentsProvider.swift
[564/1389] Compiling Configuration EnvironmentFileParser.swift
[565/1389] Compiling Configuration CombineLatestManyStorage.swift
[566/1389] Compiling Configuration AsyncSequences.swift
[567/1389] Compiling Configuration FoundationExtensions.swift
[568/1389] Compiling Configuration Span.swift
[569/1389] Compiling Configuration ConfigBytesFromStringDecoder.swift
[570/1389] Compiling Configuration AccessReporter.swift
[571/1389] Compiling Configuration AccessLogger.swift
[572/1389] Compiling Configuration FileAccessLogger.swift
[573/1389] Compiling Configuration ConfigContext.swift
[574/1389] Compiling Configuration ConfigKey.swift
[575/1389] Compiling Configuration ConfigProvider.swift
[576/1389] Compiling Configuration MutableInMemoryProvider.swift
[577/1389] Compiling Configuration ConfigProvider+Operators.swift
[578/1389] Compiling Configuration KeyMappingProvider.swift
[579/1389] Compiling Configuration SecretsSpecifier.swift
[580/1389] Compiling Configuration AsyncCombineLatestManySequence.swift
[581/1389] Compiling Configuration CombineLatestManyStateMachine.swift
[581/1389] Compiling ssl_asn1.cc
[582/1389] Compiling ssl_cert.cc
[583/1389] Compiling ssl_cipher.cc
[584/1389] Compiling ssl_credential.cc
[585/1389] Compiling ssl_buffer.cc
[586/1389] Compiling ssl_aead_ctx.cc
[587/1389] Compiling s3_lib.cc
[588/1389] Compiling s3_pkt.cc
[589/1389] Compiling s3_both.cc
[591/1389] Compiling Configuration Deprecations.swift
[592/1389] Compiling Configuration ExpressibleByConfigInt.swift
[593/1389] Compiling Configuration ExpressibleByConfigString.swift
[594/1389] Compiling Configuration CLIKeyEncoder.swift
[595/1389] Compiling Configuration ConfigKeyEncoder.swift
[596/1389] Compiling Configuration DotSeparatorKeyDecoder.swift
[597/1389] Compiling Configuration ConfigProviderHelpers.swift
[598/1389] Compiling Configuration ConfigReader+internalHelpers.swift
[599/1389] Compiling Configuration ConfigReader+methods.swift
[600/1389] Compiling Configuration ConfigReader.swift
[601/1389] Compiling Configuration ConfigSnapshotReader+methods.swift
[602/1389] Compiling Configuration ConfigSnapshotReader.swift
[602/1390] Compiling handoff.cc
[604/1390] Compiling handshake_server.cc
[605/1390] Compiling handshake_client.cc
[606/1390] Wrapping AST for Configuration for debugging
[607/1390] Compiling d1_srtp.cc
[608/1390] Compiling handshake.cc
[609/1390] Compiling d1_pkt.cc
[610/1390] Compiling d1_lib.cc
[611/1390] Compiling md5-x86_64-linux.S
[612/1390] Compiling md5-x86_64-apple.S
[613/1390] Compiling extensions.cc
[614/1390] Compiling md5-586-linux.S
[615/1390] Compiling md5-586-apple.S
[616/1390] Compiling chacha20_poly1305_x86_64-linux.S
[617/1390] Compiling chacha20_poly1305_x86_64-apple.S
[618/1390] Compiling chacha20_poly1305_armv8-win.S
[619/1390] Compiling chacha20_poly1305_armv8-linux.S
[620/1390] Compiling encrypted_client_hello.cc
[621/1390] Compiling chacha20_poly1305_armv8-apple.S
[622/1390] Compiling dtls_record.cc
[623/1390] Compiling chacha-x86_64-apple.S
[624/1390] Compiling chacha-x86_64-linux.S
[625/1390] Compiling chacha-x86-linux.S
[626/1390] Compiling dtls_method.cc
[627/1390] Compiling chacha-x86-apple.S
[628/1390] Compiling chacha-armv8-linux.S
[629/1390] Compiling chacha-armv8-win.S
[630/1390] Compiling chacha-armv8-apple.S
[631/1390] Compiling aes128gcmsiv-x86_64-linux.S
[632/1390] Compiling chacha-armv4-linux.S
[633/1390] Compiling aes128gcmsiv-x86_64-apple.S
[634/1390] Compiling x86_64-mont5-linux.S
[635/1390] Compiling x86_64-mont5-apple.S
[636/1390] Compiling x86_64-mont-linux.S
[637/1390] Compiling x86_64-mont-apple.S
[638/1390] Compiling x86-mont-apple.S
[639/1390] Compiling x86-mont-linux.S
[640/1390] Compiling vpaes-x86_64-linux.S
[641/1390] Compiling vpaes-x86_64-apple.S
[642/1390] Compiling vpaes-x86-apple.S
[643/1390] Compiling vpaes-x86-linux.S
[644/1390] Compiling vpaes-armv8-win.S
[645/1390] Compiling vpaes-armv8-linux.S
[646/1390] Compiling vpaes-armv8-apple.S
[647/1390] Compiling sha512-x86_64-linux.S
[648/1390] Compiling sha512-x86_64-apple.S
[649/1390] Compiling vpaes-armv7-linux.S
[650/1390] Compiling sha512-armv8-win.S
[651/1390] Compiling sha512-armv4-linux.S
[652/1390] Compiling sha512-armv8-linux.S
[653/1390] Compiling sha512-armv8-apple.S
[654/1390] Compiling sha512-586-apple.S
[655/1390] Compiling sha512-586-linux.S
[656/1390] Compiling sha256-armv8-win.S
[657/1390] Compiling sha256-x86_64-apple.S
[658/1390] Compiling sha256-x86_64-linux.S
[659/1390] Compiling sha256-armv8-linux.S
[660/1390] Compiling d1_both.cc
[661/1390] Compiling sha256-586-apple.S
[662/1390] Compiling sha256-armv4-linux.S
[663/1390] Compiling sha256-armv8-apple.S
[664/1390] Compiling err_data.cc
[665/1390] Compiling sha256-586-linux.S
[666/1390] Compiling sha1-x86_64-apple.S
[667/1390] Compiling sha1-armv8-apple.S
[668/1390] Compiling sha1-586-linux.S
[669/1390] Compiling sha1-armv8-win.S
[670/1390] Compiling sha1-x86_64-linux.S
[671/1390] Compiling sha1-armv4-large-linux.S
[672/1390] Compiling sha1-586-apple.S
[673/1390] Compiling rsaz-avx2-linux.S
[674/1390] Compiling sha1-armv8-linux.S
[675/1390] Compiling rdrand-x86_64-linux.S
[676/1390] Compiling rsaz-avx2-apple.S
[677/1390] Compiling p256_beeu-armv8-asm-win.S
[678/1390] Compiling rdrand-x86_64-apple.S
[679/1390] Compiling p256_beeu-x86_64-asm-linux.S
[680/1390] Compiling p256_beeu-x86_64-asm-apple.S
[681/1390] Compiling p256_beeu-armv8-asm-linux.S
[682/1390] Compiling p256-x86_64-asm-linux.S
[683/1390] Compiling ghashv8-armv8-win.S
[684/1390] Compiling p256-x86_64-asm-apple.S
[685/1390] Compiling p256-armv8-asm-win.S
[686/1390] Compiling p256_beeu-armv8-asm-apple.S
[687/1390] Compiling p256-armv8-asm-apple.S
[688/1390] Compiling p256-armv8-asm-linux.S
[689/1390] Compiling ghash-x86_64-linux.S
[690/1390] Compiling ghashv8-armv7-linux.S
[691/1390] Compiling ghashv8-armv8-linux.S
[692/1390] Compiling ghashv8-armv8-apple.S
[693/1390] Compiling ghash-x86_64-apple.S
[694/1390] Compiling ghash-x86-apple.S
[695/1390] Compiling ghash-ssse3-x86_64-apple.S
[695/1390] Compiling ghash-x86-linux.S
[697/1390] Compiling bio_ssl.cc
[698/1390] Compiling ghash-ssse3-x86-linux.S
[699/1390] Compiling ghash-ssse3-x86_64-linux.S
[700/1390] Compiling ghash-ssse3-x86-apple.S
[701/1390] Compiling co-586-apple.S
[702/1390] Compiling co-586-linux.S
[703/1390] Compiling ghash-neon-armv8-linux.S
[703/1390] Compiling ghash-neon-armv8-win.S
[705/1390] Compiling ghash-neon-armv8-apple.S
[706/1390] Compiling ghash-armv4-linux.S
[707/1390] Compiling bn-586-linux.S
[708/1390] Compiling armv8-mont-win.S
[709/1390] Compiling bn-armv8-linux.S
[710/1390] Compiling bn-armv8-win.S
[711/1390] Compiling bsaes-armv7-linux.S
[712/1390] Compiling bn-armv8-apple.S
[713/1390] Compiling bn-586-apple.S
[714/1390] Compiling armv8-mont-apple.S
[715/1390] Compiling armv8-mont-linux.S
[716/1390] Compiling aesv8-gcm-armv8-apple.S
[717/1390] Compiling armv4-mont-linux.S
[718/1390] Compiling aesv8-gcm-armv8-win.S
[719/1390] Compiling aesv8-armv8-win.S
[720/1390] Compiling aesv8-armv8-linux.S
[721/1390] Compiling aesni-x86_64-linux.S
[722/1390] Compiling aesv8-armv8-apple.S
[723/1390] Compiling aesv8-gcm-armv8-linux.S
[724/1390] Compiling aesv8-armv7-linux.S
[725/1390] Compiling aesni-x86-linux.S
[726/1390] Compiling aesni-x86_64-apple.S
[727/1390] Compiling aesni-x86-apple.S
[728/1390] Compiling aes-gcm-avx2-x86_64-linux.S
[729/1390] Compiling aesni-gcm-x86_64-apple.S
[730/1390] Compiling aes-gcm-avx10-x86_64-linux.S
[731/1390] Compiling aes-gcm-avx10-x86_64-apple.S
[732/1390] Compiling aesni-gcm-x86_64-linux.S
[733/1390] Compiling aes-gcm-avx2-x86_64-apple.S
[735/1390] Compiling SwiftProtobuf any.pb.swift
[736/1390] Compiling SwiftProtobuf api.pb.swift
[737/1390] Compiling SwiftProtobuf descriptor.pb.swift
[738/1390] Compiling SwiftProtobuf duration.pb.swift
[739/1390] Compiling SwiftProtobuf empty.pb.swift
[740/1390] Compiling SwiftProtobuf field_mask.pb.swift
[741/1390] Compiling SwiftProtobuf source_context.pb.swift
[742/1390] Compiling SwiftProtobuf struct.pb.swift
[743/1390] Compiling SwiftProtobuf timestamp.pb.swift
[744/1390] Compiling SwiftProtobuf type.pb.swift
[745/1390] Compiling SwiftProtobuf wrappers.pb.swift
[746/1391] Compiling x_x509.cc
[747/1391] Compiling x_req.cc
[748/1391] Wrapping AST for SwiftProtobuf for debugging
[749/1391] Compiling x_name.cc
[750/1391] Compiling x_sig.cc
[751/1391] Compiling x_attrib.cc
[752/1391] Compiling x_x509a.cc
[753/1391] Compiling x_val.cc
[754/1391] Compiling x_spki.cc
[755/1391] Compiling x_pubkey.cc
[756/1391] Compiling x_crl.cc
[757/1391] Compiling x509spki.cc
[758/1391] Compiling x_exten.cc
[759/1391] Compiling x_algor.cc
[760/1391] Compiling x_all.cc
[761/1391] Compiling x509rset.cc
[762/1391] Compiling x509name.cc
[763/1391] Compiling x509_vpm.cc
[764/1391] Compiling x509cset.cc
[765/1391] Compiling x509_txt.cc
[766/1391] Compiling x509_vfy.cc
[767/1391] Compiling x509_req.cc
[768/1391] Compiling x509_trs.cc
[769/1391] Compiling x509_v3.cc
[770/1391] Compiling x509_set.cc
[771/1391] Compiling x509_cmp.cc
[772/1391] Compiling x509_d2.cc
[773/1391] Compiling x509_obj.cc
[774/1391] Compiling x509_ext.cc
[775/1391] Compiling v3_utl.cc
[776/1391] Compiling v3_skey.cc
[777/1391] Compiling x509_def.cc
[778/1391] Compiling x509_lu.cc
[779/1391] Compiling x509_att.cc
[780/1391] Compiling x509.cc
[781/1391] Compiling v3_ncons.cc
[782/1391] Compiling v3_ocsp.cc
[783/1391] Compiling v3_pcons.cc
[784/1391] Compiling v3_pmaps.cc
[785/1391] Compiling v3_purp.cc
[786/1391] Compiling v3_info.cc
[787/1391] Compiling v3_prn.cc
[788/1391] Compiling v3_lib.cc
[789/1391] Compiling v3_ia5.cc
[790/1391] Compiling v3_int.cc
[791/1391] Compiling v3_genn.cc
[792/1391] Compiling v3_crld.cc
[793/1391] Compiling v3_extku.cc
[794/1391] Compiling v3_enum.cc
[795/1391] Compiling v3_cpols.cc
[796/1391] Compiling v3_alt.cc
[797/1391] Compiling t_req.cc
[798/1391] Compiling v3_conf.cc
[799/1391] Compiling t_x509a.cc
[800/1391] Compiling v3_bcons.cc
[801/1391] Compiling v3_bitst.cc
[802/1391] Compiling t_crl.cc
[803/1391] Compiling v3_akey.cc
[804/1391] Compiling v3_akeya.cc
[805/1391] Compiling t_x509.cc
[806/1391] Compiling algorithm.cc
[807/1391] Compiling i2d_pr.cc
[808/1391] Compiling name_print.cc
[809/1391] Compiling policy.cc
[810/1391] Compiling rsa_pss.cc
[811/1391] Compiling by_dir.cc
[812/1391] Compiling by_file.cc
[813/1391] Compiling asn1_gen.cc
[814/1391] Compiling a_verify.cc
[815/1391] Compiling a_sign.cc
[816/1391] Compiling thread_none.cc
[817/1391] Compiling thread_win.cc
[818/1391] Compiling thread_pthread.cc
[819/1391] Compiling voprf.cc
[820/1391] Compiling a_digest.cc
[821/1391] Compiling pmbtoken.cc
[822/1391] Compiling trust_token.cc
[823/1391] Compiling sha1.cc
[824/1391] Compiling thread.cc
[825/1391] Compiling stack.cc
[826/1391] Compiling siphash.cc
[827/1391] Compiling sha512.cc
[828/1391] Compiling sha256.cc
[829/1391] Compiling rsa_crypt.cc
[830/1391] Compiling rsa_extra.cc
[831/1391] Compiling windows.cc
[832/1391] Compiling slhdsa.cc
[833/1391] Compiling rsa_print.cc
[834/1391] Compiling spake2plus.cc
[835/1391] Compiling rand.cc
[836/1391] Compiling rc4.cc
[837/1391] Compiling refcount.cc
[838/1391] Compiling trusty.cc
[839/1391] Compiling deterministic.cc
[840/1391] Compiling fork_detect.cc
[841/1391] Compiling urandom.cc
[842/1391] Compiling rsa_asn1.cc
[843/1391] Compiling poly1305_arm_asm.S
[844/1391] Compiling passive.cc
[845/1391] Compiling ios.cc
[846/1391] Compiling getentropy.cc
[847/1391] Compiling pool.cc
[848/1391] Compiling poly1305_vec.cc
[849/1391] Compiling forkunsafe.cc
[850/1391] Compiling pkcs8_x509.cc
[851/1391] Compiling pkcs7_x509.cc
[852/1391] Compiling pkcs7.cc
[853/1391] Compiling poly1305_arm.cc
[854/1391] Compiling poly1305.cc
[855/1391] Compiling pem_x509.cc
[856/1391] Compiling pkcs8.cc
[857/1391] Compiling pem_info.cc
[858/1391] Compiling p5_pbev2.cc
[859/1391] Compiling obj_xref.cc
[860/1391] Compiling pem_xaux.cc
[861/1391] Compiling pem_pkey.cc
[862/1391] Compiling mlkem.cc
[863/1391] Compiling pem_oth.cc
[864/1391] Compiling pem_lib.cc
[865/1391] Compiling pem_pk8.cc
[866/1391] Compiling obj.cc
[867/1391] Compiling md4.cc
[868/1391] Compiling lhash.cc
[869/1391] Compiling poly_rq_mul.S
[870/1391] Compiling fips_shared_support.cc
[871/1391] Compiling mldsa.cc
[872/1391] Compiling pem_all.cc
[873/1391] Compiling md5.cc
[874/1391] Compiling mem.cc
[875/1391] Compiling hrss.cc
[876/1391] Compiling kyber.cc
[877/1391] Compiling scrypt.cc
[878/1391] Compiling ex_data.cc
[879/1391] Compiling pbkdf.cc
[880/1391] Compiling sign.cc
[881/1391] Compiling p_x25519_asn1.cc
[882/1391] Compiling p_x25519.cc
[883/1391] Compiling hpke.cc
[884/1391] Compiling print.cc
[885/1391] Compiling p_ec.cc
[886/1391] Compiling p_rsa_asn1.cc
[887/1391] Compiling p_dsa_asn1.cc
[888/1391] Compiling p_ed25519.cc
[889/1391] Compiling p_rsa.cc
[890/1391] Compiling p_hkdf.cc
[891/1391] Compiling p_ed25519_asn1.cc
[892/1391] Compiling p_dh_asn1.cc
[893/1391] Compiling p_ec_asn1.cc
[894/1391] Compiling evp_asn1.cc
[895/1391] Compiling evp_ctx.cc
[896/1391] Compiling p_dh.cc
[897/1391] Compiling evp.cc
[898/1391] Compiling ecdh.cc
[899/1391] Compiling err.cc
[900/1391] Compiling engine.cc
[901/1391] Compiling digest_extra.cc
[902/1391] Compiling hash_to_curve.cc
[903/1391] Compiling ec_derive.cc
[904/1391] Compiling params.cc
[905/1391] Compiling ecdsa_asn1.cc
[906/1391] Compiling dsa.cc
[907/1391] Compiling dsa_asn1.cc
[908/1391] Compiling x25519-asm-arm.S
[909/1391] Compiling des.cc
[910/1391] Compiling ec_asn1.cc
[911/1391] Compiling curve25519_64_adx.cc
[912/1391] Compiling cpu_intel.cc
[913/1391] Compiling crypto.cc
[914/1391] Compiling cpu_arm_freebsd.cc
[915/1391] Compiling dh_asn1.cc
[916/1391] Compiling spake25519.cc
[917/1391] Compiling cpu_aarch64_sysreg.cc
[918/1391] Compiling cpu_aarch64_openbsd.cc
[919/1391] Compiling cpu_aarch64_fuchsia.cc
[920/1391] Compiling cpu_arm_linux.cc
[921/1391] Compiling cpu_aarch64_apple.cc
[922/1391] Compiling curve25519.cc
[923/1391] Compiling cpu_aarch64_win.cc
[924/1391] Compiling bcm.cc
[925/1391] Compiling e_tls.cc
[926/1391] Compiling e_null.cc
[927/1391] Compiling tls_cbc.cc
[928/1391] Compiling cpu_aarch64_linux.cc
[929/1391] Compiling get_cipher.cc
[930/1391] Compiling conf.cc
[931/1391] Compiling e_rc2.cc
[932/1391] Compiling e_rc4.cc
[933/1391] Compiling e_chacha20poly1305.cc
[934/1391] Compiling e_des.cc
[935/1391] Compiling e_aesctrhmac.cc
[936/1391] Compiling derive_key.cc
[937/1391] Compiling chacha.cc
[938/1391] Compiling e_aesgcmsiv.cc
[939/1391] Compiling unicode.cc
[940/1391] Compiling blake2.cc
[941/1391] Compiling buf.cc
[942/1391] Compiling socket.cc
[943/1391] Compiling ber.cc
[944/1391] Compiling socket_helper.cc
[945/1391] Compiling cbs.cc
[946/1391] Compiling cbb.cc
[947/1391] Compiling asn1_compat.cc
[948/1391] Compiling convert.cc
[949/1391] Compiling printf.cc
[950/1391] Compiling bn_asn1.cc
[951/1391] Compiling hexdump.cc
[952/1391] Compiling errno.cc
[953/1391] Compiling file.cc
[954/1391] Compiling bio.cc
[955/1391] Compiling pair.cc
[956/1391] Compiling base64.cc
[957/1391] Compiling fd.cc
[958/1391] Compiling tasn_fre.cc
[959/1391] Compiling connect.cc
[960/1391] Compiling bio_mem.cc
[961/1391] Compiling tasn_typ.cc
[962/1391] Compiling posix_time.cc
[963/1391] Compiling tasn_new.cc
[964/1391] Compiling tasn_utl.cc
[965/1391] Compiling f_string.cc
[966/1391] Compiling tasn_enc.cc
[967/1391] Compiling asn1_par.cc
[968/1391] Compiling f_int.cc
[969/1391] Compiling asn_pack.cc
[970/1391] Compiling asn1_lib.cc
[971/1391] Compiling tasn_dec.cc
[972/1391] Compiling a_object.cc
[973/1391] Compiling a_utctm.cc
[974/1391] Compiling a_octet.cc
[975/1391] Compiling a_type.cc
[976/1391] Compiling a_time.cc
[977/1391] Compiling a_strex.cc
[978/1391] Compiling a_strnid.cc
[979/1391] Compiling a_dup.cc
[980/1391] Compiling a_int.cc
[981/1391] Compiling a_i2d_fp.cc
[982/1391] Compiling a_mbstr.cc
[983/1391] Compiling fiat_p256_adx_sqr.S
[984/1391] Compiling fiat_p256_adx_mul.S
[985/1391] Compiling fiat_curve25519_adx_square.S
[986/1391] Compiling fiat_curve25519_adx_mul.S
[987/1391] Compiling a_gentm.cc
[988/1391] Compiling md5-x86_64-linux.S
[989/1391] Compiling CCryptoBoringSSLShims shims.c
[990/1391] Compiling md5-x86_64-apple.S
[991/1391] Compiling md5-586-linux.S
[992/1391] Compiling md5-586-apple.S
[993/1391] Compiling chacha20_poly1305_x86_64-linux.S
[994/1391] Compiling a_bitstr.cc
[995/1391] Compiling chacha20_poly1305_x86_64-apple.S
[996/1391] Compiling chacha20_poly1305_armv8-win.S
[997/1391] Compiling chacha20_poly1305_armv8-apple.S
[998/1391] Compiling chacha-x86_64-linux.S
[999/1391] Compiling chacha20_poly1305_armv8-linux.S
[1000/1391] Compiling chacha-x86-linux.S
[1001/1391] Compiling chacha-x86_64-apple.S
[1002/1391] Compiling a_d2i_fp.cc
[1003/1391] Compiling chacha-x86-apple.S
[1004/1391] Compiling chacha-armv8-win.S
[1005/1391] Compiling chacha-armv8-apple.S
[1006/1391] Compiling chacha-armv4-linux.S
[1007/1391] Compiling aes128gcmsiv-x86_64-linux.S
[1008/1391] Compiling chacha-armv8-linux.S
[1009/1391] Compiling aes128gcmsiv-x86_64-apple.S
[1010/1391] Compiling x86_64-mont5-apple.S
[1011/1391] Compiling x86_64-mont5-linux.S
[1012/1391] Compiling x86_64-mont-linux.S
[1013/1391] Compiling x86-mont-linux.S
[1014/1391] Compiling x86_64-mont-apple.S
[1015/1391] Compiling x86-mont-apple.S
[1016/1391] Compiling vpaes-x86_64-linux.S
[1017/1391] Compiling vpaes-x86_64-apple.S
[1018/1391] Compiling vpaes-x86-linux.S
[1019/1391] Compiling vpaes-x86-apple.S
[1020/1391] Compiling vpaes-armv8-win.S
[1021/1391] Compiling vpaes-armv8-linux.S
[1022/1391] Compiling vpaes-armv8-apple.S
[1023/1391] Compiling vpaes-armv7-linux.S
[1024/1391] Compiling sha512-x86_64-apple.S
[1025/1391] Compiling sha512-x86_64-linux.S
[1026/1391] Compiling sha512-armv8-win.S
[1027/1391] Compiling sha512-armv8-linux.S
[1028/1391] Compiling sha512-armv8-apple.S
[1029/1391] Compiling sha256-x86_64-linux.S
[1030/1391] Compiling sha256-x86_64-apple.S
[1031/1391] Compiling sha512-586-linux.S
[1032/1391] Compiling sha512-armv4-linux.S
[1033/1391] Compiling sha512-586-apple.S
[1034/1391] Compiling sha256-armv8-win.S
[1035/1391] Compiling err_data.cc
[1036/1391] Compiling sha256-armv8-apple.S
[1037/1391] Compiling sha256-586-linux.S
[1038/1391] Compiling sha1-x86_64-linux.S
[1039/1391] Compiling sha256-armv8-linux.S
[1039/1391] Compiling sha256-armv4-linux.S
[1041/1391] Compiling sha1-x86_64-apple.S
[1042/1391] Compiling sha1-armv8-win.S
[1043/1391] Compiling sha256-586-apple.S
[1044/1391] Compiling sha1-armv8-apple.S
[1045/1391] Compiling sha1-armv8-linux.S
[1046/1391] Compiling sha1-586-linux.S
[1047/1391] Compiling sha1-armv4-large-linux.S
[1048/1391] Compiling sha1-586-apple.S
[1049/1391] Compiling a_bool.cc
[1050/1391] Compiling rdrand-x86_64-linux.S
[1051/1391] Compiling p256_beeu-x86_64-asm-linux.S
[1052/1391] Compiling rdrand-x86_64-apple.S
[1053/1391] Compiling rsaz-avx2-apple.S
[1054/1391] Compiling rsaz-avx2-linux.S
[1055/1391] Compiling p256_beeu-x86_64-asm-apple.S
[1056/1391] Compiling p256_beeu-armv8-asm-win.S
[1057/1391] Compiling p256-x86_64-asm-apple.S
[1058/1391] Compiling p256_beeu-armv8-asm-linux.S
[1058/1391] Compiling p256-armv8-asm-win.S
[1060/1391] Compiling p256_beeu-armv8-asm-apple.S
[1061/1391] Compiling p256-x86_64-asm-linux.S
[1062/1391] Compiling p256-armv8-asm-linux.S
[1063/1391] Compiling p256-armv8-asm-apple.S
[1064/1391] Compiling ghashv8-armv8-win.S
[1065/1391] Compiling ghashv8-armv8-linux.S
[1066/1391] Compiling ghashv8-armv7-linux.S
[1067/1391] Compiling ghashv8-armv8-apple.S
[1068/1391] Compiling ghash-x86_64-linux.S
[1069/1391] Compiling ghash-x86_64-apple.S
[1070/1391] Compiling ghash-x86-linux.S
[1071/1391] Compiling ghash-ssse3-x86_64-apple.S
[1072/1391] Compiling ghash-ssse3-x86_64-linux.S
[1073/1391] Compiling ghash-x86-apple.S
[1074/1391] Compiling ghash-ssse3-x86-apple.S
[1075/1391] Compiling ghash-ssse3-x86-linux.S
[1076/1391] Compiling ghash-armv4-linux.S
[1077/1391] Compiling ghash-neon-armv8-win.S
[1078/1391] Compiling co-586-linux.S
[1079/1391] Compiling ghash-neon-armv8-linux.S
[1080/1391] Compiling ghash-neon-armv8-apple.S
[1081/1391] Compiling co-586-apple.S
[1082/1391] Compiling bsaes-armv7-linux.S
[1083/1391] Compiling bn-armv8-linux.S
[1084/1391] Compiling bn-armv8-apple.S
[1084/1391] Compiling bn-armv8-win.S
[1086/1391] Compiling bn-586-apple.S
[1087/1391] Compiling bn-586-linux.S
[1088/1391] Compiling armv8-mont-win.S
[1089/1391] Compiling armv4-mont-linux.S
[1090/1391] Compiling armv8-mont-apple.S
[1091/1391] Compiling aesv8-gcm-armv8-win.S
[1092/1391] Compiling armv8-mont-linux.S
[1093/1391] Compiling aesv8-armv8-win.S
[1094/1391] Compiling aesv8-armv8-linux.S
[1095/1391] Compiling aesv8-gcm-armv8-apple.S
[1096/1391] Compiling aesv8-gcm-armv8-linux.S
[1097/1391] Compiling aesv8-armv7-linux.S
[1098/1391] Compiling aesv8-armv8-apple.S
[1099/1391] Compiling aesni-x86_64-linux.S
[1100/1391] Compiling aesni-x86-linux.S
[1101/1391] Compiling aesni-x86_64-apple.S
[1102/1391] Compiling aesni-x86-apple.S
[1103/1391] Compiling aesni-gcm-x86_64-apple.S
[1104/1391] Compiling aesni-gcm-x86_64-linux.S
[1105/1391] Compiling aes-gcm-avx512-x86_64-linux.S
[1106/1391] Compiling aes-gcm-avx2-x86_64-linux.S
[1107/1391] Compiling aes-gcm-avx512-x86_64-apple.S
[1108/1391] Compiling aes-gcm-avx2-x86_64-apple.S
[1109/1391] Compiling xwing.cc
[1110/1391] Compiling x_sig.cc
[1111/1391] Compiling x_req.cc
[1112/1391] Compiling c-nioatomics.c
[1113/1391] Compiling x_spki.cc
[1113/1391] Compiling x_x509.cc
[1113/1391] Compiling x_x509a.cc
[1116/1391] Compiling c-atomics.c
[1117/1398] Compiling x_pubkey.cc
[1119/1398] Compiling NIOConcurrencyHelpers NIOLockedValueBox.swift
[1119/1398] Compiling x_name.cc
[1121/1398] Compiling NIOConcurrencyHelpers NIOLock.swift
[1121/1398] Compiling x_exten.cc
[1123/1398] Compiling NIOConcurrencyHelpers atomics.swift
[1124/1398] Compiling NIOConcurrencyHelpers lock.swift
[1125/1398] Compiling NIOConcurrencyHelpers NIOThreadPoolWorkAvailable.swift
[1126/1398] Compiling NIOConcurrencyHelpers NIOAtomic.swift
[1127/1398] Emitting module NIOConcurrencyHelpers
[1127/1399] Compiling x_attrib.cc
[1129/1399] Compiling x_crl.cc
[1130/1399] Wrapping AST for NIOConcurrencyHelpers for debugging
[1131/1399] Compiling x_all.cc
[1132/1399] Compiling x_algor.cc
[1133/1399] Compiling x509name.cc
[1134/1399] Compiling x509rset.cc
[1135/1399] Compiling x509spki.cc
[1136/1399] Compiling x509_vfy.cc
[1137/1399] Compiling x509cset.cc
[1138/1399] Compiling x509_trs.cc
[1139/1399] Compiling x509_vpm.cc
[1140/1399] Compiling x509_v3.cc
[1141/1399] Compiling x509_txt.cc
[1142/1399] Compiling x509_req.cc
[1143/1399] Compiling x509_set.cc
[1144/1399] Compiling x509_obj.cc
[1145/1399] Compiling x509.cc
[1146/1399] Compiling x509_def.cc
[1147/1399] Compiling v3_utl.cc
[1148/1399] Compiling x509_ext.cc
[1149/1399] Compiling x509_lu.cc
[1150/1399] Compiling v3_purp.cc
[1151/1399] Compiling x509_att.cc
[1152/1399] Compiling x509_d2.cc
[1153/1399] Compiling x509_cmp.cc
[1154/1399] Compiling v3_skey.cc
[1155/1399] Compiling v3_ncons.cc
[1156/1399] Compiling v3_lib.cc
[1157/1399] Compiling v3_prn.cc
[1158/1399] Compiling v3_pmaps.cc
[1159/1399] Compiling v3_ia5.cc
[1160/1399] Compiling v3_genn.cc
[1161/1399] Compiling v3_pcons.cc
[1162/1399] Compiling v3_ocsp.cc
[1163/1399] Compiling v3_info.cc
[1164/1399] Compiling v3_int.cc
[1165/1399] Compiling v3_extku.cc
[1166/1399] Compiling v3_bcons.cc
[1167/1399] Compiling v3_cpols.cc
[1168/1399] Compiling v3_enum.cc
[1169/1399] Compiling v3_crld.cc
[1170/1399] Compiling v3_alt.cc
[1171/1399] Compiling v3_bitst.cc
[1172/1399] Compiling v3_conf.cc
[1173/1399] Compiling rsa_pss.cc
[1174/1399] Compiling v3_akey.cc
[1175/1399] Compiling v3_akeya.cc
[1176/1399] Compiling t_x509a.cc
[1177/1399] Compiling i2d_pr.cc
[1178/1399] Compiling asn1_gen.cc
[1179/1399] Compiling t_crl.cc
[1180/1399] Compiling t_x509.cc
[1181/1399] Compiling t_req.cc
[1182/1399] Compiling policy.cc
[1183/1399] Compiling name_print.cc
[1184/1399] Compiling algorithm.cc
[1185/1399] Compiling by_file.cc
[1186/1399] Compiling by_dir.cc
[1187/1399] Compiling a_verify.cc
[1188/1399] Compiling trust_token.cc
[1189/1399] Compiling pmbtoken.cc
[1190/1399] Compiling thread.cc
[1191/1399] Compiling thread_win.cc
[1192/1399] Compiling spake2plus.cc
[1193/1399] Compiling a_digest.cc
[1194/1399] Compiling a_sign.cc
[1195/1399] Compiling thread_none.cc
[1196/1399] Compiling thread_pthread.cc
[1197/1399] Compiling siphash.cc
[1198/1399] Compiling voprf.cc
[1199/1399] Compiling sha1.cc
[1200/1399] Compiling rsa_extra.cc
[1201/1399] Compiling stack.cc
[1202/1399] Compiling sha512.cc
[1203/1399] Compiling rsa_asn1.cc
[1204/1399] Compiling sha256.cc
[1205/1399] Compiling refcount.cc
[1206/1399] Compiling rsa_print.cc
[1207/1399] Compiling slhdsa.cc
[1208/1399] Compiling windows.cc
[1209/1399] Compiling rsa_crypt.cc
[1210/1399] Compiling rc4.cc
[1211/1399] Compiling trusty.cc
[1212/1399] Compiling rand.cc
[1213/1399] Compiling getentropy.cc
[1214/1399] Compiling urandom.cc
[1215/1399] Compiling poly1305_arm_asm.S
[1216/1399] Compiling ios.cc
[1217/1399] Compiling passive.cc
[1218/1399] Compiling fork_detect.cc
[1219/1399] Compiling forkunsafe.cc
[1220/1399] Compiling deterministic.cc
[1221/1399] Compiling poly1305.cc
[1222/1399] Compiling pool.cc
[1223/1399] Compiling poly1305_vec.cc
[1224/1399] Compiling pkcs7.cc
[1225/1399] Compiling poly1305_arm.cc
[1226/1399] Compiling pem_pk8.cc
[1227/1399] Compiling pkcs8_x509.cc
[1228/1399] Compiling p5_pbev2.cc
[1229/1399] Compiling pem_pkey.cc
[1230/1399] Compiling pkcs7_x509.cc
[1231/1399] Compiling pkcs8.cc
[1232/1399] Compiling pem_xaux.cc
[1233/1399] Compiling pem_x509.cc
[1234/1399] Compiling obj_xref.cc
[1235/1399] Compiling pem_oth.cc
[1236/1399] Compiling pem_info.cc
[1237/1399] Compiling mlkem.cc
[1238/1399] Compiling mldsa.cc
[1239/1399] Compiling pem_lib.cc
[1240/1399] Compiling md5.cc
[1241/1399] Compiling poly_rq_mul.S
[1242/1399] Compiling md4.cc
[1243/1399] Compiling lhash.cc
[1244/1399] Compiling fips_shared_support.cc
[1245/1399] Compiling pem_all.cc
[1246/1399] Compiling mem.cc
[1247/1399] Compiling hrss.cc
[1248/1399] Compiling obj.cc
[1249/1399] Compiling fuzzer_mode.cc
[1250/1399] Compiling hpke.cc
[1251/1399] Compiling ex_data.cc
[1252/1399] Compiling kyber.cc
[1253/1399] Compiling print.cc
[1254/1399] Compiling p_x25519_asn1.cc
[1255/1399] Compiling scrypt.cc
[1256/1399] Compiling pbkdf.cc
[1257/1399] Compiling sign.cc
[1258/1399] Compiling p_ed25519.cc
[1259/1399] Compiling p_x25519.cc
[1260/1399] Compiling p_ec.cc
[1261/1399] Compiling p_rsa.cc
[1262/1399] Compiling p_rsa_asn1.cc
[1263/1399] Compiling p_hkdf.cc
[1264/1399] Compiling p_ed25519_asn1.cc
[1265/1399] Compiling evp_ctx.cc
[1266/1399] Compiling p_dh.cc
[1267/1399] Compiling p_ec_asn1.cc
[1268/1399] Compiling engine.cc
[1269/1399] Compiling err.cc
[1270/1399] Compiling ecdh.cc
[1271/1399] Compiling p_dsa_asn1.cc
[1272/1399] Compiling p_dh_asn1.cc
[1273/1399] Compiling ecdsa_p1363.cc
[1274/1399] Compiling evp.cc
[1275/1399] Compiling hash_to_curve.cc
[1276/1399] Compiling evp_asn1.cc
[1277/1399] Compiling ec_derive.cc
[1278/1399] Compiling ecdsa_asn1.cc
[1279/1399] Compiling ec_asn1.cc
[1280/1399] Compiling dsa.cc
[1281/1399] Compiling dsa_asn1.cc
[1282/1399] Compiling dh_asn1.cc
[1283/1399] Compiling x25519-asm-arm.S
[1284/1399] Compiling curve25519.cc
[1285/1399] Compiling curve25519_64_adx.cc
[1286/1399] Compiling des.cc
[1287/1399] Compiling spake25519.cc
[1288/1399] Compiling digest_extra.cc
[1289/1399] Compiling params.cc
[1290/1399] Compiling cpu_arm_linux.cc
[1291/1399] Compiling cpu_intel.cc
[1292/1399] Compiling cpu_aarch64_linux.cc
[1293/1399] Compiling cpu_aarch64_fuchsia.cc
[1294/1399] Compiling crypto.cc
[1295/1399] Compiling cpu_arm_freebsd.cc
[1296/1399] Compiling cpu_aarch64_win.cc
[1297/1399] Compiling cpu_aarch64_sysreg.cc
[1298/1399] Compiling cpu_aarch64_openbsd.cc
[1299/1399] Compiling cpu_aarch64_apple.cc
[1300/1399] Compiling tls_cbc.cc
[1301/1399] Compiling e_null.cc
[1302/1399] Compiling conf.cc
[1303/1399] Compiling e_rc2.cc
[1304/1399] Compiling get_cipher.cc
[1305/1399] Compiling e_des.cc
[1306/1399] Compiling e_tls.cc
[1307/1399] Compiling cms.cc
[1308/1399] Compiling e_rc4.cc
[1309/1399] Compiling e_aesgcmsiv.cc
[1310/1399] Compiling e_chacha20poly1305.cc
[1311/1399] Compiling e_aeseax.cc
[1312/1399] Compiling chacha.cc
[1313/1399] Compiling derive_key.cc
[1314/1399] Compiling e_aesctrhmac.cc
[1315/1399] Compiling buf.cc
[1316/1399] Compiling unicode.cc
[1317/1399] Compiling sqrt.cc
[1318/1399] Compiling cbs.cc
[1319/1399] Compiling cbb.cc
[1320/1399] Compiling exponentiation.cc
[1321/1399] Compiling convert.cc
[1322/1399] Compiling ber.cc
[1323/1399] Compiling asn1_compat.cc
[1324/1399] Compiling div.cc
[1325/1399] Compiling printf.cc
[1326/1399] Compiling pair.cc
[1327/1399] Compiling bn_asn1.cc
[1328/1399] Compiling blake2.cc
[1329/1399] Compiling errno.cc
[1330/1399] Compiling file.cc
[1331/1399] Compiling hexdump.cc
[1332/1399] Compiling tasn_utl.cc
[1333/1399] Compiling fd.cc
[1334/1399] Compiling bio_mem.cc
[1335/1399] Compiling tasn_enc.cc
[1336/1399] Compiling bio.cc
[1337/1399] Compiling base64.cc
[1338/1399] Compiling tasn_fre.cc
[1339/1399] Compiling tasn_typ.cc
[1340/1399] Compiling tasn_new.cc
[1341/1399] Compiling posix_time.cc
[1342/1399] Compiling f_string.cc
[1343/1399] Compiling f_int.cc
[1344/1399] Compiling asn1_par.cc
[1345/1399] Compiling tasn_dec.cc
[1346/1399] Compiling asn_pack.cc
[1347/1399] Compiling asn1_lib.cc
[1348/1399] Compiling a_utctm.cc
[1349/1399] Compiling a_octet.cc
[1350/1399] Compiling CCompressZlib empty.c
[1351/1399] Compiling CAsyncHTTPClient CAsyncHTTPClient.c
[1352/1399] Write sources
[1354/1417] Compiling a_type.cc
[1355/1417] Write sources
[1356/1417] Compiling a_strex.cc
[1357/1417] Write sources
[1358/1417] Compiling a_time.cc
[1359/1417] Write sources
[1362/1417] Compiling Atomics AtomicStorage.swift
[1363/1417] Compiling Atomics AtomicValue.swift
[1363/1499] Compiling a_strnid.cc
[1365/1499] Compiling AsyncAlgorithms AsyncJoinedBySeparatorSequence.swift
[1366/1499] Compiling AsyncAlgorithms AsyncJoinedSequence.swift
[1367/1499] Compiling AsyncAlgorithms AsyncMapErrorSequence.swift
[1368/1499] Compiling AsyncAlgorithms AsyncRemoveDuplicatesSequence.swift
[1369/1499] Compiling AsyncAlgorithms AsyncShareSequence.swift
[1370/1499] Compiling AsyncAlgorithms AsyncSyncSequence.swift
[1371/1499] Compiling AsyncAlgorithms AsyncThrottleSequence.swift
[1372/1499] Compiling AsyncAlgorithms AsyncThrowingExclusiveReductionsSequence.swift
[1372/1499] Compiling bcm.cc
[1374/1499] Compiling AsyncAlgorithms AsyncAdjacentPairsSequence.swift
[1375/1499] Compiling AsyncAlgorithms AsyncBufferedByteIterator.swift
[1376/1499] Compiling AsyncAlgorithms AsyncChain2Sequence.swift
[1376/1499] Compiling a_object.cc
[1377/1499] Compiling a_mbstr.cc
[1384/1510] Compiling AsyncAlgorithms AsyncThrowingInclusiveReductionsSequence.swift
[1385/1510] Emitting module ArgumentParserToolInfo
[1386/1510] Compiling ArgumentParserToolInfo ToolInfo.swift
[1387/1511] Wrapping AST for ArgumentParserToolInfo for debugging
[1393/1511] Compiling AsyncAlgorithms AsyncTimerSequence.swift
[1394/1511] Compiling AsyncAlgorithms AsyncBufferSequence.swift
[1395/1511] Compiling AsyncAlgorithms BoundedBufferStateMachine.swift
[1396/1511] Compiling AsyncAlgorithms BoundedBufferStorage.swift
[1397/1565] Compiling ArgumentParser ParserError.swift
[1398/1565] Compiling ArgumentParser SplitArguments.swift
[1399/1565] Compiling ArgumentParser DumpHelpGenerator.swift
[1400/1565] Compiling ArgumentParser Mutex.swift
[1401/1565] Compiling ArgumentParser Platform.swift
[1402/1565] Compiling ArgumentParser SequenceExtensions.swift
[1403/1565] Compiling ArgumentParser StringExtensions.swift
[1404/1565] Compiling ArgumentParser Argument.swift
[1405/1565] Compiling ArgumentParser ArgumentDiscussion.swift
[1406/1565] Compiling ArgumentParser ArgumentHelp.swift
[1407/1565] Compiling ArgumentParser ParentCommand.swift
[1408/1565] Compiling ArgumentParser EnumerableFlag.swift
[1409/1565] Compiling ArgumentParser ExpressibleByArgument.swift
[1410/1565] Compiling ArgumentParser ParsableArguments.swift
[1411/1565] Compiling ArgumentParser AsyncParsableCommand.swift
[1412/1565] Compiling ArgumentParser CommandConfiguration.swift
[1413/1565] Compiling ArgumentParser CommandGroup.swift
[1424/1571] Compiling ArgumentParser OptionGroup.swift
[1425/1571] Compiling ArgumentParser Name.swift
[1426/1571] Compiling ArgumentParser Parsed.swift
[1427/1571] Compiling ArgumentParser ParsedValues.swift
[1434/1571] Compiling ArgumentParser ArgumentVisibility.swift
[1435/1571] Compiling ArgumentParser CompletionKind.swift
[1436/1571] Compiling ArgumentParser BashCompletionsGenerator.swift
[1437/1571] Compiling ArgumentParser CompletionsGenerator.swift
[1438/1571] Compiling ArgumentParser FishCompletionsGenerator.swift
[1439/1571] Compiling ArgumentParser ZshCompletionsGenerator.swift
[1444/1571] Emitting module AsyncAlgorithms
[1449/1571] Emitting module ArgumentParser
[1450/1571] Emitting module Atomics
[1461/1571] Compiling ArgumentParser SwiftExtensions.swift
[1462/1571] Compiling ArgumentParser Tree.swift
[1464/1572] Emitting module Algorithms
[1464/1573] Wrapping AST for Atomics for debugging
[1467/1573] Compiling ArgumentParser AsyncCompletionsValidator.swift
[1468/1573] Compiling ArgumentParser CodingKeyValidator.swift
[1469/1573] Compiling ArgumentParser NonsenseFlagsValidator.swift
[1470/1573] Compiling ArgumentParser ParsableArgumentsValidation.swift
[1471/1573] Compiling ArgumentParser PositionalArgumentsValidator.swift
[1472/1573] Compiling ArgumentParser UniqueNamesValidator.swift
[1473/1637] Compiling NIOCore NIOTransportAccessibleChannelCore.swift
[1474/1637] Compiling NIOCore RecvByteBufferAllocator.swift
[1475/1637] Compiling NIOCore AddressedEnvelope.swift
[1476/1637] Compiling NIOCore AsyncAwaitSupport.swift
[1477/1637] Compiling NIOCore AsyncChannel.swift
[1478/1637] Compiling NIOCore AsyncChannelHandler.swift
[1479/1637] Compiling NIOCore AsyncChannelInboundStream.swift
[1480/1637] Compiling NIOCore ByteBuffer-core.swift
[1481/1637] Compiling NIOCore ByteBuffer-hex.swift
[1482/1637] Compiling NIOCore ByteBuffer-int.swift
[1483/1637] Compiling NIOCore ByteBuffer-lengthPrefix.swift
[1484/1637] Compiling NIOCore IPProtocol.swift
[1485/1637] Compiling NIOCore IntegerBitPacking.swift
[1486/1637] Compiling NIOCore IntegerTypes.swift
[1487/1637] Compiling NIOCore ByteBuffer-multi-int.swift
[1488/1637] Compiling NIOCore ByteBuffer-quicBinaryEncodingStrategy.swift
[1489/1637] Compiling NIOCore ByteBuffer-views.swift
[1490/1637] Compiling NIOCore Channel.swift
[1491/1637] Compiling NIOCore ChannelHandler.swift
[1492/1637] Compiling NIOCore ChannelHandlers.swift
[1493/1637] Compiling NIOCore ChannelInvoker.swift
[1494/1637] Compiling NIOCore Interfaces.swift
[1495/1637] Compiling NIOCore Linux.swift
[1496/1637] Compiling NIOCore MarkedCircularBuffer.swift
[1497/1637] Compiling NIOCore MulticastChannel.swift
[1498/1637] Compiling NIOCore NIOAny.swift
[1499/1637] Compiling NIOCore NIOCloseOnErrorHandler.swift
[1500/1637] Compiling NIOCore DispatchQueue+WithFuture.swift
[1501/1637] Compiling NIOCore EventLoop+Deprecated.swift
[1502/1637] Compiling NIOCore EventLoop+SerialExecutor.swift
[1503/1637] Compiling NIOCore EventLoop.swift
[1504/1637] Compiling NIOCore EventLoopFuture+AssumeIsolated.swift
[1505/1637] Compiling NIOCore NIOCoreSendableMetatype.swift
[1506/1637] Compiling NIOCore GlobalSingletons.swift
[1507/1637] Compiling NIOCore IO.swift
[1508/1637] Compiling NIOCore IOData.swift
[1509/1637] Compiling NIOCore CircularBuffer.swift
[1510/1637] Compiling NIOCore Codec.swift
[1511/1637] Compiling NIOCore ConvenienceOptionSupport.swift
[1512/1637] Compiling NIOCore DeadChannel.swift
[1513/1638] Wrapping AST for ArgumentParser for debugging
[1515/1638] Compiling NIOCore FileHandle.swift
[1516/1638] Compiling NIOCore FileRegion.swift
[1523/1638] Compiling NIOCore NIODecodedAsyncSequence.swift
[1524/1638] Compiling NIOCore NIOLoopBound.swift
[1525/1638] Compiling NIOCore NIOPooledRecvBufferAllocator.swift
[1526/1638] Compiling NIOCore NIOScheduledCallback.swift
[1527/1638] Compiling NIOCore NIOSendable.swift
[1528/1638] Compiling NIOCore NIOSplitLinesMessageDecoder.swift
[1536/1639] Wrapping AST for AsyncAlgorithms for debugging
[1538/1648] Compiling ServiceLifecycle AsyncCancelOnGracefulShutdownSequence.swift
[1539/1648] Compiling ServiceLifecycle AsyncGracefulShutdownSequence.swift
[1540/1649] Compiling ServiceLifecycle Service.swift
[1541/1649] Compiling ServiceLifecycle ServiceGroupConfiguration.swift
[1542/1649] Compiling CryptoBoringWrapper FiniteFieldArithmeticContext.swift
[1543/1649] Compiling CryptoBoringWrapper RandomBytes.swift
[1544/1649] Compiling ServiceLifecycle ServiceRunnerError.swift
[1554/1657] Compiling ServiceLifecycle CancellationWaiter.swift
[1555/1657] Compiling ServiceLifecycle GracefulShutdown.swift
[1556/1657] Emitting module ServiceLifecycle
[1566/1657] Emitting module CryptoBoringWrapper
[1567/1657] Compiling CryptoBoringWrapper BoringSSLAEAD.swift
[1568/1657] Compiling CryptoBoringWrapper CryptoKitErrors_boring.swift
[1569/1657] Compiling CryptoBoringWrapper EllipticCurve.swift
[1570/1657] Compiling CryptoBoringWrapper ArbitraryPrecisionInteger.swift
[1571/1657] Compiling CryptoBoringWrapper EllipticCurvePoint.swift
[1572/1658] Wrapping AST for CryptoBoringWrapper for debugging
[1574/1729] Compiling ServiceLifecycle ClosureService.swift
[1575/1729] Compiling ServiceLifecycle ServiceGroup.swift
[1576/1730] Wrapping AST for ServiceLifecycle for debugging
[1578/1730] Compiling Crypto PKCS8PrivateKey.swift
[1579/1730] Compiling Crypto SEC1PrivateKey.swift
[1580/1730] Compiling Crypto SubjectPublicKeyInfo.swift
[1581/1730] Compiling Crypto CryptoError_boring.swift
[1582/1730] Compiling Crypto CryptoKitErrors.swift
[1583/1730] Compiling Crypto Digest_boring.swift
[1584/1730] Compiling Crypto Digest.swift
[1585/1730] Compiling Crypto Digests.swift
[1586/1730] Compiling Crypto HashFunctions.swift
[1587/1730] Compiling Crypto HashFunctions_SHA2.swift
[1588/1740] Compiling Crypto AESWrap_boring.swift
[1589/1740] Compiling Crypto Ed25519_boring.swift
[1590/1740] Compiling Crypto NISTCurvesKeys_boring.swift
[1591/1740] Compiling Crypto X25519Keys_boring.swift
[1592/1740] Compiling Crypto Curve25519.swift
[1593/1740] Compiling Crypto Ed25519Keys.swift
[1594/1740] Compiling Crypto NISTCurvesKeys.swift
[1595/1740] Compiling Crypto Ed25519.swift
[1596/1740] Compiling Crypto MessageAuthenticationCode.swift
[1597/1740] Compiling Crypto AES.swift
[1598/1740] Compiling Crypto ECDSASignature_boring.swift
[1599/1740] Compiling Crypto ECDSA_boring.swift
[1600/1740] Compiling Crypto EdDSA_boring.swift
[1601/1740] Compiling Crypto ECDSA.swift
[1602/1740] Compiling Crypto ECDH.swift
[1603/1740] Compiling Crypto HKDF.swift
[1604/1740] Compiling Crypto AESWrap.swift
[1605/1740] Compiling Crypto Insecure_HashFunctions.swift
[1606/1740] Compiling Crypto KEM.swift
[1607/1740] Compiling Crypto ECDH_boring.swift
[1608/1740] Compiling Crypto DH.swift
[1609/1740] Compiling Crypto HPKE-AEAD.swift
[1610/1740] Compiling Crypto HPKE-Ciphersuite.swift
[1611/1740] Compiling Crypto HPKE-KDF.swift
[1612/1740] Compiling Crypto HPKE-KexKeyDerivation.swift
[1613/1740] Compiling Crypto HPKE-LabeledExtract.swift
[1614/1740] Compiling Crypto ObjectIdentifier.swift
[1615/1740] Compiling Crypto ECDSASignature.swift
[1616/1740] Compiling Crypto PEMDocument.swift
[1617/1740] Compiling Crypto HPKE-Errors.swift
[1618/1740] Compiling Crypto HPKE.swift
[1619/1740] Compiling Crypto HPKE-Context.swift
[1620/1740] Compiling Crypto HPKE-KeySchedule.swift
[1621/1740] Compiling Crypto HPKE-Modes.swift
[1622/1740] Compiling Crypto Insecure.swift
[1638/1740] Compiling Crypto HPKE-Utils.swift
[1639/1740] Compiling Crypto DHKEM.swift
[1640/1740] Compiling Crypto HPKE-KEM-Curve25519.swift
[1641/1740] Compiling Crypto HPKE-NIST-EC-KEMs.swift
[1642/1740] Compiling Crypto HPKE-KEM.swift
[1643/1740] Emitting module Crypto
[1644/1740] Compiling Crypto ASN1Identifier.swift
[1645/1740] Compiling Crypto ASN1Integer.swift
[1646/1740] Compiling Crypto ASN1Null.swift
[1647/1740] Compiling Crypto ASN1OctetString.swift
[1648/1740] Compiling Crypto ASN1Strings.swift
[1649/1740] Compiling Crypto ArraySliceBigint.swift
[1650/1740] Compiling Crypto GeneralizedTime.swift
[1654/1740] Compiling Crypto AES-GCM.swift
[1655/1740] Compiling Crypto AES-GCM_boring.swift
[1656/1740] Compiling Crypto ChaChaPoly_boring.swift
[1657/1740] Compiling Crypto ChaChaPoly.swift
[1658/1740] Compiling Crypto Cipher.swift
[1659/1740] Compiling Crypto Nonces.swift
[1660/1740] Compiling Crypto ASN1.swift
[1661/1740] Compiling Crypto ASN1Any.swift
[1662/1740] Compiling Crypto ASN1BitString.swift
[1663/1740] Compiling Crypto ASN1Boolean.swift
[1673/1740] Compiling Crypto X25519Keys.swift
[1674/1740] Compiling Crypto SymmetricKeys.swift
[1675/1740] Compiling Crypto HMAC.swift
[1676/1740] Compiling Crypto MACFunctions.swift
[1694/1740] Compiling Crypto Signature.swift
[1695/1740] Compiling Crypto CryptoKitErrors_boring.swift
[1696/1740] Compiling Crypto RNG_boring.swift
[1697/1740] Compiling Crypto SafeCompare_boring.swift
[1698/1740] Compiling Crypto Zeroization_boring.swift
[1699/1740] Compiling Crypto PrettyBytes.swift
[1700/1740] Compiling Crypto SafeCompare.swift
[1701/1740] Compiling Crypto SecureBytes.swift
[1702/1740] Compiling Crypto Zeroization.swift
[1703/1741] Wrapping AST for Crypto for debugging
[1705/1795] Compiling _CryptoExtras ECToolbox_boring.swift
[1706/1795] Compiling _CryptoExtras ECToolbox.swift
[1707/1795] Compiling _CryptoExtras HashToField.swift
[1708/1795] Compiling _CryptoExtras KDF.swift
[1709/1795] Compiling _CryptoExtras PBKDF2_boring.swift
[1710/1795] Compiling _CryptoExtras PBKDF2_commoncrypto.swift
[1711/1795] Compiling _CryptoExtras PBKDF2.swift
[1712/1795] Compiling _CryptoExtras Scrypt_boring.swift
[1713/1802] Compiling _CryptoExtras Scrypt.swift
[1714/1802] Compiling _CryptoExtras OPRF.swift
[1715/1802] Compiling _CryptoExtras OPRFClient.swift
[1716/1802] Compiling _CryptoExtras OPRFServer.swift
[1717/1802] Compiling _CryptoExtras VOPRF+API.swift
[1718/1802] Compiling _CryptoExtras VOPRFClient.swift
[1719/1802] Compiling _CryptoExtras VOPRFServer.swift
[1720/1802] Compiling _CryptoExtras AES_CBC.swift
[1721/1802] Compiling _CryptoExtras AES_CFB.swift
[1722/1802] Compiling _CryptoExtras AES_CTR.swift
[1723/1802] Compiling _CryptoExtras AES_GCM_SIV.swift
[1724/1802] Compiling _CryptoExtras Block Function.swift
[1725/1802] Compiling _CryptoExtras AES_CFB_boring.swift
[1726/1802] Compiling _CryptoExtras AES_CTR_boring.swift
[1727/1802] Compiling _CryptoExtras AES_GCM_SIV_boring.swift
[1729/1802] Compiling _CryptoExtras ARCResponse.swift
[1730/1802] Compiling _CryptoExtras ARCServer.swift
[1731/1802] Compiling _CryptoExtras ChaCha20CTR_boring.swift
[1732/1802] Compiling _CryptoExtras ChaCha20CTR.swift
[1733/1802] Compiling _CryptoExtras ObjectIdentifier.swift
[1734/1802] Compiling _CryptoExtras PKCS8DERRepresentation.swift
[1735/1802] Compiling _CryptoExtras PKCS8PrivateKey.swift
[1736/1802] Compiling _CryptoExtras RFC8410AlgorithmIdentifier.swift
[1737/1802] Compiling _CryptoExtras ThreadPosix.swift
[1738/1802] Compiling _CryptoExtras ThreadSpecific.swift
[1739/1802] Compiling _CryptoExtras ThreadWindows.swift
[1740/1802] Compiling _CryptoExtras DLEQ.swift
[1741/1802] Compiling _CryptoExtras Prover.swift
[1742/1802] Compiling _CryptoExtras Verifier.swift
[1743/1802] Compiling _CryptoExtras ZKPToolbox.swift
[1744/1802] Emitting module _CryptoExtras
[1753/1802] Compiling _CryptoExtras Error.swift
[1754/1802] Compiling _CryptoExtras I2OSP.swift
[1755/1802] Compiling _CryptoExtras IntegerEncoding.swift
[1756/1802] Compiling _CryptoExtras PEMDocument.swift
[1757/1802] Compiling _CryptoExtras PrettyBytes.swift
[1758/1802] Compiling _CryptoExtras SubjectPublicKeyInfo.swift
[1759/1802] Compiling _CryptoExtras ThreadOps.swift
[1760/1802] Compiling _CryptoExtras CMAC.swift
[1761/1802] Compiling _CryptoExtras ARC+API.swift
[1762/1802] Compiling _CryptoExtras ARC.swift
[1763/1802] Compiling _CryptoExtras ARCCredential.swift
[1764/1802] Compiling _CryptoExtras ARCEncoding.swift
[1765/1802] Compiling _CryptoExtras ARCPrecredential.swift
[1766/1802] Compiling _CryptoExtras ARCPresentation.swift
[1767/1802] Compiling _CryptoExtras ARCRequest.swift
[1768/1802] Compiling _CryptoExtras RSA+BlindSigning.swift
[1769/1802] Compiling _CryptoExtras RSA.swift
[1770/1802] Compiling _CryptoExtras RSA_boring.swift
[1771/1802] Compiling _CryptoExtras BoringSSLHelpers.swift
[1772/1802] Compiling _CryptoExtras CryptoKitErrors_boring.swift
[1773/1802] Compiling _CryptoExtras Data+Extensions.swift
[1774/1802] Compiling _CryptoExtras DigestType.swift
[1775/1816] Wrapping AST for _CryptoExtras for debugging
[1777/1857] Compiling HomomorphicEncryption Encoding.swift
[1778/1857] Compiling HomomorphicEncryption EncryptionParameters.swift
[1779/1858] Compiling HomomorphicEncryption Bfv.swift
[1780/1858] Compiling HomomorphicEncryption Ciphertext.swift
[1781/1858] Emitting module PrivacyPass
[1782/1858] Compiling HomomorphicEncryption CoefficientPacking.swift
[1783/1858] Compiling HomomorphicEncryption Context.swift
[1784/1858] Compiling HomomorphicEncryption Bfv+Encode.swift
[1785/1858] Compiling HomomorphicEncryption Bfv+Encrypt.swift
[1786/1858] Compiling HomomorphicEncryption Bfv+Keys.swift
[1787/1858] Compiling HomomorphicEncryption Bfv+Multiply.swift
[1788/1858] Compiling PrivacyPass Verifier.swift
[1789/1858] Compiling HomomorphicEncryption Array2d.swift
[1790/1858] Compiling HomomorphicEncryption Bfv+Decrypt.swift
[1791/1858] Compiling HomomorphicEncryption CrtComposer.swift
[1792/1858] Compiling HomomorphicEncryption DoubleWidthUInt.swift
[1793/1859] Wrapping AST for PrivacyPass for debugging
[1795/1859] Emitting module NIOCore
[1796/1897] Wrapping AST for NIOCore for debugging
[1798/1928] Compiling CompressNIO Compressor.swift
[1799/1929] Compiling NIOHTTPTypes NIOHTTPTypes.swift
[1800/1929] Compiling NIOEmbedded AsyncTestingChannel.swift
[1801/1929] Compiling NIOPosix BSDSocketAPICommon.swift
[1802/1929] Compiling NIOPosix BSDSocketAPIPosix.swift
[1803/1929] Emitting module NIOHTTPTypes
[1805/1930] Compiling CompressNIO CompressionAlgorithm.swift
[1806/1930] Compiling CompressNIO Error.swift
[1806/1930] Wrapping AST for NIOHTTPTypes for debugging
[1808/1930] Compiling NIOFoundationEssentialsCompat Codable+ByteBuffer.swift
[1809/1930] Emitting module CompressNIO
[1810/1930] Compiling CompressNIO ZlibWrapper.swift
[1811/1930] Emitting module NIOEmbedded
[1812/1930] Compiling NIOPosix RawSocketBootstrap.swift
[1813/1930] Compiling NIOPosix Resolver.swift
[1814/1930] Compiling NIOPosix Selectable.swift
[1815/1930] Compiling NIOPosix SelectableChannel.swift
[1816/1930] Compiling NIOPosix SelectableEventLoop.swift
[1817/1935] Compiling CompressNIO Zlib.swift
[1818/1935] Compiling CompressNIO ByteBuffer+zlib+decompress.swift
[1819/1935] Compiling CompressNIO ByteBuffer+zlib+compress.swift
[1820/1936] Wrapping AST for CompressNIO for debugging
[1822/1936] Compiling NIOEmbedded Embedded.swift
[1823/1936] Compiling NIOEmbedded AsyncTestingEventLoop.swift
[1824/1937] Wrapping AST for NIOEmbedded for debugging
[1826/1937] Compiling NIOFoundationEssentialsCompat ByteBuffer-foundation.swift
[1827/1937] Emitting module NIOFoundationEssentialsCompat
[1829/1938] Compiling NIOPosix LinuxCPUSet.swift
/host/spi-builder-workspace/.build/checkouts/swift-homomorphic-encryption/Sources/HomomorphicEncryption/EncryptionParameters.swift:132:62: error: no exact matches in call to global function 'log2'
130 | throw HeError.invalidEncryptionParameters(self)
131 | }
132 | let log2CoefficientModulus = coefficientModuli.map { log2(Float($0)) }.reduce(0, +)
| `- error: no exact matches in call to global function 'log2'
133 | guard try log2CoefficientModulus <= Float(Self.maxLog2CoefficientModulus(
134 | degree: polyDegree,
Foundation.log2:1:13: note: candidate expects value of type 'CGFloat' for parameter #1 (got 'Float')
1 | public func log2(_ x: CGFloat) -> CGFloat
| `- note: candidate expects value of type 'CGFloat' for parameter #1 (got 'Float')
/root/.swiftpm/swift-sdks/swift-6.3.2-RELEASE_android.artifactbundle/swift-android/ndk-sysroot/usr/include/math.h:164:8: note: candidate expects value of type 'Double' for parameter #1 (got 'Float')
162 | long double log1pl(long double __x);
163 |
164 | double log2(double __x);
| `- note: candidate expects value of type 'Double' for parameter #1 (got 'Float')
165 | float log2f(float __x);
166 | long double log2l(long double __x);
[1830/1938] Compiling NIOPosix LinuxUring.swift
/host/spi-builder-workspace/.build/checkouts/swift-homomorphic-encryption/Sources/HomomorphicEncryption/EncryptionParameters.swift:132:62: error: no exact matches in call to global function 'log2'
130 | throw HeError.invalidEncryptionParameters(self)
131 | }
132 | let log2CoefficientModulus = coefficientModuli.map { log2(Float($0)) }.reduce(0, +)
| `- error: no exact matches in call to global function 'log2'
133 | guard try log2CoefficientModulus <= Float(Self.maxLog2CoefficientModulus(
134 | degree: polyDegree,
Foundation.log2:1:13: note: candidate expects value of type 'CGFloat' for parameter #1 (got 'Float')
1 | public func log2(_ x: CGFloat) -> CGFloat
| `- note: candidate expects value of type 'CGFloat' for parameter #1 (got 'Float')
/root/.swiftpm/swift-sdks/swift-6.3.2-RELEASE_android.artifactbundle/swift-android/ndk-sysroot/usr/include/math.h:164:8: note: candidate expects value of type 'Double' for parameter #1 (got 'Float')
162 | long double log1pl(long double __x);
163 |
164 | double log2(double __x);
| `- note: candidate expects value of type 'Double' for parameter #1 (got 'Float')
165 | float log2f(float __x);
166 | long double log2l(long double __x);
[1831/1938] Compiling NIOPosix BaseStreamSocketChannel.swift
/host/spi-builder-workspace/.build/checkouts/swift-homomorphic-encryption/Sources/HomomorphicEncryption/EncryptionParameters.swift:132:62: error: no exact matches in call to global function 'log2'
130 | throw HeError.invalidEncryptionParameters(self)
131 | }
132 | let log2CoefficientModulus = coefficientModuli.map { log2(Float($0)) }.reduce(0, +)
| `- error: no exact matches in call to global function 'log2'
133 | guard try log2CoefficientModulus <= Float(Self.maxLog2CoefficientModulus(
134 | degree: polyDegree,
Foundation.log2:1:13: note: candidate expects value of type 'CGFloat' for parameter #1 (got 'Float')
1 | public func log2(_ x: CGFloat) -> CGFloat
| `- note: candidate expects value of type 'CGFloat' for parameter #1 (got 'Float')
/root/.swiftpm/swift-sdks/swift-6.3.2-RELEASE_android.artifactbundle/swift-android/ndk-sysroot/usr/include/math.h:164:8: note: candidate expects value of type 'Double' for parameter #1 (got 'Float')
162 | long double log1pl(long double __x);
163 |
164 | double log2(double __x);
| `- note: candidate expects value of type 'Double' for parameter #1 (got 'Float')
165 | float log2f(float __x);
166 | long double log2l(long double __x);
[1832/1938] Compiling NIOPosix Bootstrap.swift
/host/spi-builder-workspace/.build/checkouts/swift-homomorphic-encryption/Sources/HomomorphicEncryption/EncryptionParameters.swift:132:62: error: no exact matches in call to global function 'log2'
130 | throw HeError.invalidEncryptionParameters(self)
131 | }
132 | let log2CoefficientModulus = coefficientModuli.map { log2(Float($0)) }.reduce(0, +)
| `- error: no exact matches in call to global function 'log2'
133 | guard try log2CoefficientModulus <= Float(Self.maxLog2CoefficientModulus(
134 | degree: polyDegree,
Foundation.log2:1:13: note: candidate expects value of type 'CGFloat' for parameter #1 (got 'Float')
1 | public func log2(_ x: CGFloat) -> CGFloat
| `- note: candidate expects value of type 'CGFloat' for parameter #1 (got 'Float')
/root/.swiftpm/swift-sdks/swift-6.3.2-RELEASE_android.artifactbundle/swift-android/ndk-sysroot/usr/include/math.h:164:8: note: candidate expects value of type 'Double' for parameter #1 (got 'Float')
162 | long double log1pl(long double __x);
163 |
164 | double log2(double __x);
| `- note: candidate expects value of type 'Double' for parameter #1 (got 'Float')
165 | float log2f(float __x);
166 | long double log2l(long double __x);
[1833/1938] Compiling NIOPosix ControlMessage.swift
/host/spi-builder-workspace/.build/checkouts/swift-homomorphic-encryption/Sources/HomomorphicEncryption/EncryptionParameters.swift:132:62: error: no exact matches in call to global function 'log2'
130 | throw HeError.invalidEncryptionParameters(self)
131 | }
132 | let log2CoefficientModulus = coefficientModuli.map { log2(Float($0)) }.reduce(0, +)
| `- error: no exact matches in call to global function 'log2'
133 | guard try log2CoefficientModulus <= Float(Self.maxLog2CoefficientModulus(
134 | degree: polyDegree,
Foundation.log2:1:13: note: candidate expects value of type 'CGFloat' for parameter #1 (got 'Float')
1 | public func log2(_ x: CGFloat) -> CGFloat
| `- note: candidate expects value of type 'CGFloat' for parameter #1 (got 'Float')
/root/.swiftpm/swift-sdks/swift-6.3.2-RELEASE_android.artifactbundle/swift-android/ndk-sysroot/usr/include/math.h:164:8: note: candidate expects value of type 'Double' for parameter #1 (got 'Float')
162 | long double log1pl(long double __x);
163 |
164 | double log2(double __x);
| `- note: candidate expects value of type 'Double' for parameter #1 (got 'Float')
165 | float log2f(float __x);
166 | long double log2l(long double __x);
[1834/1938] Compiling NIOPosix DatagramVectorReadManager.swift
/host/spi-builder-workspace/.build/checkouts/swift-homomorphic-encryption/Sources/HomomorphicEncryption/EncryptionParameters.swift:132:62: error: no exact matches in call to global function 'log2'
130 | throw HeError.invalidEncryptionParameters(self)
131 | }
132 | let log2CoefficientModulus = coefficientModuli.map { log2(Float($0)) }.reduce(0, +)
| `- error: no exact matches in call to global function 'log2'
133 | guard try log2CoefficientModulus <= Float(Self.maxLog2CoefficientModulus(
134 | degree: polyDegree,
Foundation.log2:1:13: note: candidate expects value of type 'CGFloat' for parameter #1 (got 'Float')
1 | public func log2(_ x: CGFloat) -> CGFloat
| `- note: candidate expects value of type 'CGFloat' for parameter #1 (got 'Float')
/root/.swiftpm/swift-sdks/swift-6.3.2-RELEASE_android.artifactbundle/swift-android/ndk-sysroot/usr/include/math.h:164:8: note: candidate expects value of type 'Double' for parameter #1 (got 'Float')
162 | long double log1pl(long double __x);
163 |
164 | double log2(double __x);
| `- note: candidate expects value of type 'Double' for parameter #1 (got 'Float')
165 | float log2f(float __x);
166 | long double log2l(long double __x);
[1834/1938] Wrapping AST for NIOFoundationEssentialsCompat for debugging
[1836/1938] Compiling NIOPosix PipeChannel.swift
[1837/1938] Compiling NIOPosix PipePair.swift
[1838/1938] Compiling NIOPosix Pool.swift
[1839/1938] Compiling NIOPosix PosixSingletons+ConcurrencyTakeOver.swift
[1840/1938] Compiling NIOPosix PosixSingletons.swift
[1844/1938] Compiling HomomorphicEncryption SerializedKeys.swift
[1845/1938] Compiling HomomorphicEncryption SerializedPlaintext.swift
[1846/1938] Compiling HomomorphicEncryption Util.swift
[1847/1938] Compiling HomomorphicEncryption Version.swift
[1848/1945] Compiling NIOPosix HappyEyeballs.swift
[1849/1945] Compiling NIOPosix IO.swift
[1850/1945] Compiling NIOPosix IntegerBitPacking.swift
[1851/1945] Compiling NIOPosix IntegerTypes.swift
[1852/1945] Compiling NIOPosix Linux.swift
[1862/1945] Compiling NIOPosix Errors+Any.swift
[1863/1945] Compiling NIOPosix FileDescriptor.swift
[1864/1945] Compiling NIOPosix GetaddrinfoResolver.swift
[1865/1945] Compiling NIOPosix MultiThreadedEventLoopGroup.swift
[1866/1945] Compiling NIOPosix NIOPosixSendableMetatype.swift
[1867/1945] Compiling NIOPosix NIORandomizedDNSResolver.swift
[1868/1945] Compiling NIOPosix NIOThreadPool.swift
[1869/1945] Compiling NIOPosix NonBlockingFileIO.swift
[1870/1945] Compiling NIOPosix PendingDatagramWritesManager.swift
[1871/1945] Compiling NIOPosix PendingWritesManager.swift
[1872/1945] Compiling NIOPosix Thread.swift
[1873/1945] Compiling NIOPosix ThreadPosix.swift
[1874/1945] Compiling NIOPosix ThreadWindows.swift
[1875/1945] Compiling NIOPosix Utilities.swift
[1876/1945] Compiling NIOPosix VsockAddress.swift
[1877/1945] Compiling NIOPosix VsockChannelEvents.swift
[1878/1945] Compiling NIOPosix Windows.swift
[1883/1945] Compiling HomomorphicEncryption Zeroization.swift
[1884/1945] Emitting module NIOPosix
[1886/1945] Compiling NIOPosix ServerSocket.swift
[1887/1945] Compiling NIOPosix Socket.swift
[1888/1945] Compiling NIOPosix SocketChannel.swift
[1889/1945] Compiling NIOPosix SocketProtocols.swift
[1890/1945] Compiling NIOPosix StructuredConcurrencyHelpers.swift
[1891/1945] Compiling NIOPosix System.swift
[1894/1945] Compiling NIOPosix BSDSocketAPIWindows.swift
[1895/1945] Compiling NIOPosix BaseSocket.swift
[1896/1945] Compiling NIOPosix BaseSocketChannel+AccessibleTransport.swift
[1897/1945] Compiling NIOPosix BaseSocketChannel+SocketOptionProvider.swift
[1898/1945] Compiling NIOPosix BaseSocketChannel.swift
[1899/1945] Emitting module HomomorphicEncryption
BUILD FAILURE 6.3 android