Build Information
Failed to build swift-windowsfoundation, reference v0.1.0 (94d56a), with Swift 6.4 for watchOS using Xcode 27.0 on 24 Sep 2026 08:10:23 UTC.
Build Command
env DEVELOPER_DIR=/Applications/Xcode-27.0.0-Release.Candidate.app xcrun xcodebuild -IDEClonedSourcePackagesDirPathOverride=$PWD/.dependencies -skipMacroValidation -skipPackagePluginValidation -derivedDataPath $PWD/.derivedData build -scheme swift-windowsfoundation -destination generic/platform=watchOSBuild Log
cd /Users/admin/builder/spi-builder-workspace
/bin/mkdir -p /Users/admin/builder/spi-builder-workspace/.derivedData/Build/Products/Debug-watchos/PackageFrameworks/WindowsFoundation.framework
MkDir /Users/admin/builder/spi-builder-workspace/.derivedData/Build/Products/Debug-watchos/PackageFrameworks/CWinRT.framework (in target 'CWinRT-product' from project 'swift-cwinrt')
cd /Users/admin/builder/spi-builder-workspace/.dependencies/checkouts/swift-cwinrt
/bin/mkdir -p /Users/admin/builder/spi-builder-workspace/.derivedData/Build/Products/Debug-watchos/PackageFrameworks/CWinRT.framework
Copy /Users/admin/builder/spi-builder-workspace/.derivedData/Build/Intermediates.noindex/GeneratedModuleMaps-watchos/CWinRT.modulemap /Users/admin/builder/spi-builder-workspace/.derivedData/Build/Intermediates.noindex/swift-cwinrt.build/Debug-watchos/CWinRT-t.build/CWinRT.modulemap (in target 'CWinRT' from project 'swift-cwinrt')
cd /Users/admin/builder/spi-builder-workspace/.dependencies/checkouts/swift-cwinrt
builtin-copy -exclude .DS_Store -exclude CVS -exclude .svn -exclude .git -exclude .hg -resolve-src-symlinks /Users/admin/builder/spi-builder-workspace/.derivedData/Build/Intermediates.noindex/swift-cwinrt.build/Debug-watchos/CWinRT-t.build/CWinRT.modulemap /Users/admin/builder/spi-builder-workspace/.derivedData/Build/Intermediates.noindex/GeneratedModuleMaps-watchos
ScanDependencies /Users/admin/builder/spi-builder-workspace/.derivedData/Build/Intermediates.noindex/swift-cwinrt.build/Debug-watchos/CWinRT-t.build/Objects-normal/arm64_32/shim.o /Users/admin/builder/spi-builder-workspace/.dependencies/checkouts/swift-cwinrt/Sources/CWinRT/shim.c normal arm64_32 c com.apple.compilers.llvm.clang.1_0.compiler (in target 'CWinRT' from project 'swift-cwinrt')
cd /Users/admin/builder/spi-builder-workspace/.swiftpm/xcode
Using response file: /Users/admin/builder/spi-builder-workspace/.derivedData/Build/Intermediates.noindex/swift-cwinrt.build/Debug-watchos/CWinRT-t.build/Objects-normal/arm64_32/7187679823f38a2a940e0043cdf9d637-common-args.resp
builtin-ScanDependencies -o /Users/admin/builder/spi-builder-workspace/.derivedData/Build/Intermediates.noindex/swift-cwinrt.build/Debug-watchos/CWinRT-t.build/Objects-normal/arm64_32/shim.o.scan -- /Applications/Xcode-27.0.0-Release.Candidate.app/Contents/Developer/Toolchains/XcodeDefault.xctoolchain/usr/bin/clang -x c -ivfsstatcache /Users/admin/builder/spi-builder-workspace/.derivedData/SDKStatCaches.noindex/watchos27.0-24R360-e829b21a6f8c9b70876ba0858053c04477534ef55a1706bf4c1112bbb242f0a2.sdkstatcache -target arm64_32-apple-watchos9.0 -fmessage-length\=0 -fdiagnostics-show-note-include-stack -fmacro-backtrace-limit\=0 -fno-color-diagnostics -fmodules-prune-interval\=86400 -fmodules-prune-after\=345600 -fbuild-session-file\=/Users/admin/builder/spi-builder-workspace/.derivedData/ModuleCache.noindex/Session.modulevalidation -fmodules-validate-once-per-build-session -Wnon-modular-include-in-framework-module -Werror\=non-modular-include-in-framework-module -Wno-trigraphs -Wno-missing-field-initializers -Wno-missing-prototypes -Wno-return-type -Wno-missing-braces -Wparentheses -Wswitch -Wno-unused-function -Wno-unused-label -Wno-unused-parameter -Wno-unused-variable -Wunused-value -Wno-empty-body -Wno-uninitialized -Wno-unknown-pragmas -w -Wno-shadow -Wno-four-char-constants -Wno-conversion -Wno-constant-conversion -Wno-int-conversion -Wno-bool-conversion -Wno-enum-conversion -Wno-float-conversion -Wno-non-literal-null-conversion -Wno-objc-literal-conversion -Wno-shorten-64-to-32 -Wpointer-sign -Wno-newline-eof -Wno-implicit-fallthrough -isysroot /Applications/Xcode-27.0.0-Release.Candidate.app/Contents/Developer/Platforms/WatchOS.platform/Developer/SDKs/WatchOS27.0.sdk -fstrict-aliasing -Wdeprecated-declarations -Wno-sign-conversion -Wno-infinite-recursion -Wno-comma -Wno-block-capture-autoreleasing -Wno-strict-prototypes -Wno-semicolon-before-method-body -index-store-path /Users/admin/builder/spi-builder-workspace/.derivedData/Index.noindex/DataStore @/Users/admin/builder/spi-builder-workspace/.derivedData/Build/Intermediates.noindex/swift-cwinrt.build/Debug-watchos/CWinRT-t.build/Objects-normal/arm64_32/7187679823f38a2a940e0043cdf9d637-common-args.resp -MMD -MT dependencies -MF /Users/admin/builder/spi-builder-workspace/.derivedData/Build/Intermediates.noindex/swift-cwinrt.build/Debug-watchos/CWinRT-t.build/Objects-normal/arm64_32/shim.d --serialize-diagnostics /Users/admin/builder/spi-builder-workspace/.derivedData/Build/Intermediates.noindex/swift-cwinrt.build/Debug-watchos/CWinRT-t.build/Objects-normal/arm64_32/shim.dia -c /Users/admin/builder/spi-builder-workspace/.dependencies/checkouts/swift-cwinrt/Sources/CWinRT/shim.c -o /Users/admin/builder/spi-builder-workspace/.derivedData/Build/Intermediates.noindex/swift-cwinrt.build/Debug-watchos/CWinRT-t.build/Objects-normal/arm64_32/shim.o -index-unit-output-path /swift-cwinrt.build/Debug-watchos/CWinRT-t.build/Objects-normal/arm64_32/shim.o
ScanDependencies /Users/admin/builder/spi-builder-workspace/.derivedData/Build/Intermediates.noindex/swift-cwinrt.build/Debug-watchos/CWinRT-t.build/Objects-normal/arm64/shim.o /Users/admin/builder/spi-builder-workspace/.dependencies/checkouts/swift-cwinrt/Sources/CWinRT/shim.c normal arm64 c com.apple.compilers.llvm.clang.1_0.compiler (in target 'CWinRT' from project 'swift-cwinrt')
cd /Users/admin/builder/spi-builder-workspace/.swiftpm/xcode
Using response file: /Users/admin/builder/spi-builder-workspace/.derivedData/Build/Intermediates.noindex/swift-cwinrt.build/Debug-watchos/CWinRT-t.build/Objects-normal/arm64/7187679823f38a2a940e0043cdf9d637-common-args.resp
builtin-ScanDependencies -o /Users/admin/builder/spi-builder-workspace/.derivedData/Build/Intermediates.noindex/swift-cwinrt.build/Debug-watchos/CWinRT-t.build/Objects-normal/arm64/shim.o.scan -- /Applications/Xcode-27.0.0-Release.Candidate.app/Contents/Developer/Toolchains/XcodeDefault.xctoolchain/usr/bin/clang -x c -ivfsstatcache /Users/admin/builder/spi-builder-workspace/.derivedData/SDKStatCaches.noindex/watchos27.0-24R360-e829b21a6f8c9b70876ba0858053c04477534ef55a1706bf4c1112bbb242f0a2.sdkstatcache -target arm64-apple-watchos9.0 -fmessage-length\=0 -fdiagnostics-show-note-include-stack -fmacro-backtrace-limit\=0 -fno-color-diagnostics -fmodules-prune-interval\=86400 -fmodules-prune-after\=345600 -fbuild-session-file\=/Users/admin/builder/spi-builder-workspace/.derivedData/ModuleCache.noindex/Session.modulevalidation -fmodules-validate-once-per-build-session -Wnon-modular-include-in-framework-module -Werror\=non-modular-include-in-framework-module -Wno-trigraphs -Wno-missing-field-initializers -Wno-missing-prototypes -Wno-return-type -Wno-missing-braces -Wparentheses -Wswitch -Wno-unused-function -Wno-unused-label -Wno-unused-parameter -Wno-unused-variable -Wunused-value -Wno-empty-body -Wno-uninitialized -Wno-unknown-pragmas -w -Wno-shadow -Wno-four-char-constants -Wno-conversion -Wno-constant-conversion -Wno-int-conversion -Wno-bool-conversion -Wno-enum-conversion -Wno-float-conversion -Wno-non-literal-null-conversion -Wno-objc-literal-conversion -Wshorten-64-to-32 -Wpointer-sign -Wno-newline-eof -Wno-implicit-fallthrough -isysroot /Applications/Xcode-27.0.0-Release.Candidate.app/Contents/Developer/Platforms/WatchOS.platform/Developer/SDKs/WatchOS27.0.sdk -fstrict-aliasing -Wdeprecated-declarations -Wno-sign-conversion -Wno-infinite-recursion -Wno-comma -Wno-block-capture-autoreleasing -Wno-strict-prototypes -Wno-semicolon-before-method-body -index-store-path /Users/admin/builder/spi-builder-workspace/.derivedData/Index.noindex/DataStore @/Users/admin/builder/spi-builder-workspace/.derivedData/Build/Intermediates.noindex/swift-cwinrt.build/Debug-watchos/CWinRT-t.build/Objects-normal/arm64/7187679823f38a2a940e0043cdf9d637-common-args.resp -MMD -MT dependencies -MF /Users/admin/builder/spi-builder-workspace/.derivedData/Build/Intermediates.noindex/swift-cwinrt.build/Debug-watchos/CWinRT-t.build/Objects-normal/arm64/shim.d --serialize-diagnostics /Users/admin/builder/spi-builder-workspace/.derivedData/Build/Intermediates.noindex/swift-cwinrt.build/Debug-watchos/CWinRT-t.build/Objects-normal/arm64/shim.dia -c /Users/admin/builder/spi-builder-workspace/.dependencies/checkouts/swift-cwinrt/Sources/CWinRT/shim.c -o /Users/admin/builder/spi-builder-workspace/.derivedData/Build/Intermediates.noindex/swift-cwinrt.build/Debug-watchos/CWinRT-t.build/Objects-normal/arm64/shim.o -index-unit-output-path /swift-cwinrt.build/Debug-watchos/CWinRT-t.build/Objects-normal/arm64/shim.o
SwiftDriver SwiftDummy normal arm64_32 com.apple.xcode.tools.swift.compiler (in target 'SwiftDummy' from project 'swift-cwinrt')
cd /Users/admin/builder/spi-builder-workspace/.swiftpm/xcode
builtin-SwiftDriver -- /Applications/Xcode-27.0.0-Release.Candidate.app/Contents/Developer/Toolchains/XcodeDefault.xctoolchain/usr/bin/swiftc -parse-as-library -module-name SwiftDummy -Onone @/Users/admin/builder/spi-builder-workspace/.derivedData/Build/Intermediates.noindex/swift-cwinrt.build/Debug-watchos/SwiftDummy-t.build/Objects-normal/arm64_32/SwiftDummy.SwiftFileList -DSWIFT_PACKAGE -DDEBUG -DSWIFT_MODULE_RESOURCE_BUNDLE_UNAVAILABLE -DXcode -plugin-path /Applications/Xcode-27.0.0-Release.Candidate.app/Contents/Developer/Toolchains/XcodeDefault.xctoolchain/usr/lib/swift/host/plugins/testing -enable-experimental-feature DebugDescriptionMacro -sdk /Applications/Xcode-27.0.0-Release.Candidate.app/Contents/Developer/Platforms/WatchOS.platform/Developer/SDKs/WatchOS27.0.sdk -target arm64_32-apple-watchos9.0 -g -module-cache-path /Users/admin/builder/spi-builder-workspace/.derivedData/ModuleCache.noindex -Xfrontend -serialize-debugging-options -enable-testing -suppress-warnings -index-store-path /Users/admin/builder/spi-builder-workspace/.derivedData/Index.noindex/DataStore -Xcc -D_LIBCPP_HARDENING_MODE\=_LIBCPP_HARDENING_MODE_DEBUG -swift-version 5 -I /Users/admin/builder/spi-builder-workspace/.derivedData/Build/Products/Debug-watchos -Isystem /Applications/Xcode-27.0.0-Release.Candidate.app/Contents/Developer/Platforms/WatchOS.platform/Developer/usr/lib -F /Users/admin/builder/spi-builder-workspace/.derivedData/Build/Products/Debug-watchos -F /Applications/Xcode-27.0.0-Release.Candidate.app/Contents/Developer/Platforms/WatchOS.platform/Developer/Library/Frameworks -F /Applications/Xcode-27.0.0-Release.Candidate.app/Contents/Developer/Platforms/WatchOS.platform/Developer/SDKs/WatchOS27.0.sdk/Developer/Library/Frameworks -c -j10 -enable-batch-mode -incremental -Xcc -ivfsstatcache -Xcc /Users/admin/builder/spi-builder-workspace/.derivedData/SDKStatCaches.noindex/watchos27.0-24R360-e829b21a6f8c9b70876ba0858053c04477534ef55a1706bf4c1112bbb242f0a2.sdkstatcache -output-file-map /Users/admin/builder/spi-builder-workspace/.derivedData/Build/Intermediates.noindex/swift-cwinrt.build/Debug-watchos/SwiftDummy-t.build/Objects-normal/arm64_32/SwiftDummy-OutputFileMap.json -save-temps -no-color-diagnostics -explicit-module-build -module-cache-path /Users/admin/builder/spi-builder-workspace/.derivedData/Build/Intermediates.noindex/SwiftExplicitPrecompiledModules -clang-scanner-module-cache-path /Users/admin/builder/spi-builder-workspace/.derivedData/ModuleCache.noindex -sdk-module-cache-path /Users/admin/builder/spi-builder-workspace/.derivedData/SDKExplicitPrecompiledModules -emit-dependencies -emit-module -emit-module-path /Users/admin/builder/spi-builder-workspace/.derivedData/Build/Intermediates.noindex/swift-cwinrt.build/Debug-watchos/SwiftDummy-t.build/Objects-normal/arm64_32/SwiftDummy.swiftmodule -serialize-diagnostics -dependency-scan-serialize-diagnostics-path /Users/admin/builder/spi-builder-workspace/.derivedData/Build/Intermediates.noindex/swift-cwinrt.build/Debug-watchos/SwiftDummy-t.build/Objects-normal/arm64_32/SwiftDummy-dependency-scan.dia -validate-clang-modules-once -clang-build-session-file /Users/admin/builder/spi-builder-workspace/.derivedData/ModuleCache.noindex/Session.modulevalidation -Xcc -fmodules-prune-interval\=86400 -Xcc -fmodules-prune-after\=345600 -package-name swift_cwinrt -emit-const-values -const-gather-protocols-list /Users/admin/builder/spi-builder-workspace/.derivedData/Build/Intermediates.noindex/swift-cwinrt.build/Debug-watchos/SwiftDummy-t.build/Objects-normal/arm64_32/SwiftDummy_const_extract_protocols.json -Xcc -I/Users/admin/builder/spi-builder-workspace/.derivedData/Build/Products/Debug-watchos/include -Xcc -I/Users/admin/builder/spi-builder-workspace/.derivedData/Build/Intermediates.noindex/swift-cwinrt.build/Debug-watchos/SwiftDummy-t.build/DerivedSources-normal/arm64_32 -Xcc -I/Users/admin/builder/spi-builder-workspace/.derivedData/Build/Intermediates.noindex/swift-cwinrt.build/Debug-watchos/SwiftDummy-t.build/DerivedSources/arm64_32 -Xcc -I/Users/admin/builder/spi-builder-workspace/.derivedData/Build/Intermediates.noindex/swift-cwinrt.build/Debug-watchos/SwiftDummy-t.build/DerivedSources -Xcc -DSWIFT_PACKAGE -Xcc -DDEBUG\=1 -emit-objc-header -emit-objc-header-path /Users/admin/builder/spi-builder-workspace/.derivedData/Build/Intermediates.noindex/swift-cwinrt.build/Debug-watchos/SwiftDummy-t.build/Objects-normal/arm64_32/SwiftDummy-Swift.h -working-directory /Users/admin/builder/spi-builder-workspace/.swiftpm/xcode -experimental-emit-module-separately -disable-cmo
SwiftDriver SwiftDummy normal arm64 com.apple.xcode.tools.swift.compiler (in target 'SwiftDummy' from project 'swift-cwinrt')
cd /Users/admin/builder/spi-builder-workspace/.swiftpm/xcode
builtin-SwiftDriver -- /Applications/Xcode-27.0.0-Release.Candidate.app/Contents/Developer/Toolchains/XcodeDefault.xctoolchain/usr/bin/swiftc -parse-as-library -module-name SwiftDummy -Onone @/Users/admin/builder/spi-builder-workspace/.derivedData/Build/Intermediates.noindex/swift-cwinrt.build/Debug-watchos/SwiftDummy-t.build/Objects-normal/arm64/SwiftDummy.SwiftFileList -DSWIFT_PACKAGE -DDEBUG -DSWIFT_MODULE_RESOURCE_BUNDLE_UNAVAILABLE -DXcode -plugin-path /Applications/Xcode-27.0.0-Release.Candidate.app/Contents/Developer/Toolchains/XcodeDefault.xctoolchain/usr/lib/swift/host/plugins/testing -enable-experimental-feature DebugDescriptionMacro -sdk /Applications/Xcode-27.0.0-Release.Candidate.app/Contents/Developer/Platforms/WatchOS.platform/Developer/SDKs/WatchOS27.0.sdk -target arm64-apple-watchos9.0 -g -module-cache-path /Users/admin/builder/spi-builder-workspace/.derivedData/ModuleCache.noindex -Xfrontend -serialize-debugging-options -enable-testing -suppress-warnings -index-store-path /Users/admin/builder/spi-builder-workspace/.derivedData/Index.noindex/DataStore -Xcc -D_LIBCPP_HARDENING_MODE\=_LIBCPP_HARDENING_MODE_DEBUG -swift-version 5 -I /Users/admin/builder/spi-builder-workspace/.derivedData/Build/Products/Debug-watchos -Isystem /Applications/Xcode-27.0.0-Release.Candidate.app/Contents/Developer/Platforms/WatchOS.platform/Developer/usr/lib -F /Users/admin/builder/spi-builder-workspace/.derivedData/Build/Products/Debug-watchos -F /Applications/Xcode-27.0.0-Release.Candidate.app/Contents/Developer/Platforms/WatchOS.platform/Developer/Library/Frameworks -F /Applications/Xcode-27.0.0-Release.Candidate.app/Contents/Developer/Platforms/WatchOS.platform/Developer/SDKs/WatchOS27.0.sdk/Developer/Library/Frameworks -c -j10 -enable-batch-mode -incremental -Xcc -ivfsstatcache -Xcc /Users/admin/builder/spi-builder-workspace/.derivedData/SDKStatCaches.noindex/watchos27.0-24R360-e829b21a6f8c9b70876ba0858053c04477534ef55a1706bf4c1112bbb242f0a2.sdkstatcache -output-file-map /Users/admin/builder/spi-builder-workspace/.derivedData/Build/Intermediates.noindex/swift-cwinrt.build/Debug-watchos/SwiftDummy-t.build/Objects-normal/arm64/SwiftDummy-OutputFileMap.json -save-temps -no-color-diagnostics -explicit-module-build -module-cache-path /Users/admin/builder/spi-builder-workspace/.derivedData/Build/Intermediates.noindex/SwiftExplicitPrecompiledModules -clang-scanner-module-cache-path /Users/admin/builder/spi-builder-workspace/.derivedData/ModuleCache.noindex -sdk-module-cache-path /Users/admin/builder/spi-builder-workspace/.derivedData/SDKExplicitPrecompiledModules -emit-dependencies -emit-module -emit-module-path /Users/admin/builder/spi-builder-workspace/.derivedData/Build/Intermediates.noindex/swift-cwinrt.build/Debug-watchos/SwiftDummy-t.build/Objects-normal/arm64/SwiftDummy.swiftmodule -serialize-diagnostics -dependency-scan-serialize-diagnostics-path /Users/admin/builder/spi-builder-workspace/.derivedData/Build/Intermediates.noindex/swift-cwinrt.build/Debug-watchos/SwiftDummy-t.build/Objects-normal/arm64/SwiftDummy-dependency-scan.dia -validate-clang-modules-once -clang-build-session-file /Users/admin/builder/spi-builder-workspace/.derivedData/ModuleCache.noindex/Session.modulevalidation -Xcc -fmodules-prune-interval\=86400 -Xcc -fmodules-prune-after\=345600 -package-name swift_cwinrt -emit-const-values -const-gather-protocols-list /Users/admin/builder/spi-builder-workspace/.derivedData/Build/Intermediates.noindex/swift-cwinrt.build/Debug-watchos/SwiftDummy-t.build/Objects-normal/arm64/SwiftDummy_const_extract_protocols.json -Xcc -I/Users/admin/builder/spi-builder-workspace/.derivedData/Build/Products/Debug-watchos/include -Xcc -I/Users/admin/builder/spi-builder-workspace/.derivedData/Build/Intermediates.noindex/swift-cwinrt.build/Debug-watchos/SwiftDummy-t.build/DerivedSources-normal/arm64 -Xcc -I/Users/admin/builder/spi-builder-workspace/.derivedData/Build/Intermediates.noindex/swift-cwinrt.build/Debug-watchos/SwiftDummy-t.build/DerivedSources/arm64 -Xcc -I/Users/admin/builder/spi-builder-workspace/.derivedData/Build/Intermediates.noindex/swift-cwinrt.build/Debug-watchos/SwiftDummy-t.build/DerivedSources -Xcc -DSWIFT_PACKAGE -Xcc -DDEBUG\=1 -emit-objc-header -emit-objc-header-path /Users/admin/builder/spi-builder-workspace/.derivedData/Build/Intermediates.noindex/swift-cwinrt.build/Debug-watchos/SwiftDummy-t.build/Objects-normal/arm64/SwiftDummy-Swift.h -working-directory /Users/admin/builder/spi-builder-workspace/.swiftpm/xcode -experimental-emit-module-separately -disable-cmo
CompileC /Users/admin/builder/spi-builder-workspace/.derivedData/Build/Intermediates.noindex/swift-cwinrt.build/Debug-watchos/CWinRT-t.build/Objects-normal/arm64/shim.o /Users/admin/builder/spi-builder-workspace/.dependencies/checkouts/swift-cwinrt/Sources/CWinRT/shim.c normal arm64 c com.apple.compilers.llvm.clang.1_0.compiler (in target 'CWinRT' from project 'swift-cwinrt')
cd /Users/admin/builder/spi-builder-workspace/.swiftpm/xcode
Using response file: /Users/admin/builder/spi-builder-workspace/.derivedData/Build/Intermediates.noindex/swift-cwinrt.build/Debug-watchos/CWinRT-t.build/Objects-normal/arm64/7187679823f38a2a940e0043cdf9d637-common-args.resp
/Applications/Xcode-27.0.0-Release.Candidate.app/Contents/Developer/Toolchains/XcodeDefault.xctoolchain/usr/bin/clang -x c -ivfsstatcache /Users/admin/builder/spi-builder-workspace/.derivedData/SDKStatCaches.noindex/watchos27.0-24R360-e829b21a6f8c9b70876ba0858053c04477534ef55a1706bf4c1112bbb242f0a2.sdkstatcache -target arm64-apple-watchos9.0 -fmessage-length\=0 -fdiagnostics-show-note-include-stack -fmacro-backtrace-limit\=0 -fno-color-diagnostics -fmodules-prune-interval\=86400 -fmodules-prune-after\=345600 -fbuild-session-file\=/Users/admin/builder/spi-builder-workspace/.derivedData/ModuleCache.noindex/Session.modulevalidation -fmodules-validate-once-per-build-session -Wnon-modular-include-in-framework-module -Werror\=non-modular-include-in-framework-module -Wno-trigraphs -Wno-missing-field-initializers -Wno-missing-prototypes -Wno-return-type -Wno-missing-braces -Wparentheses -Wswitch -Wno-unused-function -Wno-unused-label -Wno-unused-parameter -Wno-unused-variable -Wunused-value -Wno-empty-body -Wno-uninitialized -Wno-unknown-pragmas -w -Wno-shadow -Wno-four-char-constants -Wno-conversion -Wno-constant-conversion -Wno-int-conversion -Wno-bool-conversion -Wno-enum-conversion -Wno-float-conversion -Wno-non-literal-null-conversion -Wno-objc-literal-conversion -Wshorten-64-to-32 -Wpointer-sign -Wno-newline-eof -Wno-implicit-fallthrough -isysroot /Applications/Xcode-27.0.0-Release.Candidate.app/Contents/Developer/Platforms/WatchOS.platform/Developer/SDKs/WatchOS27.0.sdk -fstrict-aliasing -Wdeprecated-declarations -Wno-sign-conversion -Wno-infinite-recursion -Wno-comma -Wno-block-capture-autoreleasing -Wno-strict-prototypes -Wno-semicolon-before-method-body -index-store-path /Users/admin/builder/spi-builder-workspace/.derivedData/Index.noindex/DataStore @/Users/admin/builder/spi-builder-workspace/.derivedData/Build/Intermediates.noindex/swift-cwinrt.build/Debug-watchos/CWinRT-t.build/Objects-normal/arm64/7187679823f38a2a940e0043cdf9d637-common-args.resp -MMD -MT dependencies -MF /Users/admin/builder/spi-builder-workspace/.derivedData/Build/Intermediates.noindex/swift-cwinrt.build/Debug-watchos/CWinRT-t.build/Objects-normal/arm64/shim.d --serialize-diagnostics /Users/admin/builder/spi-builder-workspace/.derivedData/Build/Intermediates.noindex/swift-cwinrt.build/Debug-watchos/CWinRT-t.build/Objects-normal/arm64/shim.dia -c /Users/admin/builder/spi-builder-workspace/.dependencies/checkouts/swift-cwinrt/Sources/CWinRT/shim.c -o /Users/admin/builder/spi-builder-workspace/.derivedData/Build/Intermediates.noindex/swift-cwinrt.build/Debug-watchos/CWinRT-t.build/Objects-normal/arm64/shim.o -index-unit-output-path /swift-cwinrt.build/Debug-watchos/CWinRT-t.build/Objects-normal/arm64/shim.o
CompileC /Users/admin/builder/spi-builder-workspace/.derivedData/Build/Intermediates.noindex/swift-cwinrt.build/Debug-watchos/CWinRT-t.build/Objects-normal/arm64_32/shim.o /Users/admin/builder/spi-builder-workspace/.dependencies/checkouts/swift-cwinrt/Sources/CWinRT/shim.c normal arm64_32 c com.apple.compilers.llvm.clang.1_0.compiler (in target 'CWinRT' from project 'swift-cwinrt')
cd /Users/admin/builder/spi-builder-workspace/.swiftpm/xcode
Using response file: /Users/admin/builder/spi-builder-workspace/.derivedData/Build/Intermediates.noindex/swift-cwinrt.build/Debug-watchos/CWinRT-t.build/Objects-normal/arm64_32/7187679823f38a2a940e0043cdf9d637-common-args.resp
/Applications/Xcode-27.0.0-Release.Candidate.app/Contents/Developer/Toolchains/XcodeDefault.xctoolchain/usr/bin/clang -x c -ivfsstatcache /Users/admin/builder/spi-builder-workspace/.derivedData/SDKStatCaches.noindex/watchos27.0-24R360-e829b21a6f8c9b70876ba0858053c04477534ef55a1706bf4c1112bbb242f0a2.sdkstatcache -target arm64_32-apple-watchos9.0 -fmessage-length\=0 -fdiagnostics-show-note-include-stack -fmacro-backtrace-limit\=0 -fno-color-diagnostics -fmodules-prune-interval\=86400 -fmodules-prune-after\=345600 -fbuild-session-file\=/Users/admin/builder/spi-builder-workspace/.derivedData/ModuleCache.noindex/Session.modulevalidation -fmodules-validate-once-per-build-session -Wnon-modular-include-in-framework-module -Werror\=non-modular-include-in-framework-module -Wno-trigraphs -Wno-missing-field-initializers -Wno-missing-prototypes -Wno-return-type -Wno-missing-braces -Wparentheses -Wswitch -Wno-unused-function -Wno-unused-label -Wno-unused-parameter -Wno-unused-variable -Wunused-value -Wno-empty-body -Wno-uninitialized -Wno-unknown-pragmas -w -Wno-shadow -Wno-four-char-constants -Wno-conversion -Wno-constant-conversion -Wno-int-conversion -Wno-bool-conversion -Wno-enum-conversion -Wno-float-conversion -Wno-non-literal-null-conversion -Wno-objc-literal-conversion -Wno-shorten-64-to-32 -Wpointer-sign -Wno-newline-eof -Wno-implicit-fallthrough -isysroot /Applications/Xcode-27.0.0-Release.Candidate.app/Contents/Developer/Platforms/WatchOS.platform/Developer/SDKs/WatchOS27.0.sdk -fstrict-aliasing -Wdeprecated-declarations -Wno-sign-conversion -Wno-infinite-recursion -Wno-comma -Wno-block-capture-autoreleasing -Wno-strict-prototypes -Wno-semicolon-before-method-body -index-store-path /Users/admin/builder/spi-builder-workspace/.derivedData/Index.noindex/DataStore @/Users/admin/builder/spi-builder-workspace/.derivedData/Build/Intermediates.noindex/swift-cwinrt.build/Debug-watchos/CWinRT-t.build/Objects-normal/arm64_32/7187679823f38a2a940e0043cdf9d637-common-args.resp -MMD -MT dependencies -MF /Users/admin/builder/spi-builder-workspace/.derivedData/Build/Intermediates.noindex/swift-cwinrt.build/Debug-watchos/CWinRT-t.build/Objects-normal/arm64_32/shim.d --serialize-diagnostics /Users/admin/builder/spi-builder-workspace/.derivedData/Build/Intermediates.noindex/swift-cwinrt.build/Debug-watchos/CWinRT-t.build/Objects-normal/arm64_32/shim.dia -c /Users/admin/builder/spi-builder-workspace/.dependencies/checkouts/swift-cwinrt/Sources/CWinRT/shim.c -o /Users/admin/builder/spi-builder-workspace/.derivedData/Build/Intermediates.noindex/swift-cwinrt.build/Debug-watchos/CWinRT-t.build/Objects-normal/arm64_32/shim.o -index-unit-output-path /swift-cwinrt.build/Debug-watchos/CWinRT-t.build/Objects-normal/arm64_32/shim.o
Ld /Users/admin/builder/spi-builder-workspace/.derivedData/Build/Intermediates.noindex/swift-cwinrt.build/Debug-watchos/CWinRT-t.build/Objects-normal/arm64/Binary/CWinRT.o normal arm64 (in target 'CWinRT' from project 'swift-cwinrt')
cd /Users/admin/builder/spi-builder-workspace/.dependencies/checkouts/swift-cwinrt
/Applications/Xcode-27.0.0-Release.Candidate.app/Contents/Developer/Toolchains/XcodeDefault.xctoolchain/usr/bin/clang -Xlinker -reproducible -target arm64-apple-watchos9.0 -r -isysroot /Applications/Xcode-27.0.0-Release.Candidate.app/Contents/Developer/Platforms/WatchOS.platform/Developer/SDKs/WatchOS27.0.sdk -O0 -w -Xlinker -no_warn_duplicate_libraries -F/Users/admin/builder/spi-builder-workspace/.derivedData/Build/Intermediates.noindex/EagerLinkingTBDs/Debug-watchos -F/Users/admin/builder/spi-builder-workspace/.derivedData/Build/Products/Debug-watchos -iframework /Applications/Xcode-27.0.0-Release.Candidate.app/Contents/Developer/Platforms/WatchOS.platform/Developer/Library/Frameworks -iframework /Applications/Xcode-27.0.0-Release.Candidate.app/Contents/Developer/Platforms/WatchOS.platform/Developer/SDKs/WatchOS27.0.sdk/Developer/Library/Frameworks -filelist /Users/admin/builder/spi-builder-workspace/.derivedData/Build/Intermediates.noindex/swift-cwinrt.build/Debug-watchos/CWinRT-t.build/Objects-normal/arm64/CWinRT.LinkFileList -nostdlib -Xlinker -object_path_lto -Xlinker /Users/admin/builder/spi-builder-workspace/.derivedData/Build/Intermediates.noindex/swift-cwinrt.build/Debug-watchos/CWinRT-t.build/Objects-normal/arm64/CWinRT_lto.o -Xlinker -no_deduplicate -Xlinker -dependency_info -Xlinker /Users/admin/builder/spi-builder-workspace/.derivedData/Build/Intermediates.noindex/swift-cwinrt.build/Debug-watchos/CWinRT-t.build/Objects-normal/arm64/CWinRT_dependency_info.dat -o /Users/admin/builder/spi-builder-workspace/.derivedData/Build/Intermediates.noindex/swift-cwinrt.build/Debug-watchos/CWinRT-t.build/Objects-normal/arm64/Binary/CWinRT.o
Ld /Users/admin/builder/spi-builder-workspace/.derivedData/Build/Intermediates.noindex/swift-cwinrt.build/Debug-watchos/CWinRT-t.build/Objects-normal/arm64_32/Binary/CWinRT.o normal arm64_32 (in target 'CWinRT' from project 'swift-cwinrt')
cd /Users/admin/builder/spi-builder-workspace/.dependencies/checkouts/swift-cwinrt
/Applications/Xcode-27.0.0-Release.Candidate.app/Contents/Developer/Toolchains/XcodeDefault.xctoolchain/usr/bin/clang -Xlinker -reproducible -target arm64_32-apple-watchos9.0 -r -isysroot /Applications/Xcode-27.0.0-Release.Candidate.app/Contents/Developer/Platforms/WatchOS.platform/Developer/SDKs/WatchOS27.0.sdk -O0 -w -Xlinker -no_warn_duplicate_libraries -F/Users/admin/builder/spi-builder-workspace/.derivedData/Build/Intermediates.noindex/EagerLinkingTBDs/Debug-watchos -F/Users/admin/builder/spi-builder-workspace/.derivedData/Build/Products/Debug-watchos -iframework /Applications/Xcode-27.0.0-Release.Candidate.app/Contents/Developer/Platforms/WatchOS.platform/Developer/Library/Frameworks -iframework /Applications/Xcode-27.0.0-Release.Candidate.app/Contents/Developer/Platforms/WatchOS.platform/Developer/SDKs/WatchOS27.0.sdk/Developer/Library/Frameworks -filelist /Users/admin/builder/spi-builder-workspace/.derivedData/Build/Intermediates.noindex/swift-cwinrt.build/Debug-watchos/CWinRT-t.build/Objects-normal/arm64_32/CWinRT.LinkFileList -nostdlib -Xlinker -object_path_lto -Xlinker /Users/admin/builder/spi-builder-workspace/.derivedData/Build/Intermediates.noindex/swift-cwinrt.build/Debug-watchos/CWinRT-t.build/Objects-normal/arm64_32/CWinRT_lto.o -Xlinker -no_deduplicate -Xlinker -dependency_info -Xlinker /Users/admin/builder/spi-builder-workspace/.derivedData/Build/Intermediates.noindex/swift-cwinrt.build/Debug-watchos/CWinRT-t.build/Objects-normal/arm64_32/CWinRT_dependency_info.dat -o /Users/admin/builder/spi-builder-workspace/.derivedData/Build/Intermediates.noindex/swift-cwinrt.build/Debug-watchos/CWinRT-t.build/Objects-normal/arm64_32/Binary/CWinRT.o
CreateUniversalBinary /Users/admin/builder/spi-builder-workspace/.derivedData/Build/Products/Debug-watchos/CWinRT.o normal arm64\ arm64_32 (in target 'CWinRT' from project 'swift-cwinrt')
cd /Users/admin/builder/spi-builder-workspace/.dependencies/checkouts/swift-cwinrt
/Applications/Xcode-27.0.0-Release.Candidate.app/Contents/Developer/Toolchains/XcodeDefault.xctoolchain/usr/bin/lipo -create /Users/admin/builder/spi-builder-workspace/.derivedData/Build/Intermediates.noindex/swift-cwinrt.build/Debug-watchos/CWinRT-t.build/Objects-normal/arm64/Binary/CWinRT.o /Users/admin/builder/spi-builder-workspace/.derivedData/Build/Intermediates.noindex/swift-cwinrt.build/Debug-watchos/CWinRT-t.build/Objects-normal/arm64_32/Binary/CWinRT.o -output /Users/admin/builder/spi-builder-workspace/.derivedData/Build/Products/Debug-watchos/CWinRT.o
SwiftExplicitDependencyGeneratePcm arm64 /Users/admin/builder/spi-builder-workspace/.derivedData/SDKExplicitPrecompiledModules/SwiftShims-4MXFZPV6FEB0XBYXCGPWAMQGL.pcm
SwiftExplicitDependencyGeneratePcm arm64 /Users/admin/builder/spi-builder-workspace/.derivedData/SDKExplicitPrecompiledModules/_SwiftConcurrencyShims-659N52XSKR5F0QSB880BH2FJR.pcm
SwiftExplicitDependencyGeneratePcm arm64_32 /Users/admin/builder/spi-builder-workspace/.derivedData/SDKExplicitPrecompiledModules/SwiftShims-9CQQGWTSNTN9EB5NSHDWUJICH.pcm
SwiftExplicitDependencyGeneratePcm arm64_32 /Users/admin/builder/spi-builder-workspace/.derivedData/SDKExplicitPrecompiledModules/_SwiftConcurrencyShims-6RTBPQ03V7BM9SPRK8SUE055H.pcm
SwiftEmitModule normal arm64 Emitting\ module\ for\ SwiftDummy (in target 'SwiftDummy' from project 'swift-cwinrt')
SwiftCompile normal arm64 (in target 'SwiftDummy' from project 'swift-cwinrt')
cd /Users/admin/builder/spi-builder-workspace/.swiftpm/xcode
SwiftCompile normal arm64 Compiling\ Dummy.swift /Users/admin/builder/spi-builder-workspace/.dependencies/checkouts/swift-cwinrt/Sources/SwiftDummy/Dummy.swift (in target 'SwiftDummy' from project 'swift-cwinrt')
SwiftCompile normal arm64 /Users/admin/builder/spi-builder-workspace/.dependencies/checkouts/swift-cwinrt/Sources/SwiftDummy/Dummy.swift (in target 'SwiftDummy' from project 'swift-cwinrt')
cd /Users/admin/builder/spi-builder-workspace/.swiftpm/xcode
builtin-SwiftPerFileCompile Dummy.swift
SwiftCompile normal arm64_32 Compiling\ Dummy.swift /Users/admin/builder/spi-builder-workspace/.dependencies/checkouts/swift-cwinrt/Sources/SwiftDummy/Dummy.swift (in target 'SwiftDummy' from project 'swift-cwinrt')
SwiftCompile normal arm64_32 /Users/admin/builder/spi-builder-workspace/.dependencies/checkouts/swift-cwinrt/Sources/SwiftDummy/Dummy.swift (in target 'SwiftDummy' from project 'swift-cwinrt')
cd /Users/admin/builder/spi-builder-workspace/.swiftpm/xcode
builtin-SwiftPerFileCompile Dummy.swift
SwiftEmitModule normal arm64_32 Emitting\ module\ for\ SwiftDummy (in target 'SwiftDummy' from project 'swift-cwinrt')
SwiftCompile normal arm64_32 (in target 'SwiftDummy' from project 'swift-cwinrt')
cd /Users/admin/builder/spi-builder-workspace/.swiftpm/xcode
SwiftDriverJobDiscovery normal arm64 Emitting module for SwiftDummy (in target 'SwiftDummy' from project 'swift-cwinrt')
SwiftDriver\ Compilation\ Requirements SwiftDummy normal arm64 com.apple.xcode.tools.swift.compiler (in target 'SwiftDummy' from project 'swift-cwinrt')
cd /Users/admin/builder/spi-builder-workspace/.swiftpm/xcode
builtin-Swift-Compilation-Requirements -- /Applications/Xcode-27.0.0-Release.Candidate.app/Contents/Developer/Toolchains/XcodeDefault.xctoolchain/usr/bin/swiftc -parse-as-library -module-name SwiftDummy -Onone @/Users/admin/builder/spi-builder-workspace/.derivedData/Build/Intermediates.noindex/swift-cwinrt.build/Debug-watchos/SwiftDummy-t.build/Objects-normal/arm64/SwiftDummy.SwiftFileList -DSWIFT_PACKAGE -DDEBUG -DSWIFT_MODULE_RESOURCE_BUNDLE_UNAVAILABLE -DXcode -plugin-path /Applications/Xcode-27.0.0-Release.Candidate.app/Contents/Developer/Toolchains/XcodeDefault.xctoolchain/usr/lib/swift/host/plugins/testing -enable-experimental-feature DebugDescriptionMacro -sdk /Applications/Xcode-27.0.0-Release.Candidate.app/Contents/Developer/Platforms/WatchOS.platform/Developer/SDKs/WatchOS27.0.sdk -target arm64-apple-watchos9.0 -g -module-cache-path /Users/admin/builder/spi-builder-workspace/.derivedData/ModuleCache.noindex -Xfrontend -serialize-debugging-options -enable-testing -suppress-warnings -index-store-path /Users/admin/builder/spi-builder-workspace/.derivedData/Index.noindex/DataStore -Xcc -D_LIBCPP_HARDENING_MODE\=_LIBCPP_HARDENING_MODE_DEBUG -swift-version 5 -I /Users/admin/builder/spi-builder-workspace/.derivedData/Build/Products/Debug-watchos -Isystem /Applications/Xcode-27.0.0-Release.Candidate.app/Contents/Developer/Platforms/WatchOS.platform/Developer/usr/lib -F /Users/admin/builder/spi-builder-workspace/.derivedData/Build/Products/Debug-watchos -F /Applications/Xcode-27.0.0-Release.Candidate.app/Contents/Developer/Platforms/WatchOS.platform/Developer/Library/Frameworks -F /Applications/Xcode-27.0.0-Release.Candidate.app/Contents/Developer/Platforms/WatchOS.platform/Developer/SDKs/WatchOS27.0.sdk/Developer/Library/Frameworks -c -j10 -enable-batch-mode -incremental -Xcc -ivfsstatcache -Xcc /Users/admin/builder/spi-builder-workspace/.derivedData/SDKStatCaches.noindex/watchos27.0-24R360-e829b21a6f8c9b70876ba0858053c04477534ef55a1706bf4c1112bbb242f0a2.sdkstatcache -output-file-map /Users/admin/builder/spi-builder-workspace/.derivedData/Build/Intermediates.noindex/swift-cwinrt.build/Debug-watchos/SwiftDummy-t.build/Objects-normal/arm64/SwiftDummy-OutputFileMap.json -save-temps -no-color-diagnostics -explicit-module-build -module-cache-path /Users/admin/builder/spi-builder-workspace/.derivedData/Build/Intermediates.noindex/SwiftExplicitPrecompiledModules -clang-scanner-module-cache-path /Users/admin/builder/spi-builder-workspace/.derivedData/ModuleCache.noindex -sdk-module-cache-path /Users/admin/builder/spi-builder-workspace/.derivedData/SDKExplicitPrecompiledModules -emit-dependencies -emit-module -emit-module-path /Users/admin/builder/spi-builder-workspace/.derivedData/Build/Intermediates.noindex/swift-cwinrt.build/Debug-watchos/SwiftDummy-t.build/Objects-normal/arm64/SwiftDummy.swiftmodule -serialize-diagnostics -dependency-scan-serialize-diagnostics-path /Users/admin/builder/spi-builder-workspace/.derivedData/Build/Intermediates.noindex/swift-cwinrt.build/Debug-watchos/SwiftDummy-t.build/Objects-normal/arm64/SwiftDummy-dependency-scan.dia -validate-clang-modules-once -clang-build-session-file /Users/admin/builder/spi-builder-workspace/.derivedData/ModuleCache.noindex/Session.modulevalidation -Xcc -fmodules-prune-interval\=86400 -Xcc -fmodules-prune-after\=345600 -package-name swift_cwinrt -emit-const-values -const-gather-protocols-list /Users/admin/builder/spi-builder-workspace/.derivedData/Build/Intermediates.noindex/swift-cwinrt.build/Debug-watchos/SwiftDummy-t.build/Objects-normal/arm64/SwiftDummy_const_extract_protocols.json -Xcc -I/Users/admin/builder/spi-builder-workspace/.derivedData/Build/Products/Debug-watchos/include -Xcc -I/Users/admin/builder/spi-builder-workspace/.derivedData/Build/Intermediates.noindex/swift-cwinrt.build/Debug-watchos/SwiftDummy-t.build/DerivedSources-normal/arm64 -Xcc -I/Users/admin/builder/spi-builder-workspace/.derivedData/Build/Intermediates.noindex/swift-cwinrt.build/Debug-watchos/SwiftDummy-t.build/DerivedSources/arm64 -Xcc -I/Users/admin/builder/spi-builder-workspace/.derivedData/Build/Intermediates.noindex/swift-cwinrt.build/Debug-watchos/SwiftDummy-t.build/DerivedSources -Xcc -DSWIFT_PACKAGE -Xcc -DDEBUG\=1 -emit-objc-header -emit-objc-header-path /Users/admin/builder/spi-builder-workspace/.derivedData/Build/Intermediates.noindex/swift-cwinrt.build/Debug-watchos/SwiftDummy-t.build/Objects-normal/arm64/SwiftDummy-Swift.h -working-directory /Users/admin/builder/spi-builder-workspace/.swiftpm/xcode -experimental-emit-module-separately -disable-cmo
SwiftDriverJobDiscovery normal arm64_32 Emitting module for SwiftDummy (in target 'SwiftDummy' from project 'swift-cwinrt')
SwiftDriver\ Compilation\ Requirements SwiftDummy normal arm64_32 com.apple.xcode.tools.swift.compiler (in target 'SwiftDummy' from project 'swift-cwinrt')
cd /Users/admin/builder/spi-builder-workspace/.swiftpm/xcode
builtin-Swift-Compilation-Requirements -- /Applications/Xcode-27.0.0-Release.Candidate.app/Contents/Developer/Toolchains/XcodeDefault.xctoolchain/usr/bin/swiftc -parse-as-library -module-name SwiftDummy -Onone @/Users/admin/builder/spi-builder-workspace/.derivedData/Build/Intermediates.noindex/swift-cwinrt.build/Debug-watchos/SwiftDummy-t.build/Objects-normal/arm64_32/SwiftDummy.SwiftFileList -DSWIFT_PACKAGE -DDEBUG -DSWIFT_MODULE_RESOURCE_BUNDLE_UNAVAILABLE -DXcode -plugin-path /Applications/Xcode-27.0.0-Release.Candidate.app/Contents/Developer/Toolchains/XcodeDefault.xctoolchain/usr/lib/swift/host/plugins/testing -enable-experimental-feature DebugDescriptionMacro -sdk /Applications/Xcode-27.0.0-Release.Candidate.app/Contents/Developer/Platforms/WatchOS.platform/Developer/SDKs/WatchOS27.0.sdk -target arm64_32-apple-watchos9.0 -g -module-cache-path /Users/admin/builder/spi-builder-workspace/.derivedData/ModuleCache.noindex -Xfrontend -serialize-debugging-options -enable-testing -suppress-warnings -index-store-path /Users/admin/builder/spi-builder-workspace/.derivedData/Index.noindex/DataStore -Xcc -D_LIBCPP_HARDENING_MODE\=_LIBCPP_HARDENING_MODE_DEBUG -swift-version 5 -I /Users/admin/builder/spi-builder-workspace/.derivedData/Build/Products/Debug-watchos -Isystem /Applications/Xcode-27.0.0-Release.Candidate.app/Contents/Developer/Platforms/WatchOS.platform/Developer/usr/lib -F /Users/admin/builder/spi-builder-workspace/.derivedData/Build/Products/Debug-watchos -F /Applications/Xcode-27.0.0-Release.Candidate.app/Contents/Developer/Platforms/WatchOS.platform/Developer/Library/Frameworks -F /Applications/Xcode-27.0.0-Release.Candidate.app/Contents/Developer/Platforms/WatchOS.platform/Developer/SDKs/WatchOS27.0.sdk/Developer/Library/Frameworks -c -j10 -enable-batch-mode -incremental -Xcc -ivfsstatcache -Xcc /Users/admin/builder/spi-builder-workspace/.derivedData/SDKStatCaches.noindex/watchos27.0-24R360-e829b21a6f8c9b70876ba0858053c04477534ef55a1706bf4c1112bbb242f0a2.sdkstatcache -output-file-map /Users/admin/builder/spi-builder-workspace/.derivedData/Build/Intermediates.noindex/swift-cwinrt.build/Debug-watchos/SwiftDummy-t.build/Objects-normal/arm64_32/SwiftDummy-OutputFileMap.json -save-temps -no-color-diagnostics -explicit-module-build -module-cache-path /Users/admin/builder/spi-builder-workspace/.derivedData/Build/Intermediates.noindex/SwiftExplicitPrecompiledModules -clang-scanner-module-cache-path /Users/admin/builder/spi-builder-workspace/.derivedData/ModuleCache.noindex -sdk-module-cache-path /Users/admin/builder/spi-builder-workspace/.derivedData/SDKExplicitPrecompiledModules -emit-dependencies -emit-module -emit-module-path /Users/admin/builder/spi-builder-workspace/.derivedData/Build/Intermediates.noindex/swift-cwinrt.build/Debug-watchos/SwiftDummy-t.build/Objects-normal/arm64_32/SwiftDummy.swiftmodule -serialize-diagnostics -dependency-scan-serialize-diagnostics-path /Users/admin/builder/spi-builder-workspace/.derivedData/Build/Intermediates.noindex/swift-cwinrt.build/Debug-watchos/SwiftDummy-t.build/Objects-normal/arm64_32/SwiftDummy-dependency-scan.dia -validate-clang-modules-once -clang-build-session-file /Users/admin/builder/spi-builder-workspace/.derivedData/ModuleCache.noindex/Session.modulevalidation -Xcc -fmodules-prune-interval\=86400 -Xcc -fmodules-prune-after\=345600 -package-name swift_cwinrt -emit-const-values -const-gather-protocols-list /Users/admin/builder/spi-builder-workspace/.derivedData/Build/Intermediates.noindex/swift-cwinrt.build/Debug-watchos/SwiftDummy-t.build/Objects-normal/arm64_32/SwiftDummy_const_extract_protocols.json -Xcc -I/Users/admin/builder/spi-builder-workspace/.derivedData/Build/Products/Debug-watchos/include -Xcc -I/Users/admin/builder/spi-builder-workspace/.derivedData/Build/Intermediates.noindex/swift-cwinrt.build/Debug-watchos/SwiftDummy-t.build/DerivedSources-normal/arm64_32 -Xcc -I/Users/admin/builder/spi-builder-workspace/.derivedData/Build/Intermediates.noindex/swift-cwinrt.build/Debug-watchos/SwiftDummy-t.build/DerivedSources/arm64_32 -Xcc -I/Users/admin/builder/spi-builder-workspace/.derivedData/Build/Intermediates.noindex/swift-cwinrt.build/Debug-watchos/SwiftDummy-t.build/DerivedSources -Xcc -DSWIFT_PACKAGE -Xcc -DDEBUG\=1 -emit-objc-header -emit-objc-header-path /Users/admin/builder/spi-builder-workspace/.derivedData/Build/Intermediates.noindex/swift-cwinrt.build/Debug-watchos/SwiftDummy-t.build/Objects-normal/arm64_32/SwiftDummy-Swift.h -working-directory /Users/admin/builder/spi-builder-workspace/.swiftpm/xcode -experimental-emit-module-separately -disable-cmo
SwiftMergeGeneratedHeaders /Users/admin/builder/spi-builder-workspace/.derivedData/Build/Intermediates.noindex/GeneratedModuleMaps-watchos/SwiftDummy-Swift.h /Users/admin/builder/spi-builder-workspace/.derivedData/Build/Intermediates.noindex/swift-cwinrt.build/Debug-watchos/SwiftDummy-t.build/Objects-normal/arm64/SwiftDummy-Swift.h /Users/admin/builder/spi-builder-workspace/.derivedData/Build/Intermediates.noindex/swift-cwinrt.build/Debug-watchos/SwiftDummy-t.build/Objects-normal/arm64_32/SwiftDummy-Swift.h (in target 'SwiftDummy' from project 'swift-cwinrt')
cd /Users/admin/builder/spi-builder-workspace/.dependencies/checkouts/swift-cwinrt
builtin-swiftHeaderTool -arch arm64 /Users/admin/builder/spi-builder-workspace/.derivedData/Build/Intermediates.noindex/swift-cwinrt.build/Debug-watchos/SwiftDummy-t.build/Objects-normal/arm64/SwiftDummy-Swift.h -arch arm64_32 /Users/admin/builder/spi-builder-workspace/.derivedData/Build/Intermediates.noindex/swift-cwinrt.build/Debug-watchos/SwiftDummy-t.build/Objects-normal/arm64_32/SwiftDummy-Swift.h -o /Users/admin/builder/spi-builder-workspace/.derivedData/Build/Intermediates.noindex/GeneratedModuleMaps-watchos/SwiftDummy-Swift.h
Copy /Users/admin/builder/spi-builder-workspace/.derivedData/Build/Products/Debug-watchos/SwiftDummy.swiftmodule/arm64-apple-watchos.swiftdoc /Users/admin/builder/spi-builder-workspace/.derivedData/Build/Intermediates.noindex/swift-cwinrt.build/Debug-watchos/SwiftDummy-t.build/Objects-normal/arm64/SwiftDummy.swiftdoc (in target 'SwiftDummy' from project 'swift-cwinrt')
cd /Users/admin/builder/spi-builder-workspace/.dependencies/checkouts/swift-cwinrt
builtin-copy -exclude .DS_Store -exclude CVS -exclude .svn -exclude .git -exclude .hg -resolve-src-symlinks -rename /Users/admin/builder/spi-builder-workspace/.derivedData/Build/Intermediates.noindex/swift-cwinrt.build/Debug-watchos/SwiftDummy-t.build/Objects-normal/arm64/SwiftDummy.swiftdoc /Users/admin/builder/spi-builder-workspace/.derivedData/Build/Products/Debug-watchos/SwiftDummy.swiftmodule/arm64-apple-watchos.swiftdoc
Copy /Users/admin/builder/spi-builder-workspace/.derivedData/Build/Products/Debug-watchos/SwiftDummy.swiftmodule/arm64-apple-watchos.abi.json /Users/admin/builder/spi-builder-workspace/.derivedData/Build/Intermediates.noindex/swift-cwinrt.build/Debug-watchos/SwiftDummy-t.build/Objects-normal/arm64/SwiftDummy.abi.json (in target 'SwiftDummy' from project 'swift-cwinrt')
cd /Users/admin/builder/spi-builder-workspace/.dependencies/checkouts/swift-cwinrt
builtin-copy -exclude .DS_Store -exclude CVS -exclude .svn -exclude .git -exclude .hg -resolve-src-symlinks -rename /Users/admin/builder/spi-builder-workspace/.derivedData/Build/Intermediates.noindex/swift-cwinrt.build/Debug-watchos/SwiftDummy-t.build/Objects-normal/arm64/SwiftDummy.abi.json /Users/admin/builder/spi-builder-workspace/.derivedData/Build/Products/Debug-watchos/SwiftDummy.swiftmodule/arm64-apple-watchos.abi.json
Copy /Users/admin/builder/spi-builder-workspace/.derivedData/Build/Products/Debug-watchos/SwiftDummy.swiftmodule/arm64-apple-watchos.swiftmodule /Users/admin/builder/spi-builder-workspace/.derivedData/Build/Intermediates.noindex/swift-cwinrt.build/Debug-watchos/SwiftDummy-t.build/Objects-normal/arm64/SwiftDummy.swiftmodule (in target 'SwiftDummy' from project 'swift-cwinrt')
cd /Users/admin/builder/spi-builder-workspace/.dependencies/checkouts/swift-cwinrt
builtin-copy -exclude .DS_Store -exclude CVS -exclude .svn -exclude .git -exclude .hg -resolve-src-symlinks -rename /Users/admin/builder/spi-builder-workspace/.derivedData/Build/Intermediates.noindex/swift-cwinrt.build/Debug-watchos/SwiftDummy-t.build/Objects-normal/arm64/SwiftDummy.swiftmodule /Users/admin/builder/spi-builder-workspace/.derivedData/Build/Products/Debug-watchos/SwiftDummy.swiftmodule/arm64-apple-watchos.swiftmodule
Copy /Users/admin/builder/spi-builder-workspace/.derivedData/Build/Products/Debug-watchos/SwiftDummy.swiftmodule/arm64_32-apple-watchos.swiftmodule /Users/admin/builder/spi-builder-workspace/.derivedData/Build/Intermediates.noindex/swift-cwinrt.build/Debug-watchos/SwiftDummy-t.build/Objects-normal/arm64_32/SwiftDummy.swiftmodule (in target 'SwiftDummy' from project 'swift-cwinrt')
cd /Users/admin/builder/spi-builder-workspace/.dependencies/checkouts/swift-cwinrt
builtin-copy -exclude .DS_Store -exclude CVS -exclude .svn -exclude .git -exclude .hg -resolve-src-symlinks -rename /Users/admin/builder/spi-builder-workspace/.derivedData/Build/Intermediates.noindex/swift-cwinrt.build/Debug-watchos/SwiftDummy-t.build/Objects-normal/arm64_32/SwiftDummy.swiftmodule /Users/admin/builder/spi-builder-workspace/.derivedData/Build/Products/Debug-watchos/SwiftDummy.swiftmodule/arm64_32-apple-watchos.swiftmodule
Copy /Users/admin/builder/spi-builder-workspace/.derivedData/Build/Products/Debug-watchos/SwiftDummy.swiftmodule/arm64_32-apple-watchos.abi.json /Users/admin/builder/spi-builder-workspace/.derivedData/Build/Intermediates.noindex/swift-cwinrt.build/Debug-watchos/SwiftDummy-t.build/Objects-normal/arm64_32/SwiftDummy.abi.json (in target 'SwiftDummy' from project 'swift-cwinrt')
cd /Users/admin/builder/spi-builder-workspace/.dependencies/checkouts/swift-cwinrt
builtin-copy -exclude .DS_Store -exclude CVS -exclude .svn -exclude .git -exclude .hg -resolve-src-symlinks -rename /Users/admin/builder/spi-builder-workspace/.derivedData/Build/Intermediates.noindex/swift-cwinrt.build/Debug-watchos/SwiftDummy-t.build/Objects-normal/arm64_32/SwiftDummy.abi.json /Users/admin/builder/spi-builder-workspace/.derivedData/Build/Products/Debug-watchos/SwiftDummy.swiftmodule/arm64_32-apple-watchos.abi.json
Copy /Users/admin/builder/spi-builder-workspace/.derivedData/Build/Products/Debug-watchos/SwiftDummy.swiftmodule/arm64_32-apple-watchos.swiftdoc /Users/admin/builder/spi-builder-workspace/.derivedData/Build/Intermediates.noindex/swift-cwinrt.build/Debug-watchos/SwiftDummy-t.build/Objects-normal/arm64_32/SwiftDummy.swiftdoc (in target 'SwiftDummy' from project 'swift-cwinrt')
cd /Users/admin/builder/spi-builder-workspace/.dependencies/checkouts/swift-cwinrt
builtin-copy -exclude .DS_Store -exclude CVS -exclude .svn -exclude .git -exclude .hg -resolve-src-symlinks -rename /Users/admin/builder/spi-builder-workspace/.derivedData/Build/Intermediates.noindex/swift-cwinrt.build/Debug-watchos/SwiftDummy-t.build/Objects-normal/arm64_32/SwiftDummy.swiftdoc /Users/admin/builder/spi-builder-workspace/.derivedData/Build/Products/Debug-watchos/SwiftDummy.swiftmodule/arm64_32-apple-watchos.swiftdoc
Copy /Users/admin/builder/spi-builder-workspace/.derivedData/Build/Products/Debug-watchos/SwiftDummy.swiftmodule/Project/arm64_32-apple-watchos.swiftsourceinfo /Users/admin/builder/spi-builder-workspace/.derivedData/Build/Intermediates.noindex/swift-cwinrt.build/Debug-watchos/SwiftDummy-t.build/Objects-normal/arm64_32/SwiftDummy.swiftsourceinfo (in target 'SwiftDummy' from project 'swift-cwinrt')
cd /Users/admin/builder/spi-builder-workspace/.dependencies/checkouts/swift-cwinrt
builtin-copy -exclude .DS_Store -exclude CVS -exclude .svn -exclude .git -exclude .hg -resolve-src-symlinks -rename /Users/admin/builder/spi-builder-workspace/.derivedData/Build/Intermediates.noindex/swift-cwinrt.build/Debug-watchos/SwiftDummy-t.build/Objects-normal/arm64_32/SwiftDummy.swiftsourceinfo /Users/admin/builder/spi-builder-workspace/.derivedData/Build/Products/Debug-watchos/SwiftDummy.swiftmodule/Project/arm64_32-apple-watchos.swiftsourceinfo
Copy /Users/admin/builder/spi-builder-workspace/.derivedData/Build/Products/Debug-watchos/SwiftDummy.swiftmodule/Project/arm64-apple-watchos.swiftsourceinfo /Users/admin/builder/spi-builder-workspace/.derivedData/Build/Intermediates.noindex/swift-cwinrt.build/Debug-watchos/SwiftDummy-t.build/Objects-normal/arm64/SwiftDummy.swiftsourceinfo (in target 'SwiftDummy' from project 'swift-cwinrt')
cd /Users/admin/builder/spi-builder-workspace/.dependencies/checkouts/swift-cwinrt
builtin-copy -exclude .DS_Store -exclude CVS -exclude .svn -exclude .git -exclude .hg -resolve-src-symlinks -rename /Users/admin/builder/spi-builder-workspace/.derivedData/Build/Intermediates.noindex/swift-cwinrt.build/Debug-watchos/SwiftDummy-t.build/Objects-normal/arm64/SwiftDummy.swiftsourceinfo /Users/admin/builder/spi-builder-workspace/.derivedData/Build/Products/Debug-watchos/SwiftDummy.swiftmodule/Project/arm64-apple-watchos.swiftsourceinfo
SwiftDriver WindowsFoundation normal arm64 com.apple.xcode.tools.swift.compiler (in target 'WindowsFoundation' from project 'swift-windowsfoundation')
cd /Users/admin/builder/spi-builder-workspace/.swiftpm/xcode
builtin-SwiftDriver -- /Applications/Xcode-27.0.0-Release.Candidate.app/Contents/Developer/Toolchains/XcodeDefault.xctoolchain/usr/bin/swiftc -parse-as-library -module-name WindowsFoundation -Onone @/Users/admin/builder/spi-builder-workspace/.derivedData/Build/Intermediates.noindex/swift-windowsfoundation.build/Debug-watchos/WindowsFoundation-t.build/Objects-normal/arm64/WindowsFoundation.SwiftFileList -DSWIFT_PACKAGE -DDEBUG -DSWIFT_MODULE_RESOURCE_BUNDLE_UNAVAILABLE -Xcc -fmodule-map-file\=/Users/admin/builder/spi-builder-workspace/.derivedData/Build/Intermediates.noindex/GeneratedModuleMaps-watchos/CWinRT.modulemap -DXcode -plugin-path /Applications/Xcode-27.0.0-Release.Candidate.app/Contents/Developer/Toolchains/XcodeDefault.xctoolchain/usr/lib/swift/host/plugins/testing -enable-experimental-feature DebugDescriptionMacro -sdk /Applications/Xcode-27.0.0-Release.Candidate.app/Contents/Developer/Platforms/WatchOS.platform/Developer/SDKs/WatchOS27.0.sdk -target arm64-apple-watchos9.0 -g -module-cache-path /Users/admin/builder/spi-builder-workspace/.derivedData/ModuleCache.noindex -Xfrontend -serialize-debugging-options -enable-testing -index-store-path /Users/admin/builder/spi-builder-workspace/.derivedData/Index.noindex/DataStore -Xcc -D_LIBCPP_HARDENING_MODE\=_LIBCPP_HARDENING_MODE_DEBUG -swift-version 5 -I /Users/admin/builder/spi-builder-workspace/.derivedData/Build/Products/Debug-watchos -Isystem /Applications/Xcode-27.0.0-Release.Candidate.app/Contents/Developer/Platforms/WatchOS.platform/Developer/usr/lib -F /Users/admin/builder/spi-builder-workspace/.derivedData/Build/Products/Debug-watchos/PackageFrameworks -F /Users/admin/builder/spi-builder-workspace/.derivedData/Build/Products/Debug-watchos -F /Applications/Xcode-27.0.0-Release.Candidate.app/Contents/Developer/Platforms/WatchOS.platform/Developer/Library/Frameworks -F /Applications/Xcode-27.0.0-Release.Candidate.app/Contents/Developer/Platforms/WatchOS.platform/Developer/SDKs/WatchOS27.0.sdk/Developer/Library/Frameworks -c -j10 -enable-batch-mode -incremental -Xcc -ivfsstatcache -Xcc /Users/admin/builder/spi-builder-workspace/.derivedData/SDKStatCaches.noindex/watchos27.0-24R360-e829b21a6f8c9b70876ba0858053c04477534ef55a1706bf4c1112bbb242f0a2.sdkstatcache -output-file-map /Users/admin/builder/spi-builder-workspace/.derivedData/Build/Intermediates.noindex/swift-windowsfoundation.build/Debug-watchos/WindowsFoundation-t.build/Objects-normal/arm64/WindowsFoundation-OutputFileMap.json -save-temps -no-color-diagnostics -explicit-module-build -module-cache-path /Users/admin/builder/spi-builder-workspace/.derivedData/Build/Intermediates.noindex/SwiftExplicitPrecompiledModules -clang-scanner-module-cache-path /Users/admin/builder/spi-builder-workspace/.derivedData/ModuleCache.noindex -sdk-module-cache-path /Users/admin/builder/spi-builder-workspace/.derivedData/SDKExplicitPrecompiledModules -emit-dependencies -emit-module -emit-module-path /Users/admin/builder/spi-builder-workspace/.derivedData/Build/Intermediates.noindex/swift-windowsfoundation.build/Debug-watchos/WindowsFoundation-t.build/Objects-normal/arm64/WindowsFoundation.swiftmodule -serialize-diagnostics -dependency-scan-serialize-diagnostics-path /Users/admin/builder/spi-builder-workspace/.derivedData/Build/Intermediates.noindex/swift-windowsfoundation.build/Debug-watchos/WindowsFoundation-t.build/Objects-normal/arm64/WindowsFoundation-dependency-scan.dia -validate-clang-modules-once -clang-build-session-file /Users/admin/builder/spi-builder-workspace/.derivedData/ModuleCache.noindex/Session.modulevalidation -Xcc -fmodules-prune-interval\=86400 -Xcc -fmodules-prune-after\=345600 -package-name spi_builder_workspace -emit-const-values -const-gather-protocols-list /Users/admin/builder/spi-builder-workspace/.derivedData/Build/Intermediates.noindex/swift-windowsfoundation.build/Debug-watchos/WindowsFoundation-t.build/Objects-normal/arm64/WindowsFoundation_const_extract_protocols.json -Xcc -I/Users/admin/builder/spi-builder-workspace/.dependencies/checkouts/swift-cwinrt/Sources/CWinRT/include -Xcc -I/Users/admin/builder/spi-builder-workspace/.derivedData/Build/Products/Debug-watchos/include -Xcc -I/Users/admin/builder/spi-builder-workspace/.derivedData/Build/Intermediates.noindex/swift-windowsfoundation.build/Debug-watchos/WindowsFoundation-t.build/DerivedSources-normal/arm64 -Xcc -I/Users/admin/builder/spi-builder-workspace/.derivedData/Build/Intermediates.noindex/swift-windowsfoundation.build/Debug-watchos/WindowsFoundation-t.build/DerivedSources/arm64 -Xcc -I/Users/admin/builder/spi-builder-workspace/.derivedData/Build/Intermediates.noindex/swift-windowsfoundation.build/Debug-watchos/WindowsFoundation-t.build/DerivedSources -Xcc -DSWIFT_PACKAGE -Xcc -DDEBUG\=1 -emit-objc-header -emit-objc-header-path /Users/admin/builder/spi-builder-workspace/.derivedData/Build/Intermediates.noindex/swift-windowsfoundation.build/Debug-watchos/WindowsFoundation-t.build/Objects-normal/arm64/WindowsFoundation-Swift.h -working-directory /Users/admin/builder/spi-builder-workspace/.swiftpm/xcode -experimental-emit-module-separately -disable-cmo
error: Clang dependency scanning failure: While building module 'CWinRT' imported from module-include.input:1:
In file included from <module-includes>:1:
/Users/admin/builder/spi-builder-workspace/.dependencies/checkouts/swift-cwinrt/Sources/CWinRT/include/CWinRT.h:4:10: fatal error: 'wtypesbase.h' file not found
module-include.input:1:2: fatal error: could not build module 'CWinRT'
(in target 'WindowsFoundation' from project 'swift-windowsfoundation')
/Users/admin/builder/spi-builder-workspace/Sources/WindowsFoundation/Generated/Support/AGGREGATION.swift:1:8: error: Unable to resolve module dependency: 'CWinRT' (in target 'WindowsFoundation' from project 'swift-windowsfoundation')
note: A dependency of main module 'WindowsFoundation'
/Users/admin/builder/spi-builder-workspace/Sources/WindowsFoundation/Generated/Support/COM+EXTENSIONS.swift:5:8: note: Also imported here
/Users/admin/builder/spi-builder-workspace/Sources/WindowsFoundation/Generated/Support/COMPTR.swift:3:8: note: Also imported here
/Users/admin/builder/spi-builder-workspace/Sources/WindowsFoundation/Generated/Support/CPPINTEROPWORKAROUND.swift:1:8: note: Also imported here
/Users/admin/builder/spi-builder-workspace/Sources/WindowsFoundation/Generated/Support/CUSTOMQUERYINTERFACE.swift:1:8: note: Also imported here
/Users/admin/builder/spi-builder-workspace/Sources/WindowsFoundation/Generated/Support/ERROR.swift:5:8: note: Also imported here
/Users/admin/builder/spi-builder-workspace/Sources/WindowsFoundation/Generated/Support/EVENT.swift:2:8: note: Also imported here
/Users/admin/builder/spi-builder-workspace/Sources/WindowsFoundation/Generated/Support/EVENTHANDLERSUBSCRIPTION.swift:3:8: note: Also imported here
/Users/admin/builder/spi-builder-workspace/Sources/WindowsFoundation/Generated/Support/EVENTSOURCE.swift:3:8: note: Also imported here
/Users/admin/builder/spi-builder-workspace/Sources/WindowsFoundation/Generated/Support/GUID.swift:2:8: note: Also imported here
/Users/admin/builder/spi-builder-workspace/Sources/WindowsFoundation/Generated/Support/HSTRING.swift:4:8: note: Also imported here
/Users/admin/builder/spi-builder-workspace/Sources/WindowsFoundation/Generated/Support/IBUFFERBYTEACCESS.swift:1:8: note: Also imported here
/Users/admin/builder/spi-builder-workspace/Sources/WindowsFoundation/Generated/Support/IINSPECTABLE+SWIFT.swift:4:8: note: Also imported here
/Users/admin/builder/spi-builder-workspace/Sources/WindowsFoundation/Generated/Support/IINSPECTABLE.swift:4:8: note: Also imported here
/Users/admin/builder/spi-builder-workspace/Sources/WindowsFoundation/Generated/Support/IMEMORYBUFFERBYTEACCESS.swift:1:8: note: Also imported here
/Users/admin/builder/spi-builder-workspace/Sources/WindowsFoundation/Generated/Support/IUNKNOWN.swift:5:8: note: Also imported here
/Users/admin/builder/spi-builder-workspace/Sources/WindowsFoundation/Generated/Support/MARSHALER.swift:1:8: note: Also imported here
/Users/admin/builder/spi-builder-workspace/Sources/WindowsFoundation/Generated/Support/PROPERTYVALUE+ABI.swift:1:8: note: Also imported here
/Users/admin/builder/spi-builder-workspace/Sources/WindowsFoundation/Generated/Support/PROPERTYVALUE.swift:2:8: note: Also imported here
/Users/admin/builder/spi-builder-workspace/Sources/WindowsFoundation/Generated/Support/RUNTIME+SWIFT.swift:5:8: note: Also imported here
/Users/admin/builder/spi-builder-workspace/Sources/WindowsFoundation/Generated/Support/SWIFT+EXTENSIONS.swift:4:8: note: Also imported here
/Users/admin/builder/spi-builder-workspace/Sources/WindowsFoundation/Generated/Support/TRUSTLEVEL+SWIFT.swift:4:8: note: Also imported here
/Users/admin/builder/spi-builder-workspace/Sources/WindowsFoundation/Generated/Support/WINRTPROTOCOLS.swift:1:8: note: Also imported here
/Users/admin/builder/spi-builder-workspace/Sources/WindowsFoundation/Generated/Support/WINRTWRAPPERBASE.swift:1:8: note: Also imported here
/Users/admin/builder/spi-builder-workspace/Sources/WindowsFoundation/Generated/Windows.Foundation+ABI.swift:4:8: note: Also imported here
/Users/admin/builder/spi-builder-workspace/Sources/WindowsFoundation/Generated/Windows.Foundation+Impl.swift:4:8: note: Also imported here
/Users/admin/builder/spi-builder-workspace/Sources/WindowsFoundation/Generated/Windows.Foundation.Collections+ABI.swift:4:8: note: Also imported here
/Users/admin/builder/spi-builder-workspace/Sources/WindowsFoundation/Generated/Windows.Foundation.Collections+Impl.swift:4:8: note: Also imported here
/Users/admin/builder/spi-builder-workspace/Sources/WindowsFoundation/Generated/Windows.Foundation.Collections.swift:4:8: note: Also imported here
/Users/admin/builder/spi-builder-workspace/Sources/WindowsFoundation/Generated/Windows.Foundation.Numerics+ABI.swift:4:8: note: Also imported here
/Users/admin/builder/spi-builder-workspace/Sources/WindowsFoundation/Generated/Windows.Foundation.Numerics+Impl.swift:4:8: note: Also imported here
/Users/admin/builder/spi-builder-workspace/Sources/WindowsFoundation/Generated/Windows.Foundation.Numerics.swift:4:8: note: Also imported here
/Users/admin/builder/spi-builder-workspace/Sources/WindowsFoundation/Generated/Windows.Foundation.swift:4:8: note: Also imported here
/Users/admin/builder/spi-builder-workspace/Sources/WindowsFoundation/Generated/WindowsFoundation+Generics.swift:4:8: note: Also imported here
/Users/admin/builder/spi-builder-workspace/Sources/WindowsFoundation/Generated/WindowsFoundation+MakeFromAbi.swift:4:8: note: Also imported here
/Users/admin/builder/spi-builder-workspace/Sources/WindowsFoundation/Generated/Support/ARRAY+TOVECTOR.swift:2:8: error: Unable to resolve module dependency: 'WinSDK' (in target 'WindowsFoundation' from project 'swift-windowsfoundation')
note: A dependency of main module 'WindowsFoundation'
/Users/admin/builder/spi-builder-workspace/Sources/WindowsFoundation/Generated/Support/COM+EXTENSIONS.swift:4:8: note: Also imported here
/Users/admin/builder/spi-builder-workspace/Sources/WindowsFoundation/Generated/Support/CUSTOMQUERYINTERFACE.swift:2:8: note: Also imported here
/Users/admin/builder/spi-builder-workspace/Sources/WindowsFoundation/Generated/Support/DEBUGGING.swift:1:8: note: Also imported here
/Users/admin/builder/spi-builder-workspace/Sources/WindowsFoundation/Generated/Support/DICTIONARY+TOMAP.swift:1:8: note: Also imported here
/Users/admin/builder/spi-builder-workspace/Sources/WindowsFoundation/Generated/Support/ERROR.swift:4:8: note: Also imported here
/Users/admin/builder/spi-builder-workspace/Sources/WindowsFoundation/Generated/Support/ERRORHANDLING.swift:4:8: note: Also imported here
/Users/admin/builder/spi-builder-workspace/Sources/WindowsFoundation/Generated/Support/EVENT.swift:1:8: note: Also imported here
/Users/admin/builder/spi-builder-workspace/Sources/WindowsFoundation/Generated/Support/EVENTHANDLERSUBSCRIPTION.swift:2:8: note: Also imported here
/Users/admin/builder/spi-builder-workspace/Sources/WindowsFoundation/Generated/Support/EVENTSOURCE.swift:2:8: note: Also imported here
/Users/admin/builder/spi-builder-workspace/Sources/WindowsFoundation/Generated/Support/IUNKNOWN+SWIFT.swift:4:8: note: Also imported here
/Users/admin/builder/spi-builder-workspace/Sources/WindowsFoundation/Generated/Support/IUNKNOWN.swift:4:8: note: Also imported here
/Users/admin/builder/spi-builder-workspace/Sources/WindowsFoundation/Generated/Support/PROPERTYVALUE+ABI.swift:2:8: note: Also imported here
/Users/admin/builder/spi-builder-workspace/Sources/WindowsFoundation/Generated/Support/PROPERTYVALUE.swift:3:8: note: Also imported here
/Users/admin/builder/spi-builder-workspace/Sources/WindowsFoundation/Generated/Support/RAWTYPED.swift:4:8: note: Also imported here
/Users/admin/builder/spi-builder-workspace/Sources/WindowsFoundation/Generated/Support/RUNTIME+SWIFT.swift:4:8: note: Also imported here
/Users/admin/builder/spi-builder-workspace/Sources/WindowsFoundation/Generated/Support/WINRTWRAPPERBASE.swift:2:8: note: Also imported here
/Users/admin/builder/spi-builder-workspace/Sources/WindowsFoundation/Generated/Support/WINSDK+EXTENSIONS.swift:4:8: note: Also imported here
/Users/admin/builder/spi-builder-workspace/Sources/WindowsFoundation/Generated/Support/HSTRING.swift:6:8: error: Unable to resolve module dependency: 'ucrt' (in target 'WindowsFoundation' from project 'swift-windowsfoundation')
note: A dependency of main module 'WindowsFoundation'
error: Clang dependency scanning failure: While building module 'CWinRT' imported from module-include.input:1:
In file included from <module-includes>:1:
/Users/admin/builder/spi-builder-workspace/.dependencies/checkouts/swift-cwinrt/Sources/CWinRT/include/CWinRT.h:4:10: fatal error: 'wtypesbase.h' file not found
module-include.input:1:2: fatal error: could not build module 'CWinRT'
(in target 'WindowsFoundation' from project 'swift-windowsfoundation')
/Users/admin/builder/spi-builder-workspace/Sources/WindowsFoundation/Generated/Support/AGGREGATION.swift:1:8: note: A dependency of main module 'WindowsFoundation'
import CWinRT
^ (in target 'WindowsFoundation' from project 'swift-windowsfoundation')
/Users/admin/builder/spi-builder-workspace/Sources/WindowsFoundation/Generated/Support/COM+EXTENSIONS.swift:5:8: note: Also imported here
import CWinRT
^ (in target 'WindowsFoundation' from project 'swift-windowsfoundation')
/Users/admin/builder/spi-builder-workspace/Sources/WindowsFoundation/Generated/Support/COMPTR.swift:3:8: note: Also imported here
import CWinRT
^ (in target 'WindowsFoundation' from project 'swift-windowsfoundation')
/Users/admin/builder/spi-builder-workspace/Sources/WindowsFoundation/Generated/Support/CPPINTEROPWORKAROUND.swift:1:8: note: Also imported here
import CWinRT
^ (in target 'WindowsFoundation' from project 'swift-windowsfoundation')
/Users/admin/builder/spi-builder-workspace/Sources/WindowsFoundation/Generated/Support/CUSTOMQUERYINTERFACE.swift:1:8: note: Also imported here
import CWinRT
^ (in target 'WindowsFoundation' from project 'swift-windowsfoundation')
/Users/admin/builder/spi-builder-workspace/Sources/WindowsFoundation/Generated/Support/ERROR.swift:5:8: note: Also imported here
import CWinRT
^ (in target 'WindowsFoundation' from project 'swift-windowsfoundation')
/Users/admin/builder/spi-builder-workspace/Sources/WindowsFoundation/Generated/Support/EVENT.swift:2:8: note: Also imported here
import CWinRT
^ (in target 'WindowsFoundation' from project 'swift-windowsfoundation')
/Users/admin/builder/spi-builder-workspace/Sources/WindowsFoundation/Generated/Support/EVENTHANDLERSUBSCRIPTION.swift:3:8: note: Also imported here
import CWinRT
^ (in target 'WindowsFoundation' from project 'swift-windowsfoundation')
/Users/admin/builder/spi-builder-workspace/Sources/WindowsFoundation/Generated/Support/EVENTSOURCE.swift:3:8: note: Also imported here
import CWinRT
^ (in target 'WindowsFoundation' from project 'swift-windowsfoundation')
/Users/admin/builder/spi-builder-workspace/Sources/WindowsFoundation/Generated/Support/GUID.swift:2:8: note: Also imported here
import CWinRT
^ (in target 'WindowsFoundation' from project 'swift-windowsfoundation')
/Users/admin/builder/spi-builder-workspace/Sources/WindowsFoundation/Generated/Support/HSTRING.swift:4:8: note: Also imported here
import CWinRT
^ (in target 'WindowsFoundation' from project 'swift-windowsfoundation')
/Users/admin/builder/spi-builder-workspace/Sources/WindowsFoundation/Generated/Support/IBUFFERBYTEACCESS.swift:1:8: note: Also imported here
import CWinRT
^ (in target 'WindowsFoundation' from project 'swift-windowsfoundation')
/Users/admin/builder/spi-builder-workspace/Sources/WindowsFoundation/Generated/Support/IINSPECTABLE+SWIFT.swift:4:8: note: Also imported here
import CWinRT
^ (in target 'WindowsFoundation' from project 'swift-windowsfoundation')
/Users/admin/builder/spi-builder-workspace/Sources/WindowsFoundation/Generated/Support/IINSPECTABLE.swift:4:8: note: Also imported here
import CWinRT
^ (in target 'WindowsFoundation' from project 'swift-windowsfoundation')
/Users/admin/builder/spi-builder-workspace/Sources/WindowsFoundation/Generated/Support/IMEMORYBUFFERBYTEACCESS.swift:1:8: note: Also imported here
import CWinRT
^ (in target 'WindowsFoundation' from project 'swift-windowsfoundation')
/Users/admin/builder/spi-builder-workspace/Sources/WindowsFoundation/Generated/Support/IUNKNOWN.swift:5:8: note: Also imported here
import CWinRT
^ (in target 'WindowsFoundation' from project 'swift-windowsfoundation')
/Users/admin/builder/spi-builder-workspace/Sources/WindowsFoundation/Generated/Support/MARSHALER.swift:1:8: note: Also imported here
import CWinRT
^ (in target 'WindowsFoundation' from project 'swift-windowsfoundation')
/Users/admin/builder/spi-builder-workspace/Sources/WindowsFoundation/Generated/Support/PROPERTYVALUE+ABI.swift:1:8: note: Also imported here
import CWinRT
^ (in target 'WindowsFoundation' from project 'swift-windowsfoundation')
/Users/admin/builder/spi-builder-workspace/Sources/WindowsFoundation/Generated/Support/PROPERTYVALUE.swift:2:8: note: Also imported here
import CWinRT
^ (in target 'WindowsFoundation' from project 'swift-windowsfoundation')
/Users/admin/builder/spi-builder-workspace/Sources/WindowsFoundation/Generated/Support/RUNTIME+SWIFT.swift:5:8: note: Also imported here
import CWinRT
^ (in target 'WindowsFoundation' from project 'swift-windowsfoundation')
/Users/admin/builder/spi-builder-workspace/Sources/WindowsFoundation/Generated/Support/SWIFT+EXTENSIONS.swift:4:8: note: Also imported here
import CWinRT
^ (in target 'WindowsFoundation' from project 'swift-windowsfoundation')
/Users/admin/builder/spi-builder-workspace/Sources/WindowsFoundation/Generated/Support/TRUSTLEVEL+SWIFT.swift:4:8: note: Also imported here
import CWinRT
^ (in target 'WindowsFoundation' from project 'swift-windowsfoundation')
/Users/admin/builder/spi-builder-workspace/Sources/WindowsFoundation/Generated/Support/WINRTPROTOCOLS.swift:1:8: note: Also imported here
import CWinRT
^ (in target 'WindowsFoundation' from project 'swift-windowsfoundation')
/Users/admin/builder/spi-builder-workspace/Sources/WindowsFoundation/Generated/Support/WINRTWRAPPERBASE.swift:1:8: note: Also imported here
import CWinRT
^ (in target 'WindowsFoundation' from project 'swift-windowsfoundation')
/Users/admin/builder/spi-builder-workspace/Sources/WindowsFoundation/Generated/Windows.Foundation+ABI.swift:4:8: note: Also imported here
import CWinRT
^ (in target 'WindowsFoundation' from project 'swift-windowsfoundation')
/Users/admin/builder/spi-builder-workspace/Sources/WindowsFoundation/Generated/Windows.Foundation+Impl.swift:4:8: note: Also imported here
import CWinRT
^ (in target 'WindowsFoundation' from project 'swift-windowsfoundation')
/Users/admin/builder/spi-builder-workspace/Sources/WindowsFoundation/Generated/Windows.Foundation.Collections+ABI.swift:4:8: note: Also imported here
import CWinRT
^ (in target 'WindowsFoundation' from project 'swift-windowsfoundation')
/Users/admin/builder/spi-builder-workspace/Sources/WindowsFoundation/Generated/Windows.Foundation.Collections+Impl.swift:4:8: note: Also imported here
import CWinRT
^ (in target 'WindowsFoundation' from project 'swift-windowsfoundation')
/Users/admin/builder/spi-builder-workspace/Sources/WindowsFoundation/Generated/Windows.Foundation.Collections.swift:4:8: note: Also imported here
import CWinRT
^ (in target 'WindowsFoundation' from project 'swift-windowsfoundation')
/Users/admin/builder/spi-builder-workspace/Sources/WindowsFoundation/Generated/Windows.Foundation.Numerics+ABI.swift:4:8: note: Also imported here
import CWinRT
^ (in target 'WindowsFoundation' from project 'swift-windowsfoundation')
/Users/admin/builder/spi-builder-workspace/Sources/WindowsFoundation/Generated/Windows.Foundation.Numerics+Impl.swift:4:8: note: Also imported here
import CWinRT
^ (in target 'WindowsFoundation' from project 'swift-windowsfoundation')
/Users/admin/builder/spi-builder-workspace/Sources/WindowsFoundation/Generated/Windows.Foundation.Numerics.swift:4:8: note: Also imported here
import CWinRT
^ (in target 'WindowsFoundation' from project 'swift-windowsfoundation')
/Users/admin/builder/spi-builder-workspace/Sources/WindowsFoundation/Generated/Windows.Foundation.swift:4:8: note: Also imported here
import CWinRT
^ (in target 'WindowsFoundation' from project 'swift-windowsfoundation')
/Users/admin/builder/spi-builder-workspace/Sources/WindowsFoundation/Generated/WindowsFoundation+Generics.swift:4:8: note: Also imported here
import CWinRT
^ (in target 'WindowsFoundation' from project 'swift-windowsfoundation')
/Users/admin/builder/spi-builder-workspace/Sources/WindowsFoundation/Generated/WindowsFoundation+MakeFromAbi.swift:4:8: note: Also imported here
import CWinRT
^ (in target 'WindowsFoundation' from project 'swift-windowsfoundation')
/Users/admin/builder/spi-builder-workspace/Sources/WindowsFoundation/Generated/Support/ARRAY+TOVECTOR.swift:2:8: note: A dependency of main module 'WindowsFoundation'
import WinSDK
^ (in target 'WindowsFoundation' from project 'swift-windowsfoundation')
/Users/admin/builder/spi-builder-workspace/Sources/WindowsFoundation/Generated/Support/COM+EXTENSIONS.swift:4:8: note: Also imported here
import WinSDK
^ (in target 'WindowsFoundation' from project 'swift-windowsfoundation')
/Users/admin/builder/spi-builder-workspace/Sources/WindowsFoundation/Generated/Support/CUSTOMQUERYINTERFACE.swift:2:8: note: Also imported here
import WinSDK
^ (in target 'WindowsFoundation' from project 'swift-windowsfoundation')
/Users/admin/builder/spi-builder-workspace/Sources/WindowsFoundation/Generated/Support/DEBUGGING.swift:1:8: note: Also imported here
import WinSDK
^ (in target 'WindowsFoundation' from project 'swift-windowsfoundation')
/Users/admin/builder/spi-builder-workspace/Sources/WindowsFoundation/Generated/Support/DICTIONARY+TOMAP.swift:1:8: note: Also imported here
import WinSDK
^ (in target 'WindowsFoundation' from project 'swift-windowsfoundation')
/Users/admin/builder/spi-builder-workspace/Sources/WindowsFoundation/Generated/Support/ERROR.swift:4:8: note: Also imported here
import WinSDK
^ (in target 'WindowsFoundation' from project 'swift-windowsfoundation')
/Users/admin/builder/spi-builder-workspace/Sources/WindowsFoundation/Generated/Support/ERRORHANDLING.swift:4:8: note: Also imported here
import WinSDK
^ (in target 'WindowsFoundation' from project 'swift-windowsfoundation')
/Users/admin/builder/spi-builder-workspace/Sources/WindowsFoundation/Generated/Support/EVENT.swift:1:8: note: Also imported here
import WinSDK
^ (in target 'WindowsFoundation' from project 'swift-windowsfoundation')
/Users/admin/builder/spi-builder-workspace/Sources/WindowsFoundation/Generated/Support/EVENTHANDLERSUBSCRIPTION.swift:2:8: note: Also imported here
import WinSDK
^ (in target 'WindowsFoundation' from project 'swift-windowsfoundation')
/Users/admin/builder/spi-builder-workspace/Sources/WindowsFoundation/Generated/Support/EVENTSOURCE.swift:2:8: note: Also imported here
import WinSDK
^ (in target 'WindowsFoundation' from project 'swift-windowsfoundation')
/Users/admin/builder/spi-builder-workspace/Sources/WindowsFoundation/Generated/Support/IUNKNOWN+SWIFT.swift:4:8: note: Also imported here
import WinSDK
^ (in target 'WindowsFoundation' from project 'swift-windowsfoundation')
/Users/admin/builder/spi-builder-workspace/Sources/WindowsFoundation/Generated/Support/IUNKNOWN.swift:4:8: note: Also imported here
import WinSDK
^ (in target 'WindowsFoundation' from project 'swift-windowsfoundation')
/Users/admin/builder/spi-builder-workspace/Sources/WindowsFoundation/Generated/Support/PROPERTYVALUE+ABI.swift:2:8: note: Also imported here
import WinSDK
^ (in target 'WindowsFoundation' from project 'swift-windowsfoundation')
/Users/admin/builder/spi-builder-workspace/Sources/WindowsFoundation/Generated/Support/PROPERTYVALUE.swift:3:8: note: Also imported here
import WinSDK
^ (in target 'WindowsFoundation' from project 'swift-windowsfoundation')
/Users/admin/builder/spi-builder-workspace/Sources/WindowsFoundation/Generated/Support/RAWTYPED.swift:4:8: note: Also imported here
import WinSDK
^ (in target 'WindowsFoundation' from project 'swift-windowsfoundation')
/Users/admin/builder/spi-builder-workspace/Sources/WindowsFoundation/Generated/Support/RUNTIME+SWIFT.swift:4:8: note: Also imported here
import WinSDK
^ (in target 'WindowsFoundation' from project 'swift-windowsfoundation')
/Users/admin/builder/spi-builder-workspace/Sources/WindowsFoundation/Generated/Support/WINRTWRAPPERBASE.swift:2:8: note: Also imported here
import WinSDK
^ (in target 'WindowsFoundation' from project 'swift-windowsfoundation')
/Users/admin/builder/spi-builder-workspace/Sources/WindowsFoundation/Generated/Support/WINSDK+EXTENSIONS.swift:4:8: note: Also imported here
import WinSDK
^ (in target 'WindowsFoundation' from project 'swift-windowsfoundation')
/Users/admin/builder/spi-builder-workspace/Sources/WindowsFoundation/Generated/Support/HSTRING.swift:6:8: note: A dependency of main module 'WindowsFoundation'
import ucrt
^ (in target 'WindowsFoundation' from project 'swift-windowsfoundation')
SwiftDriver WindowsFoundation normal arm64_32 com.apple.xcode.tools.swift.compiler (in target 'WindowsFoundation' from project 'swift-windowsfoundation')
cd /Users/admin/builder/spi-builder-workspace/.swiftpm/xcode
builtin-SwiftDriver -- /Applications/Xcode-27.0.0-Release.Candidate.app/Contents/Developer/Toolchains/XcodeDefault.xctoolchain/usr/bin/swiftc -parse-as-library -module-name WindowsFoundation -Onone @/Users/admin/builder/spi-builder-workspace/.derivedData/Build/Intermediates.noindex/swift-windowsfoundation.build/Debug-watchos/WindowsFoundation-t.build/Objects-normal/arm64_32/WindowsFoundation.SwiftFileList -DSWIFT_PACKAGE -DDEBUG -DSWIFT_MODULE_RESOURCE_BUNDLE_UNAVAILABLE -Xcc -fmodule-map-file\=/Users/admin/builder/spi-builder-workspace/.derivedData/Build/Intermediates.noindex/GeneratedModuleMaps-watchos/CWinRT.modulemap -DXcode -plugin-path /Applications/Xcode-27.0.0-Release.Candidate.app/Contents/Developer/Toolchains/XcodeDefault.xctoolchain/usr/lib/swift/host/plugins/testing -enable-experimental-feature DebugDescriptionMacro -sdk /Applications/Xcode-27.0.0-Release.Candidate.app/Contents/Developer/Platforms/WatchOS.platform/Developer/SDKs/WatchOS27.0.sdk -target arm64_32-apple-watchos9.0 -g -module-cache-path /Users/admin/builder/spi-builder-workspace/.derivedData/ModuleCache.noindex -Xfrontend -serialize-debugging-options -enable-testing -index-store-path /Users/admin/builder/spi-builder-workspace/.derivedData/Index.noindex/DataStore -Xcc -D_LIBCPP_HARDENING_MODE\=_LIBCPP_HARDENING_MODE_DEBUG -swift-version 5 -I /Users/admin/builder/spi-builder-workspace/.derivedData/Build/Products/Debug-watchos -Isystem /Applications/Xcode-27.0.0-Release.Candidate.app/Contents/Developer/Platforms/WatchOS.platform/Developer/usr/lib -F /Users/admin/builder/spi-builder-workspace/.derivedData/Build/Products/Debug-watchos/PackageFrameworks -F /Users/admin/builder/spi-builder-workspace/.derivedData/Build/Products/Debug-watchos -F /Applications/Xcode-27.0.0-Release.Candidate.app/Contents/Developer/Platforms/WatchOS.platform/Developer/Library/Frameworks -F /Applications/Xcode-27.0.0-Release.Candidate.app/Contents/Developer/Platforms/WatchOS.platform/Developer/SDKs/WatchOS27.0.sdk/Developer/Library/Frameworks -c -j10 -enable-batch-mode -incremental -Xcc -ivfsstatcache -Xcc /Users/admin/builder/spi-builder-workspace/.derivedData/SDKStatCaches.noindex/watchos27.0-24R360-e829b21a6f8c9b70876ba0858053c04477534ef55a1706bf4c1112bbb242f0a2.sdkstatcache -output-file-map /Users/admin/builder/spi-builder-workspace/.derivedData/Build/Intermediates.noindex/swift-windowsfoundation.build/Debug-watchos/WindowsFoundation-t.build/Objects-normal/arm64_32/WindowsFoundation-OutputFileMap.json -save-temps -no-color-diagnostics -explicit-module-build -module-cache-path /Users/admin/builder/spi-builder-workspace/.derivedData/Build/Intermediates.noindex/SwiftExplicitPrecompiledModules -clang-scanner-module-cache-path /Users/admin/builder/spi-builder-workspace/.derivedData/ModuleCache.noindex -sdk-module-cache-path /Users/admin/builder/spi-builder-workspace/.derivedData/SDKExplicitPrecompiledModules -emit-dependencies -emit-module -emit-module-path /Users/admin/builder/spi-builder-workspace/.derivedData/Build/Intermediates.noindex/swift-windowsfoundation.build/Debug-watchos/WindowsFoundation-t.build/Objects-normal/arm64_32/WindowsFoundation.swiftmodule -serialize-diagnostics -dependency-scan-serialize-diagnostics-path /Users/admin/builder/spi-builder-workspace/.derivedData/Build/Intermediates.noindex/swift-windowsfoundation.build/Debug-watchos/WindowsFoundation-t.build/Objects-normal/arm64_32/WindowsFoundation-dependency-scan.dia -validate-clang-modules-once -clang-build-session-file /Users/admin/builder/spi-builder-workspace/.derivedData/ModuleCache.noindex/Session.modulevalidation -Xcc -fmodules-prune-interval\=86400 -Xcc -fmodules-prune-after\=345600 -package-name spi_builder_workspace -emit-const-values -const-gather-protocols-list /Users/admin/builder/spi-builder-workspace/.derivedData/Build/Intermediates.noindex/swift-windowsfoundation.build/Debug-watchos/WindowsFoundation-t.build/Objects-normal/arm64_32/WindowsFoundation_const_extract_protocols.json -Xcc -I/Users/admin/builder/spi-builder-workspace/.dependencies/checkouts/swift-cwinrt/Sources/CWinRT/include -Xcc -I/Users/admin/builder/spi-builder-workspace/.derivedData/Build/Products/Debug-watchos/include -Xcc -I/Users/admin/builder/spi-builder-workspace/.derivedData/Build/Intermediates.noindex/swift-windowsfoundation.build/Debug-watchos/WindowsFoundation-t.build/DerivedSources-normal/arm64_32 -Xcc -I/Users/admin/builder/spi-builder-workspace/.derivedData/Build/Intermediates.noindex/swift-windowsfoundation.build/Debug-watchos/WindowsFoundation-t.build/DerivedSources/arm64_32 -Xcc -I/Users/admin/builder/spi-builder-workspace/.derivedData/Build/Intermediates.noindex/swift-windowsfoundation.build/Debug-watchos/WindowsFoundation-t.build/DerivedSources -Xcc -DSWIFT_PACKAGE -Xcc -DDEBUG\=1 -emit-objc-header -emit-objc-header-path /Users/admin/builder/spi-builder-workspace/.derivedData/Build/Intermediates.noindex/swift-windowsfoundation.build/Debug-watchos/WindowsFoundation-t.build/Objects-normal/arm64_32/WindowsFoundation-Swift.h -working-directory /Users/admin/builder/spi-builder-workspace/.swiftpm/xcode -experimental-emit-module-separately -disable-cmo
error: Clang dependency scanning failure: While building module 'CWinRT' imported from module-include.input:1:
In file included from <module-includes>:1:
/Users/admin/builder/spi-builder-workspace/.dependencies/checkouts/swift-cwinrt/Sources/CWinRT/include/CWinRT.h:4:10: fatal error: 'wtypesbase.h' file not found
module-include.input:1:2: fatal error: could not build module 'CWinRT'
(in target 'WindowsFoundation' from project 'swift-windowsfoundation')
/Users/admin/builder/spi-builder-workspace/Sources/WindowsFoundation/Generated/Support/AGGREGATION.swift:1:8: error: Unable to resolve module dependency: 'CWinRT' (in target 'WindowsFoundation' from project 'swift-windowsfoundation')
note: A dependency of main module 'WindowsFoundation'
/Users/admin/builder/spi-builder-workspace/Sources/WindowsFoundation/Generated/Support/COM+EXTENSIONS.swift:5:8: note: Also imported here
/Users/admin/builder/spi-builder-workspace/Sources/WindowsFoundation/Generated/Support/COMPTR.swift:3:8: note: Also imported here
/Users/admin/builder/spi-builder-workspace/Sources/WindowsFoundation/Generated/Support/CPPINTEROPWORKAROUND.swift:1:8: note: Also imported here
/Users/admin/builder/spi-builder-workspace/Sources/WindowsFoundation/Generated/Support/CUSTOMQUERYINTERFACE.swift:1:8: note: Also imported here
/Users/admin/builder/spi-builder-workspace/Sources/WindowsFoundation/Generated/Support/ERROR.swift:5:8: note: Also imported here
/Users/admin/builder/spi-builder-workspace/Sources/WindowsFoundation/Generated/Support/EVENT.swift:2:8: note: Also imported here
/Users/admin/builder/spi-builder-workspace/Sources/WindowsFoundation/Generated/Support/EVENTHANDLERSUBSCRIPTION.swift:3:8: note: Also imported here
/Users/admin/builder/spi-builder-workspace/Sources/WindowsFoundation/Generated/Support/EVENTSOURCE.swift:3:8: note: Also imported here
/Users/admin/builder/spi-builder-workspace/Sources/WindowsFoundation/Generated/Support/GUID.swift:2:8: note: Also imported here
/Users/admin/builder/spi-builder-workspace/Sources/WindowsFoundation/Generated/Support/HSTRING.swift:4:8: note: Also imported here
/Users/admin/builder/spi-builder-workspace/Sources/WindowsFoundation/Generated/Support/IBUFFERBYTEACCESS.swift:1:8: note: Also imported here
/Users/admin/builder/spi-builder-workspace/Sources/WindowsFoundation/Generated/Support/IINSPECTABLE+SWIFT.swift:4:8: note: Also imported here
/Users/admin/builder/spi-builder-workspace/Sources/WindowsFoundation/Generated/Support/IINSPECTABLE.swift:4:8: note: Also imported here
/Users/admin/builder/spi-builder-workspace/Sources/WindowsFoundation/Generated/Support/IMEMORYBUFFERBYTEACCESS.swift:1:8: note: Also imported here
/Users/admin/builder/spi-builder-workspace/Sources/WindowsFoundation/Generated/Support/IUNKNOWN.swift:5:8: note: Also imported here
/Users/admin/builder/spi-builder-workspace/Sources/WindowsFoundation/Generated/Support/MARSHALER.swift:1:8: note: Also imported here
/Users/admin/builder/spi-builder-workspace/Sources/WindowsFoundation/Generated/Support/PROPERTYVALUE+ABI.swift:1:8: note: Also imported here
/Users/admin/builder/spi-builder-workspace/Sources/WindowsFoundation/Generated/Support/PROPERTYVALUE.swift:2:8: note: Also imported here
/Users/admin/builder/spi-builder-workspace/Sources/WindowsFoundation/Generated/Support/RUNTIME+SWIFT.swift:5:8: note: Also imported here
/Users/admin/builder/spi-builder-workspace/Sources/WindowsFoundation/Generated/Support/SWIFT+EXTENSIONS.swift:4:8: note: Also imported here
/Users/admin/builder/spi-builder-workspace/Sources/WindowsFoundation/Generated/Support/TRUSTLEVEL+SWIFT.swift:4:8: note: Also imported here
/Users/admin/builder/spi-builder-workspace/Sources/WindowsFoundation/Generated/Support/WINRTPROTOCOLS.swift:1:8: note: Also imported here
/Users/admin/builder/spi-builder-workspace/Sources/WindowsFoundation/Generated/Support/WINRTWRAPPERBASE.swift:1:8: note: Also imported here
/Users/admin/builder/spi-builder-workspace/Sources/WindowsFoundation/Generated/Windows.Foundation+ABI.swift:4:8: note: Also imported here
/Users/admin/builder/spi-builder-workspace/Sources/WindowsFoundation/Generated/Windows.Foundation+Impl.swift:4:8: note: Also imported here
/Users/admin/builder/spi-builder-workspace/Sources/WindowsFoundation/Generated/Windows.Foundation.Collections+ABI.swift:4:8: note: Also imported here
/Users/admin/builder/spi-builder-workspace/Sources/WindowsFoundation/Generated/Windows.Foundation.Collections+Impl.swift:4:8: note: Also imported here
/Users/admin/builder/spi-builder-workspace/Sources/WindowsFoundation/Generated/Windows.Foundation.Collections.swift:4:8: note: Also imported here
/Users/admin/builder/spi-builder-workspace/Sources/WindowsFoundation/Generated/Windows.Foundation.Numerics+ABI.swift:4:8: note: Also imported here
/Users/admin/builder/spi-builder-workspace/Sources/WindowsFoundation/Generated/Windows.Foundation.Numerics+Impl.swift:4:8: note: Also imported here
/Users/admin/builder/spi-builder-workspace/Sources/WindowsFoundation/Generated/Windows.Foundation.Numerics.swift:4:8: note: Also imported here
/Users/admin/builder/spi-builder-workspace/Sources/WindowsFoundation/Generated/Windows.Foundation.swift:4:8: note: Also imported here
/Users/admin/builder/spi-builder-workspace/Sources/WindowsFoundation/Generated/WindowsFoundation+Generics.swift:4:8: note: Also imported here
/Users/admin/builder/spi-builder-workspace/Sources/WindowsFoundation/Generated/WindowsFoundation+MakeFromAbi.swift:4:8: note: Also imported here
/Users/admin/builder/spi-builder-workspace/Sources/WindowsFoundation/Generated/Support/ARRAY+TOVECTOR.swift:2:8: error: Unable to resolve module dependency: 'WinSDK' (in target 'WindowsFoundation' from project 'swift-windowsfoundation')
note: A dependency of main module 'WindowsFoundation'
/Users/admin/builder/spi-builder-workspace/Sources/WindowsFoundation/Generated/Support/COM+EXTENSIONS.swift:4:8: note: Also imported here
/Users/admin/builder/spi-builder-workspace/Sources/WindowsFoundation/Generated/Support/CUSTOMQUERYINTERFACE.swift:2:8: note: Also imported here
/Users/admin/builder/spi-builder-workspace/Sources/WindowsFoundation/Generated/Support/DEBUGGING.swift:1:8: note: Also imported here
/Users/admin/builder/spi-builder-workspace/Sources/WindowsFoundation/Generated/Support/DICTIONARY+TOMAP.swift:1:8: note: Also imported here
/Users/admin/builder/spi-builder-workspace/Sources/WindowsFoundation/Generated/Support/ERROR.swift:4:8: note: Also imported here
/Users/admin/builder/spi-builder-workspace/Sources/WindowsFoundation/Generated/Support/ERRORHANDLING.swift:4:8: note: Also imported here
/Users/admin/builder/spi-builder-workspace/Sources/WindowsFoundation/Generated/Support/EVENT.swift:1:8: note: Also imported here
/Users/admin/builder/spi-builder-workspace/Sources/WindowsFoundation/Generated/Support/EVENTHANDLERSUBSCRIPTION.swift:2:8: note: Also imported here
/Users/admin/builder/spi-builder-workspace/Sources/WindowsFoundation/Generated/Support/EVENTSOURCE.swift:2:8: note: Also imported here
/Users/admin/builder/spi-builder-workspace/Sources/WindowsFoundation/Generated/Support/IUNKNOWN+SWIFT.swift:4:8: note: Also imported here
/Users/admin/builder/spi-builder-workspace/Sources/WindowsFoundation/Generated/Support/IUNKNOWN.swift:4:8: note: Also imported here
/Users/admin/builder/spi-builder-workspace/Sources/WindowsFoundation/Generated/Support/PROPERTYVALUE+ABI.swift:2:8: note: Also imported here
/Users/admin/builder/spi-builder-workspace/Sources/WindowsFoundation/Generated/Support/PROPERTYVALUE.swift:3:8: note: Also imported here
/Users/admin/builder/spi-builder-workspace/Sources/WindowsFoundation/Generated/Support/RAWTYPED.swift:4:8: note: Also imported here
/Users/admin/builder/spi-builder-workspace/Sources/WindowsFoundation/Generated/Support/RUNTIME+SWIFT.swift:4:8: note: Also imported here
/Users/admin/builder/spi-builder-workspace/Sources/WindowsFoundation/Generated/Support/WINRTWRAPPERBASE.swift:2:8: note: Also imported here
/Users/admin/builder/spi-builder-workspace/Sources/WindowsFoundation/Generated/Support/WINSDK+EXTENSIONS.swift:4:8: note: Also imported here
/Users/admin/builder/spi-builder-workspace/Sources/WindowsFoundation/Generated/Support/HSTRING.swift:6:8: error: Unable to resolve module dependency: 'ucrt' (in target 'WindowsFoundation' from project 'swift-windowsfoundation')
note: A dependency of main module 'WindowsFoundation'
error: Clang dependency scanning failure: While building module 'CWinRT' imported from module-include.input:1:
In file included from <module-includes>:1:
/Users/admin/builder/spi-builder-workspace/.dependencies/checkouts/swift-cwinrt/Sources/CWinRT/include/CWinRT.h:4:10: fatal error: 'wtypesbase.h' file not found
module-include.input:1:2: fatal error: could not build module 'CWinRT'
(in target 'WindowsFoundation' from project 'swift-windowsfoundation')
/Users/admin/builder/spi-builder-workspace/Sources/WindowsFoundation/Generated/Support/AGGREGATION.swift:1:8: note: A dependency of main module 'WindowsFoundation'
import CWinRT
^ (in target 'WindowsFoundation' from project 'swift-windowsfoundation')
/Users/admin/builder/spi-builder-workspace/Sources/WindowsFoundation/Generated/Support/COM+EXTENSIONS.swift:5:8: note: Also imported here
import CWinRT
^ (in target 'WindowsFoundation' from project 'swift-windowsfoundation')
/Users/admin/builder/spi-builder-workspace/Sources/WindowsFoundation/Generated/Support/COMPTR.swift:3:8: note: Also imported here
import CWinRT
^ (in target 'WindowsFoundation' from project 'swift-windowsfoundation')
/Users/admin/builder/spi-builder-workspace/Sources/WindowsFoundation/Generated/Support/CPPINTEROPWORKAROUND.swift:1:8: note: Also imported here
import CWinRT
^ (in target 'WindowsFoundation' from project 'swift-windowsfoundation')
/Users/admin/builder/spi-builder-workspace/Sources/WindowsFoundation/Generated/Support/CUSTOMQUERYINTERFACE.swift:1:8: note: Also imported here
import CWinRT
^ (in target 'WindowsFoundation' from project 'swift-windowsfoundation')
/Users/admin/builder/spi-builder-workspace/Sources/WindowsFoundation/Generated/Support/ERROR.swift:5:8: note: Also imported here
import CWinRT
^ (in target 'WindowsFoundation' from project 'swift-windowsfoundation')
/Users/admin/builder/spi-builder-workspace/Sources/WindowsFoundation/Generated/Support/EVENT.swift:2:8: note: Also imported here
import CWinRT
^ (in target 'WindowsFoundation' from project 'swift-windowsfoundation')
/Users/admin/builder/spi-builder-workspace/Sources/WindowsFoundation/Generated/Support/EVENTHANDLERSUBSCRIPTION.swift:3:8: note: Also imported here
import CWinRT
^ (in target 'WindowsFoundation' from project 'swift-windowsfoundation')
/Users/admin/builder/spi-builder-workspace/Sources/WindowsFoundation/Generated/Support/EVENTSOURCE.swift:3:8: note: Also imported here
import CWinRT
^ (in target 'WindowsFoundation' from project 'swift-windowsfoundation')
/Users/admin/builder/spi-builder-workspace/Sources/WindowsFoundation/Generated/Support/GUID.swift:2:8: note: Also imported here
import CWinRT
^ (in target 'WindowsFoundation' from project 'swift-windowsfoundation')
/Users/admin/builder/spi-builder-workspace/Sources/WindowsFoundation/Generated/Support/HSTRING.swift:4:8: note: Also imported here
import CWinRT
^ (in target 'WindowsFoundation' from project 'swift-windowsfoundation')
/Users/admin/builder/spi-builder-workspace/Sources/WindowsFoundation/Generated/Support/IBUFFERBYTEACCESS.swift:1:8: note: Also imported here
import CWinRT
^ (in target 'WindowsFoundation' from project 'swift-windowsfoundation')
/Users/admin/builder/spi-builder-workspace/Sources/WindowsFoundation/Generated/Support/IINSPECTABLE+SWIFT.swift:4:8: note: Also imported here
import CWinRT
^ (in target 'WindowsFoundation' from project 'swift-windowsfoundation')
/Users/admin/builder/spi-builder-workspace/Sources/WindowsFoundation/Generated/Support/IINSPECTABLE.swift:4:8: note: Also imported here
import CWinRT
^ (in target 'WindowsFoundation' from project 'swift-windowsfoundation')
/Users/admin/builder/spi-builder-workspace/Sources/WindowsFoundation/Generated/Support/IMEMORYBUFFERBYTEACCESS.swift:1:8: note: Also imported here
import CWinRT
^ (in target 'WindowsFoundation' from project 'swift-windowsfoundation')
/Users/admin/builder/spi-builder-workspace/Sources/WindowsFoundation/Generated/Support/IUNKNOWN.swift:5:8: note: Also imported here
import CWinRT
^ (in target 'WindowsFoundation' from project 'swift-windowsfoundation')
/Users/admin/builder/spi-builder-workspace/Sources/WindowsFoundation/Generated/Support/MARSHALER.swift:1:8: note: Also imported here
import CWinRT
^ (in target 'WindowsFoundation' from project 'swift-windowsfoundation')
/Users/admin/builder/spi-builder-workspace/Sources/WindowsFoundation/Generated/Support/PROPERTYVALUE+ABI.swift:1:8: note: Also imported here
import CWinRT
^ (in target 'WindowsFoundation' from project 'swift-windowsfoundation')
/Users/admin/builder/spi-builder-workspace/Sources/WindowsFoundation/Generated/Support/PROPERTYVALUE.swift:2:8: note: Also imported here
import CWinRT
^ (in target 'WindowsFoundation' from project 'swift-windowsfoundation')
/Users/admin/builder/spi-builder-workspace/Sources/WindowsFoundation/Generated/Support/RUNTIME+SWIFT.swift:5:8: note: Also imported here
import CWinRT
^ (in target 'WindowsFoundation' from project 'swift-windowsfoundation')
/Users/admin/builder/spi-builder-workspace/Sources/WindowsFoundation/Generated/Support/SWIFT+EXTENSIONS.swift:4:8: note: Also imported here
import CWinRT
^ (in target 'WindowsFoundation' from project 'swift-windowsfoundation')
/Users/admin/builder/spi-builder-workspace/Sources/WindowsFoundation/Generated/Support/TRUSTLEVEL+SWIFT.swift:4:8: note: Also imported here
import CWinRT
^ (in target 'WindowsFoundation' from project 'swift-windowsfoundation')
/Users/admin/builder/spi-builder-workspace/Sources/WindowsFoundation/Generated/Support/WINRTPROTOCOLS.swift:1:8: note: Also imported here
import CWinRT
^ (in target 'WindowsFoundation' from project 'swift-windowsfoundation')
/Users/admin/builder/spi-builder-workspace/Sources/WindowsFoundation/Generated/Support/WINRTWRAPPERBASE.swift:1:8: note: Also imported here
import CWinRT
^ (in target 'WindowsFoundation' from project 'swift-windowsfoundation')
/Users/admin/builder/spi-builder-workspace/Sources/WindowsFoundation/Generated/Windows.Foundation+ABI.swift:4:8: note: Also imported here
import CWinRT
^ (in target 'WindowsFoundation' from project 'swift-windowsfoundation')
/Users/admin/builder/spi-builder-workspace/Sources/WindowsFoundation/Generated/Windows.Foundation+Impl.swift:4:8: note: Also imported here
import CWinRT
^ (in target 'WindowsFoundation' from project 'swift-windowsfoundation')
/Users/admin/builder/spi-builder-workspace/Sources/WindowsFoundation/Generated/Windows.Foundation.Collections+ABI.swift:4:8: note: Also imported here
import CWinRT
^ (in target 'WindowsFoundation' from project 'swift-windowsfoundation')
/Users/admin/builder/spi-builder-workspace/Sources/WindowsFoundation/Generated/Windows.Foundation.Collections+Impl.swift:4:8: note: Also imported here
import CWinRT
^ (in target 'WindowsFoundation' from project 'swift-windowsfoundation')
/Users/admin/builder/spi-builder-workspace/Sources/WindowsFoundation/Generated/Windows.Foundation.Collections.swift:4:8: note: Also imported here
import CWinRT
^ (in target 'WindowsFoundation' from project 'swift-windowsfoundation')
/Users/admin/builder/spi-builder-workspace/Sources/WindowsFoundation/Generated/Windows.Foundation.Numerics+ABI.swift:4:8: note: Also imported here
import CWinRT
^ (in target 'WindowsFoundation' from project 'swift-windowsfoundation')
/Users/admin/builder/spi-builder-workspace/Sources/WindowsFoundation/Generated/Windows.Foundation.Numerics+Impl.swift:4:8: note: Also imported here
import CWinRT
^ (in target 'WindowsFoundation' from project 'swift-windowsfoundation')
/Users/admin/builder/spi-builder-workspace/Sources/WindowsFoundation/Generated/Windows.Foundation.Numerics.swift:4:8: note: Also imported here
import CWinRT
^ (in target 'WindowsFoundation' from project 'swift-windowsfoundation')
/Users/admin/builder/spi-builder-workspace/Sources/WindowsFoundation/Generated/Windows.Foundation.swift:4:8: note: Also imported here
import CWinRT
^ (in target 'WindowsFoundation' from project 'swift-windowsfoundation')
/Users/admin/builder/spi-builder-workspace/Sources/WindowsFoundation/Generated/WindowsFoundation+Generics.swift:4:8: note: Also imported here
import CWinRT
^ (in target 'WindowsFoundation' from project 'swift-windowsfoundation')
/Users/admin/builder/spi-builder-workspace/Sources/WindowsFoundation/Generated/WindowsFoundation+MakeFromAbi.swift:4:8: note: Also imported here
import CWinRT
^ (in target 'WindowsFoundation' from project 'swift-windowsfoundation')
/Users/admin/builder/spi-builder-workspace/Sources/WindowsFoundation/Generated/Support/ARRAY+TOVECTOR.swift:2:8: note: A dependency of main module 'WindowsFoundation'
import WinSDK
^ (in target 'WindowsFoundation' from project 'swift-windowsfoundation')
/Users/admin/builder/spi-builder-workspace/Sources/WindowsFoundation/Generated/Support/COM+EXTENSIONS.swift:4:8: note: Also imported here
import WinSDK
^ (in target 'WindowsFoundation' from project 'swift-windowsfoundation')
/Users/admin/builder/spi-builder-workspace/Sources/WindowsFoundation/Generated/Support/CUSTOMQUERYINTERFACE.swift:2:8: note: Also imported here
import WinSDK
^ (in target 'WindowsFoundation' from project 'swift-windowsfoundation')
/Users/admin/builder/spi-builder-workspace/Sources/WindowsFoundation/Generated/Support/DEBUGGING.swift:1:8: note: Also imported here
import WinSDK
^ (in target 'WindowsFoundation' from project 'swift-windowsfoundation')
/Users/admin/builder/spi-builder-workspace/Sources/WindowsFoundation/Generated/Support/DICTIONARY+TOMAP.swift:1:8: note: Also imported here
import WinSDK
^ (in target 'WindowsFoundation' from project 'swift-windowsfoundation')
/Users/admin/builder/spi-builder-workspace/Sources/WindowsFoundation/Generated/Support/ERROR.swift:4:8: note: Also imported here
import WinSDK
^ (in target 'WindowsFoundation' from project 'swift-windowsfoundation')
/Users/admin/builder/spi-builder-workspace/Sources/WindowsFoundation/Generated/Support/ERRORHANDLING.swift:4:8: note: Also imported here
import WinSDK
^ (in target 'WindowsFoundation' from project 'swift-windowsfoundation')
/Users/admin/builder/spi-builder-workspace/Sources/WindowsFoundation/Generated/Support/EVENT.swift:1:8: note: Also imported here
import WinSDK
^ (in target 'WindowsFoundation' from project 'swift-windowsfoundation')
/Users/admin/builder/spi-builder-workspace/Sources/WindowsFoundation/Generated/Support/EVENTHANDLERSUBSCRIPTION.swift:2:8: note: Also imported here
import WinSDK
^ (in target 'WindowsFoundation' from project 'swift-windowsfoundation')
/Users/admin/builder/spi-builder-workspace/Sources/WindowsFoundation/Generated/Support/EVENTSOURCE.swift:2:8: note: Also imported here
import WinSDK
^ (in target 'WindowsFoundation' from project 'swift-windowsfoundation')
/Users/admin/builder/spi-builder-workspace/Sources/WindowsFoundation/Generated/Support/IUNKNOWN+SWIFT.swift:4:8: note: Also imported here
import WinSDK
^ (in target 'WindowsFoundation' from project 'swift-windowsfoundation')
/Users/admin/builder/spi-builder-workspace/Sources/WindowsFoundation/Generated/Support/IUNKNOWN.swift:4:8: note: Also imported here
import WinSDK
^ (in target 'WindowsFoundation' from project 'swift-windowsfoundation')
/Users/admin/builder/spi-builder-workspace/Sources/WindowsFoundation/Generated/Support/PROPERTYVALUE+ABI.swift:2:8: note: Also imported here
import WinSDK
^ (in target 'WindowsFoundation' from project 'swift-windowsfoundation')
/Users/admin/builder/spi-builder-workspace/Sources/WindowsFoundation/Generated/Support/PROPERTYVALUE.swift:3:8: note: Also imported here
import WinSDK
^ (in target 'WindowsFoundation' from project 'swift-windowsfoundation')
/Users/admin/builder/spi-builder-workspace/Sources/WindowsFoundation/Generated/Support/RAWTYPED.swift:4:8: note: Also imported here
import WinSDK
^ (in target 'WindowsFoundation' from project 'swift-windowsfoundation')
/Users/admin/builder/spi-builder-workspace/Sources/WindowsFoundation/Generated/Support/RUNTIME+SWIFT.swift:4:8: note: Also imported here
import WinSDK
^ (in target 'WindowsFoundation' from project 'swift-windowsfoundation')
/Users/admin/builder/spi-builder-workspace/Sources/WindowsFoundation/Generated/Support/WINRTWRAPPERBASE.swift:2:8: note: Also imported here
import WinSDK
^ (in target 'WindowsFoundation' from project 'swift-windowsfoundation')
/Users/admin/builder/spi-builder-workspace/Sources/WindowsFoundation/Generated/Support/WINSDK+EXTENSIONS.swift:4:8: note: Also imported here
import WinSDK
^ (in target 'WindowsFoundation' from project 'swift-windowsfoundation')
/Users/admin/builder/spi-builder-workspace/Sources/WindowsFoundation/Generated/Support/HSTRING.swift:6:8: note: A dependency of main module 'WindowsFoundation'
import ucrt
^ (in target 'WindowsFoundation' from project 'swift-windowsfoundation')
SwiftDriverJobDiscovery normal arm64_32 Compiling Dummy.swift (in target 'SwiftDummy' from project 'swift-cwinrt')
SwiftDriver\ Compilation SwiftDummy normal arm64_32 com.apple.xcode.tools.swift.compiler (in target 'SwiftDummy' from project 'swift-cwinrt')
cd /Users/admin/builder/spi-builder-workspace/.swiftpm/xcode
builtin-Swift-Compilation -- /Applications/Xcode-27.0.0-Release.Candidate.app/Contents/Developer/Toolchains/XcodeDefault.xctoolchain/usr/bin/swiftc -parse-as-library -module-name SwiftDummy -Onone @/Users/admin/builder/spi-builder-workspace/.derivedData/Build/Intermediates.noindex/swift-cwinrt.build/Debug-watchos/SwiftDummy-t.build/Objects-normal/arm64_32/SwiftDummy.SwiftFileList -DSWIFT_PACKAGE -DDEBUG -DSWIFT_MODULE_RESOURCE_BUNDLE_UNAVAILABLE -DXcode -plugin-path /Applications/Xcode-27.0.0-Release.Candidate.app/Contents/Developer/Toolchains/XcodeDefault.xctoolchain/usr/lib/swift/host/plugins/testing -enable-experimental-feature DebugDescriptionMacro -sdk /Applications/Xcode-27.0.0-Release.Candidate.app/Contents/Developer/Platforms/WatchOS.platform/Developer/SDKs/WatchOS27.0.sdk -target arm64_32-apple-watchos9.0 -g -module-cache-path /Users/admin/builder/spi-builder-workspace/.derivedData/ModuleCache.noindex -Xfrontend -serialize-debugging-options -enable-testing -suppress-warnings -index-store-path /Users/admin/builder/spi-builder-workspace/.derivedData/Index.noindex/DataStore -Xcc -D_LIBCPP_HARDENING_MODE\=_LIBCPP_HARDENING_MODE_DEBUG -swift-version 5 -I /Users/admin/builder/spi-builder-workspace/.derivedData/Build/Products/Debug-watchos -Isystem /Applications/Xcode-27.0.0-Release.Candidate.app/Contents/Developer/Platforms/WatchOS.platform/Developer/usr/lib -F /Users/admin/builder/spi-builder-workspace/.derivedData/Build/Products/Debug-watchos -F /Applications/Xcode-27.0.0-Release.Candidate.app/Contents/Developer/Platforms/WatchOS.platform/Developer/Library/Frameworks -F /Applications/Xcode-27.0.0-Release.Candidate.app/Contents/Developer/Platforms/WatchOS.platform/Developer/SDKs/WatchOS27.0.sdk/Developer/Library/Frameworks -c -j10 -enable-batch-mode -incremental -Xcc -ivfsstatcache -Xcc /Users/admin/builder/spi-builder-workspace/.derivedData/SDKStatCaches.noindex/watchos27.0-24R360-e829b21a6f8c9b70876ba0858053c04477534ef55a1706bf4c1112bbb242f0a2.sdkstatcache -output-file-map /Users/admin/builder/spi-builder-workspace/.derivedData/Build/Intermediates.noindex/swift-cwinrt.build/Debug-watchos/SwiftDummy-t.build/Objects-normal/arm64_32/SwiftDummy-OutputFileMap.json -save-temps -no-color-diagnostics -explicit-module-build -module-cache-path /Users/admin/builder/spi-builder-workspace/.derivedData/Build/Intermediates.noindex/SwiftExplicitPrecompiledModules -clang-scanner-module-cache-path /Users/admin/builder/spi-builder-workspace/.derivedData/ModuleCache.noindex -sdk-module-cache-path /Users/admin/builder/spi-builder-workspace/.derivedData/SDKExplicitPrecompiledModules -emit-dependencies -emit-module -emit-module-path /Users/admin/builder/spi-builder-workspace/.derivedData/Build/Intermediates.noindex/swift-cwinrt.build/Debug-watchos/SwiftDummy-t.build/Objects-normal/arm64_32/SwiftDummy.swiftmodule -serialize-diagnostics -dependency-scan-serialize-diagnostics-path /Users/admin/builder/spi-builder-workspace/.derivedData/Build/Intermediates.noindex/swift-cwinrt.build/Debug-watchos/SwiftDummy-t.build/Objects-normal/arm64_32/SwiftDummy-dependency-scan.dia -validate-clang-modules-once -clang-build-session-file /Users/admin/builder/spi-builder-workspace/.derivedData/ModuleCache.noindex/Session.modulevalidation -Xcc -fmodules-prune-interval\=86400 -Xcc -fmodules-prune-after\=345600 -package-name swift_cwinrt -emit-const-values -const-gather-protocols-list /Users/admin/builder/spi-builder-workspace/.derivedData/Build/Intermediates.noindex/swift-cwinrt.build/Debug-watchos/SwiftDummy-t.build/Objects-normal/arm64_32/SwiftDummy_const_extract_protocols.json -Xcc -I/Users/admin/builder/spi-builder-workspace/.derivedData/Build/Products/Debug-watchos/include -Xcc -I/Users/admin/builder/spi-builder-workspace/.derivedData/Build/Intermediates.noindex/swift-cwinrt.build/Debug-watchos/SwiftDummy-t.build/DerivedSources-normal/arm64_32 -Xcc -I/Users/admin/builder/spi-builder-workspace/.derivedData/Build/Intermediates.noindex/swift-cwinrt.build/Debug-watchos/SwiftDummy-t.build/DerivedSources/arm64_32 -Xcc -I/Users/admin/builder/spi-builder-workspace/.derivedData/Build/Intermediates.noindex/swift-cwinrt.build/Debug-watchos/SwiftDummy-t.build/DerivedSources -Xcc -DSWIFT_PACKAGE -Xcc -DDEBUG\=1 -emit-objc-header -emit-objc-header-path /Users/admin/builder/spi-builder-workspace/.derivedData/Build/Intermediates.noindex/swift-cwinrt.build/Debug-watchos/SwiftDummy-t.build/Objects-normal/arm64_32/SwiftDummy-Swift.h -working-directory /Users/admin/builder/spi-builder-workspace/.swiftpm/xcode -experimental-emit-module-separately -disable-cmo
Ld /Users/admin/builder/spi-builder-workspace/.derivedData/Build/Intermediates.noindex/swift-cwinrt.build/Debug-watchos/SwiftDummy-t.build/Objects-normal/arm64_32/Binary/SwiftDummy.o normal arm64_32 (in target 'SwiftDummy' from project 'swift-cwinrt')
cd /Users/admin/builder/spi-builder-workspace/.dependencies/checkouts/swift-cwinrt
/Applications/Xcode-27.0.0-Release.Candidate.app/Contents/Developer/Toolchains/XcodeDefault.xctoolchain/usr/bin/clang -Xlinker -reproducible -target arm64_32-apple-watchos9.0 -r -isysroot /Applications/Xcode-27.0.0-Release.Candidate.app/Contents/Developer/Platforms/WatchOS.platform/Developer/SDKs/WatchOS27.0.sdk -O0 -w -Xlinker -no_warn_duplicate_libraries -F/Users/admin/builder/spi-builder-workspace/.derivedData/Build/Intermediates.noindex/EagerLinkingTBDs/Debug-watchos -F/Users/admin/builder/spi-builder-workspace/.derivedData/Build/Products/Debug-watchos -iframework /Applications/Xcode-27.0.0-Release.Candidate.app/Contents/Developer/Platforms/WatchOS.platform/Developer/Library/Frameworks -iframework /Applications/Xcode-27.0.0-Release.Candidate.app/Contents/Developer/Platforms/WatchOS.platform/Developer/SDKs/WatchOS27.0.sdk/Developer/Library/Frameworks -filelist /Users/admin/builder/spi-builder-workspace/.derivedData/Build/Intermediates.noindex/swift-cwinrt.build/Debug-watchos/SwiftDummy-t.build/Objects-normal/arm64_32/SwiftDummy.LinkFileList -nostdlib -Xlinker -object_path_lto -Xlinker /Users/admin/builder/spi-builder-workspace/.derivedData/Build/Intermediates.noindex/swift-cwinrt.build/Debug-watchos/SwiftDummy-t.build/Objects-normal/arm64_32/SwiftDummy_lto.o -Xlinker -no_deduplicate -Xlinker -dependency_info -Xlinker /Users/admin/builder/spi-builder-workspace/.derivedData/Build/Intermediates.noindex/swift-cwinrt.build/Debug-watchos/SwiftDummy-t.build/Objects-normal/arm64_32/SwiftDummy_dependency_info.dat -fobjc-link-runtime -L/Applications/Xcode-27.0.0-Release.Candidate.app/Contents/Developer/Toolchains/XcodeDefault.xctoolchain/usr/lib/swift/watchos -L/usr/lib/swift -Xlinker -add_ast_path -Xlinker /Users/admin/builder/spi-builder-workspace/.derivedData/Build/Intermediates.noindex/swift-cwinrt.build/Debug-watchos/SwiftDummy-t.build/Objects-normal/arm64_32/SwiftDummy.swiftmodule -o /Users/admin/builder/spi-builder-workspace/.derivedData/Build/Intermediates.noindex/swift-cwinrt.build/Debug-watchos/SwiftDummy-t.build/Objects-normal/arm64_32/Binary/SwiftDummy.o
SwiftDriverJobDiscovery normal arm64 Compiling Dummy.swift (in target 'SwiftDummy' from project 'swift-cwinrt')
SwiftDriver\ Compilation SwiftDummy normal arm64 com.apple.xcode.tools.swift.compiler (in target 'SwiftDummy' from project 'swift-cwinrt')
cd /Users/admin/builder/spi-builder-workspace/.swiftpm/xcode
builtin-Swift-Compilation -- /Applications/Xcode-27.0.0-Release.Candidate.app/Contents/Developer/Toolchains/XcodeDefault.xctoolchain/usr/bin/swiftc -parse-as-library -module-name SwiftDummy -Onone @/Users/admin/builder/spi-builder-workspace/.derivedData/Build/Intermediates.noindex/swift-cwinrt.build/Debug-watchos/SwiftDummy-t.build/Objects-normal/arm64/SwiftDummy.SwiftFileList -DSWIFT_PACKAGE -DDEBUG -DSWIFT_MODULE_RESOURCE_BUNDLE_UNAVAILABLE -DXcode -plugin-path /Applications/Xcode-27.0.0-Release.Candidate.app/Contents/Developer/Toolchains/XcodeDefault.xctoolchain/usr/lib/swift/host/plugins/testing -enable-experimental-feature DebugDescriptionMacro -sdk /Applications/Xcode-27.0.0-Release.Candidate.app/Contents/Developer/Platforms/WatchOS.platform/Developer/SDKs/WatchOS27.0.sdk -target arm64-apple-watchos9.0 -g -module-cache-path /Users/admin/builder/spi-builder-workspace/.derivedData/ModuleCache.noindex -Xfrontend -serialize-debugging-options -enable-testing -suppress-warnings -index-store-path /Users/admin/builder/spi-builder-workspace/.derivedData/Index.noindex/DataStore -Xcc -D_LIBCPP_HARDENING_MODE\=_LIBCPP_HARDENING_MODE_DEBUG -swift-version 5 -I /Users/admin/builder/spi-builder-workspace/.derivedData/Build/Products/Debug-watchos -Isystem /Applications/Xcode-27.0.0-Release.Candidate.app/Contents/Developer/Platforms/WatchOS.platform/Developer/usr/lib -F /Users/admin/builder/spi-builder-workspace/.derivedData/Build/Products/Debug-watchos -F /Applications/Xcode-27.0.0-Release.Candidate.app/Contents/Developer/Platforms/WatchOS.platform/Developer/Library/Frameworks -F /Applications/Xcode-27.0.0-Release.Candidate.app/Contents/Developer/Platforms/WatchOS.platform/Developer/SDKs/WatchOS27.0.sdk/Developer/Library/Frameworks -c -j10 -enable-batch-mode -incremental -Xcc -ivfsstatcache -Xcc /Users/admin/builder/spi-builder-workspace/.derivedData/SDKStatCaches.noindex/watchos27.0-24R360-e829b21a6f8c9b70876ba0858053c04477534ef55a1706bf4c1112bbb242f0a2.sdkstatcache -output-file-map /Users/admin/builder/spi-builder-workspace/.derivedData/Build/Intermediates.noindex/swift-cwinrt.build/Debug-watchos/SwiftDummy-t.build/Objects-normal/arm64/SwiftDummy-OutputFileMap.json -save-temps -no-color-diagnostics -explicit-module-build -module-cache-path /Users/admin/builder/spi-builder-workspace/.derivedData/Build/Intermediates.noindex/SwiftExplicitPrecompiledModules -clang-scanner-module-cache-path /Users/admin/builder/spi-builder-workspace/.derivedData/ModuleCache.noindex -sdk-module-cache-path /Users/admin/builder/spi-builder-workspace/.derivedData/SDKExplicitPrecompiledModules -emit-dependencies -emit-module -emit-module-path /Users/admin/builder/spi-builder-workspace/.derivedData/Build/Intermediates.noindex/swift-cwinrt.build/Debug-watchos/SwiftDummy-t.build/Objects-normal/arm64/SwiftDummy.swiftmodule -serialize-diagnostics -dependency-scan-serialize-diagnostics-path /Users/admin/builder/spi-builder-workspace/.derivedData/Build/Intermediates.noindex/swift-cwinrt.build/Debug-watchos/SwiftDummy-t.build/Objects-normal/arm64/SwiftDummy-dependency-scan.dia -validate-clang-modules-once -clang-build-session-file /Users/admin/builder/spi-builder-workspace/.derivedData/ModuleCache.noindex/Session.modulevalidation -Xcc -fmodules-prune-interval\=86400 -Xcc -fmodules-prune-after\=345600 -package-name swift_cwinrt -emit-const-values -const-gather-protocols-list /Users/admin/builder/spi-builder-workspace/.derivedData/Build/Intermediates.noindex/swift-cwinrt.build/Debug-watchos/SwiftDummy-t.build/Objects-normal/arm64/SwiftDummy_const_extract_protocols.json -Xcc -I/Users/admin/builder/spi-builder-workspace/.derivedData/Build/Products/Debug-watchos/include -Xcc -I/Users/admin/builder/spi-builder-workspace/.derivedData/Build/Intermediates.noindex/swift-cwinrt.build/Debug-watchos/SwiftDummy-t.build/DerivedSources-normal/arm64 -Xcc -I/Users/admin/builder/spi-builder-workspace/.derivedData/Build/Intermediates.noindex/swift-cwinrt.build/Debug-watchos/SwiftDummy-t.build/DerivedSources/arm64 -Xcc -I/Users/admin/builder/spi-builder-workspace/.derivedData/Build/Intermediates.noindex/swift-cwinrt.build/Debug-watchos/SwiftDummy-t.build/DerivedSources -Xcc -DSWIFT_PACKAGE -Xcc -DDEBUG\=1 -emit-objc-header -emit-objc-header-path /Users/admin/builder/spi-builder-workspace/.derivedData/Build/Intermediates.noindex/swift-cwinrt.build/Debug-watchos/SwiftDummy-t.build/Objects-normal/arm64/SwiftDummy-Swift.h -working-directory /Users/admin/builder/spi-builder-workspace/.swiftpm/xcode -experimental-emit-module-separately -disable-cmo
Ld /Users/admin/builder/spi-builder-workspace/.derivedData/Build/Intermediates.noindex/swift-cwinrt.build/Debug-watchos/SwiftDummy-t.build/Objects-normal/arm64/Binary/SwiftDummy.o normal arm64 (in target 'SwiftDummy' from project 'swift-cwinrt')
cd /Users/admin/builder/spi-builder-workspace/.dependencies/checkouts/swift-cwinrt
/Applications/Xcode-27.0.0-Release.Candidate.app/Contents/Developer/Toolchains/XcodeDefault.xctoolchain/usr/bin/clang -Xlinker -reproducible -target arm64-apple-watchos9.0 -r -isysroot /Applications/Xcode-27.0.0-Release.Candidate.app/Contents/Developer/Platforms/WatchOS.platform/Developer/SDKs/WatchOS27.0.sdk -O0 -w -Xlinker -no_warn_duplicate_libraries -F/Users/admin/builder/spi-builder-workspace/.derivedData/Build/Intermediates.noindex/EagerLinkingTBDs/Debug-watchos -F/Users/admin/builder/spi-builder-workspace/.derivedData/Build/Products/Debug-watchos -iframework /Applications/Xcode-27.0.0-Release.Candidate.app/Contents/Developer/Platforms/WatchOS.platform/Developer/Library/Frameworks -iframework /Applications/Xcode-27.0.0-Release.Candidate.app/Contents/Developer/Platforms/WatchOS.platform/Developer/SDKs/WatchOS27.0.sdk/Developer/Library/Frameworks -filelist /Users/admin/builder/spi-builder-workspace/.derivedData/Build/Intermediates.noindex/swift-cwinrt.build/Debug-watchos/SwiftDummy-t.build/Objects-normal/arm64/SwiftDummy.LinkFileList -nostdlib -Xlinker -object_path_lto -Xlinker /Users/admin/builder/spi-builder-workspace/.derivedData/Build/Intermediates.noindex/swift-cwinrt.build/Debug-watchos/SwiftDummy-t.build/Objects-normal/arm64/SwiftDummy_lto.o -Xlinker -no_deduplicate -Xlinker -dependency_info -Xlinker /Users/admin/builder/spi-builder-workspace/.derivedData/Build/Intermediates.noindex/swift-cwinrt.build/Debug-watchos/SwiftDummy-t.build/Objects-normal/arm64/SwiftDummy_dependency_info.dat -fobjc-link-runtime -L/Applications/Xcode-27.0.0-Release.Candidate.app/Contents/Developer/Toolchains/XcodeDefault.xctoolchain/usr/lib/swift/watchos -L/usr/lib/swift -Xlinker -add_ast_path -Xlinker /Users/admin/builder/spi-builder-workspace/.derivedData/Build/Intermediates.noindex/swift-cwinrt.build/Debug-watchos/SwiftDummy-t.build/Objects-normal/arm64/SwiftDummy.swiftmodule -o /Users/admin/builder/spi-builder-workspace/.derivedData/Build/Intermediates.noindex/swift-cwinrt.build/Debug-watchos/SwiftDummy-t.build/Objects-normal/arm64/Binary/SwiftDummy.o
CreateUniversalBinary /Users/admin/builder/spi-builder-workspace/.derivedData/Build/Products/Debug-watchos/SwiftDummy.o normal arm64\ arm64_32 (in target 'SwiftDummy' from project 'swift-cwinrt')
cd /Users/admin/builder/spi-builder-workspace/.dependencies/checkouts/swift-cwinrt
/Applications/Xcode-27.0.0-Release.Candidate.app/Contents/Developer/Toolchains/XcodeDefault.xctoolchain/usr/bin/lipo -create /Users/admin/builder/spi-builder-workspace/.derivedData/Build/Intermediates.noindex/swift-cwinrt.build/Debug-watchos/SwiftDummy-t.build/Objects-normal/arm64/Binary/SwiftDummy.o /Users/admin/builder/spi-builder-workspace/.derivedData/Build/Intermediates.noindex/swift-cwinrt.build/Debug-watchos/SwiftDummy-t.build/Objects-normal/arm64_32/Binary/SwiftDummy.o -output /Users/admin/builder/spi-builder-workspace/.derivedData/Build/Products/Debug-watchos/SwiftDummy.o
ExtractAppIntentsMetadata (in target 'SwiftDummy' from project 'swift-cwinrt')
cd /Users/admin/builder/spi-builder-workspace/.dependencies/checkouts/swift-cwinrt
/Applications/Xcode-27.0.0-Release.Candidate.app/Contents/Developer/Toolchains/XcodeDefault.xctoolchain/usr/bin/appintentsmetadataprocessor --toolchain-dir /var/run/com.apple.security.cryptexd/mnt/com.apple.MobileAsset.MetalToolchain-v27.1.266.1.EmVrrf/Metal.xctoolchain --module-name SwiftDummy --sdk-root /Applications/Xcode-27.0.0-Release.Candidate.app/Contents/Developer/Platforms/WatchOS.platform/Developer/SDKs/WatchOS27.0.sdk --xcode-version 27A266a --platform-family watchOS --deployment-target 9.0 --bundle-identifier swift-cwinrt.SwiftDummy --output /Users/admin/builder/spi-builder-workspace/.derivedData/Build/Products/Debug-watchos/SwiftDummy.appintents --target-triple arm64-apple-watchos9.0 --target-triple arm64_32-apple-watchos9.0 --binary-file /Users/admin/builder/spi-builder-workspace/.derivedData/Build/Products/Debug-watchos/SwiftDummy.o --dependency-file /Users/admin/builder/spi-builder-workspace/.derivedData/Build/Intermediates.noindex/swift-cwinrt.build/Debug-watchos/SwiftDummy-t.build/Objects-normal/arm64/SwiftDummy_dependency_info.dat --dependency-file /Users/admin/builder/spi-builder-workspace/.derivedData/Build/Intermediates.noindex/swift-cwinrt.build/Debug-watchos/SwiftDummy-t.build/Objects-normal/arm64_32/SwiftDummy_dependency_info.dat --stringsdata-file /Users/admin/builder/spi-builder-workspace/.derivedData/Build/Intermediates.noindex/swift-cwinrt.build/Debug-watchos/SwiftDummy-t.build/Objects-normal/arm64/ExtractedAppShortcutsMetadata.stringsdata --stringsdata-file /Users/admin/builder/spi-builder-workspace/.derivedData/Build/Intermediates.noindex/swift-cwinrt.build/Debug-watchos/SwiftDummy-t.build/Objects-normal/arm64_32/ExtractedAppShortcutsMetadata.stringsdata --source-file-list /Users/admin/builder/spi-builder-workspace/.derivedData/Build/Intermediates.noindex/swift-cwinrt.build/Debug-watchos/SwiftDummy-t.build/Objects-normal/arm64/SwiftDummy.SwiftFileList --source-file-list /Users/admin/builder/spi-builder-workspace/.derivedData/Build/Intermediates.noindex/swift-cwinrt.build/Debug-watchos/SwiftDummy-t.build/Objects-normal/arm64_32/SwiftDummy.SwiftFileList --metadata-file-list /Users/admin/builder/spi-builder-workspace/.derivedData/Build/Intermediates.noindex/swift-cwinrt.build/Debug-watchos/SwiftDummy-t.build/SwiftDummy.DependencyMetadataFileList --static-metadata-file-list /Users/admin/builder/spi-builder-workspace/.derivedData/Build/Intermediates.noindex/swift-cwinrt.build/Debug-watchos/SwiftDummy-t.build/SwiftDummy.DependencyStaticMetadataFileList --swift-const-vals-list /Users/admin/builder/spi-builder-workspace/.derivedData/Build/Intermediates.noindex/swift-cwinrt.build/Debug-watchos/SwiftDummy-t.build/Objects-normal/arm64/SwiftDummy.SwiftConstValuesFileList --swift-const-vals-list /Users/admin/builder/spi-builder-workspace/.derivedData/Build/Intermediates.noindex/swift-cwinrt.build/Debug-watchos/SwiftDummy-t.build/Objects-normal/arm64_32/SwiftDummy.SwiftConstValuesFileList --force --compile-time-extraction --deployment-aware-processing --no-app-shortcuts-localization
2026-09-24 04:10:17.919 appintentsmetadataprocessor[732:4500] Starting appintentsmetadataprocessor export
2026-09-24 04:10:18.010 appintentsmetadataprocessor[732:4500] Extracted no relevant App Intents symbols, skipping writing output
ProcessInfoPlistFile /Users/admin/builder/spi-builder-workspace/.derivedData/Build/Products/Debug-watchos/PackageFrameworks/CWinRT.framework/Info.plist /Users/admin/builder/spi-builder-workspace/.derivedData/Build/Intermediates.noindex/swift-cwinrt.build/Debug-watchos/CWinRT-product-t.build/empty-CWinRT.plist (in target 'CWinRT-product' from project 'swift-cwinrt')
cd /Users/admin/builder/spi-builder-workspace/.dependencies/checkouts/swift-cwinrt
builtin-infoPlistUtility /Users/admin/builder/spi-builder-workspace/.derivedData/Build/Intermediates.noindex/swift-cwinrt.build/Debug-watchos/CWinRT-product-t.build/empty-CWinRT.plist -producttype com.apple.product-type.framework -expandbuildsettings -format binary -platform watchos -o /Users/admin/builder/spi-builder-workspace/.derivedData/Build/Products/Debug-watchos/PackageFrameworks/CWinRT.framework/Info.plist
Ld /Users/admin/builder/spi-builder-workspace/.derivedData/Build/Intermediates.noindex/swift-cwinrt.build/Debug-watchos/CWinRT-product-t.build/Objects-normal/arm64_32/Binary/CWinRT normal arm64_32 (in target 'CWinRT-product' from project 'swift-cwinrt')
cd /Users/admin/builder/spi-builder-workspace/.dependencies/checkouts/swift-cwinrt
/Applications/Xcode-27.0.0-Release.Candidate.app/Contents/Developer/Toolchains/XcodeDefault.xctoolchain/usr/bin/swiftc -Xlinker -reproducible -target arm64_32-apple-watchos9.0 -emit-library -sdk /Applications/Xcode-27.0.0-Release.Candidate.app/Contents/Developer/Platforms/WatchOS.platform/Developer/SDKs/WatchOS27.0.sdk -suppress-warnings -Xlinker -no_warn_duplicate_libraries -L/Users/admin/builder/spi-builder-workspace/.derivedData/Build/Intermediates.noindex/EagerLinkingTBDs/Debug-watchos -L/Users/admin/builder/spi-builder-workspace/.derivedData/Build/Products/Debug-watchos -L/Applications/Xcode-27.0.0-Release.Candidate.app/Contents/Developer/Platforms/WatchOS.platform/Developer/usr/lib -F/Users/admin/builder/spi-builder-workspace/.derivedData/Build/Intermediates.noindex/EagerLinkingTBDs/Debug-watchos -F/Users/admin/builder/spi-builder-workspace/.derivedData/Build/Products/Debug-watchos/PackageFrameworks -F/Users/admin/builder/spi-builder-workspace/.derivedData/Build/Products/Debug-watchos -Fsystem /Applications/Xcode-27.0.0-Release.Candidate.app/Contents/Developer/Platforms/WatchOS.platform/Developer/Library/Frameworks -Fsystem /Applications/Xcode-27.0.0-Release.Candidate.app/Contents/Developer/Platforms/WatchOS.platform/Developer/SDKs/WatchOS27.0.sdk/Developer/Library/Frameworks @/Users/admin/builder/spi-builder-workspace/.derivedData/Build/Intermediates.noindex/swift-cwinrt.build/Debug-watchos/CWinRT-product-t.build/Objects-normal/arm64_32/CWinRT.LinkFileList -Xclang-linker -install_name -Xclang-linker @rpath/CWinRT.framework/CWinRT -Xlinker -rpath -Xlinker /usr/lib/swift -Xlinker -rpath -Xlinker @loader_path -Xlinker -rpath -Xlinker /Users/admin/builder/spi-builder-workspace/.derivedData/Build/Products/Debug-watchos/PackageFrameworks -Xlinker -dead_strip -Xlinker -object_path_lto -Xlinker /Users/admin/builder/spi-builder-workspace/.derivedData/Build/Intermediates.noindex/swift-cwinrt.build/Debug-watchos/CWinRT-product-t.build/Objects-normal/arm64_32/CWinRT_lto.o -Xclang-linker -rdynamic -Xlinker -no_deduplicate -Xlinker -dependency_info -Xlinker /Users/admin/builder/spi-builder-workspace/.derivedData/Build/Intermediates.noindex/swift-cwinrt.build/Debug-watchos/CWinRT-product-t.build/Objects-normal/arm64_32/CWinRT_dependency_info.dat -link-objc-runtime -L/Applications/Xcode-27.0.0-Release.Candidate.app/Contents/Developer/Toolchains/XcodeDefault.xctoolchain/usr/lib/swift/watchos -L/usr/lib/swift -o /Users/admin/builder/spi-builder-workspace/.derivedData/Build/Intermediates.noindex/swift-cwinrt.build/Debug-watchos/CWinRT-product-t.build/Objects-normal/arm64_32/Binary/CWinRT -no-stdlib-rpath
Ld /Users/admin/builder/spi-builder-workspace/.derivedData/Build/Intermediates.noindex/swift-cwinrt.build/Debug-watchos/CWinRT-product-t.build/Objects-normal/arm64/Binary/CWinRT normal arm64 (in target 'CWinRT-product' from project 'swift-cwinrt')
cd /Users/admin/builder/spi-builder-workspace/.dependencies/checkouts/swift-cwinrt
/Applications/Xcode-27.0.0-Release.Candidate.app/Contents/Developer/Toolchains/XcodeDefault.xctoolchain/usr/bin/swiftc -Xlinker -reproducible -target arm64-apple-watchos9.0 -emit-library -sdk /Applications/Xcode-27.0.0-Release.Candidate.app/Contents/Developer/Platforms/WatchOS.platform/Developer/SDKs/WatchOS27.0.sdk -suppress-warnings -Xlinker -no_warn_duplicate_libraries -L/Users/admin/builder/spi-builder-workspace/.derivedData/Build/Intermediates.noindex/EagerLinkingTBDs/Debug-watchos -L/Users/admin/builder/spi-builder-workspace/.derivedData/Build/Products/Debug-watchos -L/Applications/Xcode-27.0.0-Release.Candidate.app/Contents/Developer/Platforms/WatchOS.platform/Developer/usr/lib -F/Users/admin/builder/spi-builder-workspace/.derivedData/Build/Intermediates.noindex/EagerLinkingTBDs/Debug-watchos -F/Users/admin/builder/spi-builder-workspace/.derivedData/Build/Products/Debug-watchos/PackageFrameworks -F/Users/admin/builder/spi-builder-workspace/.derivedData/Build/Products/Debug-watchos -Fsystem /Applications/Xcode-27.0.0-Release.Candidate.app/Contents/Developer/Platforms/WatchOS.platform/Developer/Library/Frameworks -Fsystem /Applications/Xcode-27.0.0-Release.Candidate.app/Contents/Developer/Platforms/WatchOS.platform/Developer/SDKs/WatchOS27.0.sdk/Developer/Library/Frameworks @/Users/admin/builder/spi-builder-workspace/.derivedData/Build/Intermediates.noindex/swift-cwinrt.build/Debug-watchos/CWinRT-product-t.build/Objects-normal/arm64/CWinRT.LinkFileList -Xclang-linker -install_name -Xclang-linker @rpath/CWinRT.framework/CWinRT -Xlinker -rpath -Xlinker /usr/lib/swift -Xlinker -rpath -Xlinker @loader_path -Xlinker -rpath -Xlinker /Users/admin/builder/spi-builder-workspace/.derivedData/Build/Products/Debug-watchos/PackageFrameworks -Xlinker -dead_strip -Xlinker -object_path_lto -Xlinker /Users/admin/builder/spi-builder-workspace/.derivedData/Build/Intermediates.noindex/swift-cwinrt.build/Debug-watchos/CWinRT-product-t.build/Objects-normal/arm64/CWinRT_lto.o -Xclang-linker -rdynamic -Xlinker -no_deduplicate -Xlinker -dependency_info -Xlinker /Users/admin/builder/spi-builder-workspace/.derivedData/Build/Intermediates.noindex/swift-cwinrt.build/Debug-watchos/CWinRT-product-t.build/Objects-normal/arm64/CWinRT_dependency_info.dat -link-objc-runtime -L/Applications/Xcode-27.0.0-Release.Candidate.app/Contents/Developer/Toolchains/XcodeDefault.xctoolchain/usr/lib/swift/watchos -L/usr/lib/swift -o /Users/admin/builder/spi-builder-workspace/.derivedData/Build/Intermediates.noindex/swift-cwinrt.build/Debug-watchos/CWinRT-product-t.build/Objects-normal/arm64/Binary/CWinRT -no-stdlib-rpath
PruneExplicitPrecompiledModules /Users/admin/builder/spi-builder-workspace/.derivedData/SDKExplicitPrecompiledModules
PruneExplicitPrecompiledModules /Users/admin/builder/spi-builder-workspace/.derivedData/Build/Intermediates.noindex/ExplicitPrecompiledModules
PruneExplicitPrecompiledModules /Users/admin/builder/spi-builder-workspace/.derivedData/Build/Intermediates.noindex/SwiftExplicitPrecompiledModules
2026-09-24 04:10:15.337 xcodebuild[665:4048] [MT] IDERunDestination: Supported platforms for the buildables in the current scheme is empty.
** BUILD FAILED **
The following build commands failed:
SwiftDriver WindowsFoundation normal arm64 com.apple.xcode.tools.swift.compiler (in target 'WindowsFoundation' from project 'swift-windowsfoundation')
SwiftDriver WindowsFoundation normal arm64_32 com.apple.xcode.tools.swift.compiler (in target 'WindowsFoundation' from project 'swift-windowsfoundation')
Building workspace swift-windowsfoundation with scheme swift-windowsfoundation
(3 failures)
Command line invocation:
/Applications/Xcode-27.0.0-Release.Candidate.app/Contents/Developer/usr/bin/xcodebuild -IDEClonedSourcePackagesDirPathOverride=/Users/admin/builder/spi-builder-workspace/.dependencies -resolvePackageDependencies
Resolve Package Graph
Resolved source packages:
swift-cwinrt: https://github.com/moreSwift/swift-cwinrt @ 0.1.2
swift-windowsfoundation: /Users/admin/builder/spi-builder-workspace
resolved source packages: swift-cwinrt, swift-windowsfoundation
2026-09-24 04:10:19.196 xcodebuild[735:4529] [MT] IDERunDestination: Supported platforms for the buildables in the current scheme is empty.
{
"dependencies" : [
{
"identity" : "swift-cwinrt",
"requirement" : {
"range" : [
{
"lower_bound" : "0.1.0",
"upper_bound" : "0.2.0"
}
]
},
"type" : "sourceControl",
"url" : "https://github.com/moreSwift/swift-cwinrt"
}
],
"manifest_display_name" : "swift-windowsfoundation",
"name" : "swift-windowsfoundation",
"path" : "/Users/admin/builder/spi-builder-workspace",
"platforms" : [
],
"products" : [
{
"name" : "WindowsFoundation",
"targets" : [
"WindowsFoundation"
],
"type" : {
"library" : [
"dynamic"
]
}
}
],
"targets" : [
{
"c99name" : "WindowsFoundation",
"module_type" : "SwiftTarget",
"name" : "WindowsFoundation",
"path" : "Sources/WindowsFoundation",
"product_dependencies" : [
"CWinRT"
],
"product_memberships" : [
"WindowsFoundation"
],
"sources" : [
"Generated/Support/AGGREGATION.swift",
"Generated/Support/ARRAY+TOVECTOR.swift",
"Generated/Support/COM+EXTENSIONS.swift",
"Generated/Support/COMPTR.swift",
"Generated/Support/CPPINTEROPWORKAROUND.swift",
"Generated/Support/CUSTOMQUERYINTERFACE.swift",
"Generated/Support/DEBUGGING.swift",
"Generated/Support/DICTIONARY+TOMAP.swift",
"Generated/Support/ERROR.swift",
"Generated/Support/ERRORHANDLING.swift",
"Generated/Support/EVENT.swift",
"Generated/Support/EVENTHANDLERSUBSCRIPTION.swift",
"Generated/Support/EVENTSOURCE.swift",
"Generated/Support/GUID.swift",
"Generated/Support/HSTRING.swift",
"Generated/Support/IBUFFERBYTEACCESS.swift",
"Generated/Support/IINSPECTABLE+SWIFT.swift",
"Generated/Support/IINSPECTABLE.swift",
"Generated/Support/IMAP+SWIFT.swift",
"Generated/Support/IMEMORYBUFFERBYTEACCESS.swift",
"Generated/Support/IUNKNOWN+SWIFT.swift",
"Generated/Support/IUNKNOWN.swift",
"Generated/Support/IUNKNOWNREF.swift",
"Generated/Support/IVECTOR+SWIFT.swift",
"Generated/Support/MAKEFROMABI.swift",
"Generated/Support/MARSHALER.swift",
"Generated/Support/PROPERTYVALUE+ABI.swift",
"Generated/Support/PROPERTYVALUE.swift",
"Generated/Support/RAWTYPED.swift",
"Generated/Support/RUNTIME+SWIFT.swift",
"Generated/Support/SWIFT+EXTENSIONS.swift",
"Generated/Support/TRUSTLEVEL+SWIFT.swift",
"Generated/Support/WAITABLEEVENT.swift",
"Generated/Support/WINRTDELEGATE.swift",
"Generated/Support/WINRTPROTOCOLS.swift",
"Generated/Support/WINRTWRAPPERBASE.swift",
"Generated/Support/WINSDK+EXTENSIONS.swift",
"Generated/Windows.Foundation+ABI.swift",
"Generated/Windows.Foundation+Impl.swift",
"Generated/Windows.Foundation.Collections+ABI.swift",
"Generated/Windows.Foundation.Collections+Impl.swift",
"Generated/Windows.Foundation.Collections.swift",
"Generated/Windows.Foundation.Numerics+ABI.swift",
"Generated/Windows.Foundation.Numerics+Impl.swift",
"Generated/Windows.Foundation.Numerics.swift",
"Generated/Windows.Foundation.swift",
"Generated/WindowsFoundation+Generics.swift",
"Generated/WindowsFoundation+MakeFromAbi.swift"
],
"type" : "library"
}
],
"tools_version" : "5.10"
}
{
"workspace" : {
"name" : "swift-windowsfoundation",
"schemes" : [
"swift-windowsfoundation"
]
}
}
2026-09-24 04:10:20.584 xcodebuild[743:4594] [MT] IDERunDestination: Supported platforms for the buildables in the current scheme is empty.
Running build ...
env DEVELOPER_DIR=/Applications/Xcode-27.0.0-Release.Candidate.app xcrun xcodebuild -IDEClonedSourcePackagesDirPathOverride=$PWD/.dependencies -skipMacroValidation -skipPackagePluginValidation -derivedDataPath $PWD/.derivedData build -scheme swift-windowsfoundation -destination generic/platform=watchOS
Command line invocation:
/Applications/Xcode-27.0.0-Release.Candidate.app/Contents/Developer/usr/bin/xcodebuild -IDEClonedSourcePackagesDirPathOverride=/Users/admin/builder/spi-builder-workspace/.dependencies -skipMacroValidation -skipPackagePluginValidation -derivedDataPath /Users/admin/builder/spi-builder-workspace/.derivedData build -scheme swift-windowsfoundation -destination generic/platform=watchOS
Resolve Package Graph
Resolved source packages:
swift-cwinrt: https://github.com/moreSwift/swift-cwinrt @ 0.1.2
swift-windowsfoundation: /Users/admin/builder/spi-builder-workspace
ComputePackagePrebuildTargetDependencyGraph
Prepare packages
CreateBuildRequest
SendProjectDescription
CreateBuildOperation
ComputeTargetDependencyGraph
note: Building targets in dependency order
note: Target dependency graph (5 targets)
Target 'WindowsFoundation-product' in project 'swift-windowsfoundation'
➜ Explicit dependency on target 'WindowsFoundation' in project 'swift-windowsfoundation'
➜ Explicit dependency on target 'CWinRT-product' in project 'swift-cwinrt'
Target 'WindowsFoundation' in project 'swift-windowsfoundation'
➜ Explicit dependency on target 'CWinRT-product' in project 'swift-cwinrt'
Target 'CWinRT-product' in project 'swift-cwinrt'
➜ Explicit dependency on target 'CWinRT' in project 'swift-cwinrt'
➜ Explicit dependency on target 'SwiftDummy' in project 'swift-cwinrt'
Target 'SwiftDummy' in project 'swift-cwinrt' (no dependencies)
Target 'CWinRT' in project 'swift-cwinrt' (no dependencies)
GatherProvisioningInputs
CreateBuildDescription
ClangStatCache /Applications/Xcode-27.0.0-Release.Candidate.app/Contents/Developer/Toolchains/XcodeDefault.xctoolchain/usr/bin/clang-stat-cache /Applications/Xcode-27.0.0-Release.Candidate.app/Contents/Developer/Platforms/WatchOS.platform/Developer/SDKs/WatchOS27.0.sdk /Users/admin/builder/spi-builder-workspace/.derivedData/SDKStatCaches.noindex/watchos27.0-24R360-e829b21a6f8c9b70876ba0858053c04477534ef55a1706bf4c1112bbb242f0a2.sdkstatcache
cd /Users/admin/builder/spi-builder-workspace/.swiftpm/xcode
/Applications/Xcode-27.0.0-Release.Candidate.app/Contents/Developer/Toolchains/XcodeDefault.xctoolchain/usr/bin/clang-stat-cache /Applications/Xcode-27.0.0-Release.Candidate.app/Contents/Developer/Platforms/WatchOS.platform/Developer/SDKs/WatchOS27.0.sdk -o /Users/admin/builder/spi-builder-workspace/.derivedData/SDKStatCaches.noindex/watchos27.0-24R360-e829b21a6f8c9b70876ba0858053c04477534ef55a1706bf4c1112bbb242f0a2.sdkstatcache
Ld /Users/admin/builder/spi-builder-workspace/.derivedData/Build/Intermediates.noindex/swift-cwinrt.build/Debug-watchos/CWinRT-product-t.build/Objects-normal/arm64_32/Binary/CWinRT normal arm64_32 (in target 'CWinRT-product' from project 'swift-cwinrt')
cd /Users/admin/builder/spi-builder-workspace/.dependencies/checkouts/swift-cwinrt
/Applications/Xcode-27.0.0-Release.Candidate.app/Contents/Developer/Toolchains/XcodeDefault.xctoolchain/usr/bin/swiftc -Xlinker -reproducible -target arm64_32-apple-watchos9.0 -emit-library -sdk /Applications/Xcode-27.0.0-Release.Candidate.app/Contents/Developer/Platforms/WatchOS.platform/Developer/SDKs/WatchOS27.0.sdk -suppress-warnings -Xlinker -no_warn_duplicate_libraries -L/Users/admin/builder/spi-builder-workspace/.derivedData/Build/Intermediates.noindex/EagerLinkingTBDs/Debug-watchos -L/Users/admin/builder/spi-builder-workspace/.derivedData/Build/Products/Debug-watchos -L/Applications/Xcode-27.0.0-Release.Candidate.app/Contents/Developer/Platforms/WatchOS.platform/Developer/usr/lib -F/Users/admin/builder/spi-builder-workspace/.derivedData/Build/Intermediates.noindex/EagerLinkingTBDs/Debug-watchos -F/Users/admin/builder/spi-builder-workspace/.derivedData/Build/Products/Debug-watchos/PackageFrameworks -F/Users/admin/builder/spi-builder-workspace/.derivedData/Build/Products/Debug-watchos -Fsystem /Applications/Xcode-27.0.0-Release.Candidate.app/Contents/Developer/Platforms/WatchOS.platform/Developer/Library/Frameworks -Fsystem /Applications/Xcode-27.0.0-Release.Candidate.app/Contents/Developer/Platforms/WatchOS.platform/Developer/SDKs/WatchOS27.0.sdk/Developer/Library/Frameworks @/Users/admin/builder/spi-builder-workspace/.derivedData/Build/Intermediates.noindex/swift-cwinrt.build/Debug-watchos/CWinRT-product-t.build/Objects-normal/arm64_32/CWinRT.LinkFileList -Xclang-linker -install_name -Xclang-linker @rpath/CWinRT.framework/CWinRT -Xlinker -rpath -Xlinker /usr/lib/swift -Xlinker -rpath -Xlinker @loader_path -Xlinker -rpath -Xlinker /Users/admin/builder/spi-builder-workspace/.derivedData/Build/Products/Debug-watchos/PackageFrameworks -Xlinker -dead_strip -Xlinker -object_path_lto -Xlinker /Users/admin/builder/spi-builder-workspace/.derivedData/Build/Intermediates.noindex/swift-cwinrt.build/Debug-watchos/CWinRT-product-t.build/Objects-normal/arm64_32/CWinRT_lto.o -Xclang-linker -rdynamic -Xlinker -no_deduplicate -Xlinker -dependency_info -Xlinker /Users/admin/builder/spi-builder-workspace/.derivedData/Build/Intermediates.noindex/swift-cwinrt.build/Debug-watchos/CWinRT-product-t.build/Objects-normal/arm64_32/CWinRT_dependency_info.dat -link-objc-runtime -L/Applications/Xcode-27.0.0-Release.Candidate.app/Contents/Developer/Toolchains/XcodeDefault.xctoolchain/usr/lib/swift/watchos -L/usr/lib/swift -o /Users/admin/builder/spi-builder-workspace/.derivedData/Build/Intermediates.noindex/swift-cwinrt.build/Debug-watchos/CWinRT-product-t.build/Objects-normal/arm64_32/Binary/CWinRT -no-stdlib-rpath
Ld /Users/admin/builder/spi-builder-workspace/.derivedData/Build/Intermediates.noindex/swift-cwinrt.build/Debug-watchos/CWinRT-product-t.build/Objects-normal/arm64/Binary/CWinRT normal arm64 (in target 'CWinRT-product' from project 'swift-cwinrt')
cd /Users/admin/builder/spi-builder-workspace/.dependencies/checkouts/swift-cwinrt
/Applications/Xcode-27.0.0-Release.Candidate.app/Contents/Developer/Toolchains/XcodeDefault.xctoolchain/usr/bin/swiftc -Xlinker -reproducible -target arm64-apple-watchos9.0 -emit-library -sdk /Applications/Xcode-27.0.0-Release.Candidate.app/Contents/Developer/Platforms/WatchOS.platform/Developer/SDKs/WatchOS27.0.sdk -suppress-warnings -Xlinker -no_warn_duplicate_libraries -L/Users/admin/builder/spi-builder-workspace/.derivedData/Build/Intermediates.noindex/EagerLinkingTBDs/Debug-watchos -L/Users/admin/builder/spi-builder-workspace/.derivedData/Build/Products/Debug-watchos -L/Applications/Xcode-27.0.0-Release.Candidate.app/Contents/Developer/Platforms/WatchOS.platform/Developer/usr/lib -F/Users/admin/builder/spi-builder-workspace/.derivedData/Build/Intermediates.noindex/EagerLinkingTBDs/Debug-watchos -F/Users/admin/builder/spi-builder-workspace/.derivedData/Build/Products/Debug-watchos/PackageFrameworks -F/Users/admin/builder/spi-builder-workspace/.derivedData/Build/Products/Debug-watchos -Fsystem /Applications/Xcode-27.0.0-Release.Candidate.app/Contents/Developer/Platforms/WatchOS.platform/Developer/Library/Frameworks -Fsystem /Applications/Xcode-27.0.0-Release.Candidate.app/Contents/Developer/Platforms/WatchOS.platform/Developer/SDKs/WatchOS27.0.sdk/Developer/Library/Frameworks @/Users/admin/builder/spi-builder-workspace/.derivedData/Build/Intermediates.noindex/swift-cwinrt.build/Debug-watchos/CWinRT-product-t.build/Objects-normal/arm64/CWinRT.LinkFileList -Xclang-linker -install_name -Xclang-linker @rpath/CWinRT.framework/CWinRT -Xlinker -rpath -Xlinker /usr/lib/swift -Xlinker -rpath -Xlinker @loader_path -Xlinker -rpath -Xlinker /Users/admin/builder/spi-builder-workspace/.derivedData/Build/Products/Debug-watchos/PackageFrameworks -Xlinker -dead_strip -Xlinker -object_path_lto -Xlinker /Users/admin/builder/spi-builder-workspace/.derivedData/Build/Intermediates.noindex/swift-cwinrt.build/Debug-watchos/CWinRT-product-t.build/Objects-normal/arm64/CWinRT_lto.o -Xclang-linker -rdynamic -Xlinker -no_deduplicate -Xlinker -dependency_info -Xlinker /Users/admin/builder/spi-builder-workspace/.derivedData/Build/Intermediates.noindex/swift-cwinrt.build/Debug-watchos/CWinRT-product-t.build/Objects-normal/arm64/CWinRT_dependency_info.dat -link-objc-runtime -L/Applications/Xcode-27.0.0-Release.Candidate.app/Contents/Developer/Toolchains/XcodeDefault.xctoolchain/usr/lib/swift/watchos -L/usr/lib/swift -o /Users/admin/builder/spi-builder-workspace/.derivedData/Build/Intermediates.noindex/swift-cwinrt.build/Debug-watchos/CWinRT-product-t.build/Objects-normal/arm64/Binary/CWinRT -no-stdlib-rpath
SwiftDriver WindowsFoundation normal arm64 com.apple.xcode.tools.swift.compiler (in target 'WindowsFoundation' from project 'swift-windowsfoundation')
cd /Users/admin/builder/spi-builder-workspace/.swiftpm/xcode
builtin-SwiftDriver -- /Applications/Xcode-27.0.0-Release.Candidate.app/Contents/Developer/Toolchains/XcodeDefault.xctoolchain/usr/bin/swiftc -parse-as-library -module-name WindowsFoundation -Onone @/Users/admin/builder/spi-builder-workspace/.derivedData/Build/Intermediates.noindex/swift-windowsfoundation.build/Debug-watchos/WindowsFoundation-t.build/Objects-normal/arm64/WindowsFoundation.SwiftFileList -DSWIFT_PACKAGE -DDEBUG -DSWIFT_MODULE_RESOURCE_BUNDLE_UNAVAILABLE -Xcc -fmodule-map-file\=/Users/admin/builder/spi-builder-workspace/.derivedData/Build/Intermediates.noindex/GeneratedModuleMaps-watchos/CWinRT.modulemap -DXcode -plugin-path /Applications/Xcode-27.0.0-Release.Candidate.app/Contents/Developer/Toolchains/XcodeDefault.xctoolchain/usr/lib/swift/host/plugins/testing -enable-experimental-feature DebugDescriptionMacro -sdk /Applications/Xcode-27.0.0-Release.Candidate.app/Contents/Developer/Platforms/WatchOS.platform/Developer/SDKs/WatchOS27.0.sdk -target arm64-apple-watchos9.0 -g -module-cache-path /Users/admin/builder/spi-builder-workspace/.derivedData/ModuleCache.noindex -Xfrontend -serialize-debugging-options -enable-testing -index-store-path /Users/admin/builder/spi-builder-workspace/.derivedData/Index.noindex/DataStore -Xcc -D_LIBCPP_HARDENING_MODE\=_LIBCPP_HARDENING_MODE_DEBUG -swift-version 5 -I /Users/admin/builder/spi-builder-workspace/.derivedData/Build/Products/Debug-watchos -Isystem /Applications/Xcode-27.0.0-Release.Candidate.app/Contents/Developer/Platforms/WatchOS.platform/Developer/usr/lib -F /Users/admin/builder/spi-builder-workspace/.derivedData/Build/Products/Debug-watchos/PackageFrameworks -F /Users/admin/builder/spi-builder-workspace/.derivedData/Build/Products/Debug-watchos -F /Applications/Xcode-27.0.0-Release.Candidate.app/Contents/Developer/Platforms/WatchOS.platform/Developer/Library/Frameworks -F /Applications/Xcode-27.0.0-Release.Candidate.app/Contents/Developer/Platforms/WatchOS.platform/Developer/SDKs/WatchOS27.0.sdk/Developer/Library/Frameworks -c -j10 -enable-batch-mode -incremental -Xcc -ivfsstatcache -Xcc /Users/admin/builder/spi-builder-workspace/.derivedData/SDKStatCaches.noindex/watchos27.0-24R360-e829b21a6f8c9b70876ba0858053c04477534ef55a1706bf4c1112bbb242f0a2.sdkstatcache -output-file-map /Users/admin/builder/spi-builder-workspace/.derivedData/Build/Intermediates.noindex/swift-windowsfoundation.build/Debug-watchos/WindowsFoundation-t.build/Objects-normal/arm64/WindowsFoundation-OutputFileMap.json -save-temps -no-color-diagnostics -explicit-module-build -module-cache-path /Users/admin/builder/spi-builder-workspace/.derivedData/Build/Intermediates.noindex/SwiftExplicitPrecompiledModules -clang-scanner-module-cache-path /Users/admin/builder/spi-builder-workspace/.derivedData/ModuleCache.noindex -sdk-module-cache-path /Users/admin/builder/spi-builder-workspace/.derivedData/SDKExplicitPrecompiledModules -emit-dependencies -emit-module -emit-module-path /Users/admin/builder/spi-builder-workspace/.derivedData/Build/Intermediates.noindex/swift-windowsfoundation.build/Debug-watchos/WindowsFoundation-t.build/Objects-normal/arm64/WindowsFoundation.swiftmodule -serialize-diagnostics -dependency-scan-serialize-diagnostics-path /Users/admin/builder/spi-builder-workspace/.derivedData/Build/Intermediates.noindex/swift-windowsfoundation.build/Debug-watchos/WindowsFoundation-t.build/Objects-normal/arm64/WindowsFoundation-dependency-scan.dia -validate-clang-modules-once -clang-build-session-file /Users/admin/builder/spi-builder-workspace/.derivedData/ModuleCache.noindex/Session.modulevalidation -Xcc -fmodules-prune-interval\=86400 -Xcc -fmodules-prune-after\=345600 -package-name spi_builder_workspace -emit-const-values -const-gather-protocols-list /Users/admin/builder/spi-builder-workspace/.derivedData/Build/Intermediates.noindex/swift-windowsfoundation.build/Debug-watchos/WindowsFoundation-t.build/Objects-normal/arm64/WindowsFoundation_const_extract_protocols.json -Xcc -I/Users/admin/builder/spi-builder-workspace/.dependencies/checkouts/swift-cwinrt/Sources/CWinRT/include -Xcc -I/Users/admin/builder/spi-builder-workspace/.derivedData/Build/Products/Debug-watchos/include -Xcc -I/Users/admin/builder/spi-builder-workspace/.derivedData/Build/Intermediates.noindex/swift-windowsfoundation.build/Debug-watchos/WindowsFoundation-t.build/DerivedSources-normal/arm64 -Xcc -I/Users/admin/builder/spi-builder-workspace/.derivedData/Build/Intermediates.noindex/swift-windowsfoundation.build/Debug-watchos/WindowsFoundation-t.build/DerivedSources/arm64 -Xcc -I/Users/admin/builder/spi-builder-workspace/.derivedData/Build/Intermediates.noindex/swift-windowsfoundation.build/Debug-watchos/WindowsFoundation-t.build/DerivedSources -Xcc -DSWIFT_PACKAGE -Xcc -DDEBUG\=1 -emit-objc-header -emit-objc-header-path /Users/admin/builder/spi-builder-workspace/.derivedData/Build/Intermediates.noindex/swift-windowsfoundation.build/Debug-watchos/WindowsFoundation-t.build/Objects-normal/arm64/WindowsFoundation-Swift.h -working-directory /Users/admin/builder/spi-builder-workspace/.swiftpm/xcode -experimental-emit-module-separately -disable-cmo
error: Clang dependency scanning failure: While building module 'CWinRT' imported from module-include.input:1:
In file included from <module-includes>:1:
/Users/admin/builder/spi-builder-workspace/.dependencies/checkouts/swift-cwinrt/Sources/CWinRT/include/CWinRT.h:4:10: fatal error: 'wtypesbase.h' file not found
module-include.input:1:2: fatal error: could not build module 'CWinRT'
(in target 'WindowsFoundation' from project 'swift-windowsfoundation')
/Users/admin/builder/spi-builder-workspace/Sources/WindowsFoundation/Generated/Support/AGGREGATION.swift:1:8: error: Unable to resolve module dependency: 'CWinRT' (in target 'WindowsFoundation' from project 'swift-windowsfoundation')
note: A dependency of main module 'WindowsFoundation'
/Users/admin/builder/spi-builder-workspace/Sources/WindowsFoundation/Generated/Support/COM+EXTENSIONS.swift:5:8: note: Also imported here
/Users/admin/builder/spi-builder-workspace/Sources/WindowsFoundation/Generated/Support/COMPTR.swift:3:8: note: Also imported here
/Users/admin/builder/spi-builder-workspace/Sources/WindowsFoundation/Generated/Support/CPPINTEROPWORKAROUND.swift:1:8: note: Also imported here
/Users/admin/builder/spi-builder-workspace/Sources/WindowsFoundation/Generated/Support/CUSTOMQUERYINTERFACE.swift:1:8: note: Also imported here
/Users/admin/builder/spi-builder-workspace/Sources/WindowsFoundation/Generated/Support/ERROR.swift:5:8: note: Also imported here
/Users/admin/builder/spi-builder-workspace/Sources/WindowsFoundation/Generated/Support/EVENT.swift:2:8: note: Also imported here
/Users/admin/builder/spi-builder-workspace/Sources/WindowsFoundation/Generated/Support/EVENTHANDLERSUBSCRIPTION.swift:3:8: note: Also imported here
/Users/admin/builder/spi-builder-workspace/Sources/WindowsFoundation/Generated/Support/EVENTSOURCE.swift:3:8: note: Also imported here
/Users/admin/builder/spi-builder-workspace/Sources/WindowsFoundation/Generated/Support/GUID.swift:2:8: note: Also imported here
/Users/admin/builder/spi-builder-workspace/Sources/WindowsFoundation/Generated/Support/HSTRING.swift:4:8: note: Also imported here
/Users/admin/builder/spi-builder-workspace/Sources/WindowsFoundation/Generated/Support/IBUFFERBYTEACCESS.swift:1:8: note: Also imported here
/Users/admin/builder/spi-builder-workspace/Sources/WindowsFoundation/Generated/Support/IINSPECTABLE+SWIFT.swift:4:8: note: Also imported here
/Users/admin/builder/spi-builder-workspace/Sources/WindowsFoundation/Generated/Support/IINSPECTABLE.swift:4:8: note: Also imported here
/Users/admin/builder/spi-builder-workspace/Sources/WindowsFoundation/Generated/Support/IMEMORYBUFFERBYTEACCESS.swift:1:8: note: Also imported here
/Users/admin/builder/spi-builder-workspace/Sources/WindowsFoundation/Generated/Support/IUNKNOWN.swift:5:8: note: Also imported here
/Users/admin/builder/spi-builder-workspace/Sources/WindowsFoundation/Generated/Support/MARSHALER.swift:1:8: note: Also imported here
/Users/admin/builder/spi-builder-workspace/Sources/WindowsFoundation/Generated/Support/PROPERTYVALUE+ABI.swift:1:8: note: Also imported here
/Users/admin/builder/spi-builder-workspace/Sources/WindowsFoundation/Generated/Support/PROPERTYVALUE.swift:2:8: note: Also imported here
/Users/admin/builder/spi-builder-workspace/Sources/WindowsFoundation/Generated/Support/RUNTIME+SWIFT.swift:5:8: note: Also imported here
/Users/admin/builder/spi-builder-workspace/Sources/WindowsFoundation/Generated/Support/SWIFT+EXTENSIONS.swift:4:8: note: Also imported here
/Users/admin/builder/spi-builder-workspace/Sources/WindowsFoundation/Generated/Support/TRUSTLEVEL+SWIFT.swift:4:8: note: Also imported here
/Users/admin/builder/spi-builder-workspace/Sources/WindowsFoundation/Generated/Support/WINRTPROTOCOLS.swift:1:8: note: Also imported here
/Users/admin/builder/spi-builder-workspace/Sources/WindowsFoundation/Generated/Support/WINRTWRAPPERBASE.swift:1:8: note: Also imported here
/Users/admin/builder/spi-builder-workspace/Sources/WindowsFoundation/Generated/Windows.Foundation+ABI.swift:4:8: note: Also imported here
/Users/admin/builder/spi-builder-workspace/Sources/WindowsFoundation/Generated/Windows.Foundation+Impl.swift:4:8: note: Also imported here
/Users/admin/builder/spi-builder-workspace/Sources/WindowsFoundation/Generated/Windows.Foundation.Collections+ABI.swift:4:8: note: Also imported here
/Users/admin/builder/spi-builder-workspace/Sources/WindowsFoundation/Generated/Windows.Foundation.Collections+Impl.swift:4:8: note: Also imported here
/Users/admin/builder/spi-builder-workspace/Sources/WindowsFoundation/Generated/Windows.Foundation.Collections.swift:4:8: note: Also imported here
/Users/admin/builder/spi-builder-workspace/Sources/WindowsFoundation/Generated/Windows.Foundation.Numerics+ABI.swift:4:8: note: Also imported here
/Users/admin/builder/spi-builder-workspace/Sources/WindowsFoundation/Generated/Windows.Foundation.Numerics+Impl.swift:4:8: note: Also imported here
/Users/admin/builder/spi-builder-workspace/Sources/WindowsFoundation/Generated/Windows.Foundation.Numerics.swift:4:8: note: Also imported here
/Users/admin/builder/spi-builder-workspace/Sources/WindowsFoundation/Generated/Windows.Foundation.swift:4:8: note: Also imported here
/Users/admin/builder/spi-builder-workspace/Sources/WindowsFoundation/Generated/WindowsFoundation+Generics.swift:4:8: note: Also imported here
/Users/admin/builder/spi-builder-workspace/Sources/WindowsFoundation/Generated/WindowsFoundation+MakeFromAbi.swift:4:8: note: Also imported here
/Users/admin/builder/spi-builder-workspace/Sources/WindowsFoundation/Generated/Support/ARRAY+TOVECTOR.swift:2:8: error: Unable to resolve module dependency: 'WinSDK' (in target 'WindowsFoundation' from project 'swift-windowsfoundation')
note: A dependency of main module 'WindowsFoundation'
/Users/admin/builder/spi-builder-workspace/Sources/WindowsFoundation/Generated/Support/COM+EXTENSIONS.swift:4:8: note: Also imported here
/Users/admin/builder/spi-builder-workspace/Sources/WindowsFoundation/Generated/Support/CUSTOMQUERYINTERFACE.swift:2:8: note: Also imported here
/Users/admin/builder/spi-builder-workspace/Sources/WindowsFoundation/Generated/Support/DEBUGGING.swift:1:8: note: Also imported here
/Users/admin/builder/spi-builder-workspace/Sources/WindowsFoundation/Generated/Support/DICTIONARY+TOMAP.swift:1:8: note: Also imported here
/Users/admin/builder/spi-builder-workspace/Sources/WindowsFoundation/Generated/Support/ERROR.swift:4:8: note: Also imported here
/Users/admin/builder/spi-builder-workspace/Sources/WindowsFoundation/Generated/Support/ERRORHANDLING.swift:4:8: note: Also imported here
/Users/admin/builder/spi-builder-workspace/Sources/WindowsFoundation/Generated/Support/EVENT.swift:1:8: note: Also imported here
/Users/admin/builder/spi-builder-workspace/Sources/WindowsFoundation/Generated/Support/EVENTHANDLERSUBSCRIPTION.swift:2:8: note: Also imported here
/Users/admin/builder/spi-builder-workspace/Sources/WindowsFoundation/Generated/Support/EVENTSOURCE.swift:2:8: note: Also imported here
/Users/admin/builder/spi-builder-workspace/Sources/WindowsFoundation/Generated/Support/IUNKNOWN+SWIFT.swift:4:8: note: Also imported here
/Users/admin/builder/spi-builder-workspace/Sources/WindowsFoundation/Generated/Support/IUNKNOWN.swift:4:8: note: Also imported here
/Users/admin/builder/spi-builder-workspace/Sources/WindowsFoundation/Generated/Support/PROPERTYVALUE+ABI.swift:2:8: note: Also imported here
/Users/admin/builder/spi-builder-workspace/Sources/WindowsFoundation/Generated/Support/PROPERTYVALUE.swift:3:8: note: Also imported here
/Users/admin/builder/spi-builder-workspace/Sources/WindowsFoundation/Generated/Support/RAWTYPED.swift:4:8: note: Also imported here
/Users/admin/builder/spi-builder-workspace/Sources/WindowsFoundation/Generated/Support/RUNTIME+SWIFT.swift:4:8: note: Also imported here
/Users/admin/builder/spi-builder-workspace/Sources/WindowsFoundation/Generated/Support/WINRTWRAPPERBASE.swift:2:8: note: Also imported here
/Users/admin/builder/spi-builder-workspace/Sources/WindowsFoundation/Generated/Support/WINSDK+EXTENSIONS.swift:4:8: note: Also imported here
/Users/admin/builder/spi-builder-workspace/Sources/WindowsFoundation/Generated/Support/HSTRING.swift:6:8: error: Unable to resolve module dependency: 'ucrt' (in target 'WindowsFoundation' from project 'swift-windowsfoundation')
note: A dependency of main module 'WindowsFoundation'
error: Clang dependency scanning failure: While building module 'CWinRT' imported from module-include.input:1:
In file included from <module-includes>:1:
/Users/admin/builder/spi-builder-workspace/.dependencies/checkouts/swift-cwinrt/Sources/CWinRT/include/CWinRT.h:4:10: fatal error: 'wtypesbase.h' file not found
module-include.input:1:2: fatal error: could not build module 'CWinRT'
(in target 'WindowsFoundation' from project 'swift-windowsfoundation')
/Users/admin/builder/spi-builder-workspace/Sources/WindowsFoundation/Generated/Support/AGGREGATION.swift:1:8: note: A dependency of main module 'WindowsFoundation'
import CWinRT
^ (in target 'WindowsFoundation' from project 'swift-windowsfoundation')
/Users/admin/builder/spi-builder-workspace/Sources/WindowsFoundation/Generated/Support/COM+EXTENSIONS.swift:5:8: note: Also imported here
import CWinRT
^ (in target 'WindowsFoundation' from project 'swift-windowsfoundation')
/Users/admin/builder/spi-builder-workspace/Sources/WindowsFoundation/Generated/Support/COMPTR.swift:3:8: note: Also imported here
import CWinRT
^ (in target 'WindowsFoundation' from project 'swift-windowsfoundation')
/Users/admin/builder/spi-builder-workspace/Sources/WindowsFoundation/Generated/Support/CPPINTEROPWORKAROUND.swift:1:8: note: Also imported here
import CWinRT
^ (in target 'WindowsFoundation' from project 'swift-windowsfoundation')
/Users/admin/builder/spi-builder-workspace/Sources/WindowsFoundation/Generated/Support/CUSTOMQUERYINTERFACE.swift:1:8: note: Also imported here
import CWinRT
^ (in target 'WindowsFoundation' from project 'swift-windowsfoundation')
/Users/admin/builder/spi-builder-workspace/Sources/WindowsFoundation/Generated/Support/ERROR.swift:5:8: note: Also imported here
import CWinRT
^ (in target 'WindowsFoundation' from project 'swift-windowsfoundation')
/Users/admin/builder/spi-builder-workspace/Sources/WindowsFoundation/Generated/Support/EVENT.swift:2:8: note: Also imported here
import CWinRT
^ (in target 'WindowsFoundation' from project 'swift-windowsfoundation')
/Users/admin/builder/spi-builder-workspace/Sources/WindowsFoundation/Generated/Support/EVENTHANDLERSUBSCRIPTION.swift:3:8: note: Also imported here
import CWinRT
^ (in target 'WindowsFoundation' from project 'swift-windowsfoundation')
/Users/admin/builder/spi-builder-workspace/Sources/WindowsFoundation/Generated/Support/EVENTSOURCE.swift:3:8: note: Also imported here
import CWinRT
^ (in target 'WindowsFoundation' from project 'swift-windowsfoundation')
/Users/admin/builder/spi-builder-workspace/Sources/WindowsFoundation/Generated/Support/GUID.swift:2:8: note: Also imported here
import CWinRT
^ (in target 'WindowsFoundation' from project 'swift-windowsfoundation')
/Users/admin/builder/spi-builder-workspace/Sources/WindowsFoundation/Generated/Support/HSTRING.swift:4:8: note: Also imported here
import CWinRT
^ (in target 'WindowsFoundation' from project 'swift-windowsfoundation')
/Users/admin/builder/spi-builder-workspace/Sources/WindowsFoundation/Generated/Support/IBUFFERBYTEACCESS.swift:1:8: note: Also imported here
import CWinRT
^ (in target 'WindowsFoundation' from project 'swift-windowsfoundation')
/Users/admin/builder/spi-builder-workspace/Sources/WindowsFoundation/Generated/Support/IINSPECTABLE+SWIFT.swift:4:8: note: Also imported here
import CWinRT
^ (in target 'WindowsFoundation' from project 'swift-windowsfoundation')
/Users/admin/builder/spi-builder-workspace/Sources/WindowsFoundation/Generated/Support/IINSPECTABLE.swift:4:8: note: Also imported here
import CWinRT
^ (in target 'WindowsFoundation' from project 'swift-windowsfoundation')
/Users/admin/builder/spi-builder-workspace/Sources/WindowsFoundation/Generated/Support/IMEMORYBUFFERBYTEACCESS.swift:1:8: note: Also imported here
import CWinRT
^ (in target 'WindowsFoundation' from project 'swift-windowsfoundation')
/Users/admin/builder/spi-builder-workspace/Sources/WindowsFoundation/Generated/Support/IUNKNOWN.swift:5:8: note: Also imported here
import CWinRT
^ (in target 'WindowsFoundation' from project 'swift-windowsfoundation')
/Users/admin/builder/spi-builder-workspace/Sources/WindowsFoundation/Generated/Support/MARSHALER.swift:1:8: note: Also imported here
import CWinRT
^ (in target 'WindowsFoundation' from project 'swift-windowsfoundation')
/Users/admin/builder/spi-builder-workspace/Sources/WindowsFoundation/Generated/Support/PROPERTYVALUE+ABI.swift:1:8: note: Also imported here
import CWinRT
^ (in target 'WindowsFoundation' from project 'swift-windowsfoundation')
/Users/admin/builder/spi-builder-workspace/Sources/WindowsFoundation/Generated/Support/PROPERTYVALUE.swift:2:8: note: Also imported here
import CWinRT
^ (in target 'WindowsFoundation' from project 'swift-windowsfoundation')
/Users/admin/builder/spi-builder-workspace/Sources/WindowsFoundation/Generated/Support/RUNTIME+SWIFT.swift:5:8: note: Also imported here
import CWinRT
^ (in target 'WindowsFoundation' from project 'swift-windowsfoundation')
/Users/admin/builder/spi-builder-workspace/Sources/WindowsFoundation/Generated/Support/SWIFT+EXTENSIONS.swift:4:8: note: Also imported here
import CWinRT
^ (in target 'WindowsFoundation' from project 'swift-windowsfoundation')
/Users/admin/builder/spi-builder-workspace/Sources/WindowsFoundation/Generated/Support/TRUSTLEVEL+SWIFT.swift:4:8: note: Also imported here
import CWinRT
^ (in target 'WindowsFoundation' from project 'swift-windowsfoundation')
/Users/admin/builder/spi-builder-workspace/Sources/WindowsFoundation/Generated/Support/WINRTPROTOCOLS.swift:1:8: note: Also imported here
import CWinRT
^ (in target 'WindowsFoundation' from project 'swift-windowsfoundation')
/Users/admin/builder/spi-builder-workspace/Sources/WindowsFoundation/Generated/Support/WINRTWRAPPERBASE.swift:1:8: note: Also imported here
import CWinRT
^ (in target 'WindowsFoundation' from project 'swift-windowsfoundation')
/Users/admin/builder/spi-builder-workspace/Sources/WindowsFoundation/Generated/Windows.Foundation+ABI.swift:4:8: note: Also imported here
import CWinRT
^ (in target 'WindowsFoundation' from project 'swift-windowsfoundation')
/Users/admin/builder/spi-builder-workspace/Sources/WindowsFoundation/Generated/Windows.Foundation+Impl.swift:4:8: note: Also imported here
import CWinRT
^ (in target 'WindowsFoundation' from project 'swift-windowsfoundation')
/Users/admin/builder/spi-builder-workspace/Sources/WindowsFoundation/Generated/Windows.Foundation.Collections+ABI.swift:4:8: note: Also imported here
import CWinRT
^ (in target 'WindowsFoundation' from project 'swift-windowsfoundation')
/Users/admin/builder/spi-builder-workspace/Sources/WindowsFoundation/Generated/Windows.Foundation.Collections+Impl.swift:4:8: note: Also imported here
import CWinRT
^ (in target 'WindowsFoundation' from project 'swift-windowsfoundation')
/Users/admin/builder/spi-builder-workspace/Sources/WindowsFoundation/Generated/Windows.Foundation.Collections.swift:4:8: note: Also imported here
import CWinRT
^ (in target 'WindowsFoundation' from project 'swift-windowsfoundation')
/Users/admin/builder/spi-builder-workspace/Sources/WindowsFoundation/Generated/Windows.Foundation.Numerics+ABI.swift:4:8: note: Also imported here
import CWinRT
^ (in target 'WindowsFoundation' from project 'swift-windowsfoundation')
/Users/admin/builder/spi-builder-workspace/Sources/WindowsFoundation/Generated/Windows.Foundation.Numerics+Impl.swift:4:8: note: Also imported here
import CWinRT
^ (in target 'WindowsFoundation' from project 'swift-windowsfoundation')
/Users/admin/builder/spi-builder-workspace/Sources/WindowsFoundation/Generated/Windows.Foundation.Numerics.swift:4:8: note: Also imported here
import CWinRT
^ (in target 'WindowsFoundation' from project 'swift-windowsfoundation')
/Users/admin/builder/spi-builder-workspace/Sources/WindowsFoundation/Generated/Windows.Foundation.swift:4:8: note: Also imported here
import CWinRT
^ (in target 'WindowsFoundation' from project 'swift-windowsfoundation')
/Users/admin/builder/spi-builder-workspace/Sources/WindowsFoundation/Generated/WindowsFoundation+Generics.swift:4:8: note: Also imported here
import CWinRT
^ (in target 'WindowsFoundation' from project 'swift-windowsfoundation')
/Users/admin/builder/spi-builder-workspace/Sources/WindowsFoundation/Generated/WindowsFoundation+MakeFromAbi.swift:4:8: note: Also imported here
import CWinRT
^ (in target 'WindowsFoundation' from project 'swift-windowsfoundation')
/Users/admin/builder/spi-builder-workspace/Sources/WindowsFoundation/Generated/Support/ARRAY+TOVECTOR.swift:2:8: note: A dependency of main module 'WindowsFoundation'
import WinSDK
^ (in target 'WindowsFoundation' from project 'swift-windowsfoundation')
/Users/admin/builder/spi-builder-workspace/Sources/WindowsFoundation/Generated/Support/COM+EXTENSIONS.swift:4:8: note: Also imported here
import WinSDK
^ (in target 'WindowsFoundation' from project 'swift-windowsfoundation')
/Users/admin/builder/spi-builder-workspace/Sources/WindowsFoundation/Generated/Support/CUSTOMQUERYINTERFACE.swift:2:8: note: Also imported here
import WinSDK
^ (in target 'WindowsFoundation' from project 'swift-windowsfoundation')
/Users/admin/builder/spi-builder-workspace/Sources/WindowsFoundation/Generated/Support/DEBUGGING.swift:1:8: note: Also imported here
import WinSDK
^ (in target 'WindowsFoundation' from project 'swift-windowsfoundation')
/Users/admin/builder/spi-builder-workspace/Sources/WindowsFoundation/Generated/Support/DICTIONARY+TOMAP.swift:1:8: note: Also imported here
import WinSDK
^ (in target 'WindowsFoundation' from project 'swift-windowsfoundation')
/Users/admin/builder/spi-builder-workspace/Sources/WindowsFoundation/Generated/Support/ERROR.swift:4:8: note: Also imported here
import WinSDK
^ (in target 'WindowsFoundation' from project 'swift-windowsfoundation')
/Users/admin/builder/spi-builder-workspace/Sources/WindowsFoundation/Generated/Support/ERRORHANDLING.swift:4:8: note: Also imported here
import WinSDK
^ (in target 'WindowsFoundation' from project 'swift-windowsfoundation')
/Users/admin/builder/spi-builder-workspace/Sources/WindowsFoundation/Generated/Support/EVENT.swift:1:8: note: Also imported here
import WinSDK
^ (in target 'WindowsFoundation' from project 'swift-windowsfoundation')
/Users/admin/builder/spi-builder-workspace/Sources/WindowsFoundation/Generated/Support/EVENTHANDLERSUBSCRIPTION.swift:2:8: note: Also imported here
import WinSDK
^ (in target 'WindowsFoundation' from project 'swift-windowsfoundation')
/Users/admin/builder/spi-builder-workspace/Sources/WindowsFoundation/Generated/Support/EVENTSOURCE.swift:2:8: note: Also imported here
import WinSDK
^ (in target 'WindowsFoundation' from project 'swift-windowsfoundation')
/Users/admin/builder/spi-builder-workspace/Sources/WindowsFoundation/Generated/Support/IUNKNOWN+SWIFT.swift:4:8: note: Also imported here
import WinSDK
^ (in target 'WindowsFoundation' from project 'swift-windowsfoundation')
/Users/admin/builder/spi-builder-workspace/Sources/WindowsFoundation/Generated/Support/IUNKNOWN.swift:4:8: note: Also imported here
import WinSDK
^ (in target 'WindowsFoundation' from project 'swift-windowsfoundation')
/Users/admin/builder/spi-builder-workspace/Sources/WindowsFoundation/Generated/Support/PROPERTYVALUE+ABI.swift:2:8: note: Also imported here
import WinSDK
^ (in target 'WindowsFoundation' from project 'swift-windowsfoundation')
/Users/admin/builder/spi-builder-workspace/Sources/WindowsFoundation/Generated/Support/PROPERTYVALUE.swift:3:8: note: Also imported here
import WinSDK
^ (in target 'WindowsFoundation' from project 'swift-windowsfoundation')
/Users/admin/builder/spi-builder-workspace/Sources/WindowsFoundation/Generated/Support/RAWTYPED.swift:4:8: note: Also imported here
import WinSDK
^ (in target 'WindowsFoundation' from project 'swift-windowsfoundation')
/Users/admin/builder/spi-builder-workspace/Sources/WindowsFoundation/Generated/Support/RUNTIME+SWIFT.swift:4:8: note: Also imported here
import WinSDK
^ (in target 'WindowsFoundation' from project 'swift-windowsfoundation')
/Users/admin/builder/spi-builder-workspace/Sources/WindowsFoundation/Generated/Support/WINRTWRAPPERBASE.swift:2:8: note: Also imported here
import WinSDK
^ (in target 'WindowsFoundation' from project 'swift-windowsfoundation')
/Users/admin/builder/spi-builder-workspace/Sources/WindowsFoundation/Generated/Support/WINSDK+EXTENSIONS.swift:4:8: note: Also imported here
import WinSDK
^ (in target 'WindowsFoundation' from project 'swift-windowsfoundation')
/Users/admin/builder/spi-builder-workspace/Sources/WindowsFoundation/Generated/Support/HSTRING.swift:6:8: note: A dependency of main module 'WindowsFoundation'
import ucrt
^ (in target 'WindowsFoundation' from project 'swift-windowsfoundation')
SwiftDriver WindowsFoundation normal arm64_32 com.apple.xcode.tools.swift.compiler (in target 'WindowsFoundation' from project 'swift-windowsfoundation')
cd /Users/admin/builder/spi-builder-workspace/.swiftpm/xcode
builtin-SwiftDriver -- /Applications/Xcode-27.0.0-Release.Candidate.app/Contents/Developer/Toolchains/XcodeDefault.xctoolchain/usr/bin/swiftc -parse-as-library -module-name WindowsFoundation -Onone @/Users/admin/builder/spi-builder-workspace/.derivedData/Build/Intermediates.noindex/swift-windowsfoundation.build/Debug-watchos/WindowsFoundation-t.build/Objects-normal/arm64_32/WindowsFoundation.SwiftFileList -DSWIFT_PACKAGE -DDEBUG -DSWIFT_MODULE_RESOURCE_BUNDLE_UNAVAILABLE -Xcc -fmodule-map-file\=/Users/admin/builder/spi-builder-workspace/.derivedData/Build/Intermediates.noindex/GeneratedModuleMaps-watchos/CWinRT.modulemap -DXcode -plugin-path /Applications/Xcode-27.0.0-Release.Candidate.app/Contents/Developer/Toolchains/XcodeDefault.xctoolchain/usr/lib/swift/host/plugins/testing -enable-experimental-feature DebugDescriptionMacro -sdk /Applications/Xcode-27.0.0-Release.Candidate.app/Contents/Developer/Platforms/WatchOS.platform/Developer/SDKs/WatchOS27.0.sdk -target arm64_32-apple-watchos9.0 -g -module-cache-path /Users/admin/builder/spi-builder-workspace/.derivedData/ModuleCache.noindex -Xfrontend -serialize-debugging-options -enable-testing -index-store-path /Users/admin/builder/spi-builder-workspace/.derivedData/Index.noindex/DataStore -Xcc -D_LIBCPP_HARDENING_MODE\=_LIBCPP_HARDENING_MODE_DEBUG -swift-version 5 -I /Users/admin/builder/spi-builder-workspace/.derivedData/Build/Products/Debug-watchos -Isystem /Applications/Xcode-27.0.0-Release.Candidate.app/Contents/Developer/Platforms/WatchOS.platform/Developer/usr/lib -F /Users/admin/builder/spi-builder-workspace/.derivedData/Build/Products/Debug-watchos/PackageFrameworks -F /Users/admin/builder/spi-builder-workspace/.derivedData/Build/Products/Debug-watchos -F /Applications/Xcode-27.0.0-Release.Candidate.app/Contents/Developer/Platforms/WatchOS.platform/Developer/Library/Frameworks -F /Applications/Xcode-27.0.0-Release.Candidate.app/Contents/Developer/Platforms/WatchOS.platform/Developer/SDKs/WatchOS27.0.sdk/Developer/Library/Frameworks -c -j10 -enable-batch-mode -incremental -Xcc -ivfsstatcache -Xcc /Users/admin/builder/spi-builder-workspace/.derivedData/SDKStatCaches.noindex/watchos27.0-24R360-e829b21a6f8c9b70876ba0858053c04477534ef55a1706bf4c1112bbb242f0a2.sdkstatcache -output-file-map /Users/admin/builder/spi-builder-workspace/.derivedData/Build/Intermediates.noindex/swift-windowsfoundation.build/Debug-watchos/WindowsFoundation-t.build/Objects-normal/arm64_32/WindowsFoundation-OutputFileMap.json -save-temps -no-color-diagnostics -explicit-module-build -module-cache-path /Users/admin/builder/spi-builder-workspace/.derivedData/Build/Intermediates.noindex/SwiftExplicitPrecompiledModules -clang-scanner-module-cache-path /Users/admin/builder/spi-builder-workspace/.derivedData/ModuleCache.noindex -sdk-module-cache-path /Users/admin/builder/spi-builder-workspace/.derivedData/SDKExplicitPrecompiledModules -emit-dependencies -emit-module -emit-module-path /Users/admin/builder/spi-builder-workspace/.derivedData/Build/Intermediates.noindex/swift-windowsfoundation.build/Debug-watchos/WindowsFoundation-t.build/Objects-normal/arm64_32/WindowsFoundation.swiftmodule -serialize-diagnostics -dependency-scan-serialize-diagnostics-path /Users/admin/builder/spi-builder-workspace/.derivedData/Build/Intermediates.noindex/swift-windowsfoundation.build/Debug-watchos/WindowsFoundation-t.build/Objects-normal/arm64_32/WindowsFoundation-dependency-scan.dia -validate-clang-modules-once -clang-build-session-file /Users/admin/builder/spi-builder-workspace/.derivedData/ModuleCache.noindex/Session.modulevalidation -Xcc -fmodules-prune-interval\=86400 -Xcc -fmodules-prune-after\=345600 -package-name spi_builder_workspace -emit-const-values -const-gather-protocols-list /Users/admin/builder/spi-builder-workspace/.derivedData/Build/Intermediates.noindex/swift-windowsfoundation.build/Debug-watchos/WindowsFoundation-t.build/Objects-normal/arm64_32/WindowsFoundation_const_extract_protocols.json -Xcc -I/Users/admin/builder/spi-builder-workspace/.dependencies/checkouts/swift-cwinrt/Sources/CWinRT/include -Xcc -I/Users/admin/builder/spi-builder-workspace/.derivedData/Build/Products/Debug-watchos/include -Xcc -I/Users/admin/builder/spi-builder-workspace/.derivedData/Build/Intermediates.noindex/swift-windowsfoundation.build/Debug-watchos/WindowsFoundation-t.build/DerivedSources-normal/arm64_32 -Xcc -I/Users/admin/builder/spi-builder-workspace/.derivedData/Build/Intermediates.noindex/swift-windowsfoundation.build/Debug-watchos/WindowsFoundation-t.build/DerivedSources/arm64_32 -Xcc -I/Users/admin/builder/spi-builder-workspace/.derivedData/Build/Intermediates.noindex/swift-windowsfoundation.build/Debug-watchos/WindowsFoundation-t.build/DerivedSources -Xcc -DSWIFT_PACKAGE -Xcc -DDEBUG\=1 -emit-objc-header -emit-objc-header-path /Users/admin/builder/spi-builder-workspace/.derivedData/Build/Intermediates.noindex/swift-windowsfoundation.build/Debug-watchos/WindowsFoundation-t.build/Objects-normal/arm64_32/WindowsFoundation-Swift.h -working-directory /Users/admin/builder/spi-builder-workspace/.swiftpm/xcode -experimental-emit-module-separately -disable-cmo
error: Clang dependency scanning failure: While building module 'CWinRT' imported from module-include.input:1:
In file included from <module-includes>:1:
/Users/admin/builder/spi-builder-workspace/.dependencies/checkouts/swift-cwinrt/Sources/CWinRT/include/CWinRT.h:4:10: fatal error: 'wtypesbase.h' file not found
module-include.input:1:2: fatal error: could not build module 'CWinRT'
(in target 'WindowsFoundation' from project 'swift-windowsfoundation')
/Users/admin/builder/spi-builder-workspace/Sources/WindowsFoundation/Generated/Support/AGGREGATION.swift:1:8: error: Unable to resolve module dependency: 'CWinRT' (in target 'WindowsFoundation' from project 'swift-windowsfoundation')
note: A dependency of main module 'WindowsFoundation'
/Users/admin/builder/spi-builder-workspace/Sources/WindowsFoundation/Generated/Support/COM+EXTENSIONS.swift:5:8: note: Also imported here
/Users/admin/builder/spi-builder-workspace/Sources/WindowsFoundation/Generated/Support/COMPTR.swift:3:8: note: Also imported here
/Users/admin/builder/spi-builder-workspace/Sources/WindowsFoundation/Generated/Support/CPPINTEROPWORKAROUND.swift:1:8: note: Also imported here
/Users/admin/builder/spi-builder-workspace/Sources/WindowsFoundation/Generated/Support/CUSTOMQUERYINTERFACE.swift:1:8: note: Also imported here
/Users/admin/builder/spi-builder-workspace/Sources/WindowsFoundation/Generated/Support/ERROR.swift:5:8: note: Also imported here
/Users/admin/builder/spi-builder-workspace/Sources/WindowsFoundation/Generated/Support/EVENT.swift:2:8: note: Also imported here
/Users/admin/builder/spi-builder-workspace/Sources/WindowsFoundation/Generated/Support/EVENTHANDLERSUBSCRIPTION.swift:3:8: note: Also imported here
/Users/admin/builder/spi-builder-workspace/Sources/WindowsFoundation/Generated/Support/EVENTSOURCE.swift:3:8: note: Also imported here
/Users/admin/builder/spi-builder-workspace/Sources/WindowsFoundation/Generated/Support/GUID.swift:2:8: note: Also imported here
/Users/admin/builder/spi-builder-workspace/Sources/WindowsFoundation/Generated/Support/HSTRING.swift:4:8: note: Also imported here
/Users/admin/builder/spi-builder-workspace/Sources/WindowsFoundation/Generated/Support/IBUFFERBYTEACCESS.swift:1:8: note: Also imported here
/Users/admin/builder/spi-builder-workspace/Sources/WindowsFoundation/Generated/Support/IINSPECTABLE+SWIFT.swift:4:8: note: Also imported here
/Users/admin/builder/spi-builder-workspace/Sources/WindowsFoundation/Generated/Support/IINSPECTABLE.swift:4:8: note: Also imported here
/Users/admin/builder/spi-builder-workspace/Sources/WindowsFoundation/Generated/Support/IMEMORYBUFFERBYTEACCESS.swift:1:8: note: Also imported here
/Users/admin/builder/spi-builder-workspace/Sources/WindowsFoundation/Generated/Support/IUNKNOWN.swift:5:8: note: Also imported here
/Users/admin/builder/spi-builder-workspace/Sources/WindowsFoundation/Generated/Support/MARSHALER.swift:1:8: note: Also imported here
/Users/admin/builder/spi-builder-workspace/Sources/WindowsFoundation/Generated/Support/PROPERTYVALUE+ABI.swift:1:8: note: Also imported here
/Users/admin/builder/spi-builder-workspace/Sources/WindowsFoundation/Generated/Support/PROPERTYVALUE.swift:2:8: note: Also imported here
/Users/admin/builder/spi-builder-workspace/Sources/WindowsFoundation/Generated/Support/RUNTIME+SWIFT.swift:5:8: note: Also imported here
/Users/admin/builder/spi-builder-workspace/Sources/WindowsFoundation/Generated/Support/SWIFT+EXTENSIONS.swift:4:8: note: Also imported here
/Users/admin/builder/spi-builder-workspace/Sources/WindowsFoundation/Generated/Support/TRUSTLEVEL+SWIFT.swift:4:8: note: Also imported here
/Users/admin/builder/spi-builder-workspace/Sources/WindowsFoundation/Generated/Support/WINRTPROTOCOLS.swift:1:8: note: Also imported here
/Users/admin/builder/spi-builder-workspace/Sources/WindowsFoundation/Generated/Support/WINRTWRAPPERBASE.swift:1:8: note: Also imported here
/Users/admin/builder/spi-builder-workspace/Sources/WindowsFoundation/Generated/Windows.Foundation+ABI.swift:4:8: note: Also imported here
/Users/admin/builder/spi-builder-workspace/Sources/WindowsFoundation/Generated/Windows.Foundation+Impl.swift:4:8: note: Also imported here
/Users/admin/builder/spi-builder-workspace/Sources/WindowsFoundation/Generated/Windows.Foundation.Collections+ABI.swift:4:8: note: Also imported here
/Users/admin/builder/spi-builder-workspace/Sources/WindowsFoundation/Generated/Windows.Foundation.Collections+Impl.swift:4:8: note: Also imported here
/Users/admin/builder/spi-builder-workspace/Sources/WindowsFoundation/Generated/Windows.Foundation.Collections.swift:4:8: note: Also imported here
/Users/admin/builder/spi-builder-workspace/Sources/WindowsFoundation/Generated/Windows.Foundation.Numerics+ABI.swift:4:8: note: Also imported here
/Users/admin/builder/spi-builder-workspace/Sources/WindowsFoundation/Generated/Windows.Foundation.Numerics+Impl.swift:4:8: note: Also imported here
/Users/admin/builder/spi-builder-workspace/Sources/WindowsFoundation/Generated/Windows.Foundation.Numerics.swift:4:8: note: Also imported here
/Users/admin/builder/spi-builder-workspace/Sources/WindowsFoundation/Generated/Windows.Foundation.swift:4:8: note: Also imported here
/Users/admin/builder/spi-builder-workspace/Sources/WindowsFoundation/Generated/WindowsFoundation+Generics.swift:4:8: note: Also imported here
/Users/admin/builder/spi-builder-workspace/Sources/WindowsFoundation/Generated/WindowsFoundation+MakeFromAbi.swift:4:8: note: Also imported here
/Users/admin/builder/spi-builder-workspace/Sources/WindowsFoundation/Generated/Support/ARRAY+TOVECTOR.swift:2:8: error: Unable to resolve module dependency: 'WinSDK' (in target 'WindowsFoundation' from project 'swift-windowsfoundation')
note: A dependency of main module 'WindowsFoundation'
/Users/admin/builder/spi-builder-workspace/Sources/WindowsFoundation/Generated/Support/COM+EXTENSIONS.swift:4:8: note: Also imported here
/Users/admin/builder/spi-builder-workspace/Sources/WindowsFoundation/Generated/Support/CUSTOMQUERYINTERFACE.swift:2:8: note: Also imported here
/Users/admin/builder/spi-builder-workspace/Sources/WindowsFoundation/Generated/Support/DEBUGGING.swift:1:8: note: Also imported here
/Users/admin/builder/spi-builder-workspace/Sources/WindowsFoundation/Generated/Support/DICTIONARY+TOMAP.swift:1:8: note: Also imported here
/Users/admin/builder/spi-builder-workspace/Sources/WindowsFoundation/Generated/Support/ERROR.swift:4:8: note: Also imported here
/Users/admin/builder/spi-builder-workspace/Sources/WindowsFoundation/Generated/Support/ERRORHANDLING.swift:4:8: note: Also imported here
/Users/admin/builder/spi-builder-workspace/Sources/WindowsFoundation/Generated/Support/EVENT.swift:1:8: note: Also imported here
/Users/admin/builder/spi-builder-workspace/Sources/WindowsFoundation/Generated/Support/EVENTHANDLERSUBSCRIPTION.swift:2:8: note: Also imported here
/Users/admin/builder/spi-builder-workspace/Sources/WindowsFoundation/Generated/Support/EVENTSOURCE.swift:2:8: note: Also imported here
/Users/admin/builder/spi-builder-workspace/Sources/WindowsFoundation/Generated/Support/IUNKNOWN+SWIFT.swift:4:8: note: Also imported here
/Users/admin/builder/spi-builder-workspace/Sources/WindowsFoundation/Generated/Support/IUNKNOWN.swift:4:8: note: Also imported here
/Users/admin/builder/spi-builder-workspace/Sources/WindowsFoundation/Generated/Support/PROPERTYVALUE+ABI.swift:2:8: note: Also imported here
/Users/admin/builder/spi-builder-workspace/Sources/WindowsFoundation/Generated/Support/PROPERTYVALUE.swift:3:8: note: Also imported here
/Users/admin/builder/spi-builder-workspace/Sources/WindowsFoundation/Generated/Support/RAWTYPED.swift:4:8: note: Also imported here
/Users/admin/builder/spi-builder-workspace/Sources/WindowsFoundation/Generated/Support/RUNTIME+SWIFT.swift:4:8: note: Also imported here
/Users/admin/builder/spi-builder-workspace/Sources/WindowsFoundation/Generated/Support/WINRTWRAPPERBASE.swift:2:8: note: Also imported here
/Users/admin/builder/spi-builder-workspace/Sources/WindowsFoundation/Generated/Support/WINSDK+EXTENSIONS.swift:4:8: note: Also imported here
/Users/admin/builder/spi-builder-workspace/Sources/WindowsFoundation/Generated/Support/HSTRING.swift:6:8: error: Unable to resolve module dependency: 'ucrt' (in target 'WindowsFoundation' from project 'swift-windowsfoundation')
note: A dependency of main module 'WindowsFoundation'
error: Clang dependency scanning failure: While building module 'CWinRT' imported from module-include.input:1:
In file included from <module-includes>:1:
/Users/admin/builder/spi-builder-workspace/.dependencies/checkouts/swift-cwinrt/Sources/CWinRT/include/CWinRT.h:4:10: fatal error: 'wtypesbase.h' file not found
module-include.input:1:2: fatal error: could not build module 'CWinRT'
(in target 'WindowsFoundation' from project 'swift-windowsfoundation')
/Users/admin/builder/spi-builder-workspace/Sources/WindowsFoundation/Generated/Support/AGGREGATION.swift:1:8: note: A dependency of main module 'WindowsFoundation'
import CWinRT
^ (in target 'WindowsFoundation' from project 'swift-windowsfoundation')
/Users/admin/builder/spi-builder-workspace/Sources/WindowsFoundation/Generated/Support/COM+EXTENSIONS.swift:5:8: note: Also imported here
import CWinRT
^ (in target 'WindowsFoundation' from project 'swift-windowsfoundation')
/Users/admin/builder/spi-builder-workspace/Sources/WindowsFoundation/Generated/Support/COMPTR.swift:3:8: note: Also imported here
import CWinRT
^ (in target 'WindowsFoundation' from project 'swift-windowsfoundation')
/Users/admin/builder/spi-builder-workspace/Sources/WindowsFoundation/Generated/Support/CPPINTEROPWORKAROUND.swift:1:8: note: Also imported here
import CWinRT
^ (in target 'WindowsFoundation' from project 'swift-windowsfoundation')
/Users/admin/builder/spi-builder-workspace/Sources/WindowsFoundation/Generated/Support/CUSTOMQUERYINTERFACE.swift:1:8: note: Also imported here
import CWinRT
^ (in target 'WindowsFoundation' from project 'swift-windowsfoundation')
/Users/admin/builder/spi-builder-workspace/Sources/WindowsFoundation/Generated/Support/ERROR.swift:5:8: note: Also imported here
import CWinRT
^ (in target 'WindowsFoundation' from project 'swift-windowsfoundation')
/Users/admin/builder/spi-builder-workspace/Sources/WindowsFoundation/Generated/Support/EVENT.swift:2:8: note: Also imported here
import CWinRT
^ (in target 'WindowsFoundation' from project 'swift-windowsfoundation')
/Users/admin/builder/spi-builder-workspace/Sources/WindowsFoundation/Generated/Support/EVENTHANDLERSUBSCRIPTION.swift:3:8: note: Also imported here
import CWinRT
^ (in target 'WindowsFoundation' from project 'swift-windowsfoundation')
/Users/admin/builder/spi-builder-workspace/Sources/WindowsFoundation/Generated/Support/EVENTSOURCE.swift:3:8: note: Also imported here
import CWinRT
^ (in target 'WindowsFoundation' from project 'swift-windowsfoundation')
/Users/admin/builder/spi-builder-workspace/Sources/WindowsFoundation/Generated/Support/GUID.swift:2:8: note: Also imported here
import CWinRT
^ (in target 'WindowsFoundation' from project 'swift-windowsfoundation')
/Users/admin/builder/spi-builder-workspace/Sources/WindowsFoundation/Generated/Support/HSTRING.swift:4:8: note: Also imported here
import CWinRT
^ (in target 'WindowsFoundation' from project 'swift-windowsfoundation')
/Users/admin/builder/spi-builder-workspace/Sources/WindowsFoundation/Generated/Support/IBUFFERBYTEACCESS.swift:1:8: note: Also imported here
import CWinRT
^ (in target 'WindowsFoundation' from project 'swift-windowsfoundation')
/Users/admin/builder/spi-builder-workspace/Sources/WindowsFoundation/Generated/Support/IINSPECTABLE+SWIFT.swift:4:8: note: Also imported here
import CWinRT
^ (in target 'WindowsFoundation' from project 'swift-windowsfoundation')
/Users/admin/builder/spi-builder-workspace/Sources/WindowsFoundation/Generated/Support/IINSPECTABLE.swift:4:8: note: Also imported here
import CWinRT
^ (in target 'WindowsFoundation' from project 'swift-windowsfoundation')
/Users/admin/builder/spi-builder-workspace/Sources/WindowsFoundation/Generated/Support/IMEMORYBUFFERBYTEACCESS.swift:1:8: note: Also imported here
import CWinRT
^ (in target 'WindowsFoundation' from project 'swift-windowsfoundation')
/Users/admin/builder/spi-builder-workspace/Sources/WindowsFoundation/Generated/Support/IUNKNOWN.swift:5:8: note: Also imported here
import CWinRT
^ (in target 'WindowsFoundation' from project 'swift-windowsfoundation')
/Users/admin/builder/spi-builder-workspace/Sources/WindowsFoundation/Generated/Support/MARSHALER.swift:1:8: note: Also imported here
import CWinRT
^ (in target 'WindowsFoundation' from project 'swift-windowsfoundation')
/Users/admin/builder/spi-builder-workspace/Sources/WindowsFoundation/Generated/Support/PROPERTYVALUE+ABI.swift:1:8: note: Also imported here
import CWinRT
^ (in target 'WindowsFoundation' from project 'swift-windowsfoundation')
/Users/admin/builder/spi-builder-workspace/Sources/WindowsFoundation/Generated/Support/PROPERTYVALUE.swift:2:8: note: Also imported here
import CWinRT
^ (in target 'WindowsFoundation' from project 'swift-windowsfoundation')
/Users/admin/builder/spi-builder-workspace/Sources/WindowsFoundation/Generated/Support/RUNTIME+SWIFT.swift:5:8: note: Also imported here
import CWinRT
^ (in target 'WindowsFoundation' from project 'swift-windowsfoundation')
/Users/admin/builder/spi-builder-workspace/Sources/WindowsFoundation/Generated/Support/SWIFT+EXTENSIONS.swift:4:8: note: Also imported here
import CWinRT
^ (in target 'WindowsFoundation' from project 'swift-windowsfoundation')
/Users/admin/builder/spi-builder-workspace/Sources/WindowsFoundation/Generated/Support/TRUSTLEVEL+SWIFT.swift:4:8: note: Also imported here
import CWinRT
^ (in target 'WindowsFoundation' from project 'swift-windowsfoundation')
/Users/admin/builder/spi-builder-workspace/Sources/WindowsFoundation/Generated/Support/WINRTPROTOCOLS.swift:1:8: note: Also imported here
import CWinRT
^ (in target 'WindowsFoundation' from project 'swift-windowsfoundation')
/Users/admin/builder/spi-builder-workspace/Sources/WindowsFoundation/Generated/Support/WINRTWRAPPERBASE.swift:1:8: note: Also imported here
import CWinRT
^ (in target 'WindowsFoundation' from project 'swift-windowsfoundation')
/Users/admin/builder/spi-builder-workspace/Sources/WindowsFoundation/Generated/Windows.Foundation+ABI.swift:4:8: note: Also imported here
import CWinRT
^ (in target 'WindowsFoundation' from project 'swift-windowsfoundation')
/Users/admin/builder/spi-builder-workspace/Sources/WindowsFoundation/Generated/Windows.Foundation+Impl.swift:4:8: note: Also imported here
import CWinRT
^ (in target 'WindowsFoundation' from project 'swift-windowsfoundation')
/Users/admin/builder/spi-builder-workspace/Sources/WindowsFoundation/Generated/Windows.Foundation.Collections+ABI.swift:4:8: note: Also imported here
import CWinRT
^ (in target 'WindowsFoundation' from project 'swift-windowsfoundation')
/Users/admin/builder/spi-builder-workspace/Sources/WindowsFoundation/Generated/Windows.Foundation.Collections+Impl.swift:4:8: note: Also imported here
import CWinRT
^ (in target 'WindowsFoundation' from project 'swift-windowsfoundation')
/Users/admin/builder/spi-builder-workspace/Sources/WindowsFoundation/Generated/Windows.Foundation.Collections.swift:4:8: note: Also imported here
import CWinRT
^ (in target 'WindowsFoundation' from project 'swift-windowsfoundation')
/Users/admin/builder/spi-builder-workspace/Sources/WindowsFoundation/Generated/Windows.Foundation.Numerics+ABI.swift:4:8: note: Also imported here
import CWinRT
^ (in target 'WindowsFoundation' from project 'swift-windowsfoundation')
/Users/admin/builder/spi-builder-workspace/Sources/WindowsFoundation/Generated/Windows.Foundation.Numerics+Impl.swift:4:8: note: Also imported here
import CWinRT
^ (in target 'WindowsFoundation' from project 'swift-windowsfoundation')
/Users/admin/builder/spi-builder-workspace/Sources/WindowsFoundation/Generated/Windows.Foundation.Numerics.swift:4:8: note: Also imported here
import CWinRT
^ (in target 'WindowsFoundation' from project 'swift-windowsfoundation')
/Users/admin/builder/spi-builder-workspace/Sources/WindowsFoundation/Generated/Windows.Foundation.swift:4:8: note: Also imported here
import CWinRT
^ (in target 'WindowsFoundation' from project 'swift-windowsfoundation')
/Users/admin/builder/spi-builder-workspace/Sources/WindowsFoundation/Generated/WindowsFoundation+Generics.swift:4:8: note: Also imported here
import CWinRT
^ (in target 'WindowsFoundation' from project 'swift-windowsfoundation')
/Users/admin/builder/spi-builder-workspace/Sources/WindowsFoundation/Generated/WindowsFoundation+MakeFromAbi.swift:4:8: note: Also imported here
import CWinRT
^ (in target 'WindowsFoundation' from project 'swift-windowsfoundation')
/Users/admin/builder/spi-builder-workspace/Sources/WindowsFoundation/Generated/Support/ARRAY+TOVECTOR.swift:2:8: note: A dependency of main module 'WindowsFoundation'
import WinSDK
^ (in target 'WindowsFoundation' from project 'swift-windowsfoundation')
/Users/admin/builder/spi-builder-workspace/Sources/WindowsFoundation/Generated/Support/COM+EXTENSIONS.swift:4:8: note: Also imported here
import WinSDK
^ (in target 'WindowsFoundation' from project 'swift-windowsfoundation')
/Users/admin/builder/spi-builder-workspace/Sources/WindowsFoundation/Generated/Support/CUSTOMQUERYINTERFACE.swift:2:8: note: Also imported here
import WinSDK
^ (in target 'WindowsFoundation' from project 'swift-windowsfoundation')
/Users/admin/builder/spi-builder-workspace/Sources/WindowsFoundation/Generated/Support/DEBUGGING.swift:1:8: note: Also imported here
import WinSDK
^ (in target 'WindowsFoundation' from project 'swift-windowsfoundation')
/Users/admin/builder/spi-builder-workspace/Sources/WindowsFoundation/Generated/Support/DICTIONARY+TOMAP.swift:1:8: note: Also imported here
import WinSDK
^ (in target 'WindowsFoundation' from project 'swift-windowsfoundation')
/Users/admin/builder/spi-builder-workspace/Sources/WindowsFoundation/Generated/Support/ERROR.swift:4:8: note: Also imported here
import WinSDK
^ (in target 'WindowsFoundation' from project 'swift-windowsfoundation')
/Users/admin/builder/spi-builder-workspace/Sources/WindowsFoundation/Generated/Support/ERRORHANDLING.swift:4:8: note: Also imported here
import WinSDK
^ (in target 'WindowsFoundation' from project 'swift-windowsfoundation')
/Users/admin/builder/spi-builder-workspace/Sources/WindowsFoundation/Generated/Support/EVENT.swift:1:8: note: Also imported here
import WinSDK
^ (in target 'WindowsFoundation' from project 'swift-windowsfoundation')
/Users/admin/builder/spi-builder-workspace/Sources/WindowsFoundation/Generated/Support/EVENTHANDLERSUBSCRIPTION.swift:2:8: note: Also imported here
import WinSDK
^ (in target 'WindowsFoundation' from project 'swift-windowsfoundation')
/Users/admin/builder/spi-builder-workspace/Sources/WindowsFoundation/Generated/Support/EVENTSOURCE.swift:2:8: note: Also imported here
import WinSDK
^ (in target 'WindowsFoundation' from project 'swift-windowsfoundation')
/Users/admin/builder/spi-builder-workspace/Sources/WindowsFoundation/Generated/Support/IUNKNOWN+SWIFT.swift:4:8: note: Also imported here
import WinSDK
^ (in target 'WindowsFoundation' from project 'swift-windowsfoundation')
/Users/admin/builder/spi-builder-workspace/Sources/WindowsFoundation/Generated/Support/IUNKNOWN.swift:4:8: note: Also imported here
import WinSDK
^ (in target 'WindowsFoundation' from project 'swift-windowsfoundation')
/Users/admin/builder/spi-builder-workspace/Sources/WindowsFoundation/Generated/Support/PROPERTYVALUE+ABI.swift:2:8: note: Also imported here
import WinSDK
^ (in target 'WindowsFoundation' from project 'swift-windowsfoundation')
/Users/admin/builder/spi-builder-workspace/Sources/WindowsFoundation/Generated/Support/PROPERTYVALUE.swift:3:8: note: Also imported here
import WinSDK
^ (in target 'WindowsFoundation' from project 'swift-windowsfoundation')
/Users/admin/builder/spi-builder-workspace/Sources/WindowsFoundation/Generated/Support/RAWTYPED.swift:4:8: note: Also imported here
import WinSDK
^ (in target 'WindowsFoundation' from project 'swift-windowsfoundation')
/Users/admin/builder/spi-builder-workspace/Sources/WindowsFoundation/Generated/Support/RUNTIME+SWIFT.swift:4:8: note: Also imported here
import WinSDK
^ (in target 'WindowsFoundation' from project 'swift-windowsfoundation')
/Users/admin/builder/spi-builder-workspace/Sources/WindowsFoundation/Generated/Support/WINRTWRAPPERBASE.swift:2:8: note: Also imported here
import WinSDK
^ (in target 'WindowsFoundation' from project 'swift-windowsfoundation')
/Users/admin/builder/spi-builder-workspace/Sources/WindowsFoundation/Generated/Support/WINSDK+EXTENSIONS.swift:4:8: note: Also imported here
import WinSDK
^ (in target 'WindowsFoundation' from project 'swift-windowsfoundation')
/Users/admin/builder/spi-builder-workspace/Sources/WindowsFoundation/Generated/Support/HSTRING.swift:6:8: note: A dependency of main module 'WindowsFoundation'
import ucrt
^ (in target 'WindowsFoundation' from project 'swift-windowsfoundation')
PruneExplicitPrecompiledModules /Users/admin/builder/spi-builder-workspace/.derivedData/Build/Intermediates.noindex/SwiftExplicitPrecompiledModules
PruneExplicitPrecompiledModules /Users/admin/builder/spi-builder-workspace/.derivedData/SDKExplicitPrecompiledModules
PruneExplicitPrecompiledModules /Users/admin/builder/spi-builder-workspace/.derivedData/Build/Intermediates.noindex/ExplicitPrecompiledModules
2026-09-24 04:10:21.644 xcodebuild[744:4618] [MT] IDERunDestination: Supported platforms for the buildables in the current scheme is empty.
** BUILD FAILED **
The following build commands failed:
SwiftDriver WindowsFoundation normal arm64 com.apple.xcode.tools.swift.compiler (in target 'WindowsFoundation' from project 'swift-windowsfoundation')
SwiftDriver WindowsFoundation normal arm64_32 com.apple.xcode.tools.swift.compiler (in target 'WindowsFoundation' from project 'swift-windowsfoundation')
Building workspace swift-windowsfoundation with scheme swift-windowsfoundation
(3 failures)
BUILD FAILURE 6.4 watchOS