The Swift Package Index logo.Swift Package Index

Build Information

Failed to build SecureSockets, reference master (539e4b), with Swift 6.4 for Linux on 16 Sep 2026 22:46:40 UTC.

Build Command

bash -c docker run --pull=always --rm -v "checkouts-54344843-0":/host -w "$PWD" -e JAVA_HOME="/root/.sdkman/candidates/java/current" -e SPI_BUILD="1" -e SPI_PROCESSING="1" registry.gitlab.com/saguaro1/spi-images:basic-6.4-latest swift build --triple x86_64-unknown-linux-gnu 2>&1

Build Log

========================================
RunAll
========================================
Builder version: 5.1.0
Interrupt handler set up.
========================================
Checkout
========================================
Clone URL: https://github.com/Balancingrock/SecureSockets.git
Reference: master
Initialized empty Git repository in /host/spi-builder-workspace/.git/
hint: Using 'master' as the name for the initial branch. This default branch name
hint: is subject to change. To configure the initial branch name to use in all
hint: of your new repositories, which will suppress this warning, call:
hint:
hint: 	git config --global init.defaultBranch <name>
hint:
hint: Names commonly chosen instead of 'master' are 'main', 'trunk' and
hint: 'development'. The just-created branch can be renamed via this command:
hint:
hint: 	git branch -m <name>
From https://github.com/Balancingrock/SecureSockets
 * branch            master     -> FETCH_HEAD
 * [new branch]      master     -> origin/master
HEAD is now at 539e4b0 Update Installing OpenSSL.md
Cloned https://github.com/Balancingrock/SecureSockets.git
Revision (git rev-parse @):
539e4b0d49ac885df274ec861797752f20c04b96
SUCCESS checkout https://github.com/Balancingrock/SecureSockets.git at master
========================================
Build
========================================
Selected platform:         linux
Swift version:             6.4
Building package at path:  $PWD
https://github.com/Balancingrock/SecureSockets.git
Running build ...
bash -c docker run --pull=always --rm -v "checkouts-54344843-0":/host -w "$PWD" -e JAVA_HOME="/root/.sdkman/candidates/java/current" -e SPI_BUILD="1" -e SPI_PROCESSING="1" registry.gitlab.com/saguaro1/spi-images:basic-6.4-latest swift build --triple x86_64-unknown-linux-gnu 2>&1
basic-6.4-latest: Pulling from saguaro1/spi-images
Digest: sha256:c77fcce225e223ac0fafed844619173fc6de8d62dd560eeb28db3182af6a282b
Status: Image is up to date for registry.gitlab.com/saguaro1/spi-images:basic-6.4-latest
Fetching https://github.com/Balancingrock/SwifterSockets
[1/1271] Fetching swiftersockets
Fetched https://github.com/Balancingrock/SwifterSockets (1.17s)
Computing version for https://github.com/Balancingrock/SwifterSockets
Computed https://github.com/Balancingrock/SwifterSockets at 1.1.3 (1.36s)
Creating working copy for https://github.com/Balancingrock/SwifterSockets
Working copy of https://github.com/Balancingrock/SwifterSockets resolved at 1.1.3
Building for debugging...
[Constructing description]
[Planning deferred tasks]
[39 / 57] SwifterSockets
[40 / 57] CopensslGlue
[43 / 57] SwifterSockets
[57 / 68] SwifterSockets
error: SwiftCompile normal x86_64 /host/spi-builder-workspace/Sources/SecureSockets/Ctx.swift failed with a nonzero exit code. Command line:     cd /host
    builtin-SwiftPerFileCompile Ctx.swift
/host/spi-builder-workspace/Sources/SecureSockets/Ctx.swift:289:35: error: cannot find 'SSL_OP_CRYPTOPRO_TLSEXT_BUG' in scope
287 |         // Set default options
288 |
289 |         let sslOpAll: UInt = UInt(SSL_OP_CRYPTOPRO_TLSEXT_BUG + SSL_OP_DONT_INSERT_EMPTY_FRAGMENTS + SSL_OP_LEGACY_SERVER_CONNECT + SSL_OP_TLSEXT_PADDING + SSL_OP_SAFARI_ECDHE_ECDSA_BUG)
    |                                   `- error: cannot find 'SSL_OP_CRYPTOPRO_TLSEXT_BUG' in scope
290 |
291 |         SSL_CTX_set_options(optr, (UInt(SSL_OP_NO_SSLv2) + UInt(SSL_OP_NO_SSLv3) + sslOpAll))
/usr/include/openssl/ssl.h:432:10: note: macro 'SSL_OP_CRYPTOPRO_TLSEXT_BUG' unavailable: structure not supported
 430 |      * interoperability with CryptoPro CSP 3.x
 431 |      */
 432 | # define SSL_OP_CRYPTOPRO_TLSEXT_BUG                     SSL_OP_BIT(31)
     |          `- note: macro 'SSL_OP_CRYPTOPRO_TLSEXT_BUG' unavailable: structure not supported
 433 |
 434 | /*
/host/spi-builder-workspace/Sources/SecureSockets/Ctx.swift:289:65: error: cannot find 'SSL_OP_DONT_INSERT_EMPTY_FRAGMENTS' in scope
287 |         // Set default options
288 |
289 |         let sslOpAll: UInt = UInt(SSL_OP_CRYPTOPRO_TLSEXT_BUG + SSL_OP_DONT_INSERT_EMPTY_FRAGMENTS + SSL_OP_LEGACY_SERVER_CONNECT + SSL_OP_TLSEXT_PADDING + SSL_OP_SAFARI_ECDHE_ECDSA_BUG)
    |                                                                 `- error: cannot find 'SSL_OP_DONT_INSERT_EMPTY_FRAGMENTS' in scope
290 |
291 |         SSL_CTX_set_options(optr, (UInt(SSL_OP_NO_SSLv2) + UInt(SSL_OP_NO_SSLv3) + sslOpAll))
/usr/include/openssl/ssl.h:370:10: note: macro 'SSL_OP_DONT_INSERT_EMPTY_FRAGMENTS' unavailable: structure not supported
 368 |      * in SSL_OP_ALL. Added in 0.9.6e
 369 |      */
 370 | # define SSL_OP_DONT_INSERT_EMPTY_FRAGMENTS              SSL_OP_BIT(11)
     |          `- note: macro 'SSL_OP_DONT_INSERT_EMPTY_FRAGMENTS' unavailable: structure not supported
 371 |     /* DTLS options */
 372 | # define SSL_OP_NO_QUERY_MTU                             SSL_OP_BIT(12)
/host/spi-builder-workspace/Sources/SecureSockets/Ctx.swift:289:102: error: cannot find 'SSL_OP_LEGACY_SERVER_CONNECT' in scope
287 |         // Set default options
288 |
289 |         let sslOpAll: UInt = UInt(SSL_OP_CRYPTOPRO_TLSEXT_BUG + SSL_OP_DONT_INSERT_EMPTY_FRAGMENTS + SSL_OP_LEGACY_SERVER_CONNECT + SSL_OP_TLSEXT_PADDING + SSL_OP_SAFARI_ECDHE_ECDSA_BUG)
    |                                                                                                      `- error: cannot find 'SSL_OP_LEGACY_SERVER_CONNECT' in scope
290 |
291 |         SSL_CTX_set_options(optr, (UInt(SSL_OP_NO_SSLv2) + UInt(SSL_OP_NO_SSLv3) + sslOpAll))
/usr/include/openssl/ssl.h:353:10: note: macro 'SSL_OP_LEGACY_SERVER_CONNECT' unavailable: structure not supported
 351 | # define SSL_OP_CLEANSE_PLAINTEXT                        SSL_OP_BIT(1)
 352 |     /* Allow initial connection to servers that don't support RI */
 353 | # define SSL_OP_LEGACY_SERVER_CONNECT                    SSL_OP_BIT(2)
     |          `- note: macro 'SSL_OP_LEGACY_SERVER_CONNECT' unavailable: structure not supported
 354 |     /* Enable support for Kernel TLS */
 355 | # define SSL_OP_ENABLE_KTLS                              SSL_OP_BIT(3)
/host/spi-builder-workspace/Sources/SecureSockets/Ctx.swift:289:133: error: cannot find 'SSL_OP_TLSEXT_PADDING' in scope
287 |         // Set default options
288 |
289 |         let sslOpAll: UInt = UInt(SSL_OP_CRYPTOPRO_TLSEXT_BUG + SSL_OP_DONT_INSERT_EMPTY_FRAGMENTS + SSL_OP_LEGACY_SERVER_CONNECT + SSL_OP_TLSEXT_PADDING + SSL_OP_SAFARI_ECDHE_ECDSA_BUG)
    |                                                                                                                                     `- error: cannot find 'SSL_OP_TLSEXT_PADDING' in scope
290 |
291 |         SSL_CTX_set_options(optr, (UInt(SSL_OP_NO_SSLv2) + UInt(SSL_OP_NO_SSLv3) + sslOpAll))
/usr/include/openssl/ssl.h:356:10: note: macro 'SSL_OP_TLSEXT_PADDING' unavailable: structure not supported
 354 |     /* Enable support for Kernel TLS */
 355 | # define SSL_OP_ENABLE_KTLS                              SSL_OP_BIT(3)
 356 | # define SSL_OP_TLSEXT_PADDING                           SSL_OP_BIT(4)
     |          `- note: macro 'SSL_OP_TLSEXT_PADDING' unavailable: structure not supported
 357 | # define SSL_OP_SAFARI_ECDHE_ECDSA_BUG                   SSL_OP_BIT(6)
 358 | # define SSL_OP_IGNORE_UNEXPECTED_EOF                    SSL_OP_BIT(7)
/host/spi-builder-workspace/Sources/SecureSockets/Ctx.swift:289:157: error: cannot find 'SSL_OP_SAFARI_ECDHE_ECDSA_BUG' in scope
287 |         // Set default options
288 |
289 |         let sslOpAll: UInt = UInt(SSL_OP_CRYPTOPRO_TLSEXT_BUG + SSL_OP_DONT_INSERT_EMPTY_FRAGMENTS + SSL_OP_LEGACY_SERVER_CONNECT + SSL_OP_TLSEXT_PADDING + SSL_OP_SAFARI_ECDHE_ECDSA_BUG)
    |                                                                                                                                                             `- error: cannot find 'SSL_OP_SAFARI_ECDHE_ECDSA_BUG' in scope
290 |
291 |         SSL_CTX_set_options(optr, (UInt(SSL_OP_NO_SSLv2) + UInt(SSL_OP_NO_SSLv3) + sslOpAll))
/usr/include/openssl/ssl.h:357:10: note: macro 'SSL_OP_SAFARI_ECDHE_ECDSA_BUG' unavailable: structure not supported
 355 | # define SSL_OP_ENABLE_KTLS                              SSL_OP_BIT(3)
 356 | # define SSL_OP_TLSEXT_PADDING                           SSL_OP_BIT(4)
 357 | # define SSL_OP_SAFARI_ECDHE_ECDSA_BUG                   SSL_OP_BIT(6)
     |          `- note: macro 'SSL_OP_SAFARI_ECDHE_ECDSA_BUG' unavailable: structure not supported
 358 | # define SSL_OP_IGNORE_UNEXPECTED_EOF                    SSL_OP_BIT(7)
 359 | # define SSL_OP_ALLOW_CLIENT_RENEGOTIATION               SSL_OP_BIT(8)
/host/spi-builder-workspace/Sources/SecureSockets/Ctx.swift:291:65: error: cannot find 'SSL_OP_NO_SSLv3' in scope
289 |         let sslOpAll: UInt = UInt(SSL_OP_CRYPTOPRO_TLSEXT_BUG + SSL_OP_DONT_INSERT_EMPTY_FRAGMENTS + SSL_OP_LEGACY_SERVER_CONNECT + SSL_OP_TLSEXT_PADDING + SSL_OP_SAFARI_ECDHE_ECDSA_BUG)
290 |
291 |         SSL_CTX_set_options(optr, (UInt(SSL_OP_NO_SSLv2) + UInt(SSL_OP_NO_SSLv3) + sslOpAll))
    |                                                                 `- error: cannot find 'SSL_OP_NO_SSLv3' in scope
292 |     }
293 | }
/usr/include/openssl/ssl.h:418:10: note: macro 'SSL_OP_NO_SSLv3' unavailable: structure not supported
 416 |      */
 417 | # define SSL_OP_NO_ANTI_REPLAY                           SSL_OP_BIT(24)
 418 | # define SSL_OP_NO_SSLv3                                 SSL_OP_BIT(25)
     |          `- note: macro 'SSL_OP_NO_SSLv3' unavailable: structure not supported
 419 | # define SSL_OP_NO_TLSv1                                 SSL_OP_BIT(26)
 420 | # define SSL_OP_NO_TLSv1_2                               SSL_OP_BIT(27)
/host/spi-builder-workspace/Sources/SecureSockets/Ctx.swift:318:35: error: cannot find 'SSL_OP_CRYPTOPRO_TLSEXT_BUG' in scope
316 |         // Set default options
317 |
318 |         let sslOpAll: UInt = UInt(SSL_OP_CRYPTOPRO_TLSEXT_BUG + SSL_OP_DONT_INSERT_EMPTY_FRAGMENTS + SSL_OP_LEGACY_SERVER_CONNECT + SSL_OP_TLSEXT_PADDING + SSL_OP_SAFARI_ECDHE_ECDSA_BUG)
    |                                   `- error: cannot find 'SSL_OP_CRYPTOPRO_TLSEXT_BUG' in scope
319 |
320 |         SSL_CTX_set_options(optr, (UInt(SSL_OP_NO_SSLv2) + UInt(SSL_OP_NO_SSLv3) + sslOpAll))
/usr/include/openssl/ssl.h:432:10: note: macro 'SSL_OP_CRYPTOPRO_TLSEXT_BUG' unavailable: structure not supported
 430 |      * interoperability with CryptoPro CSP 3.x
 431 |      */
 432 | # define SSL_OP_CRYPTOPRO_TLSEXT_BUG                     SSL_OP_BIT(31)
     |          `- note: macro 'SSL_OP_CRYPTOPRO_TLSEXT_BUG' unavailable: structure not supported
 433 |
 434 | /*
/host/spi-builder-workspace/Sources/SecureSockets/Ctx.swift:318:65: error: cannot find 'SSL_OP_DONT_INSERT_EMPTY_FRAGMENTS' in scope
316 |         // Set default options
317 |
318 |         let sslOpAll: UInt = UInt(SSL_OP_CRYPTOPRO_TLSEXT_BUG + SSL_OP_DONT_INSERT_EMPTY_FRAGMENTS + SSL_OP_LEGACY_SERVER_CONNECT + SSL_OP_TLSEXT_PADDING + SSL_OP_SAFARI_ECDHE_ECDSA_BUG)
    |                                                                 `- error: cannot find 'SSL_OP_DONT_INSERT_EMPTY_FRAGMENTS' in scope
319 |
320 |         SSL_CTX_set_options(optr, (UInt(SSL_OP_NO_SSLv2) + UInt(SSL_OP_NO_SSLv3) + sslOpAll))
/usr/include/openssl/ssl.h:370:10: note: macro 'SSL_OP_DONT_INSERT_EMPTY_FRAGMENTS' unavailable: structure not supported
 368 |      * in SSL_OP_ALL. Added in 0.9.6e
 369 |      */
 370 | # define SSL_OP_DONT_INSERT_EMPTY_FRAGMENTS              SSL_OP_BIT(11)
     |          `- note: macro 'SSL_OP_DONT_INSERT_EMPTY_FRAGMENTS' unavailable: structure not supported
 371 |     /* DTLS options */
 372 | # define SSL_OP_NO_QUERY_MTU                             SSL_OP_BIT(12)
/host/spi-builder-workspace/Sources/SecureSockets/Ctx.swift:318:102: error: cannot find 'SSL_OP_LEGACY_SERVER_CONNECT' in scope
316 |         // Set default options
317 |
318 |         let sslOpAll: UInt = UInt(SSL_OP_CRYPTOPRO_TLSEXT_BUG + SSL_OP_DONT_INSERT_EMPTY_FRAGMENTS + SSL_OP_LEGACY_SERVER_CONNECT + SSL_OP_TLSEXT_PADDING + SSL_OP_SAFARI_ECDHE_ECDSA_BUG)
    |                                                                                                      `- error: cannot find 'SSL_OP_LEGACY_SERVER_CONNECT' in scope
319 |
320 |         SSL_CTX_set_options(optr, (UInt(SSL_OP_NO_SSLv2) + UInt(SSL_OP_NO_SSLv3) + sslOpAll))
/usr/include/openssl/ssl.h:353:10: note: macro 'SSL_OP_LEGACY_SERVER_CONNECT' unavailable: structure not supported
 351 | # define SSL_OP_CLEANSE_PLAINTEXT                        SSL_OP_BIT(1)
 352 |     /* Allow initial connection to servers that don't support RI */
 353 | # define SSL_OP_LEGACY_SERVER_CONNECT                    SSL_OP_BIT(2)
     |          `- note: macro 'SSL_OP_LEGACY_SERVER_CONNECT' unavailable: structure not supported
 354 |     /* Enable support for Kernel TLS */
 355 | # define SSL_OP_ENABLE_KTLS                              SSL_OP_BIT(3)
/host/spi-builder-workspace/Sources/SecureSockets/Ctx.swift:318:133: error: cannot find 'SSL_OP_TLSEXT_PADDING' in scope
316 |         // Set default options
317 |
318 |         let sslOpAll: UInt = UInt(SSL_OP_CRYPTOPRO_TLSEXT_BUG + SSL_OP_DONT_INSERT_EMPTY_FRAGMENTS + SSL_OP_LEGACY_SERVER_CONNECT + SSL_OP_TLSEXT_PADDING + SSL_OP_SAFARI_ECDHE_ECDSA_BUG)
    |                                                                                                                                     `- error: cannot find 'SSL_OP_TLSEXT_PADDING' in scope
319 |
320 |         SSL_CTX_set_options(optr, (UInt(SSL_OP_NO_SSLv2) + UInt(SSL_OP_NO_SSLv3) + sslOpAll))
/usr/include/openssl/ssl.h:356:10: note: macro 'SSL_OP_TLSEXT_PADDING' unavailable: structure not supported
 354 |     /* Enable support for Kernel TLS */
 355 | # define SSL_OP_ENABLE_KTLS                              SSL_OP_BIT(3)
 356 | # define SSL_OP_TLSEXT_PADDING                           SSL_OP_BIT(4)
     |          `- note: macro 'SSL_OP_TLSEXT_PADDING' unavailable: structure not supported
 357 | # define SSL_OP_SAFARI_ECDHE_ECDSA_BUG                   SSL_OP_BIT(6)
 358 | # define SSL_OP_IGNORE_UNEXPECTED_EOF                    SSL_OP_BIT(7)
/host/spi-builder-workspace/Sources/SecureSockets/Ctx.swift:318:157: error: cannot find 'SSL_OP_SAFARI_ECDHE_ECDSA_BUG' in scope
316 |         // Set default options
317 |
318 |         let sslOpAll: UInt = UInt(SSL_OP_CRYPTOPRO_TLSEXT_BUG + SSL_OP_DONT_INSERT_EMPTY_FRAGMENTS + SSL_OP_LEGACY_SERVER_CONNECT + SSL_OP_TLSEXT_PADDING + SSL_OP_SAFARI_ECDHE_ECDSA_BUG)
    |                                                                                                                                                             `- error: cannot find 'SSL_OP_SAFARI_ECDHE_ECDSA_BUG' in scope
319 |
320 |         SSL_CTX_set_options(optr, (UInt(SSL_OP_NO_SSLv2) + UInt(SSL_OP_NO_SSLv3) + sslOpAll))
/usr/include/openssl/ssl.h:357:10: note: macro 'SSL_OP_SAFARI_ECDHE_ECDSA_BUG' unavailable: structure not supported
 355 | # define SSL_OP_ENABLE_KTLS                              SSL_OP_BIT(3)
 356 | # define SSL_OP_TLSEXT_PADDING                           SSL_OP_BIT(4)
 357 | # define SSL_OP_SAFARI_ECDHE_ECDSA_BUG                   SSL_OP_BIT(6)
     |          `- note: macro 'SSL_OP_SAFARI_ECDHE_ECDSA_BUG' unavailable: structure not supported
 358 | # define SSL_OP_IGNORE_UNEXPECTED_EOF                    SSL_OP_BIT(7)
 359 | # define SSL_OP_ALLOW_CLIENT_RENEGOTIATION               SSL_OP_BIT(8)
/host/spi-builder-workspace/Sources/SecureSockets/Ctx.swift:320:65: error: cannot find 'SSL_OP_NO_SSLv3' in scope
318 |         let sslOpAll: UInt = UInt(SSL_OP_CRYPTOPRO_TLSEXT_BUG + SSL_OP_DONT_INSERT_EMPTY_FRAGMENTS + SSL_OP_LEGACY_SERVER_CONNECT + SSL_OP_TLSEXT_PADDING + SSL_OP_SAFARI_ECDHE_ECDSA_BUG)
319 |
320 |         SSL_CTX_set_options(optr, (UInt(SSL_OP_NO_SSLv2) + UInt(SSL_OP_NO_SSLv3) + sslOpAll))
    |                                                                 `- error: cannot find 'SSL_OP_NO_SSLv3' in scope
321 |     }
322 | }
/usr/include/openssl/ssl.h:418:10: note: macro 'SSL_OP_NO_SSLv3' unavailable: structure not supported
 416 |      */
 417 | # define SSL_OP_NO_ANTI_REPLAY                           SSL_OP_BIT(24)
 418 | # define SSL_OP_NO_SSLv3                                 SSL_OP_BIT(25)
     |          `- note: macro 'SSL_OP_NO_SSLv3' unavailable: structure not supported
 419 | # define SSL_OP_NO_TLSv1                                 SSL_OP_BIT(26)
 420 | # define SSL_OP_NO_TLSv1_2                               SSL_OP_BIT(27)
Failed frontend command:
/usr/bin/swift-frontend -frontend -c /host/spi-builder-workspace/Sources/SecureSockets/CertificateAndPrivateKeyFiles.swift /host/spi-builder-workspace/Sources/SecureSockets/ConnectToSslServer.swift -primary-file /host/spi-builder-workspace/Sources/SecureSockets/Ctx.swift -primary-file /host/spi-builder-workspace/Sources/SecureSockets/FileEncoding.swift /host/spi-builder-workspace/Sources/SecureSockets/Pkey.swift /host/spi-builder-workspace/Sources/SecureSockets/SecureSocketsResult.swift /host/spi-builder-workspace/Sources/SecureSockets/Ssl.swift /host/spi-builder-workspace/Sources/SecureSockets/SslAccept.swift /host/spi-builder-workspace/Sources/SecureSockets/SslError.swift /host/spi-builder-workspace/Sources/SecureSockets/SslInterface.swift /host/spi-builder-workspace/Sources/SecureSockets/SslReceiverLoop.swift /host/spi-builder-workspace/Sources/SecureSockets/SslServer.swift /host/spi-builder-workspace/Sources/SecureSockets/SslTransfer.swift /host/spi-builder-workspace/Sources/SecureSockets/X509.swift -emit-dependencies-path /host/spi-builder-workspace/.build/out/Intermediates.noindex/SecureSockets.build/Debug-linux-x86_64/SecureSockets-t.build/Objects-normal/x86_64/Ctx.d -emit-const-values-path /host/spi-builder-workspace/.build/out/Intermediates.noindex/SecureSockets.build/Debug-linux-x86_64/SecureSockets-t.build/Objects-normal/x86_64/Ctx.swiftconstvalues -emit-reference-dependencies-path /host/spi-builder-workspace/.build/out/Intermediates.noindex/SecureSockets.build/Debug-linux-x86_64/SecureSockets-t.build/Objects-normal/x86_64/Ctx.swiftdeps -serialize-diagnostics-path /host/spi-builder-workspace/.build/out/Intermediates.noindex/SecureSockets.build/Debug-linux-x86_64/SecureSockets-t.build/Objects-normal/x86_64/Ctx.dia -emit-dependencies-path /host/spi-builder-workspace/.build/out/Intermediates.noindex/SecureSockets.build/Debug-linux-x86_64/SecureSockets-t.build/Objects-normal/x86_64/FileEncoding.d -emit-const-values-path /host/spi-builder-workspace/.build/out/Intermediates.noindex/SecureSockets.build/Debug-linux-x86_64/SecureSockets-t.build/Objects-normal/x86_64/FileEncoding.swiftconstvalues -emit-reference-dependencies-path /host/spi-builder-workspace/.build/out/Intermediates.noindex/SecureSockets.build/Debug-linux-x86_64/SecureSockets-t.build/Objects-normal/x86_64/FileEncoding.swiftdeps -serialize-diagnostics-path /host/spi-builder-workspace/.build/out/Intermediates.noindex/SecureSockets.build/Debug-linux-x86_64/SecureSockets-t.build/Objects-normal/x86_64/FileEncoding.dia -target x86_64-unknown-linux-gnu -disable-objc-interop -I /host/spi-builder-workspace/.build/out/Products/Debug-linux-x86_64 -module-cache-path /host/spi-builder-workspace/.build/out/ModuleCache.noindex -color-diagnostics -Xcc -fcolor-diagnostics -enable-testing -g -debug-info-format\=dwarf -dwarf-version\=4 -swift-version 5 -Onone -D SWIFT_PACKAGE -D DEBUG -D SWIFT_MODULE_RESOURCE_BUNDLE_UNAVAILABLE -D Xcode -serialize-debugging-options -enable-experimental-feature DebugDescriptionMacro -empty-abi-descriptor -external-plugin-path /usr/lib/swift/host/plugins/testing\#/usr/bin/swift-plugin-server -validate-clang-modules-once -clang-build-session-file /host/spi-builder-workspace/.build/out/ModuleCache.noindex/Session.modulevalidation -Xcc -working-directory -Xcc /host -enable-anonymous-context-mangled-names -file-compilation-dir /host -Xcc -fmodule-map-file\=/host/spi-builder-workspace/.build/out/Intermediates.noindex/GeneratedModuleMaps-linux-x86_64/CopensslGlue.modulemap -Xcc -fmodule-map-file\=/host/spi-builder-workspace/Sources/Copenssl/module.modulemap -Xcc -fno-omit-frame-pointer -Xcc -D_LIBCPP_HARDENING_MODE\=_LIBCPP_HARDENING_MODE_DEBUG -Xcc -fmodules-prune-interval\=86400 -Xcc -fmodules-prune-after\=345600 -Xcc -I/host/spi-builder-workspace/Sources/CopensslGlue/include -Xcc -I/host/spi-builder-workspace/.build/out/Products/Debug-linux-x86_64/include -Xcc -I/host/spi-builder-workspace/.build/out/Intermediates.noindex/SecureSockets.build/Debug-linux-x86_64/SecureSockets-t.build/DerivedSources-normal/x86_64 -Xcc -I/host/spi-builder-workspace/.build/out/Intermediates.noindex/SecureSockets.build/Debug-linux-x86_64/SecureSockets-t.build/DerivedSources/x86_64 -Xcc -I/host/spi-builder-workspace/.build/out/Intermediates.noindex/SecureSockets.build/Debug-linux-x86_64/SecureSockets-t.build/DerivedSources -Xcc -DSWIFT_PACKAGE -Xcc -DDEBUG\=1 -no-auto-bridging-header-chaining -module-name SecureSockets -const-gather-protocols-file /host/spi-builder-workspace/.build/out/Intermediates.noindex/SecureSockets.build/Debug-linux-x86_64/SecureSockets-t.build/Objects-normal/x86_64/SecureSockets_const_extract_protocols.json -in-process-plugin-server-path /usr/lib/swift/host/libSwiftInProcPluginServer.so -plugin-path /usr/lib/swift/host/plugins -plugin-path /usr/local/lib/swift/host/plugins -parse-as-library -o /host/spi-builder-workspace/.build/out/Intermediates.noindex/SecureSockets.build/Debug-linux-x86_64/SecureSockets-t.build/Objects-normal/x86_64/Ctx.o -o /host/spi-builder-workspace/.build/out/Intermediates.noindex/SecureSockets.build/Debug-linux-x86_64/SecureSockets-t.build/Objects-normal/x86_64/FileEncoding.o -index-unit-output-path /SecureSockets.build/Debug-linux-x86_64/SecureSockets-t.build/Objects-normal/x86_64/Ctx.o -index-unit-output-path /SecureSockets.build/Debug-linux-x86_64/SecureSockets-t.build/Objects-normal/x86_64/FileEncoding.o -index-store-path /host/spi-builder-workspace/.build/out -index-system-modules
error: Build failed
BUILD FAILURE 6.4 linux