The Swift Package Index logo.Swift Package Index

Build Information

Failed to build PVSS, reference v2.1.0 (0c52fd), with Swift 6.4 for watchOS using Xcode 27.0 on 15 Sep 2026 19:12:39 UTC.

Build Command

No build command. This typically means the build failed at an early stage where we determine the build command.

Build Log

========================================
RunAll
========================================
Builder version: 5.1.0
Interrupt handler set up.
========================================
Checkout
========================================
Clone URL: https://github.com/FabioTacke/PubliclyVerifiableSecretSharing.git
Reference: v2.1.0
Initialized empty Git repository in /Users/admin/builder/spi-builder-workspace/.git/
From https://github.com/FabioTacke/PubliclyVerifiableSecretSharing
 * tag               v2.1.0     -> FETCH_HEAD
HEAD is now at 0c52fd3 Update project for Swift 4
Cloned https://github.com/FabioTacke/PubliclyVerifiableSecretSharing.git
Revision (git rev-parse @):
0c52fd34bcec6dd52170067874c97e89a8fed520
SUCCESS checkout https://github.com/FabioTacke/PubliclyVerifiableSecretSharing.git at v2.1.0
========================================
Build
========================================
Selected platform:         watchOS
Swift version:             6.4
Building package at path:  $PWD
https://github.com/FabioTacke/PubliclyVerifiableSecretSharing.git
Command line invocation:
    /Applications/Xcode-27.0.0-Release.Candidate.app/Contents/Developer/usr/bin/xcodebuild -IDEClonedSourcePackagesDirPathOverride=/Users/admin/builder/spi-builder-workspace/.dependencies -resolvePackageDependencies
Resolve Package Graph
Fetching from https://github.com/attaswift/BigInt.git
Fetching from https://github.com/krzyzanowskim/CryptoSwift.git
could not find a branch named ‘master’ in https://github.com/krzyzanowskim/CryptoSwift.git (did you mean ‘main’?)Resolve Package Graph
Updating from https://github.com/attaswift/BigInt.git
Updating from https://github.com/krzyzanowskim/CryptoSwift.git
could not find a branch named ‘master’ in https://github.com/krzyzanowskim/CryptoSwift.git (did you mean ‘main’?)Resolve Package Graph
Updating from https://github.com/attaswift/BigInt.git
Updating from https://github.com/krzyzanowskim/CryptoSwift.git
could not find a branch named ‘master’ in https://github.com/krzyzanowskim/CryptoSwift.git (did you mean ‘main’?)Resolve Package Graph
Updating from https://github.com/attaswift/BigInt.git
Updating from https://github.com/krzyzanowskim/CryptoSwift.git
could not find a branch named ‘master’ in https://github.com/krzyzanowskim/CryptoSwift.git (did you mean ‘main’?)
Resolved source packages:
  spi-builder-workspace: (null)
2026-09-15 15:12:36.900 xcodebuild[563:3092] Writing error result bundle to /var/folders/xq/y_g06wb113726d38xsyx71_h0000gn/T/ResultBundle_2026-15-09_15-12-0036.xcresult
xcodebuild: error: Could not resolve package dependencies:
  could not find a branch named ‘master’ in https://github.com/krzyzanowskim/CryptoSwift.git (did you mean ‘main’?)
Command line invocation:
    /Applications/Xcode-27.0.0-Release.Candidate.app/Contents/Developer/usr/bin/xcodebuild -IDEClonedSourcePackagesDirPathOverride=/Users/admin/builder/spi-builder-workspace/.dependencies -resolvePackageDependencies
Resolve Package Graph
Updating from https://github.com/attaswift/BigInt.git
Updating from https://github.com/krzyzanowskim/CryptoSwift.git
could not find a branch named ‘master’ in https://github.com/krzyzanowskim/CryptoSwift.git (did you mean ‘main’?)
Resolved source packages:
  spi-builder-workspace: (null)
2026-09-15 15:12:39.240 xcodebuild[731:4089] Writing error result bundle to /var/folders/xq/y_g06wb113726d38xsyx71_h0000gn/T/ResultBundle_2026-15-09_15-12-0039.xcresult
xcodebuild: error: Could not resolve package dependencies:
  could not find a branch named ‘master’ in https://github.com/krzyzanowskim/CryptoSwift.git (did you mean ‘main’?)
BUILD FAILURE 6.4 watchOS