Build Information
Failed to build FieryCrucible, reference master (4c5b25), with Swift 6.4 for tvOS using Xcode 27.0 on 16 Sep 2026 03:32:55 UTC.
Build Command
env DEVELOPER_DIR=/Applications/Xcode-27.0.0-Release.Candidate.app xcrun xcodebuild -IDEClonedSourcePackagesDirPathOverride=$PWD/.dependencies -skipMacroValidation -skipPackagePluginValidation -derivedDataPath $PWD/.derivedData build -scheme FieryCrucible-Package -destination generic/platform=tvOSBuild Log
========================================
RunAll
========================================
Builder version: 5.1.0
Interrupt handler set up.
========================================
Checkout
========================================
Clone URL: https://github.com/jkolb/FieryCrucible.git
Reference: master
Initialized empty Git repository in /Users/admin/builder/spi-builder-workspace/.git/
From https://github.com/jkolb/FieryCrucible
* branch master -> FETCH_HEAD
* [new branch] master -> origin/master
HEAD is now at 4c5b254 Merge pull request #22 from NoahBPeterson/patch-1
Cloned https://github.com/jkolb/FieryCrucible.git
Revision (git rev-parse @):
4c5b254f0c26378e4c5db903e520dfc0692c2878
SUCCESS checkout https://github.com/jkolb/FieryCrucible.git at master
========================================
Build
========================================
Selected platform: tvOS
Swift version: 6.4
Building package at path: $PWD
https://github.com/jkolb/FieryCrucible.git
Command line invocation:
/Applications/Xcode-27.0.0-Release.Candidate.app/Contents/Developer/usr/bin/xcodebuild -IDEClonedSourcePackagesDirPathOverride=/Users/admin/builder/spi-builder-workspace/.dependencies -resolvePackageDependencies
resolved source packages:
{
"dependencies" : [
],
"manifest_display_name" : "FieryCrucible",
"name" : "FieryCrucible",
"path" : "/Users/admin/builder/spi-builder-workspace",
"platforms" : [
],
"products" : [
{
"name" : "FieryCrucible",
"targets" : [
"FieryCrucible"
],
"type" : {
"library" : [
"automatic"
]
}
}
],
"targets" : [
{
"c99name" : "FieryCrucibleTests",
"module_type" : "SwiftTarget",
"name" : "FieryCrucibleTests",
"path" : "Tests/FieryCrucibleTests",
"sources" : [
"FieryCrucibleTests.swift"
],
"target_dependencies" : [
"FieryCrucible"
],
"type" : "test"
},
{
"c99name" : "FieryCrucible",
"module_type" : "SwiftTarget",
"name" : "FieryCrucible",
"path" : "Sources/FieryCrucible",
"product_memberships" : [
"FieryCrucible"
],
"sources" : [
"DependencyFactory.swift"
],
"type" : "library"
}
],
"tools_version" : "4.0"
}
{
"project" : {
"configurations" : [
"Debug",
"Release"
],
"name" : "FieryCrucible",
"schemes" : [
"FieryCrucible-Package",
"FieryCruciblePackageDescription",
"FieryCruciblePackageTests"
],
"targets" : [
"FieryCruciblePackageDescription",
"FieryCrucibleTests",
"FieryCrucible",
"FieryCruciblePackageTests"
]
}
}
Running build ...
env DEVELOPER_DIR=/Applications/Xcode-27.0.0-Release.Candidate.app xcrun xcodebuild -IDEClonedSourcePackagesDirPathOverride=$PWD/.dependencies -skipMacroValidation -skipPackagePluginValidation -derivedDataPath $PWD/.derivedData build -scheme FieryCrucible-Package -destination generic/platform=tvOS
Command line invocation:
/Applications/Xcode-27.0.0-Release.Candidate.app/Contents/Developer/usr/bin/xcodebuild -IDEClonedSourcePackagesDirPathOverride=/Users/admin/builder/spi-builder-workspace/.dependencies -skipMacroValidation -skipPackagePluginValidation -derivedDataPath /Users/admin/builder/spi-builder-workspace/.derivedData build -scheme FieryCrucible-Package -destination generic/platform=tvOS
ComputePackagePrebuildTargetDependencyGraph
Prepare packages
CreateBuildRequest
SendProjectDescription
CreateBuildOperation
ComputeTargetDependencyGraph
note: Building targets in dependency order
note: Target dependency graph (1 target)
Target 'FieryCrucible' in project 'FieryCrucible' (no dependencies)
GatherProvisioningInputs
CreateBuildDescription
ExecuteExternalTool /Applications/Xcode-27.0.0-Release.Candidate.app/Contents/Developer/Toolchains/XcodeDefault.xctoolchain/usr/bin/clang -v -E -dM -isysroot /Applications/Xcode-27.0.0-Release.Candidate.app/Contents/Developer/Platforms/AppleTVOS.platform/Developer/SDKs/AppleTVOS27.0.sdk -x c -c /dev/null
ExecuteExternalTool /Applications/Xcode-27.0.0-Release.Candidate.app/Contents/Developer/Toolchains/XcodeDefault.xctoolchain/usr/bin/swiftc --version
ExecuteExternalTool /Applications/Xcode-27.0.0-Release.Candidate.app/Contents/Developer/Toolchains/XcodeDefault.xctoolchain/usr/bin/ld -version_details
Build description signature: cc6821f0b2c36b4958d0dfa7f657f1cf
Build description path: /Users/admin/builder/spi-builder-workspace/.derivedData/Build/Intermediates.noindex/XCBuildData/cc6821f0b2c36b4958d0dfa7f657f1cf.xcbuilddata
/Users/admin/builder/spi-builder-workspace/FieryCrucible.xcodeproj: error: The tvOS deployment target 'TVOS_DEPLOYMENT_TARGET' is set to 9.0, but the range of supported deployment target versions is 15.0 to 27.0.x. (in target 'FieryCrucible' from project 'FieryCrucible')
** BUILD FAILED **
The following build commands failed:
Building project FieryCrucible with scheme FieryCrucible-Package
(1 failure)
Command line invocation:
/Applications/Xcode-27.0.0-Release.Candidate.app/Contents/Developer/usr/bin/xcodebuild -IDEClonedSourcePackagesDirPathOverride=/Users/admin/builder/spi-builder-workspace/.dependencies -resolvePackageDependencies
resolved source packages:
{
"dependencies" : [
],
"manifest_display_name" : "FieryCrucible",
"name" : "FieryCrucible",
"path" : "/Users/admin/builder/spi-builder-workspace",
"platforms" : [
],
"products" : [
{
"name" : "FieryCrucible",
"targets" : [
"FieryCrucible"
],
"type" : {
"library" : [
"automatic"
]
}
}
],
"targets" : [
{
"c99name" : "FieryCrucibleTests",
"module_type" : "SwiftTarget",
"name" : "FieryCrucibleTests",
"path" : "Tests/FieryCrucibleTests",
"sources" : [
"FieryCrucibleTests.swift"
],
"target_dependencies" : [
"FieryCrucible"
],
"type" : "test"
},
{
"c99name" : "FieryCrucible",
"module_type" : "SwiftTarget",
"name" : "FieryCrucible",
"path" : "Sources/FieryCrucible",
"product_memberships" : [
"FieryCrucible"
],
"sources" : [
"DependencyFactory.swift"
],
"type" : "library"
}
],
"tools_version" : "4.0"
}
{
"project" : {
"configurations" : [
"Debug",
"Release"
],
"name" : "FieryCrucible",
"schemes" : [
"FieryCrucible-Package",
"FieryCruciblePackageDescription",
"FieryCruciblePackageTests"
],
"targets" : [
"FieryCruciblePackageDescription",
"FieryCrucibleTests",
"FieryCrucible",
"FieryCruciblePackageTests"
]
}
}
Running build ...
env DEVELOPER_DIR=/Applications/Xcode-27.0.0-Release.Candidate.app xcrun xcodebuild -IDEClonedSourcePackagesDirPathOverride=$PWD/.dependencies -skipMacroValidation -skipPackagePluginValidation -derivedDataPath $PWD/.derivedData build -scheme FieryCrucible-Package -destination generic/platform=tvOS
Command line invocation:
/Applications/Xcode-27.0.0-Release.Candidate.app/Contents/Developer/usr/bin/xcodebuild -IDEClonedSourcePackagesDirPathOverride=/Users/admin/builder/spi-builder-workspace/.dependencies -skipMacroValidation -skipPackagePluginValidation -derivedDataPath /Users/admin/builder/spi-builder-workspace/.derivedData build -scheme FieryCrucible-Package -destination generic/platform=tvOS
ComputePackagePrebuildTargetDependencyGraph
Prepare packages
CreateBuildRequest
SendProjectDescription
CreateBuildOperation
ComputeTargetDependencyGraph
note: Building targets in dependency order
note: Target dependency graph (1 target)
Target 'FieryCrucible' in project 'FieryCrucible' (no dependencies)
GatherProvisioningInputs
CreateBuildDescription
/Users/admin/builder/spi-builder-workspace/FieryCrucible.xcodeproj: error: The tvOS deployment target 'TVOS_DEPLOYMENT_TARGET' is set to 9.0, but the range of supported deployment target versions is 15.0 to 27.0.x. (in target 'FieryCrucible' from project 'FieryCrucible')
** BUILD FAILED **
The following build commands failed:
Building project FieryCrucible with scheme FieryCrucible-Package
(1 failure)
BUILD FAILURE 6.4 tvOS