The Swift Package Index logo.Swift Package Index

Build Information

Failed to build Greebler, reference 0.8.0 (5469ae), with Swift 6.4 for watchOS using Xcode 27.0 on 20 Sep 2026 06:24:21 UTC.

Build Command

env DEVELOPER_DIR=/Applications/Xcode-27.0.0-Release.Candidate.app xcrun xcodebuild -IDEClonedSourcePackagesDirPathOverride=$PWD/.dependencies -skipMacroValidation -skipPackagePluginValidation -derivedDataPath $PWD/.derivedData build -scheme Greebler -destination generic/platform=watchOS

Build Log

Copy /Users/admin/builder/spi-builder-workspace/.derivedData/Build/Products/Debug-watchos/ControlledChaos.swiftmodule/arm64_32-apple-watchos.swiftmodule /Users/admin/builder/spi-builder-workspace/.derivedData/Build/Intermediates.noindex/ControlledChaos.build/Debug-watchos/ControlledChaos-t.build/Objects-normal/arm64_32/ControlledChaos.swiftmodule (in target 'ControlledChaos' from project 'ControlledChaos')
    cd /Users/admin/builder/spi-builder-workspace/.dependencies/checkouts/ControlledChaos
    builtin-copy -exclude .DS_Store -exclude CVS -exclude .svn -exclude .git -exclude .hg -resolve-src-symlinks -rename /Users/admin/builder/spi-builder-workspace/.derivedData/Build/Intermediates.noindex/ControlledChaos.build/Debug-watchos/ControlledChaos-t.build/Objects-normal/arm64_32/ControlledChaos.swiftmodule /Users/admin/builder/spi-builder-workspace/.derivedData/Build/Products/Debug-watchos/ControlledChaos.swiftmodule/arm64_32-apple-watchos.swiftmodule
SwiftMergeGeneratedHeaders /Users/admin/builder/spi-builder-workspace/.derivedData/Build/Intermediates.noindex/GeneratedModuleMaps-watchos/ControlledChaos-Swift.h /Users/admin/builder/spi-builder-workspace/.derivedData/Build/Intermediates.noindex/ControlledChaos.build/Debug-watchos/ControlledChaos-t.build/Objects-normal/arm64/ControlledChaos-Swift.h /Users/admin/builder/spi-builder-workspace/.derivedData/Build/Intermediates.noindex/ControlledChaos.build/Debug-watchos/ControlledChaos-t.build/Objects-normal/arm64_32/ControlledChaos-Swift.h (in target 'ControlledChaos' from project 'ControlledChaos')
    cd /Users/admin/builder/spi-builder-workspace/.dependencies/checkouts/ControlledChaos
    builtin-swiftHeaderTool -arch arm64 /Users/admin/builder/spi-builder-workspace/.derivedData/Build/Intermediates.noindex/ControlledChaos.build/Debug-watchos/ControlledChaos-t.build/Objects-normal/arm64/ControlledChaos-Swift.h -arch arm64_32 /Users/admin/builder/spi-builder-workspace/.derivedData/Build/Intermediates.noindex/ControlledChaos.build/Debug-watchos/ControlledChaos-t.build/Objects-normal/arm64_32/ControlledChaos-Swift.h -o /Users/admin/builder/spi-builder-workspace/.derivedData/Build/Intermediates.noindex/GeneratedModuleMaps-watchos/ControlledChaos-Swift.h
Copy /Users/admin/builder/spi-builder-workspace/.derivedData/Build/Products/Debug-watchos/ControlledChaos.swiftmodule/arm64_32-apple-watchos.swiftdoc /Users/admin/builder/spi-builder-workspace/.derivedData/Build/Intermediates.noindex/ControlledChaos.build/Debug-watchos/ControlledChaos-t.build/Objects-normal/arm64_32/ControlledChaos.swiftdoc (in target 'ControlledChaos' from project 'ControlledChaos')
    cd /Users/admin/builder/spi-builder-workspace/.dependencies/checkouts/ControlledChaos
    builtin-copy -exclude .DS_Store -exclude CVS -exclude .svn -exclude .git -exclude .hg -resolve-src-symlinks -rename /Users/admin/builder/spi-builder-workspace/.derivedData/Build/Intermediates.noindex/ControlledChaos.build/Debug-watchos/ControlledChaos-t.build/Objects-normal/arm64_32/ControlledChaos.swiftdoc /Users/admin/builder/spi-builder-workspace/.derivedData/Build/Products/Debug-watchos/ControlledChaos.swiftmodule/arm64_32-apple-watchos.swiftdoc
Copy /Users/admin/builder/spi-builder-workspace/.derivedData/Build/Products/Debug-watchos/ControlledChaos.swiftmodule/arm64_32-apple-watchos.abi.json /Users/admin/builder/spi-builder-workspace/.derivedData/Build/Intermediates.noindex/ControlledChaos.build/Debug-watchos/ControlledChaos-t.build/Objects-normal/arm64_32/ControlledChaos.abi.json (in target 'ControlledChaos' from project 'ControlledChaos')
    cd /Users/admin/builder/spi-builder-workspace/.dependencies/checkouts/ControlledChaos
    builtin-copy -exclude .DS_Store -exclude CVS -exclude .svn -exclude .git -exclude .hg -resolve-src-symlinks -rename /Users/admin/builder/spi-builder-workspace/.derivedData/Build/Intermediates.noindex/ControlledChaos.build/Debug-watchos/ControlledChaos-t.build/Objects-normal/arm64_32/ControlledChaos.abi.json /Users/admin/builder/spi-builder-workspace/.derivedData/Build/Products/Debug-watchos/ControlledChaos.swiftmodule/arm64_32-apple-watchos.abi.json
Copy /Users/admin/builder/spi-builder-workspace/.derivedData/Build/Products/Debug-watchos/ControlledChaos.swiftmodule/arm64-apple-watchos.swiftmodule /Users/admin/builder/spi-builder-workspace/.derivedData/Build/Intermediates.noindex/ControlledChaos.build/Debug-watchos/ControlledChaos-t.build/Objects-normal/arm64/ControlledChaos.swiftmodule (in target 'ControlledChaos' from project 'ControlledChaos')
    cd /Users/admin/builder/spi-builder-workspace/.dependencies/checkouts/ControlledChaos
    builtin-copy -exclude .DS_Store -exclude CVS -exclude .svn -exclude .git -exclude .hg -resolve-src-symlinks -rename /Users/admin/builder/spi-builder-workspace/.derivedData/Build/Intermediates.noindex/ControlledChaos.build/Debug-watchos/ControlledChaos-t.build/Objects-normal/arm64/ControlledChaos.swiftmodule /Users/admin/builder/spi-builder-workspace/.derivedData/Build/Products/Debug-watchos/ControlledChaos.swiftmodule/arm64-apple-watchos.swiftmodule
Copy /Users/admin/builder/spi-builder-workspace/.derivedData/Build/Products/Debug-watchos/ControlledChaos.swiftmodule/arm64-apple-watchos.swiftdoc /Users/admin/builder/spi-builder-workspace/.derivedData/Build/Intermediates.noindex/ControlledChaos.build/Debug-watchos/ControlledChaos-t.build/Objects-normal/arm64/ControlledChaos.swiftdoc (in target 'ControlledChaos' from project 'ControlledChaos')
    cd /Users/admin/builder/spi-builder-workspace/.dependencies/checkouts/ControlledChaos
    builtin-copy -exclude .DS_Store -exclude CVS -exclude .svn -exclude .git -exclude .hg -resolve-src-symlinks -rename /Users/admin/builder/spi-builder-workspace/.derivedData/Build/Intermediates.noindex/ControlledChaos.build/Debug-watchos/ControlledChaos-t.build/Objects-normal/arm64/ControlledChaos.swiftdoc /Users/admin/builder/spi-builder-workspace/.derivedData/Build/Products/Debug-watchos/ControlledChaos.swiftmodule/arm64-apple-watchos.swiftdoc
Copy /Users/admin/builder/spi-builder-workspace/.derivedData/Build/Products/Debug-watchos/ControlledChaos.swiftmodule/arm64-apple-watchos.abi.json /Users/admin/builder/spi-builder-workspace/.derivedData/Build/Intermediates.noindex/ControlledChaos.build/Debug-watchos/ControlledChaos-t.build/Objects-normal/arm64/ControlledChaos.abi.json (in target 'ControlledChaos' from project 'ControlledChaos')
    cd /Users/admin/builder/spi-builder-workspace/.dependencies/checkouts/ControlledChaos
    builtin-copy -exclude .DS_Store -exclude CVS -exclude .svn -exclude .git -exclude .hg -resolve-src-symlinks -rename /Users/admin/builder/spi-builder-workspace/.derivedData/Build/Intermediates.noindex/ControlledChaos.build/Debug-watchos/ControlledChaos-t.build/Objects-normal/arm64/ControlledChaos.abi.json /Users/admin/builder/spi-builder-workspace/.derivedData/Build/Products/Debug-watchos/ControlledChaos.swiftmodule/arm64-apple-watchos.abi.json
Copy /Users/admin/builder/spi-builder-workspace/.derivedData/Build/Products/Debug-watchos/ControlledChaos.swiftmodule/Project/arm64_32-apple-watchos.swiftsourceinfo /Users/admin/builder/spi-builder-workspace/.derivedData/Build/Intermediates.noindex/ControlledChaos.build/Debug-watchos/ControlledChaos-t.build/Objects-normal/arm64_32/ControlledChaos.swiftsourceinfo (in target 'ControlledChaos' from project 'ControlledChaos')
    cd /Users/admin/builder/spi-builder-workspace/.dependencies/checkouts/ControlledChaos
    builtin-copy -exclude .DS_Store -exclude CVS -exclude .svn -exclude .git -exclude .hg -resolve-src-symlinks -rename /Users/admin/builder/spi-builder-workspace/.derivedData/Build/Intermediates.noindex/ControlledChaos.build/Debug-watchos/ControlledChaos-t.build/Objects-normal/arm64_32/ControlledChaos.swiftsourceinfo /Users/admin/builder/spi-builder-workspace/.derivedData/Build/Products/Debug-watchos/ControlledChaos.swiftmodule/Project/arm64_32-apple-watchos.swiftsourceinfo
Copy /Users/admin/builder/spi-builder-workspace/.derivedData/Build/Products/Debug-watchos/ControlledChaos.swiftmodule/Project/arm64-apple-watchos.swiftsourceinfo /Users/admin/builder/spi-builder-workspace/.derivedData/Build/Intermediates.noindex/ControlledChaos.build/Debug-watchos/ControlledChaos-t.build/Objects-normal/arm64/ControlledChaos.swiftsourceinfo (in target 'ControlledChaos' from project 'ControlledChaos')
    cd /Users/admin/builder/spi-builder-workspace/.dependencies/checkouts/ControlledChaos
    builtin-copy -exclude .DS_Store -exclude CVS -exclude .svn -exclude .git -exclude .hg -resolve-src-symlinks -rename /Users/admin/builder/spi-builder-workspace/.derivedData/Build/Intermediates.noindex/ControlledChaos.build/Debug-watchos/ControlledChaos-t.build/Objects-normal/arm64/ControlledChaos.swiftsourceinfo /Users/admin/builder/spi-builder-workspace/.derivedData/Build/Products/Debug-watchos/ControlledChaos.swiftmodule/Project/arm64-apple-watchos.swiftsourceinfo
SwiftCompile normal arm64 Compiling\ Bool+randomProbability.swift /Users/admin/builder/spi-builder-workspace/.dependencies/checkouts/ControlledChaos/Sources/ControlledChaos/Extensions/Bool+randomProbability.swift (in target 'ControlledChaos' from project 'ControlledChaos')
SwiftCompile normal arm64 /Users/admin/builder/spi-builder-workspace/.dependencies/checkouts/ControlledChaos/Sources/ControlledChaos/Extensions/Bool+randomProbability.swift (in target 'ControlledChaos' from project 'ControlledChaos')
    cd /Users/admin/builder/spi-builder-workspace/.swiftpm/xcode
    builtin-SwiftPerFileCompile Bool+randomProbability.swift
SwiftDriverJobDiscovery normal arm64 Compiling SeededRandomNumberGenerator.swift (in target 'ControlledChaos' from project 'ControlledChaos')
SwiftDriverJobDiscovery normal arm64_32 Compiling SeededRandomNumberGenerator.swift (in target 'ControlledChaos' from project 'ControlledChaos')
SwiftDriverJobDiscovery normal arm64 Compiling Double+randomGaussian.swift (in target 'ControlledChaos' from project 'ControlledChaos')
SwiftDriverJobDiscovery normal arm64 Compiling Bool+randomProbability.swift (in target 'ControlledChaos' from project 'ControlledChaos')
SwiftDriverJobDiscovery normal arm64_32 Compiling Bool+randomProbability.swift (in target 'ControlledChaos' from project 'ControlledChaos')
SwiftDriverJobDiscovery normal arm64_32 Compiling Double+randomGaussian.swift (in target 'ControlledChaos' from project 'ControlledChaos')
SwiftDriver Aesthete normal arm64_32 com.apple.xcode.tools.swift.compiler (in target 'Aesthete' from project 'Aesthete')
    cd /Users/admin/builder/spi-builder-workspace/.swiftpm/xcode
    builtin-SwiftDriver -- /Applications/Xcode-27.0.0-Release.Candidate.app/Contents/Developer/Toolchains/XcodeDefault.xctoolchain/usr/bin/swiftc -parse-as-library -module-name Aesthete -Onone @/Users/admin/builder/spi-builder-workspace/.derivedData/Build/Intermediates.noindex/Aesthete.build/Debug-watchos/Aesthete-t.build/Objects-normal/arm64_32/Aesthete.SwiftFileList -DSWIFT_PACKAGE -DDEBUG -DSWIFT_MODULE_RESOURCE_BUNDLE_UNAVAILABLE -DXcode -plugin-path /Applications/Xcode-27.0.0-Release.Candidate.app/Contents/Developer/Toolchains/XcodeDefault.xctoolchain/usr/lib/swift/host/plugins/testing -enable-experimental-feature DebugDescriptionMacro -sdk /Applications/Xcode-27.0.0-Release.Candidate.app/Contents/Developer/Platforms/WatchOS.platform/Developer/SDKs/WatchOS27.0.sdk -target arm64_32-apple-watchos9.0 -g -module-cache-path /Users/admin/builder/spi-builder-workspace/.derivedData/ModuleCache.noindex -Xfrontend -serialize-debugging-options -profile-coverage-mapping -profile-generate -enable-testing -suppress-warnings -index-store-path /Users/admin/builder/spi-builder-workspace/.derivedData/Index.noindex/DataStore -Xcc -D_LIBCPP_HARDENING_MODE\=_LIBCPP_HARDENING_MODE_DEBUG -swift-version 5 -I /Users/admin/builder/spi-builder-workspace/.derivedData/Build/Products/Debug-watchos -Isystem /Applications/Xcode-27.0.0-Release.Candidate.app/Contents/Developer/Platforms/WatchOS.platform/Developer/usr/lib -F /Users/admin/builder/spi-builder-workspace/.derivedData/Build/Products/Debug-watchos/PackageFrameworks -F /Users/admin/builder/spi-builder-workspace/.derivedData/Build/Products/Debug-watchos -F /Applications/Xcode-27.0.0-Release.Candidate.app/Contents/Developer/Platforms/WatchOS.platform/Developer/Library/Frameworks -F /Applications/Xcode-27.0.0-Release.Candidate.app/Contents/Developer/Platforms/WatchOS.platform/Developer/SDKs/WatchOS27.0.sdk/Developer/Library/Frameworks -c -j10 -enable-batch-mode -incremental -Xcc -ivfsstatcache -Xcc /Users/admin/builder/spi-builder-workspace/.derivedData/SDKStatCaches.noindex/watchos27.0-24R360-e829b21a6f8c9b70876ba0858053c04477534ef55a1706bf4c1112bbb242f0a2.sdkstatcache -output-file-map /Users/admin/builder/spi-builder-workspace/.derivedData/Build/Intermediates.noindex/Aesthete.build/Debug-watchos/Aesthete-t.build/Objects-normal/arm64_32/Aesthete-OutputFileMap.json -save-temps -no-color-diagnostics -explicit-module-build -module-cache-path /Users/admin/builder/spi-builder-workspace/.derivedData/Build/Intermediates.noindex/SwiftExplicitPrecompiledModules -clang-scanner-module-cache-path /Users/admin/builder/spi-builder-workspace/.derivedData/ModuleCache.noindex -sdk-module-cache-path /Users/admin/builder/spi-builder-workspace/.derivedData/SDKExplicitPrecompiledModules -emit-dependencies -emit-module -emit-module-path /Users/admin/builder/spi-builder-workspace/.derivedData/Build/Intermediates.noindex/Aesthete.build/Debug-watchos/Aesthete-t.build/Objects-normal/arm64_32/Aesthete.swiftmodule -serialize-diagnostics -dependency-scan-serialize-diagnostics-path /Users/admin/builder/spi-builder-workspace/.derivedData/Build/Intermediates.noindex/Aesthete.build/Debug-watchos/Aesthete-t.build/Objects-normal/arm64_32/Aesthete-dependency-scan.dia -validate-clang-modules-once -clang-build-session-file /Users/admin/builder/spi-builder-workspace/.derivedData/ModuleCache.noindex/Session.modulevalidation -Xcc -fmodules-prune-interval\=86400 -Xcc -fmodules-prune-after\=345600 -emit-const-values -const-gather-protocols-list /Users/admin/builder/spi-builder-workspace/.derivedData/Build/Intermediates.noindex/Aesthete.build/Debug-watchos/Aesthete-t.build/Objects-normal/arm64_32/Aesthete_const_extract_protocols.json -Xcc -I/Users/admin/builder/spi-builder-workspace/.derivedData/Build/Products/Debug-watchos/include -Xcc -I/Users/admin/builder/spi-builder-workspace/.derivedData/Build/Intermediates.noindex/Aesthete.build/Debug-watchos/Aesthete-t.build/DerivedSources-normal/arm64_32 -Xcc -I/Users/admin/builder/spi-builder-workspace/.derivedData/Build/Intermediates.noindex/Aesthete.build/Debug-watchos/Aesthete-t.build/DerivedSources/arm64_32 -Xcc -I/Users/admin/builder/spi-builder-workspace/.derivedData/Build/Intermediates.noindex/Aesthete.build/Debug-watchos/Aesthete-t.build/DerivedSources -Xcc -DSWIFT_PACKAGE -Xcc -DDEBUG\=1 -emit-objc-header -emit-objc-header-path /Users/admin/builder/spi-builder-workspace/.derivedData/Build/Intermediates.noindex/Aesthete.build/Debug-watchos/Aesthete-t.build/Objects-normal/arm64_32/Aesthete-Swift.h -working-directory /Users/admin/builder/spi-builder-workspace/.swiftpm/xcode -experimental-emit-module-separately -disable-cmo
SwiftDriver Aesthete normal arm64 com.apple.xcode.tools.swift.compiler (in target 'Aesthete' from project 'Aesthete')
    cd /Users/admin/builder/spi-builder-workspace/.swiftpm/xcode
    builtin-SwiftDriver -- /Applications/Xcode-27.0.0-Release.Candidate.app/Contents/Developer/Toolchains/XcodeDefault.xctoolchain/usr/bin/swiftc -parse-as-library -module-name Aesthete -Onone @/Users/admin/builder/spi-builder-workspace/.derivedData/Build/Intermediates.noindex/Aesthete.build/Debug-watchos/Aesthete-t.build/Objects-normal/arm64/Aesthete.SwiftFileList -DSWIFT_PACKAGE -DDEBUG -DSWIFT_MODULE_RESOURCE_BUNDLE_UNAVAILABLE -DXcode -plugin-path /Applications/Xcode-27.0.0-Release.Candidate.app/Contents/Developer/Toolchains/XcodeDefault.xctoolchain/usr/lib/swift/host/plugins/testing -enable-experimental-feature DebugDescriptionMacro -sdk /Applications/Xcode-27.0.0-Release.Candidate.app/Contents/Developer/Platforms/WatchOS.platform/Developer/SDKs/WatchOS27.0.sdk -target arm64-apple-watchos9.0 -g -module-cache-path /Users/admin/builder/spi-builder-workspace/.derivedData/ModuleCache.noindex -Xfrontend -serialize-debugging-options -profile-coverage-mapping -profile-generate -enable-testing -suppress-warnings -index-store-path /Users/admin/builder/spi-builder-workspace/.derivedData/Index.noindex/DataStore -Xcc -D_LIBCPP_HARDENING_MODE\=_LIBCPP_HARDENING_MODE_DEBUG -swift-version 5 -I /Users/admin/builder/spi-builder-workspace/.derivedData/Build/Products/Debug-watchos -Isystem /Applications/Xcode-27.0.0-Release.Candidate.app/Contents/Developer/Platforms/WatchOS.platform/Developer/usr/lib -F /Users/admin/builder/spi-builder-workspace/.derivedData/Build/Products/Debug-watchos/PackageFrameworks -F /Users/admin/builder/spi-builder-workspace/.derivedData/Build/Products/Debug-watchos -F /Applications/Xcode-27.0.0-Release.Candidate.app/Contents/Developer/Platforms/WatchOS.platform/Developer/Library/Frameworks -F /Applications/Xcode-27.0.0-Release.Candidate.app/Contents/Developer/Platforms/WatchOS.platform/Developer/SDKs/WatchOS27.0.sdk/Developer/Library/Frameworks -c -j10 -enable-batch-mode -incremental -Xcc -ivfsstatcache -Xcc /Users/admin/builder/spi-builder-workspace/.derivedData/SDKStatCaches.noindex/watchos27.0-24R360-e829b21a6f8c9b70876ba0858053c04477534ef55a1706bf4c1112bbb242f0a2.sdkstatcache -output-file-map /Users/admin/builder/spi-builder-workspace/.derivedData/Build/Intermediates.noindex/Aesthete.build/Debug-watchos/Aesthete-t.build/Objects-normal/arm64/Aesthete-OutputFileMap.json -save-temps -no-color-diagnostics -explicit-module-build -module-cache-path /Users/admin/builder/spi-builder-workspace/.derivedData/Build/Intermediates.noindex/SwiftExplicitPrecompiledModules -clang-scanner-module-cache-path /Users/admin/builder/spi-builder-workspace/.derivedData/ModuleCache.noindex -sdk-module-cache-path /Users/admin/builder/spi-builder-workspace/.derivedData/SDKExplicitPrecompiledModules -emit-dependencies -emit-module -emit-module-path /Users/admin/builder/spi-builder-workspace/.derivedData/Build/Intermediates.noindex/Aesthete.build/Debug-watchos/Aesthete-t.build/Objects-normal/arm64/Aesthete.swiftmodule -serialize-diagnostics -dependency-scan-serialize-diagnostics-path /Users/admin/builder/spi-builder-workspace/.derivedData/Build/Intermediates.noindex/Aesthete.build/Debug-watchos/Aesthete-t.build/Objects-normal/arm64/Aesthete-dependency-scan.dia -validate-clang-modules-once -clang-build-session-file /Users/admin/builder/spi-builder-workspace/.derivedData/ModuleCache.noindex/Session.modulevalidation -Xcc -fmodules-prune-interval\=86400 -Xcc -fmodules-prune-after\=345600 -emit-const-values -const-gather-protocols-list /Users/admin/builder/spi-builder-workspace/.derivedData/Build/Intermediates.noindex/Aesthete.build/Debug-watchos/Aesthete-t.build/Objects-normal/arm64/Aesthete_const_extract_protocols.json -Xcc -I/Users/admin/builder/spi-builder-workspace/.derivedData/Build/Products/Debug-watchos/include -Xcc -I/Users/admin/builder/spi-builder-workspace/.derivedData/Build/Intermediates.noindex/Aesthete.build/Debug-watchos/Aesthete-t.build/DerivedSources-normal/arm64 -Xcc -I/Users/admin/builder/spi-builder-workspace/.derivedData/Build/Intermediates.noindex/Aesthete.build/Debug-watchos/Aesthete-t.build/DerivedSources/arm64 -Xcc -I/Users/admin/builder/spi-builder-workspace/.derivedData/Build/Intermediates.noindex/Aesthete.build/Debug-watchos/Aesthete-t.build/DerivedSources -Xcc -DSWIFT_PACKAGE -Xcc -DDEBUG\=1 -emit-objc-header -emit-objc-header-path /Users/admin/builder/spi-builder-workspace/.derivedData/Build/Intermediates.noindex/Aesthete.build/Debug-watchos/Aesthete-t.build/Objects-normal/arm64/Aesthete-Swift.h -working-directory /Users/admin/builder/spi-builder-workspace/.swiftpm/xcode -experimental-emit-module-separately -disable-cmo
SwiftDriverJobDiscovery normal arm64 Compiling ProbabilityGroup.swift (in target 'ControlledChaos' from project 'ControlledChaos')
SwiftDriverJobDiscovery normal arm64_32 Compiling ProbabilityGroup.swift (in target 'ControlledChaos' from project 'ControlledChaos')
SwiftDriverJobDiscovery normal arm64 Compiling RandomItemBag.swift (in target 'ControlledChaos' from project 'ControlledChaos')
SwiftDriver\ Compilation ControlledChaos normal arm64 com.apple.xcode.tools.swift.compiler (in target 'ControlledChaos' from project 'ControlledChaos')
    cd /Users/admin/builder/spi-builder-workspace/.swiftpm/xcode
    builtin-Swift-Compilation -- /Applications/Xcode-27.0.0-Release.Candidate.app/Contents/Developer/Toolchains/XcodeDefault.xctoolchain/usr/bin/swiftc -parse-as-library -module-name ControlledChaos -Onone @/Users/admin/builder/spi-builder-workspace/.derivedData/Build/Intermediates.noindex/ControlledChaos.build/Debug-watchos/ControlledChaos-t.build/Objects-normal/arm64/ControlledChaos.SwiftFileList -DSWIFT_PACKAGE -DDEBUG -DSWIFT_MODULE_RESOURCE_BUNDLE_UNAVAILABLE -DXcode -plugin-path /Applications/Xcode-27.0.0-Release.Candidate.app/Contents/Developer/Toolchains/XcodeDefault.xctoolchain/usr/lib/swift/host/plugins/testing -enable-experimental-feature DebugDescriptionMacro -sdk /Applications/Xcode-27.0.0-Release.Candidate.app/Contents/Developer/Platforms/WatchOS.platform/Developer/SDKs/WatchOS27.0.sdk -target arm64-apple-watchos9.0 -g -module-cache-path /Users/admin/builder/spi-builder-workspace/.derivedData/ModuleCache.noindex -Xfrontend -serialize-debugging-options -profile-coverage-mapping -profile-generate -enable-testing -suppress-warnings -index-store-path /Users/admin/builder/spi-builder-workspace/.derivedData/Index.noindex/DataStore -Xcc -D_LIBCPP_HARDENING_MODE\=_LIBCPP_HARDENING_MODE_DEBUG -swift-version 5 -I /Users/admin/builder/spi-builder-workspace/.derivedData/Build/Products/Debug-watchos -Isystem /Applications/Xcode-27.0.0-Release.Candidate.app/Contents/Developer/Platforms/WatchOS.platform/Developer/usr/lib -F /Users/admin/builder/spi-builder-workspace/.derivedData/Build/Products/Debug-watchos -F /Applications/Xcode-27.0.0-Release.Candidate.app/Contents/Developer/Platforms/WatchOS.platform/Developer/Library/Frameworks -F /Applications/Xcode-27.0.0-Release.Candidate.app/Contents/Developer/Platforms/WatchOS.platform/Developer/SDKs/WatchOS27.0.sdk/Developer/Library/Frameworks -c -j10 -enable-batch-mode -incremental -Xcc -ivfsstatcache -Xcc /Users/admin/builder/spi-builder-workspace/.derivedData/SDKStatCaches.noindex/watchos27.0-24R360-e829b21a6f8c9b70876ba0858053c04477534ef55a1706bf4c1112bbb242f0a2.sdkstatcache -output-file-map /Users/admin/builder/spi-builder-workspace/.derivedData/Build/Intermediates.noindex/ControlledChaos.build/Debug-watchos/ControlledChaos-t.build/Objects-normal/arm64/ControlledChaos-OutputFileMap.json -save-temps -no-color-diagnostics -explicit-module-build -module-cache-path /Users/admin/builder/spi-builder-workspace/.derivedData/Build/Intermediates.noindex/SwiftExplicitPrecompiledModules -clang-scanner-module-cache-path /Users/admin/builder/spi-builder-workspace/.derivedData/ModuleCache.noindex -sdk-module-cache-path /Users/admin/builder/spi-builder-workspace/.derivedData/SDKExplicitPrecompiledModules -emit-dependencies -emit-module -emit-module-path /Users/admin/builder/spi-builder-workspace/.derivedData/Build/Intermediates.noindex/ControlledChaos.build/Debug-watchos/ControlledChaos-t.build/Objects-normal/arm64/ControlledChaos.swiftmodule -serialize-diagnostics -dependency-scan-serialize-diagnostics-path /Users/admin/builder/spi-builder-workspace/.derivedData/Build/Intermediates.noindex/ControlledChaos.build/Debug-watchos/ControlledChaos-t.build/Objects-normal/arm64/ControlledChaos-dependency-scan.dia -validate-clang-modules-once -clang-build-session-file /Users/admin/builder/spi-builder-workspace/.derivedData/ModuleCache.noindex/Session.modulevalidation -Xcc -fmodules-prune-interval\=86400 -Xcc -fmodules-prune-after\=345600 -emit-const-values -const-gather-protocols-list /Users/admin/builder/spi-builder-workspace/.derivedData/Build/Intermediates.noindex/ControlledChaos.build/Debug-watchos/ControlledChaos-t.build/Objects-normal/arm64/ControlledChaos_const_extract_protocols.json -Xcc -I/Users/admin/builder/spi-builder-workspace/.derivedData/Build/Products/Debug-watchos/include -Xcc -I/Users/admin/builder/spi-builder-workspace/.derivedData/Build/Intermediates.noindex/ControlledChaos.build/Debug-watchos/ControlledChaos-t.build/DerivedSources-normal/arm64 -Xcc -I/Users/admin/builder/spi-builder-workspace/.derivedData/Build/Intermediates.noindex/ControlledChaos.build/Debug-watchos/ControlledChaos-t.build/DerivedSources/arm64 -Xcc -I/Users/admin/builder/spi-builder-workspace/.derivedData/Build/Intermediates.noindex/ControlledChaos.build/Debug-watchos/ControlledChaos-t.build/DerivedSources -Xcc -DSWIFT_PACKAGE -Xcc -DDEBUG\=1 -emit-objc-header -emit-objc-header-path /Users/admin/builder/spi-builder-workspace/.derivedData/Build/Intermediates.noindex/ControlledChaos.build/Debug-watchos/ControlledChaos-t.build/Objects-normal/arm64/ControlledChaos-Swift.h -working-directory /Users/admin/builder/spi-builder-workspace/.swiftpm/xcode -experimental-emit-module-separately -disable-cmo
SwiftDriverJobDiscovery normal arm64_32 Compiling RandomItemBag.swift (in target 'ControlledChaos' from project 'ControlledChaos')
SwiftDriver\ Compilation ControlledChaos normal arm64_32 com.apple.xcode.tools.swift.compiler (in target 'ControlledChaos' from project 'ControlledChaos')
    cd /Users/admin/builder/spi-builder-workspace/.swiftpm/xcode
    builtin-Swift-Compilation -- /Applications/Xcode-27.0.0-Release.Candidate.app/Contents/Developer/Toolchains/XcodeDefault.xctoolchain/usr/bin/swiftc -parse-as-library -module-name ControlledChaos -Onone @/Users/admin/builder/spi-builder-workspace/.derivedData/Build/Intermediates.noindex/ControlledChaos.build/Debug-watchos/ControlledChaos-t.build/Objects-normal/arm64_32/ControlledChaos.SwiftFileList -DSWIFT_PACKAGE -DDEBUG -DSWIFT_MODULE_RESOURCE_BUNDLE_UNAVAILABLE -DXcode -plugin-path /Applications/Xcode-27.0.0-Release.Candidate.app/Contents/Developer/Toolchains/XcodeDefault.xctoolchain/usr/lib/swift/host/plugins/testing -enable-experimental-feature DebugDescriptionMacro -sdk /Applications/Xcode-27.0.0-Release.Candidate.app/Contents/Developer/Platforms/WatchOS.platform/Developer/SDKs/WatchOS27.0.sdk -target arm64_32-apple-watchos9.0 -g -module-cache-path /Users/admin/builder/spi-builder-workspace/.derivedData/ModuleCache.noindex -Xfrontend -serialize-debugging-options -profile-coverage-mapping -profile-generate -enable-testing -suppress-warnings -index-store-path /Users/admin/builder/spi-builder-workspace/.derivedData/Index.noindex/DataStore -Xcc -D_LIBCPP_HARDENING_MODE\=_LIBCPP_HARDENING_MODE_DEBUG -swift-version 5 -I /Users/admin/builder/spi-builder-workspace/.derivedData/Build/Products/Debug-watchos -Isystem /Applications/Xcode-27.0.0-Release.Candidate.app/Contents/Developer/Platforms/WatchOS.platform/Developer/usr/lib -F /Users/admin/builder/spi-builder-workspace/.derivedData/Build/Products/Debug-watchos -F /Applications/Xcode-27.0.0-Release.Candidate.app/Contents/Developer/Platforms/WatchOS.platform/Developer/Library/Frameworks -F /Applications/Xcode-27.0.0-Release.Candidate.app/Contents/Developer/Platforms/WatchOS.platform/Developer/SDKs/WatchOS27.0.sdk/Developer/Library/Frameworks -c -j10 -enable-batch-mode -incremental -Xcc -ivfsstatcache -Xcc /Users/admin/builder/spi-builder-workspace/.derivedData/SDKStatCaches.noindex/watchos27.0-24R360-e829b21a6f8c9b70876ba0858053c04477534ef55a1706bf4c1112bbb242f0a2.sdkstatcache -output-file-map /Users/admin/builder/spi-builder-workspace/.derivedData/Build/Intermediates.noindex/ControlledChaos.build/Debug-watchos/ControlledChaos-t.build/Objects-normal/arm64_32/ControlledChaos-OutputFileMap.json -save-temps -no-color-diagnostics -explicit-module-build -module-cache-path /Users/admin/builder/spi-builder-workspace/.derivedData/Build/Intermediates.noindex/SwiftExplicitPrecompiledModules -clang-scanner-module-cache-path /Users/admin/builder/spi-builder-workspace/.derivedData/ModuleCache.noindex -sdk-module-cache-path /Users/admin/builder/spi-builder-workspace/.derivedData/SDKExplicitPrecompiledModules -emit-dependencies -emit-module -emit-module-path /Users/admin/builder/spi-builder-workspace/.derivedData/Build/Intermediates.noindex/ControlledChaos.build/Debug-watchos/ControlledChaos-t.build/Objects-normal/arm64_32/ControlledChaos.swiftmodule -serialize-diagnostics -dependency-scan-serialize-diagnostics-path /Users/admin/builder/spi-builder-workspace/.derivedData/Build/Intermediates.noindex/ControlledChaos.build/Debug-watchos/ControlledChaos-t.build/Objects-normal/arm64_32/ControlledChaos-dependency-scan.dia -validate-clang-modules-once -clang-build-session-file /Users/admin/builder/spi-builder-workspace/.derivedData/ModuleCache.noindex/Session.modulevalidation -Xcc -fmodules-prune-interval\=86400 -Xcc -fmodules-prune-after\=345600 -emit-const-values -const-gather-protocols-list /Users/admin/builder/spi-builder-workspace/.derivedData/Build/Intermediates.noindex/ControlledChaos.build/Debug-watchos/ControlledChaos-t.build/Objects-normal/arm64_32/ControlledChaos_const_extract_protocols.json -Xcc -I/Users/admin/builder/spi-builder-workspace/.derivedData/Build/Products/Debug-watchos/include -Xcc -I/Users/admin/builder/spi-builder-workspace/.derivedData/Build/Intermediates.noindex/ControlledChaos.build/Debug-watchos/ControlledChaos-t.build/DerivedSources-normal/arm64_32 -Xcc -I/Users/admin/builder/spi-builder-workspace/.derivedData/Build/Intermediates.noindex/ControlledChaos.build/Debug-watchos/ControlledChaos-t.build/DerivedSources/arm64_32 -Xcc -I/Users/admin/builder/spi-builder-workspace/.derivedData/Build/Intermediates.noindex/ControlledChaos.build/Debug-watchos/ControlledChaos-t.build/DerivedSources -Xcc -DSWIFT_PACKAGE -Xcc -DDEBUG\=1 -emit-objc-header -emit-objc-header-path /Users/admin/builder/spi-builder-workspace/.derivedData/Build/Intermediates.noindex/ControlledChaos.build/Debug-watchos/ControlledChaos-t.build/Objects-normal/arm64_32/ControlledChaos-Swift.h -working-directory /Users/admin/builder/spi-builder-workspace/.swiftpm/xcode -experimental-emit-module-separately -disable-cmo
Ld /Users/admin/builder/spi-builder-workspace/.derivedData/Build/Intermediates.noindex/ControlledChaos.build/Debug-watchos/ControlledChaos-t.build/Objects-normal/arm64/Binary/ControlledChaos.o normal arm64 (in target 'ControlledChaos' from project 'ControlledChaos')
    cd /Users/admin/builder/spi-builder-workspace/.dependencies/checkouts/ControlledChaos
    /Applications/Xcode-27.0.0-Release.Candidate.app/Contents/Developer/Toolchains/XcodeDefault.xctoolchain/usr/bin/clang -Xlinker -reproducible -target arm64-apple-watchos9.0 -r -isysroot /Applications/Xcode-27.0.0-Release.Candidate.app/Contents/Developer/Platforms/WatchOS.platform/Developer/SDKs/WatchOS27.0.sdk -O0 -w -Xlinker -no_warn_duplicate_libraries -F/Users/admin/builder/spi-builder-workspace/.derivedData/Build/Intermediates.noindex/EagerLinkingTBDs/Debug-watchos -F/Users/admin/builder/spi-builder-workspace/.derivedData/Build/Products/Debug-watchos -iframework /Applications/Xcode-27.0.0-Release.Candidate.app/Contents/Developer/Platforms/WatchOS.platform/Developer/Library/Frameworks -iframework /Applications/Xcode-27.0.0-Release.Candidate.app/Contents/Developer/Platforms/WatchOS.platform/Developer/SDKs/WatchOS27.0.sdk/Developer/Library/Frameworks -filelist /Users/admin/builder/spi-builder-workspace/.derivedData/Build/Intermediates.noindex/ControlledChaos.build/Debug-watchos/ControlledChaos-t.build/Objects-normal/arm64/ControlledChaos.LinkFileList -nostdlib -Xlinker -object_path_lto -Xlinker /Users/admin/builder/spi-builder-workspace/.derivedData/Build/Intermediates.noindex/ControlledChaos.build/Debug-watchos/ControlledChaos-t.build/Objects-normal/arm64/ControlledChaos_lto.o -Xlinker -no_deduplicate -Xlinker -debug_variant -Xlinker -dependency_info -Xlinker /Users/admin/builder/spi-builder-workspace/.derivedData/Build/Intermediates.noindex/ControlledChaos.build/Debug-watchos/ControlledChaos-t.build/Objects-normal/arm64/ControlledChaos_dependency_info.dat -fobjc-link-runtime -L/Applications/Xcode-27.0.0-Release.Candidate.app/Contents/Developer/Toolchains/XcodeDefault.xctoolchain/usr/lib/swift/watchos -L/usr/lib/swift -Xlinker -add_ast_path -Xlinker /Users/admin/builder/spi-builder-workspace/.derivedData/Build/Intermediates.noindex/ControlledChaos.build/Debug-watchos/ControlledChaos-t.build/Objects-normal/arm64/ControlledChaos.swiftmodule -o /Users/admin/builder/spi-builder-workspace/.derivedData/Build/Intermediates.noindex/ControlledChaos.build/Debug-watchos/ControlledChaos-t.build/Objects-normal/arm64/Binary/ControlledChaos.o
Ld /Users/admin/builder/spi-builder-workspace/.derivedData/Build/Intermediates.noindex/ControlledChaos.build/Debug-watchos/ControlledChaos-t.build/Objects-normal/arm64_32/Binary/ControlledChaos.o normal arm64_32 (in target 'ControlledChaos' from project 'ControlledChaos')
    cd /Users/admin/builder/spi-builder-workspace/.dependencies/checkouts/ControlledChaos
    /Applications/Xcode-27.0.0-Release.Candidate.app/Contents/Developer/Toolchains/XcodeDefault.xctoolchain/usr/bin/clang -Xlinker -reproducible -target arm64_32-apple-watchos9.0 -r -isysroot /Applications/Xcode-27.0.0-Release.Candidate.app/Contents/Developer/Platforms/WatchOS.platform/Developer/SDKs/WatchOS27.0.sdk -O0 -w -Xlinker -no_warn_duplicate_libraries -F/Users/admin/builder/spi-builder-workspace/.derivedData/Build/Intermediates.noindex/EagerLinkingTBDs/Debug-watchos -F/Users/admin/builder/spi-builder-workspace/.derivedData/Build/Products/Debug-watchos -iframework /Applications/Xcode-27.0.0-Release.Candidate.app/Contents/Developer/Platforms/WatchOS.platform/Developer/Library/Frameworks -iframework /Applications/Xcode-27.0.0-Release.Candidate.app/Contents/Developer/Platforms/WatchOS.platform/Developer/SDKs/WatchOS27.0.sdk/Developer/Library/Frameworks -filelist /Users/admin/builder/spi-builder-workspace/.derivedData/Build/Intermediates.noindex/ControlledChaos.build/Debug-watchos/ControlledChaos-t.build/Objects-normal/arm64_32/ControlledChaos.LinkFileList -nostdlib -Xlinker -object_path_lto -Xlinker /Users/admin/builder/spi-builder-workspace/.derivedData/Build/Intermediates.noindex/ControlledChaos.build/Debug-watchos/ControlledChaos-t.build/Objects-normal/arm64_32/ControlledChaos_lto.o -Xlinker -no_deduplicate -Xlinker -debug_variant -Xlinker -dependency_info -Xlinker /Users/admin/builder/spi-builder-workspace/.derivedData/Build/Intermediates.noindex/ControlledChaos.build/Debug-watchos/ControlledChaos-t.build/Objects-normal/arm64_32/ControlledChaos_dependency_info.dat -fobjc-link-runtime -L/Applications/Xcode-27.0.0-Release.Candidate.app/Contents/Developer/Toolchains/XcodeDefault.xctoolchain/usr/lib/swift/watchos -L/usr/lib/swift -Xlinker -add_ast_path -Xlinker /Users/admin/builder/spi-builder-workspace/.derivedData/Build/Intermediates.noindex/ControlledChaos.build/Debug-watchos/ControlledChaos-t.build/Objects-normal/arm64_32/ControlledChaos.swiftmodule -o /Users/admin/builder/spi-builder-workspace/.derivedData/Build/Intermediates.noindex/ControlledChaos.build/Debug-watchos/ControlledChaos-t.build/Objects-normal/arm64_32/Binary/ControlledChaos.o
CreateUniversalBinary /Users/admin/builder/spi-builder-workspace/.derivedData/Build/Products/Debug-watchos/ControlledChaos.o normal arm64\ arm64_32 (in target 'ControlledChaos' from project 'ControlledChaos')
    cd /Users/admin/builder/spi-builder-workspace/.dependencies/checkouts/ControlledChaos
    /Applications/Xcode-27.0.0-Release.Candidate.app/Contents/Developer/Toolchains/XcodeDefault.xctoolchain/usr/bin/lipo -create /Users/admin/builder/spi-builder-workspace/.derivedData/Build/Intermediates.noindex/ControlledChaos.build/Debug-watchos/ControlledChaos-t.build/Objects-normal/arm64/Binary/ControlledChaos.o /Users/admin/builder/spi-builder-workspace/.derivedData/Build/Intermediates.noindex/ControlledChaos.build/Debug-watchos/ControlledChaos-t.build/Objects-normal/arm64_32/Binary/ControlledChaos.o -output /Users/admin/builder/spi-builder-workspace/.derivedData/Build/Products/Debug-watchos/ControlledChaos.o
ExtractAppIntentsMetadata (in target 'ControlledChaos' from project 'ControlledChaos')
    cd /Users/admin/builder/spi-builder-workspace/.dependencies/checkouts/ControlledChaos
    /Applications/Xcode-27.0.0-Release.Candidate.app/Contents/Developer/Toolchains/XcodeDefault.xctoolchain/usr/bin/appintentsmetadataprocessor --toolchain-dir /var/run/com.apple.security.cryptexd/mnt/com.apple.MobileAsset.MetalToolchain-v27.1.266.1.ePKjJ6/Metal.xctoolchain --module-name ControlledChaos --sdk-root /Applications/Xcode-27.0.0-Release.Candidate.app/Contents/Developer/Platforms/WatchOS.platform/Developer/SDKs/WatchOS27.0.sdk --xcode-version 27A266a --platform-family watchOS --deployment-target 9.0 --bundle-identifier controlledchaos.ControlledChaos --output /Users/admin/builder/spi-builder-workspace/.derivedData/Build/Products/Debug-watchos/ControlledChaos.appintents --target-triple arm64-apple-watchos9.0 --target-triple arm64_32-apple-watchos9.0 --binary-file /Users/admin/builder/spi-builder-workspace/.derivedData/Build/Products/Debug-watchos/ControlledChaos.o --dependency-file /Users/admin/builder/spi-builder-workspace/.derivedData/Build/Intermediates.noindex/ControlledChaos.build/Debug-watchos/ControlledChaos-t.build/Objects-normal/arm64/ControlledChaos_dependency_info.dat --dependency-file /Users/admin/builder/spi-builder-workspace/.derivedData/Build/Intermediates.noindex/ControlledChaos.build/Debug-watchos/ControlledChaos-t.build/Objects-normal/arm64_32/ControlledChaos_dependency_info.dat --stringsdata-file /Users/admin/builder/spi-builder-workspace/.derivedData/Build/Intermediates.noindex/ControlledChaos.build/Debug-watchos/ControlledChaos-t.build/Objects-normal/arm64/ExtractedAppShortcutsMetadata.stringsdata --stringsdata-file /Users/admin/builder/spi-builder-workspace/.derivedData/Build/Intermediates.noindex/ControlledChaos.build/Debug-watchos/ControlledChaos-t.build/Objects-normal/arm64_32/ExtractedAppShortcutsMetadata.stringsdata --source-file-list /Users/admin/builder/spi-builder-workspace/.derivedData/Build/Intermediates.noindex/ControlledChaos.build/Debug-watchos/ControlledChaos-t.build/Objects-normal/arm64/ControlledChaos.SwiftFileList --source-file-list /Users/admin/builder/spi-builder-workspace/.derivedData/Build/Intermediates.noindex/ControlledChaos.build/Debug-watchos/ControlledChaos-t.build/Objects-normal/arm64_32/ControlledChaos.SwiftFileList --metadata-file-list /Users/admin/builder/spi-builder-workspace/.derivedData/Build/Intermediates.noindex/ControlledChaos.build/Debug-watchos/ControlledChaos-t.build/ControlledChaos.DependencyMetadataFileList --static-metadata-file-list /Users/admin/builder/spi-builder-workspace/.derivedData/Build/Intermediates.noindex/ControlledChaos.build/Debug-watchos/ControlledChaos-t.build/ControlledChaos.DependencyStaticMetadataFileList --swift-const-vals-list /Users/admin/builder/spi-builder-workspace/.derivedData/Build/Intermediates.noindex/ControlledChaos.build/Debug-watchos/ControlledChaos-t.build/Objects-normal/arm64/ControlledChaos.SwiftConstValuesFileList --swift-const-vals-list /Users/admin/builder/spi-builder-workspace/.derivedData/Build/Intermediates.noindex/ControlledChaos.build/Debug-watchos/ControlledChaos-t.build/Objects-normal/arm64_32/ControlledChaos.SwiftConstValuesFileList --force --compile-time-extraction --deployment-aware-processing --no-app-shortcuts-localization
2026-09-20 02:24:12.591 appintentsmetadataprocessor[819:4879] Starting appintentsmetadataprocessor export
2026-09-20 02:24:12.711 appintentsmetadataprocessor[819:4879] Extracted no relevant App Intents symbols, skipping writing output
SwiftExplicitDependencyGeneratePcm arm64 /Users/admin/builder/spi-builder-workspace/.derivedData/SDKExplicitPrecompiledModules/Symbols-3EFABTJ9L5PQDJ7RQCYQWEJMM.pcm
SwiftExplicitDependencyGeneratePcm arm64 /Users/admin/builder/spi-builder-workspace/.derivedData/SDKExplicitPrecompiledModules/UniformTypeIdentifiers-8L08Q8DQJV8C4AW84YVGFGTRN.pcm
SwiftExplicitDependencyGeneratePcm arm64 /Users/admin/builder/spi-builder-workspace/.derivedData/SDKExplicitPrecompiledModules/CoreAudioTypes-A9MF7N5LT63G21HNFVM6BT14B.pcm
SwiftExplicitDependencyGeneratePcm arm64 /Users/admin/builder/spi-builder-workspace/.derivedData/SDKExplicitPrecompiledModules/CoreTransferable-9PPG3SLJ55T4LITIFYX2M0NOZ.pcm
SwiftExplicitDependencyGeneratePcm arm64 /Users/admin/builder/spi-builder-workspace/.derivedData/SDKExplicitPrecompiledModules/_LocationEssentials-5ZZDGDXB6HLQUC72SJW7YJ7MK.pcm
SwiftExplicitDependencyGeneratePcm arm64 /Users/admin/builder/spi-builder-workspace/.derivedData/SDKExplicitPrecompiledModules/CoreData-9JFJC4UET8BAO5IPV2JU6W9V8.pcm
SwiftExplicitDependencyGeneratePcm arm64 /Users/admin/builder/spi-builder-workspace/.derivedData/SDKExplicitPrecompiledModules/UserNotifications-ARAH8MEQ0C2L0FBO39HITJMAO.pcm
SwiftExplicitDependencyGeneratePcm arm64 /Users/admin/builder/spi-builder-workspace/.derivedData/SDKExplicitPrecompiledModules/_Builtin_intrinsics-75960HIPCIYA06IUW8FIIPQT.pcm
SwiftExplicitDependencyGeneratePcm arm64 /Users/admin/builder/spi-builder-workspace/.derivedData/SDKExplicitPrecompiledModules/_Builtin_tgmath-8NQ96OZ0YHXEC24JI95P01UF8.pcm
SwiftExplicitDependencyGeneratePcm arm64_32 /Users/admin/builder/spi-builder-workspace/.derivedData/SDKExplicitPrecompiledModules/_LocationEssentials-AQ1OL9QKC3LQLY5CNSRM1HB53.pcm
SwiftExplicitDependencyGeneratePcm arm64_32 /Users/admin/builder/spi-builder-workspace/.derivedData/SDKExplicitPrecompiledModules/_Builtin_intrinsics-196IIAKDQVU42DLOZP9OQCV76.pcm
SwiftExplicitDependencyGeneratePcm arm64 /Users/admin/builder/spi-builder-workspace/.derivedData/SDKExplicitPrecompiledModules/CoreGraphics-DWNZ73GEH98SBJXZ7DEXB420K.pcm
SwiftExplicitDependencyGeneratePcm arm64_32 /Users/admin/builder/spi-builder-workspace/.derivedData/SDKExplicitPrecompiledModules/DeveloperToolsSupport-DZU5G1OCMNWU0AQRULIFHUJ1Z.pcm
SwiftExplicitDependencyGeneratePcm arm64_32 /Users/admin/builder/spi-builder-workspace/.derivedData/SDKExplicitPrecompiledModules/CoreGraphics-9FDXYX6BKBUT6TJ2VF819E7T5.pcm
SwiftExplicitDependencyGeneratePcm arm64_32 /Users/admin/builder/spi-builder-workspace/.derivedData/SDKExplicitPrecompiledModules/CoreTransferable-5D4IR6X37682FPHJ5CBPTKQV6.pcm
SwiftExplicitDependencyGeneratePcm arm64_32 /Users/admin/builder/spi-builder-workspace/.derivedData/SDKExplicitPrecompiledModules/_Builtin_tgmath-23PGCKURCQILXMK0MYZRYDCOU.pcm
SwiftExplicitDependencyGeneratePcm arm64 /Users/admin/builder/spi-builder-workspace/.derivedData/SDKExplicitPrecompiledModules/DataDetection-7BNVI1SZW5ISQL5SX4WL2X7I5.pcm
SwiftExplicitDependencyGeneratePcm arm64_32 /Users/admin/builder/spi-builder-workspace/.derivedData/SDKExplicitPrecompiledModules/UIUtilities-9YFVNIMRC5HRVOIARNWHP1E3H.pcm
SwiftExplicitDependencyGeneratePcm arm64_32 /Users/admin/builder/spi-builder-workspace/.derivedData/SDKExplicitPrecompiledModules/DataDetection-U9BF7WHFVA6BZGFXXXP272PS.pcm
SwiftExplicitDependencyGeneratePcm arm64_32 /Users/admin/builder/spi-builder-workspace/.derivedData/SDKExplicitPrecompiledModules/UniformTypeIdentifiers-CJZ3NTHPSBH4XWX5EVOG56UZS.pcm
SwiftExplicitDependencyGeneratePcm arm64_32 /Users/admin/builder/spi-builder-workspace/.derivedData/SDKExplicitPrecompiledModules/CoreAudioTypes-9GVB1DHA32M46R4A9NWSI3I2K.pcm
SwiftExplicitDependencyGeneratePcm arm64_32 /Users/admin/builder/spi-builder-workspace/.derivedData/SDKExplicitPrecompiledModules/CoreData-7AU1AFQWUH88EAPDKVMLJPKVD.pcm
SwiftExplicitDependencyGeneratePcm arm64 /Users/admin/builder/spi-builder-workspace/.derivedData/SDKExplicitPrecompiledModules/MachO-2U90NNSAQILBNBPS1SA4F8TYP.pcm
SwiftExplicitDependencyGeneratePcm arm64_32 /Users/admin/builder/spi-builder-workspace/.derivedData/SDKExplicitPrecompiledModules/_Builtin_stdatomic-1TY035TURL76BF2U98PZPPZRX.pcm
SwiftExplicitDependencyGeneratePcm arm64 /Users/admin/builder/spi-builder-workspace/.derivedData/SDKExplicitPrecompiledModules/DeveloperToolsSupport-E7CNISCB36UE8XQ9IOHK9XDX1.pcm
SwiftExplicitDependencyGeneratePcm arm64 /Users/admin/builder/spi-builder-workspace/.derivedData/SDKExplicitPrecompiledModules/CoreText-970YJN6NIYGK1316L35Z0O8QT.pcm
SwiftExplicitDependencyGeneratePcm arm64 /Users/admin/builder/spi-builder-workspace/.derivedData/SDKExplicitPrecompiledModules/CoreVideo-8MRR5MNWUOAW2DBPGUQ8FKK4.pcm
SwiftExplicitDependencyGeneratePcm arm64_32 /Users/admin/builder/spi-builder-workspace/.derivedData/SDKExplicitPrecompiledModules/CoreVideo-2P8HI0403J99LBDPKNFJ5D4DL.pcm
SwiftExplicitDependencyGeneratePcm arm64_32 /Users/admin/builder/spi-builder-workspace/.derivedData/SDKExplicitPrecompiledModules/CoreText-C9X2REPZN2V5BSU4G80FCETDR.pcm
SwiftExplicitDependencyGeneratePcm arm64 /Users/admin/builder/spi-builder-workspace/.derivedData/SDKExplicitPrecompiledModules/Accessibility-27QMG6ZQ1NKYTNBYFPM1XKNFC.pcm
SwiftExplicitDependencyGeneratePcm arm64_32 /Users/admin/builder/spi-builder-workspace/.derivedData/SDKExplicitPrecompiledModules/CoreAudio-5W6MX6OUPWBMUR8VD5LHT1PZF.pcm
SwiftExplicitDependencyGeneratePcm arm64 /Users/admin/builder/spi-builder-workspace/.derivedData/SDKExplicitPrecompiledModules/UIUtilities-IR7RNW23VAUKYI9MLCS9NL9A.pcm
SwiftExplicitDependencyGeneratePcm arm64 /Users/admin/builder/spi-builder-workspace/.derivedData/SDKExplicitPrecompiledModules/simd-EH08NODU6574T74ZKU61VP9BW.pcm
SwiftExplicitDependencyGeneratePcm arm64_32 /Users/admin/builder/spi-builder-workspace/.derivedData/SDKExplicitPrecompiledModules/Symbols-1H97WMG76HU94F5VGJR19PXFY.pcm
SwiftExplicitDependencyGeneratePcm arm64_32 /Users/admin/builder/spi-builder-workspace/.derivedData/SDKExplicitPrecompiledModules/UserNotifications-6TBN8TEAKO014N1T2QD926XED.pcm
SwiftExplicitDependencyGeneratePcm arm64 /Users/admin/builder/spi-builder-workspace/.derivedData/SDKExplicitPrecompiledModules/QuartzCore-94KFMWNOU7ZLUZNB4T5DLZC9D.pcm
SwiftExplicitDependencyGeneratePcm arm64_32 /Users/admin/builder/spi-builder-workspace/.derivedData/SDKExplicitPrecompiledModules/QuartzCore-6375NPYACK5NYVHPMC1QQ8MC2.pcm
SwiftExplicitDependencyGeneratePcm arm64_32 /Users/admin/builder/spi-builder-workspace/.derivedData/SDKExplicitPrecompiledModules/Accessibility-F385OMZ5GYBUY5O4QAJB4NRII.pcm
SwiftExplicitDependencyGeneratePcm arm64_32 /Users/admin/builder/spi-builder-workspace/.derivedData/SDKExplicitPrecompiledModules/simd-21UNWYOBUZI1LVSQ99S1XBLMO.pcm
SwiftExplicitDependencyGeneratePcm arm64_32 /Users/admin/builder/spi-builder-workspace/.derivedData/SDKExplicitPrecompiledModules/CoreLocation-8XU5YMYM4P11RQMYCQAG65ITK.pcm
SwiftExplicitDependencyGeneratePcm arm64 /Users/admin/builder/spi-builder-workspace/.derivedData/SDKExplicitPrecompiledModules/CoreLocation-ACKJ9K7ABI14F97Y46Y6SRR17.pcm
SwiftExplicitDependencyGeneratePcm arm64_32 /Users/admin/builder/spi-builder-workspace/.derivedData/SDKExplicitPrecompiledModules/MachO-56838ZJ0NC1EBAJ0O6O8QMPDX.pcm
SwiftExplicitDependencyGeneratePcm arm64_32 /Users/admin/builder/spi-builder-workspace/.derivedData/SDKExplicitPrecompiledModules/CoreMedia-AO387T8CHWTTZODD1DGT0UAFA.pcm
SwiftExplicitDependencyGeneratePcm arm64 /Users/admin/builder/spi-builder-workspace/.derivedData/SDKExplicitPrecompiledModules/CoreAudio-1B79RJJTP71GE6UY9WLESAN3C.pcm
SwiftExplicitDependencyGeneratePcm arm64 /Users/admin/builder/spi-builder-workspace/.derivedData/SDKExplicitPrecompiledModules/_Builtin_stdatomic-7JEFA3KBJJJN6TKJWY3OG1VG5.pcm
SwiftExplicitDependencyGeneratePcm arm64_32 /Users/admin/builder/spi-builder-workspace/.derivedData/SDKExplicitPrecompiledModules/CoreMotion-1XGTVTE5PP32UHME8AC63TL6.pcm
SwiftExplicitDependencyGeneratePcm arm64 /Users/admin/builder/spi-builder-workspace/.derivedData/SDKExplicitPrecompiledModules/CoreMotion-6RD5K48QT1F4L9CATNFD2O7YB.pcm
SwiftExplicitDependencyGeneratePcm arm64 /Users/admin/builder/spi-builder-workspace/.derivedData/SDKExplicitPrecompiledModules/SwiftUICore-C1DST1IX2Z0PTH5SJJZ1IULRB.pcm
SwiftExplicitDependencyGeneratePcm arm64_32 /Users/admin/builder/spi-builder-workspace/.derivedData/SDKExplicitPrecompiledModules/SwiftUICore-3Q7WLRD8MR9R3NGIPUBQCP6F6.pcm
SwiftExplicitDependencyGeneratePcm arm64_32 /Users/admin/builder/spi-builder-workspace/.derivedData/SDKExplicitPrecompiledModules/os-E5IGB442IA6SBB25TTCOLK2OC.pcm
SwiftExplicitDependencyGeneratePcm arm64 /Users/admin/builder/spi-builder-workspace/.derivedData/SDKExplicitPrecompiledModules/CoreMedia-1AJVCUZNAO74KIKMFVFUUHWDI.pcm
SwiftExplicitDependencyGeneratePcm arm64 /Users/admin/builder/spi-builder-workspace/.derivedData/SDKExplicitPrecompiledModules/os-5DIL6Z9LFIGLMZAHM7X2T5435.pcm
SwiftExplicitDependencyGeneratePcm arm64_32 /Users/admin/builder/spi-builder-workspace/.derivedData/SDKExplicitPrecompiledModules/UIKit-6PPV7YPZ89CZPHYAP072QH8B6.pcm
SwiftExplicitDependencyGeneratePcm arm64 /Users/admin/builder/spi-builder-workspace/.derivedData/SDKExplicitPrecompiledModules/UIKit-27R3P1YMV4C6JLDT661G3MRIA.pcm
SwiftExplicitDependencyGeneratePcm arm64_32 /Users/admin/builder/spi-builder-workspace/.derivedData/SDKExplicitPrecompiledModules/OSLog-D9AVFY0KWO7RVBIQ73CBIJVCN.pcm
SwiftExplicitDependencyGeneratePcm arm64 /Users/admin/builder/spi-builder-workspace/.derivedData/SDKExplicitPrecompiledModules/OSLog-B7VGO357Y3GJG35TST7DKDSI3.pcm
SwiftExplicitDependencyGeneratePcm arm64 /Users/admin/builder/spi-builder-workspace/.derivedData/SDKExplicitPrecompiledModules/Spatial-44FJGYXFAT2AQAW9Z6T7YS02U.pcm
SwiftExplicitDependencyGeneratePcm arm64 /Users/admin/builder/spi-builder-workspace/.derivedData/SDKExplicitPrecompiledModules/SceneKit-5HZKIL7XETTTD8TOHYPN8JKRJ.pcm
SwiftExplicitDependencyGeneratePcm arm64_32 /Users/admin/builder/spi-builder-workspace/.derivedData/SDKExplicitPrecompiledModules/Spatial-CWVWNML3T0NXVHZDKVLD3X1YZ.pcm
SwiftExplicitDependencyGeneratePcm arm64_32 /Users/admin/builder/spi-builder-workspace/.derivedData/SDKExplicitPrecompiledModules/SceneKit-DKNLHKM5FJBQ79LSNMSSMBUBR.pcm
SwiftExplicitDependencyGeneratePcm arm64 /Users/admin/builder/spi-builder-workspace/.derivedData/SDKExplicitPrecompiledModules/MapKit-EJJWC7IL56MPLQMI93GJRE5OG.pcm
SwiftExplicitDependencyGeneratePcm arm64 /Users/admin/builder/spi-builder-workspace/.derivedData/SDKExplicitPrecompiledModules/HomeKit-DTS1N4AWILAL1URZ5IOXV5221.pcm
SwiftExplicitDependencyGeneratePcm arm64_32 /Users/admin/builder/spi-builder-workspace/.derivedData/SDKExplicitPrecompiledModules/HomeKit-DUDZOMSN3UK8GNTNBNMPIWJRN.pcm
SwiftExplicitDependencyGeneratePcm arm64_32 /Users/admin/builder/spi-builder-workspace/.derivedData/SDKExplicitPrecompiledModules/MapKit-CWGB4YMP1VX1NYQN5FULFD5DR.pcm
SwiftExplicitDependencyGeneratePcm arm64_32 /Users/admin/builder/spi-builder-workspace/.derivedData/SDKExplicitPrecompiledModules/WatchKit-FHF6WTKLC2APGK3LA2XJ6516.pcm
SwiftExplicitDependencyGeneratePcm arm64 /Users/admin/builder/spi-builder-workspace/.derivedData/SDKExplicitPrecompiledModules/WatchKit-3VT3K8YON6FJ6OWSUFJMFMP8J.pcm
SwiftExplicitDependencyGeneratePcm arm64 /Users/admin/builder/spi-builder-workspace/.derivedData/SDKExplicitPrecompiledModules/SwiftUI-APXDH8ULYLM6FD17YRA73TULO.pcm
SwiftExplicitDependencyGeneratePcm arm64_32 /Users/admin/builder/spi-builder-workspace/.derivedData/SDKExplicitPrecompiledModules/SwiftUI-9AYG9OCT5VOJK7V4MX1WYR86T.pcm
SwiftCompile normal arm64_32 Compiling\ SymbolicForm.swift,\ Triangle.swift,\ Arc.swift,\ CompositePath.swift /Users/admin/builder/spi-builder-workspace/.dependencies/checkouts/Aesthete/Sources/Aesthete/Forms/SymbolicForm.swift /Users/admin/builder/spi-builder-workspace/.dependencies/checkouts/Aesthete/Sources/Aesthete/Forms/Triangle.swift /Users/admin/builder/spi-builder-workspace/.dependencies/checkouts/Aesthete/Sources/Aesthete/Paths/Arc.swift /Users/admin/builder/spi-builder-workspace/.dependencies/checkouts/Aesthete/Sources/Aesthete/Paths/CompositePath.swift (in target 'Aesthete' from project 'Aesthete')
SwiftCompile normal arm64_32 /Users/admin/builder/spi-builder-workspace/.dependencies/checkouts/Aesthete/Sources/Aesthete/Forms/SymbolicForm.swift (in target 'Aesthete' from project 'Aesthete')
    cd /Users/admin/builder/spi-builder-workspace/.swiftpm/xcode
    builtin-SwiftPerFileCompile SymbolicForm.swift
SwiftCompile normal arm64_32 /Users/admin/builder/spi-builder-workspace/.dependencies/checkouts/Aesthete/Sources/Aesthete/Forms/Triangle.swift (in target 'Aesthete' from project 'Aesthete')
    cd /Users/admin/builder/spi-builder-workspace/.swiftpm/xcode
    builtin-SwiftPerFileCompile Triangle.swift
SwiftCompile normal arm64_32 /Users/admin/builder/spi-builder-workspace/.dependencies/checkouts/Aesthete/Sources/Aesthete/Paths/Arc.swift (in target 'Aesthete' from project 'Aesthete')
    cd /Users/admin/builder/spi-builder-workspace/.swiftpm/xcode
    builtin-SwiftPerFileCompile Arc.swift
SwiftCompile normal arm64_32 /Users/admin/builder/spi-builder-workspace/.dependencies/checkouts/Aesthete/Sources/Aesthete/Paths/CompositePath.swift (in target 'Aesthete' from project 'Aesthete')
    cd /Users/admin/builder/spi-builder-workspace/.swiftpm/xcode
    builtin-SwiftPerFileCompile CompositePath.swift
SwiftCompile normal arm64_32 Compiling\ CGRect+corners\ and\ edges.swift,\ CGRect+intersects.swift,\ CGRect+orientation.swift,\ CGRect+randomlyDivide.swift /Users/admin/builder/spi-builder-workspace/.dependencies/checkouts/Aesthete/Sources/Aesthete/Extensions/CGRect+corners\ and\ edges.swift /Users/admin/builder/spi-builder-workspace/.dependencies/checkouts/Aesthete/Sources/Aesthete/Extensions/CGRect+intersects.swift /Users/admin/builder/spi-builder-workspace/.dependencies/checkouts/Aesthete/Sources/Aesthete/Extensions/CGRect+orientation.swift /Users/admin/builder/spi-builder-workspace/.dependencies/checkouts/Aesthete/Sources/Aesthete/Extensions/CGRect+randomlyDivide.swift (in target 'Aesthete' from project 'Aesthete')
SwiftCompile normal arm64_32 /Users/admin/builder/spi-builder-workspace/.dependencies/checkouts/Aesthete/Sources/Aesthete/Extensions/CGRect+corners\ and\ edges.swift (in target 'Aesthete' from project 'Aesthete')
    cd /Users/admin/builder/spi-builder-workspace/.swiftpm/xcode
    builtin-SwiftPerFileCompile CGRect+corners\ and\ edges.swift
SwiftCompile normal arm64_32 /Users/admin/builder/spi-builder-workspace/.dependencies/checkouts/Aesthete/Sources/Aesthete/Extensions/CGRect+intersects.swift (in target 'Aesthete' from project 'Aesthete')
    cd /Users/admin/builder/spi-builder-workspace/.swiftpm/xcode
    builtin-SwiftPerFileCompile CGRect+intersects.swift
SwiftCompile normal arm64_32 /Users/admin/builder/spi-builder-workspace/.dependencies/checkouts/Aesthete/Sources/Aesthete/Extensions/CGRect+orientation.swift (in target 'Aesthete' from project 'Aesthete')
    cd /Users/admin/builder/spi-builder-workspace/.swiftpm/xcode
    builtin-SwiftPerFileCompile CGRect+orientation.swift
SwiftCompile normal arm64_32 /Users/admin/builder/spi-builder-workspace/.dependencies/checkouts/Aesthete/Sources/Aesthete/Extensions/CGRect+randomlyDivide.swift (in target 'Aesthete' from project 'Aesthete')
    cd /Users/admin/builder/spi-builder-workspace/.swiftpm/xcode
    builtin-SwiftPerFileCompile CGRect+randomlyDivide.swift
SwiftCompile normal arm64_32 Compiling\ CGFloat+randomGaussian.swift,\ CGPath+contains.swift,\ CGPoint+distanceTo.swift,\ CGPoint+random.swift /Users/admin/builder/spi-builder-workspace/.dependencies/checkouts/Aesthete/Sources/Aesthete/Extensions/CGFloat+randomGaussian.swift /Users/admin/builder/spi-builder-workspace/.dependencies/checkouts/Aesthete/Sources/Aesthete/Extensions/CGPath+contains.swift /Users/admin/builder/spi-builder-workspace/.dependencies/checkouts/Aesthete/Sources/Aesthete/Extensions/CGPoint+distanceTo.swift /Users/admin/builder/spi-builder-workspace/.dependencies/checkouts/Aesthete/Sources/Aesthete/Extensions/CGPoint+random.swift (in target 'Aesthete' from project 'Aesthete')
SwiftCompile normal arm64_32 /Users/admin/builder/spi-builder-workspace/.dependencies/checkouts/Aesthete/Sources/Aesthete/Extensions/CGFloat+randomGaussian.swift (in target 'Aesthete' from project 'Aesthete')
    cd /Users/admin/builder/spi-builder-workspace/.swiftpm/xcode
    builtin-SwiftPerFileCompile CGFloat+randomGaussian.swift
SwiftCompile normal arm64_32 /Users/admin/builder/spi-builder-workspace/.dependencies/checkouts/Aesthete/Sources/Aesthete/Extensions/CGPath+contains.swift (in target 'Aesthete' from project 'Aesthete')
    cd /Users/admin/builder/spi-builder-workspace/.swiftpm/xcode
    builtin-SwiftPerFileCompile CGPath+contains.swift
SwiftCompile normal arm64_32 /Users/admin/builder/spi-builder-workspace/.dependencies/checkouts/Aesthete/Sources/Aesthete/Extensions/CGPoint+distanceTo.swift (in target 'Aesthete' from project 'Aesthete')
    cd /Users/admin/builder/spi-builder-workspace/.swiftpm/xcode
    builtin-SwiftPerFileCompile CGPoint+distanceTo.swift
SwiftCompile normal arm64_32 /Users/admin/builder/spi-builder-workspace/.dependencies/checkouts/Aesthete/Sources/Aesthete/Extensions/CGPoint+random.swift (in target 'Aesthete' from project 'Aesthete')
    cd /Users/admin/builder/spi-builder-workspace/.swiftpm/xcode
    builtin-SwiftPerFileCompile CGPoint+random.swift
SwiftEmitModule normal arm64_32 Emitting\ module\ for\ Aesthete (in target 'Aesthete' from project 'Aesthete')
SwiftCompile normal arm64_32 (in target 'Aesthete' from project 'Aesthete')
    cd /Users/admin/builder/spi-builder-workspace/.swiftpm/xcode

SwiftCompile normal arm64_32 Compiling\ ColorScheme+makeAccentedAnalogous.swift,\ ColorScheme+makeAnalogous.swift,\ ColorScheme+makeComplementary.swift,\ ColorScheme+makeCompound.swift,\ ColorScheme+makeMonochromatic.swift /Users/admin/builder/spi-builder-workspace/.dependencies/checkouts/Aesthete/Sources/Aesthete/Color\ Schemes/ColorScheme+makeAccentedAnalogous.swift /Users/admin/builder/spi-builder-workspace/.dependencies/checkouts/Aesthete/Sources/Aesthete/Color\ Schemes/ColorScheme+makeAnalogous.swift /Users/admin/builder/spi-builder-workspace/.dependencies/checkouts/Aesthete/Sources/Aesthete/Color\ Schemes/ColorScheme+makeComplementary.swift /Users/admin/builder/spi-builder-workspace/.dependencies/checkouts/Aesthete/Sources/Aesthete/Color\ Schemes/ColorScheme+makeCompound.swift /Users/admin/builder/spi-builder-workspace/.dependencies/checkouts/Aesthete/Sources/Aesthete/Color\ Schemes/ColorScheme+makeMonochromatic.swift (in target 'Aesthete' from project 'Aesthete')
SwiftCompile normal arm64_32 /Users/admin/builder/spi-builder-workspace/.dependencies/checkouts/Aesthete/Sources/Aesthete/Color\ Schemes/ColorScheme+makeAccentedAnalogous.swift (in target 'Aesthete' from project 'Aesthete')
    cd /Users/admin/builder/spi-builder-workspace/.swiftpm/xcode
    builtin-SwiftPerFileCompile ColorScheme+makeAccentedAnalogous.swift
SwiftCompile normal arm64_32 /Users/admin/builder/spi-builder-workspace/.dependencies/checkouts/Aesthete/Sources/Aesthete/Color\ Schemes/ColorScheme+makeAnalogous.swift (in target 'Aesthete' from project 'Aesthete')
    cd /Users/admin/builder/spi-builder-workspace/.swiftpm/xcode
    builtin-SwiftPerFileCompile ColorScheme+makeAnalogous.swift
SwiftCompile normal arm64_32 /Users/admin/builder/spi-builder-workspace/.dependencies/checkouts/Aesthete/Sources/Aesthete/Color\ Schemes/ColorScheme+makeComplementary.swift (in target 'Aesthete' from project 'Aesthete')
    cd /Users/admin/builder/spi-builder-workspace/.swiftpm/xcode
    builtin-SwiftPerFileCompile ColorScheme+makeComplementary.swift
SwiftCompile normal arm64_32 /Users/admin/builder/spi-builder-workspace/.dependencies/checkouts/Aesthete/Sources/Aesthete/Color\ Schemes/ColorScheme+makeCompound.swift (in target 'Aesthete' from project 'Aesthete')
    cd /Users/admin/builder/spi-builder-workspace/.swiftpm/xcode
    builtin-SwiftPerFileCompile ColorScheme+makeCompound.swift
SwiftCompile normal arm64_32 /Users/admin/builder/spi-builder-workspace/.dependencies/checkouts/Aesthete/Sources/Aesthete/Color\ Schemes/ColorScheme+makeMonochromatic.swift (in target 'Aesthete' from project 'Aesthete')
    cd /Users/admin/builder/spi-builder-workspace/.swiftpm/xcode
    builtin-SwiftPerFileCompile ColorScheme+makeMonochromatic.swift
SwiftCompile normal arm64_32 Compiling\ Pathlet.swift,\ QuadCurve.swift,\ Rectangle.swift,\ TransformedBy.swift /Users/admin/builder/spi-builder-workspace/.dependencies/checkouts/Aesthete/Sources/Aesthete/Paths/Pathlet.swift /Users/admin/builder/spi-builder-workspace/.dependencies/checkouts/Aesthete/Sources/Aesthete/Paths/QuadCurve.swift /Users/admin/builder/spi-builder-workspace/.dependencies/checkouts/Aesthete/Sources/Aesthete/Paths/Rectangle.swift /Users/admin/builder/spi-builder-workspace/.dependencies/checkouts/Aesthete/Sources/Aesthete/Paths/TransformedBy.swift (in target 'Aesthete' from project 'Aesthete')
SwiftCompile normal arm64_32 /Users/admin/builder/spi-builder-workspace/.dependencies/checkouts/Aesthete/Sources/Aesthete/Paths/Pathlet.swift (in target 'Aesthete' from project 'Aesthete')
    cd /Users/admin/builder/spi-builder-workspace/.swiftpm/xcode
    builtin-SwiftPerFileCompile Pathlet.swift
SwiftCompile normal arm64_32 /Users/admin/builder/spi-builder-workspace/.dependencies/checkouts/Aesthete/Sources/Aesthete/Paths/QuadCurve.swift (in target 'Aesthete' from project 'Aesthete')
    cd /Users/admin/builder/spi-builder-workspace/.swiftpm/xcode
    builtin-SwiftPerFileCompile QuadCurve.swift
SwiftCompile normal arm64_32 /Users/admin/builder/spi-builder-workspace/.dependencies/checkouts/Aesthete/Sources/Aesthete/Paths/Rectangle.swift (in target 'Aesthete' from project 'Aesthete')
    cd /Users/admin/builder/spi-builder-workspace/.swiftpm/xcode
    builtin-SwiftPerFileCompile Rectangle.swift
SwiftCompile normal arm64_32 /Users/admin/builder/spi-builder-workspace/.dependencies/checkouts/Aesthete/Sources/Aesthete/Paths/TransformedBy.swift (in target 'Aesthete' from project 'Aesthete')
    cd /Users/admin/builder/spi-builder-workspace/.swiftpm/xcode
    builtin-SwiftPerFileCompile TransformedBy.swift
SwiftCompile normal arm64_32 Compiling\ Curve.swift,\ Ellipse.swift,\ EmptyPath.swift,\ Line.swift /Users/admin/builder/spi-builder-workspace/.dependencies/checkouts/Aesthete/Sources/Aesthete/Paths/Curve.swift /Users/admin/builder/spi-builder-workspace/.dependencies/checkouts/Aesthete/Sources/Aesthete/Paths/Ellipse.swift /Users/admin/builder/spi-builder-workspace/.dependencies/checkouts/Aesthete/Sources/Aesthete/Paths/EmptyPath.swift /Users/admin/builder/spi-builder-workspace/.dependencies/checkouts/Aesthete/Sources/Aesthete/Paths/Line.swift (in target 'Aesthete' from project 'Aesthete')
SwiftCompile normal arm64_32 /Users/admin/builder/spi-builder-workspace/.dependencies/checkouts/Aesthete/Sources/Aesthete/Paths/Curve.swift (in target 'Aesthete' from project 'Aesthete')
    cd /Users/admin/builder/spi-builder-workspace/.swiftpm/xcode
    builtin-SwiftPerFileCompile Curve.swift
SwiftCompile normal arm64_32 /Users/admin/builder/spi-builder-workspace/.dependencies/checkouts/Aesthete/Sources/Aesthete/Paths/Ellipse.swift (in target 'Aesthete' from project 'Aesthete')
    cd /Users/admin/builder/spi-builder-workspace/.swiftpm/xcode
    builtin-SwiftPerFileCompile Ellipse.swift
SwiftCompile normal arm64_32 /Users/admin/builder/spi-builder-workspace/.dependencies/checkouts/Aesthete/Sources/Aesthete/Paths/EmptyPath.swift (in target 'Aesthete' from project 'Aesthete')
    cd /Users/admin/builder/spi-builder-workspace/.swiftpm/xcode
    builtin-SwiftPerFileCompile EmptyPath.swift
SwiftCompile normal arm64_32 /Users/admin/builder/spi-builder-workspace/.dependencies/checkouts/Aesthete/Sources/Aesthete/Paths/Line.swift (in target 'Aesthete' from project 'Aesthete')
    cd /Users/admin/builder/spi-builder-workspace/.swiftpm/xcode
    builtin-SwiftPerFileCompile Line.swift
SwiftEmitModule normal arm64 Emitting\ module\ for\ Aesthete (in target 'Aesthete' from project 'Aesthete')
SwiftCompile normal arm64 (in target 'Aesthete' from project 'Aesthete')
    cd /Users/admin/builder/spi-builder-workspace/.swiftpm/xcode

SwiftCompile normal arm64 Compiling\ Curve.swift,\ Ellipse.swift,\ EmptyPath.swift,\ Line.swift /Users/admin/builder/spi-builder-workspace/.dependencies/checkouts/Aesthete/Sources/Aesthete/Paths/Curve.swift /Users/admin/builder/spi-builder-workspace/.dependencies/checkouts/Aesthete/Sources/Aesthete/Paths/Ellipse.swift /Users/admin/builder/spi-builder-workspace/.dependencies/checkouts/Aesthete/Sources/Aesthete/Paths/EmptyPath.swift /Users/admin/builder/spi-builder-workspace/.dependencies/checkouts/Aesthete/Sources/Aesthete/Paths/Line.swift (in target 'Aesthete' from project 'Aesthete')
SwiftCompile normal arm64 /Users/admin/builder/spi-builder-workspace/.dependencies/checkouts/Aesthete/Sources/Aesthete/Paths/Curve.swift (in target 'Aesthete' from project 'Aesthete')
    cd /Users/admin/builder/spi-builder-workspace/.swiftpm/xcode
    builtin-SwiftPerFileCompile Curve.swift
SwiftCompile normal arm64 /Users/admin/builder/spi-builder-workspace/.dependencies/checkouts/Aesthete/Sources/Aesthete/Paths/Ellipse.swift (in target 'Aesthete' from project 'Aesthete')
    cd /Users/admin/builder/spi-builder-workspace/.swiftpm/xcode
    builtin-SwiftPerFileCompile Ellipse.swift
SwiftCompile normal arm64 /Users/admin/builder/spi-builder-workspace/.dependencies/checkouts/Aesthete/Sources/Aesthete/Paths/EmptyPath.swift (in target 'Aesthete' from project 'Aesthete')
    cd /Users/admin/builder/spi-builder-workspace/.swiftpm/xcode
    builtin-SwiftPerFileCompile EmptyPath.swift
SwiftCompile normal arm64 /Users/admin/builder/spi-builder-workspace/.dependencies/checkouts/Aesthete/Sources/Aesthete/Paths/Line.swift (in target 'Aesthete' from project 'Aesthete')
    cd /Users/admin/builder/spi-builder-workspace/.swiftpm/xcode
    builtin-SwiftPerFileCompile Line.swift
SwiftCompile normal arm64 Compiling\ NSImage+drawKeepingAspectRatio.swift,\ HorizontalBaseTriangle.swift,\ RepeatableForm.swift,\ RepeatableLinearForm.swift /Users/admin/builder/spi-builder-workspace/.dependencies/checkouts/Aesthete/Sources/Aesthete/Extensions/NSImage+drawKeepingAspectRatio.swift /Users/admin/builder/spi-builder-workspace/.dependencies/checkouts/Aesthete/Sources/Aesthete/Forms/HorizontalBaseTriangle.swift /Users/admin/builder/spi-builder-workspace/.dependencies/checkouts/Aesthete/Sources/Aesthete/Forms/RepeatableForm.swift /Users/admin/builder/spi-builder-workspace/.dependencies/checkouts/Aesthete/Sources/Aesthete/Forms/RepeatableLinearForm.swift (in target 'Aesthete' from project 'Aesthete')
SwiftCompile normal arm64 /Users/admin/builder/spi-builder-workspace/.dependencies/checkouts/Aesthete/Sources/Aesthete/Extensions/NSImage+drawKeepingAspectRatio.swift (in target 'Aesthete' from project 'Aesthete')
    cd /Users/admin/builder/spi-builder-workspace/.swiftpm/xcode
    builtin-SwiftPerFileCompile NSImage+drawKeepingAspectRatio.swift
SwiftCompile normal arm64 /Users/admin/builder/spi-builder-workspace/.dependencies/checkouts/Aesthete/Sources/Aesthete/Forms/HorizontalBaseTriangle.swift (in target 'Aesthete' from project 'Aesthete')
    cd /Users/admin/builder/spi-builder-workspace/.swiftpm/xcode
    builtin-SwiftPerFileCompile HorizontalBaseTriangle.swift
SwiftCompile normal arm64 /Users/admin/builder/spi-builder-workspace/.dependencies/checkouts/Aesthete/Sources/Aesthete/Forms/RepeatableForm.swift (in target 'Aesthete' from project 'Aesthete')
    cd /Users/admin/builder/spi-builder-workspace/.swiftpm/xcode
    builtin-SwiftPerFileCompile RepeatableForm.swift
SwiftCompile normal arm64 /Users/admin/builder/spi-builder-workspace/.dependencies/checkouts/Aesthete/Sources/Aesthete/Forms/RepeatableLinearForm.swift (in target 'Aesthete' from project 'Aesthete')
    cd /Users/admin/builder/spi-builder-workspace/.swiftpm/xcode
    builtin-SwiftPerFileCompile RepeatableLinearForm.swift
SwiftCompile normal arm64 Compiling\ CGFloat+randomGaussian.swift,\ CGPath+contains.swift,\ CGPoint+distanceTo.swift,\ CGPoint+random.swift /Users/admin/builder/spi-builder-workspace/.dependencies/checkouts/Aesthete/Sources/Aesthete/Extensions/CGFloat+randomGaussian.swift /Users/admin/builder/spi-builder-workspace/.dependencies/checkouts/Aesthete/Sources/Aesthete/Extensions/CGPath+contains.swift /Users/admin/builder/spi-builder-workspace/.dependencies/checkouts/Aesthete/Sources/Aesthete/Extensions/CGPoint+distanceTo.swift /Users/admin/builder/spi-builder-workspace/.dependencies/checkouts/Aesthete/Sources/Aesthete/Extensions/CGPoint+random.swift (in target 'Aesthete' from project 'Aesthete')
SwiftCompile normal arm64 /Users/admin/builder/spi-builder-workspace/.dependencies/checkouts/Aesthete/Sources/Aesthete/Extensions/CGFloat+randomGaussian.swift (in target 'Aesthete' from project 'Aesthete')
    cd /Users/admin/builder/spi-builder-workspace/.swiftpm/xcode
    builtin-SwiftPerFileCompile CGFloat+randomGaussian.swift
SwiftCompile normal arm64 /Users/admin/builder/spi-builder-workspace/.dependencies/checkouts/Aesthete/Sources/Aesthete/Extensions/CGPath+contains.swift (in target 'Aesthete' from project 'Aesthete')
    cd /Users/admin/builder/spi-builder-workspace/.swiftpm/xcode
    builtin-SwiftPerFileCompile CGPath+contains.swift
SwiftCompile normal arm64 /Users/admin/builder/spi-builder-workspace/.dependencies/checkouts/Aesthete/Sources/Aesthete/Extensions/CGPoint+distanceTo.swift (in target 'Aesthete' from project 'Aesthete')
    cd /Users/admin/builder/spi-builder-workspace/.swiftpm/xcode
    builtin-SwiftPerFileCompile CGPoint+distanceTo.swift
SwiftCompile normal arm64 /Users/admin/builder/spi-builder-workspace/.dependencies/checkouts/Aesthete/Sources/Aesthete/Extensions/CGPoint+random.swift (in target 'Aesthete' from project 'Aesthete')
    cd /Users/admin/builder/spi-builder-workspace/.swiftpm/xcode
    builtin-SwiftPerFileCompile CGPoint+random.swift
SwiftDriverJobDiscovery normal arm64_32 Emitting module for Aesthete (in target 'Aesthete' from project 'Aesthete')
SwiftDriver\ Compilation\ Requirements Aesthete normal arm64_32 com.apple.xcode.tools.swift.compiler (in target 'Aesthete' from project 'Aesthete')
    cd /Users/admin/builder/spi-builder-workspace/.swiftpm/xcode
    builtin-Swift-Compilation-Requirements -- /Applications/Xcode-27.0.0-Release.Candidate.app/Contents/Developer/Toolchains/XcodeDefault.xctoolchain/usr/bin/swiftc -parse-as-library -module-name Aesthete -Onone @/Users/admin/builder/spi-builder-workspace/.derivedData/Build/Intermediates.noindex/Aesthete.build/Debug-watchos/Aesthete-t.build/Objects-normal/arm64_32/Aesthete.SwiftFileList -DSWIFT_PACKAGE -DDEBUG -DSWIFT_MODULE_RESOURCE_BUNDLE_UNAVAILABLE -DXcode -plugin-path /Applications/Xcode-27.0.0-Release.Candidate.app/Contents/Developer/Toolchains/XcodeDefault.xctoolchain/usr/lib/swift/host/plugins/testing -enable-experimental-feature DebugDescriptionMacro -sdk /Applications/Xcode-27.0.0-Release.Candidate.app/Contents/Developer/Platforms/WatchOS.platform/Developer/SDKs/WatchOS27.0.sdk -target arm64_32-apple-watchos9.0 -g -module-cache-path /Users/admin/builder/spi-builder-workspace/.derivedData/ModuleCache.noindex -Xfrontend -serialize-debugging-options -profile-coverage-mapping -profile-generate -enable-testing -suppress-warnings -index-store-path /Users/admin/builder/spi-builder-workspace/.derivedData/Index.noindex/DataStore -Xcc -D_LIBCPP_HARDENING_MODE\=_LIBCPP_HARDENING_MODE_DEBUG -swift-version 5 -I /Users/admin/builder/spi-builder-workspace/.derivedData/Build/Products/Debug-watchos -Isystem /Applications/Xcode-27.0.0-Release.Candidate.app/Contents/Developer/Platforms/WatchOS.platform/Developer/usr/lib -F /Users/admin/builder/spi-builder-workspace/.derivedData/Build/Products/Debug-watchos/PackageFrameworks -F /Users/admin/builder/spi-builder-workspace/.derivedData/Build/Products/Debug-watchos -F /Applications/Xcode-27.0.0-Release.Candidate.app/Contents/Developer/Platforms/WatchOS.platform/Developer/Library/Frameworks -F /Applications/Xcode-27.0.0-Release.Candidate.app/Contents/Developer/Platforms/WatchOS.platform/Developer/SDKs/WatchOS27.0.sdk/Developer/Library/Frameworks -c -j10 -enable-batch-mode -incremental -Xcc -ivfsstatcache -Xcc /Users/admin/builder/spi-builder-workspace/.derivedData/SDKStatCaches.noindex/watchos27.0-24R360-e829b21a6f8c9b70876ba0858053c04477534ef55a1706bf4c1112bbb242f0a2.sdkstatcache -output-file-map /Users/admin/builder/spi-builder-workspace/.derivedData/Build/Intermediates.noindex/Aesthete.build/Debug-watchos/Aesthete-t.build/Objects-normal/arm64_32/Aesthete-OutputFileMap.json -save-temps -no-color-diagnostics -explicit-module-build -module-cache-path /Users/admin/builder/spi-builder-workspace/.derivedData/Build/Intermediates.noindex/SwiftExplicitPrecompiledModules -clang-scanner-module-cache-path /Users/admin/builder/spi-builder-workspace/.derivedData/ModuleCache.noindex -sdk-module-cache-path /Users/admin/builder/spi-builder-workspace/.derivedData/SDKExplicitPrecompiledModules -emit-dependencies -emit-module -emit-module-path /Users/admin/builder/spi-builder-workspace/.derivedData/Build/Intermediates.noindex/Aesthete.build/Debug-watchos/Aesthete-t.build/Objects-normal/arm64_32/Aesthete.swiftmodule -serialize-diagnostics -dependency-scan-serialize-diagnostics-path /Users/admin/builder/spi-builder-workspace/.derivedData/Build/Intermediates.noindex/Aesthete.build/Debug-watchos/Aesthete-t.build/Objects-normal/arm64_32/Aesthete-dependency-scan.dia -validate-clang-modules-once -clang-build-session-file /Users/admin/builder/spi-builder-workspace/.derivedData/ModuleCache.noindex/Session.modulevalidation -Xcc -fmodules-prune-interval\=86400 -Xcc -fmodules-prune-after\=345600 -emit-const-values -const-gather-protocols-list /Users/admin/builder/spi-builder-workspace/.derivedData/Build/Intermediates.noindex/Aesthete.build/Debug-watchos/Aesthete-t.build/Objects-normal/arm64_32/Aesthete_const_extract_protocols.json -Xcc -I/Users/admin/builder/spi-builder-workspace/.derivedData/Build/Products/Debug-watchos/include -Xcc -I/Users/admin/builder/spi-builder-workspace/.derivedData/Build/Intermediates.noindex/Aesthete.build/Debug-watchos/Aesthete-t.build/DerivedSources-normal/arm64_32 -Xcc -I/Users/admin/builder/spi-builder-workspace/.derivedData/Build/Intermediates.noindex/Aesthete.build/Debug-watchos/Aesthete-t.build/DerivedSources/arm64_32 -Xcc -I/Users/admin/builder/spi-builder-workspace/.derivedData/Build/Intermediates.noindex/Aesthete.build/Debug-watchos/Aesthete-t.build/DerivedSources -Xcc -DSWIFT_PACKAGE -Xcc -DDEBUG\=1 -emit-objc-header -emit-objc-header-path /Users/admin/builder/spi-builder-workspace/.derivedData/Build/Intermediates.noindex/Aesthete.build/Debug-watchos/Aesthete-t.build/Objects-normal/arm64_32/Aesthete-Swift.h -working-directory /Users/admin/builder/spi-builder-workspace/.swiftpm/xcode -experimental-emit-module-separately -disable-cmo
SwiftDriverJobDiscovery normal arm64 Emitting module for Aesthete (in target 'Aesthete' from project 'Aesthete')
SwiftDriver\ Compilation\ Requirements Aesthete normal arm64 com.apple.xcode.tools.swift.compiler (in target 'Aesthete' from project 'Aesthete')
    cd /Users/admin/builder/spi-builder-workspace/.swiftpm/xcode
    builtin-Swift-Compilation-Requirements -- /Applications/Xcode-27.0.0-Release.Candidate.app/Contents/Developer/Toolchains/XcodeDefault.xctoolchain/usr/bin/swiftc -parse-as-library -module-name Aesthete -Onone @/Users/admin/builder/spi-builder-workspace/.derivedData/Build/Intermediates.noindex/Aesthete.build/Debug-watchos/Aesthete-t.build/Objects-normal/arm64/Aesthete.SwiftFileList -DSWIFT_PACKAGE -DDEBUG -DSWIFT_MODULE_RESOURCE_BUNDLE_UNAVAILABLE -DXcode -plugin-path /Applications/Xcode-27.0.0-Release.Candidate.app/Contents/Developer/Toolchains/XcodeDefault.xctoolchain/usr/lib/swift/host/plugins/testing -enable-experimental-feature DebugDescriptionMacro -sdk /Applications/Xcode-27.0.0-Release.Candidate.app/Contents/Developer/Platforms/WatchOS.platform/Developer/SDKs/WatchOS27.0.sdk -target arm64-apple-watchos9.0 -g -module-cache-path /Users/admin/builder/spi-builder-workspace/.derivedData/ModuleCache.noindex -Xfrontend -serialize-debugging-options -profile-coverage-mapping -profile-generate -enable-testing -suppress-warnings -index-store-path /Users/admin/builder/spi-builder-workspace/.derivedData/Index.noindex/DataStore -Xcc -D_LIBCPP_HARDENING_MODE\=_LIBCPP_HARDENING_MODE_DEBUG -swift-version 5 -I /Users/admin/builder/spi-builder-workspace/.derivedData/Build/Products/Debug-watchos -Isystem /Applications/Xcode-27.0.0-Release.Candidate.app/Contents/Developer/Platforms/WatchOS.platform/Developer/usr/lib -F /Users/admin/builder/spi-builder-workspace/.derivedData/Build/Products/Debug-watchos/PackageFrameworks -F /Users/admin/builder/spi-builder-workspace/.derivedData/Build/Products/Debug-watchos -F /Applications/Xcode-27.0.0-Release.Candidate.app/Contents/Developer/Platforms/WatchOS.platform/Developer/Library/Frameworks -F /Applications/Xcode-27.0.0-Release.Candidate.app/Contents/Developer/Platforms/WatchOS.platform/Developer/SDKs/WatchOS27.0.sdk/Developer/Library/Frameworks -c -j10 -enable-batch-mode -incremental -Xcc -ivfsstatcache -Xcc /Users/admin/builder/spi-builder-workspace/.derivedData/SDKStatCaches.noindex/watchos27.0-24R360-e829b21a6f8c9b70876ba0858053c04477534ef55a1706bf4c1112bbb242f0a2.sdkstatcache -output-file-map /Users/admin/builder/spi-builder-workspace/.derivedData/Build/Intermediates.noindex/Aesthete.build/Debug-watchos/Aesthete-t.build/Objects-normal/arm64/Aesthete-OutputFileMap.json -save-temps -no-color-diagnostics -explicit-module-build -module-cache-path /Users/admin/builder/spi-builder-workspace/.derivedData/Build/Intermediates.noindex/SwiftExplicitPrecompiledModules -clang-scanner-module-cache-path /Users/admin/builder/spi-builder-workspace/.derivedData/ModuleCache.noindex -sdk-module-cache-path /Users/admin/builder/spi-builder-workspace/.derivedData/SDKExplicitPrecompiledModules -emit-dependencies -emit-module -emit-module-path /Users/admin/builder/spi-builder-workspace/.derivedData/Build/Intermediates.noindex/Aesthete.build/Debug-watchos/Aesthete-t.build/Objects-normal/arm64/Aesthete.swiftmodule -serialize-diagnostics -dependency-scan-serialize-diagnostics-path /Users/admin/builder/spi-builder-workspace/.derivedData/Build/Intermediates.noindex/Aesthete.build/Debug-watchos/Aesthete-t.build/Objects-normal/arm64/Aesthete-dependency-scan.dia -validate-clang-modules-once -clang-build-session-file /Users/admin/builder/spi-builder-workspace/.derivedData/ModuleCache.noindex/Session.modulevalidation -Xcc -fmodules-prune-interval\=86400 -Xcc -fmodules-prune-after\=345600 -emit-const-values -const-gather-protocols-list /Users/admin/builder/spi-builder-workspace/.derivedData/Build/Intermediates.noindex/Aesthete.build/Debug-watchos/Aesthete-t.build/Objects-normal/arm64/Aesthete_const_extract_protocols.json -Xcc -I/Users/admin/builder/spi-builder-workspace/.derivedData/Build/Products/Debug-watchos/include -Xcc -I/Users/admin/builder/spi-builder-workspace/.derivedData/Build/Intermediates.noindex/Aesthete.build/Debug-watchos/Aesthete-t.build/DerivedSources-normal/arm64 -Xcc -I/Users/admin/builder/spi-builder-workspace/.derivedData/Build/Intermediates.noindex/Aesthete.build/Debug-watchos/Aesthete-t.build/DerivedSources/arm64 -Xcc -I/Users/admin/builder/spi-builder-workspace/.derivedData/Build/Intermediates.noindex/Aesthete.build/Debug-watchos/Aesthete-t.build/DerivedSources -Xcc -DSWIFT_PACKAGE -Xcc -DDEBUG\=1 -emit-objc-header -emit-objc-header-path /Users/admin/builder/spi-builder-workspace/.derivedData/Build/Intermediates.noindex/Aesthete.build/Debug-watchos/Aesthete-t.build/Objects-normal/arm64/Aesthete-Swift.h -working-directory /Users/admin/builder/spi-builder-workspace/.swiftpm/xcode -experimental-emit-module-separately -disable-cmo
Copy /Users/admin/builder/spi-builder-workspace/.derivedData/Build/Products/Debug-watchos/Aesthete.swiftmodule/arm64_32-apple-watchos.swiftmodule /Users/admin/builder/spi-builder-workspace/.derivedData/Build/Intermediates.noindex/Aesthete.build/Debug-watchos/Aesthete-t.build/Objects-normal/arm64_32/Aesthete.swiftmodule (in target 'Aesthete' from project 'Aesthete')
    cd /Users/admin/builder/spi-builder-workspace/.dependencies/checkouts/Aesthete
    builtin-copy -exclude .DS_Store -exclude CVS -exclude .svn -exclude .git -exclude .hg -resolve-src-symlinks -rename /Users/admin/builder/spi-builder-workspace/.derivedData/Build/Intermediates.noindex/Aesthete.build/Debug-watchos/Aesthete-t.build/Objects-normal/arm64_32/Aesthete.swiftmodule /Users/admin/builder/spi-builder-workspace/.derivedData/Build/Products/Debug-watchos/Aesthete.swiftmodule/arm64_32-apple-watchos.swiftmodule
SwiftMergeGeneratedHeaders /Users/admin/builder/spi-builder-workspace/.derivedData/Build/Intermediates.noindex/GeneratedModuleMaps-watchos/Aesthete-Swift.h /Users/admin/builder/spi-builder-workspace/.derivedData/Build/Intermediates.noindex/Aesthete.build/Debug-watchos/Aesthete-t.build/Objects-normal/arm64/Aesthete-Swift.h /Users/admin/builder/spi-builder-workspace/.derivedData/Build/Intermediates.noindex/Aesthete.build/Debug-watchos/Aesthete-t.build/Objects-normal/arm64_32/Aesthete-Swift.h (in target 'Aesthete' from project 'Aesthete')
    cd /Users/admin/builder/spi-builder-workspace/.dependencies/checkouts/Aesthete
    builtin-swiftHeaderTool -arch arm64 /Users/admin/builder/spi-builder-workspace/.derivedData/Build/Intermediates.noindex/Aesthete.build/Debug-watchos/Aesthete-t.build/Objects-normal/arm64/Aesthete-Swift.h -arch arm64_32 /Users/admin/builder/spi-builder-workspace/.derivedData/Build/Intermediates.noindex/Aesthete.build/Debug-watchos/Aesthete-t.build/Objects-normal/arm64_32/Aesthete-Swift.h -o /Users/admin/builder/spi-builder-workspace/.derivedData/Build/Intermediates.noindex/GeneratedModuleMaps-watchos/Aesthete-Swift.h
Copy /Users/admin/builder/spi-builder-workspace/.derivedData/Build/Products/Debug-watchos/Aesthete.swiftmodule/arm64_32-apple-watchos.swiftdoc /Users/admin/builder/spi-builder-workspace/.derivedData/Build/Intermediates.noindex/Aesthete.build/Debug-watchos/Aesthete-t.build/Objects-normal/arm64_32/Aesthete.swiftdoc (in target 'Aesthete' from project 'Aesthete')
    cd /Users/admin/builder/spi-builder-workspace/.dependencies/checkouts/Aesthete
    builtin-copy -exclude .DS_Store -exclude CVS -exclude .svn -exclude .git -exclude .hg -resolve-src-symlinks -rename /Users/admin/builder/spi-builder-workspace/.derivedData/Build/Intermediates.noindex/Aesthete.build/Debug-watchos/Aesthete-t.build/Objects-normal/arm64_32/Aesthete.swiftdoc /Users/admin/builder/spi-builder-workspace/.derivedData/Build/Products/Debug-watchos/Aesthete.swiftmodule/arm64_32-apple-watchos.swiftdoc
Copy /Users/admin/builder/spi-builder-workspace/.derivedData/Build/Products/Debug-watchos/Aesthete.swiftmodule/arm64_32-apple-watchos.abi.json /Users/admin/builder/spi-builder-workspace/.derivedData/Build/Intermediates.noindex/Aesthete.build/Debug-watchos/Aesthete-t.build/Objects-normal/arm64_32/Aesthete.abi.json (in target 'Aesthete' from project 'Aesthete')
    cd /Users/admin/builder/spi-builder-workspace/.dependencies/checkouts/Aesthete
    builtin-copy -exclude .DS_Store -exclude CVS -exclude .svn -exclude .git -exclude .hg -resolve-src-symlinks -rename /Users/admin/builder/spi-builder-workspace/.derivedData/Build/Intermediates.noindex/Aesthete.build/Debug-watchos/Aesthete-t.build/Objects-normal/arm64_32/Aesthete.abi.json /Users/admin/builder/spi-builder-workspace/.derivedData/Build/Products/Debug-watchos/Aesthete.swiftmodule/arm64_32-apple-watchos.abi.json
Copy /Users/admin/builder/spi-builder-workspace/.derivedData/Build/Products/Debug-watchos/Aesthete.swiftmodule/arm64-apple-watchos.swiftmodule /Users/admin/builder/spi-builder-workspace/.derivedData/Build/Intermediates.noindex/Aesthete.build/Debug-watchos/Aesthete-t.build/Objects-normal/arm64/Aesthete.swiftmodule (in target 'Aesthete' from project 'Aesthete')
    cd /Users/admin/builder/spi-builder-workspace/.dependencies/checkouts/Aesthete
    builtin-copy -exclude .DS_Store -exclude CVS -exclude .svn -exclude .git -exclude .hg -resolve-src-symlinks -rename /Users/admin/builder/spi-builder-workspace/.derivedData/Build/Intermediates.noindex/Aesthete.build/Debug-watchos/Aesthete-t.build/Objects-normal/arm64/Aesthete.swiftmodule /Users/admin/builder/spi-builder-workspace/.derivedData/Build/Products/Debug-watchos/Aesthete.swiftmodule/arm64-apple-watchos.swiftmodule
Copy /Users/admin/builder/spi-builder-workspace/.derivedData/Build/Products/Debug-watchos/Aesthete.swiftmodule/arm64-apple-watchos.swiftdoc /Users/admin/builder/spi-builder-workspace/.derivedData/Build/Intermediates.noindex/Aesthete.build/Debug-watchos/Aesthete-t.build/Objects-normal/arm64/Aesthete.swiftdoc (in target 'Aesthete' from project 'Aesthete')
    cd /Users/admin/builder/spi-builder-workspace/.dependencies/checkouts/Aesthete
    builtin-copy -exclude .DS_Store -exclude CVS -exclude .svn -exclude .git -exclude .hg -resolve-src-symlinks -rename /Users/admin/builder/spi-builder-workspace/.derivedData/Build/Intermediates.noindex/Aesthete.build/Debug-watchos/Aesthete-t.build/Objects-normal/arm64/Aesthete.swiftdoc /Users/admin/builder/spi-builder-workspace/.derivedData/Build/Products/Debug-watchos/Aesthete.swiftmodule/arm64-apple-watchos.swiftdoc
Copy /Users/admin/builder/spi-builder-workspace/.derivedData/Build/Products/Debug-watchos/Aesthete.swiftmodule/arm64-apple-watchos.abi.json /Users/admin/builder/spi-builder-workspace/.derivedData/Build/Intermediates.noindex/Aesthete.build/Debug-watchos/Aesthete-t.build/Objects-normal/arm64/Aesthete.abi.json (in target 'Aesthete' from project 'Aesthete')
    cd /Users/admin/builder/spi-builder-workspace/.dependencies/checkouts/Aesthete
    builtin-copy -exclude .DS_Store -exclude CVS -exclude .svn -exclude .git -exclude .hg -resolve-src-symlinks -rename /Users/admin/builder/spi-builder-workspace/.derivedData/Build/Intermediates.noindex/Aesthete.build/Debug-watchos/Aesthete-t.build/Objects-normal/arm64/Aesthete.abi.json /Users/admin/builder/spi-builder-workspace/.derivedData/Build/Products/Debug-watchos/Aesthete.swiftmodule/arm64-apple-watchos.abi.json
Copy /Users/admin/builder/spi-builder-workspace/.derivedData/Build/Products/Debug-watchos/Aesthete.swiftmodule/Project/arm64_32-apple-watchos.swiftsourceinfo /Users/admin/builder/spi-builder-workspace/.derivedData/Build/Intermediates.noindex/Aesthete.build/Debug-watchos/Aesthete-t.build/Objects-normal/arm64_32/Aesthete.swiftsourceinfo (in target 'Aesthete' from project 'Aesthete')
    cd /Users/admin/builder/spi-builder-workspace/.dependencies/checkouts/Aesthete
    builtin-copy -exclude .DS_Store -exclude CVS -exclude .svn -exclude .git -exclude .hg -resolve-src-symlinks -rename /Users/admin/builder/spi-builder-workspace/.derivedData/Build/Intermediates.noindex/Aesthete.build/Debug-watchos/Aesthete-t.build/Objects-normal/arm64_32/Aesthete.swiftsourceinfo /Users/admin/builder/spi-builder-workspace/.derivedData/Build/Products/Debug-watchos/Aesthete.swiftmodule/Project/arm64_32-apple-watchos.swiftsourceinfo
Copy /Users/admin/builder/spi-builder-workspace/.derivedData/Build/Products/Debug-watchos/Aesthete.swiftmodule/Project/arm64-apple-watchos.swiftsourceinfo /Users/admin/builder/spi-builder-workspace/.derivedData/Build/Intermediates.noindex/Aesthete.build/Debug-watchos/Aesthete-t.build/Objects-normal/arm64/Aesthete.swiftsourceinfo (in target 'Aesthete' from project 'Aesthete')
    cd /Users/admin/builder/spi-builder-workspace/.dependencies/checkouts/Aesthete
    builtin-copy -exclude .DS_Store -exclude CVS -exclude .svn -exclude .git -exclude .hg -resolve-src-symlinks -rename /Users/admin/builder/spi-builder-workspace/.derivedData/Build/Intermediates.noindex/Aesthete.build/Debug-watchos/Aesthete-t.build/Objects-normal/arm64/Aesthete.swiftsourceinfo /Users/admin/builder/spi-builder-workspace/.derivedData/Build/Products/Debug-watchos/Aesthete.swiftmodule/Project/arm64-apple-watchos.swiftsourceinfo
SwiftCompile normal arm64 Compiling\ SymbolicForm.swift,\ Triangle.swift,\ Arc.swift,\ CompositePath.swift /Users/admin/builder/spi-builder-workspace/.dependencies/checkouts/Aesthete/Sources/Aesthete/Forms/SymbolicForm.swift /Users/admin/builder/spi-builder-workspace/.dependencies/checkouts/Aesthete/Sources/Aesthete/Forms/Triangle.swift /Users/admin/builder/spi-builder-workspace/.dependencies/checkouts/Aesthete/Sources/Aesthete/Paths/Arc.swift /Users/admin/builder/spi-builder-workspace/.dependencies/checkouts/Aesthete/Sources/Aesthete/Paths/CompositePath.swift (in target 'Aesthete' from project 'Aesthete')
SwiftCompile normal arm64 /Users/admin/builder/spi-builder-workspace/.dependencies/checkouts/Aesthete/Sources/Aesthete/Forms/SymbolicForm.swift (in target 'Aesthete' from project 'Aesthete')
    cd /Users/admin/builder/spi-builder-workspace/.swiftpm/xcode
    builtin-SwiftPerFileCompile SymbolicForm.swift
SwiftCompile normal arm64 /Users/admin/builder/spi-builder-workspace/.dependencies/checkouts/Aesthete/Sources/Aesthete/Forms/Triangle.swift (in target 'Aesthete' from project 'Aesthete')
    cd /Users/admin/builder/spi-builder-workspace/.swiftpm/xcode
    builtin-SwiftPerFileCompile Triangle.swift
SwiftCompile normal arm64 /Users/admin/builder/spi-builder-workspace/.dependencies/checkouts/Aesthete/Sources/Aesthete/Paths/Arc.swift (in target 'Aesthete' from project 'Aesthete')
    cd /Users/admin/builder/spi-builder-workspace/.swiftpm/xcode
    builtin-SwiftPerFileCompile Arc.swift
SwiftCompile normal arm64 /Users/admin/builder/spi-builder-workspace/.dependencies/checkouts/Aesthete/Sources/Aesthete/Paths/CompositePath.swift (in target 'Aesthete' from project 'Aesthete')
    cd /Users/admin/builder/spi-builder-workspace/.swiftpm/xcode
    builtin-SwiftPerFileCompile CompositePath.swift
SwiftDriverJobDiscovery normal arm64 Compiling Curve.swift, Ellipse.swift, EmptyPath.swift, Line.swift (in target 'Aesthete' from project 'Aesthete')
SwiftCompile normal arm64 Compiling\ Path.swift,\ PathBuilder.swift,\ PathComponent.swift,\ Pathlet+Codable.swift /Users/admin/builder/spi-builder-workspace/.dependencies/checkouts/Aesthete/Sources/Aesthete/Paths/Path.swift /Users/admin/builder/spi-builder-workspace/.dependencies/checkouts/Aesthete/Sources/Aesthete/Paths/PathBuilder.swift /Users/admin/builder/spi-builder-workspace/.dependencies/checkouts/Aesthete/Sources/Aesthete/Paths/PathComponent.swift /Users/admin/builder/spi-builder-workspace/.dependencies/checkouts/Aesthete/Sources/Aesthete/Paths/Pathlet+Codable.swift (in target 'Aesthete' from project 'Aesthete')
SwiftCompile normal arm64 /Users/admin/builder/spi-builder-workspace/.dependencies/checkouts/Aesthete/Sources/Aesthete/Paths/Path.swift (in target 'Aesthete' from project 'Aesthete')
    cd /Users/admin/builder/spi-builder-workspace/.swiftpm/xcode
    builtin-SwiftPerFileCompile Path.swift
SwiftCompile normal arm64 /Users/admin/builder/spi-builder-workspace/.dependencies/checkouts/Aesthete/Sources/Aesthete/Paths/PathBuilder.swift (in target 'Aesthete' from project 'Aesthete')
    cd /Users/admin/builder/spi-builder-workspace/.swiftpm/xcode
    builtin-SwiftPerFileCompile PathBuilder.swift
SwiftCompile normal arm64 /Users/admin/builder/spi-builder-workspace/.dependencies/checkouts/Aesthete/Sources/Aesthete/Paths/PathComponent.swift (in target 'Aesthete' from project 'Aesthete')
    cd /Users/admin/builder/spi-builder-workspace/.swiftpm/xcode
    builtin-SwiftPerFileCompile PathComponent.swift
SwiftCompile normal arm64 /Users/admin/builder/spi-builder-workspace/.dependencies/checkouts/Aesthete/Sources/Aesthete/Paths/Pathlet+Codable.swift (in target 'Aesthete' from project 'Aesthete')
    cd /Users/admin/builder/spi-builder-workspace/.swiftpm/xcode
    builtin-SwiftPerFileCompile Pathlet+Codable.swift
SwiftCompile normal arm64 Compiling\ CGRect+corners\ and\ edges.swift,\ CGRect+intersects.swift,\ CGRect+orientation.swift,\ CGRect+randomlyDivide.swift /Users/admin/builder/spi-builder-workspace/.dependencies/checkouts/Aesthete/Sources/Aesthete/Extensions/CGRect+corners\ and\ edges.swift /Users/admin/builder/spi-builder-workspace/.dependencies/checkouts/Aesthete/Sources/Aesthete/Extensions/CGRect+intersects.swift /Users/admin/builder/spi-builder-workspace/.dependencies/checkouts/Aesthete/Sources/Aesthete/Extensions/CGRect+orientation.swift /Users/admin/builder/spi-builder-workspace/.dependencies/checkouts/Aesthete/Sources/Aesthete/Extensions/CGRect+randomlyDivide.swift (in target 'Aesthete' from project 'Aesthete')
SwiftCompile normal arm64 /Users/admin/builder/spi-builder-workspace/.dependencies/checkouts/Aesthete/Sources/Aesthete/Extensions/CGRect+corners\ and\ edges.swift (in target 'Aesthete' from project 'Aesthete')
    cd /Users/admin/builder/spi-builder-workspace/.swiftpm/xcode
    builtin-SwiftPerFileCompile CGRect+corners\ and\ edges.swift
SwiftCompile normal arm64 /Users/admin/builder/spi-builder-workspace/.dependencies/checkouts/Aesthete/Sources/Aesthete/Extensions/CGRect+intersects.swift (in target 'Aesthete' from project 'Aesthete')
    cd /Users/admin/builder/spi-builder-workspace/.swiftpm/xcode
    builtin-SwiftPerFileCompile CGRect+intersects.swift
SwiftCompile normal arm64 /Users/admin/builder/spi-builder-workspace/.dependencies/checkouts/Aesthete/Sources/Aesthete/Extensions/CGRect+orientation.swift (in target 'Aesthete' from project 'Aesthete')
    cd /Users/admin/builder/spi-builder-workspace/.swiftpm/xcode
    builtin-SwiftPerFileCompile CGRect+orientation.swift
SwiftCompile normal arm64 /Users/admin/builder/spi-builder-workspace/.dependencies/checkouts/Aesthete/Sources/Aesthete/Extensions/CGRect+randomlyDivide.swift (in target 'Aesthete' from project 'Aesthete')
    cd /Users/admin/builder/spi-builder-workspace/.swiftpm/xcode
    builtin-SwiftPerFileCompile CGRect+randomlyDivide.swift
SwiftDriverJobDiscovery normal arm64_32 Compiling Curve.swift, Ellipse.swift, EmptyPath.swift, Line.swift (in target 'Aesthete' from project 'Aesthete')
SwiftDriverJobDiscovery normal arm64_32 Compiling Pathlet.swift, QuadCurve.swift, Rectangle.swift, TransformedBy.swift (in target 'Aesthete' from project 'Aesthete')
SwiftCompile normal arm64 Compiling\ Pathlet.swift,\ QuadCurve.swift,\ Rectangle.swift,\ TransformedBy.swift /Users/admin/builder/spi-builder-workspace/.dependencies/checkouts/Aesthete/Sources/Aesthete/Paths/Pathlet.swift /Users/admin/builder/spi-builder-workspace/.dependencies/checkouts/Aesthete/Sources/Aesthete/Paths/QuadCurve.swift /Users/admin/builder/spi-builder-workspace/.dependencies/checkouts/Aesthete/Sources/Aesthete/Paths/Rectangle.swift /Users/admin/builder/spi-builder-workspace/.dependencies/checkouts/Aesthete/Sources/Aesthete/Paths/TransformedBy.swift (in target 'Aesthete' from project 'Aesthete')
SwiftCompile normal arm64 /Users/admin/builder/spi-builder-workspace/.dependencies/checkouts/Aesthete/Sources/Aesthete/Paths/Pathlet.swift (in target 'Aesthete' from project 'Aesthete')
    cd /Users/admin/builder/spi-builder-workspace/.swiftpm/xcode
    builtin-SwiftPerFileCompile Pathlet.swift
SwiftCompile normal arm64 /Users/admin/builder/spi-builder-workspace/.dependencies/checkouts/Aesthete/Sources/Aesthete/Paths/QuadCurve.swift (in target 'Aesthete' from project 'Aesthete')
    cd /Users/admin/builder/spi-builder-workspace/.swiftpm/xcode
    builtin-SwiftPerFileCompile QuadCurve.swift
SwiftCompile normal arm64 /Users/admin/builder/spi-builder-workspace/.dependencies/checkouts/Aesthete/Sources/Aesthete/Paths/Rectangle.swift (in target 'Aesthete' from project 'Aesthete')
    cd /Users/admin/builder/spi-builder-workspace/.swiftpm/xcode
    builtin-SwiftPerFileCompile Rectangle.swift
SwiftCompile normal arm64 /Users/admin/builder/spi-builder-workspace/.dependencies/checkouts/Aesthete/Sources/Aesthete/Paths/TransformedBy.swift (in target 'Aesthete' from project 'Aesthete')
    cd /Users/admin/builder/spi-builder-workspace/.swiftpm/xcode
    builtin-SwiftPerFileCompile TransformedBy.swift
SwiftDriverJobDiscovery normal arm64 Compiling NSImage+drawKeepingAspectRatio.swift, HorizontalBaseTriangle.swift, RepeatableForm.swift, RepeatableLinearForm.swift (in target 'Aesthete' from project 'Aesthete')
SwiftCompile normal arm64 Compiling\ ColorScheme+makeAccentedAnalogous.swift,\ ColorScheme+makeAnalogous.swift,\ ColorScheme+makeComplementary.swift,\ ColorScheme+makeCompound.swift,\ ColorScheme+makeMonochromatic.swift /Users/admin/builder/spi-builder-workspace/.dependencies/checkouts/Aesthete/Sources/Aesthete/Color\ Schemes/ColorScheme+makeAccentedAnalogous.swift /Users/admin/builder/spi-builder-workspace/.dependencies/checkouts/Aesthete/Sources/Aesthete/Color\ Schemes/ColorScheme+makeAnalogous.swift /Users/admin/builder/spi-builder-workspace/.dependencies/checkouts/Aesthete/Sources/Aesthete/Color\ Schemes/ColorScheme+makeComplementary.swift /Users/admin/builder/spi-builder-workspace/.dependencies/checkouts/Aesthete/Sources/Aesthete/Color\ Schemes/ColorScheme+makeCompound.swift /Users/admin/builder/spi-builder-workspace/.dependencies/checkouts/Aesthete/Sources/Aesthete/Color\ Schemes/ColorScheme+makeMonochromatic.swift (in target 'Aesthete' from project 'Aesthete')
SwiftCompile normal arm64 /Users/admin/builder/spi-builder-workspace/.dependencies/checkouts/Aesthete/Sources/Aesthete/Color\ Schemes/ColorScheme+makeAccentedAnalogous.swift (in target 'Aesthete' from project 'Aesthete')
    cd /Users/admin/builder/spi-builder-workspace/.swiftpm/xcode
    builtin-SwiftPerFileCompile ColorScheme+makeAccentedAnalogous.swift
SwiftCompile normal arm64 /Users/admin/builder/spi-builder-workspace/.dependencies/checkouts/Aesthete/Sources/Aesthete/Color\ Schemes/ColorScheme+makeAnalogous.swift (in target 'Aesthete' from project 'Aesthete')
    cd /Users/admin/builder/spi-builder-workspace/.swiftpm/xcode
    builtin-SwiftPerFileCompile ColorScheme+makeAnalogous.swift
SwiftCompile normal arm64 /Users/admin/builder/spi-builder-workspace/.dependencies/checkouts/Aesthete/Sources/Aesthete/Color\ Schemes/ColorScheme+makeComplementary.swift (in target 'Aesthete' from project 'Aesthete')
    cd /Users/admin/builder/spi-builder-workspace/.swiftpm/xcode
    builtin-SwiftPerFileCompile ColorScheme+makeComplementary.swift
SwiftCompile normal arm64 /Users/admin/builder/spi-builder-workspace/.dependencies/checkouts/Aesthete/Sources/Aesthete/Color\ Schemes/ColorScheme+makeCompound.swift (in target 'Aesthete' from project 'Aesthete')
    cd /Users/admin/builder/spi-builder-workspace/.swiftpm/xcode
    builtin-SwiftPerFileCompile ColorScheme+makeCompound.swift
SwiftCompile normal arm64 /Users/admin/builder/spi-builder-workspace/.dependencies/checkouts/Aesthete/Sources/Aesthete/Color\ Schemes/ColorScheme+makeMonochromatic.swift (in target 'Aesthete' from project 'Aesthete')
    cd /Users/admin/builder/spi-builder-workspace/.swiftpm/xcode
    builtin-SwiftPerFileCompile ColorScheme+makeMonochromatic.swift
SwiftCompile normal arm64 Compiling\ HSBAColor.swift,\ CompositeDrawable.swift,\ Drawable.swift,\ CGColor+lightness.swift /Users/admin/builder/spi-builder-workspace/.dependencies/checkouts/Aesthete/Sources/Aesthete/Color\ Schemes/HSBAColor.swift /Users/admin/builder/spi-builder-workspace/.dependencies/checkouts/Aesthete/Sources/Aesthete/CompositeDrawable.swift /Users/admin/builder/spi-builder-workspace/.dependencies/checkouts/Aesthete/Sources/Aesthete/Drawable.swift /Users/admin/builder/spi-builder-workspace/.dependencies/checkouts/Aesthete/Sources/Aesthete/Extensions/CGColor+lightness.swift (in target 'Aesthete' from project 'Aesthete')
SwiftCompile normal arm64 /Users/admin/builder/spi-builder-workspace/.dependencies/checkouts/Aesthete/Sources/Aesthete/Color\ Schemes/HSBAColor.swift (in target 'Aesthete' from project 'Aesthete')
    cd /Users/admin/builder/spi-builder-workspace/.swiftpm/xcode
    builtin-SwiftPerFileCompile HSBAColor.swift
SwiftCompile normal arm64 /Users/admin/builder/spi-builder-workspace/.dependencies/checkouts/Aesthete/Sources/Aesthete/CompositeDrawable.swift (in target 'Aesthete' from project 'Aesthete')
    cd /Users/admin/builder/spi-builder-workspace/.swiftpm/xcode
    builtin-SwiftPerFileCompile CompositeDrawable.swift
SwiftCompile normal arm64 /Users/admin/builder/spi-builder-workspace/.dependencies/checkouts/Aesthete/Sources/Aesthete/Drawable.swift (in target 'Aesthete' from project 'Aesthete')
    cd /Users/admin/builder/spi-builder-workspace/.swiftpm/xcode
    builtin-SwiftPerFileCompile Drawable.swift
SwiftCompile normal arm64 /Users/admin/builder/spi-builder-workspace/.dependencies/checkouts/Aesthete/Sources/Aesthete/Extensions/CGColor+lightness.swift (in target 'Aesthete' from project 'Aesthete')
    cd /Users/admin/builder/spi-builder-workspace/.swiftpm/xcode
    builtin-SwiftPerFileCompile CGColor+lightness.swift
SwiftDriverJobDiscovery normal arm64_32 Compiling ColorScheme+makeAccentedAnalogous.swift, ColorScheme+makeAnalogous.swift, ColorScheme+makeComplementary.swift, ColorScheme+makeCompound.swift, ColorScheme+makeMonochromatic.swift (in target 'Aesthete' from project 'Aesthete')
SwiftCompile normal arm64 Compiling\ ColorScheme+makeShades.swift,\ ColorScheme+makeSplitComplementary.swift,\ ColorScheme+makeTriadic.swift,\ ColorScheme.swift /Users/admin/builder/spi-builder-workspace/.dependencies/checkouts/Aesthete/Sources/Aesthete/Color\ Schemes/ColorScheme+makeShades.swift /Users/admin/builder/spi-builder-workspace/.dependencies/checkouts/Aesthete/Sources/Aesthete/Color\ Schemes/ColorScheme+makeSplitComplementary.swift /Users/admin/builder/spi-builder-workspace/.dependencies/checkouts/Aesthete/Sources/Aesthete/Color\ Schemes/ColorScheme+makeTriadic.swift /Users/admin/builder/spi-builder-workspace/.dependencies/checkouts/Aesthete/Sources/Aesthete/Color\ Schemes/ColorScheme.swift (in target 'Aesthete' from project 'Aesthete')
SwiftCompile normal arm64 /Users/admin/builder/spi-builder-workspace/.dependencies/checkouts/Aesthete/Sources/Aesthete/Color\ Schemes/ColorScheme+makeShades.swift (in target 'Aesthete' from project 'Aesthete')
    cd /Users/admin/builder/spi-builder-workspace/.swiftpm/xcode
    builtin-SwiftPerFileCompile ColorScheme+makeShades.swift
SwiftCompile normal arm64 /Users/admin/builder/spi-builder-workspace/.dependencies/checkouts/Aesthete/Sources/Aesthete/Color\ Schemes/ColorScheme+makeSplitComplementary.swift (in target 'Aesthete' from project 'Aesthete')
    cd /Users/admin/builder/spi-builder-workspace/.swiftpm/xcode
    builtin-SwiftPerFileCompile ColorScheme+makeSplitComplementary.swift
SwiftCompile normal arm64 /Users/admin/builder/spi-builder-workspace/.dependencies/checkouts/Aesthete/Sources/Aesthete/Color\ Schemes/ColorScheme+makeTriadic.swift (in target 'Aesthete' from project 'Aesthete')
    cd /Users/admin/builder/spi-builder-workspace/.swiftpm/xcode
    builtin-SwiftPerFileCompile ColorScheme+makeTriadic.swift
SwiftCompile normal arm64 /Users/admin/builder/spi-builder-workspace/.dependencies/checkouts/Aesthete/Sources/Aesthete/Color\ Schemes/ColorScheme.swift (in target 'Aesthete' from project 'Aesthete')
    cd /Users/admin/builder/spi-builder-workspace/.swiftpm/xcode
    builtin-SwiftPerFileCompile ColorScheme.swift
SwiftDriverJobDiscovery normal arm64_32 Compiling CGRect+corners and edges.swift, CGRect+intersects.swift, CGRect+orientation.swift, CGRect+randomlyDivide.swift (in target 'Aesthete' from project 'Aesthete')
SwiftCompile normal arm64_32 Compiling\ NSImage+drawKeepingAspectRatio.swift,\ HorizontalBaseTriangle.swift,\ RepeatableForm.swift,\ RepeatableLinearForm.swift /Users/admin/builder/spi-builder-workspace/.dependencies/checkouts/Aesthete/Sources/Aesthete/Extensions/NSImage+drawKeepingAspectRatio.swift /Users/admin/builder/spi-builder-workspace/.dependencies/checkouts/Aesthete/Sources/Aesthete/Forms/HorizontalBaseTriangle.swift /Users/admin/builder/spi-builder-workspace/.dependencies/checkouts/Aesthete/Sources/Aesthete/Forms/RepeatableForm.swift /Users/admin/builder/spi-builder-workspace/.dependencies/checkouts/Aesthete/Sources/Aesthete/Forms/RepeatableLinearForm.swift (in target 'Aesthete' from project 'Aesthete')
SwiftCompile normal arm64_32 /Users/admin/builder/spi-builder-workspace/.dependencies/checkouts/Aesthete/Sources/Aesthete/Extensions/NSImage+drawKeepingAspectRatio.swift (in target 'Aesthete' from project 'Aesthete')
    cd /Users/admin/builder/spi-builder-workspace/.swiftpm/xcode
    builtin-SwiftPerFileCompile NSImage+drawKeepingAspectRatio.swift
SwiftCompile normal arm64_32 /Users/admin/builder/spi-builder-workspace/.dependencies/checkouts/Aesthete/Sources/Aesthete/Forms/HorizontalBaseTriangle.swift (in target 'Aesthete' from project 'Aesthete')
    cd /Users/admin/builder/spi-builder-workspace/.swiftpm/xcode
    builtin-SwiftPerFileCompile HorizontalBaseTriangle.swift
SwiftCompile normal arm64_32 /Users/admin/builder/spi-builder-workspace/.dependencies/checkouts/Aesthete/Sources/Aesthete/Forms/RepeatableForm.swift (in target 'Aesthete' from project 'Aesthete')
    cd /Users/admin/builder/spi-builder-workspace/.swiftpm/xcode
    builtin-SwiftPerFileCompile RepeatableForm.swift
SwiftCompile normal arm64_32 /Users/admin/builder/spi-builder-workspace/.dependencies/checkouts/Aesthete/Sources/Aesthete/Forms/RepeatableLinearForm.swift (in target 'Aesthete' from project 'Aesthete')
    cd /Users/admin/builder/spi-builder-workspace/.swiftpm/xcode
    builtin-SwiftPerFileCompile RepeatableLinearForm.swift
SwiftDriverJobDiscovery normal arm64_32 Compiling CGFloat+randomGaussian.swift, CGPath+contains.swift, CGPoint+distanceTo.swift, CGPoint+random.swift (in target 'Aesthete' from project 'Aesthete')
SwiftCompile normal arm64_32 Compiling\ HSBAColor.swift,\ CompositeDrawable.swift,\ Drawable.swift,\ CGColor+lightness.swift /Users/admin/builder/spi-builder-workspace/.dependencies/checkouts/Aesthete/Sources/Aesthete/Color\ Schemes/HSBAColor.swift /Users/admin/builder/spi-builder-workspace/.dependencies/checkouts/Aesthete/Sources/Aesthete/CompositeDrawable.swift /Users/admin/builder/spi-builder-workspace/.dependencies/checkouts/Aesthete/Sources/Aesthete/Drawable.swift /Users/admin/builder/spi-builder-workspace/.dependencies/checkouts/Aesthete/Sources/Aesthete/Extensions/CGColor+lightness.swift (in target 'Aesthete' from project 'Aesthete')
SwiftCompile normal arm64_32 /Users/admin/builder/spi-builder-workspace/.dependencies/checkouts/Aesthete/Sources/Aesthete/Color\ Schemes/HSBAColor.swift (in target 'Aesthete' from project 'Aesthete')
    cd /Users/admin/builder/spi-builder-workspace/.swiftpm/xcode
    builtin-SwiftPerFileCompile HSBAColor.swift
SwiftCompile normal arm64_32 /Users/admin/builder/spi-builder-workspace/.dependencies/checkouts/Aesthete/Sources/Aesthete/CompositeDrawable.swift (in target 'Aesthete' from project 'Aesthete')
    cd /Users/admin/builder/spi-builder-workspace/.swiftpm/xcode
    builtin-SwiftPerFileCompile CompositeDrawable.swift
SwiftCompile normal arm64_32 /Users/admin/builder/spi-builder-workspace/.dependencies/checkouts/Aesthete/Sources/Aesthete/Drawable.swift (in target 'Aesthete' from project 'Aesthete')
    cd /Users/admin/builder/spi-builder-workspace/.swiftpm/xcode
    builtin-SwiftPerFileCompile Drawable.swift
SwiftCompile normal arm64_32 /Users/admin/builder/spi-builder-workspace/.dependencies/checkouts/Aesthete/Sources/Aesthete/Extensions/CGColor+lightness.swift (in target 'Aesthete' from project 'Aesthete')
    cd /Users/admin/builder/spi-builder-workspace/.swiftpm/xcode
    builtin-SwiftPerFileCompile CGColor+lightness.swift
SwiftDriverJobDiscovery normal arm64_32 Compiling SymbolicForm.swift, Triangle.swift, Arc.swift, CompositePath.swift (in target 'Aesthete' from project 'Aesthete')
SwiftCompile normal arm64_32 Compiling\ Path.swift,\ PathBuilder.swift,\ PathComponent.swift,\ Pathlet+Codable.swift /Users/admin/builder/spi-builder-workspace/.dependencies/checkouts/Aesthete/Sources/Aesthete/Paths/Path.swift /Users/admin/builder/spi-builder-workspace/.dependencies/checkouts/Aesthete/Sources/Aesthete/Paths/PathBuilder.swift /Users/admin/builder/spi-builder-workspace/.dependencies/checkouts/Aesthete/Sources/Aesthete/Paths/PathComponent.swift /Users/admin/builder/spi-builder-workspace/.dependencies/checkouts/Aesthete/Sources/Aesthete/Paths/Pathlet+Codable.swift (in target 'Aesthete' from project 'Aesthete')
SwiftCompile normal arm64_32 /Users/admin/builder/spi-builder-workspace/.dependencies/checkouts/Aesthete/Sources/Aesthete/Paths/Path.swift (in target 'Aesthete' from project 'Aesthete')
    cd /Users/admin/builder/spi-builder-workspace/.swiftpm/xcode
    builtin-SwiftPerFileCompile Path.swift
SwiftCompile normal arm64_32 /Users/admin/builder/spi-builder-workspace/.dependencies/checkouts/Aesthete/Sources/Aesthete/Paths/PathBuilder.swift (in target 'Aesthete' from project 'Aesthete')
    cd /Users/admin/builder/spi-builder-workspace/.swiftpm/xcode
    builtin-SwiftPerFileCompile PathBuilder.swift
SwiftCompile normal arm64_32 /Users/admin/builder/spi-builder-workspace/.dependencies/checkouts/Aesthete/Sources/Aesthete/Paths/PathComponent.swift (in target 'Aesthete' from project 'Aesthete')
    cd /Users/admin/builder/spi-builder-workspace/.swiftpm/xcode
    builtin-SwiftPerFileCompile PathComponent.swift
SwiftCompile normal arm64_32 /Users/admin/builder/spi-builder-workspace/.dependencies/checkouts/Aesthete/Sources/Aesthete/Paths/Pathlet+Codable.swift (in target 'Aesthete' from project 'Aesthete')
    cd /Users/admin/builder/spi-builder-workspace/.swiftpm/xcode
    builtin-SwiftPerFileCompile Pathlet+Codable.swift
SwiftDriverJobDiscovery normal arm64 Compiling CGFloat+randomGaussian.swift, CGPath+contains.swift, CGPoint+distanceTo.swift, CGPoint+random.swift (in target 'Aesthete' from project 'Aesthete')
SwiftCompile normal arm64_32 Compiling\ ColorScheme+makeShades.swift,\ ColorScheme+makeSplitComplementary.swift,\ ColorScheme+makeTriadic.swift,\ ColorScheme.swift /Users/admin/builder/spi-builder-workspace/.dependencies/checkouts/Aesthete/Sources/Aesthete/Color\ Schemes/ColorScheme+makeShades.swift /Users/admin/builder/spi-builder-workspace/.dependencies/checkouts/Aesthete/Sources/Aesthete/Color\ Schemes/ColorScheme+makeSplitComplementary.swift /Users/admin/builder/spi-builder-workspace/.dependencies/checkouts/Aesthete/Sources/Aesthete/Color\ Schemes/ColorScheme+makeTriadic.swift /Users/admin/builder/spi-builder-workspace/.dependencies/checkouts/Aesthete/Sources/Aesthete/Color\ Schemes/ColorScheme.swift (in target 'Aesthete' from project 'Aesthete')
SwiftCompile normal arm64_32 /Users/admin/builder/spi-builder-workspace/.dependencies/checkouts/Aesthete/Sources/Aesthete/Color\ Schemes/ColorScheme+makeShades.swift (in target 'Aesthete' from project 'Aesthete')
    cd /Users/admin/builder/spi-builder-workspace/.swiftpm/xcode
    builtin-SwiftPerFileCompile ColorScheme+makeShades.swift
SwiftCompile normal arm64_32 /Users/admin/builder/spi-builder-workspace/.dependencies/checkouts/Aesthete/Sources/Aesthete/Color\ Schemes/ColorScheme+makeSplitComplementary.swift (in target 'Aesthete' from project 'Aesthete')
    cd /Users/admin/builder/spi-builder-workspace/.swiftpm/xcode
    builtin-SwiftPerFileCompile ColorScheme+makeSplitComplementary.swift
SwiftCompile normal arm64_32 /Users/admin/builder/spi-builder-workspace/.dependencies/checkouts/Aesthete/Sources/Aesthete/Color\ Schemes/ColorScheme+makeTriadic.swift (in target 'Aesthete' from project 'Aesthete')
    cd /Users/admin/builder/spi-builder-workspace/.swiftpm/xcode
    builtin-SwiftPerFileCompile ColorScheme+makeTriadic.swift
SwiftCompile normal arm64_32 /Users/admin/builder/spi-builder-workspace/.dependencies/checkouts/Aesthete/Sources/Aesthete/Color\ Schemes/ColorScheme.swift (in target 'Aesthete' from project 'Aesthete')
    cd /Users/admin/builder/spi-builder-workspace/.swiftpm/xcode
    builtin-SwiftPerFileCompile ColorScheme.swift
SwiftDriverJobDiscovery normal arm64 Compiling Pathlet.swift, QuadCurve.swift, Rectangle.swift, TransformedBy.swift (in target 'Aesthete' from project 'Aesthete')
SwiftDriverJobDiscovery normal arm64 Compiling ColorScheme+makeAccentedAnalogous.swift, ColorScheme+makeAnalogous.swift, ColorScheme+makeComplementary.swift, ColorScheme+makeCompound.swift, ColorScheme+makeMonochromatic.swift (in target 'Aesthete' from project 'Aesthete')
SwiftDriver Greebler normal arm64_32 com.apple.xcode.tools.swift.compiler (in target 'Greebler' from project 'Greebler')
    cd /Users/admin/builder/spi-builder-workspace/.swiftpm/xcode
    builtin-SwiftDriver -- /Applications/Xcode-27.0.0-Release.Candidate.app/Contents/Developer/Toolchains/XcodeDefault.xctoolchain/usr/bin/swiftc -parse-as-library -module-name Greebler -Onone @/Users/admin/builder/spi-builder-workspace/.derivedData/Build/Intermediates.noindex/Greebler.build/Debug-watchos/Greebler-t.build/Objects-normal/arm64_32/Greebler.SwiftFileList -DSWIFT_PACKAGE -DDEBUG -DSWIFT_MODULE_RESOURCE_BUNDLE_UNAVAILABLE -DXcode -plugin-path /Applications/Xcode-27.0.0-Release.Candidate.app/Contents/Developer/Toolchains/XcodeDefault.xctoolchain/usr/lib/swift/host/plugins/testing -enable-experimental-feature DebugDescriptionMacro -sdk /Applications/Xcode-27.0.0-Release.Candidate.app/Contents/Developer/Platforms/WatchOS.platform/Developer/SDKs/WatchOS27.0.sdk -target arm64_32-apple-watchos9.0 -g -module-cache-path /Users/admin/builder/spi-builder-workspace/.derivedData/ModuleCache.noindex -Xfrontend -serialize-debugging-options -profile-coverage-mapping -profile-generate -enable-testing -index-store-path /Users/admin/builder/spi-builder-workspace/.derivedData/Index.noindex/DataStore -Xcc -D_LIBCPP_HARDENING_MODE\=_LIBCPP_HARDENING_MODE_DEBUG -swift-version 5 -I /Users/admin/builder/spi-builder-workspace/.derivedData/Build/Products/Debug-watchos -Isystem /Applications/Xcode-27.0.0-Release.Candidate.app/Contents/Developer/Platforms/WatchOS.platform/Developer/usr/lib -F /Users/admin/builder/spi-builder-workspace/.derivedData/Build/Products/Debug-watchos/PackageFrameworks -F /Users/admin/builder/spi-builder-workspace/.derivedData/Build/Products/Debug-watchos -F /Applications/Xcode-27.0.0-Release.Candidate.app/Contents/Developer/Platforms/WatchOS.platform/Developer/Library/Frameworks -F /Applications/Xcode-27.0.0-Release.Candidate.app/Contents/Developer/Platforms/WatchOS.platform/Developer/SDKs/WatchOS27.0.sdk/Developer/Library/Frameworks -c -j10 -enable-batch-mode -incremental -Xcc -ivfsstatcache -Xcc /Users/admin/builder/spi-builder-workspace/.derivedData/SDKStatCaches.noindex/watchos27.0-24R360-e829b21a6f8c9b70876ba0858053c04477534ef55a1706bf4c1112bbb242f0a2.sdkstatcache -output-file-map /Users/admin/builder/spi-builder-workspace/.derivedData/Build/Intermediates.noindex/Greebler.build/Debug-watchos/Greebler-t.build/Objects-normal/arm64_32/Greebler-OutputFileMap.json -save-temps -no-color-diagnostics -explicit-module-build -module-cache-path /Users/admin/builder/spi-builder-workspace/.derivedData/Build/Intermediates.noindex/SwiftExplicitPrecompiledModules -clang-scanner-module-cache-path /Users/admin/builder/spi-builder-workspace/.derivedData/ModuleCache.noindex -sdk-module-cache-path /Users/admin/builder/spi-builder-workspace/.derivedData/SDKExplicitPrecompiledModules -emit-dependencies -emit-module -emit-module-path /Users/admin/builder/spi-builder-workspace/.derivedData/Build/Intermediates.noindex/Greebler.build/Debug-watchos/Greebler-t.build/Objects-normal/arm64_32/Greebler.swiftmodule -serialize-diagnostics -dependency-scan-serialize-diagnostics-path /Users/admin/builder/spi-builder-workspace/.derivedData/Build/Intermediates.noindex/Greebler.build/Debug-watchos/Greebler-t.build/Objects-normal/arm64_32/Greebler-dependency-scan.dia -validate-clang-modules-once -clang-build-session-file /Users/admin/builder/spi-builder-workspace/.derivedData/ModuleCache.noindex/Session.modulevalidation -Xcc -fmodules-prune-interval\=86400 -Xcc -fmodules-prune-after\=345600 -emit-const-values -const-gather-protocols-list /Users/admin/builder/spi-builder-workspace/.derivedData/Build/Intermediates.noindex/Greebler.build/Debug-watchos/Greebler-t.build/Objects-normal/arm64_32/Greebler_const_extract_protocols.json -Xcc -I/Users/admin/builder/spi-builder-workspace/.derivedData/Build/Products/Debug-watchos/include -Xcc -I/Users/admin/builder/spi-builder-workspace/.derivedData/Build/Intermediates.noindex/Greebler.build/Debug-watchos/Greebler-t.build/DerivedSources-normal/arm64_32 -Xcc -I/Users/admin/builder/spi-builder-workspace/.derivedData/Build/Intermediates.noindex/Greebler.build/Debug-watchos/Greebler-t.build/DerivedSources/arm64_32 -Xcc -I/Users/admin/builder/spi-builder-workspace/.derivedData/Build/Intermediates.noindex/Greebler.build/Debug-watchos/Greebler-t.build/DerivedSources -Xcc -DSWIFT_PACKAGE -Xcc -DDEBUG\=1 -emit-objc-header -emit-objc-header-path /Users/admin/builder/spi-builder-workspace/.derivedData/Build/Intermediates.noindex/Greebler.build/Debug-watchos/Greebler-t.build/Objects-normal/arm64_32/Greebler-Swift.h -working-directory /Users/admin/builder/spi-builder-workspace/.swiftpm/xcode -experimental-emit-module-separately -disable-cmo
SwiftDriver Greebler normal arm64 com.apple.xcode.tools.swift.compiler (in target 'Greebler' from project 'Greebler')
    cd /Users/admin/builder/spi-builder-workspace/.swiftpm/xcode
    builtin-SwiftDriver -- /Applications/Xcode-27.0.0-Release.Candidate.app/Contents/Developer/Toolchains/XcodeDefault.xctoolchain/usr/bin/swiftc -parse-as-library -module-name Greebler -Onone @/Users/admin/builder/spi-builder-workspace/.derivedData/Build/Intermediates.noindex/Greebler.build/Debug-watchos/Greebler-t.build/Objects-normal/arm64/Greebler.SwiftFileList -DSWIFT_PACKAGE -DDEBUG -DSWIFT_MODULE_RESOURCE_BUNDLE_UNAVAILABLE -DXcode -plugin-path /Applications/Xcode-27.0.0-Release.Candidate.app/Contents/Developer/Toolchains/XcodeDefault.xctoolchain/usr/lib/swift/host/plugins/testing -enable-experimental-feature DebugDescriptionMacro -sdk /Applications/Xcode-27.0.0-Release.Candidate.app/Contents/Developer/Platforms/WatchOS.platform/Developer/SDKs/WatchOS27.0.sdk -target arm64-apple-watchos9.0 -g -module-cache-path /Users/admin/builder/spi-builder-workspace/.derivedData/ModuleCache.noindex -Xfrontend -serialize-debugging-options -profile-coverage-mapping -profile-generate -enable-testing -index-store-path /Users/admin/builder/spi-builder-workspace/.derivedData/Index.noindex/DataStore -Xcc -D_LIBCPP_HARDENING_MODE\=_LIBCPP_HARDENING_MODE_DEBUG -swift-version 5 -I /Users/admin/builder/spi-builder-workspace/.derivedData/Build/Products/Debug-watchos -Isystem /Applications/Xcode-27.0.0-Release.Candidate.app/Contents/Developer/Platforms/WatchOS.platform/Developer/usr/lib -F /Users/admin/builder/spi-builder-workspace/.derivedData/Build/Products/Debug-watchos/PackageFrameworks -F /Users/admin/builder/spi-builder-workspace/.derivedData/Build/Products/Debug-watchos -F /Applications/Xcode-27.0.0-Release.Candidate.app/Contents/Developer/Platforms/WatchOS.platform/Developer/Library/Frameworks -F /Applications/Xcode-27.0.0-Release.Candidate.app/Contents/Developer/Platforms/WatchOS.platform/Developer/SDKs/WatchOS27.0.sdk/Developer/Library/Frameworks -c -j10 -enable-batch-mode -incremental -Xcc -ivfsstatcache -Xcc /Users/admin/builder/spi-builder-workspace/.derivedData/SDKStatCaches.noindex/watchos27.0-24R360-e829b21a6f8c9b70876ba0858053c04477534ef55a1706bf4c1112bbb242f0a2.sdkstatcache -output-file-map /Users/admin/builder/spi-builder-workspace/.derivedData/Build/Intermediates.noindex/Greebler.build/Debug-watchos/Greebler-t.build/Objects-normal/arm64/Greebler-OutputFileMap.json -save-temps -no-color-diagnostics -explicit-module-build -module-cache-path /Users/admin/builder/spi-builder-workspace/.derivedData/Build/Intermediates.noindex/SwiftExplicitPrecompiledModules -clang-scanner-module-cache-path /Users/admin/builder/spi-builder-workspace/.derivedData/ModuleCache.noindex -sdk-module-cache-path /Users/admin/builder/spi-builder-workspace/.derivedData/SDKExplicitPrecompiledModules -emit-dependencies -emit-module -emit-module-path /Users/admin/builder/spi-builder-workspace/.derivedData/Build/Intermediates.noindex/Greebler.build/Debug-watchos/Greebler-t.build/Objects-normal/arm64/Greebler.swiftmodule -serialize-diagnostics -dependency-scan-serialize-diagnostics-path /Users/admin/builder/spi-builder-workspace/.derivedData/Build/Intermediates.noindex/Greebler.build/Debug-watchos/Greebler-t.build/Objects-normal/arm64/Greebler-dependency-scan.dia -validate-clang-modules-once -clang-build-session-file /Users/admin/builder/spi-builder-workspace/.derivedData/ModuleCache.noindex/Session.modulevalidation -Xcc -fmodules-prune-interval\=86400 -Xcc -fmodules-prune-after\=345600 -emit-const-values -const-gather-protocols-list /Users/admin/builder/spi-builder-workspace/.derivedData/Build/Intermediates.noindex/Greebler.build/Debug-watchos/Greebler-t.build/Objects-normal/arm64/Greebler_const_extract_protocols.json -Xcc -I/Users/admin/builder/spi-builder-workspace/.derivedData/Build/Products/Debug-watchos/include -Xcc -I/Users/admin/builder/spi-builder-workspace/.derivedData/Build/Intermediates.noindex/Greebler.build/Debug-watchos/Greebler-t.build/DerivedSources-normal/arm64 -Xcc -I/Users/admin/builder/spi-builder-workspace/.derivedData/Build/Intermediates.noindex/Greebler.build/Debug-watchos/Greebler-t.build/DerivedSources/arm64 -Xcc -I/Users/admin/builder/spi-builder-workspace/.derivedData/Build/Intermediates.noindex/Greebler.build/Debug-watchos/Greebler-t.build/DerivedSources -Xcc -DSWIFT_PACKAGE -Xcc -DDEBUG\=1 -emit-objc-header -emit-objc-header-path /Users/admin/builder/spi-builder-workspace/.derivedData/Build/Intermediates.noindex/Greebler.build/Debug-watchos/Greebler-t.build/Objects-normal/arm64/Greebler-Swift.h -working-directory /Users/admin/builder/spi-builder-workspace/.swiftpm/xcode -experimental-emit-module-separately -disable-cmo
SwiftDriverJobDiscovery normal arm64 Compiling CGRect+corners and edges.swift, CGRect+intersects.swift, CGRect+orientation.swift, CGRect+randomlyDivide.swift (in target 'Aesthete' from project 'Aesthete')
SwiftDriverJobDiscovery normal arm64 Compiling ColorScheme+makeShades.swift, ColorScheme+makeSplitComplementary.swift, ColorScheme+makeTriadic.swift, ColorScheme.swift (in target 'Aesthete' from project 'Aesthete')
SwiftDriverJobDiscovery normal arm64 Compiling Path.swift, PathBuilder.swift, PathComponent.swift, Pathlet+Codable.swift (in target 'Aesthete' from project 'Aesthete')
SwiftDriverJobDiscovery normal arm64 Compiling SymbolicForm.swift, Triangle.swift, Arc.swift, CompositePath.swift (in target 'Aesthete' from project 'Aesthete')
SwiftDriverJobDiscovery normal arm64_32 Compiling NSImage+drawKeepingAspectRatio.swift, HorizontalBaseTriangle.swift, RepeatableForm.swift, RepeatableLinearForm.swift (in target 'Aesthete' from project 'Aesthete')
SwiftDriverJobDiscovery normal arm64_32 Compiling ColorScheme+makeShades.swift, ColorScheme+makeSplitComplementary.swift, ColorScheme+makeTriadic.swift, ColorScheme.swift (in target 'Aesthete' from project 'Aesthete')
SwiftDriverJobDiscovery normal arm64_32 Compiling Path.swift, PathBuilder.swift, PathComponent.swift, Pathlet+Codable.swift (in target 'Aesthete' from project 'Aesthete')
SwiftEmitModule normal arm64_32 Emitting\ module\ for\ Greebler (in target 'Greebler' from project 'Greebler')
SwiftCompile normal arm64_32 (in target 'Greebler' from project 'Greebler')
    cd /Users/admin/builder/spi-builder-workspace/.swiftpm/xcode

SwiftCompile normal arm64_32 Compiling\ CapitalShipSurfaceGreebles.swift,\ CapitalShipWindowsGreebles.swift /Users/admin/builder/spi-builder-workspace/Sources/Greebler/CapitalShipSurfaceGreebles.swift /Users/admin/builder/spi-builder-workspace/Sources/Greebler/CapitalShipWindowsGreebles.swift (in target 'Greebler' from project 'Greebler')
SwiftCompile normal arm64_32 /Users/admin/builder/spi-builder-workspace/Sources/Greebler/CapitalShipSurfaceGreebles.swift (in target 'Greebler' from project 'Greebler')
    cd /Users/admin/builder/spi-builder-workspace/.swiftpm/xcode
    builtin-SwiftPerFileCompile CapitalShipSurfaceGreebles.swift
SwiftCompile normal arm64_32 /Users/admin/builder/spi-builder-workspace/Sources/Greebler/CapitalShipWindowsGreebles.swift (in target 'Greebler' from project 'Greebler')
    cd /Users/admin/builder/spi-builder-workspace/.swiftpm/xcode
    builtin-SwiftPerFileCompile CapitalShipWindowsGreebles.swift
SwiftCompile normal arm64_32 Compiling\ CutawaySectionGreebles.swift /Users/admin/builder/spi-builder-workspace/Sources/Greebler/CutawaySectionGreebles.swift (in target 'Greebler' from project 'Greebler')
SwiftCompile normal arm64_32 /Users/admin/builder/spi-builder-workspace/Sources/Greebler/CutawaySectionGreebles.swift (in target 'Greebler' from project 'Greebler')
    cd /Users/admin/builder/spi-builder-workspace/.swiftpm/xcode
    builtin-SwiftPerFileCompile CutawaySectionGreebles.swift
SwiftCompile normal arm64_32 Compiling\ EquipmentGreebles.swift /Users/admin/builder/spi-builder-workspace/Sources/Greebler/EquipmentGreebles.swift (in target 'Greebler' from project 'Greebler')
SwiftCompile normal arm64_32 /Users/admin/builder/spi-builder-workspace/Sources/Greebler/EquipmentGreebles.swift (in target 'Greebler' from project 'Greebler')
    cd /Users/admin/builder/spi-builder-workspace/.swiftpm/xcode
    builtin-SwiftPerFileCompile EquipmentGreebles.swift
SwiftCompile normal arm64_32 Compiling\ HoseGreebles.swift /Users/admin/builder/spi-builder-workspace/Sources/Greebler/HoseGreebles.swift (in target 'Greebler' from project 'Greebler')
/Users/admin/builder/spi-builder-workspace/Sources/Greebler/HoseGreebles.swift:96:37: error: reference to member 'black' cannot be resolved without a contextual type
 94 |                                           width: endpointRadius*2,
 95 |                                           height: endpointRadius*2))
 96 |             context.setStrokeColor(.black)
    |                                     `- error: reference to member 'black' cannot be resolved without a contextual type
 97 |             context.setLineWidth(0.003)
 98 |             context.strokePath()
SwiftCompile normal arm64_32 /Users/admin/builder/spi-builder-workspace/Sources/Greebler/HoseGreebles.swift (in target 'Greebler' from project 'Greebler')
    cd /Users/admin/builder/spi-builder-workspace/.swiftpm/xcode
    builtin-SwiftPerFileCompile HoseGreebles.swift
SwiftCompile normal arm64_32 Compiling\ VentGreebles.swift /Users/admin/builder/spi-builder-workspace/Sources/Greebler/VentGreebles.swift (in target 'Greebler' from project 'Greebler')
/Users/admin/builder/spi-builder-workspace/Sources/Greebler/VentGreebles.swift:41:37: error: reference to member 'black' cannot be resolved without a contextual type
39 |
40 |             context.setLineWidth(0.001)
41 |             context.setStrokeColor(.black)
   |                                     `- error: reference to member 'black' cannot be resolved without a contextual type
42 |             context.setFillColor(themeCGColor)
43 |             context.fill(rect)
/Users/admin/builder/spi-builder-workspace/Sources/Greebler/VentGreebles.swift:46:35: error: reference to member 'black' cannot be resolved without a contextual type
44 |             context.stroke(rect)
45 |
46 |             context.setFillColor(.black)
   |                                   `- error: reference to member 'black' cannot be resolved without a contextual type
47 |             let insetRect = rect.insetBy(dx: 0.02, dy: 0.02)
48 |             context.fill(insetRect)
Failed frontend command:
/Applications/Xcode-27.0.0-Release.Candidate.app/Contents/Developer/Toolchains/XcodeDefault.xctoolchain/usr/bin/swift-frontend -frontend -c /Users/admin/builder/spi-builder-workspace/Sources/Greebler/CapitalShipSurfaceGreebles.swift /Users/admin/builder/spi-builder-workspace/Sources/Greebler/CapitalShipWindowsGreebles.swift /Users/admin/builder/spi-builder-workspace/Sources/Greebler/CutawaySectionGreebles.swift /Users/admin/builder/spi-builder-workspace/Sources/Greebler/EquipmentGreebles.swift /Users/admin/builder/spi-builder-workspace/Sources/Greebler/EquipmentTrenchGreebles.swift /Users/admin/builder/spi-builder-workspace/Sources/Greebler/HoseGreebles.swift /Users/admin/builder/spi-builder-workspace/Sources/Greebler/LightPanelGreebles.swift /Users/admin/builder/spi-builder-workspace/Sources/Greebler/PanelGreebles.swift /Users/admin/builder/spi-builder-workspace/Sources/Greebler/PipeGreebles.swift -primary-file /Users/admin/builder/spi-builder-workspace/Sources/Greebler/VentGreebles.swift /Users/admin/builder/spi-builder-workspace/Sources/Greebler/WireGreebles.swift -emit-dependencies-path /Users/admin/builder/spi-builder-workspace/.derivedData/Build/Intermediates.noindex/Greebler.build/Debug-watchos/Greebler-t.build/Objects-normal/arm64_32/VentGreebles.d -emit-const-values-path /Users/admin/builder/spi-builder-workspace/.derivedData/Build/Intermediates.noindex/Greebler.build/Debug-watchos/Greebler-t.build/Objects-normal/arm64_32/VentGreebles.swiftconstvalues -emit-reference-dependencies-path /Users/admin/builder/spi-builder-workspace/.derivedData/Build/Intermediates.noindex/Greebler.build/Debug-watchos/Greebler-t.build/Objects-normal/arm64_32/VentGreebles.swiftdeps -serialize-diagnostics-path /Users/admin/builder/spi-builder-workspace/.derivedData/Build/Intermediates.noindex/Greebler.build/Debug-watchos/Greebler-t.build/Objects-normal/arm64_32/VentGreebles.dia -target arm64_32-apple-watchos9.0 -disable-cross-import-overlay-search -load-resolved-plugin /Applications/Xcode-27.0.0-Release.Candidate.app/Contents/Developer/Platforms/WatchOS.platform/Developer/usr/lib/swift/host/plugins/libFoundationMacros.dylib\#/Applications/Xcode-27.0.0-Release.Candidate.app/Contents/Developer/Platforms/WatchOS.platform/Developer/usr/bin/swift-plugin-server\#FoundationMacros -load-resolved-plugin /Applications/Xcode-27.0.0-Release.Candidate.app/Contents/Developer/Platforms/WatchOS.platform/Developer/usr/lib/swift/host/plugins/libObservationMacros.dylib\#/Applications/Xcode-27.0.0-Release.Candidate.app/Contents/Developer/Platforms/WatchOS.platform/Developer/usr/bin/swift-plugin-server\#ObservationMacros -load-resolved-plugin /Applications/Xcode-27.0.0-Release.Candidate.app/Contents/Developer/Platforms/WatchOS.platform/Developer/usr/lib/swift/host/plugins/libPreviewsMacros.dylib\#/Applications/Xcode-27.0.0-Release.Candidate.app/Contents/Developer/Platforms/WatchOS.platform/Developer/usr/bin/swift-plugin-server\#PreviewsMacros -load-resolved-plugin /Applications/Xcode-27.0.0-Release.Candidate.app/Contents/Developer/Platforms/WatchOS.platform/Developer/usr/lib/swift/host/plugins/libSwiftMacros.dylib\#/Applications/Xcode-27.0.0-Release.Candidate.app/Contents/Developer/Platforms/WatchOS.platform/Developer/usr/bin/swift-plugin-server\#SwiftMacros -load-resolved-plugin /Applications/Xcode-27.0.0-Release.Candidate.app/Contents/Developer/Platforms/WatchOS.platform/Developer/usr/lib/swift/host/plugins/libSwiftUIMacros.dylib\#/Applications/Xcode-27.0.0-Release.Candidate.app/Contents/Developer/Platforms/WatchOS.platform/Developer/usr/bin/swift-plugin-server\#SwiftUIMacros -disable-implicit-swift-modules -Xcc -fno-implicit-modules -Xcc -fno-implicit-module-maps -explicit-swift-module-map-file /Users/admin/builder/spi-builder-workspace/.derivedData/Build/Intermediates.noindex/Greebler.build/Debug-watchos/Greebler-t.build/Objects-normal/arm64_32/Greebler-dependencies-1.json -enable-objc-interop -sdk /Applications/Xcode-27.0.0-Release.Candidate.app/Contents/Developer/Platforms/WatchOS.platform/Developer/SDKs/WatchOS27.0.sdk -I /Users/admin/builder/spi-builder-workspace/.derivedData/Build/Products/Debug-watchos -Isystem /Applications/Xcode-27.0.0-Release.Candidate.app/Contents/Developer/Platforms/WatchOS.platform/Developer/usr/lib -F /Users/admin/builder/spi-builder-workspace/.derivedData/Build/Products/Debug-watchos/PackageFrameworks -F /Users/admin/builder/spi-builder-workspace/.derivedData/Build/Products/Debug-watchos -F /Applications/Xcode-27.0.0-Release.Candidate.app/Contents/Developer/Platforms/WatchOS.platform/Developer/Library/Frameworks -F /Applications/Xcode-27.0.0-Release.Candidate.app/Contents/Developer/Platforms/WatchOS.platform/Developer/SDKs/WatchOS27.0.sdk/Developer/Library/Frameworks -module-cache-path /Users/admin/builder/spi-builder-workspace/.derivedData/Build/Intermediates.noindex/SwiftExplicitPrecompiledModules -no-color-diagnostics -Xcc -fno-color-diagnostics -enable-testing -g -debug-info-format\=dwarf -dwarf-version\=4 -profile-generate -profile-coverage-mapping -swift-version 5 -Onone -D SWIFT_PACKAGE -D DEBUG -D SWIFT_MODULE_RESOURCE_BUNDLE_UNAVAILABLE -D Xcode -serialize-debugging-options -enable-experimental-feature DebugDescriptionMacro -empty-abi-descriptor -validate-clang-modules-once -clang-build-session-file /Users/admin/builder/spi-builder-workspace/.derivedData/ModuleCache.noindex/Session.modulevalidation -Xcc -working-directory -Xcc /Users/admin/builder/spi-builder-workspace/.swiftpm/xcode -enable-anonymous-context-mangled-names -file-compilation-dir /Users/admin/builder/spi-builder-workspace/.swiftpm/xcode -Xcc -D_LIBCPP_HARDENING_MODE\=_LIBCPP_HARDENING_MODE_DEBUG -Xcc -ivfsstatcache -Xcc /Users/admin/builder/spi-builder-workspace/.derivedData/SDKStatCaches.noindex/watchos27.0-24R360-e829b21a6f8c9b70876ba0858053c04477534ef55a1706bf4c1112bbb242f0a2.sdkstatcache -Xcc -fmodules-prune-interval\=86400 -Xcc -fmodules-prune-after\=345600 -Xcc -I/Users/admin/builder/spi-builder-workspace/.derivedData/Build/Products/Debug-watchos/include -Xcc -I/Users/admin/builder/spi-builder-workspace/.derivedData/Build/Intermediates.noindex/Greebler.build/Debug-watchos/Greebler-t.build/DerivedSources-normal/arm64_32 -Xcc -I/Users/admin/builder/spi-builder-workspace/.derivedData/Build/Intermediates.noindex/Greebler.build/Debug-watchos/Greebler-t.build/DerivedSources/arm64_32 -Xcc -I/Users/admin/builder/spi-builder-workspace/.derivedData/Build/Intermediates.noindex/Greebler.build/Debug-watchos/Greebler-t.build/DerivedSources -Xcc -DSWIFT_PACKAGE -Xcc -DDEBUG\=1 -no-auto-bridging-header-chaining -module-name Greebler -const-gather-protocols-file /Users/admin/builder/spi-builder-workspace/.derivedData/Build/Intermediates.noindex/Greebler.build/Debug-watchos/Greebler-t.build/Objects-normal/arm64_32/Greebler_const_extract_protocols.json -disable-clang-spi -clang-target arm64_32-apple-watchos27.0 -target-sdk-version 27.0 -target-sdk-name watchos27.0 -in-process-plugin-server-path /Applications/Xcode-27.0.0-Release.Candidate.app/Contents/Developer/Toolchains/XcodeDefault.xctoolchain/usr/lib/swift/host/libSwiftInProcPluginServer.dylib -parse-as-library -o /Users/admin/builder/spi-builder-workspace/.derivedData/Build/Intermediates.noindex/Greebler.build/Debug-watchos/Greebler-t.build/Objects-normal/arm64_32/VentGreebles.o -debug-module-path /Users/admin/builder/spi-builder-workspace/.derivedData/Build/Intermediates.noindex/Greebler.build/Debug-watchos/Greebler-t.build/Objects-normal/arm64_32/Greebler.swiftmodule -index-unit-output-path /Greebler.build/Debug-watchos/Greebler-t.build/Objects-normal/arm64_32/VentGreebles.o -index-store-path /Users/admin/builder/spi-builder-workspace/.derivedData/Index.noindex/DataStore -index-system-modules
SwiftCompile normal arm64_32 /Users/admin/builder/spi-builder-workspace/Sources/Greebler/VentGreebles.swift (in target 'Greebler' from project 'Greebler')
    cd /Users/admin/builder/spi-builder-workspace/.swiftpm/xcode
    builtin-SwiftPerFileCompile VentGreebles.swift
SwiftCompile normal arm64_32 Compiling\ EquipmentTrenchGreebles.swift /Users/admin/builder/spi-builder-workspace/Sources/Greebler/EquipmentTrenchGreebles.swift (in target 'Greebler' from project 'Greebler')
/Users/admin/builder/spi-builder-workspace/Sources/Greebler/EquipmentTrenchGreebles.swift:51:84: error: type 'CGColor?' has no member 'black'
49 |         equipmentGreebles.draw(on: context)
50 |
51 |         context.setShadow(offset: CGSize(width: 12, height: -6), blur: 12, color: .black)
   |                                                                                    `- error: type 'CGColor?' has no member 'black'
52 |         context.fill(CGRect(x: 0.0, y: trenchWidth+0.05, width: xUnits/scaleFactor, height: 0.4))
53 |
Failed frontend command:
/Applications/Xcode-27.0.0-Release.Candidate.app/Contents/Developer/Toolchains/XcodeDefault.xctoolchain/usr/bin/swift-frontend -frontend -c /Users/admin/builder/spi-builder-workspace/Sources/Greebler/CapitalShipSurfaceGreebles.swift /Users/admin/builder/spi-builder-workspace/Sources/Greebler/CapitalShipWindowsGreebles.swift /Users/admin/builder/spi-builder-workspace/Sources/Greebler/CutawaySectionGreebles.swift /Users/admin/builder/spi-builder-workspace/Sources/Greebler/EquipmentGreebles.swift -primary-file /Users/admin/builder/spi-builder-workspace/Sources/Greebler/EquipmentTrenchGreebles.swift /Users/admin/builder/spi-builder-workspace/Sources/Greebler/HoseGreebles.swift /Users/admin/builder/spi-builder-workspace/Sources/Greebler/LightPanelGreebles.swift /Users/admin/builder/spi-builder-workspace/Sources/Greebler/PanelGreebles.swift /Users/admin/builder/spi-builder-workspace/Sources/Greebler/PipeGreebles.swift /Users/admin/builder/spi-builder-workspace/Sources/Greebler/VentGreebles.swift /Users/admin/builder/spi-builder-workspace/Sources/Greebler/WireGreebles.swift -emit-dependencies-path /Users/admin/builder/spi-builder-workspace/.derivedData/Build/Intermediates.noindex/Greebler.build/Debug-watchos/Greebler-t.build/Objects-normal/arm64_32/EquipmentTrenchGreebles.d -emit-const-values-path /Users/admin/builder/spi-builder-workspace/.derivedData/Build/Intermediates.noindex/Greebler.build/Debug-watchos/Greebler-t.build/Objects-normal/arm64_32/EquipmentTrenchGreebles.swiftconstvalues -emit-reference-dependencies-path /Users/admin/builder/spi-builder-workspace/.derivedData/Build/Intermediates.noindex/Greebler.build/Debug-watchos/Greebler-t.build/Objects-normal/arm64_32/EquipmentTrenchGreebles.swiftdeps -serialize-diagnostics-path /Users/admin/builder/spi-builder-workspace/.derivedData/Build/Intermediates.noindex/Greebler.build/Debug-watchos/Greebler-t.build/Objects-normal/arm64_32/EquipmentTrenchGreebles.dia -target arm64_32-apple-watchos9.0 -disable-cross-import-overlay-search -load-resolved-plugin /Applications/Xcode-27.0.0-Release.Candidate.app/Contents/Developer/Platforms/WatchOS.platform/Developer/usr/lib/swift/host/plugins/libFoundationMacros.dylib\#/Applications/Xcode-27.0.0-Release.Candidate.app/Contents/Developer/Platforms/WatchOS.platform/Developer/usr/bin/swift-plugin-server\#FoundationMacros -load-resolved-plugin /Applications/Xcode-27.0.0-Release.Candidate.app/Contents/Developer/Platforms/WatchOS.platform/Developer/usr/lib/swift/host/plugins/libObservationMacros.dylib\#/Applications/Xcode-27.0.0-Release.Candidate.app/Contents/Developer/Platforms/WatchOS.platform/Developer/usr/bin/swift-plugin-server\#ObservationMacros -load-resolved-plugin /Applications/Xcode-27.0.0-Release.Candidate.app/Contents/Developer/Platforms/WatchOS.platform/Developer/usr/lib/swift/host/plugins/libPreviewsMacros.dylib\#/Applications/Xcode-27.0.0-Release.Candidate.app/Contents/Developer/Platforms/WatchOS.platform/Developer/usr/bin/swift-plugin-server\#PreviewsMacros -load-resolved-plugin /Applications/Xcode-27.0.0-Release.Candidate.app/Contents/Developer/Platforms/WatchOS.platform/Developer/usr/lib/swift/host/plugins/libSwiftMacros.dylib\#/Applications/Xcode-27.0.0-Release.Candidate.app/Contents/Developer/Platforms/WatchOS.platform/Developer/usr/bin/swift-plugin-server\#SwiftMacros -load-resolved-plugin /Applications/Xcode-27.0.0-Release.Candidate.app/Contents/Developer/Platforms/WatchOS.platform/Developer/usr/lib/swift/host/plugins/libSwiftUIMacros.dylib\#/Applications/Xcode-27.0.0-Release.Candidate.app/Contents/Developer/Platforms/WatchOS.platform/Developer/usr/bin/swift-plugin-server\#SwiftUIMacros -disable-implicit-swift-modules -Xcc -fno-implicit-modules -Xcc -fno-implicit-module-maps -explicit-swift-module-map-file /Users/admin/builder/spi-builder-workspace/.derivedData/Build/Intermediates.noindex/Greebler.build/Debug-watchos/Greebler-t.build/Objects-normal/arm64_32/Greebler-dependencies-1.json -enable-objc-interop -sdk /Applications/Xcode-27.0.0-Release.Candidate.app/Contents/Developer/Platforms/WatchOS.platform/Developer/SDKs/WatchOS27.0.sdk -I /Users/admin/builder/spi-builder-workspace/.derivedData/Build/Products/Debug-watchos -Isystem /Applications/Xcode-27.0.0-Release.Candidate.app/Contents/Developer/Platforms/WatchOS.platform/Developer/usr/lib -F /Users/admin/builder/spi-builder-workspace/.derivedData/Build/Products/Debug-watchos/PackageFrameworks -F /Users/admin/builder/spi-builder-workspace/.derivedData/Build/Products/Debug-watchos -F /Applications/Xcode-27.0.0-Release.Candidate.app/Contents/Developer/Platforms/WatchOS.platform/Developer/Library/Frameworks -F /Applications/Xcode-27.0.0-Release.Candidate.app/Contents/Developer/Platforms/WatchOS.platform/Developer/SDKs/WatchOS27.0.sdk/Developer/Library/Frameworks -module-cache-path /Users/admin/builder/spi-builder-workspace/.derivedData/Build/Intermediates.noindex/SwiftExplicitPrecompiledModules -no-color-diagnostics -Xcc -fno-color-diagnostics -enable-testing -g -debug-info-format\=dwarf -dwarf-version\=4 -profile-generate -profile-coverage-mapping -swift-version 5 -Onone -D SWIFT_PACKAGE -D DEBUG -D SWIFT_MODULE_RESOURCE_BUNDLE_UNAVAILABLE -D Xcode -serialize-debugging-options -enable-experimental-feature DebugDescriptionMacro -empty-abi-descriptor -validate-clang-modules-once -clang-build-session-file /Users/admin/builder/spi-builder-workspace/.derivedData/ModuleCache.noindex/Session.modulevalidation -Xcc -working-directory -Xcc /Users/admin/builder/spi-builder-workspace/.swiftpm/xcode -enable-anonymous-context-mangled-names -file-compilation-dir /Users/admin/builder/spi-builder-workspace/.swiftpm/xcode -Xcc -D_LIBCPP_HARDENING_MODE\=_LIBCPP_HARDENING_MODE_DEBUG -Xcc -ivfsstatcache -Xcc /Users/admin/builder/spi-builder-workspace/.derivedData/SDKStatCaches.noindex/watchos27.0-24R360-e829b21a6f8c9b70876ba0858053c04477534ef55a1706bf4c1112bbb242f0a2.sdkstatcache -Xcc -fmodules-prune-interval\=86400 -Xcc -fmodules-prune-after\=345600 -Xcc -I/Users/admin/builder/spi-builder-workspace/.derivedData/Build/Products/Debug-watchos/include -Xcc -I/Users/admin/builder/spi-builder-workspace/.derivedData/Build/Intermediates.noindex/Greebler.build/Debug-watchos/Greebler-t.build/DerivedSources-normal/arm64_32 -Xcc -I/Users/admin/builder/spi-builder-workspace/.derivedData/Build/Intermediates.noindex/Greebler.build/Debug-watchos/Greebler-t.build/DerivedSources/arm64_32 -Xcc -I/Users/admin/builder/spi-builder-workspace/.derivedData/Build/Intermediates.noindex/Greebler.build/Debug-watchos/Greebler-t.build/DerivedSources -Xcc -DSWIFT_PACKAGE -Xcc -DDEBUG\=1 -no-auto-bridging-header-chaining -module-name Greebler -const-gather-protocols-file /Users/admin/builder/spi-builder-workspace/.derivedData/Build/Intermediates.noindex/Greebler.build/Debug-watchos/Greebler-t.build/Objects-normal/arm64_32/Greebler_const_extract_protocols.json -disable-clang-spi -clang-target arm64_32-apple-watchos27.0 -target-sdk-version 27.0 -target-sdk-name watchos27.0 -in-process-plugin-server-path /Applications/Xcode-27.0.0-Release.Candidate.app/Contents/Developer/Toolchains/XcodeDefault.xctoolchain/usr/lib/swift/host/libSwiftInProcPluginServer.dylib -parse-as-library -o /Users/admin/builder/spi-builder-workspace/.derivedData/Build/Intermediates.noindex/Greebler.build/Debug-watchos/Greebler-t.build/Objects-normal/arm64_32/EquipmentTrenchGreebles.o -debug-module-path /Users/admin/builder/spi-builder-workspace/.derivedData/Build/Intermediates.noindex/Greebler.build/Debug-watchos/Greebler-t.build/Objects-normal/arm64_32/Greebler.swiftmodule -index-unit-output-path /Greebler.build/Debug-watchos/Greebler-t.build/Objects-normal/arm64_32/EquipmentTrenchGreebles.o -index-store-path /Users/admin/builder/spi-builder-workspace/.derivedData/Index.noindex/DataStore -index-system-modules
SwiftCompile normal arm64_32 /Users/admin/builder/spi-builder-workspace/Sources/Greebler/EquipmentTrenchGreebles.swift (in target 'Greebler' from project 'Greebler')
    cd /Users/admin/builder/spi-builder-workspace/.swiftpm/xcode
    builtin-SwiftPerFileCompile EquipmentTrenchGreebles.swift
SwiftCompile normal arm64_32 Compiling\ WireGreebles.swift /Users/admin/builder/spi-builder-workspace/Sources/Greebler/WireGreebles.swift (in target 'Greebler' from project 'Greebler')
SwiftCompile normal arm64_32 /Users/admin/builder/spi-builder-workspace/Sources/Greebler/WireGreebles.swift (in target 'Greebler' from project 'Greebler')
    cd /Users/admin/builder/spi-builder-workspace/.swiftpm/xcode
    builtin-SwiftPerFileCompile WireGreebles.swift
SwiftEmitModule normal arm64 Emitting\ module\ for\ Greebler (in target 'Greebler' from project 'Greebler')
SwiftCompile normal arm64 (in target 'Greebler' from project 'Greebler')
    cd /Users/admin/builder/spi-builder-workspace/.swiftpm/xcode

PruneExplicitPrecompiledModules /Users/admin/builder/spi-builder-workspace/.derivedData/Build/Intermediates.noindex/SwiftExplicitPrecompiledModules
PruneExplicitPrecompiledModules /Users/admin/builder/spi-builder-workspace/.derivedData/SDKExplicitPrecompiledModules
PruneExplicitPrecompiledModules /Users/admin/builder/spi-builder-workspace/.derivedData/Build/Intermediates.noindex/ExplicitPrecompiledModules
2026-09-20 02:24:07.034 xcodebuild[719:4443] [MT] IDERunDestination: Supported platforms for the buildables in the current scheme is empty.
** BUILD FAILED **
The following build commands failed:
	SwiftCompile normal arm64_32 Compiling\ VentGreebles.swift /Users/admin/builder/spi-builder-workspace/Sources/Greebler/VentGreebles.swift (in target 'Greebler' from project 'Greebler')
	SwiftCompile normal arm64_32 /Users/admin/builder/spi-builder-workspace/Sources/Greebler/VentGreebles.swift (in target 'Greebler' from project 'Greebler')
	SwiftCompile normal arm64_32 Compiling\ EquipmentTrenchGreebles.swift /Users/admin/builder/spi-builder-workspace/Sources/Greebler/EquipmentTrenchGreebles.swift (in target 'Greebler' from project 'Greebler')
	SwiftCompile normal arm64_32 /Users/admin/builder/spi-builder-workspace/Sources/Greebler/EquipmentTrenchGreebles.swift (in target 'Greebler' from project 'Greebler')
	Building workspace Greebler with scheme Greebler
(5 failures)
Command line invocation:
    /Applications/Xcode-27.0.0-Release.Candidate.app/Contents/Developer/usr/bin/xcodebuild -IDEClonedSourcePackagesDirPathOverride=/Users/admin/builder/spi-builder-workspace/.dependencies -resolvePackageDependencies
Resolve Package Graph
Resolved source packages:
  Aesthete: https://github.com/btfranklin/Aesthete.git @ 1.6.1
  Greebler: /Users/admin/builder/spi-builder-workspace
  ControlledChaos: https://github.com/btfranklin/ControlledChaos @ 1.3.2
resolved source packages: Aesthete, Greebler, ControlledChaos
2026-09-20 02:24:17.403 xcodebuild[918:5480] [MT] IDERunDestination: Supported platforms for the buildables in the current scheme is empty.
{
  "dependencies" : [
    {
      "identity" : "aesthete",
      "requirement" : {
        "range" : [
          {
            "lower_bound" : "1.6.1",
            "upper_bound" : "2.0.0"
          }
        ]
      },
      "type" : "sourceControl",
      "url" : "https://github.com/btfranklin/Aesthete.git"
    }
  ],
  "manifest_display_name" : "Greebler",
  "name" : "Greebler",
  "path" : "/Users/admin/builder/spi-builder-workspace",
  "platforms" : [
    {
      "name" : "macos",
      "version" : "11.0"
    },
    {
      "name" : "ios",
      "version" : "14.0"
    },
    {
      "name" : "tvos",
      "version" : "14.0"
    },
    {
      "name" : "watchos",
      "version" : "7.0"
    }
  ],
  "products" : [
    {
      "name" : "Greebler",
      "targets" : [
        "Greebler"
      ],
      "type" : {
        "library" : [
          "automatic"
        ]
      }
    }
  ],
  "targets" : [
    {
      "c99name" : "GreeblerTests",
      "module_type" : "SwiftTarget",
      "name" : "GreeblerTests",
      "path" : "Tests/GreeblerTests",
      "sources" : [
        "CapitalShipSurfaceGreeblesTests.swift",
        "CapitalShipWindowsGreeblesTests.swift",
        "CutawaySectionGreeblesTests.swift",
        "EquipmentGreeblesTests.swift",
        "EquipmentTrenchGreeblesTests.swift",
        "GreeblesTestUtil.swift",
        "HoseGreeblesTests.swift",
        "LightPanelGreeblesTests.swift",
        "PanelGreeblesTests.swift",
        "PipeGreeblesTests.swift",
        "VentGreeblesTests.swift",
        "WireGreeblesTests.swift"
      ],
      "target_dependencies" : [
        "Greebler"
      ],
      "type" : "test"
    },
    {
      "c99name" : "Greebler",
      "module_type" : "SwiftTarget",
      "name" : "Greebler",
      "path" : "Sources/Greebler",
      "product_dependencies" : [
        "Aesthete"
      ],
      "product_memberships" : [
        "Greebler"
      ],
      "sources" : [
        "CapitalShipSurfaceGreebles.swift",
        "CapitalShipWindowsGreebles.swift",
        "CutawaySectionGreebles.swift",
        "EquipmentGreebles.swift",
        "EquipmentTrenchGreebles.swift",
        "HoseGreebles.swift",
        "LightPanelGreebles.swift",
        "PanelGreebles.swift",
        "PipeGreebles.swift",
        "VentGreebles.swift",
        "WireGreebles.swift"
      ],
      "type" : "library"
    }
  ],
  "tools_version" : "5.3"
}
{
  "workspace" : {
    "name" : "Greebler",
    "schemes" : [
      "Greebler"
    ]
  }
}
2026-09-20 02:24:18.745 xcodebuild[926:5553] [MT] IDERunDestination: Supported platforms for the buildables in the current scheme is empty.
Running build ...
env DEVELOPER_DIR=/Applications/Xcode-27.0.0-Release.Candidate.app xcrun xcodebuild -IDEClonedSourcePackagesDirPathOverride=$PWD/.dependencies -skipMacroValidation -skipPackagePluginValidation -derivedDataPath $PWD/.derivedData build -scheme Greebler -destination generic/platform=watchOS
Command line invocation:
    /Applications/Xcode-27.0.0-Release.Candidate.app/Contents/Developer/usr/bin/xcodebuild -IDEClonedSourcePackagesDirPathOverride=/Users/admin/builder/spi-builder-workspace/.dependencies -skipMacroValidation -skipPackagePluginValidation -derivedDataPath /Users/admin/builder/spi-builder-workspace/.derivedData build -scheme Greebler -destination generic/platform=watchOS
Resolve Package Graph
Resolved source packages:
  ControlledChaos: https://github.com/btfranklin/ControlledChaos @ 1.3.2
  Aesthete: https://github.com/btfranklin/Aesthete.git @ 1.6.1
  Greebler: /Users/admin/builder/spi-builder-workspace
ComputePackagePrebuildTargetDependencyGraph
Prepare packages
CreateBuildRequest
SendProjectDescription
CreateBuildOperation
ComputeTargetDependencyGraph
note: Building targets in dependency order
note: Target dependency graph (6 targets)
    Target 'Greebler-product' in project 'Greebler'
        ➜ Explicit dependency on target 'Greebler' in project 'Greebler'
        ➜ Explicit dependency on target 'Aesthete-product' in project 'Aesthete'
    Target 'Greebler' in project 'Greebler'
        ➜ Explicit dependency on target 'Aesthete-product' in project 'Aesthete'
    Target 'Aesthete-product' in project 'Aesthete'
        ➜ Explicit dependency on target 'Aesthete' in project 'Aesthete'
        ➜ Explicit dependency on target 'ControlledChaos-product' in project 'ControlledChaos'
    Target 'Aesthete' in project 'Aesthete'
        ➜ Explicit dependency on target 'ControlledChaos-product' in project 'ControlledChaos'
    Target 'ControlledChaos-product' in project 'ControlledChaos'
        ➜ Explicit dependency on target 'ControlledChaos' in project 'ControlledChaos'
    Target 'ControlledChaos' in project 'ControlledChaos' (no dependencies)
GatherProvisioningInputs
CreateBuildDescription
ClangStatCache /Applications/Xcode-27.0.0-Release.Candidate.app/Contents/Developer/Toolchains/XcodeDefault.xctoolchain/usr/bin/clang-stat-cache /Applications/Xcode-27.0.0-Release.Candidate.app/Contents/Developer/Platforms/WatchOS.platform/Developer/SDKs/WatchOS27.0.sdk /Users/admin/builder/spi-builder-workspace/.derivedData/SDKStatCaches.noindex/watchos27.0-24R360-e829b21a6f8c9b70876ba0858053c04477534ef55a1706bf4c1112bbb242f0a2.sdkstatcache
    cd /Users/admin/builder/spi-builder-workspace/.swiftpm/xcode
    /Applications/Xcode-27.0.0-Release.Candidate.app/Contents/Developer/Toolchains/XcodeDefault.xctoolchain/usr/bin/clang-stat-cache /Applications/Xcode-27.0.0-Release.Candidate.app/Contents/Developer/Platforms/WatchOS.platform/Developer/SDKs/WatchOS27.0.sdk -o /Users/admin/builder/spi-builder-workspace/.derivedData/SDKStatCaches.noindex/watchos27.0-24R360-e829b21a6f8c9b70876ba0858053c04477534ef55a1706bf4c1112bbb242f0a2.sdkstatcache
SwiftDriver Greebler normal arm64_32 com.apple.xcode.tools.swift.compiler (in target 'Greebler' from project 'Greebler')
    cd /Users/admin/builder/spi-builder-workspace/.swiftpm/xcode
    builtin-SwiftDriver -- /Applications/Xcode-27.0.0-Release.Candidate.app/Contents/Developer/Toolchains/XcodeDefault.xctoolchain/usr/bin/swiftc -parse-as-library -module-name Greebler -Onone @/Users/admin/builder/spi-builder-workspace/.derivedData/Build/Intermediates.noindex/Greebler.build/Debug-watchos/Greebler-t.build/Objects-normal/arm64_32/Greebler.SwiftFileList -DSWIFT_PACKAGE -DDEBUG -DSWIFT_MODULE_RESOURCE_BUNDLE_UNAVAILABLE -DXcode -plugin-path /Applications/Xcode-27.0.0-Release.Candidate.app/Contents/Developer/Toolchains/XcodeDefault.xctoolchain/usr/lib/swift/host/plugins/testing -enable-experimental-feature DebugDescriptionMacro -sdk /Applications/Xcode-27.0.0-Release.Candidate.app/Contents/Developer/Platforms/WatchOS.platform/Developer/SDKs/WatchOS27.0.sdk -target arm64_32-apple-watchos9.0 -g -module-cache-path /Users/admin/builder/spi-builder-workspace/.derivedData/ModuleCache.noindex -Xfrontend -serialize-debugging-options -profile-coverage-mapping -profile-generate -enable-testing -index-store-path /Users/admin/builder/spi-builder-workspace/.derivedData/Index.noindex/DataStore -Xcc -D_LIBCPP_HARDENING_MODE\=_LIBCPP_HARDENING_MODE_DEBUG -swift-version 5 -I /Users/admin/builder/spi-builder-workspace/.derivedData/Build/Products/Debug-watchos -Isystem /Applications/Xcode-27.0.0-Release.Candidate.app/Contents/Developer/Platforms/WatchOS.platform/Developer/usr/lib -F /Users/admin/builder/spi-builder-workspace/.derivedData/Build/Products/Debug-watchos/PackageFrameworks -F /Users/admin/builder/spi-builder-workspace/.derivedData/Build/Products/Debug-watchos -F /Applications/Xcode-27.0.0-Release.Candidate.app/Contents/Developer/Platforms/WatchOS.platform/Developer/Library/Frameworks -F /Applications/Xcode-27.0.0-Release.Candidate.app/Contents/Developer/Platforms/WatchOS.platform/Developer/SDKs/WatchOS27.0.sdk/Developer/Library/Frameworks -c -j10 -enable-batch-mode -incremental -Xcc -ivfsstatcache -Xcc /Users/admin/builder/spi-builder-workspace/.derivedData/SDKStatCaches.noindex/watchos27.0-24R360-e829b21a6f8c9b70876ba0858053c04477534ef55a1706bf4c1112bbb242f0a2.sdkstatcache -output-file-map /Users/admin/builder/spi-builder-workspace/.derivedData/Build/Intermediates.noindex/Greebler.build/Debug-watchos/Greebler-t.build/Objects-normal/arm64_32/Greebler-OutputFileMap.json -save-temps -no-color-diagnostics -explicit-module-build -module-cache-path /Users/admin/builder/spi-builder-workspace/.derivedData/Build/Intermediates.noindex/SwiftExplicitPrecompiledModules -clang-scanner-module-cache-path /Users/admin/builder/spi-builder-workspace/.derivedData/ModuleCache.noindex -sdk-module-cache-path /Users/admin/builder/spi-builder-workspace/.derivedData/SDKExplicitPrecompiledModules -emit-dependencies -emit-module -emit-module-path /Users/admin/builder/spi-builder-workspace/.derivedData/Build/Intermediates.noindex/Greebler.build/Debug-watchos/Greebler-t.build/Objects-normal/arm64_32/Greebler.swiftmodule -serialize-diagnostics -dependency-scan-serialize-diagnostics-path /Users/admin/builder/spi-builder-workspace/.derivedData/Build/Intermediates.noindex/Greebler.build/Debug-watchos/Greebler-t.build/Objects-normal/arm64_32/Greebler-dependency-scan.dia -validate-clang-modules-once -clang-build-session-file /Users/admin/builder/spi-builder-workspace/.derivedData/ModuleCache.noindex/Session.modulevalidation -Xcc -fmodules-prune-interval\=86400 -Xcc -fmodules-prune-after\=345600 -emit-const-values -const-gather-protocols-list /Users/admin/builder/spi-builder-workspace/.derivedData/Build/Intermediates.noindex/Greebler.build/Debug-watchos/Greebler-t.build/Objects-normal/arm64_32/Greebler_const_extract_protocols.json -Xcc -I/Users/admin/builder/spi-builder-workspace/.derivedData/Build/Products/Debug-watchos/include -Xcc -I/Users/admin/builder/spi-builder-workspace/.derivedData/Build/Intermediates.noindex/Greebler.build/Debug-watchos/Greebler-t.build/DerivedSources-normal/arm64_32 -Xcc -I/Users/admin/builder/spi-builder-workspace/.derivedData/Build/Intermediates.noindex/Greebler.build/Debug-watchos/Greebler-t.build/DerivedSources/arm64_32 -Xcc -I/Users/admin/builder/spi-builder-workspace/.derivedData/Build/Intermediates.noindex/Greebler.build/Debug-watchos/Greebler-t.build/DerivedSources -Xcc -DSWIFT_PACKAGE -Xcc -DDEBUG\=1 -emit-objc-header -emit-objc-header-path /Users/admin/builder/spi-builder-workspace/.derivedData/Build/Intermediates.noindex/Greebler.build/Debug-watchos/Greebler-t.build/Objects-normal/arm64_32/Greebler-Swift.h -working-directory /Users/admin/builder/spi-builder-workspace/.swiftpm/xcode -experimental-emit-module-separately -disable-cmo
SwiftDriver Greebler normal arm64 com.apple.xcode.tools.swift.compiler (in target 'Greebler' from project 'Greebler')
    cd /Users/admin/builder/spi-builder-workspace/.swiftpm/xcode
    builtin-SwiftDriver -- /Applications/Xcode-27.0.0-Release.Candidate.app/Contents/Developer/Toolchains/XcodeDefault.xctoolchain/usr/bin/swiftc -parse-as-library -module-name Greebler -Onone @/Users/admin/builder/spi-builder-workspace/.derivedData/Build/Intermediates.noindex/Greebler.build/Debug-watchos/Greebler-t.build/Objects-normal/arm64/Greebler.SwiftFileList -DSWIFT_PACKAGE -DDEBUG -DSWIFT_MODULE_RESOURCE_BUNDLE_UNAVAILABLE -DXcode -plugin-path /Applications/Xcode-27.0.0-Release.Candidate.app/Contents/Developer/Toolchains/XcodeDefault.xctoolchain/usr/lib/swift/host/plugins/testing -enable-experimental-feature DebugDescriptionMacro -sdk /Applications/Xcode-27.0.0-Release.Candidate.app/Contents/Developer/Platforms/WatchOS.platform/Developer/SDKs/WatchOS27.0.sdk -target arm64-apple-watchos9.0 -g -module-cache-path /Users/admin/builder/spi-builder-workspace/.derivedData/ModuleCache.noindex -Xfrontend -serialize-debugging-options -profile-coverage-mapping -profile-generate -enable-testing -index-store-path /Users/admin/builder/spi-builder-workspace/.derivedData/Index.noindex/DataStore -Xcc -D_LIBCPP_HARDENING_MODE\=_LIBCPP_HARDENING_MODE_DEBUG -swift-version 5 -I /Users/admin/builder/spi-builder-workspace/.derivedData/Build/Products/Debug-watchos -Isystem /Applications/Xcode-27.0.0-Release.Candidate.app/Contents/Developer/Platforms/WatchOS.platform/Developer/usr/lib -F /Users/admin/builder/spi-builder-workspace/.derivedData/Build/Products/Debug-watchos/PackageFrameworks -F /Users/admin/builder/spi-builder-workspace/.derivedData/Build/Products/Debug-watchos -F /Applications/Xcode-27.0.0-Release.Candidate.app/Contents/Developer/Platforms/WatchOS.platform/Developer/Library/Frameworks -F /Applications/Xcode-27.0.0-Release.Candidate.app/Contents/Developer/Platforms/WatchOS.platform/Developer/SDKs/WatchOS27.0.sdk/Developer/Library/Frameworks -c -j10 -enable-batch-mode -incremental -Xcc -ivfsstatcache -Xcc /Users/admin/builder/spi-builder-workspace/.derivedData/SDKStatCaches.noindex/watchos27.0-24R360-e829b21a6f8c9b70876ba0858053c04477534ef55a1706bf4c1112bbb242f0a2.sdkstatcache -output-file-map /Users/admin/builder/spi-builder-workspace/.derivedData/Build/Intermediates.noindex/Greebler.build/Debug-watchos/Greebler-t.build/Objects-normal/arm64/Greebler-OutputFileMap.json -save-temps -no-color-diagnostics -explicit-module-build -module-cache-path /Users/admin/builder/spi-builder-workspace/.derivedData/Build/Intermediates.noindex/SwiftExplicitPrecompiledModules -clang-scanner-module-cache-path /Users/admin/builder/spi-builder-workspace/.derivedData/ModuleCache.noindex -sdk-module-cache-path /Users/admin/builder/spi-builder-workspace/.derivedData/SDKExplicitPrecompiledModules -emit-dependencies -emit-module -emit-module-path /Users/admin/builder/spi-builder-workspace/.derivedData/Build/Intermediates.noindex/Greebler.build/Debug-watchos/Greebler-t.build/Objects-normal/arm64/Greebler.swiftmodule -serialize-diagnostics -dependency-scan-serialize-diagnostics-path /Users/admin/builder/spi-builder-workspace/.derivedData/Build/Intermediates.noindex/Greebler.build/Debug-watchos/Greebler-t.build/Objects-normal/arm64/Greebler-dependency-scan.dia -validate-clang-modules-once -clang-build-session-file /Users/admin/builder/spi-builder-workspace/.derivedData/ModuleCache.noindex/Session.modulevalidation -Xcc -fmodules-prune-interval\=86400 -Xcc -fmodules-prune-after\=345600 -emit-const-values -const-gather-protocols-list /Users/admin/builder/spi-builder-workspace/.derivedData/Build/Intermediates.noindex/Greebler.build/Debug-watchos/Greebler-t.build/Objects-normal/arm64/Greebler_const_extract_protocols.json -Xcc -I/Users/admin/builder/spi-builder-workspace/.derivedData/Build/Products/Debug-watchos/include -Xcc -I/Users/admin/builder/spi-builder-workspace/.derivedData/Build/Intermediates.noindex/Greebler.build/Debug-watchos/Greebler-t.build/DerivedSources-normal/arm64 -Xcc -I/Users/admin/builder/spi-builder-workspace/.derivedData/Build/Intermediates.noindex/Greebler.build/Debug-watchos/Greebler-t.build/DerivedSources/arm64 -Xcc -I/Users/admin/builder/spi-builder-workspace/.derivedData/Build/Intermediates.noindex/Greebler.build/Debug-watchos/Greebler-t.build/DerivedSources -Xcc -DSWIFT_PACKAGE -Xcc -DDEBUG\=1 -emit-objc-header -emit-objc-header-path /Users/admin/builder/spi-builder-workspace/.derivedData/Build/Intermediates.noindex/Greebler.build/Debug-watchos/Greebler-t.build/Objects-normal/arm64/Greebler-Swift.h -working-directory /Users/admin/builder/spi-builder-workspace/.swiftpm/xcode -experimental-emit-module-separately -disable-cmo
SwiftDriver Aesthete normal arm64_32 com.apple.xcode.tools.swift.compiler (in target 'Aesthete' from project 'Aesthete')
    cd /Users/admin/builder/spi-builder-workspace/.swiftpm/xcode
    builtin-SwiftDriver -- /Applications/Xcode-27.0.0-Release.Candidate.app/Contents/Developer/Toolchains/XcodeDefault.xctoolchain/usr/bin/swiftc -parse-as-library -module-name Aesthete -Onone @/Users/admin/builder/spi-builder-workspace/.derivedData/Build/Intermediates.noindex/Aesthete.build/Debug-watchos/Aesthete-t.build/Objects-normal/arm64_32/Aesthete.SwiftFileList -DSWIFT_PACKAGE -DDEBUG -DSWIFT_MODULE_RESOURCE_BUNDLE_UNAVAILABLE -DXcode -plugin-path /Applications/Xcode-27.0.0-Release.Candidate.app/Contents/Developer/Toolchains/XcodeDefault.xctoolchain/usr/lib/swift/host/plugins/testing -enable-experimental-feature DebugDescriptionMacro -sdk /Applications/Xcode-27.0.0-Release.Candidate.app/Contents/Developer/Platforms/WatchOS.platform/Developer/SDKs/WatchOS27.0.sdk -target arm64_32-apple-watchos9.0 -g -module-cache-path /Users/admin/builder/spi-builder-workspace/.derivedData/ModuleCache.noindex -Xfrontend -serialize-debugging-options -profile-coverage-mapping -profile-generate -enable-testing -suppress-warnings -index-store-path /Users/admin/builder/spi-builder-workspace/.derivedData/Index.noindex/DataStore -Xcc -D_LIBCPP_HARDENING_MODE\=_LIBCPP_HARDENING_MODE_DEBUG -swift-version 5 -I /Users/admin/builder/spi-builder-workspace/.derivedData/Build/Products/Debug-watchos -Isystem /Applications/Xcode-27.0.0-Release.Candidate.app/Contents/Developer/Platforms/WatchOS.platform/Developer/usr/lib -F /Users/admin/builder/spi-builder-workspace/.derivedData/Build/Products/Debug-watchos/PackageFrameworks -F /Users/admin/builder/spi-builder-workspace/.derivedData/Build/Products/Debug-watchos -F /Applications/Xcode-27.0.0-Release.Candidate.app/Contents/Developer/Platforms/WatchOS.platform/Developer/Library/Frameworks -F /Applications/Xcode-27.0.0-Release.Candidate.app/Contents/Developer/Platforms/WatchOS.platform/Developer/SDKs/WatchOS27.0.sdk/Developer/Library/Frameworks -c -j10 -enable-batch-mode -incremental -Xcc -ivfsstatcache -Xcc /Users/admin/builder/spi-builder-workspace/.derivedData/SDKStatCaches.noindex/watchos27.0-24R360-e829b21a6f8c9b70876ba0858053c04477534ef55a1706bf4c1112bbb242f0a2.sdkstatcache -output-file-map /Users/admin/builder/spi-builder-workspace/.derivedData/Build/Intermediates.noindex/Aesthete.build/Debug-watchos/Aesthete-t.build/Objects-normal/arm64_32/Aesthete-OutputFileMap.json -save-temps -no-color-diagnostics -explicit-module-build -module-cache-path /Users/admin/builder/spi-builder-workspace/.derivedData/Build/Intermediates.noindex/SwiftExplicitPrecompiledModules -clang-scanner-module-cache-path /Users/admin/builder/spi-builder-workspace/.derivedData/ModuleCache.noindex -sdk-module-cache-path /Users/admin/builder/spi-builder-workspace/.derivedData/SDKExplicitPrecompiledModules -emit-dependencies -emit-module -emit-module-path /Users/admin/builder/spi-builder-workspace/.derivedData/Build/Intermediates.noindex/Aesthete.build/Debug-watchos/Aesthete-t.build/Objects-normal/arm64_32/Aesthete.swiftmodule -serialize-diagnostics -dependency-scan-serialize-diagnostics-path /Users/admin/builder/spi-builder-workspace/.derivedData/Build/Intermediates.noindex/Aesthete.build/Debug-watchos/Aesthete-t.build/Objects-normal/arm64_32/Aesthete-dependency-scan.dia -validate-clang-modules-once -clang-build-session-file /Users/admin/builder/spi-builder-workspace/.derivedData/ModuleCache.noindex/Session.modulevalidation -Xcc -fmodules-prune-interval\=86400 -Xcc -fmodules-prune-after\=345600 -emit-const-values -const-gather-protocols-list /Users/admin/builder/spi-builder-workspace/.derivedData/Build/Intermediates.noindex/Aesthete.build/Debug-watchos/Aesthete-t.build/Objects-normal/arm64_32/Aesthete_const_extract_protocols.json -Xcc -I/Users/admin/builder/spi-builder-workspace/.derivedData/Build/Products/Debug-watchos/include -Xcc -I/Users/admin/builder/spi-builder-workspace/.derivedData/Build/Intermediates.noindex/Aesthete.build/Debug-watchos/Aesthete-t.build/DerivedSources-normal/arm64_32 -Xcc -I/Users/admin/builder/spi-builder-workspace/.derivedData/Build/Intermediates.noindex/Aesthete.build/Debug-watchos/Aesthete-t.build/DerivedSources/arm64_32 -Xcc -I/Users/admin/builder/spi-builder-workspace/.derivedData/Build/Intermediates.noindex/Aesthete.build/Debug-watchos/Aesthete-t.build/DerivedSources -Xcc -DSWIFT_PACKAGE -Xcc -DDEBUG\=1 -emit-objc-header -emit-objc-header-path /Users/admin/builder/spi-builder-workspace/.derivedData/Build/Intermediates.noindex/Aesthete.build/Debug-watchos/Aesthete-t.build/Objects-normal/arm64_32/Aesthete-Swift.h -working-directory /Users/admin/builder/spi-builder-workspace/.swiftpm/xcode -experimental-emit-module-separately -disable-cmo
SwiftDriver Aesthete normal arm64 com.apple.xcode.tools.swift.compiler (in target 'Aesthete' from project 'Aesthete')
    cd /Users/admin/builder/spi-builder-workspace/.swiftpm/xcode
    builtin-SwiftDriver -- /Applications/Xcode-27.0.0-Release.Candidate.app/Contents/Developer/Toolchains/XcodeDefault.xctoolchain/usr/bin/swiftc -parse-as-library -module-name Aesthete -Onone @/Users/admin/builder/spi-builder-workspace/.derivedData/Build/Intermediates.noindex/Aesthete.build/Debug-watchos/Aesthete-t.build/Objects-normal/arm64/Aesthete.SwiftFileList -DSWIFT_PACKAGE -DDEBUG -DSWIFT_MODULE_RESOURCE_BUNDLE_UNAVAILABLE -DXcode -plugin-path /Applications/Xcode-27.0.0-Release.Candidate.app/Contents/Developer/Toolchains/XcodeDefault.xctoolchain/usr/lib/swift/host/plugins/testing -enable-experimental-feature DebugDescriptionMacro -sdk /Applications/Xcode-27.0.0-Release.Candidate.app/Contents/Developer/Platforms/WatchOS.platform/Developer/SDKs/WatchOS27.0.sdk -target arm64-apple-watchos9.0 -g -module-cache-path /Users/admin/builder/spi-builder-workspace/.derivedData/ModuleCache.noindex -Xfrontend -serialize-debugging-options -profile-coverage-mapping -profile-generate -enable-testing -suppress-warnings -index-store-path /Users/admin/builder/spi-builder-workspace/.derivedData/Index.noindex/DataStore -Xcc -D_LIBCPP_HARDENING_MODE\=_LIBCPP_HARDENING_MODE_DEBUG -swift-version 5 -I /Users/admin/builder/spi-builder-workspace/.derivedData/Build/Products/Debug-watchos -Isystem /Applications/Xcode-27.0.0-Release.Candidate.app/Contents/Developer/Platforms/WatchOS.platform/Developer/usr/lib -F /Users/admin/builder/spi-builder-workspace/.derivedData/Build/Products/Debug-watchos/PackageFrameworks -F /Users/admin/builder/spi-builder-workspace/.derivedData/Build/Products/Debug-watchos -F /Applications/Xcode-27.0.0-Release.Candidate.app/Contents/Developer/Platforms/WatchOS.platform/Developer/Library/Frameworks -F /Applications/Xcode-27.0.0-Release.Candidate.app/Contents/Developer/Platforms/WatchOS.platform/Developer/SDKs/WatchOS27.0.sdk/Developer/Library/Frameworks -c -j10 -enable-batch-mode -incremental -Xcc -ivfsstatcache -Xcc /Users/admin/builder/spi-builder-workspace/.derivedData/SDKStatCaches.noindex/watchos27.0-24R360-e829b21a6f8c9b70876ba0858053c04477534ef55a1706bf4c1112bbb242f0a2.sdkstatcache -output-file-map /Users/admin/builder/spi-builder-workspace/.derivedData/Build/Intermediates.noindex/Aesthete.build/Debug-watchos/Aesthete-t.build/Objects-normal/arm64/Aesthete-OutputFileMap.json -save-temps -no-color-diagnostics -explicit-module-build -module-cache-path /Users/admin/builder/spi-builder-workspace/.derivedData/Build/Intermediates.noindex/SwiftExplicitPrecompiledModules -clang-scanner-module-cache-path /Users/admin/builder/spi-builder-workspace/.derivedData/ModuleCache.noindex -sdk-module-cache-path /Users/admin/builder/spi-builder-workspace/.derivedData/SDKExplicitPrecompiledModules -emit-dependencies -emit-module -emit-module-path /Users/admin/builder/spi-builder-workspace/.derivedData/Build/Intermediates.noindex/Aesthete.build/Debug-watchos/Aesthete-t.build/Objects-normal/arm64/Aesthete.swiftmodule -serialize-diagnostics -dependency-scan-serialize-diagnostics-path /Users/admin/builder/spi-builder-workspace/.derivedData/Build/Intermediates.noindex/Aesthete.build/Debug-watchos/Aesthete-t.build/Objects-normal/arm64/Aesthete-dependency-scan.dia -validate-clang-modules-once -clang-build-session-file /Users/admin/builder/spi-builder-workspace/.derivedData/ModuleCache.noindex/Session.modulevalidation -Xcc -fmodules-prune-interval\=86400 -Xcc -fmodules-prune-after\=345600 -emit-const-values -const-gather-protocols-list /Users/admin/builder/spi-builder-workspace/.derivedData/Build/Intermediates.noindex/Aesthete.build/Debug-watchos/Aesthete-t.build/Objects-normal/arm64/Aesthete_const_extract_protocols.json -Xcc -I/Users/admin/builder/spi-builder-workspace/.derivedData/Build/Products/Debug-watchos/include -Xcc -I/Users/admin/builder/spi-builder-workspace/.derivedData/Build/Intermediates.noindex/Aesthete.build/Debug-watchos/Aesthete-t.build/DerivedSources-normal/arm64 -Xcc -I/Users/admin/builder/spi-builder-workspace/.derivedData/Build/Intermediates.noindex/Aesthete.build/Debug-watchos/Aesthete-t.build/DerivedSources/arm64 -Xcc -I/Users/admin/builder/spi-builder-workspace/.derivedData/Build/Intermediates.noindex/Aesthete.build/Debug-watchos/Aesthete-t.build/DerivedSources -Xcc -DSWIFT_PACKAGE -Xcc -DDEBUG\=1 -emit-objc-header -emit-objc-header-path /Users/admin/builder/spi-builder-workspace/.derivedData/Build/Intermediates.noindex/Aesthete.build/Debug-watchos/Aesthete-t.build/Objects-normal/arm64/Aesthete-Swift.h -working-directory /Users/admin/builder/spi-builder-workspace/.swiftpm/xcode -experimental-emit-module-separately -disable-cmo
SwiftCompile normal arm64 Compiling\ EquipmentGreebles.swift /Users/admin/builder/spi-builder-workspace/Sources/Greebler/EquipmentGreebles.swift (in target 'Greebler' from project 'Greebler')
SwiftCompile normal arm64 /Users/admin/builder/spi-builder-workspace/Sources/Greebler/EquipmentGreebles.swift (in target 'Greebler' from project 'Greebler')
    cd /Users/admin/builder/spi-builder-workspace/.swiftpm/xcode
    builtin-SwiftPerFileCompile EquipmentGreebles.swift
SwiftEmitModule normal arm64 Emitting\ module\ for\ Greebler (in target 'Greebler' from project 'Greebler')
SwiftCompile normal arm64 (in target 'Greebler' from project 'Greebler')
    cd /Users/admin/builder/spi-builder-workspace/.swiftpm/xcode

SwiftCompile normal arm64 Compiling\ EquipmentTrenchGreebles.swift /Users/admin/builder/spi-builder-workspace/Sources/Greebler/EquipmentTrenchGreebles.swift (in target 'Greebler' from project 'Greebler')
/Users/admin/builder/spi-builder-workspace/Sources/Greebler/EquipmentTrenchGreebles.swift:51:84: error: type 'CGColor?' has no member 'black'
49 |         equipmentGreebles.draw(on: context)
50 |
51 |         context.setShadow(offset: CGSize(width: 12, height: -6), blur: 12, color: .black)
   |                                                                                    `- error: type 'CGColor?' has no member 'black'
52 |         context.fill(CGRect(x: 0.0, y: trenchWidth+0.05, width: xUnits/scaleFactor, height: 0.4))
53 |
Failed frontend command:
/Applications/Xcode-27.0.0-Release.Candidate.app/Contents/Developer/Toolchains/XcodeDefault.xctoolchain/usr/bin/swift-frontend -frontend -c /Users/admin/builder/spi-builder-workspace/Sources/Greebler/CapitalShipSurfaceGreebles.swift /Users/admin/builder/spi-builder-workspace/Sources/Greebler/CapitalShipWindowsGreebles.swift /Users/admin/builder/spi-builder-workspace/Sources/Greebler/CutawaySectionGreebles.swift /Users/admin/builder/spi-builder-workspace/Sources/Greebler/EquipmentGreebles.swift -primary-file /Users/admin/builder/spi-builder-workspace/Sources/Greebler/EquipmentTrenchGreebles.swift /Users/admin/builder/spi-builder-workspace/Sources/Greebler/HoseGreebles.swift /Users/admin/builder/spi-builder-workspace/Sources/Greebler/LightPanelGreebles.swift /Users/admin/builder/spi-builder-workspace/Sources/Greebler/PanelGreebles.swift /Users/admin/builder/spi-builder-workspace/Sources/Greebler/PipeGreebles.swift /Users/admin/builder/spi-builder-workspace/Sources/Greebler/VentGreebles.swift /Users/admin/builder/spi-builder-workspace/Sources/Greebler/WireGreebles.swift -emit-dependencies-path /Users/admin/builder/spi-builder-workspace/.derivedData/Build/Intermediates.noindex/Greebler.build/Debug-watchos/Greebler-t.build/Objects-normal/arm64/EquipmentTrenchGreebles.d -emit-const-values-path /Users/admin/builder/spi-builder-workspace/.derivedData/Build/Intermediates.noindex/Greebler.build/Debug-watchos/Greebler-t.build/Objects-normal/arm64/EquipmentTrenchGreebles.swiftconstvalues -emit-reference-dependencies-path /Users/admin/builder/spi-builder-workspace/.derivedData/Build/Intermediates.noindex/Greebler.build/Debug-watchos/Greebler-t.build/Objects-normal/arm64/EquipmentTrenchGreebles.swiftdeps -serialize-diagnostics-path /Users/admin/builder/spi-builder-workspace/.derivedData/Build/Intermediates.noindex/Greebler.build/Debug-watchos/Greebler-t.build/Objects-normal/arm64/EquipmentTrenchGreebles.dia -target arm64-apple-watchos9.0 -disable-cross-import-overlay-search -load-resolved-plugin /Applications/Xcode-27.0.0-Release.Candidate.app/Contents/Developer/Platforms/WatchOS.platform/Developer/usr/lib/swift/host/plugins/libFoundationMacros.dylib\#/Applications/Xcode-27.0.0-Release.Candidate.app/Contents/Developer/Platforms/WatchOS.platform/Developer/usr/bin/swift-plugin-server\#FoundationMacros -load-resolved-plugin /Applications/Xcode-27.0.0-Release.Candidate.app/Contents/Developer/Platforms/WatchOS.platform/Developer/usr/lib/swift/host/plugins/libObservationMacros.dylib\#/Applications/Xcode-27.0.0-Release.Candidate.app/Contents/Developer/Platforms/WatchOS.platform/Developer/usr/bin/swift-plugin-server\#ObservationMacros -load-resolved-plugin /Applications/Xcode-27.0.0-Release.Candidate.app/Contents/Developer/Platforms/WatchOS.platform/Developer/usr/lib/swift/host/plugins/libPreviewsMacros.dylib\#/Applications/Xcode-27.0.0-Release.Candidate.app/Contents/Developer/Platforms/WatchOS.platform/Developer/usr/bin/swift-plugin-server\#PreviewsMacros -load-resolved-plugin /Applications/Xcode-27.0.0-Release.Candidate.app/Contents/Developer/Platforms/WatchOS.platform/Developer/usr/lib/swift/host/plugins/libSwiftMacros.dylib\#/Applications/Xcode-27.0.0-Release.Candidate.app/Contents/Developer/Platforms/WatchOS.platform/Developer/usr/bin/swift-plugin-server\#SwiftMacros -load-resolved-plugin /Applications/Xcode-27.0.0-Release.Candidate.app/Contents/Developer/Platforms/WatchOS.platform/Developer/usr/lib/swift/host/plugins/libSwiftUIMacros.dylib\#/Applications/Xcode-27.0.0-Release.Candidate.app/Contents/Developer/Platforms/WatchOS.platform/Developer/usr/bin/swift-plugin-server\#SwiftUIMacros -disable-implicit-swift-modules -Xcc -fno-implicit-modules -Xcc -fno-implicit-module-maps -explicit-swift-module-map-file /Users/admin/builder/spi-builder-workspace/.derivedData/Build/Intermediates.noindex/Greebler.build/Debug-watchos/Greebler-t.build/Objects-normal/arm64/Greebler-dependencies-2.json -Xllvm -aarch64-use-tbi -enable-objc-interop -stack-check -sdk /Applications/Xcode-27.0.0-Release.Candidate.app/Contents/Developer/Platforms/WatchOS.platform/Developer/SDKs/WatchOS27.0.sdk -I /Users/admin/builder/spi-builder-workspace/.derivedData/Build/Products/Debug-watchos -Isystem /Applications/Xcode-27.0.0-Release.Candidate.app/Contents/Developer/Platforms/WatchOS.platform/Developer/usr/lib -F /Users/admin/builder/spi-builder-workspace/.derivedData/Build/Products/Debug-watchos/PackageFrameworks -F /Users/admin/builder/spi-builder-workspace/.derivedData/Build/Products/Debug-watchos -F /Applications/Xcode-27.0.0-Release.Candidate.app/Contents/Developer/Platforms/WatchOS.platform/Developer/Library/Frameworks -F /Applications/Xcode-27.0.0-Release.Candidate.app/Contents/Developer/Platforms/WatchOS.platform/Developer/SDKs/WatchOS27.0.sdk/Developer/Library/Frameworks -module-cache-path /Users/admin/builder/spi-builder-workspace/.derivedData/Build/Intermediates.noindex/SwiftExplicitPrecompiledModules -no-color-diagnostics -Xcc -fno-color-diagnostics -enable-testing -g -debug-info-format\=dwarf -dwarf-version\=4 -profile-generate -profile-coverage-mapping -swift-version 5 -Onone -D SWIFT_PACKAGE -D DEBUG -D SWIFT_MODULE_RESOURCE_BUNDLE_UNAVAILABLE -D Xcode -serialize-debugging-options -enable-experimental-feature DebugDescriptionMacro -empty-abi-descriptor -validate-clang-modules-once -clang-build-session-file /Users/admin/builder/spi-builder-workspace/.derivedData/ModuleCache.noindex/Session.modulevalidation -Xcc -working-directory -Xcc /Users/admin/builder/spi-builder-workspace/.swiftpm/xcode -enable-anonymous-context-mangled-names -file-compilation-dir /Users/admin/builder/spi-builder-workspace/.swiftpm/xcode -Xcc -D_LIBCPP_HARDENING_MODE\=_LIBCPP_HARDENING_MODE_DEBUG -Xcc -ivfsstatcache -Xcc /Users/admin/builder/spi-builder-workspace/.derivedData/SDKStatCaches.noindex/watchos27.0-24R360-e829b21a6f8c9b70876ba0858053c04477534ef55a1706bf4c1112bbb242f0a2.sdkstatcache -Xcc -fmodules-prune-interval\=86400 -Xcc -fmodules-prune-after\=345600 -Xcc -I/Users/admin/builder/spi-builder-workspace/.derivedData/Build/Products/Debug-watchos/include -Xcc -I/Users/admin/builder/spi-builder-workspace/.derivedData/Build/Intermediates.noindex/Greebler.build/Debug-watchos/Greebler-t.build/DerivedSources-normal/arm64 -Xcc -I/Users/admin/builder/spi-builder-workspace/.derivedData/Build/Intermediates.noindex/Greebler.build/Debug-watchos/Greebler-t.build/DerivedSources/arm64 -Xcc -I/Users/admin/builder/spi-builder-workspace/.derivedData/Build/Intermediates.noindex/Greebler.build/Debug-watchos/Greebler-t.build/DerivedSources -Xcc -DSWIFT_PACKAGE -Xcc -DDEBUG\=1 -no-auto-bridging-header-chaining -module-name Greebler -const-gather-protocols-file /Users/admin/builder/spi-builder-workspace/.derivedData/Build/Intermediates.noindex/Greebler.build/Debug-watchos/Greebler-t.build/Objects-normal/arm64/Greebler_const_extract_protocols.json -disable-clang-spi -clang-target arm64-apple-watchos27.0 -target-sdk-version 27.0 -target-sdk-name watchos27.0 -in-process-plugin-server-path /Applications/Xcode-27.0.0-Release.Candidate.app/Contents/Developer/Toolchains/XcodeDefault.xctoolchain/usr/lib/swift/host/libSwiftInProcPluginServer.dylib -parse-as-library -o /Users/admin/builder/spi-builder-workspace/.derivedData/Build/Intermediates.noindex/Greebler.build/Debug-watchos/Greebler-t.build/Objects-normal/arm64/EquipmentTrenchGreebles.o -debug-module-path /Users/admin/builder/spi-builder-workspace/.derivedData/Build/Intermediates.noindex/Greebler.build/Debug-watchos/Greebler-t.build/Objects-normal/arm64/Greebler.swiftmodule -index-unit-output-path /Greebler.build/Debug-watchos/Greebler-t.build/Objects-normal/arm64/EquipmentTrenchGreebles.o -index-store-path /Users/admin/builder/spi-builder-workspace/.derivedData/Index.noindex/DataStore -index-system-modules
SwiftCompile normal arm64 /Users/admin/builder/spi-builder-workspace/Sources/Greebler/EquipmentTrenchGreebles.swift (in target 'Greebler' from project 'Greebler')
    cd /Users/admin/builder/spi-builder-workspace/.swiftpm/xcode
    builtin-SwiftPerFileCompile EquipmentTrenchGreebles.swift
SwiftCompile normal arm64 Compiling\ WireGreebles.swift /Users/admin/builder/spi-builder-workspace/Sources/Greebler/WireGreebles.swift (in target 'Greebler' from project 'Greebler')
SwiftCompile normal arm64 /Users/admin/builder/spi-builder-workspace/Sources/Greebler/WireGreebles.swift (in target 'Greebler' from project 'Greebler')
    cd /Users/admin/builder/spi-builder-workspace/.swiftpm/xcode
    builtin-SwiftPerFileCompile WireGreebles.swift
/Users/admin/builder/spi-builder-workspace/Sources/Greebler/WireGreebles.swift:104:35: error: reference to member 'black' cannot be resolved without a contextual type
102 |                                           width: endpointRadius*2,
103 |                                           height: endpointRadius*2))
104 |             context.setFillColor(.black)
    |                                   `- error: reference to member 'black' cannot be resolved without a contextual type
105 |             context.fillPath()
106 |
SwiftCompile normal arm64 Compiling\ VentGreebles.swift /Users/admin/builder/spi-builder-workspace/Sources/Greebler/VentGreebles.swift (in target 'Greebler' from project 'Greebler')
/Users/admin/builder/spi-builder-workspace/Sources/Greebler/VentGreebles.swift:41:37: error: reference to member 'black' cannot be resolved without a contextual type
39 |
40 |             context.setLineWidth(0.001)
41 |             context.setStrokeColor(.black)
   |                                     `- error: reference to member 'black' cannot be resolved without a contextual type
42 |             context.setFillColor(themeCGColor)
43 |             context.fill(rect)
/Users/admin/builder/spi-builder-workspace/Sources/Greebler/VentGreebles.swift:46:35: error: reference to member 'black' cannot be resolved without a contextual type
44 |             context.stroke(rect)
45 |
46 |             context.setFillColor(.black)
   |                                   `- error: reference to member 'black' cannot be resolved without a contextual type
47 |             let insetRect = rect.insetBy(dx: 0.02, dy: 0.02)
48 |             context.fill(insetRect)
Failed frontend command:
/Applications/Xcode-27.0.0-Release.Candidate.app/Contents/Developer/Toolchains/XcodeDefault.xctoolchain/usr/bin/swift-frontend -frontend -c /Users/admin/builder/spi-builder-workspace/Sources/Greebler/CapitalShipSurfaceGreebles.swift /Users/admin/builder/spi-builder-workspace/Sources/Greebler/CapitalShipWindowsGreebles.swift /Users/admin/builder/spi-builder-workspace/Sources/Greebler/CutawaySectionGreebles.swift /Users/admin/builder/spi-builder-workspace/Sources/Greebler/EquipmentGreebles.swift /Users/admin/builder/spi-builder-workspace/Sources/Greebler/EquipmentTrenchGreebles.swift /Users/admin/builder/spi-builder-workspace/Sources/Greebler/HoseGreebles.swift /Users/admin/builder/spi-builder-workspace/Sources/Greebler/LightPanelGreebles.swift /Users/admin/builder/spi-builder-workspace/Sources/Greebler/PanelGreebles.swift /Users/admin/builder/spi-builder-workspace/Sources/Greebler/PipeGreebles.swift -primary-file /Users/admin/builder/spi-builder-workspace/Sources/Greebler/VentGreebles.swift /Users/admin/builder/spi-builder-workspace/Sources/Greebler/WireGreebles.swift -emit-dependencies-path /Users/admin/builder/spi-builder-workspace/.derivedData/Build/Intermediates.noindex/Greebler.build/Debug-watchos/Greebler-t.build/Objects-normal/arm64/VentGreebles.d -emit-const-values-path /Users/admin/builder/spi-builder-workspace/.derivedData/Build/Intermediates.noindex/Greebler.build/Debug-watchos/Greebler-t.build/Objects-normal/arm64/VentGreebles.swiftconstvalues -emit-reference-dependencies-path /Users/admin/builder/spi-builder-workspace/.derivedData/Build/Intermediates.noindex/Greebler.build/Debug-watchos/Greebler-t.build/Objects-normal/arm64/VentGreebles.swiftdeps -serialize-diagnostics-path /Users/admin/builder/spi-builder-workspace/.derivedData/Build/Intermediates.noindex/Greebler.build/Debug-watchos/Greebler-t.build/Objects-normal/arm64/VentGreebles.dia -target arm64-apple-watchos9.0 -disable-cross-import-overlay-search -load-resolved-plugin /Applications/Xcode-27.0.0-Release.Candidate.app/Contents/Developer/Platforms/WatchOS.platform/Developer/usr/lib/swift/host/plugins/libFoundationMacros.dylib\#/Applications/Xcode-27.0.0-Release.Candidate.app/Contents/Developer/Platforms/WatchOS.platform/Developer/usr/bin/swift-plugin-server\#FoundationMacros -load-resolved-plugin /Applications/Xcode-27.0.0-Release.Candidate.app/Contents/Developer/Platforms/WatchOS.platform/Developer/usr/lib/swift/host/plugins/libObservationMacros.dylib\#/Applications/Xcode-27.0.0-Release.Candidate.app/Contents/Developer/Platforms/WatchOS.platform/Developer/usr/bin/swift-plugin-server\#ObservationMacros -load-resolved-plugin /Applications/Xcode-27.0.0-Release.Candidate.app/Contents/Developer/Platforms/WatchOS.platform/Developer/usr/lib/swift/host/plugins/libPreviewsMacros.dylib\#/Applications/Xcode-27.0.0-Release.Candidate.app/Contents/Developer/Platforms/WatchOS.platform/Developer/usr/bin/swift-plugin-server\#PreviewsMacros -load-resolved-plugin /Applications/Xcode-27.0.0-Release.Candidate.app/Contents/Developer/Platforms/WatchOS.platform/Developer/usr/lib/swift/host/plugins/libSwiftMacros.dylib\#/Applications/Xcode-27.0.0-Release.Candidate.app/Contents/Developer/Platforms/WatchOS.platform/Developer/usr/bin/swift-plugin-server\#SwiftMacros -load-resolved-plugin /Applications/Xcode-27.0.0-Release.Candidate.app/Contents/Developer/Platforms/WatchOS.platform/Developer/usr/lib/swift/host/plugins/libSwiftUIMacros.dylib\#/Applications/Xcode-27.0.0-Release.Candidate.app/Contents/Developer/Platforms/WatchOS.platform/Developer/usr/bin/swift-plugin-server\#SwiftUIMacros -disable-implicit-swift-modules -Xcc -fno-implicit-modules -Xcc -fno-implicit-module-maps -explicit-swift-module-map-file /Users/admin/builder/spi-builder-workspace/.derivedData/Build/Intermediates.noindex/Greebler.build/Debug-watchos/Greebler-t.build/Objects-normal/arm64/Greebler-dependencies-2.json -Xllvm -aarch64-use-tbi -enable-objc-interop -stack-check -sdk /Applications/Xcode-27.0.0-Release.Candidate.app/Contents/Developer/Platforms/WatchOS.platform/Developer/SDKs/WatchOS27.0.sdk -I /Users/admin/builder/spi-builder-workspace/.derivedData/Build/Products/Debug-watchos -Isystem /Applications/Xcode-27.0.0-Release.Candidate.app/Contents/Developer/Platforms/WatchOS.platform/Developer/usr/lib -F /Users/admin/builder/spi-builder-workspace/.derivedData/Build/Products/Debug-watchos/PackageFrameworks -F /Users/admin/builder/spi-builder-workspace/.derivedData/Build/Products/Debug-watchos -F /Applications/Xcode-27.0.0-Release.Candidate.app/Contents/Developer/Platforms/WatchOS.platform/Developer/Library/Frameworks -F /Applications/Xcode-27.0.0-Release.Candidate.app/Contents/Developer/Platforms/WatchOS.platform/Developer/SDKs/WatchOS27.0.sdk/Developer/Library/Frameworks -module-cache-path /Users/admin/builder/spi-builder-workspace/.derivedData/Build/Intermediates.noindex/SwiftExplicitPrecompiledModules -no-color-diagnostics -Xcc -fno-color-diagnostics -enable-testing -g -debug-info-format\=dwarf -dwarf-version\=4 -profile-generate -profile-coverage-mapping -swift-version 5 -Onone -D SWIFT_PACKAGE -D DEBUG -D SWIFT_MODULE_RESOURCE_BUNDLE_UNAVAILABLE -D Xcode -serialize-debugging-options -enable-experimental-feature DebugDescriptionMacro -empty-abi-descriptor -validate-clang-modules-once -clang-build-session-file /Users/admin/builder/spi-builder-workspace/.derivedData/ModuleCache.noindex/Session.modulevalidation -Xcc -working-directory -Xcc /Users/admin/builder/spi-builder-workspace/.swiftpm/xcode -enable-anonymous-context-mangled-names -file-compilation-dir /Users/admin/builder/spi-builder-workspace/.swiftpm/xcode -Xcc -D_LIBCPP_HARDENING_MODE\=_LIBCPP_HARDENING_MODE_DEBUG -Xcc -ivfsstatcache -Xcc /Users/admin/builder/spi-builder-workspace/.derivedData/SDKStatCaches.noindex/watchos27.0-24R360-e829b21a6f8c9b70876ba0858053c04477534ef55a1706bf4c1112bbb242f0a2.sdkstatcache -Xcc -fmodules-prune-interval\=86400 -Xcc -fmodules-prune-after\=345600 -Xcc -I/Users/admin/builder/spi-builder-workspace/.derivedData/Build/Products/Debug-watchos/include -Xcc -I/Users/admin/builder/spi-builder-workspace/.derivedData/Build/Intermediates.noindex/Greebler.build/Debug-watchos/Greebler-t.build/DerivedSources-normal/arm64 -Xcc -I/Users/admin/builder/spi-builder-workspace/.derivedData/Build/Intermediates.noindex/Greebler.build/Debug-watchos/Greebler-t.build/DerivedSources/arm64 -Xcc -I/Users/admin/builder/spi-builder-workspace/.derivedData/Build/Intermediates.noindex/Greebler.build/Debug-watchos/Greebler-t.build/DerivedSources -Xcc -DSWIFT_PACKAGE -Xcc -DDEBUG\=1 -no-auto-bridging-header-chaining -module-name Greebler -const-gather-protocols-file /Users/admin/builder/spi-builder-workspace/.derivedData/Build/Intermediates.noindex/Greebler.build/Debug-watchos/Greebler-t.build/Objects-normal/arm64/Greebler_const_extract_protocols.json -disable-clang-spi -clang-target arm64-apple-watchos27.0 -target-sdk-version 27.0 -target-sdk-name watchos27.0 -in-process-plugin-server-path /Applications/Xcode-27.0.0-Release.Candidate.app/Contents/Developer/Toolchains/XcodeDefault.xctoolchain/usr/lib/swift/host/libSwiftInProcPluginServer.dylib -parse-as-library -o /Users/admin/builder/spi-builder-workspace/.derivedData/Build/Intermediates.noindex/Greebler.build/Debug-watchos/Greebler-t.build/Objects-normal/arm64/VentGreebles.o -debug-module-path /Users/admin/builder/spi-builder-workspace/.derivedData/Build/Intermediates.noindex/Greebler.build/Debug-watchos/Greebler-t.build/Objects-normal/arm64/Greebler.swiftmodule -index-unit-output-path /Greebler.build/Debug-watchos/Greebler-t.build/Objects-normal/arm64/VentGreebles.o -index-store-path /Users/admin/builder/spi-builder-workspace/.derivedData/Index.noindex/DataStore -index-system-modules
SwiftCompile normal arm64 /Users/admin/builder/spi-builder-workspace/Sources/Greebler/VentGreebles.swift (in target 'Greebler' from project 'Greebler')
    cd /Users/admin/builder/spi-builder-workspace/.swiftpm/xcode
    builtin-SwiftPerFileCompile VentGreebles.swift
SwiftCompile normal arm64 Compiling\ LightPanelGreebles.swift /Users/admin/builder/spi-builder-workspace/Sources/Greebler/LightPanelGreebles.swift (in target 'Greebler' from project 'Greebler')
SwiftCompile normal arm64 /Users/admin/builder/spi-builder-workspace/Sources/Greebler/LightPanelGreebles.swift (in target 'Greebler' from project 'Greebler')
    cd /Users/admin/builder/spi-builder-workspace/.swiftpm/xcode
    builtin-SwiftPerFileCompile LightPanelGreebles.swift
SwiftCompile normal arm64 Compiling\ HoseGreebles.swift /Users/admin/builder/spi-builder-workspace/Sources/Greebler/HoseGreebles.swift (in target 'Greebler' from project 'Greebler')
/Users/admin/builder/spi-builder-workspace/Sources/Greebler/HoseGreebles.swift:96:37: error: reference to member 'black' cannot be resolved without a contextual type
 94 |                                           width: endpointRadius*2,
 95 |                                           height: endpointRadius*2))
 96 |             context.setStrokeColor(.black)
    |                                     `- error: reference to member 'black' cannot be resolved without a contextual type
 97 |             context.setLineWidth(0.003)
 98 |             context.strokePath()
SwiftCompile normal arm64 /Users/admin/builder/spi-builder-workspace/Sources/Greebler/HoseGreebles.swift (in target 'Greebler' from project 'Greebler')
    cd /Users/admin/builder/spi-builder-workspace/.swiftpm/xcode
    builtin-SwiftPerFileCompile HoseGreebles.swift
SwiftCompile normal arm64 Compiling\ CutawaySectionGreebles.swift /Users/admin/builder/spi-builder-workspace/Sources/Greebler/CutawaySectionGreebles.swift (in target 'Greebler' from project 'Greebler')
SwiftCompile normal arm64 /Users/admin/builder/spi-builder-workspace/Sources/Greebler/CutawaySectionGreebles.swift (in target 'Greebler' from project 'Greebler')
    cd /Users/admin/builder/spi-builder-workspace/.swiftpm/xcode
    builtin-SwiftPerFileCompile CutawaySectionGreebles.swift
SwiftEmitModule normal arm64_32 Emitting\ module\ for\ Greebler (in target 'Greebler' from project 'Greebler')
SwiftCompile normal arm64_32 (in target 'Greebler' from project 'Greebler')
    cd /Users/admin/builder/spi-builder-workspace/.swiftpm/xcode

SwiftCompile normal arm64_32 Compiling\ CapitalShipSurfaceGreebles.swift,\ CapitalShipWindowsGreebles.swift /Users/admin/builder/spi-builder-workspace/Sources/Greebler/CapitalShipSurfaceGreebles.swift /Users/admin/builder/spi-builder-workspace/Sources/Greebler/CapitalShipWindowsGreebles.swift (in target 'Greebler' from project 'Greebler')
SwiftCompile normal arm64_32 /Users/admin/builder/spi-builder-workspace/Sources/Greebler/CapitalShipSurfaceGreebles.swift (in target 'Greebler' from project 'Greebler')
    cd /Users/admin/builder/spi-builder-workspace/.swiftpm/xcode
    builtin-SwiftPerFileCompile CapitalShipSurfaceGreebles.swift
SwiftCompile normal arm64_32 /Users/admin/builder/spi-builder-workspace/Sources/Greebler/CapitalShipWindowsGreebles.swift (in target 'Greebler' from project 'Greebler')
    cd /Users/admin/builder/spi-builder-workspace/.swiftpm/xcode
    builtin-SwiftPerFileCompile CapitalShipWindowsGreebles.swift
SwiftEmitModule normal arm64_32 Emitting\ module\ for\ Aesthete (in target 'Aesthete' from project 'Aesthete')
SwiftCompile normal arm64_32 (in target 'Aesthete' from project 'Aesthete')
    cd /Users/admin/builder/spi-builder-workspace/.swiftpm/xcode

PruneExplicitPrecompiledModules /Users/admin/builder/spi-builder-workspace/.derivedData/Build/Intermediates.noindex/SwiftExplicitPrecompiledModules
PruneExplicitPrecompiledModules /Users/admin/builder/spi-builder-workspace/.derivedData/Build/Intermediates.noindex/ExplicitPrecompiledModules
PruneExplicitPrecompiledModules /Users/admin/builder/spi-builder-workspace/.derivedData/SDKExplicitPrecompiledModules
2026-09-20 02:24:19.785 xcodebuild[927:5583] [MT] IDERunDestination: Supported platforms for the buildables in the current scheme is empty.
** BUILD FAILED **
The following build commands failed:
	SwiftCompile normal arm64 Compiling\ EquipmentTrenchGreebles.swift /Users/admin/builder/spi-builder-workspace/Sources/Greebler/EquipmentTrenchGreebles.swift (in target 'Greebler' from project 'Greebler')
	SwiftCompile normal arm64 /Users/admin/builder/spi-builder-workspace/Sources/Greebler/EquipmentTrenchGreebles.swift (in target 'Greebler' from project 'Greebler')
	SwiftCompile normal arm64 Compiling\ VentGreebles.swift /Users/admin/builder/spi-builder-workspace/Sources/Greebler/VentGreebles.swift (in target 'Greebler' from project 'Greebler')
	SwiftCompile normal arm64 /Users/admin/builder/spi-builder-workspace/Sources/Greebler/VentGreebles.swift (in target 'Greebler' from project 'Greebler')
	Building workspace Greebler with scheme Greebler
(5 failures)
BUILD FAILURE 6.4 watchOS