The Swift Package Index logo.Swift Package Index

Build Information

Failed to build DTOnboarding, reference 2.0.5 (6e8a12), with Swift 6.4 for watchOS using Xcode 27.0 on 23 Sep 2026 03:27:40 UTC.

Build Command

env DEVELOPER_DIR=/Applications/Xcode-27.0.0-Release.Candidate.app xcrun xcodebuild -IDEClonedSourcePackagesDirPathOverride=$PWD/.dependencies -skipMacroValidation -skipPackagePluginValidation -derivedDataPath $PWD/.derivedData build -scheme DTOnboarding -destination generic/platform=watchOS

Build Log

========================================
RunAll
========================================
Builder version: 5.1.0
Interrupt handler set up.
========================================
Checkout
========================================
Clone URL: https://github.com/demianturner/DTOnboarding.git
Reference: 2.0.5
Initialized empty Git repository in /Users/admin/builder/spi-builder-workspace/.git/
From https://github.com/demianturner/DTOnboarding
 * tag               2.0.5      -> FETCH_HEAD
HEAD is now at 6e8a123 Fix navigation
Cloned https://github.com/demianturner/DTOnboarding.git
Revision (git rev-parse @):
6e8a1230adab6aa0963b71aff1bb56e1cd7f59a0
SUCCESS checkout https://github.com/demianturner/DTOnboarding.git at 2.0.5
========================================
Build
========================================
Selected platform:         watchOS
Swift version:             6.4
Building package at path:  $PWD
https://github.com/demianturner/DTOnboarding.git
Command line invocation:
    /Applications/Xcode-27.0.0-Release.Candidate.app/Contents/Developer/usr/bin/xcodebuild -IDEClonedSourcePackagesDirPathOverride=/Users/admin/builder/spi-builder-workspace/.dependencies -resolvePackageDependencies
Resolve Package Graph
Fetching from https://github.com/demianturner/DTPageControl
Creating working copy of package ‘DTPageControl’
Checking out 1.0.5 of package ‘DTPageControl’
Resolve Package Graph
Resolve Package Graph
Resolved source packages:
  DTOnboarding: /Users/admin/builder/spi-builder-workspace
  DTPageControl: https://github.com/demianturner/DTPageControl @ 1.0.5
resolved source packages: DTOnboarding, DTPageControl
2026-09-22 23:26:51.548 xcodebuild[529:3030] [MT] IDERunDestination: Supported platforms for the buildables in the current scheme is empty.
{
  "dependencies" : [
    {
      "identity" : "dtpagecontrol",
      "requirement" : {
        "range" : [
          {
            "lower_bound" : "1.0.5",
            "upper_bound" : "2.0.0"
          }
        ]
      },
      "type" : "sourceControl",
      "url" : "https://github.com/demianturner/DTPageControl"
    }
  ],
  "manifest_display_name" : "DTOnboarding",
  "name" : "DTOnboarding",
  "path" : "/Users/admin/builder/spi-builder-workspace",
  "platforms" : [
    {
      "name" : "macos",
      "version" : "10.14"
    }
  ],
  "products" : [
    {
      "name" : "DTOnboarding",
      "targets" : [
        "DTOnboarding"
      ],
      "type" : {
        "library" : [
          "automatic"
        ]
      }
    }
  ],
  "targets" : [
    {
      "c99name" : "DTOnboardingTests",
      "module_type" : "SwiftTarget",
      "name" : "DTOnboardingTests",
      "path" : "Tests/DTOnboardingTests",
      "sources" : [
        "DTOnboardingTests.swift",
        "XCTestManifests.swift"
      ],
      "target_dependencies" : [
        "DTOnboarding"
      ],
      "type" : "test"
    },
    {
      "c99name" : "DTOnboarding",
      "module_type" : "SwiftTarget",
      "name" : "DTOnboarding",
      "path" : "Sources/DTOnboarding",
      "product_dependencies" : [
        "DTPageControl"
      ],
      "product_memberships" : [
        "DTOnboarding"
      ],
      "sources" : [
        "DTOnboardingConfig.swift",
        "DTOnboardingController.swift",
        "DTPageController.swift",
        "NSView+Helpers.swift",
        "NSViewController+Helpers.swift"
      ],
      "type" : "library"
    }
  ],
  "tools_version" : "5.2"
}
{
  "workspace" : {
    "name" : "DTOnboarding",
    "schemes" : [
      "DTOnboarding"
    ]
  }
}
2026-09-22 23:27:32.547 xcodebuild[695:4352] [MT] IDERunDestination: Supported platforms for the buildables in the current scheme is empty.
Running build ...
env DEVELOPER_DIR=/Applications/Xcode-27.0.0-Release.Candidate.app xcrun xcodebuild -IDEClonedSourcePackagesDirPathOverride=$PWD/.dependencies -skipMacroValidation -skipPackagePluginValidation -derivedDataPath $PWD/.derivedData build -scheme DTOnboarding -destination generic/platform=watchOS
Command line invocation:
    /Applications/Xcode-27.0.0-Release.Candidate.app/Contents/Developer/usr/bin/xcodebuild -IDEClonedSourcePackagesDirPathOverride=/Users/admin/builder/spi-builder-workspace/.dependencies -skipMacroValidation -skipPackagePluginValidation -derivedDataPath /Users/admin/builder/spi-builder-workspace/.derivedData build -scheme DTOnboarding -destination generic/platform=watchOS
Resolve Package Graph
Resolve Package Graph
Resolved source packages:
  DTOnboarding: /Users/admin/builder/spi-builder-workspace
  DTPageControl: https://github.com/demianturner/DTPageControl @ 1.0.5
ComputePackagePrebuildTargetDependencyGraph
Prepare packages
CreateBuildRequest
SendProjectDescription
CreateBuildOperation
ComputeTargetDependencyGraph
note: Building targets in dependency order
note: Target dependency graph (4 targets)
    Target 'DTOnboarding-product' in project 'DTOnboarding'
        ➜ Explicit dependency on target 'DTOnboarding' in project 'DTOnboarding'
        ➜ Explicit dependency on target 'DTPageControl-product' in project 'DTPageControl'
    Target 'DTOnboarding' in project 'DTOnboarding'
        ➜ Explicit dependency on target 'DTPageControl-product' in project 'DTPageControl'
    Target 'DTPageControl-product' in project 'DTPageControl'
        ➜ Explicit dependency on target 'DTPageControl' in project 'DTPageControl'
    Target 'DTPageControl' in project 'DTPageControl' (no dependencies)
GatherProvisioningInputs
CreateBuildDescription
ExecuteExternalTool /Applications/Xcode-27.0.0-Release.Candidate.app/Contents/Developer/Toolchains/XcodeDefault.xctoolchain/usr/bin/clang -v -E -dM -isysroot /Applications/Xcode-27.0.0-Release.Candidate.app/Contents/Developer/Platforms/WatchOS.platform/Developer/SDKs/WatchOS27.0.sdk -x c -c /dev/null
ExecuteExternalTool /Applications/Xcode-27.0.0-Release.Candidate.app/Contents/Developer/Toolchains/XcodeDefault.xctoolchain/usr/bin/swiftc --version
ExecuteExternalTool /Applications/Xcode-27.0.0-Release.Candidate.app/Contents/Developer/Toolchains/XcodeDefault.xctoolchain/usr/bin/ld -version_details
Build description signature: 7ecc96239ab2c532251c71cb8ed32833
Build description path: /Users/admin/builder/spi-builder-workspace/.derivedData/Build/Intermediates.noindex/XCBuildData/7ecc96239ab2c532251c71cb8ed32833.xcbuilddata
CreateBuildDirectory /Users/admin/builder/spi-builder-workspace/.derivedData/ModuleCache.noindex
    cd /Users/admin/builder/spi-builder-workspace/.swiftpm/xcode
    builtin-create-build-directory /Users/admin/builder/spi-builder-workspace/.derivedData/ModuleCache.noindex
CreateBuildDirectory /Users/admin/builder/spi-builder-workspace/.derivedData/CompilationCache.noindex
    cd /Users/admin/builder/spi-builder-workspace/.swiftpm/xcode
    builtin-create-build-directory /Users/admin/builder/spi-builder-workspace/.derivedData/CompilationCache.noindex
CreateBuildDirectory /Users/admin/builder/spi-builder-workspace/.derivedData/SDKExplicitPrecompiledModules
    cd /Users/admin/builder/spi-builder-workspace/.swiftpm/xcode
    builtin-create-build-directory /Users/admin/builder/spi-builder-workspace/.derivedData/SDKExplicitPrecompiledModules
CreateBuildDirectory /Users/admin/builder/spi-builder-workspace/.derivedData/Build/Products
    cd /Users/admin/builder/spi-builder-workspace/.swiftpm/xcode
    builtin-create-build-directory /Users/admin/builder/spi-builder-workspace/.derivedData/Build/Products
CreateBuildDirectory /Users/admin/builder/spi-builder-workspace/.derivedData/Build/Intermediates.noindex
    cd /Users/admin/builder/spi-builder-workspace/.swiftpm/xcode
    builtin-create-build-directory /Users/admin/builder/spi-builder-workspace/.derivedData/Build/Intermediates.noindex
ClangStatCache /Applications/Xcode-27.0.0-Release.Candidate.app/Contents/Developer/Toolchains/XcodeDefault.xctoolchain/usr/bin/clang-stat-cache /Applications/Xcode-27.0.0-Release.Candidate.app/Contents/Developer/Platforms/WatchOS.platform/Developer/SDKs/WatchOS27.0.sdk /Users/admin/builder/spi-builder-workspace/.derivedData/SDKStatCaches.noindex/watchos27.0-24R360-e829b21a6f8c9b70876ba0858053c04477534ef55a1706bf4c1112bbb242f0a2.sdkstatcache
    cd /Users/admin/builder/spi-builder-workspace/.swiftpm/xcode
    /Applications/Xcode-27.0.0-Release.Candidate.app/Contents/Developer/Toolchains/XcodeDefault.xctoolchain/usr/bin/clang-stat-cache /Applications/Xcode-27.0.0-Release.Candidate.app/Contents/Developer/Platforms/WatchOS.platform/Developer/SDKs/WatchOS27.0.sdk -o /Users/admin/builder/spi-builder-workspace/.derivedData/SDKStatCaches.noindex/watchos27.0-24R360-e829b21a6f8c9b70876ba0858053c04477534ef55a1706bf4c1112bbb242f0a2.sdkstatcache
CreateBuildDirectory /Users/admin/builder/spi-builder-workspace/.derivedData/Build/Products/Debug-watchos
    cd /Users/admin/builder/spi-builder-workspace/.swiftpm/xcode
    builtin-create-build-directory /Users/admin/builder/spi-builder-workspace/.derivedData/Build/Products/Debug-watchos
CreateBuildDirectory /Users/admin/builder/spi-builder-workspace/.derivedData/Build/Intermediates.noindex/SwiftExplicitPrecompiledModules
    cd /Users/admin/builder/spi-builder-workspace/.swiftpm/xcode
    builtin-create-build-directory /Users/admin/builder/spi-builder-workspace/.derivedData/Build/Intermediates.noindex/SwiftExplicitPrecompiledModules
CreateBuildDirectory /Users/admin/builder/spi-builder-workspace/.derivedData/Build/Intermediates.noindex/PrecompiledHeaders
    cd /Users/admin/builder/spi-builder-workspace/.swiftpm/xcode
    builtin-create-build-directory /Users/admin/builder/spi-builder-workspace/.derivedData/Build/Intermediates.noindex/PrecompiledHeaders
CreateBuildDirectory /Users/admin/builder/spi-builder-workspace/.derivedData/Build/Intermediates.noindex/ExplicitPrecompiledModules
    cd /Users/admin/builder/spi-builder-workspace/.swiftpm/xcode
    builtin-create-build-directory /Users/admin/builder/spi-builder-workspace/.derivedData/Build/Intermediates.noindex/ExplicitPrecompiledModules
CreateBuildDirectory /Users/admin/builder/spi-builder-workspace/.derivedData/Build/Intermediates.noindex/EagerLinkingTBDs/Debug-watchos
    cd /Users/admin/builder/spi-builder-workspace/.swiftpm/xcode
    builtin-create-build-directory /Users/admin/builder/spi-builder-workspace/.derivedData/Build/Intermediates.noindex/EagerLinkingTBDs/Debug-watchos
CreateBuildDirectory /Users/admin/builder/spi-builder-workspace/.derivedData/Build/Products/Debug-watchos/PackageFrameworks
    cd /Users/admin/builder/spi-builder-workspace/.swiftpm/xcode
    builtin-create-build-directory /Users/admin/builder/spi-builder-workspace/.derivedData/Build/Products/Debug-watchos/PackageFrameworks
WriteAuxiliaryFile /Users/admin/builder/spi-builder-workspace/.derivedData/Build/Intermediates.noindex/DTPageControl.build/Debug-watchos/DTPageControl-t.build/DTPageControl.modulemap (in target 'DTPageControl' from project 'DTPageControl')
    cd /Users/admin/builder/spi-builder-workspace/.dependencies/checkouts/DTPageControl
    write-file /Users/admin/builder/spi-builder-workspace/.derivedData/Build/Intermediates.noindex/DTPageControl.build/Debug-watchos/DTPageControl-t.build/DTPageControl.modulemap
WriteAuxiliaryFile /Users/admin/builder/spi-builder-workspace/.derivedData/Build/Intermediates.noindex/DTPageControl.build/Debug-watchos/DTPageControl-t.build/Objects-normal/arm64_32/DTPageControl.SwiftFileList (in target 'DTPageControl' from project 'DTPageControl')
    cd /Users/admin/builder/spi-builder-workspace/.dependencies/checkouts/DTPageControl
    write-file /Users/admin/builder/spi-builder-workspace/.derivedData/Build/Intermediates.noindex/DTPageControl.build/Debug-watchos/DTPageControl-t.build/Objects-normal/arm64_32/DTPageControl.SwiftFileList
WriteAuxiliaryFile /Users/admin/builder/spi-builder-workspace/.derivedData/Build/Intermediates.noindex/DTPageControl.build/Debug-watchos/DTPageControl-t.build/Objects-normal/arm64_32/DTPageControl_const_extract_protocols.json (in target 'DTPageControl' from project 'DTPageControl')
    cd /Users/admin/builder/spi-builder-workspace/.dependencies/checkouts/DTPageControl
    write-file /Users/admin/builder/spi-builder-workspace/.derivedData/Build/Intermediates.noindex/DTPageControl.build/Debug-watchos/DTPageControl-t.build/Objects-normal/arm64_32/DTPageControl_const_extract_protocols.json
WriteAuxiliaryFile /Users/admin/builder/spi-builder-workspace/.derivedData/Build/Intermediates.noindex/DTPageControl.build/Debug-watchos/DTPageControl-t.build/Objects-normal/arm64/DTPageControl_const_extract_protocols.json (in target 'DTPageControl' from project 'DTPageControl')
    cd /Users/admin/builder/spi-builder-workspace/.dependencies/checkouts/DTPageControl
    write-file /Users/admin/builder/spi-builder-workspace/.derivedData/Build/Intermediates.noindex/DTPageControl.build/Debug-watchos/DTPageControl-t.build/Objects-normal/arm64/DTPageControl_const_extract_protocols.json
WriteAuxiliaryFile /Users/admin/builder/spi-builder-workspace/.derivedData/Build/Intermediates.noindex/DTPageControl.build/Debug-watchos/DTPageControl-t.build/Objects-normal/arm64_32/DTPageControl.SwiftConstValuesFileList (in target 'DTPageControl' from project 'DTPageControl')
    cd /Users/admin/builder/spi-builder-workspace/.dependencies/checkouts/DTPageControl
    write-file /Users/admin/builder/spi-builder-workspace/.derivedData/Build/Intermediates.noindex/DTPageControl.build/Debug-watchos/DTPageControl-t.build/Objects-normal/arm64_32/DTPageControl.SwiftConstValuesFileList
WriteAuxiliaryFile /Users/admin/builder/spi-builder-workspace/.derivedData/Build/Intermediates.noindex/DTPageControl.build/Debug-watchos/DTPageControl-t.build/Objects-normal/arm64_32/DTPageControl.LinkFileList (in target 'DTPageControl' from project 'DTPageControl')
    cd /Users/admin/builder/spi-builder-workspace/.dependencies/checkouts/DTPageControl
    write-file /Users/admin/builder/spi-builder-workspace/.derivedData/Build/Intermediates.noindex/DTPageControl.build/Debug-watchos/DTPageControl-t.build/Objects-normal/arm64_32/DTPageControl.LinkFileList
WriteAuxiliaryFile /Users/admin/builder/spi-builder-workspace/.derivedData/Build/Intermediates.noindex/DTPageControl.build/Debug-watchos/DTPageControl-t.build/Objects-normal/arm64/DTPageControl.SwiftFileList (in target 'DTPageControl' from project 'DTPageControl')
    cd /Users/admin/builder/spi-builder-workspace/.dependencies/checkouts/DTPageControl
    write-file /Users/admin/builder/spi-builder-workspace/.derivedData/Build/Intermediates.noindex/DTPageControl.build/Debug-watchos/DTPageControl-t.build/Objects-normal/arm64/DTPageControl.SwiftFileList
WriteAuxiliaryFile /Users/admin/builder/spi-builder-workspace/.derivedData/Build/Intermediates.noindex/DTPageControl.build/Debug-watchos/DTPageControl-t.build/Objects-normal/arm64_32/DTPageControl-OutputFileMap.json (in target 'DTPageControl' from project 'DTPageControl')
    cd /Users/admin/builder/spi-builder-workspace/.dependencies/checkouts/DTPageControl
    write-file /Users/admin/builder/spi-builder-workspace/.derivedData/Build/Intermediates.noindex/DTPageControl.build/Debug-watchos/DTPageControl-t.build/Objects-normal/arm64_32/DTPageControl-OutputFileMap.json
WriteAuxiliaryFile /Users/admin/builder/spi-builder-workspace/.derivedData/Build/Intermediates.noindex/DTPageControl.build/Debug-watchos/DTPageControl-t.build/Objects-normal/arm64/DTPageControl.SwiftConstValuesFileList (in target 'DTPageControl' from project 'DTPageControl')
    cd /Users/admin/builder/spi-builder-workspace/.dependencies/checkouts/DTPageControl
    write-file /Users/admin/builder/spi-builder-workspace/.derivedData/Build/Intermediates.noindex/DTPageControl.build/Debug-watchos/DTPageControl-t.build/Objects-normal/arm64/DTPageControl.SwiftConstValuesFileList
WriteAuxiliaryFile /Users/admin/builder/spi-builder-workspace/.derivedData/Build/Intermediates.noindex/DTPageControl.build/Debug-watchos/DTPageControl-t.build/Objects-normal/arm64/DTPageControl.LinkFileList (in target 'DTPageControl' from project 'DTPageControl')
    cd /Users/admin/builder/spi-builder-workspace/.dependencies/checkouts/DTPageControl
    write-file /Users/admin/builder/spi-builder-workspace/.derivedData/Build/Intermediates.noindex/DTPageControl.build/Debug-watchos/DTPageControl-t.build/Objects-normal/arm64/DTPageControl.LinkFileList
WriteAuxiliaryFile /Users/admin/builder/spi-builder-workspace/.derivedData/Build/Intermediates.noindex/DTPageControl.build/Debug-watchos/DTPageControl-t.build/Objects-normal/arm64/DTPageControl-OutputFileMap.json (in target 'DTPageControl' from project 'DTPageControl')
    cd /Users/admin/builder/spi-builder-workspace/.dependencies/checkouts/DTPageControl
    write-file /Users/admin/builder/spi-builder-workspace/.derivedData/Build/Intermediates.noindex/DTPageControl.build/Debug-watchos/DTPageControl-t.build/Objects-normal/arm64/DTPageControl-OutputFileMap.json
WriteAuxiliaryFile /Users/admin/builder/spi-builder-workspace/.derivedData/Build/Intermediates.noindex/DTPageControl.build/Debug-watchos/DTPageControl-t.build/DTPageControl.DependencyStaticMetadataFileList (in target 'DTPageControl' from project 'DTPageControl')
    cd /Users/admin/builder/spi-builder-workspace/.dependencies/checkouts/DTPageControl
    write-file /Users/admin/builder/spi-builder-workspace/.derivedData/Build/Intermediates.noindex/DTPageControl.build/Debug-watchos/DTPageControl-t.build/DTPageControl.DependencyStaticMetadataFileList
WriteAuxiliaryFile /Users/admin/builder/spi-builder-workspace/.derivedData/Build/Intermediates.noindex/DTPageControl.build/Debug-watchos/DTPageControl-t.build/DTPageControl.DependencyMetadataFileList (in target 'DTPageControl' from project 'DTPageControl')
    cd /Users/admin/builder/spi-builder-workspace/.dependencies/checkouts/DTPageControl
    write-file /Users/admin/builder/spi-builder-workspace/.derivedData/Build/Intermediates.noindex/DTPageControl.build/Debug-watchos/DTPageControl-t.build/DTPageControl.DependencyMetadataFileList
Copy /Users/admin/builder/spi-builder-workspace/.derivedData/Build/Intermediates.noindex/GeneratedModuleMaps-watchos/DTPageControl.modulemap /Users/admin/builder/spi-builder-workspace/.derivedData/Build/Intermediates.noindex/DTPageControl.build/Debug-watchos/DTPageControl-t.build/DTPageControl.modulemap (in target 'DTPageControl' from project 'DTPageControl')
    cd /Users/admin/builder/spi-builder-workspace/.dependencies/checkouts/DTPageControl
    builtin-copy -exclude .DS_Store -exclude CVS -exclude .svn -exclude .git -exclude .hg -resolve-src-symlinks /Users/admin/builder/spi-builder-workspace/.derivedData/Build/Intermediates.noindex/DTPageControl.build/Debug-watchos/DTPageControl-t.build/DTPageControl.modulemap /Users/admin/builder/spi-builder-workspace/.derivedData/Build/Intermediates.noindex/GeneratedModuleMaps-watchos
WriteAuxiliaryFile /Users/admin/builder/spi-builder-workspace/.derivedData/Build/Intermediates.noindex/DTOnboarding.build/Debug-watchos/DTOnboarding-t.build/Objects-normal/arm64_32/DTOnboarding.SwiftFileList (in target 'DTOnboarding' from project 'DTOnboarding')
    cd /Users/admin/builder/spi-builder-workspace
    write-file /Users/admin/builder/spi-builder-workspace/.derivedData/Build/Intermediates.noindex/DTOnboarding.build/Debug-watchos/DTOnboarding-t.build/Objects-normal/arm64_32/DTOnboarding.SwiftFileList
WriteAuxiliaryFile /Users/admin/builder/spi-builder-workspace/.derivedData/Build/Intermediates.noindex/DTOnboarding.build/Debug-watchos/DTOnboarding-t.build/Objects-normal/arm64_32/DTOnboarding_const_extract_protocols.json (in target 'DTOnboarding' from project 'DTOnboarding')
    cd /Users/admin/builder/spi-builder-workspace
    write-file /Users/admin/builder/spi-builder-workspace/.derivedData/Build/Intermediates.noindex/DTOnboarding.build/Debug-watchos/DTOnboarding-t.build/Objects-normal/arm64_32/DTOnboarding_const_extract_protocols.json
WriteAuxiliaryFile /Users/admin/builder/spi-builder-workspace/.derivedData/Build/Intermediates.noindex/DTOnboarding.build/Debug-watchos/DTOnboarding-t.build/Objects-normal/arm64_32/DTOnboarding.LinkFileList (in target 'DTOnboarding' from project 'DTOnboarding')
    cd /Users/admin/builder/spi-builder-workspace
    write-file /Users/admin/builder/spi-builder-workspace/.derivedData/Build/Intermediates.noindex/DTOnboarding.build/Debug-watchos/DTOnboarding-t.build/Objects-normal/arm64_32/DTOnboarding.LinkFileList
WriteAuxiliaryFile /Users/admin/builder/spi-builder-workspace/.derivedData/Build/Intermediates.noindex/DTOnboarding.build/Debug-watchos/DTOnboarding-t.build/Objects-normal/arm64_32/DTOnboarding.SwiftConstValuesFileList (in target 'DTOnboarding' from project 'DTOnboarding')
    cd /Users/admin/builder/spi-builder-workspace
    write-file /Users/admin/builder/spi-builder-workspace/.derivedData/Build/Intermediates.noindex/DTOnboarding.build/Debug-watchos/DTOnboarding-t.build/Objects-normal/arm64_32/DTOnboarding.SwiftConstValuesFileList
WriteAuxiliaryFile /Users/admin/builder/spi-builder-workspace/.derivedData/Build/Intermediates.noindex/DTOnboarding.build/Debug-watchos/DTOnboarding-t.build/Objects-normal/arm64_32/DTOnboarding-OutputFileMap.json (in target 'DTOnboarding' from project 'DTOnboarding')
    cd /Users/admin/builder/spi-builder-workspace
    write-file /Users/admin/builder/spi-builder-workspace/.derivedData/Build/Intermediates.noindex/DTOnboarding.build/Debug-watchos/DTOnboarding-t.build/Objects-normal/arm64_32/DTOnboarding-OutputFileMap.json
WriteAuxiliaryFile /Users/admin/builder/spi-builder-workspace/.derivedData/Build/Intermediates.noindex/DTOnboarding.build/Debug-watchos/DTOnboarding-t.build/Objects-normal/arm64/DTOnboarding_const_extract_protocols.json (in target 'DTOnboarding' from project 'DTOnboarding')
    cd /Users/admin/builder/spi-builder-workspace
    write-file /Users/admin/builder/spi-builder-workspace/.derivedData/Build/Intermediates.noindex/DTOnboarding.build/Debug-watchos/DTOnboarding-t.build/Objects-normal/arm64/DTOnboarding_const_extract_protocols.json
WriteAuxiliaryFile /Users/admin/builder/spi-builder-workspace/.derivedData/Build/Intermediates.noindex/DTOnboarding.build/Debug-watchos/DTOnboarding-t.build/Objects-normal/arm64/DTOnboarding.SwiftFileList (in target 'DTOnboarding' from project 'DTOnboarding')
    cd /Users/admin/builder/spi-builder-workspace
    write-file /Users/admin/builder/spi-builder-workspace/.derivedData/Build/Intermediates.noindex/DTOnboarding.build/Debug-watchos/DTOnboarding-t.build/Objects-normal/arm64/DTOnboarding.SwiftFileList
WriteAuxiliaryFile /Users/admin/builder/spi-builder-workspace/.derivedData/Build/Intermediates.noindex/DTOnboarding.build/Debug-watchos/DTOnboarding-t.build/Objects-normal/arm64/DTOnboarding.SwiftConstValuesFileList (in target 'DTOnboarding' from project 'DTOnboarding')
    cd /Users/admin/builder/spi-builder-workspace
    write-file /Users/admin/builder/spi-builder-workspace/.derivedData/Build/Intermediates.noindex/DTOnboarding.build/Debug-watchos/DTOnboarding-t.build/Objects-normal/arm64/DTOnboarding.SwiftConstValuesFileList
WriteAuxiliaryFile /Users/admin/builder/spi-builder-workspace/.derivedData/Build/Intermediates.noindex/DTOnboarding.build/Debug-watchos/DTOnboarding-t.build/Objects-normal/arm64/DTOnboarding.LinkFileList (in target 'DTOnboarding' from project 'DTOnboarding')
    cd /Users/admin/builder/spi-builder-workspace
    write-file /Users/admin/builder/spi-builder-workspace/.derivedData/Build/Intermediates.noindex/DTOnboarding.build/Debug-watchos/DTOnboarding-t.build/Objects-normal/arm64/DTOnboarding.LinkFileList
WriteAuxiliaryFile /Users/admin/builder/spi-builder-workspace/.derivedData/Build/Intermediates.noindex/DTOnboarding.build/Debug-watchos/DTOnboarding-t.build/Objects-normal/arm64/DTOnboarding-OutputFileMap.json (in target 'DTOnboarding' from project 'DTOnboarding')
    cd /Users/admin/builder/spi-builder-workspace
    write-file /Users/admin/builder/spi-builder-workspace/.derivedData/Build/Intermediates.noindex/DTOnboarding.build/Debug-watchos/DTOnboarding-t.build/Objects-normal/arm64/DTOnboarding-OutputFileMap.json
WriteAuxiliaryFile /Users/admin/builder/spi-builder-workspace/.derivedData/Build/Intermediates.noindex/DTOnboarding.build/Debug-watchos/DTOnboarding-t.build/DTOnboarding.modulemap (in target 'DTOnboarding' from project 'DTOnboarding')
    cd /Users/admin/builder/spi-builder-workspace
    write-file /Users/admin/builder/spi-builder-workspace/.derivedData/Build/Intermediates.noindex/DTOnboarding.build/Debug-watchos/DTOnboarding-t.build/DTOnboarding.modulemap
WriteAuxiliaryFile /Users/admin/builder/spi-builder-workspace/.derivedData/Build/Intermediates.noindex/DTOnboarding.build/Debug-watchos/DTOnboarding-t.build/DTOnboarding.DependencyStaticMetadataFileList (in target 'DTOnboarding' from project 'DTOnboarding')
    cd /Users/admin/builder/spi-builder-workspace
    write-file /Users/admin/builder/spi-builder-workspace/.derivedData/Build/Intermediates.noindex/DTOnboarding.build/Debug-watchos/DTOnboarding-t.build/DTOnboarding.DependencyStaticMetadataFileList
WriteAuxiliaryFile /Users/admin/builder/spi-builder-workspace/.derivedData/Build/Intermediates.noindex/DTOnboarding.build/Debug-watchos/DTOnboarding-t.build/DTOnboarding.DependencyMetadataFileList (in target 'DTOnboarding' from project 'DTOnboarding')
    cd /Users/admin/builder/spi-builder-workspace
    write-file /Users/admin/builder/spi-builder-workspace/.derivedData/Build/Intermediates.noindex/DTOnboarding.build/Debug-watchos/DTOnboarding-t.build/DTOnboarding.DependencyMetadataFileList
Copy /Users/admin/builder/spi-builder-workspace/.derivedData/Build/Intermediates.noindex/GeneratedModuleMaps-watchos/DTOnboarding.modulemap /Users/admin/builder/spi-builder-workspace/.derivedData/Build/Intermediates.noindex/DTOnboarding.build/Debug-watchos/DTOnboarding-t.build/DTOnboarding.modulemap (in target 'DTOnboarding' from project 'DTOnboarding')
    cd /Users/admin/builder/spi-builder-workspace
    builtin-copy -exclude .DS_Store -exclude CVS -exclude .svn -exclude .git -exclude .hg -resolve-src-symlinks /Users/admin/builder/spi-builder-workspace/.derivedData/Build/Intermediates.noindex/DTOnboarding.build/Debug-watchos/DTOnboarding-t.build/DTOnboarding.modulemap /Users/admin/builder/spi-builder-workspace/.derivedData/Build/Intermediates.noindex/GeneratedModuleMaps-watchos
SwiftDriver DTPageControl normal arm64 com.apple.xcode.tools.swift.compiler (in target 'DTPageControl' from project 'DTPageControl')
    cd /Users/admin/builder/spi-builder-workspace/.swiftpm/xcode
    builtin-SwiftDriver -- /Applications/Xcode-27.0.0-Release.Candidate.app/Contents/Developer/Toolchains/XcodeDefault.xctoolchain/usr/bin/swiftc -parse-as-library -module-name DTPageControl -Onone @/Users/admin/builder/spi-builder-workspace/.derivedData/Build/Intermediates.noindex/DTPageControl.build/Debug-watchos/DTPageControl-t.build/Objects-normal/arm64/DTPageControl.SwiftFileList -DSWIFT_PACKAGE -DDEBUG -DSWIFT_MODULE_RESOURCE_BUNDLE_UNAVAILABLE -DXcode -plugin-path /Applications/Xcode-27.0.0-Release.Candidate.app/Contents/Developer/Toolchains/XcodeDefault.xctoolchain/usr/lib/swift/host/plugins/testing -enable-experimental-feature DebugDescriptionMacro -sdk /Applications/Xcode-27.0.0-Release.Candidate.app/Contents/Developer/Platforms/WatchOS.platform/Developer/SDKs/WatchOS27.0.sdk -target arm64-apple-watchos9.0 -g -module-cache-path /Users/admin/builder/spi-builder-workspace/.derivedData/ModuleCache.noindex -Xfrontend -serialize-debugging-options -profile-coverage-mapping -profile-generate -enable-testing -suppress-warnings -index-store-path /Users/admin/builder/spi-builder-workspace/.derivedData/Index.noindex/DataStore -Xcc -D_LIBCPP_HARDENING_MODE\=_LIBCPP_HARDENING_MODE_DEBUG -swift-version 5 -I /Users/admin/builder/spi-builder-workspace/.derivedData/Build/Products/Debug-watchos -Isystem /Applications/Xcode-27.0.0-Release.Candidate.app/Contents/Developer/Platforms/WatchOS.platform/Developer/usr/lib -F /Users/admin/builder/spi-builder-workspace/.derivedData/Build/Products/Debug-watchos -F /Applications/Xcode-27.0.0-Release.Candidate.app/Contents/Developer/Platforms/WatchOS.platform/Developer/Library/Frameworks -F /Applications/Xcode-27.0.0-Release.Candidate.app/Contents/Developer/Platforms/WatchOS.platform/Developer/SDKs/WatchOS27.0.sdk/Developer/Library/Frameworks -c -j10 -enable-batch-mode -incremental -Xcc -ivfsstatcache -Xcc /Users/admin/builder/spi-builder-workspace/.derivedData/SDKStatCaches.noindex/watchos27.0-24R360-e829b21a6f8c9b70876ba0858053c04477534ef55a1706bf4c1112bbb242f0a2.sdkstatcache -output-file-map /Users/admin/builder/spi-builder-workspace/.derivedData/Build/Intermediates.noindex/DTPageControl.build/Debug-watchos/DTPageControl-t.build/Objects-normal/arm64/DTPageControl-OutputFileMap.json -save-temps -no-color-diagnostics -explicit-module-build -module-cache-path /Users/admin/builder/spi-builder-workspace/.derivedData/Build/Intermediates.noindex/SwiftExplicitPrecompiledModules -clang-scanner-module-cache-path /Users/admin/builder/spi-builder-workspace/.derivedData/ModuleCache.noindex -sdk-module-cache-path /Users/admin/builder/spi-builder-workspace/.derivedData/SDKExplicitPrecompiledModules -emit-dependencies -emit-module -emit-module-path /Users/admin/builder/spi-builder-workspace/.derivedData/Build/Intermediates.noindex/DTPageControl.build/Debug-watchos/DTPageControl-t.build/Objects-normal/arm64/DTPageControl.swiftmodule -serialize-diagnostics -dependency-scan-serialize-diagnostics-path /Users/admin/builder/spi-builder-workspace/.derivedData/Build/Intermediates.noindex/DTPageControl.build/Debug-watchos/DTPageControl-t.build/Objects-normal/arm64/DTPageControl-dependency-scan.dia -validate-clang-modules-once -clang-build-session-file /Users/admin/builder/spi-builder-workspace/.derivedData/ModuleCache.noindex/Session.modulevalidation -Xcc -fmodules-prune-interval\=86400 -Xcc -fmodules-prune-after\=345600 -emit-const-values -const-gather-protocols-list /Users/admin/builder/spi-builder-workspace/.derivedData/Build/Intermediates.noindex/DTPageControl.build/Debug-watchos/DTPageControl-t.build/Objects-normal/arm64/DTPageControl_const_extract_protocols.json -Xcc -I/Users/admin/builder/spi-builder-workspace/.derivedData/Build/Products/Debug-watchos/include -Xcc -I/Users/admin/builder/spi-builder-workspace/.derivedData/Build/Intermediates.noindex/DTPageControl.build/Debug-watchos/DTPageControl-t.build/DerivedSources-normal/arm64 -Xcc -I/Users/admin/builder/spi-builder-workspace/.derivedData/Build/Intermediates.noindex/DTPageControl.build/Debug-watchos/DTPageControl-t.build/DerivedSources/arm64 -Xcc -I/Users/admin/builder/spi-builder-workspace/.derivedData/Build/Intermediates.noindex/DTPageControl.build/Debug-watchos/DTPageControl-t.build/DerivedSources -Xcc -DSWIFT_PACKAGE -Xcc -DDEBUG\=1 -emit-objc-header -emit-objc-header-path /Users/admin/builder/spi-builder-workspace/.derivedData/Build/Intermediates.noindex/DTPageControl.build/Debug-watchos/DTPageControl-t.build/Objects-normal/arm64/DTPageControl-Swift.h -working-directory /Users/admin/builder/spi-builder-workspace/.swiftpm/xcode -experimental-emit-module-separately -disable-cmo
/Users/admin/builder/spi-builder-workspace/.dependencies/checkouts/DTPageControl/Sources/DTPageControl/DTPageControl.swift:10:8: error: Unable to resolve module dependency: 'AppKit' (in target 'DTPageControl' from project 'DTPageControl')
    note: A dependency of main module 'DTPageControl'
/Users/admin/builder/spi-builder-workspace/.dependencies/checkouts/DTPageControl/Sources/DTPageControl/DTPageControl.swift:10:8: note: A dependency of main module 'DTPageControl'
import AppKit
       ^ (in target 'DTPageControl' from project 'DTPageControl')
SwiftDriver DTPageControl normal arm64_32 com.apple.xcode.tools.swift.compiler (in target 'DTPageControl' from project 'DTPageControl')
    cd /Users/admin/builder/spi-builder-workspace/.swiftpm/xcode
    builtin-SwiftDriver -- /Applications/Xcode-27.0.0-Release.Candidate.app/Contents/Developer/Toolchains/XcodeDefault.xctoolchain/usr/bin/swiftc -parse-as-library -module-name DTPageControl -Onone @/Users/admin/builder/spi-builder-workspace/.derivedData/Build/Intermediates.noindex/DTPageControl.build/Debug-watchos/DTPageControl-t.build/Objects-normal/arm64_32/DTPageControl.SwiftFileList -DSWIFT_PACKAGE -DDEBUG -DSWIFT_MODULE_RESOURCE_BUNDLE_UNAVAILABLE -DXcode -plugin-path /Applications/Xcode-27.0.0-Release.Candidate.app/Contents/Developer/Toolchains/XcodeDefault.xctoolchain/usr/lib/swift/host/plugins/testing -enable-experimental-feature DebugDescriptionMacro -sdk /Applications/Xcode-27.0.0-Release.Candidate.app/Contents/Developer/Platforms/WatchOS.platform/Developer/SDKs/WatchOS27.0.sdk -target arm64_32-apple-watchos9.0 -g -module-cache-path /Users/admin/builder/spi-builder-workspace/.derivedData/ModuleCache.noindex -Xfrontend -serialize-debugging-options -profile-coverage-mapping -profile-generate -enable-testing -suppress-warnings -index-store-path /Users/admin/builder/spi-builder-workspace/.derivedData/Index.noindex/DataStore -Xcc -D_LIBCPP_HARDENING_MODE\=_LIBCPP_HARDENING_MODE_DEBUG -swift-version 5 -I /Users/admin/builder/spi-builder-workspace/.derivedData/Build/Products/Debug-watchos -Isystem /Applications/Xcode-27.0.0-Release.Candidate.app/Contents/Developer/Platforms/WatchOS.platform/Developer/usr/lib -F /Users/admin/builder/spi-builder-workspace/.derivedData/Build/Products/Debug-watchos -F /Applications/Xcode-27.0.0-Release.Candidate.app/Contents/Developer/Platforms/WatchOS.platform/Developer/Library/Frameworks -F /Applications/Xcode-27.0.0-Release.Candidate.app/Contents/Developer/Platforms/WatchOS.platform/Developer/SDKs/WatchOS27.0.sdk/Developer/Library/Frameworks -c -j10 -enable-batch-mode -incremental -Xcc -ivfsstatcache -Xcc /Users/admin/builder/spi-builder-workspace/.derivedData/SDKStatCaches.noindex/watchos27.0-24R360-e829b21a6f8c9b70876ba0858053c04477534ef55a1706bf4c1112bbb242f0a2.sdkstatcache -output-file-map /Users/admin/builder/spi-builder-workspace/.derivedData/Build/Intermediates.noindex/DTPageControl.build/Debug-watchos/DTPageControl-t.build/Objects-normal/arm64_32/DTPageControl-OutputFileMap.json -save-temps -no-color-diagnostics -explicit-module-build -module-cache-path /Users/admin/builder/spi-builder-workspace/.derivedData/Build/Intermediates.noindex/SwiftExplicitPrecompiledModules -clang-scanner-module-cache-path /Users/admin/builder/spi-builder-workspace/.derivedData/ModuleCache.noindex -sdk-module-cache-path /Users/admin/builder/spi-builder-workspace/.derivedData/SDKExplicitPrecompiledModules -emit-dependencies -emit-module -emit-module-path /Users/admin/builder/spi-builder-workspace/.derivedData/Build/Intermediates.noindex/DTPageControl.build/Debug-watchos/DTPageControl-t.build/Objects-normal/arm64_32/DTPageControl.swiftmodule -serialize-diagnostics -dependency-scan-serialize-diagnostics-path /Users/admin/builder/spi-builder-workspace/.derivedData/Build/Intermediates.noindex/DTPageControl.build/Debug-watchos/DTPageControl-t.build/Objects-normal/arm64_32/DTPageControl-dependency-scan.dia -validate-clang-modules-once -clang-build-session-file /Users/admin/builder/spi-builder-workspace/.derivedData/ModuleCache.noindex/Session.modulevalidation -Xcc -fmodules-prune-interval\=86400 -Xcc -fmodules-prune-after\=345600 -emit-const-values -const-gather-protocols-list /Users/admin/builder/spi-builder-workspace/.derivedData/Build/Intermediates.noindex/DTPageControl.build/Debug-watchos/DTPageControl-t.build/Objects-normal/arm64_32/DTPageControl_const_extract_protocols.json -Xcc -I/Users/admin/builder/spi-builder-workspace/.derivedData/Build/Products/Debug-watchos/include -Xcc -I/Users/admin/builder/spi-builder-workspace/.derivedData/Build/Intermediates.noindex/DTPageControl.build/Debug-watchos/DTPageControl-t.build/DerivedSources-normal/arm64_32 -Xcc -I/Users/admin/builder/spi-builder-workspace/.derivedData/Build/Intermediates.noindex/DTPageControl.build/Debug-watchos/DTPageControl-t.build/DerivedSources/arm64_32 -Xcc -I/Users/admin/builder/spi-builder-workspace/.derivedData/Build/Intermediates.noindex/DTPageControl.build/Debug-watchos/DTPageControl-t.build/DerivedSources -Xcc -DSWIFT_PACKAGE -Xcc -DDEBUG\=1 -emit-objc-header -emit-objc-header-path /Users/admin/builder/spi-builder-workspace/.derivedData/Build/Intermediates.noindex/DTPageControl.build/Debug-watchos/DTPageControl-t.build/Objects-normal/arm64_32/DTPageControl-Swift.h -working-directory /Users/admin/builder/spi-builder-workspace/.swiftpm/xcode -experimental-emit-module-separately -disable-cmo
/Users/admin/builder/spi-builder-workspace/.dependencies/checkouts/DTPageControl/Sources/DTPageControl/DTPageControl.swift:10:8: error: Unable to resolve module dependency: 'AppKit' (in target 'DTPageControl' from project 'DTPageControl')
    note: A dependency of main module 'DTPageControl'
/Users/admin/builder/spi-builder-workspace/.dependencies/checkouts/DTPageControl/Sources/DTPageControl/DTPageControl.swift:10:8: note: A dependency of main module 'DTPageControl'
import AppKit
       ^ (in target 'DTPageControl' from project 'DTPageControl')
PruneExplicitPrecompiledModules /Users/admin/builder/spi-builder-workspace/.derivedData/Build/Intermediates.noindex/ExplicitPrecompiledModules
PruneExplicitPrecompiledModules /Users/admin/builder/spi-builder-workspace/.derivedData/Build/Intermediates.noindex/SwiftExplicitPrecompiledModules
PruneExplicitPrecompiledModules /Users/admin/builder/spi-builder-workspace/.derivedData/SDKExplicitPrecompiledModules
2026-09-22 23:27:34.719 xcodebuild[696:4394] [MT] IDERunDestination: Supported platforms for the buildables in the current scheme is empty.
** BUILD FAILED **
The following build commands failed:
	SwiftDriver DTPageControl normal arm64 com.apple.xcode.tools.swift.compiler (in target 'DTPageControl' from project 'DTPageControl')
	SwiftDriver DTPageControl normal arm64_32 com.apple.xcode.tools.swift.compiler (in target 'DTPageControl' from project 'DTPageControl')
	Building workspace DTOnboarding with scheme DTOnboarding
(3 failures)
Command line invocation:
    /Applications/Xcode-27.0.0-Release.Candidate.app/Contents/Developer/usr/bin/xcodebuild -IDEClonedSourcePackagesDirPathOverride=/Users/admin/builder/spi-builder-workspace/.dependencies -resolvePackageDependencies
Resolve Package Graph
Resolved source packages:
  DTOnboarding: /Users/admin/builder/spi-builder-workspace
  DTPageControl: https://github.com/demianturner/DTPageControl @ 1.0.5
resolved source packages: DTOnboarding, DTPageControl
2026-09-22 23:27:37.449 xcodebuild[719:4580] [MT] IDERunDestination: Supported platforms for the buildables in the current scheme is empty.
{
  "dependencies" : [
    {
      "identity" : "dtpagecontrol",
      "requirement" : {
        "range" : [
          {
            "lower_bound" : "1.0.5",
            "upper_bound" : "2.0.0"
          }
        ]
      },
      "type" : "sourceControl",
      "url" : "https://github.com/demianturner/DTPageControl"
    }
  ],
  "manifest_display_name" : "DTOnboarding",
  "name" : "DTOnboarding",
  "path" : "/Users/admin/builder/spi-builder-workspace",
  "platforms" : [
    {
      "name" : "macos",
      "version" : "10.14"
    }
  ],
  "products" : [
    {
      "name" : "DTOnboarding",
      "targets" : [
        "DTOnboarding"
      ],
      "type" : {
        "library" : [
          "automatic"
        ]
      }
    }
  ],
  "targets" : [
    {
      "c99name" : "DTOnboardingTests",
      "module_type" : "SwiftTarget",
      "name" : "DTOnboardingTests",
      "path" : "Tests/DTOnboardingTests",
      "sources" : [
        "DTOnboardingTests.swift",
        "XCTestManifests.swift"
      ],
      "target_dependencies" : [
        "DTOnboarding"
      ],
      "type" : "test"
    },
    {
      "c99name" : "DTOnboarding",
      "module_type" : "SwiftTarget",
      "name" : "DTOnboarding",
      "path" : "Sources/DTOnboarding",
      "product_dependencies" : [
        "DTPageControl"
      ],
      "product_memberships" : [
        "DTOnboarding"
      ],
      "sources" : [
        "DTOnboardingConfig.swift",
        "DTOnboardingController.swift",
        "DTPageController.swift",
        "NSView+Helpers.swift",
        "NSViewController+Helpers.swift"
      ],
      "type" : "library"
    }
  ],
  "tools_version" : "5.2"
}
{
  "workspace" : {
    "name" : "DTOnboarding",
    "schemes" : [
      "DTOnboarding"
    ]
  }
}
2026-09-22 23:27:38.716 xcodebuild[727:4636] [MT] IDERunDestination: Supported platforms for the buildables in the current scheme is empty.
Running build ...
env DEVELOPER_DIR=/Applications/Xcode-27.0.0-Release.Candidate.app xcrun xcodebuild -IDEClonedSourcePackagesDirPathOverride=$PWD/.dependencies -skipMacroValidation -skipPackagePluginValidation -derivedDataPath $PWD/.derivedData build -scheme DTOnboarding -destination generic/platform=watchOS
Command line invocation:
    /Applications/Xcode-27.0.0-Release.Candidate.app/Contents/Developer/usr/bin/xcodebuild -IDEClonedSourcePackagesDirPathOverride=/Users/admin/builder/spi-builder-workspace/.dependencies -skipMacroValidation -skipPackagePluginValidation -derivedDataPath /Users/admin/builder/spi-builder-workspace/.derivedData build -scheme DTOnboarding -destination generic/platform=watchOS
Resolve Package Graph
Resolved source packages:
  DTOnboarding: /Users/admin/builder/spi-builder-workspace
  DTPageControl: https://github.com/demianturner/DTPageControl @ 1.0.5
ComputePackagePrebuildTargetDependencyGraph
Prepare packages
CreateBuildRequest
SendProjectDescription
CreateBuildOperation
ComputeTargetDependencyGraph
note: Building targets in dependency order
note: Target dependency graph (4 targets)
    Target 'DTOnboarding-product' in project 'DTOnboarding'
        ➜ Explicit dependency on target 'DTOnboarding' in project 'DTOnboarding'
        ➜ Explicit dependency on target 'DTPageControl-product' in project 'DTPageControl'
    Target 'DTOnboarding' in project 'DTOnboarding'
        ➜ Explicit dependency on target 'DTPageControl-product' in project 'DTPageControl'
    Target 'DTPageControl-product' in project 'DTPageControl'
        ➜ Explicit dependency on target 'DTPageControl' in project 'DTPageControl'
    Target 'DTPageControl' in project 'DTPageControl' (no dependencies)
GatherProvisioningInputs
CreateBuildDescription
ClangStatCache /Applications/Xcode-27.0.0-Release.Candidate.app/Contents/Developer/Toolchains/XcodeDefault.xctoolchain/usr/bin/clang-stat-cache /Applications/Xcode-27.0.0-Release.Candidate.app/Contents/Developer/Platforms/WatchOS.platform/Developer/SDKs/WatchOS27.0.sdk /Users/admin/builder/spi-builder-workspace/.derivedData/SDKStatCaches.noindex/watchos27.0-24R360-e829b21a6f8c9b70876ba0858053c04477534ef55a1706bf4c1112bbb242f0a2.sdkstatcache
    cd /Users/admin/builder/spi-builder-workspace/.swiftpm/xcode
    /Applications/Xcode-27.0.0-Release.Candidate.app/Contents/Developer/Toolchains/XcodeDefault.xctoolchain/usr/bin/clang-stat-cache /Applications/Xcode-27.0.0-Release.Candidate.app/Contents/Developer/Platforms/WatchOS.platform/Developer/SDKs/WatchOS27.0.sdk -o /Users/admin/builder/spi-builder-workspace/.derivedData/SDKStatCaches.noindex/watchos27.0-24R360-e829b21a6f8c9b70876ba0858053c04477534ef55a1706bf4c1112bbb242f0a2.sdkstatcache
SwiftDriver DTPageControl normal arm64 com.apple.xcode.tools.swift.compiler (in target 'DTPageControl' from project 'DTPageControl')
    cd /Users/admin/builder/spi-builder-workspace/.swiftpm/xcode
    builtin-SwiftDriver -- /Applications/Xcode-27.0.0-Release.Candidate.app/Contents/Developer/Toolchains/XcodeDefault.xctoolchain/usr/bin/swiftc -parse-as-library -module-name DTPageControl -Onone @/Users/admin/builder/spi-builder-workspace/.derivedData/Build/Intermediates.noindex/DTPageControl.build/Debug-watchos/DTPageControl-t.build/Objects-normal/arm64/DTPageControl.SwiftFileList -DSWIFT_PACKAGE -DDEBUG -DSWIFT_MODULE_RESOURCE_BUNDLE_UNAVAILABLE -DXcode -plugin-path /Applications/Xcode-27.0.0-Release.Candidate.app/Contents/Developer/Toolchains/XcodeDefault.xctoolchain/usr/lib/swift/host/plugins/testing -enable-experimental-feature DebugDescriptionMacro -sdk /Applications/Xcode-27.0.0-Release.Candidate.app/Contents/Developer/Platforms/WatchOS.platform/Developer/SDKs/WatchOS27.0.sdk -target arm64-apple-watchos9.0 -g -module-cache-path /Users/admin/builder/spi-builder-workspace/.derivedData/ModuleCache.noindex -Xfrontend -serialize-debugging-options -profile-coverage-mapping -profile-generate -enable-testing -suppress-warnings -index-store-path /Users/admin/builder/spi-builder-workspace/.derivedData/Index.noindex/DataStore -Xcc -D_LIBCPP_HARDENING_MODE\=_LIBCPP_HARDENING_MODE_DEBUG -swift-version 5 -I /Users/admin/builder/spi-builder-workspace/.derivedData/Build/Products/Debug-watchos -Isystem /Applications/Xcode-27.0.0-Release.Candidate.app/Contents/Developer/Platforms/WatchOS.platform/Developer/usr/lib -F /Users/admin/builder/spi-builder-workspace/.derivedData/Build/Products/Debug-watchos -F /Applications/Xcode-27.0.0-Release.Candidate.app/Contents/Developer/Platforms/WatchOS.platform/Developer/Library/Frameworks -F /Applications/Xcode-27.0.0-Release.Candidate.app/Contents/Developer/Platforms/WatchOS.platform/Developer/SDKs/WatchOS27.0.sdk/Developer/Library/Frameworks -c -j10 -enable-batch-mode -incremental -Xcc -ivfsstatcache -Xcc /Users/admin/builder/spi-builder-workspace/.derivedData/SDKStatCaches.noindex/watchos27.0-24R360-e829b21a6f8c9b70876ba0858053c04477534ef55a1706bf4c1112bbb242f0a2.sdkstatcache -output-file-map /Users/admin/builder/spi-builder-workspace/.derivedData/Build/Intermediates.noindex/DTPageControl.build/Debug-watchos/DTPageControl-t.build/Objects-normal/arm64/DTPageControl-OutputFileMap.json -save-temps -no-color-diagnostics -explicit-module-build -module-cache-path /Users/admin/builder/spi-builder-workspace/.derivedData/Build/Intermediates.noindex/SwiftExplicitPrecompiledModules -clang-scanner-module-cache-path /Users/admin/builder/spi-builder-workspace/.derivedData/ModuleCache.noindex -sdk-module-cache-path /Users/admin/builder/spi-builder-workspace/.derivedData/SDKExplicitPrecompiledModules -emit-dependencies -emit-module -emit-module-path /Users/admin/builder/spi-builder-workspace/.derivedData/Build/Intermediates.noindex/DTPageControl.build/Debug-watchos/DTPageControl-t.build/Objects-normal/arm64/DTPageControl.swiftmodule -serialize-diagnostics -dependency-scan-serialize-diagnostics-path /Users/admin/builder/spi-builder-workspace/.derivedData/Build/Intermediates.noindex/DTPageControl.build/Debug-watchos/DTPageControl-t.build/Objects-normal/arm64/DTPageControl-dependency-scan.dia -validate-clang-modules-once -clang-build-session-file /Users/admin/builder/spi-builder-workspace/.derivedData/ModuleCache.noindex/Session.modulevalidation -Xcc -fmodules-prune-interval\=86400 -Xcc -fmodules-prune-after\=345600 -emit-const-values -const-gather-protocols-list /Users/admin/builder/spi-builder-workspace/.derivedData/Build/Intermediates.noindex/DTPageControl.build/Debug-watchos/DTPageControl-t.build/Objects-normal/arm64/DTPageControl_const_extract_protocols.json -Xcc -I/Users/admin/builder/spi-builder-workspace/.derivedData/Build/Products/Debug-watchos/include -Xcc -I/Users/admin/builder/spi-builder-workspace/.derivedData/Build/Intermediates.noindex/DTPageControl.build/Debug-watchos/DTPageControl-t.build/DerivedSources-normal/arm64 -Xcc -I/Users/admin/builder/spi-builder-workspace/.derivedData/Build/Intermediates.noindex/DTPageControl.build/Debug-watchos/DTPageControl-t.build/DerivedSources/arm64 -Xcc -I/Users/admin/builder/spi-builder-workspace/.derivedData/Build/Intermediates.noindex/DTPageControl.build/Debug-watchos/DTPageControl-t.build/DerivedSources -Xcc -DSWIFT_PACKAGE -Xcc -DDEBUG\=1 -emit-objc-header -emit-objc-header-path /Users/admin/builder/spi-builder-workspace/.derivedData/Build/Intermediates.noindex/DTPageControl.build/Debug-watchos/DTPageControl-t.build/Objects-normal/arm64/DTPageControl-Swift.h -working-directory /Users/admin/builder/spi-builder-workspace/.swiftpm/xcode -experimental-emit-module-separately -disable-cmo
/Users/admin/builder/spi-builder-workspace/.dependencies/checkouts/DTPageControl/Sources/DTPageControl/DTPageControl.swift:10:8: error: Unable to resolve module dependency: 'AppKit' (in target 'DTPageControl' from project 'DTPageControl')
    note: A dependency of main module 'DTPageControl'
/Users/admin/builder/spi-builder-workspace/.dependencies/checkouts/DTPageControl/Sources/DTPageControl/DTPageControl.swift:10:8: note: A dependency of main module 'DTPageControl'
import AppKit
       ^ (in target 'DTPageControl' from project 'DTPageControl')
SwiftDriver DTPageControl normal arm64_32 com.apple.xcode.tools.swift.compiler (in target 'DTPageControl' from project 'DTPageControl')
    cd /Users/admin/builder/spi-builder-workspace/.swiftpm/xcode
    builtin-SwiftDriver -- /Applications/Xcode-27.0.0-Release.Candidate.app/Contents/Developer/Toolchains/XcodeDefault.xctoolchain/usr/bin/swiftc -parse-as-library -module-name DTPageControl -Onone @/Users/admin/builder/spi-builder-workspace/.derivedData/Build/Intermediates.noindex/DTPageControl.build/Debug-watchos/DTPageControl-t.build/Objects-normal/arm64_32/DTPageControl.SwiftFileList -DSWIFT_PACKAGE -DDEBUG -DSWIFT_MODULE_RESOURCE_BUNDLE_UNAVAILABLE -DXcode -plugin-path /Applications/Xcode-27.0.0-Release.Candidate.app/Contents/Developer/Toolchains/XcodeDefault.xctoolchain/usr/lib/swift/host/plugins/testing -enable-experimental-feature DebugDescriptionMacro -sdk /Applications/Xcode-27.0.0-Release.Candidate.app/Contents/Developer/Platforms/WatchOS.platform/Developer/SDKs/WatchOS27.0.sdk -target arm64_32-apple-watchos9.0 -g -module-cache-path /Users/admin/builder/spi-builder-workspace/.derivedData/ModuleCache.noindex -Xfrontend -serialize-debugging-options -profile-coverage-mapping -profile-generate -enable-testing -suppress-warnings -index-store-path /Users/admin/builder/spi-builder-workspace/.derivedData/Index.noindex/DataStore -Xcc -D_LIBCPP_HARDENING_MODE\=_LIBCPP_HARDENING_MODE_DEBUG -swift-version 5 -I /Users/admin/builder/spi-builder-workspace/.derivedData/Build/Products/Debug-watchos -Isystem /Applications/Xcode-27.0.0-Release.Candidate.app/Contents/Developer/Platforms/WatchOS.platform/Developer/usr/lib -F /Users/admin/builder/spi-builder-workspace/.derivedData/Build/Products/Debug-watchos -F /Applications/Xcode-27.0.0-Release.Candidate.app/Contents/Developer/Platforms/WatchOS.platform/Developer/Library/Frameworks -F /Applications/Xcode-27.0.0-Release.Candidate.app/Contents/Developer/Platforms/WatchOS.platform/Developer/SDKs/WatchOS27.0.sdk/Developer/Library/Frameworks -c -j10 -enable-batch-mode -incremental -Xcc -ivfsstatcache -Xcc /Users/admin/builder/spi-builder-workspace/.derivedData/SDKStatCaches.noindex/watchos27.0-24R360-e829b21a6f8c9b70876ba0858053c04477534ef55a1706bf4c1112bbb242f0a2.sdkstatcache -output-file-map /Users/admin/builder/spi-builder-workspace/.derivedData/Build/Intermediates.noindex/DTPageControl.build/Debug-watchos/DTPageControl-t.build/Objects-normal/arm64_32/DTPageControl-OutputFileMap.json -save-temps -no-color-diagnostics -explicit-module-build -module-cache-path /Users/admin/builder/spi-builder-workspace/.derivedData/Build/Intermediates.noindex/SwiftExplicitPrecompiledModules -clang-scanner-module-cache-path /Users/admin/builder/spi-builder-workspace/.derivedData/ModuleCache.noindex -sdk-module-cache-path /Users/admin/builder/spi-builder-workspace/.derivedData/SDKExplicitPrecompiledModules -emit-dependencies -emit-module -emit-module-path /Users/admin/builder/spi-builder-workspace/.derivedData/Build/Intermediates.noindex/DTPageControl.build/Debug-watchos/DTPageControl-t.build/Objects-normal/arm64_32/DTPageControl.swiftmodule -serialize-diagnostics -dependency-scan-serialize-diagnostics-path /Users/admin/builder/spi-builder-workspace/.derivedData/Build/Intermediates.noindex/DTPageControl.build/Debug-watchos/DTPageControl-t.build/Objects-normal/arm64_32/DTPageControl-dependency-scan.dia -validate-clang-modules-once -clang-build-session-file /Users/admin/builder/spi-builder-workspace/.derivedData/ModuleCache.noindex/Session.modulevalidation -Xcc -fmodules-prune-interval\=86400 -Xcc -fmodules-prune-after\=345600 -emit-const-values -const-gather-protocols-list /Users/admin/builder/spi-builder-workspace/.derivedData/Build/Intermediates.noindex/DTPageControl.build/Debug-watchos/DTPageControl-t.build/Objects-normal/arm64_32/DTPageControl_const_extract_protocols.json -Xcc -I/Users/admin/builder/spi-builder-workspace/.derivedData/Build/Products/Debug-watchos/include -Xcc -I/Users/admin/builder/spi-builder-workspace/.derivedData/Build/Intermediates.noindex/DTPageControl.build/Debug-watchos/DTPageControl-t.build/DerivedSources-normal/arm64_32 -Xcc -I/Users/admin/builder/spi-builder-workspace/.derivedData/Build/Intermediates.noindex/DTPageControl.build/Debug-watchos/DTPageControl-t.build/DerivedSources/arm64_32 -Xcc -I/Users/admin/builder/spi-builder-workspace/.derivedData/Build/Intermediates.noindex/DTPageControl.build/Debug-watchos/DTPageControl-t.build/DerivedSources -Xcc -DSWIFT_PACKAGE -Xcc -DDEBUG\=1 -emit-objc-header -emit-objc-header-path /Users/admin/builder/spi-builder-workspace/.derivedData/Build/Intermediates.noindex/DTPageControl.build/Debug-watchos/DTPageControl-t.build/Objects-normal/arm64_32/DTPageControl-Swift.h -working-directory /Users/admin/builder/spi-builder-workspace/.swiftpm/xcode -experimental-emit-module-separately -disable-cmo
/Users/admin/builder/spi-builder-workspace/.dependencies/checkouts/DTPageControl/Sources/DTPageControl/DTPageControl.swift:10:8: error: Unable to resolve module dependency: 'AppKit' (in target 'DTPageControl' from project 'DTPageControl')
    note: A dependency of main module 'DTPageControl'
/Users/admin/builder/spi-builder-workspace/.dependencies/checkouts/DTPageControl/Sources/DTPageControl/DTPageControl.swift:10:8: note: A dependency of main module 'DTPageControl'
import AppKit
       ^ (in target 'DTPageControl' from project 'DTPageControl')
PruneExplicitPrecompiledModules /Users/admin/builder/spi-builder-workspace/.derivedData/SDKExplicitPrecompiledModules
PruneExplicitPrecompiledModules /Users/admin/builder/spi-builder-workspace/.derivedData/Build/Intermediates.noindex/SwiftExplicitPrecompiledModules
PruneExplicitPrecompiledModules /Users/admin/builder/spi-builder-workspace/.derivedData/Build/Intermediates.noindex/ExplicitPrecompiledModules
2026-09-22 23:27:39.708 xcodebuild[728:4659] [MT] IDERunDestination: Supported platforms for the buildables in the current scheme is empty.
** BUILD FAILED **
The following build commands failed:
	SwiftDriver DTPageControl normal arm64 com.apple.xcode.tools.swift.compiler (in target 'DTPageControl' from project 'DTPageControl')
	SwiftDriver DTPageControl normal arm64_32 com.apple.xcode.tools.swift.compiler (in target 'DTPageControl' from project 'DTPageControl')
	Building workspace DTOnboarding with scheme DTOnboarding
(3 failures)
BUILD FAILURE 6.4 watchOS