The Swift Package Index logo.Swift Package Index

Build Information

Failed to build SwiftSnmpKit, reference main (22a673), with Swift 6.4 for watchOS using Xcode 27.0 on 18 Sep 2026 21:21:31 UTC.

Build Command

env DEVELOPER_DIR=/Applications/Xcode-27.0.0-Release.Candidate.app xcrun xcodebuild -IDEClonedSourcePackagesDirPathOverride=$PWD/.dependencies -skipMacroValidation -skipPackagePluginValidation -derivedDataPath $PWD/.derivedData build -scheme SwiftSnmpKit -destination generic/platform=watchOS

Build Log

    cd /Users/admin/builder/spi-builder-workspace/.swiftpm/xcode
    builtin-SwiftPerFileCompile Utilities.swift
SwiftCompile normal arm64_32 /Users/admin/builder/spi-builder-workspace/.dependencies/checkouts/swift-nio/Sources/NIOPosix/VsockAddress.swift (in target 'NIOPosix' from project 'swift-nio')
    cd /Users/admin/builder/spi-builder-workspace/.swiftpm/xcode
    builtin-SwiftPerFileCompile VsockAddress.swift
SwiftCompile normal arm64_32 /Users/admin/builder/spi-builder-workspace/.dependencies/checkouts/swift-nio/Sources/NIOPosix/VsockChannelEvents.swift (in target 'NIOPosix' from project 'swift-nio')
    cd /Users/admin/builder/spi-builder-workspace/.swiftpm/xcode
    builtin-SwiftPerFileCompile VsockChannelEvents.swift
SwiftCompile normal arm64_32 /Users/admin/builder/spi-builder-workspace/.dependencies/checkouts/swift-nio/Sources/NIOPosix/Windows.swift (in target 'NIOPosix' from project 'swift-nio')
    cd /Users/admin/builder/spi-builder-workspace/.swiftpm/xcode
    builtin-SwiftPerFileCompile Windows.swift
SwiftDriverJobDiscovery normal arm64 Compiling Errors+Any.swift, FileDescriptor.swift, GetaddrinfoResolver.swift, HappyEyeballs.swift, IO.swift, IntegerBitPacking.swift (in target 'NIOPosix' from project 'swift-nio')
SwiftCompile normal arm64_32 Compiling\ resource_bundle_accessor.swift,\ BSDSocketAPICommon.swift,\ BSDSocketAPIPosix.swift,\ BSDSocketAPIWindows.swift,\ BaseSocket.swift,\ BaseSocketChannel+AccessibleTransport.swift /Users/admin/builder/spi-builder-workspace/.derivedData/Build/Intermediates.noindex/swift-nio.build/Debug-watchos/NIOPosix-t.build/DerivedSources/resource_bundle_accessor.swift /Users/admin/builder/spi-builder-workspace/.dependencies/checkouts/swift-nio/Sources/NIOPosix/BSDSocketAPICommon.swift /Users/admin/builder/spi-builder-workspace/.dependencies/checkouts/swift-nio/Sources/NIOPosix/BSDSocketAPIPosix.swift /Users/admin/builder/spi-builder-workspace/.dependencies/checkouts/swift-nio/Sources/NIOPosix/BSDSocketAPIWindows.swift /Users/admin/builder/spi-builder-workspace/.dependencies/checkouts/swift-nio/Sources/NIOPosix/BaseSocket.swift /Users/admin/builder/spi-builder-workspace/.dependencies/checkouts/swift-nio/Sources/NIOPosix/BaseSocketChannel+AccessibleTransport.swift (in target 'NIOPosix' from project 'swift-nio')
SwiftCompile normal arm64_32 /Users/admin/builder/spi-builder-workspace/.derivedData/Build/Intermediates.noindex/swift-nio.build/Debug-watchos/NIOPosix-t.build/DerivedSources/resource_bundle_accessor.swift (in target 'NIOPosix' from project 'swift-nio')
    cd /Users/admin/builder/spi-builder-workspace/.swiftpm/xcode
    builtin-SwiftPerFileCompile resource_bundle_accessor.swift
SwiftCompile normal arm64_32 /Users/admin/builder/spi-builder-workspace/.dependencies/checkouts/swift-nio/Sources/NIOPosix/BSDSocketAPICommon.swift (in target 'NIOPosix' from project 'swift-nio')
    cd /Users/admin/builder/spi-builder-workspace/.swiftpm/xcode
    builtin-SwiftPerFileCompile BSDSocketAPICommon.swift
SwiftCompile normal arm64_32 /Users/admin/builder/spi-builder-workspace/.dependencies/checkouts/swift-nio/Sources/NIOPosix/BSDSocketAPIPosix.swift (in target 'NIOPosix' from project 'swift-nio')
    cd /Users/admin/builder/spi-builder-workspace/.swiftpm/xcode
    builtin-SwiftPerFileCompile BSDSocketAPIPosix.swift
SwiftCompile normal arm64_32 /Users/admin/builder/spi-builder-workspace/.dependencies/checkouts/swift-nio/Sources/NIOPosix/BSDSocketAPIWindows.swift (in target 'NIOPosix' from project 'swift-nio')
    cd /Users/admin/builder/spi-builder-workspace/.swiftpm/xcode
    builtin-SwiftPerFileCompile BSDSocketAPIWindows.swift
SwiftCompile normal arm64_32 /Users/admin/builder/spi-builder-workspace/.dependencies/checkouts/swift-nio/Sources/NIOPosix/BaseSocket.swift (in target 'NIOPosix' from project 'swift-nio')
    cd /Users/admin/builder/spi-builder-workspace/.swiftpm/xcode
    builtin-SwiftPerFileCompile BaseSocket.swift
SwiftCompile normal arm64_32 /Users/admin/builder/spi-builder-workspace/.dependencies/checkouts/swift-nio/Sources/NIOPosix/BaseSocketChannel+AccessibleTransport.swift (in target 'NIOPosix' from project 'swift-nio')
    cd /Users/admin/builder/spi-builder-workspace/.swiftpm/xcode
    builtin-SwiftPerFileCompile BaseSocketChannel+AccessibleTransport.swift
SwiftDriverJobDiscovery normal arm64 Compiling PipePair.swift, Pool.swift, PosixSingletons+ConcurrencyTakeOver.swift, PosixSingletons.swift, RawSocketBootstrap.swift, Resolver.swift (in target 'NIOPosix' from project 'swift-nio')
SwiftCompile normal arm64_32 Compiling\ SelectorUring.swift,\ SelectorWSAPoll.swift,\ ServerSocket.swift,\ Socket.swift,\ SocketChannel.swift /Users/admin/builder/spi-builder-workspace/.dependencies/checkouts/swift-nio/Sources/NIOPosix/SelectorUring.swift /Users/admin/builder/spi-builder-workspace/.dependencies/checkouts/swift-nio/Sources/NIOPosix/SelectorWSAPoll.swift /Users/admin/builder/spi-builder-workspace/.dependencies/checkouts/swift-nio/Sources/NIOPosix/ServerSocket.swift /Users/admin/builder/spi-builder-workspace/.dependencies/checkouts/swift-nio/Sources/NIOPosix/Socket.swift /Users/admin/builder/spi-builder-workspace/.dependencies/checkouts/swift-nio/Sources/NIOPosix/SocketChannel.swift (in target 'NIOPosix' from project 'swift-nio')
SwiftCompile normal arm64_32 /Users/admin/builder/spi-builder-workspace/.dependencies/checkouts/swift-nio/Sources/NIOPosix/SelectorUring.swift (in target 'NIOPosix' from project 'swift-nio')
    cd /Users/admin/builder/spi-builder-workspace/.swiftpm/xcode
    builtin-SwiftPerFileCompile SelectorUring.swift
SwiftCompile normal arm64_32 /Users/admin/builder/spi-builder-workspace/.dependencies/checkouts/swift-nio/Sources/NIOPosix/SelectorWSAPoll.swift (in target 'NIOPosix' from project 'swift-nio')
    cd /Users/admin/builder/spi-builder-workspace/.swiftpm/xcode
    builtin-SwiftPerFileCompile SelectorWSAPoll.swift
SwiftCompile normal arm64_32 /Users/admin/builder/spi-builder-workspace/.dependencies/checkouts/swift-nio/Sources/NIOPosix/ServerSocket.swift (in target 'NIOPosix' from project 'swift-nio')
    cd /Users/admin/builder/spi-builder-workspace/.swiftpm/xcode
    builtin-SwiftPerFileCompile ServerSocket.swift
SwiftCompile normal arm64_32 /Users/admin/builder/spi-builder-workspace/.dependencies/checkouts/swift-nio/Sources/NIOPosix/Socket.swift (in target 'NIOPosix' from project 'swift-nio')
    cd /Users/admin/builder/spi-builder-workspace/.swiftpm/xcode
    builtin-SwiftPerFileCompile Socket.swift
SwiftCompile normal arm64_32 /Users/admin/builder/spi-builder-workspace/.dependencies/checkouts/swift-nio/Sources/NIOPosix/SocketChannel.swift (in target 'NIOPosix' from project 'swift-nio')
    cd /Users/admin/builder/spi-builder-workspace/.swiftpm/xcode
    builtin-SwiftPerFileCompile SocketChannel.swift
SwiftDriverJobDiscovery normal arm64 Compiling SocketProtocols.swift, StructuredConcurrencyHelpers.swift, System.swift, Thread.swift, ThreadPosix.swift (in target 'NIOPosix' from project 'swift-nio')
SwiftCompile normal arm64_32 Compiling\ IntegerTypes.swift,\ Linux.swift,\ LinuxCPUSet.swift,\ LinuxUring.swift,\ MultiThreadedEventLoopGroup.swift,\ NIOPosixSendableMetatype.swift /Users/admin/builder/spi-builder-workspace/.dependencies/checkouts/swift-nio/Sources/NIOPosix/IntegerTypes.swift /Users/admin/builder/spi-builder-workspace/.dependencies/checkouts/swift-nio/Sources/NIOPosix/Linux.swift /Users/admin/builder/spi-builder-workspace/.dependencies/checkouts/swift-nio/Sources/NIOPosix/LinuxCPUSet.swift /Users/admin/builder/spi-builder-workspace/.dependencies/checkouts/swift-nio/Sources/NIOPosix/LinuxUring.swift /Users/admin/builder/spi-builder-workspace/.dependencies/checkouts/swift-nio/Sources/NIOPosix/MultiThreadedEventLoopGroup.swift /Users/admin/builder/spi-builder-workspace/.dependencies/checkouts/swift-nio/Sources/NIOPosix/NIOPosixSendableMetatype.swift (in target 'NIOPosix' from project 'swift-nio')
SwiftCompile normal arm64_32 /Users/admin/builder/spi-builder-workspace/.dependencies/checkouts/swift-nio/Sources/NIOPosix/IntegerTypes.swift (in target 'NIOPosix' from project 'swift-nio')
    cd /Users/admin/builder/spi-builder-workspace/.swiftpm/xcode
    builtin-SwiftPerFileCompile IntegerTypes.swift
SwiftCompile normal arm64_32 /Users/admin/builder/spi-builder-workspace/.dependencies/checkouts/swift-nio/Sources/NIOPosix/Linux.swift (in target 'NIOPosix' from project 'swift-nio')
    cd /Users/admin/builder/spi-builder-workspace/.swiftpm/xcode
    builtin-SwiftPerFileCompile Linux.swift
SwiftCompile normal arm64_32 /Users/admin/builder/spi-builder-workspace/.dependencies/checkouts/swift-nio/Sources/NIOPosix/LinuxCPUSet.swift (in target 'NIOPosix' from project 'swift-nio')
    cd /Users/admin/builder/spi-builder-workspace/.swiftpm/xcode
    builtin-SwiftPerFileCompile LinuxCPUSet.swift
SwiftCompile normal arm64_32 /Users/admin/builder/spi-builder-workspace/.dependencies/checkouts/swift-nio/Sources/NIOPosix/LinuxUring.swift (in target 'NIOPosix' from project 'swift-nio')
    cd /Users/admin/builder/spi-builder-workspace/.swiftpm/xcode
    builtin-SwiftPerFileCompile LinuxUring.swift
SwiftCompile normal arm64_32 /Users/admin/builder/spi-builder-workspace/.dependencies/checkouts/swift-nio/Sources/NIOPosix/MultiThreadedEventLoopGroup.swift (in target 'NIOPosix' from project 'swift-nio')
    cd /Users/admin/builder/spi-builder-workspace/.swiftpm/xcode
    builtin-SwiftPerFileCompile MultiThreadedEventLoopGroup.swift
SwiftCompile normal arm64_32 /Users/admin/builder/spi-builder-workspace/.dependencies/checkouts/swift-nio/Sources/NIOPosix/NIOPosixSendableMetatype.swift (in target 'NIOPosix' from project 'swift-nio')
    cd /Users/admin/builder/spi-builder-workspace/.swiftpm/xcode
    builtin-SwiftPerFileCompile NIOPosixSendableMetatype.swift
SwiftDriverJobDiscovery normal arm64 Compiling SelectorUring.swift, SelectorWSAPoll.swift, ServerSocket.swift, Socket.swift, SocketChannel.swift (in target 'NIOPosix' from project 'swift-nio')
SwiftCompile normal arm64_32 Compiling\ PipePair.swift,\ Pool.swift,\ PosixSingletons+ConcurrencyTakeOver.swift,\ PosixSingletons.swift,\ RawSocketBootstrap.swift,\ Resolver.swift /Users/admin/builder/spi-builder-workspace/.dependencies/checkouts/swift-nio/Sources/NIOPosix/PipePair.swift /Users/admin/builder/spi-builder-workspace/.dependencies/checkouts/swift-nio/Sources/NIOPosix/Pool.swift /Users/admin/builder/spi-builder-workspace/.dependencies/checkouts/swift-nio/Sources/NIOPosix/PosixSingletons+ConcurrencyTakeOver.swift /Users/admin/builder/spi-builder-workspace/.dependencies/checkouts/swift-nio/Sources/NIOPosix/PosixSingletons.swift /Users/admin/builder/spi-builder-workspace/.dependencies/checkouts/swift-nio/Sources/NIOPosix/RawSocketBootstrap.swift /Users/admin/builder/spi-builder-workspace/.dependencies/checkouts/swift-nio/Sources/NIOPosix/Resolver.swift (in target 'NIOPosix' from project 'swift-nio')
SwiftCompile normal arm64_32 /Users/admin/builder/spi-builder-workspace/.dependencies/checkouts/swift-nio/Sources/NIOPosix/PipePair.swift (in target 'NIOPosix' from project 'swift-nio')
    cd /Users/admin/builder/spi-builder-workspace/.swiftpm/xcode
    builtin-SwiftPerFileCompile PipePair.swift
SwiftCompile normal arm64_32 /Users/admin/builder/spi-builder-workspace/.dependencies/checkouts/swift-nio/Sources/NIOPosix/Pool.swift (in target 'NIOPosix' from project 'swift-nio')
    cd /Users/admin/builder/spi-builder-workspace/.swiftpm/xcode
    builtin-SwiftPerFileCompile Pool.swift
SwiftCompile normal arm64_32 /Users/admin/builder/spi-builder-workspace/.dependencies/checkouts/swift-nio/Sources/NIOPosix/PosixSingletons+ConcurrencyTakeOver.swift (in target 'NIOPosix' from project 'swift-nio')
    cd /Users/admin/builder/spi-builder-workspace/.swiftpm/xcode
    builtin-SwiftPerFileCompile PosixSingletons+ConcurrencyTakeOver.swift
SwiftCompile normal arm64_32 /Users/admin/builder/spi-builder-workspace/.dependencies/checkouts/swift-nio/Sources/NIOPosix/PosixSingletons.swift (in target 'NIOPosix' from project 'swift-nio')
    cd /Users/admin/builder/spi-builder-workspace/.swiftpm/xcode
    builtin-SwiftPerFileCompile PosixSingletons.swift
SwiftCompile normal arm64_32 /Users/admin/builder/spi-builder-workspace/.dependencies/checkouts/swift-nio/Sources/NIOPosix/RawSocketBootstrap.swift (in target 'NIOPosix' from project 'swift-nio')
    cd /Users/admin/builder/spi-builder-workspace/.swiftpm/xcode
    builtin-SwiftPerFileCompile RawSocketBootstrap.swift
SwiftCompile normal arm64_32 /Users/admin/builder/spi-builder-workspace/.dependencies/checkouts/swift-nio/Sources/NIOPosix/Resolver.swift (in target 'NIOPosix' from project 'swift-nio')
    cd /Users/admin/builder/spi-builder-workspace/.swiftpm/xcode
    builtin-SwiftPerFileCompile Resolver.swift
SwiftDriverJobDiscovery normal arm64_32 Compiling ThreadWindows.swift, Utilities.swift, VsockAddress.swift, VsockChannelEvents.swift, Windows.swift (in target 'NIOPosix' from project 'swift-nio')
SwiftCompile normal arm64_32 Compiling\ NIORandomizedDNSResolver.swift,\ NIOThreadPool.swift,\ NonBlockingFileIO.swift,\ PendingDatagramWritesManager.swift,\ PendingWritesManager.swift,\ PipeChannel.swift /Users/admin/builder/spi-builder-workspace/.dependencies/checkouts/swift-nio/Sources/NIOPosix/NIORandomizedDNSResolver.swift /Users/admin/builder/spi-builder-workspace/.dependencies/checkouts/swift-nio/Sources/NIOPosix/NIOThreadPool.swift /Users/admin/builder/spi-builder-workspace/.dependencies/checkouts/swift-nio/Sources/NIOPosix/NonBlockingFileIO.swift /Users/admin/builder/spi-builder-workspace/.dependencies/checkouts/swift-nio/Sources/NIOPosix/PendingDatagramWritesManager.swift /Users/admin/builder/spi-builder-workspace/.dependencies/checkouts/swift-nio/Sources/NIOPosix/PendingWritesManager.swift /Users/admin/builder/spi-builder-workspace/.dependencies/checkouts/swift-nio/Sources/NIOPosix/PipeChannel.swift (in target 'NIOPosix' from project 'swift-nio')
SwiftCompile normal arm64_32 /Users/admin/builder/spi-builder-workspace/.dependencies/checkouts/swift-nio/Sources/NIOPosix/NIORandomizedDNSResolver.swift (in target 'NIOPosix' from project 'swift-nio')
    cd /Users/admin/builder/spi-builder-workspace/.swiftpm/xcode
    builtin-SwiftPerFileCompile NIORandomizedDNSResolver.swift
SwiftCompile normal arm64_32 /Users/admin/builder/spi-builder-workspace/.dependencies/checkouts/swift-nio/Sources/NIOPosix/NIOThreadPool.swift (in target 'NIOPosix' from project 'swift-nio')
    cd /Users/admin/builder/spi-builder-workspace/.swiftpm/xcode
    builtin-SwiftPerFileCompile NIOThreadPool.swift
SwiftCompile normal arm64_32 /Users/admin/builder/spi-builder-workspace/.dependencies/checkouts/swift-nio/Sources/NIOPosix/NonBlockingFileIO.swift (in target 'NIOPosix' from project 'swift-nio')
    cd /Users/admin/builder/spi-builder-workspace/.swiftpm/xcode
    builtin-SwiftPerFileCompile NonBlockingFileIO.swift
SwiftCompile normal arm64_32 /Users/admin/builder/spi-builder-workspace/.dependencies/checkouts/swift-nio/Sources/NIOPosix/PendingDatagramWritesManager.swift (in target 'NIOPosix' from project 'swift-nio')
    cd /Users/admin/builder/spi-builder-workspace/.swiftpm/xcode
    builtin-SwiftPerFileCompile PendingDatagramWritesManager.swift
SwiftCompile normal arm64_32 /Users/admin/builder/spi-builder-workspace/.dependencies/checkouts/swift-nio/Sources/NIOPosix/PendingWritesManager.swift (in target 'NIOPosix' from project 'swift-nio')
    cd /Users/admin/builder/spi-builder-workspace/.swiftpm/xcode
    builtin-SwiftPerFileCompile PendingWritesManager.swift
SwiftCompile normal arm64_32 /Users/admin/builder/spi-builder-workspace/.dependencies/checkouts/swift-nio/Sources/NIOPosix/PipeChannel.swift (in target 'NIOPosix' from project 'swift-nio')
    cd /Users/admin/builder/spi-builder-workspace/.swiftpm/xcode
    builtin-SwiftPerFileCompile PipeChannel.swift
SwiftDriverJobDiscovery normal arm64 Emitting module for NIOPosix (in target 'NIOPosix' from project 'swift-nio')
SwiftDriver\ Compilation\ Requirements NIOPosix normal arm64 com.apple.xcode.tools.swift.compiler (in target 'NIOPosix' from project 'swift-nio')
    cd /Users/admin/builder/spi-builder-workspace/.swiftpm/xcode
    builtin-Swift-Compilation-Requirements -- /Applications/Xcode-27.0.0-Release.Candidate.app/Contents/Developer/Toolchains/XcodeDefault.xctoolchain/usr/bin/swiftc -parse-as-library -module-name NIOPosix -Onone @/Users/admin/builder/spi-builder-workspace/.derivedData/Build/Intermediates.noindex/swift-nio.build/Debug-watchos/NIOPosix-t.build/Objects-normal/arm64/NIOPosix.SwiftFileList -DSWIFT_PACKAGE -DDEBUG -DSWIFT_MODULE_RESOURCE_BUNDLE_AVAILABLE -Xcc -fmodule-map-file\=/Users/admin/builder/spi-builder-workspace/.dependencies/checkouts/swift-atomics/Sources/_AtomicsShims/include/module.modulemap -Xcc -fmodule-map-file\=/Users/admin/builder/spi-builder-workspace/.derivedData/Build/Intermediates.noindex/GeneratedModuleMaps-watchos/CNIOPosix.modulemap -Xcc -fmodule-map-file\=/Users/admin/builder/spi-builder-workspace/.derivedData/Build/Intermediates.noindex/GeneratedModuleMaps-watchos/CNIOWASI.modulemap -Xcc -fmodule-map-file\=/Users/admin/builder/spi-builder-workspace/.derivedData/Build/Intermediates.noindex/GeneratedModuleMaps-watchos/CNIOFreeBSD.modulemap -Xcc -fmodule-map-file\=/Users/admin/builder/spi-builder-workspace/.derivedData/Build/Intermediates.noindex/GeneratedModuleMaps-watchos/CNIOAtomics.modulemap -Xcc -fmodule-map-file\=/Users/admin/builder/spi-builder-workspace/.dependencies/checkouts/swift-nio/Sources/CNIOWindows/include/module.modulemap -Xcc -fmodule-map-file\=/Users/admin/builder/spi-builder-workspace/.derivedData/Build/Intermediates.noindex/GeneratedModuleMaps-watchos/CNIODarwin.modulemap -Xcc -fmodule-map-file\=/Users/admin/builder/spi-builder-workspace/.derivedData/Build/Intermediates.noindex/GeneratedModuleMaps-watchos/CNIOLinux.modulemap -Xcc -fmodule-map-file\=/Users/admin/builder/spi-builder-workspace/.derivedData/Build/Intermediates.noindex/GeneratedModuleMaps-watchos/CNIOOpenBSD.modulemap -DXcode -enable-experimental-feature Lifetimes -enable-upcoming-feature MemberImportVisibility -plugin-path /Applications/Xcode-27.0.0-Release.Candidate.app/Contents/Developer/Toolchains/XcodeDefault.xctoolchain/usr/lib/swift/host/plugins/testing -enable-experimental-feature DebugDescriptionMacro -sdk /Applications/Xcode-27.0.0-Release.Candidate.app/Contents/Developer/Platforms/WatchOS.platform/Developer/SDKs/WatchOS27.0.sdk -target arm64-apple-watchos9.0 -g -module-cache-path /Users/admin/builder/spi-builder-workspace/.derivedData/ModuleCache.noindex -Xfrontend -serialize-debugging-options -profile-coverage-mapping -profile-generate -enable-testing -suppress-warnings -index-store-path /Users/admin/builder/spi-builder-workspace/.derivedData/Index.noindex/DataStore -Xcc -D_LIBCPP_HARDENING_MODE\=_LIBCPP_HARDENING_MODE_DEBUG -swift-version 6 -I /Users/admin/builder/spi-builder-workspace/.derivedData/Build/Products/Debug-watchos -Isystem /Applications/Xcode-27.0.0-Release.Candidate.app/Contents/Developer/Platforms/WatchOS.platform/Developer/usr/lib -F /Users/admin/builder/spi-builder-workspace/.derivedData/Build/Products/Debug-watchos/PackageFrameworks -F /Users/admin/builder/spi-builder-workspace/.derivedData/Build/Products/Debug-watchos -F /Applications/Xcode-27.0.0-Release.Candidate.app/Contents/Developer/Platforms/WatchOS.platform/Developer/Library/Frameworks -F /Applications/Xcode-27.0.0-Release.Candidate.app/Contents/Developer/Platforms/WatchOS.platform/Developer/SDKs/WatchOS27.0.sdk/Developer/Library/Frameworks -c -j10 -enable-batch-mode -incremental -Xcc -ivfsstatcache -Xcc /Users/admin/builder/spi-builder-workspace/.derivedData/SDKStatCaches.noindex/watchos27.0-24R360-e829b21a6f8c9b70876ba0858053c04477534ef55a1706bf4c1112bbb242f0a2.sdkstatcache -output-file-map /Users/admin/builder/spi-builder-workspace/.derivedData/Build/Intermediates.noindex/swift-nio.build/Debug-watchos/NIOPosix-t.build/Objects-normal/arm64/NIOPosix-OutputFileMap.json -save-temps -no-color-diagnostics -explicit-module-build -module-cache-path /Users/admin/builder/spi-builder-workspace/.derivedData/Build/Intermediates.noindex/SwiftExplicitPrecompiledModules -clang-scanner-module-cache-path /Users/admin/builder/spi-builder-workspace/.derivedData/ModuleCache.noindex -sdk-module-cache-path /Users/admin/builder/spi-builder-workspace/.derivedData/SDKExplicitPrecompiledModules -emit-dependencies -emit-module -emit-module-path /Users/admin/builder/spi-builder-workspace/.derivedData/Build/Intermediates.noindex/swift-nio.build/Debug-watchos/NIOPosix-t.build/Objects-normal/arm64/NIOPosix.swiftmodule -serialize-diagnostics -dependency-scan-serialize-diagnostics-path /Users/admin/builder/spi-builder-workspace/.derivedData/Build/Intermediates.noindex/swift-nio.build/Debug-watchos/NIOPosix-t.build/Objects-normal/arm64/NIOPosix-dependency-scan.dia -user-module-version 2.103.0 -validate-clang-modules-once -clang-build-session-file /Users/admin/builder/spi-builder-workspace/.derivedData/ModuleCache.noindex/Session.modulevalidation -Xcc -fmodules-prune-interval\=86400 -Xcc -fmodules-prune-after\=345600 -package-name swift_nio -emit-const-values -const-gather-protocols-list /Users/admin/builder/spi-builder-workspace/.derivedData/Build/Intermediates.noindex/swift-nio.build/Debug-watchos/NIOPosix-t.build/Objects-normal/arm64/NIOPosix_const_extract_protocols.json -Xcc -I/Users/admin/builder/spi-builder-workspace/.dependencies/checkouts/swift-atomics/Sources/_AtomicsShims/include -Xcc -I/Users/admin/builder/spi-builder-workspace/.dependencies/checkouts/swift-nio/Sources/CNIOPosix/include -Xcc -I/Users/admin/builder/spi-builder-workspace/.dependencies/checkouts/swift-nio/Sources/CNIOWASI/include -Xcc -I/Users/admin/builder/spi-builder-workspace/.dependencies/checkouts/swift-nio/Sources/CNIOFreeBSD/include -Xcc -I/Users/admin/builder/spi-builder-workspace/.dependencies/checkouts/swift-nio/Sources/CNIOAtomics/include -Xcc -I/Users/admin/builder/spi-builder-workspace/.dependencies/checkouts/swift-nio/Sources/CNIOWindows/include -Xcc -I/Users/admin/builder/spi-builder-workspace/.dependencies/checkouts/swift-nio/Sources/CNIODarwin/include -Xcc -I/Users/admin/builder/spi-builder-workspace/.dependencies/checkouts/swift-nio/Sources/CNIOLinux/include -Xcc -I/Users/admin/builder/spi-builder-workspace/.dependencies/checkouts/swift-nio/Sources/CNIOOpenBSD/include -Xcc -I/Users/admin/builder/spi-builder-workspace/.derivedData/Build/Products/Debug-watchos/include -Xcc -I/Users/admin/builder/spi-builder-workspace/.derivedData/Build/Intermediates.noindex/swift-nio.build/Debug-watchos/NIOPosix-t.build/DerivedSources-normal/arm64 -Xcc -I/Users/admin/builder/spi-builder-workspace/.derivedData/Build/Intermediates.noindex/swift-nio.build/Debug-watchos/NIOPosix-t.build/DerivedSources/arm64 -Xcc -I/Users/admin/builder/spi-builder-workspace/.derivedData/Build/Intermediates.noindex/swift-nio.build/Debug-watchos/NIOPosix-t.build/DerivedSources -Xcc -DSWIFT_PACKAGE -Xcc -DDEBUG\=1 -emit-objc-header -emit-objc-header-path /Users/admin/builder/spi-builder-workspace/.derivedData/Build/Intermediates.noindex/swift-nio.build/Debug-watchos/NIOPosix-t.build/Objects-normal/arm64/NIOPosix-Swift.h -working-directory /Users/admin/builder/spi-builder-workspace/.swiftpm/xcode -experimental-emit-module-separately -disable-cmo
SwiftDriverJobDiscovery normal arm64_32 Compiling Errors+Any.swift, FileDescriptor.swift, GetaddrinfoResolver.swift, HappyEyeballs.swift, IO.swift, IntegerBitPacking.swift (in target 'NIOPosix' from project 'swift-nio')
SwiftCompile normal arm64_32 Compiling\ BaseSocketChannel+SocketOptionProvider.swift,\ BaseSocketChannel.swift,\ BaseStreamSocketChannel.swift,\ Bootstrap.swift,\ ControlMessage.swift,\ DatagramVectorReadManager.swift /Users/admin/builder/spi-builder-workspace/.dependencies/checkouts/swift-nio/Sources/NIOPosix/BaseSocketChannel+SocketOptionProvider.swift /Users/admin/builder/spi-builder-workspace/.dependencies/checkouts/swift-nio/Sources/NIOPosix/BaseSocketChannel.swift /Users/admin/builder/spi-builder-workspace/.dependencies/checkouts/swift-nio/Sources/NIOPosix/BaseStreamSocketChannel.swift /Users/admin/builder/spi-builder-workspace/.dependencies/checkouts/swift-nio/Sources/NIOPosix/Bootstrap.swift /Users/admin/builder/spi-builder-workspace/.dependencies/checkouts/swift-nio/Sources/NIOPosix/ControlMessage.swift /Users/admin/builder/spi-builder-workspace/.dependencies/checkouts/swift-nio/Sources/NIOPosix/DatagramVectorReadManager.swift (in target 'NIOPosix' from project 'swift-nio')
SwiftCompile normal arm64_32 /Users/admin/builder/spi-builder-workspace/.dependencies/checkouts/swift-nio/Sources/NIOPosix/BaseSocketChannel+SocketOptionProvider.swift (in target 'NIOPosix' from project 'swift-nio')
    cd /Users/admin/builder/spi-builder-workspace/.swiftpm/xcode
    builtin-SwiftPerFileCompile BaseSocketChannel+SocketOptionProvider.swift
SwiftCompile normal arm64_32 /Users/admin/builder/spi-builder-workspace/.dependencies/checkouts/swift-nio/Sources/NIOPosix/BaseSocketChannel.swift (in target 'NIOPosix' from project 'swift-nio')
    cd /Users/admin/builder/spi-builder-workspace/.swiftpm/xcode
    builtin-SwiftPerFileCompile BaseSocketChannel.swift
SwiftCompile normal arm64_32 /Users/admin/builder/spi-builder-workspace/.dependencies/checkouts/swift-nio/Sources/NIOPosix/BaseStreamSocketChannel.swift (in target 'NIOPosix' from project 'swift-nio')
    cd /Users/admin/builder/spi-builder-workspace/.swiftpm/xcode
    builtin-SwiftPerFileCompile BaseStreamSocketChannel.swift
SwiftCompile normal arm64_32 /Users/admin/builder/spi-builder-workspace/.dependencies/checkouts/swift-nio/Sources/NIOPosix/Bootstrap.swift (in target 'NIOPosix' from project 'swift-nio')
    cd /Users/admin/builder/spi-builder-workspace/.swiftpm/xcode
    builtin-SwiftPerFileCompile Bootstrap.swift
SwiftCompile normal arm64_32 /Users/admin/builder/spi-builder-workspace/.dependencies/checkouts/swift-nio/Sources/NIOPosix/ControlMessage.swift (in target 'NIOPosix' from project 'swift-nio')
    cd /Users/admin/builder/spi-builder-workspace/.swiftpm/xcode
    builtin-SwiftPerFileCompile ControlMessage.swift
SwiftCompile normal arm64_32 /Users/admin/builder/spi-builder-workspace/.dependencies/checkouts/swift-nio/Sources/NIOPosix/DatagramVectorReadManager.swift (in target 'NIOPosix' from project 'swift-nio')
    cd /Users/admin/builder/spi-builder-workspace/.swiftpm/xcode
    builtin-SwiftPerFileCompile DatagramVectorReadManager.swift
SwiftDriverJobDiscovery normal arm64 Compiling Selectable.swift, SelectableChannel.swift, SelectableEventLoop.swift, SelectorEpoll.swift, SelectorGeneric.swift, SelectorKqueue.swift (in target 'NIOPosix' from project 'swift-nio')
Copy /Users/admin/builder/spi-builder-workspace/.derivedData/Build/Products/Debug-watchos/NIOPosix.swiftmodule/arm64-apple-watchos.swiftmodule /Users/admin/builder/spi-builder-workspace/.derivedData/Build/Intermediates.noindex/swift-nio.build/Debug-watchos/NIOPosix-t.build/Objects-normal/arm64/NIOPosix.swiftmodule (in target 'NIOPosix' from project 'swift-nio')
    cd /Users/admin/builder/spi-builder-workspace/.dependencies/checkouts/swift-nio
    builtin-copy -exclude .DS_Store -exclude CVS -exclude .svn -exclude .git -exclude .hg -resolve-src-symlinks -rename /Users/admin/builder/spi-builder-workspace/.derivedData/Build/Intermediates.noindex/swift-nio.build/Debug-watchos/NIOPosix-t.build/Objects-normal/arm64/NIOPosix.swiftmodule /Users/admin/builder/spi-builder-workspace/.derivedData/Build/Products/Debug-watchos/NIOPosix.swiftmodule/arm64-apple-watchos.swiftmodule
Copy /Users/admin/builder/spi-builder-workspace/.derivedData/Build/Products/Debug-watchos/NIOPosix.swiftmodule/arm64-apple-watchos.swiftdoc /Users/admin/builder/spi-builder-workspace/.derivedData/Build/Intermediates.noindex/swift-nio.build/Debug-watchos/NIOPosix-t.build/Objects-normal/arm64/NIOPosix.swiftdoc (in target 'NIOPosix' from project 'swift-nio')
    cd /Users/admin/builder/spi-builder-workspace/.dependencies/checkouts/swift-nio
    builtin-copy -exclude .DS_Store -exclude CVS -exclude .svn -exclude .git -exclude .hg -resolve-src-symlinks -rename /Users/admin/builder/spi-builder-workspace/.derivedData/Build/Intermediates.noindex/swift-nio.build/Debug-watchos/NIOPosix-t.build/Objects-normal/arm64/NIOPosix.swiftdoc /Users/admin/builder/spi-builder-workspace/.derivedData/Build/Products/Debug-watchos/NIOPosix.swiftmodule/arm64-apple-watchos.swiftdoc
Copy /Users/admin/builder/spi-builder-workspace/.derivedData/Build/Products/Debug-watchos/NIOPosix.swiftmodule/arm64-apple-watchos.abi.json /Users/admin/builder/spi-builder-workspace/.derivedData/Build/Intermediates.noindex/swift-nio.build/Debug-watchos/NIOPosix-t.build/Objects-normal/arm64/NIOPosix.abi.json (in target 'NIOPosix' from project 'swift-nio')
    cd /Users/admin/builder/spi-builder-workspace/.dependencies/checkouts/swift-nio
    builtin-copy -exclude .DS_Store -exclude CVS -exclude .svn -exclude .git -exclude .hg -resolve-src-symlinks -rename /Users/admin/builder/spi-builder-workspace/.derivedData/Build/Intermediates.noindex/swift-nio.build/Debug-watchos/NIOPosix-t.build/Objects-normal/arm64/NIOPosix.abi.json /Users/admin/builder/spi-builder-workspace/.derivedData/Build/Products/Debug-watchos/NIOPosix.swiftmodule/arm64-apple-watchos.abi.json
Copy /Users/admin/builder/spi-builder-workspace/.derivedData/Build/Products/Debug-watchos/NIOPosix.swiftmodule/Project/arm64-apple-watchos.swiftsourceinfo /Users/admin/builder/spi-builder-workspace/.derivedData/Build/Intermediates.noindex/swift-nio.build/Debug-watchos/NIOPosix-t.build/Objects-normal/arm64/NIOPosix.swiftsourceinfo (in target 'NIOPosix' from project 'swift-nio')
    cd /Users/admin/builder/spi-builder-workspace/.dependencies/checkouts/swift-nio
    builtin-copy -exclude .DS_Store -exclude CVS -exclude .svn -exclude .git -exclude .hg -resolve-src-symlinks -rename /Users/admin/builder/spi-builder-workspace/.derivedData/Build/Intermediates.noindex/swift-nio.build/Debug-watchos/NIOPosix-t.build/Objects-normal/arm64/NIOPosix.swiftsourceinfo /Users/admin/builder/spi-builder-workspace/.derivedData/Build/Products/Debug-watchos/NIOPosix.swiftmodule/Project/arm64-apple-watchos.swiftsourceinfo
SwiftCompile normal arm64_32 Compiling\ Selectable.swift,\ SelectableChannel.swift,\ SelectableEventLoop.swift,\ SelectorEpoll.swift,\ SelectorGeneric.swift,\ SelectorKqueue.swift /Users/admin/builder/spi-builder-workspace/.dependencies/checkouts/swift-nio/Sources/NIOPosix/Selectable.swift /Users/admin/builder/spi-builder-workspace/.dependencies/checkouts/swift-nio/Sources/NIOPosix/SelectableChannel.swift /Users/admin/builder/spi-builder-workspace/.dependencies/checkouts/swift-nio/Sources/NIOPosix/SelectableEventLoop.swift /Users/admin/builder/spi-builder-workspace/.dependencies/checkouts/swift-nio/Sources/NIOPosix/SelectorEpoll.swift /Users/admin/builder/spi-builder-workspace/.dependencies/checkouts/swift-nio/Sources/NIOPosix/SelectorGeneric.swift /Users/admin/builder/spi-builder-workspace/.dependencies/checkouts/swift-nio/Sources/NIOPosix/SelectorKqueue.swift (in target 'NIOPosix' from project 'swift-nio')
SwiftCompile normal arm64_32 /Users/admin/builder/spi-builder-workspace/.dependencies/checkouts/swift-nio/Sources/NIOPosix/Selectable.swift (in target 'NIOPosix' from project 'swift-nio')
    cd /Users/admin/builder/spi-builder-workspace/.swiftpm/xcode
    builtin-SwiftPerFileCompile Selectable.swift
SwiftCompile normal arm64_32 /Users/admin/builder/spi-builder-workspace/.dependencies/checkouts/swift-nio/Sources/NIOPosix/SelectableChannel.swift (in target 'NIOPosix' from project 'swift-nio')
    cd /Users/admin/builder/spi-builder-workspace/.swiftpm/xcode
    builtin-SwiftPerFileCompile SelectableChannel.swift
SwiftCompile normal arm64_32 /Users/admin/builder/spi-builder-workspace/.dependencies/checkouts/swift-nio/Sources/NIOPosix/SelectableEventLoop.swift (in target 'NIOPosix' from project 'swift-nio')
    cd /Users/admin/builder/spi-builder-workspace/.swiftpm/xcode
    builtin-SwiftPerFileCompile SelectableEventLoop.swift
SwiftCompile normal arm64_32 /Users/admin/builder/spi-builder-workspace/.dependencies/checkouts/swift-nio/Sources/NIOPosix/SelectorEpoll.swift (in target 'NIOPosix' from project 'swift-nio')
    cd /Users/admin/builder/spi-builder-workspace/.swiftpm/xcode
    builtin-SwiftPerFileCompile SelectorEpoll.swift
SwiftCompile normal arm64_32 /Users/admin/builder/spi-builder-workspace/.dependencies/checkouts/swift-nio/Sources/NIOPosix/SelectorGeneric.swift (in target 'NIOPosix' from project 'swift-nio')
    cd /Users/admin/builder/spi-builder-workspace/.swiftpm/xcode
    builtin-SwiftPerFileCompile SelectorGeneric.swift
SwiftCompile normal arm64_32 /Users/admin/builder/spi-builder-workspace/.dependencies/checkouts/swift-nio/Sources/NIOPosix/SelectorKqueue.swift (in target 'NIOPosix' from project 'swift-nio')
    cd /Users/admin/builder/spi-builder-workspace/.swiftpm/xcode
    builtin-SwiftPerFileCompile SelectorKqueue.swift
SwiftCompile normal arm64_32 Compiling\ SocketProtocols.swift,\ StructuredConcurrencyHelpers.swift,\ System.swift,\ Thread.swift,\ ThreadPosix.swift /Users/admin/builder/spi-builder-workspace/.dependencies/checkouts/swift-nio/Sources/NIOPosix/SocketProtocols.swift /Users/admin/builder/spi-builder-workspace/.dependencies/checkouts/swift-nio/Sources/NIOPosix/StructuredConcurrencyHelpers.swift /Users/admin/builder/spi-builder-workspace/.dependencies/checkouts/swift-nio/Sources/NIOPosix/System.swift /Users/admin/builder/spi-builder-workspace/.dependencies/checkouts/swift-nio/Sources/NIOPosix/Thread.swift /Users/admin/builder/spi-builder-workspace/.dependencies/checkouts/swift-nio/Sources/NIOPosix/ThreadPosix.swift (in target 'NIOPosix' from project 'swift-nio')
SwiftCompile normal arm64_32 /Users/admin/builder/spi-builder-workspace/.dependencies/checkouts/swift-nio/Sources/NIOPosix/SocketProtocols.swift (in target 'NIOPosix' from project 'swift-nio')
    cd /Users/admin/builder/spi-builder-workspace/.swiftpm/xcode
    builtin-SwiftPerFileCompile SocketProtocols.swift
SwiftCompile normal arm64_32 /Users/admin/builder/spi-builder-workspace/.dependencies/checkouts/swift-nio/Sources/NIOPosix/StructuredConcurrencyHelpers.swift (in target 'NIOPosix' from project 'swift-nio')
    cd /Users/admin/builder/spi-builder-workspace/.swiftpm/xcode
    builtin-SwiftPerFileCompile StructuredConcurrencyHelpers.swift
SwiftCompile normal arm64_32 /Users/admin/builder/spi-builder-workspace/.dependencies/checkouts/swift-nio/Sources/NIOPosix/System.swift (in target 'NIOPosix' from project 'swift-nio')
    cd /Users/admin/builder/spi-builder-workspace/.swiftpm/xcode
    builtin-SwiftPerFileCompile System.swift
SwiftCompile normal arm64_32 /Users/admin/builder/spi-builder-workspace/.dependencies/checkouts/swift-nio/Sources/NIOPosix/Thread.swift (in target 'NIOPosix' from project 'swift-nio')
    cd /Users/admin/builder/spi-builder-workspace/.swiftpm/xcode
    builtin-SwiftPerFileCompile Thread.swift
SwiftCompile normal arm64_32 /Users/admin/builder/spi-builder-workspace/.dependencies/checkouts/swift-nio/Sources/NIOPosix/ThreadPosix.swift (in target 'NIOPosix' from project 'swift-nio')
    cd /Users/admin/builder/spi-builder-workspace/.swiftpm/xcode
    builtin-SwiftPerFileCompile ThreadPosix.swift
SwiftDriverJobDiscovery normal arm64_32 Compiling resource_bundle_accessor.swift, BSDSocketAPICommon.swift, BSDSocketAPIPosix.swift, BSDSocketAPIWindows.swift, BaseSocket.swift, BaseSocketChannel+AccessibleTransport.swift (in target 'NIOPosix' from project 'swift-nio')
SwiftCompile normal arm64 Compiling\ resource_bundle_accessor.swift,\ BSDSocketAPICommon.swift,\ BSDSocketAPIPosix.swift,\ BSDSocketAPIWindows.swift,\ BaseSocket.swift,\ BaseSocketChannel+AccessibleTransport.swift /Users/admin/builder/spi-builder-workspace/.derivedData/Build/Intermediates.noindex/swift-nio.build/Debug-watchos/NIOPosix-t.build/DerivedSources/resource_bundle_accessor.swift /Users/admin/builder/spi-builder-workspace/.dependencies/checkouts/swift-nio/Sources/NIOPosix/BSDSocketAPICommon.swift /Users/admin/builder/spi-builder-workspace/.dependencies/checkouts/swift-nio/Sources/NIOPosix/BSDSocketAPIPosix.swift /Users/admin/builder/spi-builder-workspace/.dependencies/checkouts/swift-nio/Sources/NIOPosix/BSDSocketAPIWindows.swift /Users/admin/builder/spi-builder-workspace/.dependencies/checkouts/swift-nio/Sources/NIOPosix/BaseSocket.swift /Users/admin/builder/spi-builder-workspace/.dependencies/checkouts/swift-nio/Sources/NIOPosix/BaseSocketChannel+AccessibleTransport.swift (in target 'NIOPosix' from project 'swift-nio')
SwiftCompile normal arm64 /Users/admin/builder/spi-builder-workspace/.derivedData/Build/Intermediates.noindex/swift-nio.build/Debug-watchos/NIOPosix-t.build/DerivedSources/resource_bundle_accessor.swift (in target 'NIOPosix' from project 'swift-nio')
    cd /Users/admin/builder/spi-builder-workspace/.swiftpm/xcode
    builtin-SwiftPerFileCompile resource_bundle_accessor.swift
SwiftCompile normal arm64 /Users/admin/builder/spi-builder-workspace/.dependencies/checkouts/swift-nio/Sources/NIOPosix/BSDSocketAPICommon.swift (in target 'NIOPosix' from project 'swift-nio')
    cd /Users/admin/builder/spi-builder-workspace/.swiftpm/xcode
    builtin-SwiftPerFileCompile BSDSocketAPICommon.swift
SwiftCompile normal arm64 /Users/admin/builder/spi-builder-workspace/.dependencies/checkouts/swift-nio/Sources/NIOPosix/BSDSocketAPIPosix.swift (in target 'NIOPosix' from project 'swift-nio')
    cd /Users/admin/builder/spi-builder-workspace/.swiftpm/xcode
    builtin-SwiftPerFileCompile BSDSocketAPIPosix.swift
SwiftCompile normal arm64 /Users/admin/builder/spi-builder-workspace/.dependencies/checkouts/swift-nio/Sources/NIOPosix/BSDSocketAPIWindows.swift (in target 'NIOPosix' from project 'swift-nio')
    cd /Users/admin/builder/spi-builder-workspace/.swiftpm/xcode
    builtin-SwiftPerFileCompile BSDSocketAPIWindows.swift
SwiftCompile normal arm64 /Users/admin/builder/spi-builder-workspace/.dependencies/checkouts/swift-nio/Sources/NIOPosix/BaseSocket.swift (in target 'NIOPosix' from project 'swift-nio')
    cd /Users/admin/builder/spi-builder-workspace/.swiftpm/xcode
    builtin-SwiftPerFileCompile BaseSocket.swift
SwiftCompile normal arm64 /Users/admin/builder/spi-builder-workspace/.dependencies/checkouts/swift-nio/Sources/NIOPosix/BaseSocketChannel+AccessibleTransport.swift (in target 'NIOPosix' from project 'swift-nio')
    cd /Users/admin/builder/spi-builder-workspace/.swiftpm/xcode
    builtin-SwiftPerFileCompile BaseSocketChannel+AccessibleTransport.swift
SwiftDriverJobDiscovery normal arm64_32 Compiling IntegerTypes.swift, Linux.swift, LinuxCPUSet.swift, LinuxUring.swift, MultiThreadedEventLoopGroup.swift, NIOPosixSendableMetatype.swift (in target 'NIOPosix' from project 'swift-nio')
SwiftDriverJobDiscovery normal arm64_32 Emitting module for NIOPosix (in target 'NIOPosix' from project 'swift-nio')
SwiftDriver\ Compilation\ Requirements NIOPosix normal arm64_32 com.apple.xcode.tools.swift.compiler (in target 'NIOPosix' from project 'swift-nio')
    cd /Users/admin/builder/spi-builder-workspace/.swiftpm/xcode
    builtin-Swift-Compilation-Requirements -- /Applications/Xcode-27.0.0-Release.Candidate.app/Contents/Developer/Toolchains/XcodeDefault.xctoolchain/usr/bin/swiftc -parse-as-library -module-name NIOPosix -Onone @/Users/admin/builder/spi-builder-workspace/.derivedData/Build/Intermediates.noindex/swift-nio.build/Debug-watchos/NIOPosix-t.build/Objects-normal/arm64_32/NIOPosix.SwiftFileList -DSWIFT_PACKAGE -DDEBUG -DSWIFT_MODULE_RESOURCE_BUNDLE_AVAILABLE -Xcc -fmodule-map-file\=/Users/admin/builder/spi-builder-workspace/.dependencies/checkouts/swift-atomics/Sources/_AtomicsShims/include/module.modulemap -Xcc -fmodule-map-file\=/Users/admin/builder/spi-builder-workspace/.derivedData/Build/Intermediates.noindex/GeneratedModuleMaps-watchos/CNIOPosix.modulemap -Xcc -fmodule-map-file\=/Users/admin/builder/spi-builder-workspace/.derivedData/Build/Intermediates.noindex/GeneratedModuleMaps-watchos/CNIOWASI.modulemap -Xcc -fmodule-map-file\=/Users/admin/builder/spi-builder-workspace/.derivedData/Build/Intermediates.noindex/GeneratedModuleMaps-watchos/CNIOFreeBSD.modulemap -Xcc -fmodule-map-file\=/Users/admin/builder/spi-builder-workspace/.derivedData/Build/Intermediates.noindex/GeneratedModuleMaps-watchos/CNIOAtomics.modulemap -Xcc -fmodule-map-file\=/Users/admin/builder/spi-builder-workspace/.dependencies/checkouts/swift-nio/Sources/CNIOWindows/include/module.modulemap -Xcc -fmodule-map-file\=/Users/admin/builder/spi-builder-workspace/.derivedData/Build/Intermediates.noindex/GeneratedModuleMaps-watchos/CNIODarwin.modulemap -Xcc -fmodule-map-file\=/Users/admin/builder/spi-builder-workspace/.derivedData/Build/Intermediates.noindex/GeneratedModuleMaps-watchos/CNIOLinux.modulemap -Xcc -fmodule-map-file\=/Users/admin/builder/spi-builder-workspace/.derivedData/Build/Intermediates.noindex/GeneratedModuleMaps-watchos/CNIOOpenBSD.modulemap -DXcode -enable-experimental-feature Lifetimes -enable-upcoming-feature MemberImportVisibility -plugin-path /Applications/Xcode-27.0.0-Release.Candidate.app/Contents/Developer/Toolchains/XcodeDefault.xctoolchain/usr/lib/swift/host/plugins/testing -enable-experimental-feature DebugDescriptionMacro -sdk /Applications/Xcode-27.0.0-Release.Candidate.app/Contents/Developer/Platforms/WatchOS.platform/Developer/SDKs/WatchOS27.0.sdk -target arm64_32-apple-watchos9.0 -g -module-cache-path /Users/admin/builder/spi-builder-workspace/.derivedData/ModuleCache.noindex -Xfrontend -serialize-debugging-options -profile-coverage-mapping -profile-generate -enable-testing -suppress-warnings -index-store-path /Users/admin/builder/spi-builder-workspace/.derivedData/Index.noindex/DataStore -Xcc -D_LIBCPP_HARDENING_MODE\=_LIBCPP_HARDENING_MODE_DEBUG -swift-version 6 -I /Users/admin/builder/spi-builder-workspace/.derivedData/Build/Products/Debug-watchos -Isystem /Applications/Xcode-27.0.0-Release.Candidate.app/Contents/Developer/Platforms/WatchOS.platform/Developer/usr/lib -F /Users/admin/builder/spi-builder-workspace/.derivedData/Build/Products/Debug-watchos/PackageFrameworks -F /Users/admin/builder/spi-builder-workspace/.derivedData/Build/Products/Debug-watchos -F /Applications/Xcode-27.0.0-Release.Candidate.app/Contents/Developer/Platforms/WatchOS.platform/Developer/Library/Frameworks -F /Applications/Xcode-27.0.0-Release.Candidate.app/Contents/Developer/Platforms/WatchOS.platform/Developer/SDKs/WatchOS27.0.sdk/Developer/Library/Frameworks -c -j10 -enable-batch-mode -incremental -Xcc -ivfsstatcache -Xcc /Users/admin/builder/spi-builder-workspace/.derivedData/SDKStatCaches.noindex/watchos27.0-24R360-e829b21a6f8c9b70876ba0858053c04477534ef55a1706bf4c1112bbb242f0a2.sdkstatcache -output-file-map /Users/admin/builder/spi-builder-workspace/.derivedData/Build/Intermediates.noindex/swift-nio.build/Debug-watchos/NIOPosix-t.build/Objects-normal/arm64_32/NIOPosix-OutputFileMap.json -save-temps -no-color-diagnostics -explicit-module-build -module-cache-path /Users/admin/builder/spi-builder-workspace/.derivedData/Build/Intermediates.noindex/SwiftExplicitPrecompiledModules -clang-scanner-module-cache-path /Users/admin/builder/spi-builder-workspace/.derivedData/ModuleCache.noindex -sdk-module-cache-path /Users/admin/builder/spi-builder-workspace/.derivedData/SDKExplicitPrecompiledModules -emit-dependencies -emit-module -emit-module-path /Users/admin/builder/spi-builder-workspace/.derivedData/Build/Intermediates.noindex/swift-nio.build/Debug-watchos/NIOPosix-t.build/Objects-normal/arm64_32/NIOPosix.swiftmodule -serialize-diagnostics -dependency-scan-serialize-diagnostics-path /Users/admin/builder/spi-builder-workspace/.derivedData/Build/Intermediates.noindex/swift-nio.build/Debug-watchos/NIOPosix-t.build/Objects-normal/arm64_32/NIOPosix-dependency-scan.dia -user-module-version 2.103.0 -validate-clang-modules-once -clang-build-session-file /Users/admin/builder/spi-builder-workspace/.derivedData/ModuleCache.noindex/Session.modulevalidation -Xcc -fmodules-prune-interval\=86400 -Xcc -fmodules-prune-after\=345600 -package-name swift_nio -emit-const-values -const-gather-protocols-list /Users/admin/builder/spi-builder-workspace/.derivedData/Build/Intermediates.noindex/swift-nio.build/Debug-watchos/NIOPosix-t.build/Objects-normal/arm64_32/NIOPosix_const_extract_protocols.json -Xcc -I/Users/admin/builder/spi-builder-workspace/.dependencies/checkouts/swift-atomics/Sources/_AtomicsShims/include -Xcc -I/Users/admin/builder/spi-builder-workspace/.dependencies/checkouts/swift-nio/Sources/CNIOPosix/include -Xcc -I/Users/admin/builder/spi-builder-workspace/.dependencies/checkouts/swift-nio/Sources/CNIOWASI/include -Xcc -I/Users/admin/builder/spi-builder-workspace/.dependencies/checkouts/swift-nio/Sources/CNIOFreeBSD/include -Xcc -I/Users/admin/builder/spi-builder-workspace/.dependencies/checkouts/swift-nio/Sources/CNIOAtomics/include -Xcc -I/Users/admin/builder/spi-builder-workspace/.dependencies/checkouts/swift-nio/Sources/CNIOWindows/include -Xcc -I/Users/admin/builder/spi-builder-workspace/.dependencies/checkouts/swift-nio/Sources/CNIODarwin/include -Xcc -I/Users/admin/builder/spi-builder-workspace/.dependencies/checkouts/swift-nio/Sources/CNIOLinux/include -Xcc -I/Users/admin/builder/spi-builder-workspace/.dependencies/checkouts/swift-nio/Sources/CNIOOpenBSD/include -Xcc -I/Users/admin/builder/spi-builder-workspace/.derivedData/Build/Products/Debug-watchos/include -Xcc -I/Users/admin/builder/spi-builder-workspace/.derivedData/Build/Intermediates.noindex/swift-nio.build/Debug-watchos/NIOPosix-t.build/DerivedSources-normal/arm64_32 -Xcc -I/Users/admin/builder/spi-builder-workspace/.derivedData/Build/Intermediates.noindex/swift-nio.build/Debug-watchos/NIOPosix-t.build/DerivedSources/arm64_32 -Xcc -I/Users/admin/builder/spi-builder-workspace/.derivedData/Build/Intermediates.noindex/swift-nio.build/Debug-watchos/NIOPosix-t.build/DerivedSources -Xcc -DSWIFT_PACKAGE -Xcc -DDEBUG\=1 -emit-objc-header -emit-objc-header-path /Users/admin/builder/spi-builder-workspace/.derivedData/Build/Intermediates.noindex/swift-nio.build/Debug-watchos/NIOPosix-t.build/Objects-normal/arm64_32/NIOPosix-Swift.h -working-directory /Users/admin/builder/spi-builder-workspace/.swiftpm/xcode -experimental-emit-module-separately -disable-cmo
SwiftMergeGeneratedHeaders /Users/admin/builder/spi-builder-workspace/.derivedData/Build/Intermediates.noindex/GeneratedModuleMaps-watchos/NIOPosix-Swift.h /Users/admin/builder/spi-builder-workspace/.derivedData/Build/Intermediates.noindex/swift-nio.build/Debug-watchos/NIOPosix-t.build/Objects-normal/arm64/NIOPosix-Swift.h /Users/admin/builder/spi-builder-workspace/.derivedData/Build/Intermediates.noindex/swift-nio.build/Debug-watchos/NIOPosix-t.build/Objects-normal/arm64_32/NIOPosix-Swift.h (in target 'NIOPosix' from project 'swift-nio')
    cd /Users/admin/builder/spi-builder-workspace/.dependencies/checkouts/swift-nio
    builtin-swiftHeaderTool -arch arm64 /Users/admin/builder/spi-builder-workspace/.derivedData/Build/Intermediates.noindex/swift-nio.build/Debug-watchos/NIOPosix-t.build/Objects-normal/arm64/NIOPosix-Swift.h -arch arm64_32 /Users/admin/builder/spi-builder-workspace/.derivedData/Build/Intermediates.noindex/swift-nio.build/Debug-watchos/NIOPosix-t.build/Objects-normal/arm64_32/NIOPosix-Swift.h -o /Users/admin/builder/spi-builder-workspace/.derivedData/Build/Intermediates.noindex/GeneratedModuleMaps-watchos/NIOPosix-Swift.h
Copy /Users/admin/builder/spi-builder-workspace/.derivedData/Build/Products/Debug-watchos/NIOPosix.swiftmodule/arm64_32-apple-watchos.swiftmodule /Users/admin/builder/spi-builder-workspace/.derivedData/Build/Intermediates.noindex/swift-nio.build/Debug-watchos/NIOPosix-t.build/Objects-normal/arm64_32/NIOPosix.swiftmodule (in target 'NIOPosix' from project 'swift-nio')
    cd /Users/admin/builder/spi-builder-workspace/.dependencies/checkouts/swift-nio
    builtin-copy -exclude .DS_Store -exclude CVS -exclude .svn -exclude .git -exclude .hg -resolve-src-symlinks -rename /Users/admin/builder/spi-builder-workspace/.derivedData/Build/Intermediates.noindex/swift-nio.build/Debug-watchos/NIOPosix-t.build/Objects-normal/arm64_32/NIOPosix.swiftmodule /Users/admin/builder/spi-builder-workspace/.derivedData/Build/Products/Debug-watchos/NIOPosix.swiftmodule/arm64_32-apple-watchos.swiftmodule
Copy /Users/admin/builder/spi-builder-workspace/.derivedData/Build/Products/Debug-watchos/NIOPosix.swiftmodule/arm64_32-apple-watchos.swiftdoc /Users/admin/builder/spi-builder-workspace/.derivedData/Build/Intermediates.noindex/swift-nio.build/Debug-watchos/NIOPosix-t.build/Objects-normal/arm64_32/NIOPosix.swiftdoc (in target 'NIOPosix' from project 'swift-nio')
    cd /Users/admin/builder/spi-builder-workspace/.dependencies/checkouts/swift-nio
    builtin-copy -exclude .DS_Store -exclude CVS -exclude .svn -exclude .git -exclude .hg -resolve-src-symlinks -rename /Users/admin/builder/spi-builder-workspace/.derivedData/Build/Intermediates.noindex/swift-nio.build/Debug-watchos/NIOPosix-t.build/Objects-normal/arm64_32/NIOPosix.swiftdoc /Users/admin/builder/spi-builder-workspace/.derivedData/Build/Products/Debug-watchos/NIOPosix.swiftmodule/arm64_32-apple-watchos.swiftdoc
Copy /Users/admin/builder/spi-builder-workspace/.derivedData/Build/Products/Debug-watchos/NIOPosix.swiftmodule/arm64_32-apple-watchos.abi.json /Users/admin/builder/spi-builder-workspace/.derivedData/Build/Intermediates.noindex/swift-nio.build/Debug-watchos/NIOPosix-t.build/Objects-normal/arm64_32/NIOPosix.abi.json (in target 'NIOPosix' from project 'swift-nio')
    cd /Users/admin/builder/spi-builder-workspace/.dependencies/checkouts/swift-nio
    builtin-copy -exclude .DS_Store -exclude CVS -exclude .svn -exclude .git -exclude .hg -resolve-src-symlinks -rename /Users/admin/builder/spi-builder-workspace/.derivedData/Build/Intermediates.noindex/swift-nio.build/Debug-watchos/NIOPosix-t.build/Objects-normal/arm64_32/NIOPosix.abi.json /Users/admin/builder/spi-builder-workspace/.derivedData/Build/Products/Debug-watchos/NIOPosix.swiftmodule/arm64_32-apple-watchos.abi.json
Copy /Users/admin/builder/spi-builder-workspace/.derivedData/Build/Products/Debug-watchos/NIOPosix.swiftmodule/Project/arm64_32-apple-watchos.swiftsourceinfo /Users/admin/builder/spi-builder-workspace/.derivedData/Build/Intermediates.noindex/swift-nio.build/Debug-watchos/NIOPosix-t.build/Objects-normal/arm64_32/NIOPosix.swiftsourceinfo (in target 'NIOPosix' from project 'swift-nio')
    cd /Users/admin/builder/spi-builder-workspace/.dependencies/checkouts/swift-nio
    builtin-copy -exclude .DS_Store -exclude CVS -exclude .svn -exclude .git -exclude .hg -resolve-src-symlinks -rename /Users/admin/builder/spi-builder-workspace/.derivedData/Build/Intermediates.noindex/swift-nio.build/Debug-watchos/NIOPosix-t.build/Objects-normal/arm64_32/NIOPosix.swiftsourceinfo /Users/admin/builder/spi-builder-workspace/.derivedData/Build/Products/Debug-watchos/NIOPosix.swiftmodule/Project/arm64_32-apple-watchos.swiftsourceinfo
SwiftDriver SwiftSnmpKit normal arm64_32 com.apple.xcode.tools.swift.compiler (in target 'SwiftSnmpKit' from project 'SwiftSnmpKit')
    cd /Users/admin/builder/spi-builder-workspace/.swiftpm/xcode
    builtin-SwiftDriver -- /Applications/Xcode-27.0.0-Release.Candidate.app/Contents/Developer/Toolchains/XcodeDefault.xctoolchain/usr/bin/swiftc -parse-as-library -module-name SwiftSnmpKit -Onone @/Users/admin/builder/spi-builder-workspace/.derivedData/Build/Intermediates.noindex/SwiftSnmpKit.build/Debug-watchos/SwiftSnmpKit-t.build/Objects-normal/arm64_32/SwiftSnmpKit.SwiftFileList -DSWIFT_PACKAGE -DDEBUG -DSWIFT_MODULE_RESOURCE_BUNDLE_UNAVAILABLE -Xcc -fmodule-map-file\=/Users/admin/builder/spi-builder-workspace/.dependencies/checkouts/swift-atomics/Sources/_AtomicsShims/include/module.modulemap -Xcc -fmodule-map-file\=/Users/admin/builder/spi-builder-workspace/.derivedData/Build/Intermediates.noindex/GeneratedModuleMaps-watchos/CNIOPosix.modulemap -Xcc -fmodule-map-file\=/Users/admin/builder/spi-builder-workspace/.derivedData/Build/Intermediates.noindex/GeneratedModuleMaps-watchos/CNIOWASI.modulemap -Xcc -fmodule-map-file\=/Users/admin/builder/spi-builder-workspace/.derivedData/Build/Intermediates.noindex/GeneratedModuleMaps-watchos/CNIOFreeBSD.modulemap -Xcc -fmodule-map-file\=/Users/admin/builder/spi-builder-workspace/.derivedData/Build/Intermediates.noindex/GeneratedModuleMaps-watchos/CNIOAtomics.modulemap -Xcc -fmodule-map-file\=/Users/admin/builder/spi-builder-workspace/.dependencies/checkouts/swift-nio/Sources/CNIOWindows/include/module.modulemap -Xcc -fmodule-map-file\=/Users/admin/builder/spi-builder-workspace/.derivedData/Build/Intermediates.noindex/GeneratedModuleMaps-watchos/CNIODarwin.modulemap -Xcc -fmodule-map-file\=/Users/admin/builder/spi-builder-workspace/.derivedData/Build/Intermediates.noindex/GeneratedModuleMaps-watchos/CNIOLinux.modulemap -Xcc -fmodule-map-file\=/Users/admin/builder/spi-builder-workspace/.derivedData/Build/Intermediates.noindex/GeneratedModuleMaps-watchos/CNIOOpenBSD.modulemap -DXcode -plugin-path /Applications/Xcode-27.0.0-Release.Candidate.app/Contents/Developer/Toolchains/XcodeDefault.xctoolchain/usr/lib/swift/host/plugins/testing -enable-experimental-feature DebugDescriptionMacro -sdk /Applications/Xcode-27.0.0-Release.Candidate.app/Contents/Developer/Platforms/WatchOS.platform/Developer/SDKs/WatchOS27.0.sdk -target arm64_32-apple-watchos9.0 -g -module-cache-path /Users/admin/builder/spi-builder-workspace/.derivedData/ModuleCache.noindex -Xfrontend -serialize-debugging-options -profile-coverage-mapping -profile-generate -enable-testing -index-store-path /Users/admin/builder/spi-builder-workspace/.derivedData/Index.noindex/DataStore -Xcc -D_LIBCPP_HARDENING_MODE\=_LIBCPP_HARDENING_MODE_DEBUG -swift-version 5 -I /Users/admin/builder/spi-builder-workspace/.derivedData/Build/Products/Debug-watchos -Isystem /Applications/Xcode-27.0.0-Release.Candidate.app/Contents/Developer/Platforms/WatchOS.platform/Developer/usr/lib -F /Users/admin/builder/spi-builder-workspace/.derivedData/Build/Products/Debug-watchos/PackageFrameworks -F /Users/admin/builder/spi-builder-workspace/.derivedData/Build/Products/Debug-watchos -F /Applications/Xcode-27.0.0-Release.Candidate.app/Contents/Developer/Platforms/WatchOS.platform/Developer/Library/Frameworks -F /Applications/Xcode-27.0.0-Release.Candidate.app/Contents/Developer/Platforms/WatchOS.platform/Developer/SDKs/WatchOS27.0.sdk/Developer/Library/Frameworks -c -j10 -enable-batch-mode -incremental -Xcc -ivfsstatcache -Xcc /Users/admin/builder/spi-builder-workspace/.derivedData/SDKStatCaches.noindex/watchos27.0-24R360-e829b21a6f8c9b70876ba0858053c04477534ef55a1706bf4c1112bbb242f0a2.sdkstatcache -output-file-map /Users/admin/builder/spi-builder-workspace/.derivedData/Build/Intermediates.noindex/SwiftSnmpKit.build/Debug-watchos/SwiftSnmpKit-t.build/Objects-normal/arm64_32/SwiftSnmpKit-OutputFileMap.json -save-temps -no-color-diagnostics -explicit-module-build -module-cache-path /Users/admin/builder/spi-builder-workspace/.derivedData/Build/Intermediates.noindex/SwiftExplicitPrecompiledModules -clang-scanner-module-cache-path /Users/admin/builder/spi-builder-workspace/.derivedData/ModuleCache.noindex -sdk-module-cache-path /Users/admin/builder/spi-builder-workspace/.derivedData/SDKExplicitPrecompiledModules -emit-dependencies -emit-module -emit-module-path /Users/admin/builder/spi-builder-workspace/.derivedData/Build/Intermediates.noindex/SwiftSnmpKit.build/Debug-watchos/SwiftSnmpKit-t.build/Objects-normal/arm64_32/SwiftSnmpKit.swiftmodule -serialize-diagnostics -dependency-scan-serialize-diagnostics-path /Users/admin/builder/spi-builder-workspace/.derivedData/Build/Intermediates.noindex/SwiftSnmpKit.build/Debug-watchos/SwiftSnmpKit-t.build/Objects-normal/arm64_32/SwiftSnmpKit-dependency-scan.dia -validate-clang-modules-once -clang-build-session-file /Users/admin/builder/spi-builder-workspace/.derivedData/ModuleCache.noindex/Session.modulevalidation -Xcc -fmodules-prune-interval\=86400 -Xcc -fmodules-prune-after\=345600 -emit-const-values -const-gather-protocols-list /Users/admin/builder/spi-builder-workspace/.derivedData/Build/Intermediates.noindex/SwiftSnmpKit.build/Debug-watchos/SwiftSnmpKit-t.build/Objects-normal/arm64_32/SwiftSnmpKit_const_extract_protocols.json -Xcc -I/Users/admin/builder/spi-builder-workspace/.dependencies/checkouts/swift-atomics/Sources/_AtomicsShims/include -Xcc -I/Users/admin/builder/spi-builder-workspace/.dependencies/checkouts/swift-nio/Sources/CNIOPosix/include -Xcc -I/Users/admin/builder/spi-builder-workspace/.dependencies/checkouts/swift-nio/Sources/CNIOWASI/include -Xcc -I/Users/admin/builder/spi-builder-workspace/.dependencies/checkouts/swift-nio/Sources/CNIOFreeBSD/include -Xcc -I/Users/admin/builder/spi-builder-workspace/.dependencies/checkouts/swift-nio/Sources/CNIOAtomics/include -Xcc -I/Users/admin/builder/spi-builder-workspace/.dependencies/checkouts/swift-nio/Sources/CNIOWindows/include -Xcc -I/Users/admin/builder/spi-builder-workspace/.dependencies/checkouts/swift-nio/Sources/CNIODarwin/include -Xcc -I/Users/admin/builder/spi-builder-workspace/.dependencies/checkouts/swift-nio/Sources/CNIOLinux/include -Xcc -I/Users/admin/builder/spi-builder-workspace/.dependencies/checkouts/swift-nio/Sources/CNIOOpenBSD/include -Xcc -I/Users/admin/builder/spi-builder-workspace/.derivedData/Build/Products/Debug-watchos/include -Xcc -I/Users/admin/builder/spi-builder-workspace/.derivedData/Build/Intermediates.noindex/SwiftSnmpKit.build/Debug-watchos/SwiftSnmpKit-t.build/DerivedSources-normal/arm64_32 -Xcc -I/Users/admin/builder/spi-builder-workspace/.derivedData/Build/Intermediates.noindex/SwiftSnmpKit.build/Debug-watchos/SwiftSnmpKit-t.build/DerivedSources/arm64_32 -Xcc -I/Users/admin/builder/spi-builder-workspace/.derivedData/Build/Intermediates.noindex/SwiftSnmpKit.build/Debug-watchos/SwiftSnmpKit-t.build/DerivedSources -Xcc -DSWIFT_PACKAGE -Xcc -DDEBUG\=1 -emit-objc-header -emit-objc-header-path /Users/admin/builder/spi-builder-workspace/.derivedData/Build/Intermediates.noindex/SwiftSnmpKit.build/Debug-watchos/SwiftSnmpKit-t.build/Objects-normal/arm64_32/SwiftSnmpKit-Swift.h -working-directory /Users/admin/builder/spi-builder-workspace/.swiftpm/xcode -experimental-emit-module-separately -disable-cmo
/Users/admin/builder/spi-builder-workspace/Sources/SwiftSnmpKit/Enumerations/AsnValue.swift:20:14: warning: TODO: Fix bitString implementation (in target 'SwiftSnmpKit' from project 'SwiftSnmpKit')
/Users/admin/builder/spi-builder-workspace/Sources/SwiftSnmpKit/Enumerations/AsnValue.swift:196:18: warning: TODO Update counter32, gauge32, and timetick32 to produce smaller data if they can be encoded in less than 4 octets (in target 'SwiftSnmpKit' from project 'SwiftSnmpKit')
SwiftDriver SwiftSnmpKit normal arm64 com.apple.xcode.tools.swift.compiler (in target 'SwiftSnmpKit' from project 'SwiftSnmpKit')
    cd /Users/admin/builder/spi-builder-workspace/.swiftpm/xcode
    builtin-SwiftDriver -- /Applications/Xcode-27.0.0-Release.Candidate.app/Contents/Developer/Toolchains/XcodeDefault.xctoolchain/usr/bin/swiftc -parse-as-library -module-name SwiftSnmpKit -Onone @/Users/admin/builder/spi-builder-workspace/.derivedData/Build/Intermediates.noindex/SwiftSnmpKit.build/Debug-watchos/SwiftSnmpKit-t.build/Objects-normal/arm64/SwiftSnmpKit.SwiftFileList -DSWIFT_PACKAGE -DDEBUG -DSWIFT_MODULE_RESOURCE_BUNDLE_UNAVAILABLE -Xcc -fmodule-map-file\=/Users/admin/builder/spi-builder-workspace/.dependencies/checkouts/swift-atomics/Sources/_AtomicsShims/include/module.modulemap -Xcc -fmodule-map-file\=/Users/admin/builder/spi-builder-workspace/.derivedData/Build/Intermediates.noindex/GeneratedModuleMaps-watchos/CNIOPosix.modulemap -Xcc -fmodule-map-file\=/Users/admin/builder/spi-builder-workspace/.derivedData/Build/Intermediates.noindex/GeneratedModuleMaps-watchos/CNIOWASI.modulemap -Xcc -fmodule-map-file\=/Users/admin/builder/spi-builder-workspace/.derivedData/Build/Intermediates.noindex/GeneratedModuleMaps-watchos/CNIOFreeBSD.modulemap -Xcc -fmodule-map-file\=/Users/admin/builder/spi-builder-workspace/.derivedData/Build/Intermediates.noindex/GeneratedModuleMaps-watchos/CNIOAtomics.modulemap -Xcc -fmodule-map-file\=/Users/admin/builder/spi-builder-workspace/.dependencies/checkouts/swift-nio/Sources/CNIOWindows/include/module.modulemap -Xcc -fmodule-map-file\=/Users/admin/builder/spi-builder-workspace/.derivedData/Build/Intermediates.noindex/GeneratedModuleMaps-watchos/CNIODarwin.modulemap -Xcc -fmodule-map-file\=/Users/admin/builder/spi-builder-workspace/.derivedData/Build/Intermediates.noindex/GeneratedModuleMaps-watchos/CNIOLinux.modulemap -Xcc -fmodule-map-file\=/Users/admin/builder/spi-builder-workspace/.derivedData/Build/Intermediates.noindex/GeneratedModuleMaps-watchos/CNIOOpenBSD.modulemap -DXcode -plugin-path /Applications/Xcode-27.0.0-Release.Candidate.app/Contents/Developer/Toolchains/XcodeDefault.xctoolchain/usr/lib/swift/host/plugins/testing -enable-experimental-feature DebugDescriptionMacro -sdk /Applications/Xcode-27.0.0-Release.Candidate.app/Contents/Developer/Platforms/WatchOS.platform/Developer/SDKs/WatchOS27.0.sdk -target arm64-apple-watchos9.0 -g -module-cache-path /Users/admin/builder/spi-builder-workspace/.derivedData/ModuleCache.noindex -Xfrontend -serialize-debugging-options -profile-coverage-mapping -profile-generate -enable-testing -index-store-path /Users/admin/builder/spi-builder-workspace/.derivedData/Index.noindex/DataStore -Xcc -D_LIBCPP_HARDENING_MODE\=_LIBCPP_HARDENING_MODE_DEBUG -swift-version 5 -I /Users/admin/builder/spi-builder-workspace/.derivedData/Build/Products/Debug-watchos -Isystem /Applications/Xcode-27.0.0-Release.Candidate.app/Contents/Developer/Platforms/WatchOS.platform/Developer/usr/lib -F /Users/admin/builder/spi-builder-workspace/.derivedData/Build/Products/Debug-watchos/PackageFrameworks -F /Users/admin/builder/spi-builder-workspace/.derivedData/Build/Products/Debug-watchos -F /Applications/Xcode-27.0.0-Release.Candidate.app/Contents/Developer/Platforms/WatchOS.platform/Developer/Library/Frameworks -F /Applications/Xcode-27.0.0-Release.Candidate.app/Contents/Developer/Platforms/WatchOS.platform/Developer/SDKs/WatchOS27.0.sdk/Developer/Library/Frameworks -c -j10 -enable-batch-mode -incremental -Xcc -ivfsstatcache -Xcc /Users/admin/builder/spi-builder-workspace/.derivedData/SDKStatCaches.noindex/watchos27.0-24R360-e829b21a6f8c9b70876ba0858053c04477534ef55a1706bf4c1112bbb242f0a2.sdkstatcache -output-file-map /Users/admin/builder/spi-builder-workspace/.derivedData/Build/Intermediates.noindex/SwiftSnmpKit.build/Debug-watchos/SwiftSnmpKit-t.build/Objects-normal/arm64/SwiftSnmpKit-OutputFileMap.json -save-temps -no-color-diagnostics -explicit-module-build -module-cache-path /Users/admin/builder/spi-builder-workspace/.derivedData/Build/Intermediates.noindex/SwiftExplicitPrecompiledModules -clang-scanner-module-cache-path /Users/admin/builder/spi-builder-workspace/.derivedData/ModuleCache.noindex -sdk-module-cache-path /Users/admin/builder/spi-builder-workspace/.derivedData/SDKExplicitPrecompiledModules -emit-dependencies -emit-module -emit-module-path /Users/admin/builder/spi-builder-workspace/.derivedData/Build/Intermediates.noindex/SwiftSnmpKit.build/Debug-watchos/SwiftSnmpKit-t.build/Objects-normal/arm64/SwiftSnmpKit.swiftmodule -serialize-diagnostics -dependency-scan-serialize-diagnostics-path /Users/admin/builder/spi-builder-workspace/.derivedData/Build/Intermediates.noindex/SwiftSnmpKit.build/Debug-watchos/SwiftSnmpKit-t.build/Objects-normal/arm64/SwiftSnmpKit-dependency-scan.dia -validate-clang-modules-once -clang-build-session-file /Users/admin/builder/spi-builder-workspace/.derivedData/ModuleCache.noindex/Session.modulevalidation -Xcc -fmodules-prune-interval\=86400 -Xcc -fmodules-prune-after\=345600 -emit-const-values -const-gather-protocols-list /Users/admin/builder/spi-builder-workspace/.derivedData/Build/Intermediates.noindex/SwiftSnmpKit.build/Debug-watchos/SwiftSnmpKit-t.build/Objects-normal/arm64/SwiftSnmpKit_const_extract_protocols.json -Xcc -I/Users/admin/builder/spi-builder-workspace/.dependencies/checkouts/swift-atomics/Sources/_AtomicsShims/include -Xcc -I/Users/admin/builder/spi-builder-workspace/.dependencies/checkouts/swift-nio/Sources/CNIOPosix/include -Xcc -I/Users/admin/builder/spi-builder-workspace/.dependencies/checkouts/swift-nio/Sources/CNIOWASI/include -Xcc -I/Users/admin/builder/spi-builder-workspace/.dependencies/checkouts/swift-nio/Sources/CNIOFreeBSD/include -Xcc -I/Users/admin/builder/spi-builder-workspace/.dependencies/checkouts/swift-nio/Sources/CNIOAtomics/include -Xcc -I/Users/admin/builder/spi-builder-workspace/.dependencies/checkouts/swift-nio/Sources/CNIOWindows/include -Xcc -I/Users/admin/builder/spi-builder-workspace/.dependencies/checkouts/swift-nio/Sources/CNIODarwin/include -Xcc -I/Users/admin/builder/spi-builder-workspace/.dependencies/checkouts/swift-nio/Sources/CNIOLinux/include -Xcc -I/Users/admin/builder/spi-builder-workspace/.dependencies/checkouts/swift-nio/Sources/CNIOOpenBSD/include -Xcc -I/Users/admin/builder/spi-builder-workspace/.derivedData/Build/Products/Debug-watchos/include -Xcc -I/Users/admin/builder/spi-builder-workspace/.derivedData/Build/Intermediates.noindex/SwiftSnmpKit.build/Debug-watchos/SwiftSnmpKit-t.build/DerivedSources-normal/arm64 -Xcc -I/Users/admin/builder/spi-builder-workspace/.derivedData/Build/Intermediates.noindex/SwiftSnmpKit.build/Debug-watchos/SwiftSnmpKit-t.build/DerivedSources/arm64 -Xcc -I/Users/admin/builder/spi-builder-workspace/.derivedData/Build/Intermediates.noindex/SwiftSnmpKit.build/Debug-watchos/SwiftSnmpKit-t.build/DerivedSources -Xcc -DSWIFT_PACKAGE -Xcc -DDEBUG\=1 -emit-objc-header -emit-objc-header-path /Users/admin/builder/spi-builder-workspace/.derivedData/Build/Intermediates.noindex/SwiftSnmpKit.build/Debug-watchos/SwiftSnmpKit-t.build/Objects-normal/arm64/SwiftSnmpKit-Swift.h -working-directory /Users/admin/builder/spi-builder-workspace/.swiftpm/xcode -experimental-emit-module-separately -disable-cmo
/Users/admin/builder/spi-builder-workspace/Sources/SwiftSnmpKit/Enumerations/AsnValue.swift:20:14: warning: TODO: Fix bitString implementation (in target 'SwiftSnmpKit' from project 'SwiftSnmpKit')
/Users/admin/builder/spi-builder-workspace/Sources/SwiftSnmpKit/Enumerations/AsnValue.swift:196:18: warning: TODO Update counter32, gauge32, and timetick32 to produce smaller data if they can be encoded in less than 4 octets (in target 'SwiftSnmpKit' from project 'SwiftSnmpKit')
SwiftDriverJobDiscovery normal arm64_32 Compiling PipePair.swift, Pool.swift, PosixSingletons+ConcurrencyTakeOver.swift, PosixSingletons.swift, RawSocketBootstrap.swift, Resolver.swift (in target 'NIOPosix' from project 'swift-nio')
SwiftDriverJobDiscovery normal arm64_32 Compiling SelectorUring.swift, SelectorWSAPoll.swift, ServerSocket.swift, Socket.swift, SocketChannel.swift (in target 'NIOPosix' from project 'swift-nio')
SwiftDriverJobDiscovery normal arm64 Compiling BaseSocketChannel+SocketOptionProvider.swift, BaseSocketChannel.swift, BaseStreamSocketChannel.swift, Bootstrap.swift, ControlMessage.swift, DatagramVectorReadManager.swift (in target 'NIOPosix' from project 'swift-nio')
SwiftExplicitDependencyGeneratePcm arm64 /Users/admin/builder/spi-builder-workspace/.derivedData/Build/Intermediates.noindex/SwiftExplicitPrecompiledModules/CNIOLinux-7DBCX7SHNXTOKQFN2H6QTSTMN.pcm
SwiftExplicitDependencyGeneratePcm arm64 /Users/admin/builder/spi-builder-workspace/.derivedData/Build/Intermediates.noindex/SwiftExplicitPrecompiledModules/CNIOPosix-DVF6EQOO9VXS07IC56D3CKMWD.pcm
SwiftExplicitDependencyGeneratePcm arm64 /Users/admin/builder/spi-builder-workspace/.derivedData/Build/Intermediates.noindex/SwiftExplicitPrecompiledModules/CNIOOpenBSD-9LCLYBGBSAI4CC9FRVRX4E4P6.pcm
SwiftExplicitDependencyGeneratePcm arm64 /Users/admin/builder/spi-builder-workspace/.derivedData/Build/Intermediates.noindex/SwiftExplicitPrecompiledModules/CNIOAtomics-271RHH157MQEPPF5CDJNWF9AZ.pcm
SwiftExplicitDependencyGeneratePcm arm64_32 /Users/admin/builder/spi-builder-workspace/.derivedData/Build/Intermediates.noindex/SwiftExplicitPrecompiledModules/CNIOPosix-6E67HYARSIS5DL3KQG0ZNZHGR.pcm
SwiftExplicitDependencyGeneratePcm arm64_32 /Users/admin/builder/spi-builder-workspace/.derivedData/Build/Intermediates.noindex/SwiftExplicitPrecompiledModules/CNIOWindows-91TADCHKK33PJ52MXP6F30HNW.pcm
SwiftExplicitDependencyGeneratePcm arm64_32 /Users/admin/builder/spi-builder-workspace/.derivedData/Build/Intermediates.noindex/SwiftExplicitPrecompiledModules/CNIOOpenBSD-5HRHZCN962TD3I78X8IV2AQLM.pcm
SwiftExplicitDependencyGeneratePcm arm64_32 /Users/admin/builder/spi-builder-workspace/.derivedData/Build/Intermediates.noindex/SwiftExplicitPrecompiledModules/CNIOLinux-AO2LHVPHBPTS7B80L6EW9BVI1.pcm
SwiftExplicitDependencyGeneratePcm arm64_32 /Users/admin/builder/spi-builder-workspace/.derivedData/Build/Intermediates.noindex/SwiftExplicitPrecompiledModules/CNIODarwin-2MVMB6NAN6LILH517HBAIL3LF.pcm
SwiftExplicitDependencyGeneratePcm arm64_32 /Users/admin/builder/spi-builder-workspace/.derivedData/Build/Intermediates.noindex/SwiftExplicitPrecompiledModules/CNIOAtomics-7MKVCTD35SBOTLYZ19YTVS2ZD.pcm
SwiftExplicitDependencyGeneratePcm arm64 /Users/admin/builder/spi-builder-workspace/.derivedData/Build/Intermediates.noindex/SwiftExplicitPrecompiledModules/CNIOWindows-2HYHV6NJFZB47WEOOSX5D4GRC.pcm
SwiftExplicitDependencyGeneratePcm arm64 /Users/admin/builder/spi-builder-workspace/.derivedData/Build/Intermediates.noindex/SwiftExplicitPrecompiledModules/CNIODarwin-DJWY2AJLP0A2WP1C5YX7XKSQ8.pcm
SwiftDriverJobDiscovery normal arm64_32 Compiling SocketProtocols.swift, StructuredConcurrencyHelpers.swift, System.swift, Thread.swift, ThreadPosix.swift (in target 'NIOPosix' from project 'swift-nio')
SwiftEmitModule normal arm64 Emitting\ module\ for\ SwiftSnmpKit (in target 'SwiftSnmpKit' from project 'SwiftSnmpKit')
/Users/admin/builder/spi-builder-workspace/Sources/SwiftSnmpKit/Enumerations/AsnValue.swift:20:14: warning: TODO: Fix bitString implementation
 18 |     case endOfContent
 19 |     case integer(Int64)
 20 |     #warning("TODO: Fix bitString implementation")
    |              `- warning: TODO: Fix bitString implementation
 21 |     case bitString(Data) // first octet indicates how many bits short of a multiple of 8 "number of unused bits". This implementation doesn't deal with this at this time
 22 |     case octetString(Data)
SwiftCompile normal arm64 (in target 'SwiftSnmpKit' from project 'SwiftSnmpKit')
    cd /Users/admin/builder/spi-builder-workspace/.swiftpm/xcode

SwiftCompile normal arm64 Compiling\ Int+Extensions.swift,\ String+Extensions.swift /Users/admin/builder/spi-builder-workspace/Sources/SwiftSnmpKit/Extensions/Int+Extensions.swift /Users/admin/builder/spi-builder-workspace/Sources/SwiftSnmpKit/Extensions/String+Extensions.swift (in target 'SwiftSnmpKit' from project 'SwiftSnmpKit')
SwiftCompile normal arm64 /Users/admin/builder/spi-builder-workspace/Sources/SwiftSnmpKit/Extensions/Int+Extensions.swift (in target 'SwiftSnmpKit' from project 'SwiftSnmpKit')
    cd /Users/admin/builder/spi-builder-workspace/.swiftpm/xcode
    builtin-SwiftPerFileCompile Int+Extensions.swift
SwiftCompile normal arm64 /Users/admin/builder/spi-builder-workspace/Sources/SwiftSnmpKit/Extensions/String+Extensions.swift (in target 'SwiftSnmpKit' from project 'SwiftSnmpKit')
    cd /Users/admin/builder/spi-builder-workspace/.swiftpm/xcode
    builtin-SwiftPerFileCompile String+Extensions.swift
SwiftCompile normal arm64 Compiling\ SnmpVariableBinding.swift /Users/admin/builder/spi-builder-workspace/Sources/SwiftSnmpKit/SnmpVariableBinding.swift (in target 'SwiftSnmpKit' from project 'SwiftSnmpKit')
/Users/admin/builder/spi-builder-workspace/Sources/SwiftSnmpKit/Enumerations/AsnValue.swift:20:14: warning: TODO: Fix bitString implementation
 18 |     case endOfContent
 19 |     case integer(Int64)
 20 |     #warning("TODO: Fix bitString implementation")
    |              `- warning: TODO: Fix bitString implementation
 21 |     case bitString(Data) // first octet indicates how many bits short of a multiple of 8 "number of unused bits". This implementation doesn't deal with this at this time
 22 |     case octetString(Data)
/Users/admin/builder/spi-builder-workspace/Sources/SwiftSnmpKit/SnmpVariableBinding.swift:28:13: warning: initialization of immutable value 'nameLength' was never used; consider replacing with assignment to '_' or removing it [#NoUsage]
26 |     init(data: Data) throws {
27 |         let objectName = try AsnValue(data: data)
28 |         let nameLength = try AsnValue.pduLength(data: data)
   |             `- warning: initialization of immutable value 'nameLength' was never used; consider replacing with assignment to '_' or removing it [#NoUsage]
29 |         guard case .sequence(let sequence) = objectName else {
30 |             SnmpError.log("Expected Sequence got \(objectName)")
[#NoUsage]: <https://docs.swift.org/compiler/documentation/diagnostics/no-usage>
SwiftCompile normal arm64 /Users/admin/builder/spi-builder-workspace/Sources/SwiftSnmpKit/SnmpVariableBinding.swift (in target 'SwiftSnmpKit' from project 'SwiftSnmpKit')
    cd /Users/admin/builder/spi-builder-workspace/.swiftpm/xcode
    builtin-SwiftPerFileCompile SnmpVariableBinding.swift
SwiftCompile normal arm64 Compiling\ SnmpVersion.swift,\ Data+Extensions.swift /Users/admin/builder/spi-builder-workspace/Sources/SwiftSnmpKit/Enumerations/SnmpVersion.swift /Users/admin/builder/spi-builder-workspace/Sources/SwiftSnmpKit/Extensions/Data+Extensions.swift (in target 'SwiftSnmpKit' from project 'SwiftSnmpKit')
/Users/admin/builder/spi-builder-workspace/Sources/SwiftSnmpKit/Enumerations/AsnValue.swift:20:14: warning: TODO: Fix bitString implementation
 18 |     case endOfContent
 19 |     case integer(Int64)
 20 |     #warning("TODO: Fix bitString implementation")
    |              `- warning: TODO: Fix bitString implementation
 21 |     case bitString(Data) // first octet indicates how many bits short of a multiple of 8 "number of unused bits". This implementation doesn't deal with this at this time
 22 |     case octetString(Data)
SwiftCompile normal arm64 /Users/admin/builder/spi-builder-workspace/Sources/SwiftSnmpKit/Enumerations/SnmpVersion.swift (in target 'SwiftSnmpKit' from project 'SwiftSnmpKit')
    cd /Users/admin/builder/spi-builder-workspace/.swiftpm/xcode
    builtin-SwiftPerFileCompile SnmpVersion.swift
SwiftCompile normal arm64 /Users/admin/builder/spi-builder-workspace/Sources/SwiftSnmpKit/Extensions/Data+Extensions.swift (in target 'SwiftSnmpKit' from project 'SwiftSnmpKit')
    cd /Users/admin/builder/spi-builder-workspace/.swiftpm/xcode
    builtin-SwiftPerFileCompile Data+Extensions.swift
SwiftCompile normal arm64 Compiling\ SnmpPdu.swift,\ SnmpUtils.swift /Users/admin/builder/spi-builder-workspace/Sources/SwiftSnmpKit/SnmpPdu.swift /Users/admin/builder/spi-builder-workspace/Sources/SwiftSnmpKit/SnmpUtils.swift (in target 'SwiftSnmpKit' from project 'SwiftSnmpKit')
/Users/admin/builder/spi-builder-workspace/Sources/SwiftSnmpKit/Enumerations/AsnValue.swift:20:14: warning: TODO: Fix bitString implementation
 18 |     case endOfContent
 19 |     case integer(Int64)
 20 |     #warning("TODO: Fix bitString implementation")
    |              `- warning: TODO: Fix bitString implementation
 21 |     case bitString(Data) // first octet indicates how many bits short of a multiple of 8 "number of unused bits". This implementation doesn't deal with this at this time
 22 |     case octetString(Data)
SwiftCompile normal arm64 /Users/admin/builder/spi-builder-workspace/Sources/SwiftSnmpKit/SnmpPdu.swift (in target 'SwiftSnmpKit' from project 'SwiftSnmpKit')
    cd /Users/admin/builder/spi-builder-workspace/.swiftpm/xcode
    builtin-SwiftPerFileCompile SnmpPdu.swift
SwiftCompile normal arm64 /Users/admin/builder/spi-builder-workspace/Sources/SwiftSnmpKit/SnmpUtils.swift (in target 'SwiftSnmpKit' from project 'SwiftSnmpKit')
    cd /Users/admin/builder/spi-builder-workspace/.swiftpm/xcode
    builtin-SwiftPerFileCompile SnmpUtils.swift
SwiftEmitModule normal arm64_32 Emitting\ module\ for\ SwiftSnmpKit (in target 'SwiftSnmpKit' from project 'SwiftSnmpKit')
/Users/admin/builder/spi-builder-workspace/Sources/SwiftSnmpKit/Enumerations/AsnValue.swift:20:14: warning: TODO: Fix bitString implementation
 18 |     case endOfContent
 19 |     case integer(Int64)
 20 |     #warning("TODO: Fix bitString implementation")
    |              `- warning: TODO: Fix bitString implementation
 21 |     case bitString(Data) // first octet indicates how many bits short of a multiple of 8 "number of unused bits". This implementation doesn't deal with this at this time
 22 |     case octetString(Data)
SwiftCompile normal arm64_32 (in target 'SwiftSnmpKit' from project 'SwiftSnmpKit')
    cd /Users/admin/builder/spi-builder-workspace/.swiftpm/xcode

SwiftDriverJobDiscovery normal arm64 Compiling resource_bundle_accessor.swift, BSDSocketAPICommon.swift, BSDSocketAPIPosix.swift, BSDSocketAPIWindows.swift, BaseSocket.swift, BaseSocketChannel+AccessibleTransport.swift (in target 'NIOPosix' from project 'swift-nio')
SwiftCompile normal arm64_32 Compiling\ SnmpReceiver.swift,\ SnmpSender.swift /Users/admin/builder/spi-builder-workspace/Sources/SwiftSnmpKit/Networking/SnmpReceiver.swift /Users/admin/builder/spi-builder-workspace/Sources/SwiftSnmpKit/Networking/SnmpSender.swift (in target 'SwiftSnmpKit' from project 'SwiftSnmpKit')
/Users/admin/builder/spi-builder-workspace/Sources/SwiftSnmpKit/Networking/SnmpSender.swift:242:20: warning: 'let' pattern has no effect; sub-pattern didn't bind any variables
240 |         // attempt #1 (may get engineId)
241 |         let result1 = await self.sendV3(host: host, userName: userName, pduType: pduType, oid: oid, authenticationType: authenticationType, authPassword: authPassword, privPassword: privPassword)
242 |         guard case let .failure(_) = result1 else {
    |                    `- warning: 'let' pattern has no effect; sub-pattern didn't bind any variables
243 |             return result1
244 |         }
/Users/admin/builder/spi-builder-workspace/Sources/SwiftSnmpKit/Networking/SnmpSender.swift:247:20: warning: 'let' pattern has no effect; sub-pattern didn't bind any variables
245 |         // attempt #2 (may update time interval)
246 |         let result2 = await self.sendV3(host: host, userName: userName, pduType: pduType, oid: oid, authenticationType: authenticationType, authPassword: authPassword, privPassword: privPassword)
247 |         guard case let .failure(_) = result2 else {
    |                    `- warning: 'let' pattern has no effect; sub-pattern didn't bind any variables
248 |             return result2
249 |         }
/Users/admin/builder/spi-builder-workspace/Sources/SwiftSnmpKit/Networking/SnmpSender.swift:301:19: warning: variable 'snmpMessage' was never mutated; consider changing to 'let' constant [#VariableNeverMutated]
299 |         let engineTime = Int(dateInterval.duration)
300 |
301 |         guard var snmpMessage = SnmpV3Message(engineId: engineId, userName: userName, type: pduType, variableBindings: [variableBinding], authenticationType: authenticationType, authPassword: authPassword, privPassword: privPassword, engineBoots: engineBoots, engineTime: engineTime) else {
    |                   `- warning: variable 'snmpMessage' was never mutated; consider changing to 'let' constant [#VariableNeverMutated]
302 |             return .failure(SnmpError.unexpectedSnmpPdu)
303 |         }
/Users/admin/builder/spi-builder-workspace/Sources/SwiftSnmpKit/Networking/SnmpSender.swift:321:19: warning: value 'shared' was defined but never used; consider replacing with boolean test [#NoUsage]
319 |
320 |     internal func sendData(host: String, port: Int, data: Data) throws {
321 |         guard let shared = SnmpSender.shared else {
    |                   `- warning: value 'shared' was defined but never used; consider replacing with boolean test [#NoUsage]
322 |             throw SnmpError.otherError
323 |         }
/Users/admin/builder/spi-builder-workspace/Sources/SwiftSnmpKit/Networking/SnmpSender.swift:330:13: warning: initialization of immutable value 'result' was never used; consider replacing with assignment to '_' or removing it [#NoUsage]
328 |         }
329 |         let envelope = AddressedEnvelope(remoteAddress: remoteAddress, data: buffer)
330 |         let result = channel.writeAndFlush(envelope)
    |             `- warning: initialization of immutable value 'result' was never used; consider replacing with assignment to '_' or removing it [#NoUsage]
331 |         //try channel.closeFuture.wait()
332 |     }
/Users/admin/builder/spi-builder-workspace/Sources/SwiftSnmpKit/Enumerations/AsnValue.swift:20:14: warning: TODO: Fix bitString implementation
 18 |     case endOfContent
 19 |     case integer(Int64)
 20 |     #warning("TODO: Fix bitString implementation")
    |              `- warning: TODO: Fix bitString implementation
 21 |     case bitString(Data) // first octet indicates how many bits short of a multiple of 8 "number of unused bits". This implementation doesn't deal with this at this time
 22 |     case octetString(Data)
[#NoUsage]: <https://docs.swift.org/compiler/documentation/diagnostics/no-usage>
[#VariableNeverMutated]: <https://docs.swift.org/compiler/documentation/diagnostics/variable-never-mutated>
SwiftCompile normal arm64_32 /Users/admin/builder/spi-builder-workspace/Sources/SwiftSnmpKit/Networking/SnmpReceiver.swift (in target 'SwiftSnmpKit' from project 'SwiftSnmpKit')
    cd /Users/admin/builder/spi-builder-workspace/.swiftpm/xcode
    builtin-SwiftPerFileCompile SnmpReceiver.swift
SwiftCompile normal arm64_32 /Users/admin/builder/spi-builder-workspace/Sources/SwiftSnmpKit/Networking/SnmpSender.swift (in target 'SwiftSnmpKit' from project 'SwiftSnmpKit')
    cd /Users/admin/builder/spi-builder-workspace/.swiftpm/xcode
    builtin-SwiftPerFileCompile SnmpSender.swift
SwiftDriverJobDiscovery normal arm64 Compiling SnmpVariableBinding.swift (in target 'SwiftSnmpKit' from project 'SwiftSnmpKit')
SwiftCompile normal arm64_32 Compiling\ SnmpV2Message.swift,\ SnmpV3Message.swift /Users/admin/builder/spi-builder-workspace/Sources/SwiftSnmpKit/SnmpV2Message.swift /Users/admin/builder/spi-builder-workspace/Sources/SwiftSnmpKit/SnmpV3Message.swift (in target 'SwiftSnmpKit' from project 'SwiftSnmpKit')
/Users/admin/builder/spi-builder-workspace/Sources/SwiftSnmpKit/Enumerations/AsnValue.swift:20:14: warning: TODO: Fix bitString implementation
 18 |     case endOfContent
 19 |     case integer(Int64)
 20 |     #warning("TODO: Fix bitString implementation")
    |              `- warning: TODO: Fix bitString implementation
 21 |     case bitString(Data) // first octet indicates how many bits short of a multiple of 8 "number of unused bits". This implementation doesn't deal with this at this time
 22 |     case octetString(Data)
/Users/admin/builder/spi-builder-workspace/Sources/SwiftSnmpKit/SnmpV3Message.swift:329:13: warning: immutable value 'authenticationParametersAsn' was never used; consider replacing with '_' or removing it [#NoUsage]
327 |     /// Outputs the ASN.1 encoding for the security parameters field
328 |     private var usmSecurityParametersAsn: AsnValue {
329 |         let authenticationParametersAsn: AsnValue
    |             `- warning: immutable value 'authenticationParametersAsn' was never used; consider replacing with '_' or removing it [#NoUsage]
330 |         switch self.authenticationType {
331 |         case .noAuth:
/Users/admin/builder/spi-builder-workspace/Sources/SwiftSnmpKit/SnmpV3Message.swift:470:37: warning: immutable value 'msgAuthenticationParametersData' was never used; consider replacing with '_' or removing it [#NoUsage]
468 |         // utf8 string decoding should never fail
469 |         self.userName = String(data: usernameData, encoding: .utf8)!
470 |         guard case .octetString(let msgAuthenticationParametersData) = securityParameters[4] else {
    |                                     `- warning: immutable value 'msgAuthenticationParametersData' was never used; consider replacing with '_' or removing it [#NoUsage]
471 |             SnmpError.log("Expected msgAuthenticationParametersData octetString got \(securityParameters[4])")
472 |             return nil
SwiftCompile normal arm64_32 /Users/admin/builder/spi-builder-workspace/Sources/SwiftSnmpKit/SnmpV2Message.swift (in target 'SwiftSnmpKit' from project 'SwiftSnmpKit')
    cd /Users/admin/builder/spi-builder-workspace/.swiftpm/xcode
    builtin-SwiftPerFileCompile SnmpV2Message.swift
SwiftCompile normal arm64_32 /Users/admin/builder/spi-builder-workspace/Sources/SwiftSnmpKit/SnmpV3Message.swift (in target 'SwiftSnmpKit' from project 'SwiftSnmpKit')
    cd /Users/admin/builder/spi-builder-workspace/.swiftpm/xcode
    builtin-SwiftPerFileCompile SnmpV3Message.swift
SwiftCompile normal arm64_32 Compiling\ SnmpVersion.swift,\ Data+Extensions.swift /Users/admin/builder/spi-builder-workspace/Sources/SwiftSnmpKit/Enumerations/SnmpVersion.swift /Users/admin/builder/spi-builder-workspace/Sources/SwiftSnmpKit/Extensions/Data+Extensions.swift (in target 'SwiftSnmpKit' from project 'SwiftSnmpKit')
/Users/admin/builder/spi-builder-workspace/Sources/SwiftSnmpKit/Enumerations/AsnValue.swift:20:14: warning: TODO: Fix bitString implementation
 18 |     case endOfContent
 19 |     case integer(Int64)
 20 |     #warning("TODO: Fix bitString implementation")
    |              `- warning: TODO: Fix bitString implementation
 21 |     case bitString(Data) // first octet indicates how many bits short of a multiple of 8 "number of unused bits". This implementation doesn't deal with this at this time
 22 |     case octetString(Data)
SwiftCompile normal arm64_32 /Users/admin/builder/spi-builder-workspace/Sources/SwiftSnmpKit/Enumerations/SnmpVersion.swift (in target 'SwiftSnmpKit' from project 'SwiftSnmpKit')
    cd /Users/admin/builder/spi-builder-workspace/.swiftpm/xcode
    builtin-SwiftPerFileCompile SnmpVersion.swift
SwiftCompile normal arm64_32 /Users/admin/builder/spi-builder-workspace/Sources/SwiftSnmpKit/Extensions/Data+Extensions.swift (in target 'SwiftSnmpKit' from project 'SwiftSnmpKit')
    cd /Users/admin/builder/spi-builder-workspace/.swiftpm/xcode
    builtin-SwiftPerFileCompile Data+Extensions.swift
SwiftDriverJobDiscovery normal arm64 Emitting module for SwiftSnmpKit (in target 'SwiftSnmpKit' from project 'SwiftSnmpKit')
SwiftDriverJobDiscovery normal arm64_32 Emitting module for SwiftSnmpKit (in target 'SwiftSnmpKit' from project 'SwiftSnmpKit')
SwiftDriver\ Compilation\ Requirements SwiftSnmpKit normal arm64_32 com.apple.xcode.tools.swift.compiler (in target 'SwiftSnmpKit' from project 'SwiftSnmpKit')
    cd /Users/admin/builder/spi-builder-workspace/.swiftpm/xcode
    builtin-Swift-Compilation-Requirements -- /Applications/Xcode-27.0.0-Release.Candidate.app/Contents/Developer/Toolchains/XcodeDefault.xctoolchain/usr/bin/swiftc -parse-as-library -module-name SwiftSnmpKit -Onone @/Users/admin/builder/spi-builder-workspace/.derivedData/Build/Intermediates.noindex/SwiftSnmpKit.build/Debug-watchos/SwiftSnmpKit-t.build/Objects-normal/arm64_32/SwiftSnmpKit.SwiftFileList -DSWIFT_PACKAGE -DDEBUG -DSWIFT_MODULE_RESOURCE_BUNDLE_UNAVAILABLE -Xcc -fmodule-map-file\=/Users/admin/builder/spi-builder-workspace/.dependencies/checkouts/swift-atomics/Sources/_AtomicsShims/include/module.modulemap -Xcc -fmodule-map-file\=/Users/admin/builder/spi-builder-workspace/.derivedData/Build/Intermediates.noindex/GeneratedModuleMaps-watchos/CNIOPosix.modulemap -Xcc -fmodule-map-file\=/Users/admin/builder/spi-builder-workspace/.derivedData/Build/Intermediates.noindex/GeneratedModuleMaps-watchos/CNIOWASI.modulemap -Xcc -fmodule-map-file\=/Users/admin/builder/spi-builder-workspace/.derivedData/Build/Intermediates.noindex/GeneratedModuleMaps-watchos/CNIOFreeBSD.modulemap -Xcc -fmodule-map-file\=/Users/admin/builder/spi-builder-workspace/.derivedData/Build/Intermediates.noindex/GeneratedModuleMaps-watchos/CNIOAtomics.modulemap -Xcc -fmodule-map-file\=/Users/admin/builder/spi-builder-workspace/.dependencies/checkouts/swift-nio/Sources/CNIOWindows/include/module.modulemap -Xcc -fmodule-map-file\=/Users/admin/builder/spi-builder-workspace/.derivedData/Build/Intermediates.noindex/GeneratedModuleMaps-watchos/CNIODarwin.modulemap -Xcc -fmodule-map-file\=/Users/admin/builder/spi-builder-workspace/.derivedData/Build/Intermediates.noindex/GeneratedModuleMaps-watchos/CNIOLinux.modulemap -Xcc -fmodule-map-file\=/Users/admin/builder/spi-builder-workspace/.derivedData/Build/Intermediates.noindex/GeneratedModuleMaps-watchos/CNIOOpenBSD.modulemap -DXcode -plugin-path /Applications/Xcode-27.0.0-Release.Candidate.app/Contents/Developer/Toolchains/XcodeDefault.xctoolchain/usr/lib/swift/host/plugins/testing -enable-experimental-feature DebugDescriptionMacro -sdk /Applications/Xcode-27.0.0-Release.Candidate.app/Contents/Developer/Platforms/WatchOS.platform/Developer/SDKs/WatchOS27.0.sdk -target arm64_32-apple-watchos9.0 -g -module-cache-path /Users/admin/builder/spi-builder-workspace/.derivedData/ModuleCache.noindex -Xfrontend -serialize-debugging-options -profile-coverage-mapping -profile-generate -enable-testing -index-store-path /Users/admin/builder/spi-builder-workspace/.derivedData/Index.noindex/DataStore -Xcc -D_LIBCPP_HARDENING_MODE\=_LIBCPP_HARDENING_MODE_DEBUG -swift-version 5 -I /Users/admin/builder/spi-builder-workspace/.derivedData/Build/Products/Debug-watchos -Isystem /Applications/Xcode-27.0.0-Release.Candidate.app/Contents/Developer/Platforms/WatchOS.platform/Developer/usr/lib -F /Users/admin/builder/spi-builder-workspace/.derivedData/Build/Products/Debug-watchos/PackageFrameworks -F /Users/admin/builder/spi-builder-workspace/.derivedData/Build/Products/Debug-watchos -F /Applications/Xcode-27.0.0-Release.Candidate.app/Contents/Developer/Platforms/WatchOS.platform/Developer/Library/Frameworks -F /Applications/Xcode-27.0.0-Release.Candidate.app/Contents/Developer/Platforms/WatchOS.platform/Developer/SDKs/WatchOS27.0.sdk/Developer/Library/Frameworks -c -j10 -enable-batch-mode -incremental -Xcc -ivfsstatcache -Xcc /Users/admin/builder/spi-builder-workspace/.derivedData/SDKStatCaches.noindex/watchos27.0-24R360-e829b21a6f8c9b70876ba0858053c04477534ef55a1706bf4c1112bbb242f0a2.sdkstatcache -output-file-map /Users/admin/builder/spi-builder-workspace/.derivedData/Build/Intermediates.noindex/SwiftSnmpKit.build/Debug-watchos/SwiftSnmpKit-t.build/Objects-normal/arm64_32/SwiftSnmpKit-OutputFileMap.json -save-temps -no-color-diagnostics -explicit-module-build -module-cache-path /Users/admin/builder/spi-builder-workspace/.derivedData/Build/Intermediates.noindex/SwiftExplicitPrecompiledModules -clang-scanner-module-cache-path /Users/admin/builder/spi-builder-workspace/.derivedData/ModuleCache.noindex -sdk-module-cache-path /Users/admin/builder/spi-builder-workspace/.derivedData/SDKExplicitPrecompiledModules -emit-dependencies -emit-module -emit-module-path /Users/admin/builder/spi-builder-workspace/.derivedData/Build/Intermediates.noindex/SwiftSnmpKit.build/Debug-watchos/SwiftSnmpKit-t.build/Objects-normal/arm64_32/SwiftSnmpKit.swiftmodule -serialize-diagnostics -dependency-scan-serialize-diagnostics-path /Users/admin/builder/spi-builder-workspace/.derivedData/Build/Intermediates.noindex/SwiftSnmpKit.build/Debug-watchos/SwiftSnmpKit-t.build/Objects-normal/arm64_32/SwiftSnmpKit-dependency-scan.dia -validate-clang-modules-once -clang-build-session-file /Users/admin/builder/spi-builder-workspace/.derivedData/ModuleCache.noindex/Session.modulevalidation -Xcc -fmodules-prune-interval\=86400 -Xcc -fmodules-prune-after\=345600 -emit-const-values -const-gather-protocols-list /Users/admin/builder/spi-builder-workspace/.derivedData/Build/Intermediates.noindex/SwiftSnmpKit.build/Debug-watchos/SwiftSnmpKit-t.build/Objects-normal/arm64_32/SwiftSnmpKit_const_extract_protocols.json -Xcc -I/Users/admin/builder/spi-builder-workspace/.dependencies/checkouts/swift-atomics/Sources/_AtomicsShims/include -Xcc -I/Users/admin/builder/spi-builder-workspace/.dependencies/checkouts/swift-nio/Sources/CNIOPosix/include -Xcc -I/Users/admin/builder/spi-builder-workspace/.dependencies/checkouts/swift-nio/Sources/CNIOWASI/include -Xcc -I/Users/admin/builder/spi-builder-workspace/.dependencies/checkouts/swift-nio/Sources/CNIOFreeBSD/include -Xcc -I/Users/admin/builder/spi-builder-workspace/.dependencies/checkouts/swift-nio/Sources/CNIOAtomics/include -Xcc -I/Users/admin/builder/spi-builder-workspace/.dependencies/checkouts/swift-nio/Sources/CNIOWindows/include -Xcc -I/Users/admin/builder/spi-builder-workspace/.dependencies/checkouts/swift-nio/Sources/CNIODarwin/include -Xcc -I/Users/admin/builder/spi-builder-workspace/.dependencies/checkouts/swift-nio/Sources/CNIOLinux/include -Xcc -I/Users/admin/builder/spi-builder-workspace/.dependencies/checkouts/swift-nio/Sources/CNIOOpenBSD/include -Xcc -I/Users/admin/builder/spi-builder-workspace/.derivedData/Build/Products/Debug-watchos/include -Xcc -I/Users/admin/builder/spi-builder-workspace/.derivedData/Build/Intermediates.noindex/SwiftSnmpKit.build/Debug-watchos/SwiftSnmpKit-t.build/DerivedSources-normal/arm64_32 -Xcc -I/Users/admin/builder/spi-builder-workspace/.derivedData/Build/Intermediates.noindex/SwiftSnmpKit.build/Debug-watchos/SwiftSnmpKit-t.build/DerivedSources/arm64_32 -Xcc -I/Users/admin/builder/spi-builder-workspace/.derivedData/Build/Intermediates.noindex/SwiftSnmpKit.build/Debug-watchos/SwiftSnmpKit-t.build/DerivedSources -Xcc -DSWIFT_PACKAGE -Xcc -DDEBUG\=1 -emit-objc-header -emit-objc-header-path /Users/admin/builder/spi-builder-workspace/.derivedData/Build/Intermediates.noindex/SwiftSnmpKit.build/Debug-watchos/SwiftSnmpKit-t.build/Objects-normal/arm64_32/SwiftSnmpKit-Swift.h -working-directory /Users/admin/builder/spi-builder-workspace/.swiftpm/xcode -experimental-emit-module-separately -disable-cmo
SwiftDriverJobDiscovery normal arm64 Compiling SnmpVersion.swift, Data+Extensions.swift (in target 'SwiftSnmpKit' from project 'SwiftSnmpKit')
SwiftDriver\ Compilation\ Requirements SwiftSnmpKit normal arm64 com.apple.xcode.tools.swift.compiler (in target 'SwiftSnmpKit' from project 'SwiftSnmpKit')
    cd /Users/admin/builder/spi-builder-workspace/.swiftpm/xcode
    builtin-Swift-Compilation-Requirements -- /Applications/Xcode-27.0.0-Release.Candidate.app/Contents/Developer/Toolchains/XcodeDefault.xctoolchain/usr/bin/swiftc -parse-as-library -module-name SwiftSnmpKit -Onone @/Users/admin/builder/spi-builder-workspace/.derivedData/Build/Intermediates.noindex/SwiftSnmpKit.build/Debug-watchos/SwiftSnmpKit-t.build/Objects-normal/arm64/SwiftSnmpKit.SwiftFileList -DSWIFT_PACKAGE -DDEBUG -DSWIFT_MODULE_RESOURCE_BUNDLE_UNAVAILABLE -Xcc -fmodule-map-file\=/Users/admin/builder/spi-builder-workspace/.dependencies/checkouts/swift-atomics/Sources/_AtomicsShims/include/module.modulemap -Xcc -fmodule-map-file\=/Users/admin/builder/spi-builder-workspace/.derivedData/Build/Intermediates.noindex/GeneratedModuleMaps-watchos/CNIOPosix.modulemap -Xcc -fmodule-map-file\=/Users/admin/builder/spi-builder-workspace/.derivedData/Build/Intermediates.noindex/GeneratedModuleMaps-watchos/CNIOWASI.modulemap -Xcc -fmodule-map-file\=/Users/admin/builder/spi-builder-workspace/.derivedData/Build/Intermediates.noindex/GeneratedModuleMaps-watchos/CNIOFreeBSD.modulemap -Xcc -fmodule-map-file\=/Users/admin/builder/spi-builder-workspace/.derivedData/Build/Intermediates.noindex/GeneratedModuleMaps-watchos/CNIOAtomics.modulemap -Xcc -fmodule-map-file\=/Users/admin/builder/spi-builder-workspace/.dependencies/checkouts/swift-nio/Sources/CNIOWindows/include/module.modulemap -Xcc -fmodule-map-file\=/Users/admin/builder/spi-builder-workspace/.derivedData/Build/Intermediates.noindex/GeneratedModuleMaps-watchos/CNIODarwin.modulemap -Xcc -fmodule-map-file\=/Users/admin/builder/spi-builder-workspace/.derivedData/Build/Intermediates.noindex/GeneratedModuleMaps-watchos/CNIOLinux.modulemap -Xcc -fmodule-map-file\=/Users/admin/builder/spi-builder-workspace/.derivedData/Build/Intermediates.noindex/GeneratedModuleMaps-watchos/CNIOOpenBSD.modulemap -DXcode -plugin-path /Applications/Xcode-27.0.0-Release.Candidate.app/Contents/Developer/Toolchains/XcodeDefault.xctoolchain/usr/lib/swift/host/plugins/testing -enable-experimental-feature DebugDescriptionMacro -sdk /Applications/Xcode-27.0.0-Release.Candidate.app/Contents/Developer/Platforms/WatchOS.platform/Developer/SDKs/WatchOS27.0.sdk -target arm64-apple-watchos9.0 -g -module-cache-path /Users/admin/builder/spi-builder-workspace/.derivedData/ModuleCache.noindex -Xfrontend -serialize-debugging-options -profile-coverage-mapping -profile-generate -enable-testing -index-store-path /Users/admin/builder/spi-builder-workspace/.derivedData/Index.noindex/DataStore -Xcc -D_LIBCPP_HARDENING_MODE\=_LIBCPP_HARDENING_MODE_DEBUG -swift-version 5 -I /Users/admin/builder/spi-builder-workspace/.derivedData/Build/Products/Debug-watchos -Isystem /Applications/Xcode-27.0.0-Release.Candidate.app/Contents/Developer/Platforms/WatchOS.platform/Developer/usr/lib -F /Users/admin/builder/spi-builder-workspace/.derivedData/Build/Products/Debug-watchos/PackageFrameworks -F /Users/admin/builder/spi-builder-workspace/.derivedData/Build/Products/Debug-watchos -F /Applications/Xcode-27.0.0-Release.Candidate.app/Contents/Developer/Platforms/WatchOS.platform/Developer/Library/Frameworks -F /Applications/Xcode-27.0.0-Release.Candidate.app/Contents/Developer/Platforms/WatchOS.platform/Developer/SDKs/WatchOS27.0.sdk/Developer/Library/Frameworks -c -j10 -enable-batch-mode -incremental -Xcc -ivfsstatcache -Xcc /Users/admin/builder/spi-builder-workspace/.derivedData/SDKStatCaches.noindex/watchos27.0-24R360-e829b21a6f8c9b70876ba0858053c04477534ef55a1706bf4c1112bbb242f0a2.sdkstatcache -output-file-map /Users/admin/builder/spi-builder-workspace/.derivedData/Build/Intermediates.noindex/SwiftSnmpKit.build/Debug-watchos/SwiftSnmpKit-t.build/Objects-normal/arm64/SwiftSnmpKit-OutputFileMap.json -save-temps -no-color-diagnostics -explicit-module-build -module-cache-path /Users/admin/builder/spi-builder-workspace/.derivedData/Build/Intermediates.noindex/SwiftExplicitPrecompiledModules -clang-scanner-module-cache-path /Users/admin/builder/spi-builder-workspace/.derivedData/ModuleCache.noindex -sdk-module-cache-path /Users/admin/builder/spi-builder-workspace/.derivedData/SDKExplicitPrecompiledModules -emit-dependencies -emit-module -emit-module-path /Users/admin/builder/spi-builder-workspace/.derivedData/Build/Intermediates.noindex/SwiftSnmpKit.build/Debug-watchos/SwiftSnmpKit-t.build/Objects-normal/arm64/SwiftSnmpKit.swiftmodule -serialize-diagnostics -dependency-scan-serialize-diagnostics-path /Users/admin/builder/spi-builder-workspace/.derivedData/Build/Intermediates.noindex/SwiftSnmpKit.build/Debug-watchos/SwiftSnmpKit-t.build/Objects-normal/arm64/SwiftSnmpKit-dependency-scan.dia -validate-clang-modules-once -clang-build-session-file /Users/admin/builder/spi-builder-workspace/.derivedData/ModuleCache.noindex/Session.modulevalidation -Xcc -fmodules-prune-interval\=86400 -Xcc -fmodules-prune-after\=345600 -emit-const-values -const-gather-protocols-list /Users/admin/builder/spi-builder-workspace/.derivedData/Build/Intermediates.noindex/SwiftSnmpKit.build/Debug-watchos/SwiftSnmpKit-t.build/Objects-normal/arm64/SwiftSnmpKit_const_extract_protocols.json -Xcc -I/Users/admin/builder/spi-builder-workspace/.dependencies/checkouts/swift-atomics/Sources/_AtomicsShims/include -Xcc -I/Users/admin/builder/spi-builder-workspace/.dependencies/checkouts/swift-nio/Sources/CNIOPosix/include -Xcc -I/Users/admin/builder/spi-builder-workspace/.dependencies/checkouts/swift-nio/Sources/CNIOWASI/include -Xcc -I/Users/admin/builder/spi-builder-workspace/.dependencies/checkouts/swift-nio/Sources/CNIOFreeBSD/include -Xcc -I/Users/admin/builder/spi-builder-workspace/.dependencies/checkouts/swift-nio/Sources/CNIOAtomics/include -Xcc -I/Users/admin/builder/spi-builder-workspace/.dependencies/checkouts/swift-nio/Sources/CNIOWindows/include -Xcc -I/Users/admin/builder/spi-builder-workspace/.dependencies/checkouts/swift-nio/Sources/CNIODarwin/include -Xcc -I/Users/admin/builder/spi-builder-workspace/.dependencies/checkouts/swift-nio/Sources/CNIOLinux/include -Xcc -I/Users/admin/builder/spi-builder-workspace/.dependencies/checkouts/swift-nio/Sources/CNIOOpenBSD/include -Xcc -I/Users/admin/builder/spi-builder-workspace/.derivedData/Build/Products/Debug-watchos/include -Xcc -I/Users/admin/builder/spi-builder-workspace/.derivedData/Build/Intermediates.noindex/SwiftSnmpKit.build/Debug-watchos/SwiftSnmpKit-t.build/DerivedSources-normal/arm64 -Xcc -I/Users/admin/builder/spi-builder-workspace/.derivedData/Build/Intermediates.noindex/SwiftSnmpKit.build/Debug-watchos/SwiftSnmpKit-t.build/DerivedSources/arm64 -Xcc -I/Users/admin/builder/spi-builder-workspace/.derivedData/Build/Intermediates.noindex/SwiftSnmpKit.build/Debug-watchos/SwiftSnmpKit-t.build/DerivedSources -Xcc -DSWIFT_PACKAGE -Xcc -DDEBUG\=1 -emit-objc-header -emit-objc-header-path /Users/admin/builder/spi-builder-workspace/.derivedData/Build/Intermediates.noindex/SwiftSnmpKit.build/Debug-watchos/SwiftSnmpKit-t.build/Objects-normal/arm64/SwiftSnmpKit-Swift.h -working-directory /Users/admin/builder/spi-builder-workspace/.swiftpm/xcode -experimental-emit-module-separately -disable-cmo
Copy /Users/admin/builder/spi-builder-workspace/.derivedData/Build/Products/Debug-watchos/SwiftSnmpKit.swiftmodule/arm64_32-apple-watchos.swiftmodule /Users/admin/builder/spi-builder-workspace/.derivedData/Build/Intermediates.noindex/SwiftSnmpKit.build/Debug-watchos/SwiftSnmpKit-t.build/Objects-normal/arm64_32/SwiftSnmpKit.swiftmodule (in target 'SwiftSnmpKit' from project 'SwiftSnmpKit')
    cd /Users/admin/builder/spi-builder-workspace
    builtin-copy -exclude .DS_Store -exclude CVS -exclude .svn -exclude .git -exclude .hg -resolve-src-symlinks -rename /Users/admin/builder/spi-builder-workspace/.derivedData/Build/Intermediates.noindex/SwiftSnmpKit.build/Debug-watchos/SwiftSnmpKit-t.build/Objects-normal/arm64_32/SwiftSnmpKit.swiftmodule /Users/admin/builder/spi-builder-workspace/.derivedData/Build/Products/Debug-watchos/SwiftSnmpKit.swiftmodule/arm64_32-apple-watchos.swiftmodule
SwiftMergeGeneratedHeaders /Users/admin/builder/spi-builder-workspace/.derivedData/Build/Intermediates.noindex/GeneratedModuleMaps-watchos/SwiftSnmpKit-Swift.h /Users/admin/builder/spi-builder-workspace/.derivedData/Build/Intermediates.noindex/SwiftSnmpKit.build/Debug-watchos/SwiftSnmpKit-t.build/Objects-normal/arm64/SwiftSnmpKit-Swift.h /Users/admin/builder/spi-builder-workspace/.derivedData/Build/Intermediates.noindex/SwiftSnmpKit.build/Debug-watchos/SwiftSnmpKit-t.build/Objects-normal/arm64_32/SwiftSnmpKit-Swift.h (in target 'SwiftSnmpKit' from project 'SwiftSnmpKit')
    cd /Users/admin/builder/spi-builder-workspace
    builtin-swiftHeaderTool -arch arm64 /Users/admin/builder/spi-builder-workspace/.derivedData/Build/Intermediates.noindex/SwiftSnmpKit.build/Debug-watchos/SwiftSnmpKit-t.build/Objects-normal/arm64/SwiftSnmpKit-Swift.h -arch arm64_32 /Users/admin/builder/spi-builder-workspace/.derivedData/Build/Intermediates.noindex/SwiftSnmpKit.build/Debug-watchos/SwiftSnmpKit-t.build/Objects-normal/arm64_32/SwiftSnmpKit-Swift.h -o /Users/admin/builder/spi-builder-workspace/.derivedData/Build/Intermediates.noindex/GeneratedModuleMaps-watchos/SwiftSnmpKit-Swift.h
Copy /Users/admin/builder/spi-builder-workspace/.derivedData/Build/Products/Debug-watchos/SwiftSnmpKit.swiftmodule/arm64_32-apple-watchos.swiftdoc /Users/admin/builder/spi-builder-workspace/.derivedData/Build/Intermediates.noindex/SwiftSnmpKit.build/Debug-watchos/SwiftSnmpKit-t.build/Objects-normal/arm64_32/SwiftSnmpKit.swiftdoc (in target 'SwiftSnmpKit' from project 'SwiftSnmpKit')
    cd /Users/admin/builder/spi-builder-workspace
    builtin-copy -exclude .DS_Store -exclude CVS -exclude .svn -exclude .git -exclude .hg -resolve-src-symlinks -rename /Users/admin/builder/spi-builder-workspace/.derivedData/Build/Intermediates.noindex/SwiftSnmpKit.build/Debug-watchos/SwiftSnmpKit-t.build/Objects-normal/arm64_32/SwiftSnmpKit.swiftdoc /Users/admin/builder/spi-builder-workspace/.derivedData/Build/Products/Debug-watchos/SwiftSnmpKit.swiftmodule/arm64_32-apple-watchos.swiftdoc
Copy /Users/admin/builder/spi-builder-workspace/.derivedData/Build/Products/Debug-watchos/SwiftSnmpKit.swiftmodule/arm64_32-apple-watchos.abi.json /Users/admin/builder/spi-builder-workspace/.derivedData/Build/Intermediates.noindex/SwiftSnmpKit.build/Debug-watchos/SwiftSnmpKit-t.build/Objects-normal/arm64_32/SwiftSnmpKit.abi.json (in target 'SwiftSnmpKit' from project 'SwiftSnmpKit')
    cd /Users/admin/builder/spi-builder-workspace
    builtin-copy -exclude .DS_Store -exclude CVS -exclude .svn -exclude .git -exclude .hg -resolve-src-symlinks -rename /Users/admin/builder/spi-builder-workspace/.derivedData/Build/Intermediates.noindex/SwiftSnmpKit.build/Debug-watchos/SwiftSnmpKit-t.build/Objects-normal/arm64_32/SwiftSnmpKit.abi.json /Users/admin/builder/spi-builder-workspace/.derivedData/Build/Products/Debug-watchos/SwiftSnmpKit.swiftmodule/arm64_32-apple-watchos.abi.json
Copy /Users/admin/builder/spi-builder-workspace/.derivedData/Build/Products/Debug-watchos/SwiftSnmpKit.swiftmodule/arm64-apple-watchos.swiftmodule /Users/admin/builder/spi-builder-workspace/.derivedData/Build/Intermediates.noindex/SwiftSnmpKit.build/Debug-watchos/SwiftSnmpKit-t.build/Objects-normal/arm64/SwiftSnmpKit.swiftmodule (in target 'SwiftSnmpKit' from project 'SwiftSnmpKit')
    cd /Users/admin/builder/spi-builder-workspace
    builtin-copy -exclude .DS_Store -exclude CVS -exclude .svn -exclude .git -exclude .hg -resolve-src-symlinks -rename /Users/admin/builder/spi-builder-workspace/.derivedData/Build/Intermediates.noindex/SwiftSnmpKit.build/Debug-watchos/SwiftSnmpKit-t.build/Objects-normal/arm64/SwiftSnmpKit.swiftmodule /Users/admin/builder/spi-builder-workspace/.derivedData/Build/Products/Debug-watchos/SwiftSnmpKit.swiftmodule/arm64-apple-watchos.swiftmodule
Copy /Users/admin/builder/spi-builder-workspace/.derivedData/Build/Products/Debug-watchos/SwiftSnmpKit.swiftmodule/arm64-apple-watchos.swiftdoc /Users/admin/builder/spi-builder-workspace/.derivedData/Build/Intermediates.noindex/SwiftSnmpKit.build/Debug-watchos/SwiftSnmpKit-t.build/Objects-normal/arm64/SwiftSnmpKit.swiftdoc (in target 'SwiftSnmpKit' from project 'SwiftSnmpKit')
    cd /Users/admin/builder/spi-builder-workspace
    builtin-copy -exclude .DS_Store -exclude CVS -exclude .svn -exclude .git -exclude .hg -resolve-src-symlinks -rename /Users/admin/builder/spi-builder-workspace/.derivedData/Build/Intermediates.noindex/SwiftSnmpKit.build/Debug-watchos/SwiftSnmpKit-t.build/Objects-normal/arm64/SwiftSnmpKit.swiftdoc /Users/admin/builder/spi-builder-workspace/.derivedData/Build/Products/Debug-watchos/SwiftSnmpKit.swiftmodule/arm64-apple-watchos.swiftdoc
Copy /Users/admin/builder/spi-builder-workspace/.derivedData/Build/Products/Debug-watchos/SwiftSnmpKit.swiftmodule/arm64-apple-watchos.abi.json /Users/admin/builder/spi-builder-workspace/.derivedData/Build/Intermediates.noindex/SwiftSnmpKit.build/Debug-watchos/SwiftSnmpKit-t.build/Objects-normal/arm64/SwiftSnmpKit.abi.json (in target 'SwiftSnmpKit' from project 'SwiftSnmpKit')
    cd /Users/admin/builder/spi-builder-workspace
    builtin-copy -exclude .DS_Store -exclude CVS -exclude .svn -exclude .git -exclude .hg -resolve-src-symlinks -rename /Users/admin/builder/spi-builder-workspace/.derivedData/Build/Intermediates.noindex/SwiftSnmpKit.build/Debug-watchos/SwiftSnmpKit-t.build/Objects-normal/arm64/SwiftSnmpKit.abi.json /Users/admin/builder/spi-builder-workspace/.derivedData/Build/Products/Debug-watchos/SwiftSnmpKit.swiftmodule/arm64-apple-watchos.abi.json
Copy /Users/admin/builder/spi-builder-workspace/.derivedData/Build/Products/Debug-watchos/SwiftSnmpKit.swiftmodule/Project/arm64_32-apple-watchos.swiftsourceinfo /Users/admin/builder/spi-builder-workspace/.derivedData/Build/Intermediates.noindex/SwiftSnmpKit.build/Debug-watchos/SwiftSnmpKit-t.build/Objects-normal/arm64_32/SwiftSnmpKit.swiftsourceinfo (in target 'SwiftSnmpKit' from project 'SwiftSnmpKit')
    cd /Users/admin/builder/spi-builder-workspace
    builtin-copy -exclude .DS_Store -exclude CVS -exclude .svn -exclude .git -exclude .hg -resolve-src-symlinks -rename /Users/admin/builder/spi-builder-workspace/.derivedData/Build/Intermediates.noindex/SwiftSnmpKit.build/Debug-watchos/SwiftSnmpKit-t.build/Objects-normal/arm64_32/SwiftSnmpKit.swiftsourceinfo /Users/admin/builder/spi-builder-workspace/.derivedData/Build/Products/Debug-watchos/SwiftSnmpKit.swiftmodule/Project/arm64_32-apple-watchos.swiftsourceinfo
Copy /Users/admin/builder/spi-builder-workspace/.derivedData/Build/Products/Debug-watchos/SwiftSnmpKit.swiftmodule/Project/arm64-apple-watchos.swiftsourceinfo /Users/admin/builder/spi-builder-workspace/.derivedData/Build/Intermediates.noindex/SwiftSnmpKit.build/Debug-watchos/SwiftSnmpKit-t.build/Objects-normal/arm64/SwiftSnmpKit.swiftsourceinfo (in target 'SwiftSnmpKit' from project 'SwiftSnmpKit')
    cd /Users/admin/builder/spi-builder-workspace
    builtin-copy -exclude .DS_Store -exclude CVS -exclude .svn -exclude .git -exclude .hg -resolve-src-symlinks -rename /Users/admin/builder/spi-builder-workspace/.derivedData/Build/Intermediates.noindex/SwiftSnmpKit.build/Debug-watchos/SwiftSnmpKit-t.build/Objects-normal/arm64/SwiftSnmpKit.swiftsourceinfo /Users/admin/builder/spi-builder-workspace/.derivedData/Build/Products/Debug-watchos/SwiftSnmpKit.swiftmodule/Project/arm64-apple-watchos.swiftsourceinfo
SwiftCompile normal arm64_32 Compiling\ UInt8+Extensions.swift,\ VariableBindings+Extensions.swift /Users/admin/builder/spi-builder-workspace/Sources/SwiftSnmpKit/Extensions/UInt8+Extensions.swift /Users/admin/builder/spi-builder-workspace/Sources/SwiftSnmpKit/Extensions/VariableBindings+Extensions.swift (in target 'SwiftSnmpKit' from project 'SwiftSnmpKit')
/Users/admin/builder/spi-builder-workspace/Sources/SwiftSnmpKit/Enumerations/AsnValue.swift:20:14: warning: TODO: Fix bitString implementation
 18 |     case endOfContent
 19 |     case integer(Int64)
 20 |     #warning("TODO: Fix bitString implementation")
    |              `- warning: TODO: Fix bitString implementation
 21 |     case bitString(Data) // first octet indicates how many bits short of a multiple of 8 "number of unused bits". This implementation doesn't deal with this at this time
 22 |     case octetString(Data)
SwiftCompile normal arm64_32 /Users/admin/builder/spi-builder-workspace/Sources/SwiftSnmpKit/Extensions/UInt8+Extensions.swift (in target 'SwiftSnmpKit' from project 'SwiftSnmpKit')
    cd /Users/admin/builder/spi-builder-workspace/.swiftpm/xcode
    builtin-SwiftPerFileCompile UInt8+Extensions.swift
SwiftCompile normal arm64_32 /Users/admin/builder/spi-builder-workspace/Sources/SwiftSnmpKit/Extensions/VariableBindings+Extensions.swift (in target 'SwiftSnmpKit' from project 'SwiftSnmpKit')
    cd /Users/admin/builder/spi-builder-workspace/.swiftpm/xcode
    builtin-SwiftPerFileCompile VariableBindings+Extensions.swift
SwiftDriverJobDiscovery normal arm64 Compiling Int+Extensions.swift, String+Extensions.swift (in target 'SwiftSnmpKit' from project 'SwiftSnmpKit')
SwiftCompile normal arm64_32 Compiling\ AsnData-Protocol.swift,\ SnmpOid.swift /Users/admin/builder/spi-builder-workspace/Sources/SwiftSnmpKit/Protocols/AsnData-Protocol.swift /Users/admin/builder/spi-builder-workspace/Sources/SwiftSnmpKit/SnmpOid.swift (in target 'SwiftSnmpKit' from project 'SwiftSnmpKit')
/Users/admin/builder/spi-builder-workspace/Sources/SwiftSnmpKit/Enumerations/AsnValue.swift:20:14: warning: TODO: Fix bitString implementation
 18 |     case endOfContent
 19 |     case integer(Int64)
 20 |     #warning("TODO: Fix bitString implementation")
    |              `- warning: TODO: Fix bitString implementation
 21 |     case bitString(Data) // first octet indicates how many bits short of a multiple of 8 "number of unused bits". This implementation doesn't deal with this at this time
 22 |     case octetString(Data)
SwiftCompile normal arm64_32 /Users/admin/builder/spi-builder-workspace/Sources/SwiftSnmpKit/Protocols/AsnData-Protocol.swift (in target 'SwiftSnmpKit' from project 'SwiftSnmpKit')
    cd /Users/admin/builder/spi-builder-workspace/.swiftpm/xcode
    builtin-SwiftPerFileCompile AsnData-Protocol.swift
SwiftCompile normal arm64_32 /Users/admin/builder/spi-builder-workspace/Sources/SwiftSnmpKit/SnmpOid.swift (in target 'SwiftSnmpKit' from project 'SwiftSnmpKit')
    cd /Users/admin/builder/spi-builder-workspace/.swiftpm/xcode
    builtin-SwiftPerFileCompile SnmpOid.swift
SwiftDriverJobDiscovery normal arm64 Compiling SnmpPdu.swift, SnmpUtils.swift (in target 'SwiftSnmpKit' from project 'SwiftSnmpKit')
SwiftCompile normal arm64 Compiling\ AsnValue.swift,\ SnmpError.swift /Users/admin/builder/spi-builder-workspace/Sources/SwiftSnmpKit/Enumerations/AsnValue.swift /Users/admin/builder/spi-builder-workspace/Sources/SwiftSnmpKit/Enumerations/SnmpError.swift (in target 'SwiftSnmpKit' from project 'SwiftSnmpKit')
/Users/admin/builder/spi-builder-workspace/Sources/SwiftSnmpKit/Enumerations/AsnValue.swift:20:14: warning: TODO: Fix bitString implementation
 18 |     case endOfContent
 19 |     case integer(Int64)
 20 |     #warning("TODO: Fix bitString implementation")
    |              `- warning: TODO: Fix bitString implementation
 21 |     case bitString(Data) // first octet indicates how many bits short of a multiple of 8 "number of unused bits". This implementation doesn't deal with this at this time
 22 |     case octetString(Data)
SwiftCompile normal arm64 /Users/admin/builder/spi-builder-workspace/Sources/SwiftSnmpKit/Enumerations/AsnValue.swift (in target 'SwiftSnmpKit' from project 'SwiftSnmpKit')
    cd /Users/admin/builder/spi-builder-workspace/.swiftpm/xcode
    builtin-SwiftPerFileCompile AsnValue.swift
SwiftCompile normal arm64 /Users/admin/builder/spi-builder-workspace/Sources/SwiftSnmpKit/Enumerations/SnmpError.swift (in target 'SwiftSnmpKit' from project 'SwiftSnmpKit')
    cd /Users/admin/builder/spi-builder-workspace/.swiftpm/xcode
    builtin-SwiftPerFileCompile SnmpError.swift
SwiftDriverJobDiscovery normal arm64_32 Compiling SnmpVersion.swift, Data+Extensions.swift (in target 'SwiftSnmpKit' from project 'SwiftSnmpKit')
SwiftCompile normal arm64 Compiling\ UInt8+Extensions.swift,\ VariableBindings+Extensions.swift /Users/admin/builder/spi-builder-workspace/Sources/SwiftSnmpKit/Extensions/UInt8+Extensions.swift /Users/admin/builder/spi-builder-workspace/Sources/SwiftSnmpKit/Extensions/VariableBindings+Extensions.swift (in target 'SwiftSnmpKit' from project 'SwiftSnmpKit')
SwiftCompile normal arm64 /Users/admin/builder/spi-builder-workspace/Sources/SwiftSnmpKit/Extensions/UInt8+Extensions.swift (in target 'SwiftSnmpKit' from project 'SwiftSnmpKit')
    cd /Users/admin/builder/spi-builder-workspace/.swiftpm/xcode
    builtin-SwiftPerFileCompile UInt8+Extensions.swift
SwiftCompile normal arm64 /Users/admin/builder/spi-builder-workspace/Sources/SwiftSnmpKit/Extensions/VariableBindings+Extensions.swift (in target 'SwiftSnmpKit' from project 'SwiftSnmpKit')
    cd /Users/admin/builder/spi-builder-workspace/.swiftpm/xcode
    builtin-SwiftPerFileCompile VariableBindings+Extensions.swift
SwiftCompile normal arm64_32 Compiling\ Int+Extensions.swift,\ String+Extensions.swift /Users/admin/builder/spi-builder-workspace/Sources/SwiftSnmpKit/Extensions/Int+Extensions.swift /Users/admin/builder/spi-builder-workspace/Sources/SwiftSnmpKit/Extensions/String+Extensions.swift (in target 'SwiftSnmpKit' from project 'SwiftSnmpKit')
/Users/admin/builder/spi-builder-workspace/Sources/SwiftSnmpKit/Extensions/Int+Extensions.swift:28:35: error: integer literal '4278190080' overflows when stored into 'Int'
26 |         // only valid for positive integers
27 |         var result = Data(count: 4)
28 |         result[0] = UInt8((self & 0xff000000) >> 24)
   |                                   `- error: integer literal '4278190080' overflows when stored into 'Int'
29 |         result[1] = UInt8((self & 0x00ff0000) >> 16)
30 |         result[2] = UInt8((self & 0x0000ff00) >> 8)
Failed frontend command:
/Applications/Xcode-27.0.0-Release.Candidate.app/Contents/Developer/Toolchains/XcodeDefault.xctoolchain/usr/bin/swift-frontend -frontend -c /Users/admin/builder/spi-builder-workspace/Sources/SwiftSnmpKit/Enumerations/AsnValue.swift /Users/admin/builder/spi-builder-workspace/Sources/SwiftSnmpKit/Enumerations/SnmpError.swift /Users/admin/builder/spi-builder-workspace/Sources/SwiftSnmpKit/Enumerations/SnmpPduType.swift /Users/admin/builder/spi-builder-workspace/Sources/SwiftSnmpKit/Enumerations/SnmpV3Authentication.swift /Users/admin/builder/spi-builder-workspace/Sources/SwiftSnmpKit/Enumerations/SnmpVersion.swift /Users/admin/builder/spi-builder-workspace/Sources/SwiftSnmpKit/Extensions/Data+Extensions.swift -primary-file /Users/admin/builder/spi-builder-workspace/Sources/SwiftSnmpKit/Extensions/Int+Extensions.swift -primary-file /Users/admin/builder/spi-builder-workspace/Sources/SwiftSnmpKit/Extensions/String+Extensions.swift /Users/admin/builder/spi-builder-workspace/Sources/SwiftSnmpKit/Extensions/UInt8+Extensions.swift /Users/admin/builder/spi-builder-workspace/Sources/SwiftSnmpKit/Extensions/VariableBindings+Extensions.swift /Users/admin/builder/spi-builder-workspace/Sources/SwiftSnmpKit/Networking/SnmpReceiver.swift /Users/admin/builder/spi-builder-workspace/Sources/SwiftSnmpKit/Networking/SnmpSender.swift /Users/admin/builder/spi-builder-workspace/Sources/SwiftSnmpKit/Protocols/AsnData-Protocol.swift /Users/admin/builder/spi-builder-workspace/Sources/SwiftSnmpKit/SnmpOid.swift /Users/admin/builder/spi-builder-workspace/Sources/SwiftSnmpKit/SnmpPdu.swift /Users/admin/builder/spi-builder-workspace/Sources/SwiftSnmpKit/SnmpUtils.swift /Users/admin/builder/spi-builder-workspace/Sources/SwiftSnmpKit/SnmpV2Message.swift /Users/admin/builder/spi-builder-workspace/Sources/SwiftSnmpKit/SnmpV3Message.swift /Users/admin/builder/spi-builder-workspace/Sources/SwiftSnmpKit/SnmpVariableBinding.swift -emit-dependencies-path /Users/admin/builder/spi-builder-workspace/.derivedData/Build/Intermediates.noindex/SwiftSnmpKit.build/Debug-watchos/SwiftSnmpKit-t.build/Objects-normal/arm64_32/Int+Extensions.d -emit-const-values-path /Users/admin/builder/spi-builder-workspace/.derivedData/Build/Intermediates.noindex/SwiftSnmpKit.build/Debug-watchos/SwiftSnmpKit-t.build/Objects-normal/arm64_32/Int+Extensions.swiftconstvalues -emit-reference-dependencies-path /Users/admin/builder/spi-builder-workspace/.derivedData/Build/Intermediates.noindex/SwiftSnmpKit.build/Debug-watchos/SwiftSnmpKit-t.build/Objects-normal/arm64_32/Int+Extensions.swiftdeps -serialize-diagnostics-path /Users/admin/builder/spi-builder-workspace/.derivedData/Build/Intermediates.noindex/SwiftSnmpKit.build/Debug-watchos/SwiftSnmpKit-t.build/Objects-normal/arm64_32/Int+Extensions.dia -emit-dependencies-path /Users/admin/builder/spi-builder-workspace/.derivedData/Build/Intermediates.noindex/SwiftSnmpKit.build/Debug-watchos/SwiftSnmpKit-t.build/Objects-normal/arm64_32/String+Extensions.d -emit-const-values-path /Users/admin/builder/spi-builder-workspace/.derivedData/Build/Intermediates.noindex/SwiftSnmpKit.build/Debug-watchos/SwiftSnmpKit-t.build/Objects-normal/arm64_32/String+Extensions.swiftconstvalues -emit-reference-dependencies-path /Users/admin/builder/spi-builder-workspace/.derivedData/Build/Intermediates.noindex/SwiftSnmpKit.build/Debug-watchos/SwiftSnmpKit-t.build/Objects-normal/arm64_32/String+Extensions.swiftdeps -serialize-diagnostics-path /Users/admin/builder/spi-builder-workspace/.derivedData/Build/Intermediates.noindex/SwiftSnmpKit.build/Debug-watchos/SwiftSnmpKit-t.build/Objects-normal/arm64_32/String+Extensions.dia -target arm64_32-apple-watchos9.0 -disable-cross-import-overlay-search -swift-module-cross-import Darwin /Applications/Xcode-27.0.0-Release.Candidate.app/Contents/Developer/Platforms/WatchOS.platform/Developer/SDKs/WatchOS.sdk/usr/include/Darwin.swiftcrossimport/xlocale.swiftoverlay -load-resolved-plugin /Applications/Xcode-27.0.0-Release.Candidate.app/Contents/Developer/Platforms/WatchOS.platform/Developer/usr/lib/swift/host/plugins/libFoundationMacros.dylib\#/Applications/Xcode-27.0.0-Release.Candidate.app/Contents/Developer/Platforms/WatchOS.platform/Developer/usr/bin/swift-plugin-server\#FoundationMacros -load-resolved-plugin /Applications/Xcode-27.0.0-Release.Candidate.app/Contents/Developer/Platforms/WatchOS.platform/Developer/usr/lib/swift/host/plugins/libObservationMacros.dylib\#/Applications/Xcode-27.0.0-Release.Candidate.app/Contents/Developer/Platforms/WatchOS.platform/Developer/usr/bin/swift-plugin-server\#ObservationMacros -load-resolved-plugin /Applications/Xcode-27.0.0-Release.Candidate.app/Contents/Developer/Platforms/WatchOS.platform/Developer/usr/lib/swift/host/plugins/libSwiftMacros.dylib\#/Applications/Xcode-27.0.0-Release.Candidate.app/Contents/Developer/Platforms/WatchOS.platform/Developer/usr/bin/swift-plugin-server\#SwiftMacros -disable-implicit-swift-modules -Xcc -fno-implicit-modules -Xcc -fno-implicit-module-maps -explicit-swift-module-map-file /Users/admin/builder/spi-builder-workspace/.derivedData/Build/Intermediates.noindex/SwiftSnmpKit.build/Debug-watchos/SwiftSnmpKit-t.build/Objects-normal/arm64_32/SwiftSnmpKit-dependencies-2.json -enable-objc-interop -sdk /Applications/Xcode-27.0.0-Release.Candidate.app/Contents/Developer/Platforms/WatchOS.platform/Developer/SDKs/WatchOS27.0.sdk -I /Users/admin/builder/spi-builder-workspace/.derivedData/Build/Products/Debug-watchos -Isystem /Applications/Xcode-27.0.0-Release.Candidate.app/Contents/Developer/Platforms/WatchOS.platform/Developer/usr/lib -F /Users/admin/builder/spi-builder-workspace/.derivedData/Build/Products/Debug-watchos/PackageFrameworks -F /Users/admin/builder/spi-builder-workspace/.derivedData/Build/Products/Debug-watchos -F /Applications/Xcode-27.0.0-Release.Candidate.app/Contents/Developer/Platforms/WatchOS.platform/Developer/Library/Frameworks -F /Applications/Xcode-27.0.0-Release.Candidate.app/Contents/Developer/Platforms/WatchOS.platform/Developer/SDKs/WatchOS27.0.sdk/Developer/Library/Frameworks -module-cache-path /Users/admin/builder/spi-builder-workspace/.derivedData/Build/Intermediates.noindex/SwiftExplicitPrecompiledModules -no-color-diagnostics -Xcc -fno-color-diagnostics -enable-testing -g -debug-info-format\=dwarf -dwarf-version\=4 -profile-generate -profile-coverage-mapping -swift-version 5 -Onone -D SWIFT_PACKAGE -D DEBUG -D SWIFT_MODULE_RESOURCE_BUNDLE_UNAVAILABLE -D Xcode -serialize-debugging-options -enable-experimental-feature DebugDescriptionMacro -empty-abi-descriptor -validate-clang-modules-once -clang-build-session-file /Users/admin/builder/spi-builder-workspace/.derivedData/ModuleCache.noindex/Session.modulevalidation -Xcc -working-directory -Xcc /Users/admin/builder/spi-builder-workspace/.swiftpm/xcode -enable-anonymous-context-mangled-names -file-compilation-dir /Users/admin/builder/spi-builder-workspace/.swiftpm/xcode -Xcc -fmodule-map-file\=/Users/admin/builder/spi-builder-workspace/.dependencies/checkouts/swift-atomics/Sources/_AtomicsShims/include/module.modulemap -Xcc -fmodule-map-file\=/Users/admin/builder/spi-builder-workspace/.derivedData/Build/Intermediates.noindex/GeneratedModuleMaps-watchos/CNIOPosix.modulemap -Xcc -fmodule-map-file\=/Users/admin/builder/spi-builder-workspace/.derivedData/Build/Intermediates.noindex/GeneratedModuleMaps-watchos/CNIOWASI.modulemap -Xcc -fmodule-map-file\=/Users/admin/builder/spi-builder-workspace/.derivedData/Build/Intermediates.noindex/GeneratedModuleMaps-watchos/CNIOFreeBSD.modulemap -Xcc -fmodule-map-file\=/Users/admin/builder/spi-builder-workspace/.derivedData/Build/Intermediates.noindex/GeneratedModuleMaps-watchos/CNIOAtomics.modulemap -Xcc -fmodule-map-file\=/Users/admin/builder/spi-builder-workspace/.dependencies/checkouts/swift-nio/Sources/CNIOWindows/include/module.modulemap -Xcc -fmodule-map-file\=/Users/admin/builder/spi-builder-workspace/.derivedData/Build/Intermediates.noindex/GeneratedModuleMaps-watchos/CNIODarwin.modulemap -Xcc -fmodule-map-file\=/Users/admin/builder/spi-builder-workspace/.derivedData/Build/Intermediates.noindex/GeneratedModuleMaps-watchos/CNIOLinux.modulemap -Xcc -fmodule-map-file\=/Users/admin/builder/spi-builder-workspace/.derivedData/Build/Intermediates.noindex/GeneratedModuleMaps-watchos/CNIOOpenBSD.modulemap -Xcc -D_LIBCPP_HARDENING_MODE\=_LIBCPP_HARDENING_MODE_DEBUG -Xcc -ivfsstatcache -Xcc /Users/admin/builder/spi-builder-workspace/.derivedData/SDKStatCaches.noindex/watchos27.0-24R360-e829b21a6f8c9b70876ba0858053c04477534ef55a1706bf4c1112bbb242f0a2.sdkstatcache -Xcc -fmodules-prune-interval\=86400 -Xcc -fmodules-prune-after\=345600 -Xcc -I/Users/admin/builder/spi-builder-workspace/.dependencies/checkouts/swift-atomics/Sources/_AtomicsShims/include -Xcc -I/Users/admin/builder/spi-builder-workspace/.dependencies/checkouts/swift-nio/Sources/CNIOPosix/include -Xcc -I/Users/admin/builder/spi-builder-workspace/.dependencies/checkouts/swift-nio/Sources/CNIOWASI/include -Xcc -I/Users/admin/builder/spi-builder-workspace/.dependencies/checkouts/swift-nio/Sources/CNIOFreeBSD/include -Xcc -I/Users/admin/builder/spi-builder-workspace/.dependencies/checkouts/swift-nio/Sources/CNIOAtomics/include -Xcc -I/Users/admin/builder/spi-builder-workspace/.dependencies/checkouts/swift-nio/Sources/CNIOWindows/include -Xcc -I/Users/admin/builder/spi-builder-workspace/.dependencies/checkouts/swift-nio/Sources/CNIODarwin/include -Xcc -I/Users/admin/builder/spi-builder-workspace/.dependencies/checkouts/swift-nio/Sources/CNIOLinux/include -Xcc -I/Users/admin/builder/spi-builder-workspace/.dependencies/checkouts/swift-nio/Sources/CNIOOpenBSD/include -Xcc -I/Users/admin/builder/spi-builder-workspace/.derivedData/Build/Products/Debug-watchos/include -Xcc -I/Users/admin/builder/spi-builder-workspace/.derivedData/Build/Intermediates.noindex/SwiftSnmpKit.build/Debug-watchos/SwiftSnmpKit-t.build/DerivedSources-normal/arm64_32 -Xcc -I/Users/admin/builder/spi-builder-workspace/.derivedData/Build/Intermediates.noindex/SwiftSnmpKit.build/Debug-watchos/SwiftSnmpKit-t.build/DerivedSources/arm64_32 -Xcc -I/Users/admin/builder/spi-builder-workspace/.derivedData/Build/Intermediates.noindex/SwiftSnmpKit.build/Debug-watchos/SwiftSnmpKit-t.build/DerivedSources -Xcc -DSWIFT_PACKAGE -Xcc -DDEBUG\=1 -no-auto-bridging-header-chaining -module-name SwiftSnmpKit -const-gather-protocols-file /Users/admin/builder/spi-builder-workspace/.derivedData/Build/Intermediates.noindex/SwiftSnmpKit.build/Debug-watchos/SwiftSnmpKit-t.build/Objects-normal/arm64_32/SwiftSnmpKit_const_extract_protocols.json -disable-clang-spi -clang-target arm64_32-apple-watchos27.0 -target-sdk-version 27.0 -target-sdk-name watchos27.0 -in-process-plugin-server-path /Applications/Xcode-27.0.0-Release.Candidate.app/Contents/Developer/Toolchains/XcodeDefault.xctoolchain/usr/lib/swift/host/libSwiftInProcPluginServer.dylib -parse-as-library -o /Users/admin/builder/spi-builder-workspace/.derivedData/Build/Intermediates.noindex/SwiftSnmpKit.build/Debug-watchos/SwiftSnmpKit-t.build/Objects-normal/arm64_32/Int+Extensions.o -o /Users/admin/builder/spi-builder-workspace/.derivedData/Build/Intermediates.noindex/SwiftSnmpKit.build/Debug-watchos/SwiftSnmpKit-t.build/Objects-normal/arm64_32/String+Extensions.o -debug-module-path /Users/admin/builder/spi-builder-workspace/.derivedData/Build/Intermediates.noindex/SwiftSnmpKit.build/Debug-watchos/SwiftSnmpKit-t.build/Objects-normal/arm64_32/SwiftSnmpKit.swiftmodule -index-unit-output-path /SwiftSnmpKit.build/Debug-watchos/SwiftSnmpKit-t.build/Objects-normal/arm64_32/Int+Extensions.o -index-unit-output-path /SwiftSnmpKit.build/Debug-watchos/SwiftSnmpKit-t.build/Objects-normal/arm64_32/String+Extensions.o -index-store-path /Users/admin/builder/spi-builder-workspace/.derivedData/Index.noindex/DataStore -index-system-modules
SwiftCompile normal arm64_32 /Users/admin/builder/spi-builder-workspace/Sources/SwiftSnmpKit/Extensions/Int+Extensions.swift (in target 'SwiftSnmpKit' from project 'SwiftSnmpKit')
    cd /Users/admin/builder/spi-builder-workspace/.swiftpm/xcode
    builtin-SwiftPerFileCompile Int+Extensions.swift
SwiftCompile normal arm64_32 /Users/admin/builder/spi-builder-workspace/Sources/SwiftSnmpKit/Extensions/String+Extensions.swift (in target 'SwiftSnmpKit' from project 'SwiftSnmpKit')
    cd /Users/admin/builder/spi-builder-workspace/.swiftpm/xcode
    builtin-SwiftPerFileCompile String+Extensions.swift
SwiftDriverJobDiscovery normal arm64_32 Compiling Selectable.swift, SelectableChannel.swift, SelectableEventLoop.swift, SelectorEpoll.swift, SelectorGeneric.swift, SelectorKqueue.swift (in target 'NIOPosix' from project 'swift-nio')
SwiftDriverJobDiscovery normal arm64_32 Compiling AsnData-Protocol.swift, SnmpOid.swift (in target 'SwiftSnmpKit' from project 'SwiftSnmpKit')
SwiftCompile normal arm64 Compiling\ SnmpV2Message.swift,\ SnmpV3Message.swift /Users/admin/builder/spi-builder-workspace/Sources/SwiftSnmpKit/SnmpV2Message.swift /Users/admin/builder/spi-builder-workspace/Sources/SwiftSnmpKit/SnmpV3Message.swift (in target 'SwiftSnmpKit' from project 'SwiftSnmpKit')
SwiftCompile normal arm64 /Users/admin/builder/spi-builder-workspace/Sources/SwiftSnmpKit/SnmpV2Message.swift (in target 'SwiftSnmpKit' from project 'SwiftSnmpKit')
    cd /Users/admin/builder/spi-builder-workspace/.swiftpm/xcode
    builtin-SwiftPerFileCompile SnmpV2Message.swift
SwiftCompile normal arm64 /Users/admin/builder/spi-builder-workspace/Sources/SwiftSnmpKit/SnmpV3Message.swift (in target 'SwiftSnmpKit' from project 'SwiftSnmpKit')
    cd /Users/admin/builder/spi-builder-workspace/.swiftpm/xcode
    builtin-SwiftPerFileCompile SnmpV3Message.swift
SwiftCompile normal arm64_32 Compiling\ SnmpPduType.swift,\ SnmpV3Authentication.swift /Users/admin/builder/spi-builder-workspace/Sources/SwiftSnmpKit/Enumerations/SnmpPduType.swift /Users/admin/builder/spi-builder-workspace/Sources/SwiftSnmpKit/Enumerations/SnmpV3Authentication.swift (in target 'SwiftSnmpKit' from project 'SwiftSnmpKit')
SwiftCompile normal arm64_32 /Users/admin/builder/spi-builder-workspace/Sources/SwiftSnmpKit/Enumerations/SnmpPduType.swift (in target 'SwiftSnmpKit' from project 'SwiftSnmpKit')
    cd /Users/admin/builder/spi-builder-workspace/.swiftpm/xcode
    builtin-SwiftPerFileCompile SnmpPduType.swift
SwiftCompile normal arm64_32 /Users/admin/builder/spi-builder-workspace/Sources/SwiftSnmpKit/Enumerations/SnmpV3Authentication.swift (in target 'SwiftSnmpKit' from project 'SwiftSnmpKit')
    cd /Users/admin/builder/spi-builder-workspace/.swiftpm/xcode
    builtin-SwiftPerFileCompile SnmpV3Authentication.swift
SwiftDriverJobDiscovery normal arm64_32 Compiling UInt8+Extensions.swift, VariableBindings+Extensions.swift (in target 'SwiftSnmpKit' from project 'SwiftSnmpKit')
SwiftCompile normal arm64 Compiling\ SnmpReceiver.swift,\ SnmpSender.swift /Users/admin/builder/spi-builder-workspace/Sources/SwiftSnmpKit/Networking/SnmpReceiver.swift /Users/admin/builder/spi-builder-workspace/Sources/SwiftSnmpKit/Networking/SnmpSender.swift (in target 'SwiftSnmpKit' from project 'SwiftSnmpKit')
SwiftCompile normal arm64 /Users/admin/builder/spi-builder-workspace/Sources/SwiftSnmpKit/Networking/SnmpReceiver.swift (in target 'SwiftSnmpKit' from project 'SwiftSnmpKit')
    cd /Users/admin/builder/spi-builder-workspace/.swiftpm/xcode
    builtin-SwiftPerFileCompile SnmpReceiver.swift
SwiftCompile normal arm64 /Users/admin/builder/spi-builder-workspace/Sources/SwiftSnmpKit/Networking/SnmpSender.swift (in target 'SwiftSnmpKit' from project 'SwiftSnmpKit')
    cd /Users/admin/builder/spi-builder-workspace/.swiftpm/xcode
    builtin-SwiftPerFileCompile SnmpSender.swift
SwiftDriverJobDiscovery normal arm64_32 Compiling SnmpReceiver.swift, SnmpSender.swift (in target 'SwiftSnmpKit' from project 'SwiftSnmpKit')
SwiftCompile normal arm64_32 Compiling\ SnmpPdu.swift,\ SnmpUtils.swift /Users/admin/builder/spi-builder-workspace/Sources/SwiftSnmpKit/SnmpPdu.swift /Users/admin/builder/spi-builder-workspace/Sources/SwiftSnmpKit/SnmpUtils.swift (in target 'SwiftSnmpKit' from project 'SwiftSnmpKit')
SwiftCompile normal arm64_32 /Users/admin/builder/spi-builder-workspace/Sources/SwiftSnmpKit/SnmpPdu.swift (in target 'SwiftSnmpKit' from project 'SwiftSnmpKit')
    cd /Users/admin/builder/spi-builder-workspace/.swiftpm/xcode
    builtin-SwiftPerFileCompile SnmpPdu.swift
SwiftCompile normal arm64_32 /Users/admin/builder/spi-builder-workspace/Sources/SwiftSnmpKit/SnmpUtils.swift (in target 'SwiftSnmpKit' from project 'SwiftSnmpKit')
    cd /Users/admin/builder/spi-builder-workspace/.swiftpm/xcode
    builtin-SwiftPerFileCompile SnmpUtils.swift
PruneExplicitPrecompiledModules /Users/admin/builder/spi-builder-workspace/.derivedData/SDKExplicitPrecompiledModules
PruneExplicitPrecompiledModules /Users/admin/builder/spi-builder-workspace/.derivedData/Build/Intermediates.noindex/ExplicitPrecompiledModules
PruneExplicitPrecompiledModules /Users/admin/builder/spi-builder-workspace/.derivedData/Build/Intermediates.noindex/SwiftExplicitPrecompiledModules
2026-09-18 17:21:00.186 xcodebuild[867:5158] [MT] IDERunDestination: Supported platforms for the buildables in the current scheme is empty.
** BUILD FAILED **
The following build commands failed:
	SwiftCompile normal arm64_32 Compiling\ Int+Extensions.swift,\ String+Extensions.swift /Users/admin/builder/spi-builder-workspace/Sources/SwiftSnmpKit/Extensions/Int+Extensions.swift /Users/admin/builder/spi-builder-workspace/Sources/SwiftSnmpKit/Extensions/String+Extensions.swift (in target 'SwiftSnmpKit' from project 'SwiftSnmpKit')
	SwiftCompile normal arm64_32 /Users/admin/builder/spi-builder-workspace/Sources/SwiftSnmpKit/Extensions/Int+Extensions.swift (in target 'SwiftSnmpKit' from project 'SwiftSnmpKit')
	Building workspace SwiftSnmpKit with scheme SwiftSnmpKit
(3 failures)
Command line invocation:
    /Applications/Xcode-27.0.0-Release.Candidate.app/Contents/Developer/usr/bin/xcodebuild -IDEClonedSourcePackagesDirPathOverride=/Users/admin/builder/spi-builder-workspace/.dependencies -resolvePackageDependencies
Resolve Package Graph
Resolved source packages:
  swift-atomics: https://github.com/apple/swift-atomics.git @ 1.3.1
  CryptoSwift: https://github.com/krzyzanowskim/CryptoSwift @ 1.10.0
  swift-collections: https://github.com/apple/swift-collections.git @ 1.6.0
  SwiftSnmpKit: /Users/admin/builder/spi-builder-workspace
  swift-nio: https://github.com/apple/swift-nio.git @ 2.103.0
  swift-system: https://github.com/apple/swift-system.git @ 1.8.1
  swift-crypto: https://github.com/apple/swift-crypto.git @ 2.6.0
resolved source packages: swift-atomics, CryptoSwift, swift-collections, SwiftSnmpKit, swift-nio, swift-system, swift-crypto
2026-09-18 17:21:24.380 xcodebuild[1502:8662] [MT] IDERunDestination: Supported platforms for the buildables in the current scheme is empty.
{
  "dependencies" : [
    {
      "identity" : "swift-nio",
      "requirement" : {
        "range" : [
          {
            "lower_bound" : "2.0.0",
            "upper_bound" : "3.0.0"
          }
        ]
      },
      "type" : "sourceControl",
      "url" : "https://github.com/apple/swift-nio.git"
    },
    {
      "identity" : "swift-crypto",
      "requirement" : {
        "range" : [
          {
            "lower_bound" : "1.0.0",
            "upper_bound" : "3.0.0"
          }
        ]
      },
      "type" : "sourceControl",
      "url" : "https://github.com/apple/swift-crypto.git"
    },
    {
      "identity" : "cryptoswift",
      "requirement" : {
        "range" : [
          {
            "lower_bound" : "1.0.0",
            "upper_bound" : "2.0.0"
          }
        ]
      },
      "type" : "sourceControl",
      "url" : "https://github.com/krzyzanowskim/CryptoSwift"
    }
  ],
  "manifest_display_name" : "SwiftSnmpKit",
  "name" : "SwiftSnmpKit",
  "path" : "/Users/admin/builder/spi-builder-workspace",
  "platforms" : [
    {
      "name" : "macos",
      "version" : "10.15"
    }
  ],
  "products" : [
    {
      "name" : "SwiftSnmpKit",
      "targets" : [
        "SwiftSnmpKit"
      ],
      "type" : {
        "library" : [
          "automatic"
        ]
      }
    }
  ],
  "targets" : [
    {
      "c99name" : "SwiftSnmpKitTests",
      "module_type" : "SwiftTarget",
      "name" : "SwiftSnmpKitTests",
      "path" : "Tests/SwiftSnmpKitTests",
      "sources" : [
        "SnmpAgentTests.swift",
        "SnmpV3Tests.swift",
        "SwiftSnmpKitTests.swift"
      ],
      "target_dependencies" : [
        "SwiftSnmpKit"
      ],
      "type" : "test"
    },
    {
      "c99name" : "SwiftSnmpKit",
      "module_type" : "SwiftTarget",
      "name" : "SwiftSnmpKit",
      "path" : "Sources/SwiftSnmpKit",
      "product_dependencies" : [
        "NIOCore",
        "NIOPosix",
        "Crypto",
        "CryptoSwift"
      ],
      "product_memberships" : [
        "SwiftSnmpKit"
      ],
      "sources" : [
        "Enumerations/AsnValue.swift",
        "Enumerations/SnmpError.swift",
        "Enumerations/SnmpPduType.swift",
        "Enumerations/SnmpV3Authentication.swift",
        "Enumerations/SnmpVersion.swift",
        "Extensions/Data+Extensions.swift",
        "Extensions/Int+Extensions.swift",
        "Extensions/String+Extensions.swift",
        "Extensions/UInt8+Extensions.swift",
        "Extensions/VariableBindings+Extensions.swift",
        "Networking/SnmpReceiver.swift",
        "Networking/SnmpSender.swift",
        "Protocols/AsnData-Protocol.swift",
        "SnmpOid.swift",
        "SnmpPdu.swift",
        "SnmpUtils.swift",
        "SnmpV2Message.swift",
        "SnmpV3Message.swift",
        "SnmpVariableBinding.swift"
      ],
      "type" : "library"
    }
  ],
  "tools_version" : "5.6"
}
{
  "workspace" : {
    "name" : "SwiftSnmpKit",
    "schemes" : [
      "SwiftSnmpKit"
    ]
  }
}
2026-09-18 17:21:26.202 xcodebuild[1510:8732] [MT] IDERunDestination: Supported platforms for the buildables in the current scheme is empty.
Running build ...
env DEVELOPER_DIR=/Applications/Xcode-27.0.0-Release.Candidate.app xcrun xcodebuild -IDEClonedSourcePackagesDirPathOverride=$PWD/.dependencies -skipMacroValidation -skipPackagePluginValidation -derivedDataPath $PWD/.derivedData build -scheme SwiftSnmpKit -destination generic/platform=watchOS
Command line invocation:
    /Applications/Xcode-27.0.0-Release.Candidate.app/Contents/Developer/usr/bin/xcodebuild -IDEClonedSourcePackagesDirPathOverride=/Users/admin/builder/spi-builder-workspace/.dependencies -skipMacroValidation -skipPackagePluginValidation -derivedDataPath /Users/admin/builder/spi-builder-workspace/.derivedData build -scheme SwiftSnmpKit -destination generic/platform=watchOS
Resolve Package Graph
Resolved source packages:
  swift-nio: https://github.com/apple/swift-nio.git @ 2.103.0
  swift-crypto: https://github.com/apple/swift-crypto.git @ 2.6.0
  swift-system: https://github.com/apple/swift-system.git @ 1.8.1
  swift-atomics: https://github.com/apple/swift-atomics.git @ 1.3.1
  swift-collections: https://github.com/apple/swift-collections.git @ 1.6.0
  CryptoSwift: https://github.com/krzyzanowskim/CryptoSwift @ 1.10.0
  SwiftSnmpKit: /Users/admin/builder/spi-builder-workspace
ComputePackagePrebuildTargetDependencyGraph
Prepare packages
CreateBuildRequest
SendProjectDescription
CreateBuildOperation
ComputeTargetDependencyGraph
note: Building targets in dependency order
note: Target dependency graph (31 targets)
    Target 'SwiftSnmpKit-product' in project 'SwiftSnmpKit'
        ➜ Explicit dependency on target 'SwiftSnmpKit' in project 'SwiftSnmpKit'
        ➜ Explicit dependency on target 'NIOCore-product' in project 'swift-nio'
        ➜ Explicit dependency on target 'NIOPosix-product' in project 'swift-nio'
        ➜ Explicit dependency on target 'Crypto-product' in project 'swift-crypto'
        ➜ Explicit dependency on target 'CryptoSwift-product' in project 'CryptoSwift'
    Target 'SwiftSnmpKit' in project 'SwiftSnmpKit'
        ➜ Explicit dependency on target 'NIOCore-product' in project 'swift-nio'
        ➜ Explicit dependency on target 'NIOPosix-product' in project 'swift-nio'
        ➜ Explicit dependency on target 'Crypto-product' in project 'swift-crypto'
        ➜ Explicit dependency on target 'CryptoSwift-product' in project 'CryptoSwift'
    Target 'CryptoSwift-product' in project 'CryptoSwift'
        ➜ Explicit dependency on target 'CryptoSwift' in project 'CryptoSwift'
        ➜ Explicit dependency on target 'CryptoSwiftResources' in project 'CryptoSwift'
    Target 'CryptoSwift' in project 'CryptoSwift'
        ➜ Explicit dependency on target 'CryptoSwiftResources' in project 'CryptoSwift'
    Target 'CryptoSwiftResources' in project 'CryptoSwift'
        ➜ Explicit dependency on target 'CryptoSwift_CryptoSwiftResources' in project 'CryptoSwift'
    Target 'CryptoSwift_CryptoSwiftResources' in project 'CryptoSwift' (no dependencies)
    Target 'Crypto-product' in project 'swift-crypto'
        ➜ Explicit dependency on target 'Crypto' in project 'swift-crypto'
    Target 'Crypto' in project 'swift-crypto' (no dependencies)
    Target 'NIOPosix-product' in project 'swift-nio'
        ➜ Explicit dependency on target 'NIOPosix' in project 'swift-nio'
        ➜ Explicit dependency on target 'swift-nio_NIOPosix' in project 'swift-nio'
        ➜ Explicit dependency on target 'CNIOOpenBSD' in project 'swift-nio'
        ➜ Explicit dependency on target 'CNIOLinux' in project 'swift-nio'
        ➜ Explicit dependency on target 'CNIODarwin' in project 'swift-nio'
        ➜ Explicit dependency on target 'CNIOWindows' in project 'swift-nio'
        ➜ Explicit dependency on target 'CNIOAtomics' in project 'swift-nio'
        ➜ Explicit dependency on target 'NIOConcurrencyHelpers' in project 'swift-nio'
        ➜ Explicit dependency on target '_NIOBase64' in project 'swift-nio'
        ➜ Explicit dependency on target 'CNIOFreeBSD' in project 'swift-nio'
        ➜ Explicit dependency on target 'CNIOWASI' in project 'swift-nio'
        ➜ Explicit dependency on target '_NIODataStructures' in project 'swift-nio'
        ➜ Explicit dependency on target 'NIOCore' in project 'swift-nio'
        ➜ Explicit dependency on target 'CNIOPosix' in project 'swift-nio'
        ➜ Explicit dependency on target 'DequeModule-product' in project 'swift-collections'
        ➜ Explicit dependency on target 'Atomics-product' in project 'swift-atomics'
    Target 'NIOPosix' in project 'swift-nio'
        ➜ Explicit dependency on target 'swift-nio_NIOPosix' in project 'swift-nio'
        ➜ Explicit dependency on target 'CNIOOpenBSD' in project 'swift-nio'
        ➜ Explicit dependency on target 'CNIOLinux' in project 'swift-nio'
        ➜ Explicit dependency on target 'CNIODarwin' in project 'swift-nio'
        ➜ Explicit dependency on target 'CNIOWindows' in project 'swift-nio'
        ➜ Explicit dependency on target 'CNIOAtomics' in project 'swift-nio'
        ➜ Explicit dependency on target 'NIOConcurrencyHelpers' in project 'swift-nio'
        ➜ Explicit dependency on target '_NIOBase64' in project 'swift-nio'
        ➜ Explicit dependency on target 'CNIOFreeBSD' in project 'swift-nio'
        ➜ Explicit dependency on target 'CNIOWASI' in project 'swift-nio'
        ➜ Explicit dependency on target '_NIODataStructures' in project 'swift-nio'
        ➜ Explicit dependency on target 'NIOCore' in project 'swift-nio'
        ➜ Explicit dependency on target 'CNIOPosix' in project 'swift-nio'
        ➜ Explicit dependency on target 'DequeModule-product' in project 'swift-collections'
        ➜ Explicit dependency on target 'Atomics-product' in project 'swift-atomics'
    Target 'CNIOPosix' in project 'swift-nio' (no dependencies)
    Target 'swift-nio_NIOPosix' in project 'swift-nio' (no dependencies)
    Target 'NIOCore-product' in project 'swift-nio'
        ➜ Explicit dependency on target 'NIOCore' in project 'swift-nio'
        ➜ Explicit dependency on target 'CNIOAtomics' in project 'swift-nio'
        ➜ Explicit dependency on target 'NIOConcurrencyHelpers' in project 'swift-nio'
        ➜ Explicit dependency on target '_NIOBase64' in project 'swift-nio'
        ➜ Explicit dependency on target 'CNIOOpenBSD' in project 'swift-nio'
        ➜ Explicit dependency on target 'CNIOFreeBSD' in project 'swift-nio'
        ➜ Explicit dependency on target 'CNIODarwin' in project 'swift-nio'
        ➜ Explicit dependency on target 'CNIOLinux' in project 'swift-nio'
        ➜ Explicit dependency on target 'CNIOWindows' in project 'swift-nio'
        ➜ Explicit dependency on target 'CNIOWASI' in project 'swift-nio'
        ➜ Explicit dependency on target '_NIODataStructures' in project 'swift-nio'
        ➜ Explicit dependency on target 'DequeModule-product' in project 'swift-collections'
        ➜ Explicit dependency on target 'Atomics-product' in project 'swift-atomics'
    Target 'NIOCore' in project 'swift-nio'
        ➜ Explicit dependency on target 'CNIOAtomics' in project 'swift-nio'
        ➜ Explicit dependency on target 'NIOConcurrencyHelpers' in project 'swift-nio'
        ➜ Explicit dependency on target '_NIOBase64' in project 'swift-nio'
        ➜ Explicit dependency on target 'CNIOOpenBSD' in project 'swift-nio'
        ➜ Explicit dependency on target 'CNIOFreeBSD' in project 'swift-nio'
        ➜ Explicit dependency on target 'CNIODarwin' in project 'swift-nio'
        ➜ Explicit dependency on target 'CNIOLinux' in project 'swift-nio'
        ➜ Explicit dependency on target 'CNIOWindows' in project 'swift-nio'
        ➜ Explicit dependency on target 'CNIOWASI' in project 'swift-nio'
        ➜ Explicit dependency on target '_NIODataStructures' in project 'swift-nio'
        ➜ Explicit dependency on target 'DequeModule-product' in project 'swift-collections'
        ➜ Explicit dependency on target 'Atomics-product' in project 'swift-atomics'
    Target 'Atomics-product' in project 'swift-atomics'
        ➜ Explicit dependency on target 'Atomics' in project 'swift-atomics'
        ➜ Explicit dependency on target '_AtomicsShims' in project 'swift-atomics'
    Target 'Atomics' in project 'swift-atomics'
        ➜ Explicit dependency on target '_AtomicsShims' in project 'swift-atomics'
    Target '_AtomicsShims' in project 'swift-atomics' (no dependencies)
    Target 'DequeModule-product' in project 'swift-collections'
        ➜ Explicit dependency on target 'DequeModule' in project 'swift-collections'
        ➜ Explicit dependency on target 'InternalCollectionsUtilities' in project 'swift-collections'
        ➜ Explicit dependency on target 'ContainersPreview' in project 'swift-collections'
    Target 'DequeModule' in project 'swift-collections'
        ➜ Explicit dependency on target 'InternalCollectionsUtilities' in project 'swift-collections'
        ➜ Explicit dependency on target 'ContainersPreview' in project 'swift-collections'
    Target 'ContainersPreview' in project 'swift-collections'
        ➜ Explicit dependency on target 'InternalCollectionsUtilities' in project 'swift-collections'
    Target 'InternalCollectionsUtilities' in project 'swift-collections' (no dependencies)
    Target '_NIODataStructures' in project 'swift-nio' (no dependencies)
    Target 'CNIOWASI' in project 'swift-nio' (no dependencies)
    Target 'CNIOWindows' in project 'swift-nio' (no dependencies)
    Target 'CNIOLinux' in project 'swift-nio' (no dependencies)
    Target 'CNIODarwin' in project 'swift-nio' (no dependencies)
    Target 'CNIOFreeBSD' in project 'swift-nio' (no dependencies)
    Target 'CNIOOpenBSD' in project 'swift-nio' (no dependencies)
    Target '_NIOBase64' in project 'swift-nio' (no dependencies)
    Target 'NIOConcurrencyHelpers' in project 'swift-nio'
        ➜ Explicit dependency on target 'CNIOAtomics' in project 'swift-nio'
    Target 'CNIOAtomics' in project 'swift-nio' (no dependencies)
GatherProvisioningInputs
CreateBuildDescription
ClangStatCache /Applications/Xcode-27.0.0-Release.Candidate.app/Contents/Developer/Toolchains/XcodeDefault.xctoolchain/usr/bin/clang-stat-cache /Applications/Xcode-27.0.0-Release.Candidate.app/Contents/Developer/Platforms/WatchOS.platform/Developer/SDKs/WatchOS27.0.sdk /Users/admin/builder/spi-builder-workspace/.derivedData/SDKStatCaches.noindex/watchos27.0-24R360-e829b21a6f8c9b70876ba0858053c04477534ef55a1706bf4c1112bbb242f0a2.sdkstatcache
    cd /Users/admin/builder/spi-builder-workspace/.swiftpm/xcode
    /Applications/Xcode-27.0.0-Release.Candidate.app/Contents/Developer/Toolchains/XcodeDefault.xctoolchain/usr/bin/clang-stat-cache /Applications/Xcode-27.0.0-Release.Candidate.app/Contents/Developer/Platforms/WatchOS.platform/Developer/SDKs/WatchOS27.0.sdk -o /Users/admin/builder/spi-builder-workspace/.derivedData/SDKStatCaches.noindex/watchos27.0-24R360-e829b21a6f8c9b70876ba0858053c04477534ef55a1706bf4c1112bbb242f0a2.sdkstatcache
SwiftDriver SwiftSnmpKit normal arm64_32 com.apple.xcode.tools.swift.compiler (in target 'SwiftSnmpKit' from project 'SwiftSnmpKit')
    cd /Users/admin/builder/spi-builder-workspace/.swiftpm/xcode
    builtin-SwiftDriver -- /Applications/Xcode-27.0.0-Release.Candidate.app/Contents/Developer/Toolchains/XcodeDefault.xctoolchain/usr/bin/swiftc -parse-as-library -module-name SwiftSnmpKit -Onone @/Users/admin/builder/spi-builder-workspace/.derivedData/Build/Intermediates.noindex/SwiftSnmpKit.build/Debug-watchos/SwiftSnmpKit-t.build/Objects-normal/arm64_32/SwiftSnmpKit.SwiftFileList -DSWIFT_PACKAGE -DDEBUG -DSWIFT_MODULE_RESOURCE_BUNDLE_UNAVAILABLE -Xcc -fmodule-map-file\=/Users/admin/builder/spi-builder-workspace/.dependencies/checkouts/swift-atomics/Sources/_AtomicsShims/include/module.modulemap -Xcc -fmodule-map-file\=/Users/admin/builder/spi-builder-workspace/.derivedData/Build/Intermediates.noindex/GeneratedModuleMaps-watchos/CNIOPosix.modulemap -Xcc -fmodule-map-file\=/Users/admin/builder/spi-builder-workspace/.derivedData/Build/Intermediates.noindex/GeneratedModuleMaps-watchos/CNIOWASI.modulemap -Xcc -fmodule-map-file\=/Users/admin/builder/spi-builder-workspace/.derivedData/Build/Intermediates.noindex/GeneratedModuleMaps-watchos/CNIOFreeBSD.modulemap -Xcc -fmodule-map-file\=/Users/admin/builder/spi-builder-workspace/.derivedData/Build/Intermediates.noindex/GeneratedModuleMaps-watchos/CNIOAtomics.modulemap -Xcc -fmodule-map-file\=/Users/admin/builder/spi-builder-workspace/.dependencies/checkouts/swift-nio/Sources/CNIOWindows/include/module.modulemap -Xcc -fmodule-map-file\=/Users/admin/builder/spi-builder-workspace/.derivedData/Build/Intermediates.noindex/GeneratedModuleMaps-watchos/CNIODarwin.modulemap -Xcc -fmodule-map-file\=/Users/admin/builder/spi-builder-workspace/.derivedData/Build/Intermediates.noindex/GeneratedModuleMaps-watchos/CNIOLinux.modulemap -Xcc -fmodule-map-file\=/Users/admin/builder/spi-builder-workspace/.derivedData/Build/Intermediates.noindex/GeneratedModuleMaps-watchos/CNIOOpenBSD.modulemap -DXcode -plugin-path /Applications/Xcode-27.0.0-Release.Candidate.app/Contents/Developer/Toolchains/XcodeDefault.xctoolchain/usr/lib/swift/host/plugins/testing -enable-experimental-feature DebugDescriptionMacro -sdk /Applications/Xcode-27.0.0-Release.Candidate.app/Contents/Developer/Platforms/WatchOS.platform/Developer/SDKs/WatchOS27.0.sdk -target arm64_32-apple-watchos9.0 -g -module-cache-path /Users/admin/builder/spi-builder-workspace/.derivedData/ModuleCache.noindex -Xfrontend -serialize-debugging-options -profile-coverage-mapping -profile-generate -enable-testing -index-store-path /Users/admin/builder/spi-builder-workspace/.derivedData/Index.noindex/DataStore -Xcc -D_LIBCPP_HARDENING_MODE\=_LIBCPP_HARDENING_MODE_DEBUG -swift-version 5 -I /Users/admin/builder/spi-builder-workspace/.derivedData/Build/Products/Debug-watchos -Isystem /Applications/Xcode-27.0.0-Release.Candidate.app/Contents/Developer/Platforms/WatchOS.platform/Developer/usr/lib -F /Users/admin/builder/spi-builder-workspace/.derivedData/Build/Products/Debug-watchos/PackageFrameworks -F /Users/admin/builder/spi-builder-workspace/.derivedData/Build/Products/Debug-watchos -F /Applications/Xcode-27.0.0-Release.Candidate.app/Contents/Developer/Platforms/WatchOS.platform/Developer/Library/Frameworks -F /Applications/Xcode-27.0.0-Release.Candidate.app/Contents/Developer/Platforms/WatchOS.platform/Developer/SDKs/WatchOS27.0.sdk/Developer/Library/Frameworks -c -j10 -enable-batch-mode -incremental -Xcc -ivfsstatcache -Xcc /Users/admin/builder/spi-builder-workspace/.derivedData/SDKStatCaches.noindex/watchos27.0-24R360-e829b21a6f8c9b70876ba0858053c04477534ef55a1706bf4c1112bbb242f0a2.sdkstatcache -output-file-map /Users/admin/builder/spi-builder-workspace/.derivedData/Build/Intermediates.noindex/SwiftSnmpKit.build/Debug-watchos/SwiftSnmpKit-t.build/Objects-normal/arm64_32/SwiftSnmpKit-OutputFileMap.json -save-temps -no-color-diagnostics -explicit-module-build -module-cache-path /Users/admin/builder/spi-builder-workspace/.derivedData/Build/Intermediates.noindex/SwiftExplicitPrecompiledModules -clang-scanner-module-cache-path /Users/admin/builder/spi-builder-workspace/.derivedData/ModuleCache.noindex -sdk-module-cache-path /Users/admin/builder/spi-builder-workspace/.derivedData/SDKExplicitPrecompiledModules -emit-dependencies -emit-module -emit-module-path /Users/admin/builder/spi-builder-workspace/.derivedData/Build/Intermediates.noindex/SwiftSnmpKit.build/Debug-watchos/SwiftSnmpKit-t.build/Objects-normal/arm64_32/SwiftSnmpKit.swiftmodule -serialize-diagnostics -dependency-scan-serialize-diagnostics-path /Users/admin/builder/spi-builder-workspace/.derivedData/Build/Intermediates.noindex/SwiftSnmpKit.build/Debug-watchos/SwiftSnmpKit-t.build/Objects-normal/arm64_32/SwiftSnmpKit-dependency-scan.dia -validate-clang-modules-once -clang-build-session-file /Users/admin/builder/spi-builder-workspace/.derivedData/ModuleCache.noindex/Session.modulevalidation -Xcc -fmodules-prune-interval\=86400 -Xcc -fmodules-prune-after\=345600 -emit-const-values -const-gather-protocols-list /Users/admin/builder/spi-builder-workspace/.derivedData/Build/Intermediates.noindex/SwiftSnmpKit.build/Debug-watchos/SwiftSnmpKit-t.build/Objects-normal/arm64_32/SwiftSnmpKit_const_extract_protocols.json -Xcc -I/Users/admin/builder/spi-builder-workspace/.dependencies/checkouts/swift-atomics/Sources/_AtomicsShims/include -Xcc -I/Users/admin/builder/spi-builder-workspace/.dependencies/checkouts/swift-nio/Sources/CNIOPosix/include -Xcc -I/Users/admin/builder/spi-builder-workspace/.dependencies/checkouts/swift-nio/Sources/CNIOWASI/include -Xcc -I/Users/admin/builder/spi-builder-workspace/.dependencies/checkouts/swift-nio/Sources/CNIOFreeBSD/include -Xcc -I/Users/admin/builder/spi-builder-workspace/.dependencies/checkouts/swift-nio/Sources/CNIOAtomics/include -Xcc -I/Users/admin/builder/spi-builder-workspace/.dependencies/checkouts/swift-nio/Sources/CNIOWindows/include -Xcc -I/Users/admin/builder/spi-builder-workspace/.dependencies/checkouts/swift-nio/Sources/CNIODarwin/include -Xcc -I/Users/admin/builder/spi-builder-workspace/.dependencies/checkouts/swift-nio/Sources/CNIOLinux/include -Xcc -I/Users/admin/builder/spi-builder-workspace/.dependencies/checkouts/swift-nio/Sources/CNIOOpenBSD/include -Xcc -I/Users/admin/builder/spi-builder-workspace/.derivedData/Build/Products/Debug-watchos/include -Xcc -I/Users/admin/builder/spi-builder-workspace/.derivedData/Build/Intermediates.noindex/SwiftSnmpKit.build/Debug-watchos/SwiftSnmpKit-t.build/DerivedSources-normal/arm64_32 -Xcc -I/Users/admin/builder/spi-builder-workspace/.derivedData/Build/Intermediates.noindex/SwiftSnmpKit.build/Debug-watchos/SwiftSnmpKit-t.build/DerivedSources/arm64_32 -Xcc -I/Users/admin/builder/spi-builder-workspace/.derivedData/Build/Intermediates.noindex/SwiftSnmpKit.build/Debug-watchos/SwiftSnmpKit-t.build/DerivedSources -Xcc -DSWIFT_PACKAGE -Xcc -DDEBUG\=1 -emit-objc-header -emit-objc-header-path /Users/admin/builder/spi-builder-workspace/.derivedData/Build/Intermediates.noindex/SwiftSnmpKit.build/Debug-watchos/SwiftSnmpKit-t.build/Objects-normal/arm64_32/SwiftSnmpKit-Swift.h -working-directory /Users/admin/builder/spi-builder-workspace/.swiftpm/xcode -experimental-emit-module-separately -disable-cmo
/Users/admin/builder/spi-builder-workspace/Sources/SwiftSnmpKit/Enumerations/AsnValue.swift:20:14: warning: TODO: Fix bitString implementation (in target 'SwiftSnmpKit' from project 'SwiftSnmpKit')
/Users/admin/builder/spi-builder-workspace/Sources/SwiftSnmpKit/Enumerations/AsnValue.swift:196:18: warning: TODO Update counter32, gauge32, and timetick32 to produce smaller data if they can be encoded in less than 4 octets (in target 'SwiftSnmpKit' from project 'SwiftSnmpKit')
SwiftDriver SwiftSnmpKit normal arm64 com.apple.xcode.tools.swift.compiler (in target 'SwiftSnmpKit' from project 'SwiftSnmpKit')
    cd /Users/admin/builder/spi-builder-workspace/.swiftpm/xcode
    builtin-SwiftDriver -- /Applications/Xcode-27.0.0-Release.Candidate.app/Contents/Developer/Toolchains/XcodeDefault.xctoolchain/usr/bin/swiftc -parse-as-library -module-name SwiftSnmpKit -Onone @/Users/admin/builder/spi-builder-workspace/.derivedData/Build/Intermediates.noindex/SwiftSnmpKit.build/Debug-watchos/SwiftSnmpKit-t.build/Objects-normal/arm64/SwiftSnmpKit.SwiftFileList -DSWIFT_PACKAGE -DDEBUG -DSWIFT_MODULE_RESOURCE_BUNDLE_UNAVAILABLE -Xcc -fmodule-map-file\=/Users/admin/builder/spi-builder-workspace/.dependencies/checkouts/swift-atomics/Sources/_AtomicsShims/include/module.modulemap -Xcc -fmodule-map-file\=/Users/admin/builder/spi-builder-workspace/.derivedData/Build/Intermediates.noindex/GeneratedModuleMaps-watchos/CNIOPosix.modulemap -Xcc -fmodule-map-file\=/Users/admin/builder/spi-builder-workspace/.derivedData/Build/Intermediates.noindex/GeneratedModuleMaps-watchos/CNIOWASI.modulemap -Xcc -fmodule-map-file\=/Users/admin/builder/spi-builder-workspace/.derivedData/Build/Intermediates.noindex/GeneratedModuleMaps-watchos/CNIOFreeBSD.modulemap -Xcc -fmodule-map-file\=/Users/admin/builder/spi-builder-workspace/.derivedData/Build/Intermediates.noindex/GeneratedModuleMaps-watchos/CNIOAtomics.modulemap -Xcc -fmodule-map-file\=/Users/admin/builder/spi-builder-workspace/.dependencies/checkouts/swift-nio/Sources/CNIOWindows/include/module.modulemap -Xcc -fmodule-map-file\=/Users/admin/builder/spi-builder-workspace/.derivedData/Build/Intermediates.noindex/GeneratedModuleMaps-watchos/CNIODarwin.modulemap -Xcc -fmodule-map-file\=/Users/admin/builder/spi-builder-workspace/.derivedData/Build/Intermediates.noindex/GeneratedModuleMaps-watchos/CNIOLinux.modulemap -Xcc -fmodule-map-file\=/Users/admin/builder/spi-builder-workspace/.derivedData/Build/Intermediates.noindex/GeneratedModuleMaps-watchos/CNIOOpenBSD.modulemap -DXcode -plugin-path /Applications/Xcode-27.0.0-Release.Candidate.app/Contents/Developer/Toolchains/XcodeDefault.xctoolchain/usr/lib/swift/host/plugins/testing -enable-experimental-feature DebugDescriptionMacro -sdk /Applications/Xcode-27.0.0-Release.Candidate.app/Contents/Developer/Platforms/WatchOS.platform/Developer/SDKs/WatchOS27.0.sdk -target arm64-apple-watchos9.0 -g -module-cache-path /Users/admin/builder/spi-builder-workspace/.derivedData/ModuleCache.noindex -Xfrontend -serialize-debugging-options -profile-coverage-mapping -profile-generate -enable-testing -index-store-path /Users/admin/builder/spi-builder-workspace/.derivedData/Index.noindex/DataStore -Xcc -D_LIBCPP_HARDENING_MODE\=_LIBCPP_HARDENING_MODE_DEBUG -swift-version 5 -I /Users/admin/builder/spi-builder-workspace/.derivedData/Build/Products/Debug-watchos -Isystem /Applications/Xcode-27.0.0-Release.Candidate.app/Contents/Developer/Platforms/WatchOS.platform/Developer/usr/lib -F /Users/admin/builder/spi-builder-workspace/.derivedData/Build/Products/Debug-watchos/PackageFrameworks -F /Users/admin/builder/spi-builder-workspace/.derivedData/Build/Products/Debug-watchos -F /Applications/Xcode-27.0.0-Release.Candidate.app/Contents/Developer/Platforms/WatchOS.platform/Developer/Library/Frameworks -F /Applications/Xcode-27.0.0-Release.Candidate.app/Contents/Developer/Platforms/WatchOS.platform/Developer/SDKs/WatchOS27.0.sdk/Developer/Library/Frameworks -c -j10 -enable-batch-mode -incremental -Xcc -ivfsstatcache -Xcc /Users/admin/builder/spi-builder-workspace/.derivedData/SDKStatCaches.noindex/watchos27.0-24R360-e829b21a6f8c9b70876ba0858053c04477534ef55a1706bf4c1112bbb242f0a2.sdkstatcache -output-file-map /Users/admin/builder/spi-builder-workspace/.derivedData/Build/Intermediates.noindex/SwiftSnmpKit.build/Debug-watchos/SwiftSnmpKit-t.build/Objects-normal/arm64/SwiftSnmpKit-OutputFileMap.json -save-temps -no-color-diagnostics -explicit-module-build -module-cache-path /Users/admin/builder/spi-builder-workspace/.derivedData/Build/Intermediates.noindex/SwiftExplicitPrecompiledModules -clang-scanner-module-cache-path /Users/admin/builder/spi-builder-workspace/.derivedData/ModuleCache.noindex -sdk-module-cache-path /Users/admin/builder/spi-builder-workspace/.derivedData/SDKExplicitPrecompiledModules -emit-dependencies -emit-module -emit-module-path /Users/admin/builder/spi-builder-workspace/.derivedData/Build/Intermediates.noindex/SwiftSnmpKit.build/Debug-watchos/SwiftSnmpKit-t.build/Objects-normal/arm64/SwiftSnmpKit.swiftmodule -serialize-diagnostics -dependency-scan-serialize-diagnostics-path /Users/admin/builder/spi-builder-workspace/.derivedData/Build/Intermediates.noindex/SwiftSnmpKit.build/Debug-watchos/SwiftSnmpKit-t.build/Objects-normal/arm64/SwiftSnmpKit-dependency-scan.dia -validate-clang-modules-once -clang-build-session-file /Users/admin/builder/spi-builder-workspace/.derivedData/ModuleCache.noindex/Session.modulevalidation -Xcc -fmodules-prune-interval\=86400 -Xcc -fmodules-prune-after\=345600 -emit-const-values -const-gather-protocols-list /Users/admin/builder/spi-builder-workspace/.derivedData/Build/Intermediates.noindex/SwiftSnmpKit.build/Debug-watchos/SwiftSnmpKit-t.build/Objects-normal/arm64/SwiftSnmpKit_const_extract_protocols.json -Xcc -I/Users/admin/builder/spi-builder-workspace/.dependencies/checkouts/swift-atomics/Sources/_AtomicsShims/include -Xcc -I/Users/admin/builder/spi-builder-workspace/.dependencies/checkouts/swift-nio/Sources/CNIOPosix/include -Xcc -I/Users/admin/builder/spi-builder-workspace/.dependencies/checkouts/swift-nio/Sources/CNIOWASI/include -Xcc -I/Users/admin/builder/spi-builder-workspace/.dependencies/checkouts/swift-nio/Sources/CNIOFreeBSD/include -Xcc -I/Users/admin/builder/spi-builder-workspace/.dependencies/checkouts/swift-nio/Sources/CNIOAtomics/include -Xcc -I/Users/admin/builder/spi-builder-workspace/.dependencies/checkouts/swift-nio/Sources/CNIOWindows/include -Xcc -I/Users/admin/builder/spi-builder-workspace/.dependencies/checkouts/swift-nio/Sources/CNIODarwin/include -Xcc -I/Users/admin/builder/spi-builder-workspace/.dependencies/checkouts/swift-nio/Sources/CNIOLinux/include -Xcc -I/Users/admin/builder/spi-builder-workspace/.dependencies/checkouts/swift-nio/Sources/CNIOOpenBSD/include -Xcc -I/Users/admin/builder/spi-builder-workspace/.derivedData/Build/Products/Debug-watchos/include -Xcc -I/Users/admin/builder/spi-builder-workspace/.derivedData/Build/Intermediates.noindex/SwiftSnmpKit.build/Debug-watchos/SwiftSnmpKit-t.build/DerivedSources-normal/arm64 -Xcc -I/Users/admin/builder/spi-builder-workspace/.derivedData/Build/Intermediates.noindex/SwiftSnmpKit.build/Debug-watchos/SwiftSnmpKit-t.build/DerivedSources/arm64 -Xcc -I/Users/admin/builder/spi-builder-workspace/.derivedData/Build/Intermediates.noindex/SwiftSnmpKit.build/Debug-watchos/SwiftSnmpKit-t.build/DerivedSources -Xcc -DSWIFT_PACKAGE -Xcc -DDEBUG\=1 -emit-objc-header -emit-objc-header-path /Users/admin/builder/spi-builder-workspace/.derivedData/Build/Intermediates.noindex/SwiftSnmpKit.build/Debug-watchos/SwiftSnmpKit-t.build/Objects-normal/arm64/SwiftSnmpKit-Swift.h -working-directory /Users/admin/builder/spi-builder-workspace/.swiftpm/xcode -experimental-emit-module-separately -disable-cmo
/Users/admin/builder/spi-builder-workspace/Sources/SwiftSnmpKit/Enumerations/AsnValue.swift:20:14: warning: TODO: Fix bitString implementation (in target 'SwiftSnmpKit' from project 'SwiftSnmpKit')
/Users/admin/builder/spi-builder-workspace/Sources/SwiftSnmpKit/Enumerations/AsnValue.swift:196:18: warning: TODO Update counter32, gauge32, and timetick32 to produce smaller data if they can be encoded in less than 4 octets (in target 'SwiftSnmpKit' from project 'SwiftSnmpKit')
SwiftDriver NIOPosix normal arm64 com.apple.xcode.tools.swift.compiler (in target 'NIOPosix' from project 'swift-nio')
    cd /Users/admin/builder/spi-builder-workspace/.swiftpm/xcode
    builtin-SwiftDriver -- /Applications/Xcode-27.0.0-Release.Candidate.app/Contents/Developer/Toolchains/XcodeDefault.xctoolchain/usr/bin/swiftc -parse-as-library -module-name NIOPosix -Onone @/Users/admin/builder/spi-builder-workspace/.derivedData/Build/Intermediates.noindex/swift-nio.build/Debug-watchos/NIOPosix-t.build/Objects-normal/arm64/NIOPosix.SwiftFileList -DSWIFT_PACKAGE -DDEBUG -DSWIFT_MODULE_RESOURCE_BUNDLE_AVAILABLE -Xcc -fmodule-map-file\=/Users/admin/builder/spi-builder-workspace/.dependencies/checkouts/swift-atomics/Sources/_AtomicsShims/include/module.modulemap -Xcc -fmodule-map-file\=/Users/admin/builder/spi-builder-workspace/.derivedData/Build/Intermediates.noindex/GeneratedModuleMaps-watchos/CNIOPosix.modulemap -Xcc -fmodule-map-file\=/Users/admin/builder/spi-builder-workspace/.derivedData/Build/Intermediates.noindex/GeneratedModuleMaps-watchos/CNIOWASI.modulemap -Xcc -fmodule-map-file\=/Users/admin/builder/spi-builder-workspace/.derivedData/Build/Intermediates.noindex/GeneratedModuleMaps-watchos/CNIOFreeBSD.modulemap -Xcc -fmodule-map-file\=/Users/admin/builder/spi-builder-workspace/.derivedData/Build/Intermediates.noindex/GeneratedModuleMaps-watchos/CNIOAtomics.modulemap -Xcc -fmodule-map-file\=/Users/admin/builder/spi-builder-workspace/.dependencies/checkouts/swift-nio/Sources/CNIOWindows/include/module.modulemap -Xcc -fmodule-map-file\=/Users/admin/builder/spi-builder-workspace/.derivedData/Build/Intermediates.noindex/GeneratedModuleMaps-watchos/CNIODarwin.modulemap -Xcc -fmodule-map-file\=/Users/admin/builder/spi-builder-workspace/.derivedData/Build/Intermediates.noindex/GeneratedModuleMaps-watchos/CNIOLinux.modulemap -Xcc -fmodule-map-file\=/Users/admin/builder/spi-builder-workspace/.derivedData/Build/Intermediates.noindex/GeneratedModuleMaps-watchos/CNIOOpenBSD.modulemap -DXcode -enable-experimental-feature Lifetimes -enable-upcoming-feature MemberImportVisibility -plugin-path /Applications/Xcode-27.0.0-Release.Candidate.app/Contents/Developer/Toolchains/XcodeDefault.xctoolchain/usr/lib/swift/host/plugins/testing -enable-experimental-feature DebugDescriptionMacro -sdk /Applications/Xcode-27.0.0-Release.Candidate.app/Contents/Developer/Platforms/WatchOS.platform/Developer/SDKs/WatchOS27.0.sdk -target arm64-apple-watchos9.0 -g -module-cache-path /Users/admin/builder/spi-builder-workspace/.derivedData/ModuleCache.noindex -Xfrontend -serialize-debugging-options -profile-coverage-mapping -profile-generate -enable-testing -suppress-warnings -index-store-path /Users/admin/builder/spi-builder-workspace/.derivedData/Index.noindex/DataStore -Xcc -D_LIBCPP_HARDENING_MODE\=_LIBCPP_HARDENING_MODE_DEBUG -swift-version 6 -I /Users/admin/builder/spi-builder-workspace/.derivedData/Build/Products/Debug-watchos -Isystem /Applications/Xcode-27.0.0-Release.Candidate.app/Contents/Developer/Platforms/WatchOS.platform/Developer/usr/lib -F /Users/admin/builder/spi-builder-workspace/.derivedData/Build/Products/Debug-watchos/PackageFrameworks -F /Users/admin/builder/spi-builder-workspace/.derivedData/Build/Products/Debug-watchos -F /Applications/Xcode-27.0.0-Release.Candidate.app/Contents/Developer/Platforms/WatchOS.platform/Developer/Library/Frameworks -F /Applications/Xcode-27.0.0-Release.Candidate.app/Contents/Developer/Platforms/WatchOS.platform/Developer/SDKs/WatchOS27.0.sdk/Developer/Library/Frameworks -c -j10 -enable-batch-mode -incremental -Xcc -ivfsstatcache -Xcc /Users/admin/builder/spi-builder-workspace/.derivedData/SDKStatCaches.noindex/watchos27.0-24R360-e829b21a6f8c9b70876ba0858053c04477534ef55a1706bf4c1112bbb242f0a2.sdkstatcache -output-file-map /Users/admin/builder/spi-builder-workspace/.derivedData/Build/Intermediates.noindex/swift-nio.build/Debug-watchos/NIOPosix-t.build/Objects-normal/arm64/NIOPosix-OutputFileMap.json -save-temps -no-color-diagnostics -explicit-module-build -module-cache-path /Users/admin/builder/spi-builder-workspace/.derivedData/Build/Intermediates.noindex/SwiftExplicitPrecompiledModules -clang-scanner-module-cache-path /Users/admin/builder/spi-builder-workspace/.derivedData/ModuleCache.noindex -sdk-module-cache-path /Users/admin/builder/spi-builder-workspace/.derivedData/SDKExplicitPrecompiledModules -emit-dependencies -emit-module -emit-module-path /Users/admin/builder/spi-builder-workspace/.derivedData/Build/Intermediates.noindex/swift-nio.build/Debug-watchos/NIOPosix-t.build/Objects-normal/arm64/NIOPosix.swiftmodule -serialize-diagnostics -dependency-scan-serialize-diagnostics-path /Users/admin/builder/spi-builder-workspace/.derivedData/Build/Intermediates.noindex/swift-nio.build/Debug-watchos/NIOPosix-t.build/Objects-normal/arm64/NIOPosix-dependency-scan.dia -user-module-version 2.103.0 -validate-clang-modules-once -clang-build-session-file /Users/admin/builder/spi-builder-workspace/.derivedData/ModuleCache.noindex/Session.modulevalidation -Xcc -fmodules-prune-interval\=86400 -Xcc -fmodules-prune-after\=345600 -package-name swift_nio -emit-const-values -const-gather-protocols-list /Users/admin/builder/spi-builder-workspace/.derivedData/Build/Intermediates.noindex/swift-nio.build/Debug-watchos/NIOPosix-t.build/Objects-normal/arm64/NIOPosix_const_extract_protocols.json -Xcc -I/Users/admin/builder/spi-builder-workspace/.dependencies/checkouts/swift-atomics/Sources/_AtomicsShims/include -Xcc -I/Users/admin/builder/spi-builder-workspace/.dependencies/checkouts/swift-nio/Sources/CNIOPosix/include -Xcc -I/Users/admin/builder/spi-builder-workspace/.dependencies/checkouts/swift-nio/Sources/CNIOWASI/include -Xcc -I/Users/admin/builder/spi-builder-workspace/.dependencies/checkouts/swift-nio/Sources/CNIOFreeBSD/include -Xcc -I/Users/admin/builder/spi-builder-workspace/.dependencies/checkouts/swift-nio/Sources/CNIOAtomics/include -Xcc -I/Users/admin/builder/spi-builder-workspace/.dependencies/checkouts/swift-nio/Sources/CNIOWindows/include -Xcc -I/Users/admin/builder/spi-builder-workspace/.dependencies/checkouts/swift-nio/Sources/CNIODarwin/include -Xcc -I/Users/admin/builder/spi-builder-workspace/.dependencies/checkouts/swift-nio/Sources/CNIOLinux/include -Xcc -I/Users/admin/builder/spi-builder-workspace/.dependencies/checkouts/swift-nio/Sources/CNIOOpenBSD/include -Xcc -I/Users/admin/builder/spi-builder-workspace/.derivedData/Build/Products/Debug-watchos/include -Xcc -I/Users/admin/builder/spi-builder-workspace/.derivedData/Build/Intermediates.noindex/swift-nio.build/Debug-watchos/NIOPosix-t.build/DerivedSources-normal/arm64 -Xcc -I/Users/admin/builder/spi-builder-workspace/.derivedData/Build/Intermediates.noindex/swift-nio.build/Debug-watchos/NIOPosix-t.build/DerivedSources/arm64 -Xcc -I/Users/admin/builder/spi-builder-workspace/.derivedData/Build/Intermediates.noindex/swift-nio.build/Debug-watchos/NIOPosix-t.build/DerivedSources -Xcc -DSWIFT_PACKAGE -Xcc -DDEBUG\=1 -emit-objc-header -emit-objc-header-path /Users/admin/builder/spi-builder-workspace/.derivedData/Build/Intermediates.noindex/swift-nio.build/Debug-watchos/NIOPosix-t.build/Objects-normal/arm64/NIOPosix-Swift.h -working-directory /Users/admin/builder/spi-builder-workspace/.swiftpm/xcode -experimental-emit-module-separately -disable-cmo
SwiftDriver NIOPosix normal arm64_32 com.apple.xcode.tools.swift.compiler (in target 'NIOPosix' from project 'swift-nio')
    cd /Users/admin/builder/spi-builder-workspace/.swiftpm/xcode
    builtin-SwiftDriver -- /Applications/Xcode-27.0.0-Release.Candidate.app/Contents/Developer/Toolchains/XcodeDefault.xctoolchain/usr/bin/swiftc -parse-as-library -module-name NIOPosix -Onone @/Users/admin/builder/spi-builder-workspace/.derivedData/Build/Intermediates.noindex/swift-nio.build/Debug-watchos/NIOPosix-t.build/Objects-normal/arm64_32/NIOPosix.SwiftFileList -DSWIFT_PACKAGE -DDEBUG -DSWIFT_MODULE_RESOURCE_BUNDLE_AVAILABLE -Xcc -fmodule-map-file\=/Users/admin/builder/spi-builder-workspace/.dependencies/checkouts/swift-atomics/Sources/_AtomicsShims/include/module.modulemap -Xcc -fmodule-map-file\=/Users/admin/builder/spi-builder-workspace/.derivedData/Build/Intermediates.noindex/GeneratedModuleMaps-watchos/CNIOPosix.modulemap -Xcc -fmodule-map-file\=/Users/admin/builder/spi-builder-workspace/.derivedData/Build/Intermediates.noindex/GeneratedModuleMaps-watchos/CNIOWASI.modulemap -Xcc -fmodule-map-file\=/Users/admin/builder/spi-builder-workspace/.derivedData/Build/Intermediates.noindex/GeneratedModuleMaps-watchos/CNIOFreeBSD.modulemap -Xcc -fmodule-map-file\=/Users/admin/builder/spi-builder-workspace/.derivedData/Build/Intermediates.noindex/GeneratedModuleMaps-watchos/CNIOAtomics.modulemap -Xcc -fmodule-map-file\=/Users/admin/builder/spi-builder-workspace/.dependencies/checkouts/swift-nio/Sources/CNIOWindows/include/module.modulemap -Xcc -fmodule-map-file\=/Users/admin/builder/spi-builder-workspace/.derivedData/Build/Intermediates.noindex/GeneratedModuleMaps-watchos/CNIODarwin.modulemap -Xcc -fmodule-map-file\=/Users/admin/builder/spi-builder-workspace/.derivedData/Build/Intermediates.noindex/GeneratedModuleMaps-watchos/CNIOLinux.modulemap -Xcc -fmodule-map-file\=/Users/admin/builder/spi-builder-workspace/.derivedData/Build/Intermediates.noindex/GeneratedModuleMaps-watchos/CNIOOpenBSD.modulemap -DXcode -enable-experimental-feature Lifetimes -enable-upcoming-feature MemberImportVisibility -plugin-path /Applications/Xcode-27.0.0-Release.Candidate.app/Contents/Developer/Toolchains/XcodeDefault.xctoolchain/usr/lib/swift/host/plugins/testing -enable-experimental-feature DebugDescriptionMacro -sdk /Applications/Xcode-27.0.0-Release.Candidate.app/Contents/Developer/Platforms/WatchOS.platform/Developer/SDKs/WatchOS27.0.sdk -target arm64_32-apple-watchos9.0 -g -module-cache-path /Users/admin/builder/spi-builder-workspace/.derivedData/ModuleCache.noindex -Xfrontend -serialize-debugging-options -profile-coverage-mapping -profile-generate -enable-testing -suppress-warnings -index-store-path /Users/admin/builder/spi-builder-workspace/.derivedData/Index.noindex/DataStore -Xcc -D_LIBCPP_HARDENING_MODE\=_LIBCPP_HARDENING_MODE_DEBUG -swift-version 6 -I /Users/admin/builder/spi-builder-workspace/.derivedData/Build/Products/Debug-watchos -Isystem /Applications/Xcode-27.0.0-Release.Candidate.app/Contents/Developer/Platforms/WatchOS.platform/Developer/usr/lib -F /Users/admin/builder/spi-builder-workspace/.derivedData/Build/Products/Debug-watchos/PackageFrameworks -F /Users/admin/builder/spi-builder-workspace/.derivedData/Build/Products/Debug-watchos -F /Applications/Xcode-27.0.0-Release.Candidate.app/Contents/Developer/Platforms/WatchOS.platform/Developer/Library/Frameworks -F /Applications/Xcode-27.0.0-Release.Candidate.app/Contents/Developer/Platforms/WatchOS.platform/Developer/SDKs/WatchOS27.0.sdk/Developer/Library/Frameworks -c -j10 -enable-batch-mode -incremental -Xcc -ivfsstatcache -Xcc /Users/admin/builder/spi-builder-workspace/.derivedData/SDKStatCaches.noindex/watchos27.0-24R360-e829b21a6f8c9b70876ba0858053c04477534ef55a1706bf4c1112bbb242f0a2.sdkstatcache -output-file-map /Users/admin/builder/spi-builder-workspace/.derivedData/Build/Intermediates.noindex/swift-nio.build/Debug-watchos/NIOPosix-t.build/Objects-normal/arm64_32/NIOPosix-OutputFileMap.json -save-temps -no-color-diagnostics -explicit-module-build -module-cache-path /Users/admin/builder/spi-builder-workspace/.derivedData/Build/Intermediates.noindex/SwiftExplicitPrecompiledModules -clang-scanner-module-cache-path /Users/admin/builder/spi-builder-workspace/.derivedData/ModuleCache.noindex -sdk-module-cache-path /Users/admin/builder/spi-builder-workspace/.derivedData/SDKExplicitPrecompiledModules -emit-dependencies -emit-module -emit-module-path /Users/admin/builder/spi-builder-workspace/.derivedData/Build/Intermediates.noindex/swift-nio.build/Debug-watchos/NIOPosix-t.build/Objects-normal/arm64_32/NIOPosix.swiftmodule -serialize-diagnostics -dependency-scan-serialize-diagnostics-path /Users/admin/builder/spi-builder-workspace/.derivedData/Build/Intermediates.noindex/swift-nio.build/Debug-watchos/NIOPosix-t.build/Objects-normal/arm64_32/NIOPosix-dependency-scan.dia -user-module-version 2.103.0 -validate-clang-modules-once -clang-build-session-file /Users/admin/builder/spi-builder-workspace/.derivedData/ModuleCache.noindex/Session.modulevalidation -Xcc -fmodules-prune-interval\=86400 -Xcc -fmodules-prune-after\=345600 -package-name swift_nio -emit-const-values -const-gather-protocols-list /Users/admin/builder/spi-builder-workspace/.derivedData/Build/Intermediates.noindex/swift-nio.build/Debug-watchos/NIOPosix-t.build/Objects-normal/arm64_32/NIOPosix_const_extract_protocols.json -Xcc -I/Users/admin/builder/spi-builder-workspace/.dependencies/checkouts/swift-atomics/Sources/_AtomicsShims/include -Xcc -I/Users/admin/builder/spi-builder-workspace/.dependencies/checkouts/swift-nio/Sources/CNIOPosix/include -Xcc -I/Users/admin/builder/spi-builder-workspace/.dependencies/checkouts/swift-nio/Sources/CNIOWASI/include -Xcc -I/Users/admin/builder/spi-builder-workspace/.dependencies/checkouts/swift-nio/Sources/CNIOFreeBSD/include -Xcc -I/Users/admin/builder/spi-builder-workspace/.dependencies/checkouts/swift-nio/Sources/CNIOAtomics/include -Xcc -I/Users/admin/builder/spi-builder-workspace/.dependencies/checkouts/swift-nio/Sources/CNIOWindows/include -Xcc -I/Users/admin/builder/spi-builder-workspace/.dependencies/checkouts/swift-nio/Sources/CNIODarwin/include -Xcc -I/Users/admin/builder/spi-builder-workspace/.dependencies/checkouts/swift-nio/Sources/CNIOLinux/include -Xcc -I/Users/admin/builder/spi-builder-workspace/.dependencies/checkouts/swift-nio/Sources/CNIOOpenBSD/include -Xcc -I/Users/admin/builder/spi-builder-workspace/.derivedData/Build/Products/Debug-watchos/include -Xcc -I/Users/admin/builder/spi-builder-workspace/.derivedData/Build/Intermediates.noindex/swift-nio.build/Debug-watchos/NIOPosix-t.build/DerivedSources-normal/arm64_32 -Xcc -I/Users/admin/builder/spi-builder-workspace/.derivedData/Build/Intermediates.noindex/swift-nio.build/Debug-watchos/NIOPosix-t.build/DerivedSources/arm64_32 -Xcc -I/Users/admin/builder/spi-builder-workspace/.derivedData/Build/Intermediates.noindex/swift-nio.build/Debug-watchos/NIOPosix-t.build/DerivedSources -Xcc -DSWIFT_PACKAGE -Xcc -DDEBUG\=1 -emit-objc-header -emit-objc-header-path /Users/admin/builder/spi-builder-workspace/.derivedData/Build/Intermediates.noindex/swift-nio.build/Debug-watchos/NIOPosix-t.build/Objects-normal/arm64_32/NIOPosix-Swift.h -working-directory /Users/admin/builder/spi-builder-workspace/.swiftpm/xcode -experimental-emit-module-separately -disable-cmo
SwiftCompile normal arm64_32 Compiling\ AsnValue.swift,\ SnmpError.swift /Users/admin/builder/spi-builder-workspace/Sources/SwiftSnmpKit/Enumerations/AsnValue.swift /Users/admin/builder/spi-builder-workspace/Sources/SwiftSnmpKit/Enumerations/SnmpError.swift (in target 'SwiftSnmpKit' from project 'SwiftSnmpKit')
SwiftCompile normal arm64_32 /Users/admin/builder/spi-builder-workspace/Sources/SwiftSnmpKit/Enumerations/AsnValue.swift (in target 'SwiftSnmpKit' from project 'SwiftSnmpKit')
    cd /Users/admin/builder/spi-builder-workspace/.swiftpm/xcode
    builtin-SwiftPerFileCompile AsnValue.swift
SwiftCompile normal arm64_32 /Users/admin/builder/spi-builder-workspace/Sources/SwiftSnmpKit/Enumerations/SnmpError.swift (in target 'SwiftSnmpKit' from project 'SwiftSnmpKit')
    cd /Users/admin/builder/spi-builder-workspace/.swiftpm/xcode
    builtin-SwiftPerFileCompile SnmpError.swift
/Users/admin/builder/spi-builder-workspace/Sources/SwiftSnmpKit/Enumerations/AsnValue.swift:20:14: warning: TODO: Fix bitString implementation
 18 |     case endOfContent
 19 |     case integer(Int64)
 20 |     #warning("TODO: Fix bitString implementation")
    |              `- warning: TODO: Fix bitString implementation
 21 |     case bitString(Data) // first octet indicates how many bits short of a multiple of 8 "number of unused bits". This implementation doesn't deal with this at this time
 22 |     case octetString(Data)
SwiftEmitModule normal arm64_32 Emitting\ module\ for\ SwiftSnmpKit (in target 'SwiftSnmpKit' from project 'SwiftSnmpKit')
SwiftCompile normal arm64_32 (in target 'SwiftSnmpKit' from project 'SwiftSnmpKit')
    cd /Users/admin/builder/spi-builder-workspace/.swiftpm/xcode

SwiftCompile normal arm64_32 Compiling\ SnmpV2Message.swift /Users/admin/builder/spi-builder-workspace/Sources/SwiftSnmpKit/SnmpV2Message.swift (in target 'SwiftSnmpKit' from project 'SwiftSnmpKit')
SwiftCompile normal arm64_32 /Users/admin/builder/spi-builder-workspace/Sources/SwiftSnmpKit/SnmpV2Message.swift (in target 'SwiftSnmpKit' from project 'SwiftSnmpKit')
    cd /Users/admin/builder/spi-builder-workspace/.swiftpm/xcode
    builtin-SwiftPerFileCompile SnmpV2Message.swift
SwiftCompile normal arm64_32 Compiling\ SnmpV3Message.swift /Users/admin/builder/spi-builder-workspace/Sources/SwiftSnmpKit/SnmpV3Message.swift (in target 'SwiftSnmpKit' from project 'SwiftSnmpKit')
SwiftCompile normal arm64_32 /Users/admin/builder/spi-builder-workspace/Sources/SwiftSnmpKit/SnmpV3Message.swift (in target 'SwiftSnmpKit' from project 'SwiftSnmpKit')
    cd /Users/admin/builder/spi-builder-workspace/.swiftpm/xcode
    builtin-SwiftPerFileCompile SnmpV3Message.swift
SwiftCompile normal arm64_32 Compiling\ Int+Extensions.swift /Users/admin/builder/spi-builder-workspace/Sources/SwiftSnmpKit/Extensions/Int+Extensions.swift (in target 'SwiftSnmpKit' from project 'SwiftSnmpKit')
/Users/admin/builder/spi-builder-workspace/Sources/SwiftSnmpKit/Extensions/Int+Extensions.swift:28:35: error: integer literal '4278190080' overflows when stored into 'Int'
26 |         // only valid for positive integers
27 |         var result = Data(count: 4)
28 |         result[0] = UInt8((self & 0xff000000) >> 24)
   |                                   `- error: integer literal '4278190080' overflows when stored into 'Int'
29 |         result[1] = UInt8((self & 0x00ff0000) >> 16)
30 |         result[2] = UInt8((self & 0x0000ff00) >> 8)
Failed frontend command:
/Applications/Xcode-27.0.0-Release.Candidate.app/Contents/Developer/Toolchains/XcodeDefault.xctoolchain/usr/bin/swift-frontend -frontend -c /Users/admin/builder/spi-builder-workspace/Sources/SwiftSnmpKit/Enumerations/AsnValue.swift /Users/admin/builder/spi-builder-workspace/Sources/SwiftSnmpKit/Enumerations/SnmpError.swift /Users/admin/builder/spi-builder-workspace/Sources/SwiftSnmpKit/Enumerations/SnmpPduType.swift /Users/admin/builder/spi-builder-workspace/Sources/SwiftSnmpKit/Enumerations/SnmpV3Authentication.swift /Users/admin/builder/spi-builder-workspace/Sources/SwiftSnmpKit/Enumerations/SnmpVersion.swift /Users/admin/builder/spi-builder-workspace/Sources/SwiftSnmpKit/Extensions/Data+Extensions.swift -primary-file /Users/admin/builder/spi-builder-workspace/Sources/SwiftSnmpKit/Extensions/Int+Extensions.swift /Users/admin/builder/spi-builder-workspace/Sources/SwiftSnmpKit/Extensions/String+Extensions.swift /Users/admin/builder/spi-builder-workspace/Sources/SwiftSnmpKit/Extensions/UInt8+Extensions.swift /Users/admin/builder/spi-builder-workspace/Sources/SwiftSnmpKit/Extensions/VariableBindings+Extensions.swift /Users/admin/builder/spi-builder-workspace/Sources/SwiftSnmpKit/Networking/SnmpReceiver.swift /Users/admin/builder/spi-builder-workspace/Sources/SwiftSnmpKit/Networking/SnmpSender.swift /Users/admin/builder/spi-builder-workspace/Sources/SwiftSnmpKit/Protocols/AsnData-Protocol.swift /Users/admin/builder/spi-builder-workspace/Sources/SwiftSnmpKit/SnmpOid.swift /Users/admin/builder/spi-builder-workspace/Sources/SwiftSnmpKit/SnmpPdu.swift /Users/admin/builder/spi-builder-workspace/Sources/SwiftSnmpKit/SnmpUtils.swift /Users/admin/builder/spi-builder-workspace/Sources/SwiftSnmpKit/SnmpV2Message.swift /Users/admin/builder/spi-builder-workspace/Sources/SwiftSnmpKit/SnmpV3Message.swift /Users/admin/builder/spi-builder-workspace/Sources/SwiftSnmpKit/SnmpVariableBinding.swift -emit-dependencies-path /Users/admin/builder/spi-builder-workspace/.derivedData/Build/Intermediates.noindex/SwiftSnmpKit.build/Debug-watchos/SwiftSnmpKit-t.build/Objects-normal/arm64_32/Int+Extensions.d -emit-const-values-path /Users/admin/builder/spi-builder-workspace/.derivedData/Build/Intermediates.noindex/SwiftSnmpKit.build/Debug-watchos/SwiftSnmpKit-t.build/Objects-normal/arm64_32/Int+Extensions.swiftconstvalues -emit-reference-dependencies-path /Users/admin/builder/spi-builder-workspace/.derivedData/Build/Intermediates.noindex/SwiftSnmpKit.build/Debug-watchos/SwiftSnmpKit-t.build/Objects-normal/arm64_32/Int+Extensions.swiftdeps -serialize-diagnostics-path /Users/admin/builder/spi-builder-workspace/.derivedData/Build/Intermediates.noindex/SwiftSnmpKit.build/Debug-watchos/SwiftSnmpKit-t.build/Objects-normal/arm64_32/Int+Extensions.dia -target arm64_32-apple-watchos9.0 -disable-cross-import-overlay-search -swift-module-cross-import Darwin /Applications/Xcode-27.0.0-Release.Candidate.app/Contents/Developer/Platforms/WatchOS.platform/Developer/SDKs/WatchOS.sdk/usr/include/Darwin.swiftcrossimport/xlocale.swiftoverlay -load-resolved-plugin /Applications/Xcode-27.0.0-Release.Candidate.app/Contents/Developer/Platforms/WatchOS.platform/Developer/usr/lib/swift/host/plugins/libFoundationMacros.dylib\#/Applications/Xcode-27.0.0-Release.Candidate.app/Contents/Developer/Platforms/WatchOS.platform/Developer/usr/bin/swift-plugin-server\#FoundationMacros -load-resolved-plugin /Applications/Xcode-27.0.0-Release.Candidate.app/Contents/Developer/Platforms/WatchOS.platform/Developer/usr/lib/swift/host/plugins/libObservationMacros.dylib\#/Applications/Xcode-27.0.0-Release.Candidate.app/Contents/Developer/Platforms/WatchOS.platform/Developer/usr/bin/swift-plugin-server\#ObservationMacros -load-resolved-plugin /Applications/Xcode-27.0.0-Release.Candidate.app/Contents/Developer/Platforms/WatchOS.platform/Developer/usr/lib/swift/host/plugins/libSwiftMacros.dylib\#/Applications/Xcode-27.0.0-Release.Candidate.app/Contents/Developer/Platforms/WatchOS.platform/Developer/usr/bin/swift-plugin-server\#SwiftMacros -disable-implicit-swift-modules -Xcc -fno-implicit-modules -Xcc -fno-implicit-module-maps -explicit-swift-module-map-file /Users/admin/builder/spi-builder-workspace/.derivedData/Build/Intermediates.noindex/SwiftSnmpKit.build/Debug-watchos/SwiftSnmpKit-t.build/Objects-normal/arm64_32/SwiftSnmpKit-dependencies-2.json -enable-objc-interop -sdk /Applications/Xcode-27.0.0-Release.Candidate.app/Contents/Developer/Platforms/WatchOS.platform/Developer/SDKs/WatchOS27.0.sdk -I /Users/admin/builder/spi-builder-workspace/.derivedData/Build/Products/Debug-watchos -Isystem /Applications/Xcode-27.0.0-Release.Candidate.app/Contents/Developer/Platforms/WatchOS.platform/Developer/usr/lib -F /Users/admin/builder/spi-builder-workspace/.derivedData/Build/Products/Debug-watchos/PackageFrameworks -F /Users/admin/builder/spi-builder-workspace/.derivedData/Build/Products/Debug-watchos -F /Applications/Xcode-27.0.0-Release.Candidate.app/Contents/Developer/Platforms/WatchOS.platform/Developer/Library/Frameworks -F /Applications/Xcode-27.0.0-Release.Candidate.app/Contents/Developer/Platforms/WatchOS.platform/Developer/SDKs/WatchOS27.0.sdk/Developer/Library/Frameworks -module-cache-path /Users/admin/builder/spi-builder-workspace/.derivedData/Build/Intermediates.noindex/SwiftExplicitPrecompiledModules -no-color-diagnostics -Xcc -fno-color-diagnostics -enable-testing -g -debug-info-format\=dwarf -dwarf-version\=4 -profile-generate -profile-coverage-mapping -swift-version 5 -Onone -D SWIFT_PACKAGE -D DEBUG -D SWIFT_MODULE_RESOURCE_BUNDLE_UNAVAILABLE -D Xcode -serialize-debugging-options -enable-experimental-feature DebugDescriptionMacro -empty-abi-descriptor -validate-clang-modules-once -clang-build-session-file /Users/admin/builder/spi-builder-workspace/.derivedData/ModuleCache.noindex/Session.modulevalidation -Xcc -working-directory -Xcc /Users/admin/builder/spi-builder-workspace/.swiftpm/xcode -enable-anonymous-context-mangled-names -file-compilation-dir /Users/admin/builder/spi-builder-workspace/.swiftpm/xcode -Xcc -fmodule-map-file\=/Users/admin/builder/spi-builder-workspace/.dependencies/checkouts/swift-atomics/Sources/_AtomicsShims/include/module.modulemap -Xcc -fmodule-map-file\=/Users/admin/builder/spi-builder-workspace/.derivedData/Build/Intermediates.noindex/GeneratedModuleMaps-watchos/CNIOPosix.modulemap -Xcc -fmodule-map-file\=/Users/admin/builder/spi-builder-workspace/.derivedData/Build/Intermediates.noindex/GeneratedModuleMaps-watchos/CNIOWASI.modulemap -Xcc -fmodule-map-file\=/Users/admin/builder/spi-builder-workspace/.derivedData/Build/Intermediates.noindex/GeneratedModuleMaps-watchos/CNIOFreeBSD.modulemap -Xcc -fmodule-map-file\=/Users/admin/builder/spi-builder-workspace/.derivedData/Build/Intermediates.noindex/GeneratedModuleMaps-watchos/CNIOAtomics.modulemap -Xcc -fmodule-map-file\=/Users/admin/builder/spi-builder-workspace/.dependencies/checkouts/swift-nio/Sources/CNIOWindows/include/module.modulemap -Xcc -fmodule-map-file\=/Users/admin/builder/spi-builder-workspace/.derivedData/Build/Intermediates.noindex/GeneratedModuleMaps-watchos/CNIODarwin.modulemap -Xcc -fmodule-map-file\=/Users/admin/builder/spi-builder-workspace/.derivedData/Build/Intermediates.noindex/GeneratedModuleMaps-watchos/CNIOLinux.modulemap -Xcc -fmodule-map-file\=/Users/admin/builder/spi-builder-workspace/.derivedData/Build/Intermediates.noindex/GeneratedModuleMaps-watchos/CNIOOpenBSD.modulemap -Xcc -D_LIBCPP_HARDENING_MODE\=_LIBCPP_HARDENING_MODE_DEBUG -Xcc -ivfsstatcache -Xcc /Users/admin/builder/spi-builder-workspace/.derivedData/SDKStatCaches.noindex/watchos27.0-24R360-e829b21a6f8c9b70876ba0858053c04477534ef55a1706bf4c1112bbb242f0a2.sdkstatcache -Xcc -fmodules-prune-interval\=86400 -Xcc -fmodules-prune-after\=345600 -Xcc -I/Users/admin/builder/spi-builder-workspace/.dependencies/checkouts/swift-atomics/Sources/_AtomicsShims/include -Xcc -I/Users/admin/builder/spi-builder-workspace/.dependencies/checkouts/swift-nio/Sources/CNIOPosix/include -Xcc -I/Users/admin/builder/spi-builder-workspace/.dependencies/checkouts/swift-nio/Sources/CNIOWASI/include -Xcc -I/Users/admin/builder/spi-builder-workspace/.dependencies/checkouts/swift-nio/Sources/CNIOFreeBSD/include -Xcc -I/Users/admin/builder/spi-builder-workspace/.dependencies/checkouts/swift-nio/Sources/CNIOAtomics/include -Xcc -I/Users/admin/builder/spi-builder-workspace/.dependencies/checkouts/swift-nio/Sources/CNIOWindows/include -Xcc -I/Users/admin/builder/spi-builder-workspace/.dependencies/checkouts/swift-nio/Sources/CNIODarwin/include -Xcc -I/Users/admin/builder/spi-builder-workspace/.dependencies/checkouts/swift-nio/Sources/CNIOLinux/include -Xcc -I/Users/admin/builder/spi-builder-workspace/.dependencies/checkouts/swift-nio/Sources/CNIOOpenBSD/include -Xcc -I/Users/admin/builder/spi-builder-workspace/.derivedData/Build/Products/Debug-watchos/include -Xcc -I/Users/admin/builder/spi-builder-workspace/.derivedData/Build/Intermediates.noindex/SwiftSnmpKit.build/Debug-watchos/SwiftSnmpKit-t.build/DerivedSources-normal/arm64_32 -Xcc -I/Users/admin/builder/spi-builder-workspace/.derivedData/Build/Intermediates.noindex/SwiftSnmpKit.build/Debug-watchos/SwiftSnmpKit-t.build/DerivedSources/arm64_32 -Xcc -I/Users/admin/builder/spi-builder-workspace/.derivedData/Build/Intermediates.noindex/SwiftSnmpKit.build/Debug-watchos/SwiftSnmpKit-t.build/DerivedSources -Xcc -DSWIFT_PACKAGE -Xcc -DDEBUG\=1 -no-auto-bridging-header-chaining -module-name SwiftSnmpKit -const-gather-protocols-file /Users/admin/builder/spi-builder-workspace/.derivedData/Build/Intermediates.noindex/SwiftSnmpKit.build/Debug-watchos/SwiftSnmpKit-t.build/Objects-normal/arm64_32/SwiftSnmpKit_const_extract_protocols.json -disable-clang-spi -clang-target arm64_32-apple-watchos27.0 -target-sdk-version 27.0 -target-sdk-name watchos27.0 -in-process-plugin-server-path /Applications/Xcode-27.0.0-Release.Candidate.app/Contents/Developer/Toolchains/XcodeDefault.xctoolchain/usr/lib/swift/host/libSwiftInProcPluginServer.dylib -parse-as-library -o /Users/admin/builder/spi-builder-workspace/.derivedData/Build/Intermediates.noindex/SwiftSnmpKit.build/Debug-watchos/SwiftSnmpKit-t.build/Objects-normal/arm64_32/Int+Extensions.o -debug-module-path /Users/admin/builder/spi-builder-workspace/.derivedData/Build/Intermediates.noindex/SwiftSnmpKit.build/Debug-watchos/SwiftSnmpKit-t.build/Objects-normal/arm64_32/SwiftSnmpKit.swiftmodule -index-unit-output-path /SwiftSnmpKit.build/Debug-watchos/SwiftSnmpKit-t.build/Objects-normal/arm64_32/Int+Extensions.o -index-store-path /Users/admin/builder/spi-builder-workspace/.derivedData/Index.noindex/DataStore -index-system-modules
SwiftCompile normal arm64_32 /Users/admin/builder/spi-builder-workspace/Sources/SwiftSnmpKit/Extensions/Int+Extensions.swift (in target 'SwiftSnmpKit' from project 'SwiftSnmpKit')
    cd /Users/admin/builder/spi-builder-workspace/.swiftpm/xcode
    builtin-SwiftPerFileCompile Int+Extensions.swift
SwiftCompile normal arm64_32 Compiling\ SnmpUtils.swift /Users/admin/builder/spi-builder-workspace/Sources/SwiftSnmpKit/SnmpUtils.swift (in target 'SwiftSnmpKit' from project 'SwiftSnmpKit')
SwiftCompile normal arm64_32 /Users/admin/builder/spi-builder-workspace/Sources/SwiftSnmpKit/SnmpUtils.swift (in target 'SwiftSnmpKit' from project 'SwiftSnmpKit')
    cd /Users/admin/builder/spi-builder-workspace/.swiftpm/xcode
    builtin-SwiftPerFileCompile SnmpUtils.swift
SwiftCompile normal arm64_32 Compiling\ SnmpPdu.swift /Users/admin/builder/spi-builder-workspace/Sources/SwiftSnmpKit/SnmpPdu.swift (in target 'SwiftSnmpKit' from project 'SwiftSnmpKit')
SwiftCompile normal arm64_32 /Users/admin/builder/spi-builder-workspace/Sources/SwiftSnmpKit/SnmpPdu.swift (in target 'SwiftSnmpKit' from project 'SwiftSnmpKit')
    cd /Users/admin/builder/spi-builder-workspace/.swiftpm/xcode
    builtin-SwiftPerFileCompile SnmpPdu.swift
SwiftCompile normal arm64_32 Compiling\ SnmpPduType.swift /Users/admin/builder/spi-builder-workspace/Sources/SwiftSnmpKit/Enumerations/SnmpPduType.swift (in target 'SwiftSnmpKit' from project 'SwiftSnmpKit')
SwiftCompile normal arm64_32 /Users/admin/builder/spi-builder-workspace/Sources/SwiftSnmpKit/Enumerations/SnmpPduType.swift (in target 'SwiftSnmpKit' from project 'SwiftSnmpKit')
    cd /Users/admin/builder/spi-builder-workspace/.swiftpm/xcode
    builtin-SwiftPerFileCompile SnmpPduType.swift
SwiftEmitModule normal arm64 Emitting\ module\ for\ SwiftSnmpKit (in target 'SwiftSnmpKit' from project 'SwiftSnmpKit')
SwiftCompile normal arm64 (in target 'SwiftSnmpKit' from project 'SwiftSnmpKit')
    cd /Users/admin/builder/spi-builder-workspace/.swiftpm/xcode

SwiftCompile normal arm64 Compiling\ AsnValue.swift,\ SnmpError.swift /Users/admin/builder/spi-builder-workspace/Sources/SwiftSnmpKit/Enumerations/AsnValue.swift /Users/admin/builder/spi-builder-workspace/Sources/SwiftSnmpKit/Enumerations/SnmpError.swift (in target 'SwiftSnmpKit' from project 'SwiftSnmpKit')
/Users/admin/builder/spi-builder-workspace/Sources/SwiftSnmpKit/Enumerations/AsnValue.swift:20:14: warning: TODO: Fix bitString implementation
 18 |     case endOfContent
 19 |     case integer(Int64)
 20 |     #warning("TODO: Fix bitString implementation")
    |              `- warning: TODO: Fix bitString implementation
 21 |     case bitString(Data) // first octet indicates how many bits short of a multiple of 8 "number of unused bits". This implementation doesn't deal with this at this time
 22 |     case octetString(Data)
SwiftCompile normal arm64 /Users/admin/builder/spi-builder-workspace/Sources/SwiftSnmpKit/Enumerations/AsnValue.swift (in target 'SwiftSnmpKit' from project 'SwiftSnmpKit')
    cd /Users/admin/builder/spi-builder-workspace/.swiftpm/xcode
    builtin-SwiftPerFileCompile AsnValue.swift
SwiftCompile normal arm64 /Users/admin/builder/spi-builder-workspace/Sources/SwiftSnmpKit/Enumerations/SnmpError.swift (in target 'SwiftSnmpKit' from project 'SwiftSnmpKit')
    cd /Users/admin/builder/spi-builder-workspace/.swiftpm/xcode
    builtin-SwiftPerFileCompile SnmpError.swift
SwiftEmitModule normal arm64_32 Emitting\ module\ for\ NIOPosix (in target 'NIOPosix' from project 'swift-nio')
SwiftCompile normal arm64_32 (in target 'NIOPosix' from project 'swift-nio')
    cd /Users/admin/builder/spi-builder-workspace/.swiftpm/xcode

SwiftDriverJobDiscovery normal arm64_32 Compiling SnmpUtils.swift (in target 'SwiftSnmpKit' from project 'SwiftSnmpKit')
SwiftEmitModule normal arm64 Emitting\ module\ for\ NIOPosix (in target 'NIOPosix' from project 'swift-nio')
SwiftCompile normal arm64 (in target 'NIOPosix' from project 'swift-nio')
    cd /Users/admin/builder/spi-builder-workspace/.swiftpm/xcode

SwiftDriverJobDiscovery normal arm64_32 Compiling SnmpPduType.swift (in target 'SwiftSnmpKit' from project 'SwiftSnmpKit')
SwiftCompile normal arm64 Compiling\ SnmpV3Message.swift /Users/admin/builder/spi-builder-workspace/Sources/SwiftSnmpKit/SnmpV3Message.swift (in target 'SwiftSnmpKit' from project 'SwiftSnmpKit')
SwiftCompile normal arm64 /Users/admin/builder/spi-builder-workspace/Sources/SwiftSnmpKit/SnmpV3Message.swift (in target 'SwiftSnmpKit' from project 'SwiftSnmpKit')
    cd /Users/admin/builder/spi-builder-workspace/.swiftpm/xcode
    builtin-SwiftPerFileCompile SnmpV3Message.swift
PruneExplicitPrecompiledModules /Users/admin/builder/spi-builder-workspace/.derivedData/Build/Intermediates.noindex/ExplicitPrecompiledModules
PruneExplicitPrecompiledModules /Users/admin/builder/spi-builder-workspace/.derivedData/SDKExplicitPrecompiledModules
PruneExplicitPrecompiledModules /Users/admin/builder/spi-builder-workspace/.derivedData/Build/Intermediates.noindex/SwiftExplicitPrecompiledModules
2026-09-18 17:21:27.756 xcodebuild[1511:8757] [MT] IDERunDestination: Supported platforms for the buildables in the current scheme is empty.
** BUILD FAILED **
The following build commands failed:
	SwiftCompile normal arm64_32 Compiling\ Int+Extensions.swift /Users/admin/builder/spi-builder-workspace/Sources/SwiftSnmpKit/Extensions/Int+Extensions.swift (in target 'SwiftSnmpKit' from project 'SwiftSnmpKit')
	SwiftCompile normal arm64_32 /Users/admin/builder/spi-builder-workspace/Sources/SwiftSnmpKit/Extensions/Int+Extensions.swift (in target 'SwiftSnmpKit' from project 'SwiftSnmpKit')
	Building workspace SwiftSnmpKit with scheme SwiftSnmpKit
(3 failures)
BUILD FAILURE 6.4 watchOS