The Swift Package Index logo.Swift Package Index

Build Information

Failed to build carsxe, reference v1.4.0 (fbc207), with Swift 6.4 for Wasm on 28 Sep 2026 02:02:30 UTC.

Build Command

bash -c docker run --pull=always --rm -v "checkouts-54344844-0":/host -w "$PWD" -e JAVA_HOME="/root/.sdkman/candidates/java/current" -e SPI_BUILD="1" -e SPI_PROCESSING="1" registry.gitlab.com/saguaro1/spi-images:wasm-6.4-latest swift build --swift-sdk swift-6.4.x-DEVELOPMENT-SNAPSHOT-2026-09-04-a_wasm 2>&1

Build Log

========================================
RunAll
========================================
Builder version: 5.1.0
Interrupt handler set up.
========================================
Checkout
========================================
Clone URL: https://github.com/carsxe/carsxe-swift-package.git
Reference: v1.4.0
Initialized empty Git repository in /host/spi-builder-workspace/.git/
hint: Using 'master' as the name for the initial branch. This default branch name
hint: is subject to change. To configure the initial branch name to use in all
hint: of your new repositories, which will suppress this warning, call:
hint:
hint: 	git config --global init.defaultBranch <name>
hint:
hint: Names commonly chosen instead of 'master' are 'main', 'trunk' and
hint: 'development'. The just-created branch can be renamed via this command:
hint:
hint: 	git branch -m <name>
From https://github.com/carsxe/carsxe-swift-package
 * tag               v1.4.0     -> FETCH_HEAD
HEAD is now at fbc2071 Merge pull request #1 from carsxe/cursor/add-missing-carsxe-api-methods-e2c0
Cloned https://github.com/carsxe/carsxe-swift-package.git
Revision (git rev-parse @):
fbc20710ee38b3bd86091086e883f5e70c5ed809
SUCCESS checkout https://github.com/carsxe/carsxe-swift-package.git at v1.4.0
========================================
Build
========================================
Selected platform:         wasm
Swift version:             6.4
Building package at path:  $PWD
https://github.com/carsxe/carsxe-swift-package.git
Running build ...
bash -c docker run --pull=always --rm -v "checkouts-54344844-0":/host -w "$PWD" -e JAVA_HOME="/root/.sdkman/candidates/java/current" -e SPI_BUILD="1" -e SPI_PROCESSING="1" registry.gitlab.com/saguaro1/spi-images:wasm-6.4-latest swift build --swift-sdk swift-6.4.x-DEVELOPMENT-SNAPSHOT-2026-09-04-a_wasm 2>&1
wasm-6.4-latest: Pulling from saguaro1/spi-images
Digest: sha256:4328fdb43c680d205c1d6761b1e3267aa38277eefdda9ddfb17b6a0f1a77857a
Status: Image is up to date for registry.gitlab.com/saguaro1/spi-images:wasm-6.4-latest
Building for debugging...
[Planning deferred tasks]
error: SwiftCompile normal wasm32 failed with a nonzero exit code. Command line:     cd /host

[21 / 29] carsxe
/host/spi-builder-workspace/Sources/carsxe/carsxe.swift:12:26: error: 'URLSession' is unavailable: This type has moved to the FoundationNetworking module. Import that module to use it.
 10 |     private let apiKey: String
 11 |     private let sourceName = "swift"
 12 |     private let session: URLSession
    |                          `- error: 'URLSession' is unavailable: This type has moved to the FoundationNetworking module. Import that module to use it.
 13 |
 14 |     public init(apiKey: String, session: URLSession = .shared) {
Foundation.URLSession:2:18: note: 'URLSession' has been explicitly marked unavailable here
1 | @available(*, unavailable, message: "This type has moved to the FoundationNetworking module. Import that module to use it.")
2 | public typealias URLSession = AnyObject
  |                  `- note: 'URLSession' has been explicitly marked unavailable here
/host/spi-builder-workspace/Sources/carsxe/carsxe.swift:14:42: error: 'URLSession' is unavailable: This type has moved to the FoundationNetworking module. Import that module to use it.
 12 |     private let session: URLSession
 13 |
 14 |     public init(apiKey: String, session: URLSession = .shared) {
    |                                          `- error: 'URLSession' is unavailable: This type has moved to the FoundationNetworking module. Import that module to use it.
 15 |         self.apiKey = apiKey
 16 |         self.session = session
Foundation.URLSession:2:18: note: 'URLSession' has been explicitly marked unavailable here
1 | @available(*, unavailable, message: "This type has moved to the FoundationNetworking module. Import that module to use it.")
2 | public typealias URLSession = AnyObject
  |                  `- note: 'URLSession' has been explicitly marked unavailable here
/host/spi-builder-workspace/Sources/carsxe/carsxe.swift:14:56: error: type 'URLSession' (aka 'AnyObject') has no member 'shared'
 12 |     private let session: URLSession
 13 |
 14 |     public init(apiKey: String, session: URLSession = .shared) {
    |                                                        `- error: type 'URLSession' (aka 'AnyObject') has no member 'shared'
 15 |         self.apiKey = apiKey
 16 |         self.session = session
/host/spi-builder-workspace/Sources/carsxe/carsxe.swift:14:56: error: value of type '_' expected to be instance of class or class-constrained type
 12 |     private let session: URLSession
 13 |
 14 |     public init(apiKey: String, session: URLSession = .shared) {
    |                                                        `- error: value of type '_' expected to be instance of class or class-constrained type
 15 |         self.apiKey = apiKey
 16 |         self.session = session
/host/spi-builder-workspace/Sources/carsxe/carsxe.swift:67:36: error: cannot find type 'URLRequest' in scope
 65 |     /// Perform a request with native async URLSession on Darwin, or an async
 66 |     /// continuation wrapper on Linux (`FoundationNetworking`).
 67 |     private func data(for request: URLRequest) async throws -> (Data, URLResponse) {
    |                                    `- error: cannot find type 'URLRequest' in scope
 68 |         #if canImport(FoundationNetworking)
 69 |         try await withCheckedThrowingContinuation { continuation in
/host/spi-builder-workspace/Sources/carsxe/carsxe.swift:67:71: error: 'URLResponse' is unavailable: This type has moved to the FoundationNetworking module. Import that module to use it.
 65 |     /// Perform a request with native async URLSession on Darwin, or an async
 66 |     /// continuation wrapper on Linux (`FoundationNetworking`).
 67 |     private func data(for request: URLRequest) async throws -> (Data, URLResponse) {
    |                                                                       `- error: 'URLResponse' is unavailable: This type has moved to the FoundationNetworking module. Import that module to use it.
 68 |         #if canImport(FoundationNetworking)
 69 |         try await withCheckedThrowingContinuation { continuation in
Foundation.URLResponse:2:18: note: 'URLResponse' has been explicitly marked unavailable here
1 | @available(*, unavailable, message: "This type has moved to the FoundationNetworking module. Import that module to use it.")
2 | public typealias URLResponse = AnyObject
  |                  `- note: 'URLResponse' has been explicitly marked unavailable here
/host/spi-builder-workspace/Sources/carsxe/carsxe.swift:86:37: error: cannot find type 'URLRequest' in scope
 84 |     }
 85 |
 86 |     private func perform(_ request: URLRequest) async throws -> Data {
    |                                     `- error: cannot find type 'URLRequest' in scope
 87 |         let data: Data
 88 |         let response: URLResponse
Failed frontend command:
/usr/bin/swift-frontend -frontend -emit-module -experimental-skip-non-inlinable-function-bodies-without-types /host/spi-builder-workspace/Sources/carsxe/carsxe.swift /host/spi-builder-workspace/Sources/carsxe/types.swift -target wasm32-unknown-wasip1 -disable-objc-interop -sdk /root/.swiftpm/swift-sdks/swift-6.4.x-DEVELOPMENT-SNAPSHOT-2026-09-04-a_wasm.artifactbundle/swift-6.4.x-DEVELOPMENT-SNAPSHOT-2026-09-04-a_wasm/wasm32-unknown-wasip1/WASI.sdk -sysroot /root/.swiftpm/swift-sdks/swift-6.4.x-DEVELOPMENT-SNAPSHOT-2026-09-04-a_wasm.artifactbundle/swift-6.4.x-DEVELOPMENT-SNAPSHOT-2026-09-04-a_wasm/wasm32-unknown-wasip1/WASI.sdk -I /host/spi-builder-workspace/.build/out/Products/Debug-webassembly-wasm32 -module-cache-path /host/spi-builder-workspace/.build/out/ModuleCache.noindex -color-diagnostics -Xcc -fcolor-diagnostics -enable-testing -g -debug-info-format\=dwarf -dwarf-version\=4 -swift-version 5 -Onone -D SWIFT_PACKAGE -D DEBUG -D SWIFT_MODULE_RESOURCE_BUNDLE_UNAVAILABLE -D Xcode -serialize-debugging-options -enable-experimental-feature DebugDescriptionMacro -empty-abi-descriptor -external-plugin-path /usr/lib/swift/host/plugins/testing\#/usr/bin/swift-plugin-server -validate-clang-modules-once -clang-build-session-file /host/spi-builder-workspace/.build/out/ModuleCache.noindex/Session.modulevalidation -Xcc -working-directory -Xcc /host -resource-dir /root/.swiftpm/swift-sdks/swift-6.4.x-DEVELOPMENT-SNAPSHOT-2026-09-04-a_wasm.artifactbundle/swift-6.4.x-DEVELOPMENT-SNAPSHOT-2026-09-04-a_wasm/wasm32-unknown-wasip1/swift.xctoolchain/usr/lib/swift_static -use-static-resource-dir -enable-anonymous-context-mangled-names -file-compilation-dir /host -Xcc -resource-dir -Xcc /root/.swiftpm/swift-sdks/swift-6.4.x-DEVELOPMENT-SNAPSHOT-2026-09-04-a_wasm.artifactbundle/swift-6.4.x-DEVELOPMENT-SNAPSHOT-2026-09-04-a_wasm/wasm32-unknown-wasip1/swift.xctoolchain/usr/lib/swift_static/clang -Xcc -D_LIBCPP_HARDENING_MODE\=_LIBCPP_HARDENING_MODE_DEBUG -Xcc -fmodules-prune-interval\=86400 -Xcc -fmodules-prune-after\=345600 -Xcc -I/host/spi-builder-workspace/.build/out/Products/Debug-webassembly-wasm32/include -Xcc -I/host/spi-builder-workspace/.build/out/Intermediates.noindex/carsxe.build/Debug-webassembly-wasm32/carsxe-t.build/DerivedSources-normal/wasm32 -Xcc -I/host/spi-builder-workspace/.build/out/Intermediates.noindex/carsxe.build/Debug-webassembly-wasm32/carsxe-t.build/DerivedSources/wasm32 -Xcc -I/host/spi-builder-workspace/.build/out/Intermediates.noindex/carsxe.build/Debug-webassembly-wasm32/carsxe-t.build/DerivedSources -Xcc -DSWIFT_PACKAGE -Xcc -DDEBUG\=1 -no-auto-bridging-header-chaining -module-name carsxe -package-name spi_builder_workspace -const-gather-protocols-file /host/spi-builder-workspace/.build/out/Intermediates.noindex/carsxe.build/Debug-webassembly-wasm32/carsxe-t.build/Objects-normal/wasm32/carsxe_const_extract_protocols.json -in-process-plugin-server-path /usr/lib/swift/host/libSwiftInProcPluginServer.so -plugin-path /usr/lib/swift/host/plugins -plugin-path /usr/local/lib/swift/host/plugins -emit-module-doc-path /host/spi-builder-workspace/.build/out/Intermediates.noindex/carsxe.build/Debug-webassembly-wasm32/carsxe-t.build/Objects-normal/wasm32/Modules/carsxe.swiftdoc -emit-module-source-info-path /host/spi-builder-workspace/.build/out/Intermediates.noindex/carsxe.build/Debug-webassembly-wasm32/carsxe-t.build/Objects-normal/wasm32/Modules/carsxe.swiftsourceinfo -emit-objc-header-path /host/spi-builder-workspace/.build/out/Intermediates.noindex/carsxe.build/Debug-webassembly-wasm32/carsxe-t.build/Objects-normal/wasm32/carsxe-Swift.h -serialize-diagnostics-path /host/spi-builder-workspace/.build/out/Intermediates.noindex/carsxe.build/Debug-webassembly-wasm32/carsxe-t.build/Objects-normal/wasm32/carsxe-primary-emit-module.dia -emit-dependencies-path /host/spi-builder-workspace/.build/out/Intermediates.noindex/carsxe.build/Debug-webassembly-wasm32/carsxe-t.build/Objects-normal/wasm32/carsxe-primary-emit-module.d -parse-as-library -o /host/spi-builder-workspace/.build/out/Intermediates.noindex/carsxe.build/Debug-webassembly-wasm32/carsxe-t.build/Objects-normal/wasm32/Modules/carsxe.swiftmodule
error: Build failed
BUILD FAILURE 6.4 wasm