Build Information
Failed to build AppsFlyerLib, reference 7.0.3 (3aecc3), with Swift 6.2 for watchOS using Xcode 26.3 on 14 Oct 2026 19:00:40 UTC.
Build Command
env DEVELOPER_DIR=/Applications/Xcode-26.3.0.app xcrun xcodebuild -IDEClonedSourcePackagesDirPathOverride=$PWD/.dependencies -skipMacroValidation -skipPackagePluginValidation -derivedDataPath $PWD/.derivedData build -scheme AppsFlyerLib -destination generic/platform=watchOSBuild Log
========================================
RunAll
========================================
Builder version: 5.1.2
Interrupt handler set up.
========================================
Checkout
========================================
Clone URL: https://github.com/AppsFlyerSDK/AppsFlyerFramework.git
Reference: 7.0.3
Initialized empty Git repository in /Users/admin/builder/spi-builder-workspace/.git/
From https://github.com/AppsFlyerSDK/AppsFlyerFramework
* tag 7.0.3 -> FETCH_HEAD
HEAD is now at 3aecc3e Podspec, Package.swift file and Carthage json files have been updated to 7.0.3
Cloned https://github.com/AppsFlyerSDK/AppsFlyerFramework.git
Revision (git rev-parse @):
3aecc3e524e1db0f744d14fa3ba85ce31bd979fe
SUCCESS checkout https://github.com/AppsFlyerSDK/AppsFlyerFramework.git at 7.0.3
========================================
Build
========================================
Selected platform: watchOS
Swift version: 6.2
Building package at path: $PWD
https://github.com/AppsFlyerSDK/AppsFlyerFramework.git
Command line invocation:
/Applications/Xcode-26.3.0.app/Contents/Developer/usr/bin/xcodebuild -IDEClonedSourcePackagesDirPathOverride=/Users/admin/builder/spi-builder-workspace/.dependencies -resolvePackageDependencies
Resolve Package Graph
Resolve Package Graph
Resolved source packages:
AppsFlyerLib: /Users/admin/builder/spi-builder-workspace
resolved source packages: AppsFlyerLib
2026-10-14 15:00:13.367 xcodebuild[539:3114] [MT] IDERunDestination: Supported platforms for the buildables in the current scheme is empty.
{
"dependencies" : [
],
"manifest_display_name" : "AppsFlyerLib",
"name" : "AppsFlyerLib",
"path" : "/Users/admin/builder/spi-builder-workspace",
"platforms" : [
],
"products" : [
{
"name" : "AppsFlyerLib",
"targets" : [
"AppsFlyerLib"
],
"type" : {
"library" : [
"automatic"
]
}
}
],
"targets" : [
{
"c99name" : "AppsFlyerLib",
"module_type" : "BinaryTarget",
"name" : "AppsFlyerLib",
"path" : "remote/archive/AppsFlyerLib-Static-SPM.xcframework.zip",
"product_memberships" : [
"AppsFlyerLib"
],
"sources" : [
],
"type" : "binary"
}
],
"tools_version" : "5.3"
}
{
"workspace" : {
"name" : "spi-builder-workspace",
"schemes" : [
"AppsFlyerLib"
]
}
}
2026-10-14 15:00:34.074 xcodebuild[689:4297] [MT] IDERunDestination: Supported platforms for the buildables in the current scheme is empty.
Running build ...
env DEVELOPER_DIR=/Applications/Xcode-26.3.0.app xcrun xcodebuild -IDEClonedSourcePackagesDirPathOverride=$PWD/.dependencies -skipMacroValidation -skipPackagePluginValidation -derivedDataPath $PWD/.derivedData build -scheme AppsFlyerLib -destination generic/platform=watchOS
Command line invocation:
/Applications/Xcode-26.3.0.app/Contents/Developer/usr/bin/xcodebuild -IDEClonedSourcePackagesDirPathOverride=/Users/admin/builder/spi-builder-workspace/.dependencies -skipMacroValidation -skipPackagePluginValidation -derivedDataPath /Users/admin/builder/spi-builder-workspace/.derivedData build -scheme AppsFlyerLib -destination generic/platform=watchOS
Resolve Package Graph
Resolved source packages:
AppsFlyerLib: /Users/admin/builder/spi-builder-workspace
ComputePackagePrebuildTargetDependencyGraph
Prepare packages
CreateBuildRequest
SendProjectDescription
CreateBuildOperation
ComputeTargetDependencyGraph
note: Building targets in dependency order
note: Target dependency graph (1 target)
Target 'AppsFlyerLib' in project 'AppsFlyerLib' (no dependencies)
GatherProvisioningInputs
CreateBuildDescription
ExecuteExternalTool /Applications/Xcode-26.3.0.app/Contents/Developer/Toolchains/XcodeDefault.xctoolchain/usr/bin/clang -v -E -dM -isysroot /Applications/Xcode-26.3.0.app/Contents/Developer/Platforms/WatchOS.platform/Developer/SDKs/WatchOS26.2.sdk -x c -c /dev/null
Build description signature: c53f0384fb3932b39f43037cdc2261f1
Build description path: /Users/admin/builder/spi-builder-workspace/.derivedData/Build/Intermediates.noindex/XCBuildData/c53f0384fb3932b39f43037cdc2261f1.xcbuilddata
/Users/admin/builder/spi-builder-workspace/.dependencies/artifacts/spi-builder-workspace/AppsFlyerLib/AppsFlyerLib.xcframework:1:1: error: While building for watchOS, no library for this platform was found in '/Users/admin/builder/spi-builder-workspace/.dependencies/artifacts/spi-builder-workspace/AppsFlyerLib/AppsFlyerLib.xcframework'. (in target 'AppsFlyerLib' from project 'AppsFlyerLib')
2026-10-14 15:00:35.486 xcodebuild[691:4349] [MT] IDERunDestination: Supported platforms for the buildables in the current scheme is empty.
** BUILD FAILED **
The following build commands failed:
Building workspace spi-builder-workspace with scheme AppsFlyerLib
(1 failure)
Command line invocation:
/Applications/Xcode-26.3.0.app/Contents/Developer/usr/bin/xcodebuild -IDEClonedSourcePackagesDirPathOverride=/Users/admin/builder/spi-builder-workspace/.dependencies -resolvePackageDependencies
Resolve Package Graph
Resolved source packages:
AppsFlyerLib: /Users/admin/builder/spi-builder-workspace
resolved source packages: AppsFlyerLib
2026-10-14 15:00:37.800 xcodebuild[704:4453] [MT] IDERunDestination: Supported platforms for the buildables in the current scheme is empty.
{
"dependencies" : [
],
"manifest_display_name" : "AppsFlyerLib",
"name" : "AppsFlyerLib",
"path" : "/Users/admin/builder/spi-builder-workspace",
"platforms" : [
],
"products" : [
{
"name" : "AppsFlyerLib",
"targets" : [
"AppsFlyerLib"
],
"type" : {
"library" : [
"automatic"
]
}
}
],
"targets" : [
{
"c99name" : "AppsFlyerLib",
"module_type" : "BinaryTarget",
"name" : "AppsFlyerLib",
"path" : "remote/archive/AppsFlyerLib-Static-SPM.xcframework.zip",
"product_memberships" : [
"AppsFlyerLib"
],
"sources" : [
],
"type" : "binary"
}
],
"tools_version" : "5.3"
}
{
"workspace" : {
"name" : "spi-builder-workspace",
"schemes" : [
"AppsFlyerLib"
]
}
}
2026-10-14 15:00:38.861 xcodebuild[712:4516] [MT] IDERunDestination: Supported platforms for the buildables in the current scheme is empty.
Running build ...
env DEVELOPER_DIR=/Applications/Xcode-26.3.0.app xcrun xcodebuild -IDEClonedSourcePackagesDirPathOverride=$PWD/.dependencies -skipMacroValidation -skipPackagePluginValidation -derivedDataPath $PWD/.derivedData build -scheme AppsFlyerLib -destination generic/platform=watchOS
Command line invocation:
/Applications/Xcode-26.3.0.app/Contents/Developer/usr/bin/xcodebuild -IDEClonedSourcePackagesDirPathOverride=/Users/admin/builder/spi-builder-workspace/.dependencies -skipMacroValidation -skipPackagePluginValidation -derivedDataPath /Users/admin/builder/spi-builder-workspace/.derivedData build -scheme AppsFlyerLib -destination generic/platform=watchOS
Resolve Package Graph
Resolved source packages:
AppsFlyerLib: /Users/admin/builder/spi-builder-workspace
ComputePackagePrebuildTargetDependencyGraph
Prepare packages
CreateBuildRequest
SendProjectDescription
CreateBuildOperation
ComputeTargetDependencyGraph
note: Building targets in dependency order
note: Target dependency graph (1 target)
Target 'AppsFlyerLib' in project 'AppsFlyerLib' (no dependencies)
GatherProvisioningInputs
CreateBuildDescription
ExecuteExternalTool /Applications/Xcode-26.3.0.app/Contents/Developer/Toolchains/XcodeDefault.xctoolchain/usr/bin/clang -v -E -dM -isysroot /Applications/Xcode-26.3.0.app/Contents/Developer/Platforms/WatchOS.platform/Developer/SDKs/WatchOS26.2.sdk -x c -c /dev/null
Build description signature: c53f0384fb3932b39f43037cdc2261f1
Build description path: /Users/admin/builder/spi-builder-workspace/.derivedData/Build/Intermediates.noindex/XCBuildData/c53f0384fb3932b39f43037cdc2261f1.xcbuilddata
/Users/admin/builder/spi-builder-workspace/.dependencies/artifacts/spi-builder-workspace/AppsFlyerLib/AppsFlyerLib.xcframework:1:1: error: While building for watchOS, no library for this platform was found in '/Users/admin/builder/spi-builder-workspace/.dependencies/artifacts/spi-builder-workspace/AppsFlyerLib/AppsFlyerLib.xcframework'. (in target 'AppsFlyerLib' from project 'AppsFlyerLib')
2026-10-14 15:00:39.724 xcodebuild[714:4546] [MT] IDERunDestination: Supported platforms for the buildables in the current scheme is empty.
** BUILD FAILED **
The following build commands failed:
Building workspace spi-builder-workspace with scheme AppsFlyerLib
(1 failure)
BUILD FAILURE 6.2 watchOS