Build Information
Failed to build NetworkKitCore, reference 1.0.0 (95d071), with Swift 6.3 for Wasm on 4 Sep 2026 08:25:16 UTC.
Build Command
bash -c docker run --pull=always --rm -v "checkouts-54344847-1":/host -w "$PWD" -e JAVA_HOME="/root/.sdkman/candidates/java/current" -e SPI_BUILD="1" -e SPI_PROCESSING="1" registry.gitlab.com/saguaro1/spi-images:wasm-6.3-latest swift build --swift-sdk swift-6.3.2-RELEASE_wasm 2>&1Build Log
========================================
RunAll
========================================
Builder version: 5.0.2
Interrupt handler set up.
========================================
Checkout
========================================
Clone URL: https://github.com/sabapathy7/NetworkKitCore.git
Reference: 1.0.0
Initialized empty Git repository in /host/spi-builder-workspace/.git/
hint: Using 'master' as the name for the initial branch. This default branch name
hint: is subject to change. To configure the initial branch name to use in all
hint: of your new repositories, which will suppress this warning, call:
hint:
hint: git config --global init.defaultBranch <name>
hint:
hint: Names commonly chosen instead of 'master' are 'main', 'trunk' and
hint: 'development'. The just-created branch can be renamed via this command:
hint:
hint: git branch -m <name>
From https://github.com/sabapathy7/NetworkKitCore
* tag 1.0.0 -> FETCH_HEAD
HEAD is now at 95d0713 Lower swift-tools-version to 5.9
Cloned https://github.com/sabapathy7/NetworkKitCore.git
Revision (git rev-parse @):
95d0713111bd4c48ca2cbd6b9c2d27d95e7edfa4
SUCCESS checkout https://github.com/sabapathy7/NetworkKitCore.git at 1.0.0
========================================
Build
========================================
Selected platform: wasm
Swift version: 6.3
Building package at path: $PWD
https://github.com/sabapathy7/NetworkKitCore.git
Running build ...
bash -c docker run --pull=always --rm -v "checkouts-54344847-1":/host -w "$PWD" -e JAVA_HOME="/root/.sdkman/candidates/java/current" -e SPI_BUILD="1" -e SPI_PROCESSING="1" registry.gitlab.com/saguaro1/spi-images:wasm-6.3-latest swift build --swift-sdk swift-6.3.2-RELEASE_wasm 2>&1
wasm-6.3-latest: Pulling from saguaro1/spi-images
Digest: sha256:e92e38b97676c18adb57b57429ddfb766786102cb50cb918e0d9e8055d05b35d
Status: Image is up to date for registry.gitlab.com/saguaro1/spi-images:wasm-6.3-latest
Building for debugging...
[0/2] Write sources
[1/2] Write swift-version-24593BA9C3E375BF.txt
error: emit-module command failed with exit code 1 (use -v to see invocation)
[3/4] Emitting module NetworkKitCore
/host/spi-builder-workspace/Sources/NetworkKitCore/Interceptors.swift:12:55: error: cannot find type 'URLRequest' in scope
10 |
11 | public protocol RequestAdapting: Sendable {
12 | func adapt(_ request: URLRequest) async throws -> URLRequest
| `- error: cannot find type 'URLRequest' in scope
13 | }
14 |
/host/spi-builder-workspace/Sources/NetworkKitCore/Interceptors.swift:12:27: error: cannot find type 'URLRequest' in scope
10 |
11 | public protocol RequestAdapting: Sendable {
12 | func adapt(_ request: URLRequest) async throws -> URLRequest
| `- error: cannot find type 'URLRequest' in scope
13 | }
14 |
/host/spi-builder-workspace/Sources/NetworkKitCore/Interceptors.swift:16:29: error: cannot find type 'URLRequest' in scope
14 |
15 | public protocol RequestRetrying: Sendable {
16 | func retry(for request: URLRequest, dueTo error: Error, attempt: Int) async -> RetryResult
| `- error: cannot find type 'URLRequest' in scope
17 | }
18 |
[4/4] Compiling NetworkKitCore Interceptors.swift
/host/spi-builder-workspace/Sources/NetworkKitCore/Interceptors.swift:12:55: error: cannot find type 'URLRequest' in scope
10 |
11 | public protocol RequestAdapting: Sendable {
12 | func adapt(_ request: URLRequest) async throws -> URLRequest
| `- error: cannot find type 'URLRequest' in scope
13 | }
14 |
/host/spi-builder-workspace/Sources/NetworkKitCore/Interceptors.swift:12:27: error: cannot find type 'URLRequest' in scope
10 |
11 | public protocol RequestAdapting: Sendable {
12 | func adapt(_ request: URLRequest) async throws -> URLRequest
| `- error: cannot find type 'URLRequest' in scope
13 | }
14 |
/host/spi-builder-workspace/Sources/NetworkKitCore/Interceptors.swift:16:29: error: cannot find type 'URLRequest' in scope
14 |
15 | public protocol RequestRetrying: Sendable {
16 | func retry(for request: URLRequest, dueTo error: Error, attempt: Int) async -> RetryResult
| `- error: cannot find type 'URLRequest' in scope
17 | }
18 |
BUILD FAILURE 6.3 wasm