The Swift Package Index logo.Swift Package Index

Build Information

Failed to build TaskScheduler, reference master (95719e), with Swift 6.4 for watchOS using Xcode 27.0 on 24 Sep 2026 01:53:29 UTC.

Build Command

env DEVELOPER_DIR=/Applications/Xcode-27.0.0-Release.Candidate.app xcrun xcodebuild -IDEClonedSourcePackagesDirPathOverride=$PWD/.dependencies -skipMacroValidation -skipPackagePluginValidation -derivedDataPath $PWD/.derivedData build -scheme TaskScheduler -destination generic/platform=watchOS

Build Log

========================================
RunAll
========================================
Builder version: 5.1.0
Interrupt handler set up.
========================================
Checkout
========================================
Clone URL: https://github.com/molayab/swift-background-scheduler.git
Reference: master
Initialized empty Git repository in /Users/admin/builder/spi-builder-workspace/.git/
From https://github.com/molayab/swift-background-scheduler
 * branch            master     -> FETCH_HEAD
 * [new branch]      master     -> origin/master
HEAD is now at 95719e3 Improved mermaid diagram, and fixed issue.
Cloned https://github.com/molayab/swift-background-scheduler.git
Revision (git rev-parse @):
95719e36454b773d75055b1b275d22b516169bc5
SUCCESS checkout https://github.com/molayab/swift-background-scheduler.git at master
========================================
Build
========================================
Selected platform:         watchOS
Swift version:             6.4
Building package at path:  $PWD
https://github.com/molayab/swift-background-scheduler.git
Command line invocation:
    /Applications/Xcode-27.0.0-Release.Candidate.app/Contents/Developer/usr/bin/xcodebuild -IDEClonedSourcePackagesDirPathOverride=/Users/admin/builder/spi-builder-workspace/.dependencies -resolvePackageDependencies
Resolve Package Graph
Resolve Package Graph
Resolved source packages:
  TaskScheduler: /Users/admin/builder/spi-builder-workspace
resolved source packages: TaskScheduler
2026-09-23 21:52:43.625 xcodebuild[563:3077] [MT] IDERunDestination: Supported platforms for the buildables in the current scheme is empty.
{
  "dependencies" : [
  ],
  "manifest_display_name" : "TaskScheduler",
  "name" : "TaskScheduler",
  "path" : "/Users/admin/builder/spi-builder-workspace",
  "platforms" : [
    {
      "name" : "ios",
      "version" : "17.0"
    },
    {
      "name" : "macos",
      "version" : "10.15"
    }
  ],
  "products" : [
    {
      "name" : "TaskScheduler",
      "targets" : [
        "TaskScheduler"
      ],
      "type" : {
        "library" : [
          "automatic"
        ]
      }
    }
  ],
  "targets" : [
    {
      "c99name" : "TaskSchedulerTests",
      "module_type" : "SwiftTarget",
      "name" : "TaskSchedulerTests",
      "path" : "Tests/TaskSchedulerTests",
      "sources" : [
        "CountingTask.swift",
        "TaskSchedulerStressTests.swift",
        "TaskSchedulerTests.swift"
      ],
      "target_dependencies" : [
        "TaskScheduler"
      ],
      "type" : "test"
    },
    {
      "c99name" : "TaskScheduler",
      "module_type" : "SwiftTarget",
      "name" : "TaskScheduler",
      "path" : "Sources/TaskScheduler",
      "product_memberships" : [
        "TaskScheduler"
      ],
      "sources" : [
        "Engine/Backends/Backend.swift",
        "Engine/Backends/MacOSBackend.swift",
        "Engine/Backends/iOSBackend.swift",
        "Engine/TaskExecutor.swift",
        "Engine/TaskExecutorSignal.swift",
        "Executable/ExecutableTask.swift",
        "Scheduler/TaskScheduleMode.swift",
        "Scheduler/TaskScheduler.swift",
        "Utils/SharedResource.swift"
      ],
      "type" : "library"
    }
  ],
  "tools_version" : "6.2"
}
{
  "workspace" : {
    "name" : "TaskScheduler",
    "schemes" : [
      "TaskScheduler"
    ]
  }
}
2026-09-23 21:53:15.667 xcodebuild[660:3874] [MT] IDERunDestination: Supported platforms for the buildables in the current scheme is empty.
Running build ...
env DEVELOPER_DIR=/Applications/Xcode-27.0.0-Release.Candidate.app xcrun xcodebuild -IDEClonedSourcePackagesDirPathOverride=$PWD/.dependencies -skipMacroValidation -skipPackagePluginValidation -derivedDataPath $PWD/.derivedData build -scheme TaskScheduler -destination generic/platform=watchOS
Command line invocation:
    /Applications/Xcode-27.0.0-Release.Candidate.app/Contents/Developer/usr/bin/xcodebuild -IDEClonedSourcePackagesDirPathOverride=/Users/admin/builder/spi-builder-workspace/.dependencies -skipMacroValidation -skipPackagePluginValidation -derivedDataPath /Users/admin/builder/spi-builder-workspace/.derivedData build -scheme TaskScheduler -destination generic/platform=watchOS
Resolve Package Graph
Resolved source packages:
  TaskScheduler: /Users/admin/builder/spi-builder-workspace
ComputePackagePrebuildTargetDependencyGraph
Prepare packages
CreateBuildRequest
SendProjectDescription
CreateBuildOperation
ComputeTargetDependencyGraph
note: Building targets in dependency order
note: Target dependency graph (2 targets)
    Target 'TaskScheduler-product' in project 'TaskScheduler'
        ➜ Explicit dependency on target 'TaskScheduler' in project 'TaskScheduler'
    Target 'TaskScheduler' in project 'TaskScheduler' (no dependencies)
GatherProvisioningInputs
CreateBuildDescription
ExecuteExternalTool /Applications/Xcode-27.0.0-Release.Candidate.app/Contents/Developer/Toolchains/XcodeDefault.xctoolchain/usr/bin/clang -v -E -dM -isysroot /Applications/Xcode-27.0.0-Release.Candidate.app/Contents/Developer/Platforms/WatchOS.platform/Developer/SDKs/WatchOS27.0.sdk -x c -c /dev/null
ExecuteExternalTool /Applications/Xcode-27.0.0-Release.Candidate.app/Contents/Developer/Toolchains/XcodeDefault.xctoolchain/usr/bin/swiftc --version
ExecuteExternalTool /Applications/Xcode-27.0.0-Release.Candidate.app/Contents/Developer/Toolchains/XcodeDefault.xctoolchain/usr/bin/ld -version_details
Build description signature: adf9c75699c6daa0f284ba6642625a6e
Build description path: /Users/admin/builder/spi-builder-workspace/.derivedData/Build/Intermediates.noindex/XCBuildData/adf9c75699c6daa0f284ba6642625a6e.xcbuilddata
CreateBuildDirectory /Users/admin/builder/spi-builder-workspace/.derivedData/SDKExplicitPrecompiledModules
    cd /Users/admin/builder/spi-builder-workspace/.swiftpm/xcode
    builtin-create-build-directory /Users/admin/builder/spi-builder-workspace/.derivedData/SDKExplicitPrecompiledModules
CreateBuildDirectory /Users/admin/builder/spi-builder-workspace/.derivedData/ModuleCache.noindex
    cd /Users/admin/builder/spi-builder-workspace/.swiftpm/xcode
    builtin-create-build-directory /Users/admin/builder/spi-builder-workspace/.derivedData/ModuleCache.noindex
CreateBuildDirectory /Users/admin/builder/spi-builder-workspace/.derivedData/CompilationCache.noindex
    cd /Users/admin/builder/spi-builder-workspace/.swiftpm/xcode
    builtin-create-build-directory /Users/admin/builder/spi-builder-workspace/.derivedData/CompilationCache.noindex
CreateBuildDirectory /Users/admin/builder/spi-builder-workspace/.derivedData/Build/Products
    cd /Users/admin/builder/spi-builder-workspace/.swiftpm/xcode
    builtin-create-build-directory /Users/admin/builder/spi-builder-workspace/.derivedData/Build/Products
CreateBuildDirectory /Users/admin/builder/spi-builder-workspace/.derivedData/Build/Intermediates.noindex
    cd /Users/admin/builder/spi-builder-workspace/.swiftpm/xcode
    builtin-create-build-directory /Users/admin/builder/spi-builder-workspace/.derivedData/Build/Intermediates.noindex
ClangStatCache /Applications/Xcode-27.0.0-Release.Candidate.app/Contents/Developer/Toolchains/XcodeDefault.xctoolchain/usr/bin/clang-stat-cache /Applications/Xcode-27.0.0-Release.Candidate.app/Contents/Developer/Platforms/WatchOS.platform/Developer/SDKs/WatchOS27.0.sdk /Users/admin/builder/spi-builder-workspace/.derivedData/SDKStatCaches.noindex/watchos27.0-24R360-e829b21a6f8c9b70876ba0858053c04477534ef55a1706bf4c1112bbb242f0a2.sdkstatcache
    cd /Users/admin/builder/spi-builder-workspace/.swiftpm/xcode
    /Applications/Xcode-27.0.0-Release.Candidate.app/Contents/Developer/Toolchains/XcodeDefault.xctoolchain/usr/bin/clang-stat-cache /Applications/Xcode-27.0.0-Release.Candidate.app/Contents/Developer/Platforms/WatchOS.platform/Developer/SDKs/WatchOS27.0.sdk -o /Users/admin/builder/spi-builder-workspace/.derivedData/SDKStatCaches.noindex/watchos27.0-24R360-e829b21a6f8c9b70876ba0858053c04477534ef55a1706bf4c1112bbb242f0a2.sdkstatcache
CreateBuildDirectory /Users/admin/builder/spi-builder-workspace/.derivedData/Build/Intermediates.noindex/SwiftExplicitPrecompiledModules
    cd /Users/admin/builder/spi-builder-workspace/.swiftpm/xcode
    builtin-create-build-directory /Users/admin/builder/spi-builder-workspace/.derivedData/Build/Intermediates.noindex/SwiftExplicitPrecompiledModules
CreateBuildDirectory /Users/admin/builder/spi-builder-workspace/.derivedData/Build/Intermediates.noindex/PrecompiledHeaders
    cd /Users/admin/builder/spi-builder-workspace/.swiftpm/xcode
    builtin-create-build-directory /Users/admin/builder/spi-builder-workspace/.derivedData/Build/Intermediates.noindex/PrecompiledHeaders
CreateBuildDirectory /Users/admin/builder/spi-builder-workspace/.derivedData/Build/Intermediates.noindex/ExplicitPrecompiledModules
    cd /Users/admin/builder/spi-builder-workspace/.swiftpm/xcode
    builtin-create-build-directory /Users/admin/builder/spi-builder-workspace/.derivedData/Build/Intermediates.noindex/ExplicitPrecompiledModules
CreateBuildDirectory /Users/admin/builder/spi-builder-workspace/.derivedData/Build/Intermediates.noindex/EagerLinkingTBDs/Debug-watchos
    cd /Users/admin/builder/spi-builder-workspace/.swiftpm/xcode
    builtin-create-build-directory /Users/admin/builder/spi-builder-workspace/.derivedData/Build/Intermediates.noindex/EagerLinkingTBDs/Debug-watchos
CreateBuildDirectory /Users/admin/builder/spi-builder-workspace/.derivedData/Build/Products/Debug-watchos
    cd /Users/admin/builder/spi-builder-workspace/.swiftpm/xcode
    builtin-create-build-directory /Users/admin/builder/spi-builder-workspace/.derivedData/Build/Products/Debug-watchos
CreateBuildDirectory /Users/admin/builder/spi-builder-workspace/.derivedData/Build/Products/Debug-watchos/PackageFrameworks
    cd /Users/admin/builder/spi-builder-workspace/.swiftpm/xcode
    builtin-create-build-directory /Users/admin/builder/spi-builder-workspace/.derivedData/Build/Products/Debug-watchos/PackageFrameworks
WriteAuxiliaryFile /Users/admin/builder/spi-builder-workspace/.derivedData/Build/Intermediates.noindex/TaskScheduler.build/Debug-watchos/TaskScheduler-t.build/TaskScheduler.modulemap (in target 'TaskScheduler' from project 'TaskScheduler')
    cd /Users/admin/builder/spi-builder-workspace
    write-file /Users/admin/builder/spi-builder-workspace/.derivedData/Build/Intermediates.noindex/TaskScheduler.build/Debug-watchos/TaskScheduler-t.build/TaskScheduler.modulemap
WriteAuxiliaryFile /Users/admin/builder/spi-builder-workspace/.derivedData/Build/Intermediates.noindex/TaskScheduler.build/Debug-watchos/TaskScheduler-t.build/TaskScheduler.DependencyStaticMetadataFileList (in target 'TaskScheduler' from project 'TaskScheduler')
    cd /Users/admin/builder/spi-builder-workspace
    write-file /Users/admin/builder/spi-builder-workspace/.derivedData/Build/Intermediates.noindex/TaskScheduler.build/Debug-watchos/TaskScheduler-t.build/TaskScheduler.DependencyStaticMetadataFileList
WriteAuxiliaryFile /Users/admin/builder/spi-builder-workspace/.derivedData/Build/Intermediates.noindex/TaskScheduler.build/Debug-watchos/TaskScheduler-t.build/TaskScheduler.DependencyMetadataFileList (in target 'TaskScheduler' from project 'TaskScheduler')
    cd /Users/admin/builder/spi-builder-workspace
    write-file /Users/admin/builder/spi-builder-workspace/.derivedData/Build/Intermediates.noindex/TaskScheduler.build/Debug-watchos/TaskScheduler-t.build/TaskScheduler.DependencyMetadataFileList
WriteAuxiliaryFile /Users/admin/builder/spi-builder-workspace/.derivedData/Build/Intermediates.noindex/TaskScheduler.build/Debug-watchos/TaskScheduler-t.build/Objects-normal/arm64_32/TaskScheduler-OutputFileMap.json (in target 'TaskScheduler' from project 'TaskScheduler')
    cd /Users/admin/builder/spi-builder-workspace
    write-file /Users/admin/builder/spi-builder-workspace/.derivedData/Build/Intermediates.noindex/TaskScheduler.build/Debug-watchos/TaskScheduler-t.build/Objects-normal/arm64_32/TaskScheduler-OutputFileMap.json
WriteAuxiliaryFile /Users/admin/builder/spi-builder-workspace/.derivedData/Build/Intermediates.noindex/TaskScheduler.build/Debug-watchos/TaskScheduler-t.build/Objects-normal/arm64/TaskScheduler_const_extract_protocols.json (in target 'TaskScheduler' from project 'TaskScheduler')
    cd /Users/admin/builder/spi-builder-workspace
    write-file /Users/admin/builder/spi-builder-workspace/.derivedData/Build/Intermediates.noindex/TaskScheduler.build/Debug-watchos/TaskScheduler-t.build/Objects-normal/arm64/TaskScheduler_const_extract_protocols.json
WriteAuxiliaryFile /Users/admin/builder/spi-builder-workspace/.derivedData/Build/Intermediates.noindex/TaskScheduler.build/Debug-watchos/TaskScheduler-t.build/Objects-normal/arm64_32/TaskScheduler.SwiftFileList (in target 'TaskScheduler' from project 'TaskScheduler')
    cd /Users/admin/builder/spi-builder-workspace
    write-file /Users/admin/builder/spi-builder-workspace/.derivedData/Build/Intermediates.noindex/TaskScheduler.build/Debug-watchos/TaskScheduler-t.build/Objects-normal/arm64_32/TaskScheduler.SwiftFileList
WriteAuxiliaryFile /Users/admin/builder/spi-builder-workspace/.derivedData/Build/Intermediates.noindex/TaskScheduler.build/Debug-watchos/TaskScheduler-t.build/Objects-normal/arm64_32/TaskScheduler.SwiftConstValuesFileList (in target 'TaskScheduler' from project 'TaskScheduler')
    cd /Users/admin/builder/spi-builder-workspace
    write-file /Users/admin/builder/spi-builder-workspace/.derivedData/Build/Intermediates.noindex/TaskScheduler.build/Debug-watchos/TaskScheduler-t.build/Objects-normal/arm64_32/TaskScheduler.SwiftConstValuesFileList
WriteAuxiliaryFile /Users/admin/builder/spi-builder-workspace/.derivedData/Build/Intermediates.noindex/TaskScheduler.build/Debug-watchos/TaskScheduler-t.build/Objects-normal/arm64_32/TaskScheduler_const_extract_protocols.json (in target 'TaskScheduler' from project 'TaskScheduler')
    cd /Users/admin/builder/spi-builder-workspace
    write-file /Users/admin/builder/spi-builder-workspace/.derivedData/Build/Intermediates.noindex/TaskScheduler.build/Debug-watchos/TaskScheduler-t.build/Objects-normal/arm64_32/TaskScheduler_const_extract_protocols.json
WriteAuxiliaryFile /Users/admin/builder/spi-builder-workspace/.derivedData/Build/Intermediates.noindex/TaskScheduler.build/Debug-watchos/TaskScheduler-t.build/Objects-normal/arm64_32/TaskScheduler.LinkFileList (in target 'TaskScheduler' from project 'TaskScheduler')
    cd /Users/admin/builder/spi-builder-workspace
    write-file /Users/admin/builder/spi-builder-workspace/.derivedData/Build/Intermediates.noindex/TaskScheduler.build/Debug-watchos/TaskScheduler-t.build/Objects-normal/arm64_32/TaskScheduler.LinkFileList
WriteAuxiliaryFile /Users/admin/builder/spi-builder-workspace/.derivedData/Build/Intermediates.noindex/TaskScheduler.build/Debug-watchos/TaskScheduler-t.build/Objects-normal/arm64/TaskScheduler.SwiftFileList (in target 'TaskScheduler' from project 'TaskScheduler')
    cd /Users/admin/builder/spi-builder-workspace
    write-file /Users/admin/builder/spi-builder-workspace/.derivedData/Build/Intermediates.noindex/TaskScheduler.build/Debug-watchos/TaskScheduler-t.build/Objects-normal/arm64/TaskScheduler.SwiftFileList
WriteAuxiliaryFile /Users/admin/builder/spi-builder-workspace/.derivedData/Build/Intermediates.noindex/TaskScheduler.build/Debug-watchos/TaskScheduler-t.build/Objects-normal/arm64/TaskScheduler.SwiftConstValuesFileList (in target 'TaskScheduler' from project 'TaskScheduler')
    cd /Users/admin/builder/spi-builder-workspace
    write-file /Users/admin/builder/spi-builder-workspace/.derivedData/Build/Intermediates.noindex/TaskScheduler.build/Debug-watchos/TaskScheduler-t.build/Objects-normal/arm64/TaskScheduler.SwiftConstValuesFileList
WriteAuxiliaryFile /Users/admin/builder/spi-builder-workspace/.derivedData/Build/Intermediates.noindex/TaskScheduler.build/Debug-watchos/TaskScheduler-t.build/Objects-normal/arm64/TaskScheduler.LinkFileList (in target 'TaskScheduler' from project 'TaskScheduler')
    cd /Users/admin/builder/spi-builder-workspace
    write-file /Users/admin/builder/spi-builder-workspace/.derivedData/Build/Intermediates.noindex/TaskScheduler.build/Debug-watchos/TaskScheduler-t.build/Objects-normal/arm64/TaskScheduler.LinkFileList
WriteAuxiliaryFile /Users/admin/builder/spi-builder-workspace/.derivedData/Build/Intermediates.noindex/TaskScheduler.build/Debug-watchos/TaskScheduler-t.build/Objects-normal/arm64/TaskScheduler-OutputFileMap.json (in target 'TaskScheduler' from project 'TaskScheduler')
    cd /Users/admin/builder/spi-builder-workspace
    write-file /Users/admin/builder/spi-builder-workspace/.derivedData/Build/Intermediates.noindex/TaskScheduler.build/Debug-watchos/TaskScheduler-t.build/Objects-normal/arm64/TaskScheduler-OutputFileMap.json
Copy /Users/admin/builder/spi-builder-workspace/.derivedData/Build/Intermediates.noindex/GeneratedModuleMaps-watchos/TaskScheduler.modulemap /Users/admin/builder/spi-builder-workspace/.derivedData/Build/Intermediates.noindex/TaskScheduler.build/Debug-watchos/TaskScheduler-t.build/TaskScheduler.modulemap (in target 'TaskScheduler' from project 'TaskScheduler')
    cd /Users/admin/builder/spi-builder-workspace
    builtin-copy -exclude .DS_Store -exclude CVS -exclude .svn -exclude .git -exclude .hg -resolve-src-symlinks /Users/admin/builder/spi-builder-workspace/.derivedData/Build/Intermediates.noindex/TaskScheduler.build/Debug-watchos/TaskScheduler-t.build/TaskScheduler.modulemap /Users/admin/builder/spi-builder-workspace/.derivedData/Build/Intermediates.noindex/GeneratedModuleMaps-watchos
SwiftDriver TaskScheduler normal arm64 com.apple.xcode.tools.swift.compiler (in target 'TaskScheduler' from project 'TaskScheduler')
    cd /Users/admin/builder/spi-builder-workspace/.swiftpm/xcode
    builtin-SwiftDriver -- /Applications/Xcode-27.0.0-Release.Candidate.app/Contents/Developer/Toolchains/XcodeDefault.xctoolchain/usr/bin/swiftc -parse-as-library -module-name TaskScheduler -Onone @/Users/admin/builder/spi-builder-workspace/.derivedData/Build/Intermediates.noindex/TaskScheduler.build/Debug-watchos/TaskScheduler-t.build/Objects-normal/arm64/TaskScheduler.SwiftFileList -DSWIFT_PACKAGE -DDEBUG -DSWIFT_MODULE_RESOURCE_BUNDLE_UNAVAILABLE -DXcode -plugin-path /Applications/Xcode-27.0.0-Release.Candidate.app/Contents/Developer/Toolchains/XcodeDefault.xctoolchain/usr/lib/swift/host/plugins/testing -enable-experimental-feature DebugDescriptionMacro -sdk /Applications/Xcode-27.0.0-Release.Candidate.app/Contents/Developer/Platforms/WatchOS.platform/Developer/SDKs/WatchOS27.0.sdk -target arm64-apple-watchos10.0 -g -module-cache-path /Users/admin/builder/spi-builder-workspace/.derivedData/ModuleCache.noindex -Xfrontend -serialize-debugging-options -profile-coverage-mapping -profile-generate -enable-testing -index-store-path /Users/admin/builder/spi-builder-workspace/.derivedData/Index.noindex/DataStore -Xcc -D_LIBCPP_HARDENING_MODE\=_LIBCPP_HARDENING_MODE_DEBUG -swift-version 6 -I /Users/admin/builder/spi-builder-workspace/.derivedData/Build/Products/Debug-watchos -Isystem /Applications/Xcode-27.0.0-Release.Candidate.app/Contents/Developer/Platforms/WatchOS.platform/Developer/usr/lib -F /Users/admin/builder/spi-builder-workspace/.derivedData/Build/Products/Debug-watchos -F /Applications/Xcode-27.0.0-Release.Candidate.app/Contents/Developer/Platforms/WatchOS.platform/Developer/Library/Frameworks -F /Applications/Xcode-27.0.0-Release.Candidate.app/Contents/Developer/Platforms/WatchOS.platform/Developer/SDKs/WatchOS27.0.sdk/Developer/Library/Frameworks -c -j10 -enable-batch-mode -incremental -Xcc -ivfsstatcache -Xcc /Users/admin/builder/spi-builder-workspace/.derivedData/SDKStatCaches.noindex/watchos27.0-24R360-e829b21a6f8c9b70876ba0858053c04477534ef55a1706bf4c1112bbb242f0a2.sdkstatcache -output-file-map /Users/admin/builder/spi-builder-workspace/.derivedData/Build/Intermediates.noindex/TaskScheduler.build/Debug-watchos/TaskScheduler-t.build/Objects-normal/arm64/TaskScheduler-OutputFileMap.json -save-temps -no-color-diagnostics -explicit-module-build -module-cache-path /Users/admin/builder/spi-builder-workspace/.derivedData/Build/Intermediates.noindex/SwiftExplicitPrecompiledModules -clang-scanner-module-cache-path /Users/admin/builder/spi-builder-workspace/.derivedData/ModuleCache.noindex -sdk-module-cache-path /Users/admin/builder/spi-builder-workspace/.derivedData/SDKExplicitPrecompiledModules -emit-dependencies -emit-module -emit-module-path /Users/admin/builder/spi-builder-workspace/.derivedData/Build/Intermediates.noindex/TaskScheduler.build/Debug-watchos/TaskScheduler-t.build/Objects-normal/arm64/TaskScheduler.swiftmodule -serialize-diagnostics -dependency-scan-serialize-diagnostics-path /Users/admin/builder/spi-builder-workspace/.derivedData/Build/Intermediates.noindex/TaskScheduler.build/Debug-watchos/TaskScheduler-t.build/Objects-normal/arm64/TaskScheduler-dependency-scan.dia -validate-clang-modules-once -clang-build-session-file /Users/admin/builder/spi-builder-workspace/.derivedData/ModuleCache.noindex/Session.modulevalidation -Xcc -fmodules-prune-interval\=86400 -Xcc -fmodules-prune-after\=345600 -package-name spi_builder_workspace -emit-const-values -const-gather-protocols-list /Users/admin/builder/spi-builder-workspace/.derivedData/Build/Intermediates.noindex/TaskScheduler.build/Debug-watchos/TaskScheduler-t.build/Objects-normal/arm64/TaskScheduler_const_extract_protocols.json -Xcc -I/Users/admin/builder/spi-builder-workspace/.derivedData/Build/Products/Debug-watchos/include -Xcc -I/Users/admin/builder/spi-builder-workspace/.derivedData/Build/Intermediates.noindex/TaskScheduler.build/Debug-watchos/TaskScheduler-t.build/DerivedSources-normal/arm64 -Xcc -I/Users/admin/builder/spi-builder-workspace/.derivedData/Build/Intermediates.noindex/TaskScheduler.build/Debug-watchos/TaskScheduler-t.build/DerivedSources/arm64 -Xcc -I/Users/admin/builder/spi-builder-workspace/.derivedData/Build/Intermediates.noindex/TaskScheduler.build/Debug-watchos/TaskScheduler-t.build/DerivedSources -Xcc -DSWIFT_PACKAGE -Xcc -DDEBUG\=1 -emit-objc-header -emit-objc-header-path /Users/admin/builder/spi-builder-workspace/.derivedData/Build/Intermediates.noindex/TaskScheduler.build/Debug-watchos/TaskScheduler-t.build/Objects-normal/arm64/TaskScheduler-Swift.h -working-directory /Users/admin/builder/spi-builder-workspace/.swiftpm/xcode -experimental-emit-module-separately -disable-cmo
SwiftDriver TaskScheduler normal arm64_32 com.apple.xcode.tools.swift.compiler (in target 'TaskScheduler' from project 'TaskScheduler')
    cd /Users/admin/builder/spi-builder-workspace/.swiftpm/xcode
    builtin-SwiftDriver -- /Applications/Xcode-27.0.0-Release.Candidate.app/Contents/Developer/Toolchains/XcodeDefault.xctoolchain/usr/bin/swiftc -parse-as-library -module-name TaskScheduler -Onone @/Users/admin/builder/spi-builder-workspace/.derivedData/Build/Intermediates.noindex/TaskScheduler.build/Debug-watchos/TaskScheduler-t.build/Objects-normal/arm64_32/TaskScheduler.SwiftFileList -DSWIFT_PACKAGE -DDEBUG -DSWIFT_MODULE_RESOURCE_BUNDLE_UNAVAILABLE -DXcode -plugin-path /Applications/Xcode-27.0.0-Release.Candidate.app/Contents/Developer/Toolchains/XcodeDefault.xctoolchain/usr/lib/swift/host/plugins/testing -enable-experimental-feature DebugDescriptionMacro -sdk /Applications/Xcode-27.0.0-Release.Candidate.app/Contents/Developer/Platforms/WatchOS.platform/Developer/SDKs/WatchOS27.0.sdk -target arm64_32-apple-watchos10.0 -g -module-cache-path /Users/admin/builder/spi-builder-workspace/.derivedData/ModuleCache.noindex -Xfrontend -serialize-debugging-options -profile-coverage-mapping -profile-generate -enable-testing -index-store-path /Users/admin/builder/spi-builder-workspace/.derivedData/Index.noindex/DataStore -Xcc -D_LIBCPP_HARDENING_MODE\=_LIBCPP_HARDENING_MODE_DEBUG -swift-version 6 -I /Users/admin/builder/spi-builder-workspace/.derivedData/Build/Products/Debug-watchos -Isystem /Applications/Xcode-27.0.0-Release.Candidate.app/Contents/Developer/Platforms/WatchOS.platform/Developer/usr/lib -F /Users/admin/builder/spi-builder-workspace/.derivedData/Build/Products/Debug-watchos -F /Applications/Xcode-27.0.0-Release.Candidate.app/Contents/Developer/Platforms/WatchOS.platform/Developer/Library/Frameworks -F /Applications/Xcode-27.0.0-Release.Candidate.app/Contents/Developer/Platforms/WatchOS.platform/Developer/SDKs/WatchOS27.0.sdk/Developer/Library/Frameworks -c -j10 -enable-batch-mode -incremental -Xcc -ivfsstatcache -Xcc /Users/admin/builder/spi-builder-workspace/.derivedData/SDKStatCaches.noindex/watchos27.0-24R360-e829b21a6f8c9b70876ba0858053c04477534ef55a1706bf4c1112bbb242f0a2.sdkstatcache -output-file-map /Users/admin/builder/spi-builder-workspace/.derivedData/Build/Intermediates.noindex/TaskScheduler.build/Debug-watchos/TaskScheduler-t.build/Objects-normal/arm64_32/TaskScheduler-OutputFileMap.json -save-temps -no-color-diagnostics -explicit-module-build -module-cache-path /Users/admin/builder/spi-builder-workspace/.derivedData/Build/Intermediates.noindex/SwiftExplicitPrecompiledModules -clang-scanner-module-cache-path /Users/admin/builder/spi-builder-workspace/.derivedData/ModuleCache.noindex -sdk-module-cache-path /Users/admin/builder/spi-builder-workspace/.derivedData/SDKExplicitPrecompiledModules -emit-dependencies -emit-module -emit-module-path /Users/admin/builder/spi-builder-workspace/.derivedData/Build/Intermediates.noindex/TaskScheduler.build/Debug-watchos/TaskScheduler-t.build/Objects-normal/arm64_32/TaskScheduler.swiftmodule -serialize-diagnostics -dependency-scan-serialize-diagnostics-path /Users/admin/builder/spi-builder-workspace/.derivedData/Build/Intermediates.noindex/TaskScheduler.build/Debug-watchos/TaskScheduler-t.build/Objects-normal/arm64_32/TaskScheduler-dependency-scan.dia -validate-clang-modules-once -clang-build-session-file /Users/admin/builder/spi-builder-workspace/.derivedData/ModuleCache.noindex/Session.modulevalidation -Xcc -fmodules-prune-interval\=86400 -Xcc -fmodules-prune-after\=345600 -package-name spi_builder_workspace -emit-const-values -const-gather-protocols-list /Users/admin/builder/spi-builder-workspace/.derivedData/Build/Intermediates.noindex/TaskScheduler.build/Debug-watchos/TaskScheduler-t.build/Objects-normal/arm64_32/TaskScheduler_const_extract_protocols.json -Xcc -I/Users/admin/builder/spi-builder-workspace/.derivedData/Build/Products/Debug-watchos/include -Xcc -I/Users/admin/builder/spi-builder-workspace/.derivedData/Build/Intermediates.noindex/TaskScheduler.build/Debug-watchos/TaskScheduler-t.build/DerivedSources-normal/arm64_32 -Xcc -I/Users/admin/builder/spi-builder-workspace/.derivedData/Build/Intermediates.noindex/TaskScheduler.build/Debug-watchos/TaskScheduler-t.build/DerivedSources/arm64_32 -Xcc -I/Users/admin/builder/spi-builder-workspace/.derivedData/Build/Intermediates.noindex/TaskScheduler.build/Debug-watchos/TaskScheduler-t.build/DerivedSources -Xcc -DSWIFT_PACKAGE -Xcc -DDEBUG\=1 -emit-objc-header -emit-objc-header-path /Users/admin/builder/spi-builder-workspace/.derivedData/Build/Intermediates.noindex/TaskScheduler.build/Debug-watchos/TaskScheduler-t.build/Objects-normal/arm64_32/TaskScheduler-Swift.h -working-directory /Users/admin/builder/spi-builder-workspace/.swiftpm/xcode -experimental-emit-module-separately -disable-cmo
SwiftExplicitDependencyGeneratePcm arm64 /Users/admin/builder/spi-builder-workspace/.derivedData/SDKExplicitPrecompiledModules/SwiftShims-AJ4AZYHQNC33R5RLN7AGEIOMP.pcm
SwiftExplicitDependencyGeneratePcm arm64 /Users/admin/builder/spi-builder-workspace/.derivedData/SDKExplicitPrecompiledModules/ptrauth-C7VQASAJ967Q4Q6SRD4I3CFWZ.pcm
SwiftExplicitDependencyGeneratePcm arm64 /Users/admin/builder/spi-builder-workspace/.derivedData/SDKExplicitPrecompiledModules/_AvailabilityInternal-42EVAC8Q6P1ZT6G3A168N97G4.pcm
SwiftExplicitDependencyGeneratePcm arm64 /Users/admin/builder/spi-builder-workspace/.derivedData/SDKExplicitPrecompiledModules/_Builtin_stdarg-3X4KLXUYEI0UGBILP4X7D0CYW.pcm
SwiftExplicitDependencyGeneratePcm arm64 /Users/admin/builder/spi-builder-workspace/.derivedData/SDKExplicitPrecompiledModules/_Builtin_float-E4M4A8689VXF1T7P7BV56IKBT.pcm
SwiftExplicitDependencyGeneratePcm arm64 /Users/admin/builder/spi-builder-workspace/.derivedData/SDKExplicitPrecompiledModules/_Builtin_stddef-5OH846KKUPSJJT7GCX9XU1TKG.pcm
SwiftExplicitDependencyGeneratePcm arm64 /Users/admin/builder/spi-builder-workspace/.derivedData/SDKExplicitPrecompiledModules/ptrcheck-8K07997SIHO7YGY7UQ3LOQ3TJ.pcm
SwiftExplicitDependencyGeneratePcm arm64 /Users/admin/builder/spi-builder-workspace/.derivedData/SDKExplicitPrecompiledModules/DeveloperToolsSupport-CL5QT3CW0ZM498PFTWG64QMLA.pcm
SwiftExplicitDependencyGeneratePcm arm64 /Users/admin/builder/spi-builder-workspace/.derivedData/SDKExplicitPrecompiledModules/_Builtin_stdbool-B692L2PMR118794VVYBG37897.pcm
SwiftExplicitDependencyGeneratePcm arm64 /Users/admin/builder/spi-builder-workspace/.derivedData/SDKExplicitPrecompiledModules/_SwiftConcurrencyShims-CTPSFSTDCBVSSQFHL6I305U72.pcm
SwiftExplicitDependencyGeneratePcm arm64_32 /Users/admin/builder/spi-builder-workspace/.derivedData/SDKExplicitPrecompiledModules/DeveloperToolsSupport-3FQKKPF3BW0SWE1YUZ86OZWIB.pcm
SwiftExplicitDependencyGeneratePcm arm64_32 /Users/admin/builder/spi-builder-workspace/.derivedData/SDKExplicitPrecompiledModules/ptrcheck-EAZ3I917ZFA9H6ZCL6PGLG4TR.pcm
SwiftExplicitDependencyGeneratePcm arm64_32 /Users/admin/builder/spi-builder-workspace/.derivedData/SDKExplicitPrecompiledModules/SwiftShims-D9VBB138U50XYYGW2C2V21N3L.pcm
SwiftExplicitDependencyGeneratePcm arm64_32 /Users/admin/builder/spi-builder-workspace/.derivedData/SDKExplicitPrecompiledModules/_Builtin_float-372PLGDQ1U3B6Z5EA5DJMDORJ.pcm
SwiftExplicitDependencyGeneratePcm arm64_32 /Users/admin/builder/spi-builder-workspace/.derivedData/SDKExplicitPrecompiledModules/_SwiftConcurrencyShims-58G4ISYSYDV3AT1DDGEE0QCUF.pcm
SwiftExplicitDependencyGeneratePcm arm64_32 /Users/admin/builder/spi-builder-workspace/.derivedData/SDKExplicitPrecompiledModules/_Builtin_stdbool-84ZA1VDW90AGWZ2LF5KOCM8DZ.pcm
SwiftExplicitDependencyGeneratePcm arm64_32 /Users/admin/builder/spi-builder-workspace/.derivedData/SDKExplicitPrecompiledModules/_Builtin_stddef-2F9BFIPBQ5EWNSK5G7G7V4EKL.pcm
SwiftExplicitDependencyGeneratePcm arm64_32 /Users/admin/builder/spi-builder-workspace/.derivedData/SDKExplicitPrecompiledModules/_Builtin_stdarg-EYJP6DFYQL9GJLH1TJ84A8MHV.pcm
SwiftExplicitDependencyGeneratePcm arm64_32 /Users/admin/builder/spi-builder-workspace/.derivedData/SDKExplicitPrecompiledModules/_AvailabilityInternal-22ZP1ILSQW16KHXZS5GBZHOCS.pcm
SwiftExplicitDependencyGeneratePcm arm64 /Users/admin/builder/spi-builder-workspace/.derivedData/SDKExplicitPrecompiledModules/_DarwinFoundation1-7YQ9TVI7XTOGQU9OADRXP33D1.pcm
SwiftExplicitDependencyGeneratePcm arm64_32 /Users/admin/builder/spi-builder-workspace/.derivedData/SDKExplicitPrecompiledModules/ptrauth-EW7YZZ7LEZE1QZF2T8148IPSA.pcm
SwiftExplicitDependencyGeneratePcm arm64_32 /Users/admin/builder/spi-builder-workspace/.derivedData/SDKExplicitPrecompiledModules/_DarwinFoundation1-5SNIO0SFHX9KJZTLQGIPAPXUZ.pcm
SwiftExplicitDependencyGeneratePcm arm64 /Users/admin/builder/spi-builder-workspace/.derivedData/SDKExplicitPrecompiledModules/_Builtin_limits-75TRA1C7IHYOFCG3KJXQVTHJ4.pcm
SwiftExplicitDependencyGeneratePcm arm64 /Users/admin/builder/spi-builder-workspace/.derivedData/SDKExplicitPrecompiledModules/_DarwinFoundation2-CUPL4FH2SA95GMALQP4M6O8UA.pcm
SwiftExplicitDependencyGeneratePcm arm64_32 /Users/admin/builder/spi-builder-workspace/.derivedData/SDKExplicitPrecompiledModules/_DarwinFoundation2-FP2Q8F1Q2HR151SBYKTU6Q8B.pcm
SwiftExplicitDependencyGeneratePcm arm64_32 /Users/admin/builder/spi-builder-workspace/.derivedData/SDKExplicitPrecompiledModules/_Builtin_limits-AQMEC9CLG0FZQN6TLGDQ6WF78.pcm
SwiftExplicitDependencyGeneratePcm arm64 /Users/admin/builder/spi-builder-workspace/.derivedData/SDKExplicitPrecompiledModules/string_h-4N9Z22C0HUO8GV7GFPCLZRZA2.pcm
SwiftExplicitDependencyGeneratePcm arm64 /Users/admin/builder/spi-builder-workspace/.derivedData/SDKExplicitPrecompiledModules/_Builtin_stdint-6TUACK4YPMARFT56PLIO388SJ.pcm
SwiftExplicitDependencyGeneratePcm arm64 /Users/admin/builder/spi-builder-workspace/.derivedData/SDKExplicitPrecompiledModules/_Builtin_tgmath-7JP2AE1NQHA1DV5JYP2OHQ3BF.pcm
SwiftExplicitDependencyGeneratePcm arm64 /Users/admin/builder/spi-builder-workspace/.derivedData/SDKExplicitPrecompiledModules/sys_types-9KPVYINL86WUSHF45TU8PWZZ1.pcm
SwiftExplicitDependencyGeneratePcm arm64 /Users/admin/builder/spi-builder-workspace/.derivedData/SDKExplicitPrecompiledModules/_Builtin_intrinsics-SQV576LJA0QE7RW5HF7CQ1BX.pcm
SwiftExplicitDependencyGeneratePcm arm64 /Users/admin/builder/spi-builder-workspace/.derivedData/SDKExplicitPrecompiledModules/_DarwinFoundation3-EJXZKD8LN9EYM9OWP9VLJ49PK.pcm
SwiftExplicitDependencyGeneratePcm arm64 /Users/admin/builder/spi-builder-workspace/.derivedData/SDKExplicitPrecompiledModules/_Builtin_stdatomic-25T9UW3XDYID74302F31PX0RP.pcm
SwiftExplicitDependencyGeneratePcm arm64_32 /Users/admin/builder/spi-builder-workspace/.derivedData/SDKExplicitPrecompiledModules/_Builtin_tgmath-414CVW1GW3IL0HRLCNNCS6Q0U.pcm
SwiftExplicitDependencyGeneratePcm arm64_32 /Users/admin/builder/spi-builder-workspace/.derivedData/SDKExplicitPrecompiledModules/string_h-8QY7P4ZQXQAF14WVDITTM4R70.pcm
SwiftExplicitDependencyGeneratePcm arm64_32 /Users/admin/builder/spi-builder-workspace/.derivedData/SDKExplicitPrecompiledModules/_Builtin_stdint-6IWJLTRH2WB6RCG4THPA65RDS.pcm
SwiftExplicitDependencyGeneratePcm arm64_32 /Users/admin/builder/spi-builder-workspace/.derivedData/SDKExplicitPrecompiledModules/sys_types-65NN51P1G7GN2GUAUPC53JJ7N.pcm
SwiftExplicitDependencyGeneratePcm arm64_32 /Users/admin/builder/spi-builder-workspace/.derivedData/SDKExplicitPrecompiledModules/_Builtin_stdatomic-D2FE5M7JS5NQA5JDADVERWJM4.pcm
SwiftExplicitDependencyGeneratePcm arm64_32 /Users/admin/builder/spi-builder-workspace/.derivedData/SDKExplicitPrecompiledModules/_DarwinFoundation3-3YOBOPIW2MF1LRNQH7JBUBY4G.pcm
SwiftExplicitDependencyGeneratePcm arm64_32 /Users/admin/builder/spi-builder-workspace/.derivedData/SDKExplicitPrecompiledModules/_Builtin_intrinsics-2K07JIG9ZANIKHSNPO3O6L1K6.pcm
SwiftExplicitDependencyGeneratePcm arm64 /Users/admin/builder/spi-builder-workspace/.derivedData/SDKExplicitPrecompiledModules/_Builtin_inttypes-86YTNV5YADPJXFMJ82N3R4GWQ.pcm
SwiftExplicitDependencyGeneratePcm arm64 /Users/admin/builder/spi-builder-workspace/.derivedData/SDKExplicitPrecompiledModules/Darwin-CSB8C43KELVSFIQVR0803IZPN.pcm
SwiftExplicitDependencyGeneratePcm arm64_32 /Users/admin/builder/spi-builder-workspace/.derivedData/SDKExplicitPrecompiledModules/_Builtin_inttypes-BPZJ68HW1IMYWSHROAZ0IMUJP.pcm
SwiftExplicitDependencyGeneratePcm arm64_32 /Users/admin/builder/spi-builder-workspace/.derivedData/SDKExplicitPrecompiledModules/Darwin-10D35ZJWCWG7LJAF579U7I5V7.pcm
SwiftExplicitDependencyGeneratePcm arm64 /Users/admin/builder/spi-builder-workspace/.derivedData/SDKExplicitPrecompiledModules/simd-2C11HKTI5TJB05T724EWNFZXD.pcm
SwiftExplicitDependencyGeneratePcm arm64_32 /Users/admin/builder/spi-builder-workspace/.derivedData/SDKExplicitPrecompiledModules/simd-1W6O8NR1QUSWJGAN44DNNWVHX.pcm
SwiftExplicitDependencyGeneratePcm arm64 /Users/admin/builder/spi-builder-workspace/.derivedData/SDKExplicitPrecompiledModules/ObjectiveC-22CZPC4WYQC9G8T393WT2KKLW.pcm
SwiftExplicitDependencyGeneratePcm arm64 /Users/admin/builder/spi-builder-workspace/.derivedData/SDKExplicitPrecompiledModules/MachO-4RYXFVY68ZDEUZYFMVL57WEKU.pcm
SwiftExplicitDependencyGeneratePcm arm64_32 /Users/admin/builder/spi-builder-workspace/.derivedData/SDKExplicitPrecompiledModules/ObjectiveC-71AGZNHLBMR2QK817EJNUN54E.pcm
SwiftExplicitDependencyGeneratePcm arm64_32 /Users/admin/builder/spi-builder-workspace/.derivedData/SDKExplicitPrecompiledModules/MachO-F47JQRYVH1SLPOQSJD8RK9MSX.pcm
SwiftExplicitDependencyGeneratePcm arm64 /Users/admin/builder/spi-builder-workspace/.derivedData/SDKExplicitPrecompiledModules/os_object-6KYGGZ4DPVZ3BBAZ6QICZN8LI.pcm
SwiftExplicitDependencyGeneratePcm arm64 /Users/admin/builder/spi-builder-workspace/.derivedData/SDKExplicitPrecompiledModules/os_workgroup-AHE7ULDQBKER38CYPIKDTZF4M.pcm
SwiftExplicitDependencyGeneratePcm arm64_32 /Users/admin/builder/spi-builder-workspace/.derivedData/SDKExplicitPrecompiledModules/os_object-CTXVQBCWDOH6JHUXIFDUOWFRL.pcm
SwiftExplicitDependencyGeneratePcm arm64 /Users/admin/builder/spi-builder-workspace/.derivedData/SDKExplicitPrecompiledModules/Spatial-EZKKX4XFW72RZCTOIG80Z93AP.pcm
SwiftExplicitDependencyGeneratePcm arm64 /Users/admin/builder/spi-builder-workspace/.derivedData/SDKExplicitPrecompiledModules/Dispatch-39VR0G01IUJ09PQKMFGOHXZ4L.pcm
SwiftExplicitDependencyGeneratePcm arm64_32 /Users/admin/builder/spi-builder-workspace/.derivedData/SDKExplicitPrecompiledModules/os_workgroup-9L9R05BT5LTFRZ2NM68BZTVV2.pcm
SwiftExplicitDependencyGeneratePcm arm64_32 /Users/admin/builder/spi-builder-workspace/.derivedData/SDKExplicitPrecompiledModules/Spatial-4XS0QRL16224ZE9KE9TMKASKT.pcm
SwiftExplicitDependencyGeneratePcm arm64_32 /Users/admin/builder/spi-builder-workspace/.derivedData/SDKExplicitPrecompiledModules/Dispatch-CGIMI9KQKHNRQHR2IECIPRG14.pcm
SwiftExplicitDependencyGeneratePcm arm64 /Users/admin/builder/spi-builder-workspace/.derivedData/SDKExplicitPrecompiledModules/XPC-650JAZBTM6I0OMHYO6CKM0CWJ.pcm
SwiftExplicitDependencyGeneratePcm arm64 /Users/admin/builder/spi-builder-workspace/.derivedData/SDKExplicitPrecompiledModules/CoreFoundation-59XKO8YNRGGYNC5U5LK8B4EM.pcm
SwiftExplicitDependencyGeneratePcm arm64_32 /Users/admin/builder/spi-builder-workspace/.derivedData/SDKExplicitPrecompiledModules/XPC-7SLKI45KYLKXH9QET2WYS3UZ4.pcm
SwiftExplicitDependencyGeneratePcm arm64_32 /Users/admin/builder/spi-builder-workspace/.derivedData/SDKExplicitPrecompiledModules/CoreFoundation-76B9WJP9MDYT33HZQVSNNZQZD.pcm
SwiftExplicitDependencyGeneratePcm arm64 /Users/admin/builder/spi-builder-workspace/.derivedData/SDKExplicitPrecompiledModules/os-6BCTB8I5DCBBKFJ0Y0G4WQDDJ.pcm
SwiftExplicitDependencyGeneratePcm arm64 /Users/admin/builder/spi-builder-workspace/.derivedData/SDKExplicitPrecompiledModules/CoreAudioTypes-51SR7UBHOMSGMEPVFS6PLSR4M.pcm
SwiftExplicitDependencyGeneratePcm arm64 /Users/admin/builder/spi-builder-workspace/.derivedData/SDKExplicitPrecompiledModules/CoreGraphics-5488DA9QVJJ7QOFXPYOYIYFUX.pcm
SwiftExplicitDependencyGeneratePcm arm64 /Users/admin/builder/spi-builder-workspace/.derivedData/SDKExplicitPrecompiledModules/Security-69WNGEAVQP55EDBQHP3BLE8QU.pcm
SwiftExplicitDependencyGeneratePcm arm64_32 /Users/admin/builder/spi-builder-workspace/.derivedData/SDKExplicitPrecompiledModules/os-D9NWGT7PQGY2OD43XMA2KGLJK.pcm
SwiftExplicitDependencyGeneratePcm arm64_32 /Users/admin/builder/spi-builder-workspace/.derivedData/SDKExplicitPrecompiledModules/CoreAudioTypes-AY6JAXDJMW2FLVG4UD79375PW.pcm
SwiftExplicitDependencyGeneratePcm arm64_32 /Users/admin/builder/spi-builder-workspace/.derivedData/SDKExplicitPrecompiledModules/Security-1W411BS4UH2UNMNII2341429S.pcm
SwiftExplicitDependencyGeneratePcm arm64_32 /Users/admin/builder/spi-builder-workspace/.derivedData/SDKExplicitPrecompiledModules/CoreGraphics-A4WOQTM8SYZAQP223LI6RRPEK.pcm
SwiftExplicitDependencyGeneratePcm arm64 /Users/admin/builder/spi-builder-workspace/.derivedData/SDKExplicitPrecompiledModules/CoreAudio-368NRGVYQ33J8K75Y2DSNU06Y.pcm
SwiftExplicitDependencyGeneratePcm arm64 /Users/admin/builder/spi-builder-workspace/.derivedData/SDKExplicitPrecompiledModules/Foundation-B3IXODHI7VO4VRX2RWRXLVJZT.pcm
SwiftExplicitDependencyGeneratePcm arm64 /Users/admin/builder/spi-builder-workspace/.derivedData/SDKExplicitPrecompiledModules/CoreText-BEC0M2J7FJN53VXNFDZDKL9U2.pcm
SwiftExplicitDependencyGeneratePcm arm64 /Users/admin/builder/spi-builder-workspace/.derivedData/SDKExplicitPrecompiledModules/CoreVideo-2YRZ292TS6QDW2V2V92NZMPWM.pcm
SwiftExplicitDependencyGeneratePcm arm64_32 /Users/admin/builder/spi-builder-workspace/.derivedData/SDKExplicitPrecompiledModules/CoreAudio-1FTJGW5ZM9ZN5IKPBE4A9LGNF.pcm
SwiftExplicitDependencyGeneratePcm arm64_32 /Users/admin/builder/spi-builder-workspace/.derivedData/SDKExplicitPrecompiledModules/Foundation-AIQ30TCDC2B0LBUU6FPQZ0HWI.pcm
SwiftExplicitDependencyGeneratePcm arm64_32 /Users/admin/builder/spi-builder-workspace/.derivedData/SDKExplicitPrecompiledModules/CoreVideo-BX0NALWCB2F1YOTF0NZGV9FWU.pcm
SwiftExplicitDependencyGeneratePcm arm64_32 /Users/admin/builder/spi-builder-workspace/.derivedData/SDKExplicitPrecompiledModules/CoreText-34U50N378SZT64826L0B62MN6.pcm
SwiftExplicitDependencyGeneratePcm arm64 /Users/admin/builder/spi-builder-workspace/.derivedData/SDKExplicitPrecompiledModules/CoreMedia-EO02G285WTXB0RPNG3DP9O9VN.pcm
SwiftExplicitDependencyGeneratePcm arm64_32 /Users/admin/builder/spi-builder-workspace/.derivedData/SDKExplicitPrecompiledModules/CoreMedia-CU8J9TNJY5EX43FQOPTAAHU29.pcm
SwiftExplicitDependencyGeneratePcm arm64 /Users/admin/builder/spi-builder-workspace/.derivedData/SDKExplicitPrecompiledModules/BackgroundTasks-3GCQ3OMYDHGSBS382AV13Y2CH.pcm
SwiftExplicitDependencyGeneratePcm arm64 /Users/admin/builder/spi-builder-workspace/.derivedData/SDKExplicitPrecompiledModules/_LocationEssentials-C3HYVW8P89QAUDLD9VRHUF48Q.pcm
SwiftExplicitDependencyGeneratePcm arm64 /Users/admin/builder/spi-builder-workspace/.derivedData/SDKExplicitPrecompiledModules/OSLog-ESJZZ70KT229YQNKF5CWYQVLA.pcm
SwiftExplicitDependencyGeneratePcm arm64 /Users/admin/builder/spi-builder-workspace/.derivedData/SDKExplicitPrecompiledModules/QuartzCore-BRDP6VIMJ6A6HG4W4NYXZ8BI3.pcm
SwiftExplicitDependencyGeneratePcm arm64 /Users/admin/builder/spi-builder-workspace/.derivedData/SDKExplicitPrecompiledModules/CoreData-DAEI6Z48P97TYC3SMMGLERAJ5.pcm
SwiftExplicitDependencyGeneratePcm arm64 /Users/admin/builder/spi-builder-workspace/.derivedData/SDKExplicitPrecompiledModules/Symbols-B8SNL2YULCKW9SYIL0T5QLMV.pcm
SwiftExplicitDependencyGeneratePcm arm64 /Users/admin/builder/spi-builder-workspace/.derivedData/SDKExplicitPrecompiledModules/Accessibility-DB0V1GY4JDAXG2CZ5MW826DDE.pcm
SwiftExplicitDependencyGeneratePcm arm64 /Users/admin/builder/spi-builder-workspace/.derivedData/SDKExplicitPrecompiledModules/CoreTransferable-EULYJN53RZTIP2D6F171CT1YZ.pcm
SwiftExplicitDependencyGeneratePcm arm64 /Users/admin/builder/spi-builder-workspace/.derivedData/SDKExplicitPrecompiledModules/UIUtilities-AR3EDJH6PMDGNUXQGV2JND65S.pcm
SwiftExplicitDependencyGeneratePcm arm64 /Users/admin/builder/spi-builder-workspace/.derivedData/SDKExplicitPrecompiledModules/UniformTypeIdentifiers-47SS6PHE8KOUZX5UOQUNKH397.pcm
SwiftExplicitDependencyGeneratePcm arm64_32 /Users/admin/builder/spi-builder-workspace/.derivedData/SDKExplicitPrecompiledModules/CoreTransferable-DSXZOKFM7XQLZ0FRNNKFDWZT0.pcm
SwiftExplicitDependencyGeneratePcm arm64_32 /Users/admin/builder/spi-builder-workspace/.derivedData/SDKExplicitPrecompiledModules/SceneKit-CLOM4E4D45A8A94N3QNHOVW3H.pcm
SwiftExplicitDependencyGeneratePcm arm64_32 /Users/admin/builder/spi-builder-workspace/.derivedData/SDKExplicitPrecompiledModules/CoreData-6STZ9DXY0E1K8LHUUEU1F4SE.pcm
SwiftExplicitDependencyGeneratePcm arm64 /Users/admin/builder/spi-builder-workspace/.derivedData/SDKExplicitPrecompiledModules/CoreLocation-B0A9Z3B1UDU8OLBQROLWD03N3.pcm
SwiftExplicitDependencyGeneratePcm arm64_32 /Users/admin/builder/spi-builder-workspace/.derivedData/SDKExplicitPrecompiledModules/BackgroundTasks-2KIP0G09POLIKL8BD8XNID7VR.pcm
SwiftExplicitDependencyGeneratePcm arm64_32 /Users/admin/builder/spi-builder-workspace/.derivedData/SDKExplicitPrecompiledModules/Symbols-DP67QJL9W7VSYP70ZVEBE3KRT.pcm
SwiftExplicitDependencyGeneratePcm arm64_32 /Users/admin/builder/spi-builder-workspace/.derivedData/SDKExplicitPrecompiledModules/OSLog-DXCLJ0K1EEBRV5MFYJOV1HIUX.pcm
SwiftExplicitDependencyGeneratePcm arm64_32 /Users/admin/builder/spi-builder-workspace/.derivedData/SDKExplicitPrecompiledModules/DataDetection-8EDL8T61430CB5CU94L1E3L0C.pcm
SwiftExplicitDependencyGeneratePcm arm64_32 /Users/admin/builder/spi-builder-workspace/.derivedData/SDKExplicitPrecompiledModules/UniformTypeIdentifiers-EH256724QTCKT0XATY095QHVP.pcm
SwiftExplicitDependencyGeneratePcm arm64_32 /Users/admin/builder/spi-builder-workspace/.derivedData/SDKExplicitPrecompiledModules/UserNotifications-F5AOMF9V2Y10QV8U00QNX8B7Q.pcm
SwiftExplicitDependencyGeneratePcm arm64_32 /Users/admin/builder/spi-builder-workspace/.derivedData/SDKExplicitPrecompiledModules/Accessibility-BBXP8Z81UOB3UBBTO3GG9FEEO.pcm
SwiftExplicitDependencyGeneratePcm arm64 /Users/admin/builder/spi-builder-workspace/.derivedData/SDKExplicitPrecompiledModules/SwiftUICore-D4BOUT6VJWDXKNATG8P2F95W3.pcm
SwiftExplicitDependencyGeneratePcm arm64_32 /Users/admin/builder/spi-builder-workspace/.derivedData/SDKExplicitPrecompiledModules/UIUtilities-ABH83C7CSGMIJAARTF384TV0L.pcm
SwiftExplicitDependencyGeneratePcm arm64_32 /Users/admin/builder/spi-builder-workspace/.derivedData/SDKExplicitPrecompiledModules/_LocationEssentials-1XWTF8V96VX3IAHKJO7PJZDU0.pcm
SwiftExplicitDependencyGeneratePcm arm64 /Users/admin/builder/spi-builder-workspace/.derivedData/SDKExplicitPrecompiledModules/UserNotifications-7VIERZPAA371031RT8VBKFYKJ.pcm
SwiftExplicitDependencyGeneratePcm arm64 /Users/admin/builder/spi-builder-workspace/.derivedData/SDKExplicitPrecompiledModules/CoreMotion-70RNUQRT1QM2F8WR42WPP4KQV.pcm
SwiftExplicitDependencyGeneratePcm arm64 /Users/admin/builder/spi-builder-workspace/.derivedData/SDKExplicitPrecompiledModules/DataDetection-8RQ09UCIV0XSYRF8TQQD54MWN.pcm
SwiftExplicitDependencyGeneratePcm arm64 /Users/admin/builder/spi-builder-workspace/.derivedData/SDKExplicitPrecompiledModules/SceneKit-4VPDXW2J8W40JMX88G7X30C4G.pcm
SwiftExplicitDependencyGeneratePcm arm64_32 /Users/admin/builder/spi-builder-workspace/.derivedData/SDKExplicitPrecompiledModules/QuartzCore-72UYR37X0O2APTD1XMSJ20X5X.pcm
SwiftExplicitDependencyGeneratePcm arm64_32 /Users/admin/builder/spi-builder-workspace/.derivedData/SDKExplicitPrecompiledModules/CoreLocation-4AZRAZ8X3W0CS36SZ1GS4LT05.pcm
SwiftExplicitDependencyGeneratePcm arm64 /Users/admin/builder/spi-builder-workspace/.derivedData/SDKExplicitPrecompiledModules/UIKit-2XWL6VFNA7WRWSTXI42YLU909.pcm
SwiftExplicitDependencyGeneratePcm arm64_32 /Users/admin/builder/spi-builder-workspace/.derivedData/SDKExplicitPrecompiledModules/SwiftUICore-TURER010MQ2QH6SN4BGDJJKP.pcm
SwiftExplicitDependencyGeneratePcm arm64_32 /Users/admin/builder/spi-builder-workspace/.derivedData/SDKExplicitPrecompiledModules/CoreMotion-E9C6K7MOTJF3RC93DULCZ130U.pcm
SwiftExplicitDependencyGeneratePcm arm64_32 /Users/admin/builder/spi-builder-workspace/.derivedData/SDKExplicitPrecompiledModules/UIKit-BGAQE5HOOTG6M9C46O1HHPCDR.pcm
SwiftExplicitDependencyGeneratePcm arm64 /Users/admin/builder/spi-builder-workspace/.derivedData/SDKExplicitPrecompiledModules/HomeKit-2JD3RMVTK0MFX7K570KHTLBBH.pcm
SwiftExplicitDependencyGeneratePcm arm64 /Users/admin/builder/spi-builder-workspace/.derivedData/SDKExplicitPrecompiledModules/MapKit-5U4CPBNVICOGB0BBK9BC7P4E9.pcm
SwiftExplicitDependencyGeneratePcm arm64_32 /Users/admin/builder/spi-builder-workspace/.derivedData/SDKExplicitPrecompiledModules/HomeKit-DXH34ZWEY4P4FEELCOH3LXVCR.pcm
SwiftExplicitDependencyGeneratePcm arm64_32 /Users/admin/builder/spi-builder-workspace/.derivedData/SDKExplicitPrecompiledModules/MapKit-3RCPMYWFYVKLOR1JJH1M1L7O6.pcm
SwiftExplicitDependencyGeneratePcm arm64 /Users/admin/builder/spi-builder-workspace/.derivedData/SDKExplicitPrecompiledModules/WatchKit-22L6Z003SE8XPQ9JS14K57C9N.pcm
SwiftExplicitDependencyGeneratePcm arm64 /Users/admin/builder/spi-builder-workspace/.derivedData/SDKExplicitPrecompiledModules/SwiftUI-E6XJI4PF1Q2HPTXKL91GWARU6.pcm
SwiftExplicitDependencyGeneratePcm arm64_32 /Users/admin/builder/spi-builder-workspace/.derivedData/SDKExplicitPrecompiledModules/WatchKit-7IATJTA58S6OFDEYHG9JSLLDQ.pcm
SwiftEmitModule normal arm64 Emitting\ module\ for\ TaskScheduler (in target 'TaskScheduler' from project 'TaskScheduler')
SwiftCompile normal arm64 (in target 'TaskScheduler' from project 'TaskScheduler')
    cd /Users/admin/builder/spi-builder-workspace/.swiftpm/xcode

SwiftCompile normal arm64 Compiling\ SharedResource.swift /Users/admin/builder/spi-builder-workspace/Sources/TaskScheduler/Utils/SharedResource.swift (in target 'TaskScheduler' from project 'TaskScheduler')
SwiftCompile normal arm64 /Users/admin/builder/spi-builder-workspace/Sources/TaskScheduler/Utils/SharedResource.swift (in target 'TaskScheduler' from project 'TaskScheduler')
    cd /Users/admin/builder/spi-builder-workspace/.swiftpm/xcode
    builtin-SwiftPerFileCompile SharedResource.swift
SwiftCompile normal arm64 Compiling\ ExecutableTask.swift /Users/admin/builder/spi-builder-workspace/Sources/TaskScheduler/Executable/ExecutableTask.swift (in target 'TaskScheduler' from project 'TaskScheduler')
SwiftCompile normal arm64 /Users/admin/builder/spi-builder-workspace/Sources/TaskScheduler/Executable/ExecutableTask.swift (in target 'TaskScheduler' from project 'TaskScheduler')
    cd /Users/admin/builder/spi-builder-workspace/.swiftpm/xcode
    builtin-SwiftPerFileCompile ExecutableTask.swift
SwiftCompile normal arm64 Compiling\ TaskExecutorSignal.swift /Users/admin/builder/spi-builder-workspace/Sources/TaskScheduler/Engine/TaskExecutorSignal.swift (in target 'TaskScheduler' from project 'TaskScheduler')
SwiftCompile normal arm64 /Users/admin/builder/spi-builder-workspace/Sources/TaskScheduler/Engine/TaskExecutorSignal.swift (in target 'TaskScheduler' from project 'TaskScheduler')
    cd /Users/admin/builder/spi-builder-workspace/.swiftpm/xcode
    builtin-SwiftPerFileCompile TaskExecutorSignal.swift
SwiftCompile normal arm64 Compiling\ TaskScheduleMode.swift /Users/admin/builder/spi-builder-workspace/Sources/TaskScheduler/Scheduler/TaskScheduleMode.swift (in target 'TaskScheduler' from project 'TaskScheduler')
SwiftCompile normal arm64 /Users/admin/builder/spi-builder-workspace/Sources/TaskScheduler/Scheduler/TaskScheduleMode.swift (in target 'TaskScheduler' from project 'TaskScheduler')
    cd /Users/admin/builder/spi-builder-workspace/.swiftpm/xcode
    builtin-SwiftPerFileCompile TaskScheduleMode.swift
SwiftCompile normal arm64 Compiling\ TaskExecutor.swift /Users/admin/builder/spi-builder-workspace/Sources/TaskScheduler/Engine/TaskExecutor.swift (in target 'TaskScheduler' from project 'TaskScheduler')
SwiftCompile normal arm64 /Users/admin/builder/spi-builder-workspace/Sources/TaskScheduler/Engine/TaskExecutor.swift (in target 'TaskScheduler' from project 'TaskScheduler')
    cd /Users/admin/builder/spi-builder-workspace/.swiftpm/xcode
    builtin-SwiftPerFileCompile TaskExecutor.swift
SwiftCompile normal arm64 Compiling\ TaskScheduler.swift /Users/admin/builder/spi-builder-workspace/Sources/TaskScheduler/Scheduler/TaskScheduler.swift (in target 'TaskScheduler' from project 'TaskScheduler')
SwiftCompile normal arm64 /Users/admin/builder/spi-builder-workspace/Sources/TaskScheduler/Scheduler/TaskScheduler.swift (in target 'TaskScheduler' from project 'TaskScheduler')
    cd /Users/admin/builder/spi-builder-workspace/.swiftpm/xcode
    builtin-SwiftPerFileCompile TaskScheduler.swift
SwiftCompile normal arm64 Compiling\ Backend.swift /Users/admin/builder/spi-builder-workspace/Sources/TaskScheduler/Engine/Backends/Backend.swift (in target 'TaskScheduler' from project 'TaskScheduler')
SwiftCompile normal arm64 /Users/admin/builder/spi-builder-workspace/Sources/TaskScheduler/Engine/Backends/Backend.swift (in target 'TaskScheduler' from project 'TaskScheduler')
    cd /Users/admin/builder/spi-builder-workspace/.swiftpm/xcode
    builtin-SwiftPerFileCompile Backend.swift
SwiftCompile normal arm64 Compiling\ iOSBackend.swift /Users/admin/builder/spi-builder-workspace/Sources/TaskScheduler/Engine/Backends/iOSBackend.swift (in target 'TaskScheduler' from project 'TaskScheduler')
/Users/admin/builder/spi-builder-workspace/Sources/TaskScheduler/Engine/Backends/iOSBackend.swift:50:23: error: 'BGAppRefreshTaskRequest' is unavailable in watchOS
48 |         identifier: String
49 |     ) {
50 |         let request = BGAppRefreshTaskRequest(identifier: identifier)
   |                       `- error: 'BGAppRefreshTaskRequest' is unavailable in watchOS
51 |         request.earliestBeginDate = Date(
52 |             timeIntervalSinceNow: 1 * 60
/Applications/Xcode-27.0.0-Release.Candidate.app/Contents/Developer/Platforms/WatchOS.platform/Developer/SDKs/WatchOS27.0.sdk/System/Library/Frameworks/BackgroundTasks.framework/Headers/BGTaskRequest.h:42:12: note: 'BGAppRefreshTaskRequest' has been explicitly marked unavailable here
 40 | /// and app usage.
 41 | BG_EXTERN API_AVAILABLE(ios(13.0), tvos(13.0)) API_UNAVAILABLE(macos) API_UNAVAILABLE(watchos)
 42 | @interface BGAppRefreshTaskRequest : BGTaskRequest
    |            `- note: 'BGAppRefreshTaskRequest' has been explicitly marked unavailable here
 43 |
 44 | /// Return a new refresh task request for the specified identifier.
/Users/admin/builder/spi-builder-workspace/Sources/TaskScheduler/Engine/Backends/iOSBackend.swift:56:17: error: 'BGTaskScheduler' is unavailable in watchOS
54 |
55 |         do {
56 |             try BGTaskScheduler.shared.submit(request)
   |                 `- error: 'BGTaskScheduler' is unavailable in watchOS
57 |         } catch {
58 |             print("Could not schedule app refresh: \(error)")
/Applications/Xcode-27.0.0-Release.Candidate.app/Contents/Developer/Platforms/WatchOS.platform/Developer/SDKs/WatchOS27.0.sdk/System/Library/Frameworks/BackgroundTasks.framework/Headers/BGTaskScheduler.h:64:12: note: 'BGTaskScheduler' has been explicitly marked unavailable here
 62 | /// <doc://com.apple.documentation/documentation/uikit/app_and_environment/scenes/preparing_your_ui_to_run_in_the_background/using_background_tasks_to_update_your_app>.
 63 | BG_EXTERN API_AVAILABLE(ios(13.0), tvos(13.0)) API_UNAVAILABLE(macos) API_UNAVAILABLE(watchos)
 64 | @interface BGTaskScheduler : NSObject
    |            `- note: 'BGTaskScheduler' has been explicitly marked unavailable here
 65 | - (instancetype)init NS_UNAVAILABLE; //Use the shared scheduler object instead
 66 | + (instancetype)new NS_UNAVAILABLE; //Use the shared scheduler object instead
/Users/admin/builder/spi-builder-workspace/Sources/TaskScheduler/Engine/Backends/iOSBackend.swift:56:40: error: 'submit' is unavailable in watchOS
54 |
55 |         do {
56 |             try BGTaskScheduler.shared.submit(request)
   |                                        `- error: 'submit' is unavailable in watchOS
57 |         } catch {
58 |             print("Could not schedule app refresh: \(error)")
/Applications/Xcode-27.0.0-Release.Candidate.app/Contents/Developer/Platforms/WatchOS.platform/Developer/SDKs/WatchOS27.0.sdk/System/Library/Frameworks/BackgroundTasks.framework/Headers/BGTaskScheduler.h:106:1: note: 'submit' has been explicitly marked unavailable here
104 | ///   - error: If an error occurs, upon return contains an error object that indicates why the request was rejected
105 | /// - Returns: `YES` if the request was successfully submitted; `NO` if there was an error
106 | - (BOOL)submitTaskRequest:(BGTaskRequest *)taskRequest
    | `- note: 'submit' has been explicitly marked unavailable here
107 |                     error:(NSError * _Nullable *)error
108 |     API_DEPRECATED("Use submitTaskRequest:completionHandler: instead to capture all error conditions",
Failed frontend command:
SwiftCompile normal arm64 /Users/admin/builder/spi-builder-workspace/Sources/TaskScheduler/Engine/Backends/iOSBackend.swift (in target 'TaskScheduler' from project 'TaskScheduler')
    cd /Users/admin/builder/spi-builder-workspace/.swiftpm/xcode
    builtin-SwiftPerFileCompile iOSBackend.swift
/Applications/Xcode-27.0.0-Release.Candidate.app/Contents/Developer/Toolchains/XcodeDefault.xctoolchain/usr/bin/swift-frontend -frontend -c /Users/admin/builder/spi-builder-workspace/Sources/TaskScheduler/Engine/Backends/Backend.swift /Users/admin/builder/spi-builder-workspace/Sources/TaskScheduler/Engine/Backends/MacOSBackend.swift -primary-file /Users/admin/builder/spi-builder-workspace/Sources/TaskScheduler/Engine/Backends/iOSBackend.swift /Users/admin/builder/spi-builder-workspace/Sources/TaskScheduler/Engine/TaskExecutor.swift /Users/admin/builder/spi-builder-workspace/Sources/TaskScheduler/Engine/TaskExecutorSignal.swift /Users/admin/builder/spi-builder-workspace/Sources/TaskScheduler/Executable/ExecutableTask.swift /Users/admin/builder/spi-builder-workspace/Sources/TaskScheduler/Scheduler/TaskScheduleMode.swift /Users/admin/builder/spi-builder-workspace/Sources/TaskScheduler/Scheduler/TaskScheduler.swift /Users/admin/builder/spi-builder-workspace/Sources/TaskScheduler/Utils/SharedResource.swift -emit-dependencies-path /Users/admin/builder/spi-builder-workspace/.derivedData/Build/Intermediates.noindex/TaskScheduler.build/Debug-watchos/TaskScheduler-t.build/Objects-normal/arm64/iOSBackend.d -emit-const-values-path /Users/admin/builder/spi-builder-workspace/.derivedData/Build/Intermediates.noindex/TaskScheduler.build/Debug-watchos/TaskScheduler-t.build/Objects-normal/arm64/iOSBackend.swiftconstvalues -emit-reference-dependencies-path /Users/admin/builder/spi-builder-workspace/.derivedData/Build/Intermediates.noindex/TaskScheduler.build/Debug-watchos/TaskScheduler-t.build/Objects-normal/arm64/iOSBackend.swiftdeps -serialize-diagnostics-path /Users/admin/builder/spi-builder-workspace/.derivedData/Build/Intermediates.noindex/TaskScheduler.build/Debug-watchos/TaskScheduler-t.build/Objects-normal/arm64/iOSBackend.dia -target arm64-apple-watchos10.0 -disable-cross-import-overlay-search -load-resolved-plugin /Applications/Xcode-27.0.0-Release.Candidate.app/Contents/Developer/Platforms/WatchOS.platform/Developer/usr/lib/swift/host/plugins/libFoundationMacros.dylib\#/Applications/Xcode-27.0.0-Release.Candidate.app/Contents/Developer/Platforms/WatchOS.platform/Developer/usr/bin/swift-plugin-server\#FoundationMacros -load-resolved-plugin /Applications/Xcode-27.0.0-Release.Candidate.app/Contents/Developer/Platforms/WatchOS.platform/Developer/usr/lib/swift/host/plugins/libObservationMacros.dylib\#/Applications/Xcode-27.0.0-Release.Candidate.app/Contents/Developer/Platforms/WatchOS.platform/Developer/usr/bin/swift-plugin-server\#ObservationMacros -load-resolved-plugin /Applications/Xcode-27.0.0-Release.Candidate.app/Contents/Developer/Platforms/WatchOS.platform/Developer/usr/lib/swift/host/plugins/libPreviewsMacros.dylib\#/Applications/Xcode-27.0.0-Release.Candidate.app/Contents/Developer/Platforms/WatchOS.platform/Developer/usr/bin/swift-plugin-server\#PreviewsMacros -load-resolved-plugin /Applications/Xcode-27.0.0-Release.Candidate.app/Contents/Developer/Platforms/WatchOS.platform/Developer/usr/lib/swift/host/plugins/libSwiftMacros.dylib\#/Applications/Xcode-27.0.0-Release.Candidate.app/Contents/Developer/Platforms/WatchOS.platform/Developer/usr/bin/swift-plugin-server\#SwiftMacros -load-resolved-plugin /Applications/Xcode-27.0.0-Release.Candidate.app/Contents/Developer/Platforms/WatchOS.platform/Developer/usr/lib/swift/host/plugins/libSwiftUIMacros.dylib\#/Applications/Xcode-27.0.0-Release.Candidate.app/Contents/Developer/Platforms/WatchOS.platform/Developer/usr/bin/swift-plugin-server\#SwiftUIMacros -disable-implicit-swift-modules -Xcc -fno-implicit-modules -Xcc -fno-implicit-module-maps -explicit-swift-module-map-file /Users/admin/builder/spi-builder-workspace/.derivedData/Build/Intermediates.noindex/TaskScheduler.build/Debug-watchos/TaskScheduler-t.build/Objects-normal/arm64/TaskScheduler-dependencies-2.json -Xllvm -aarch64-use-tbi -enable-objc-interop -stack-check -sdk /Applications/Xcode-27.0.0-Release.Candidate.app/Contents/Developer/Platforms/WatchOS.platform/Developer/SDKs/WatchOS27.0.sdk -I /Users/admin/builder/spi-builder-workspace/.derivedData/Build/Products/Debug-watchos -Isystem /Applications/Xcode-27.0.0-Release.Candidate.app/Contents/Developer/Platforms/WatchOS.platform/Developer/usr/lib -F /Users/admin/builder/spi-builder-workspace/.derivedData/Build/Products/Debug-watchos -F /Applications/Xcode-27.0.0-Release.Candidate.app/Contents/Developer/Platforms/WatchOS.platform/Developer/Library/Frameworks -F /Applications/Xcode-27.0.0-Release.Candidate.app/Contents/Developer/Platforms/WatchOS.platform/Developer/SDKs/WatchOS27.0.sdk/Developer/Library/Frameworks -module-cache-path /Users/admin/builder/spi-builder-workspace/.derivedData/Build/Intermediates.noindex/SwiftExplicitPrecompiledModules -no-color-diagnostics -Xcc -fno-color-diagnostics -enable-testing -g -debug-info-format\=dwarf -dwarf-version\=4 -profile-generate -profile-coverage-mapping -swift-version 6 -Onone -D SWIFT_PACKAGE -D DEBUG -D SWIFT_MODULE_RESOURCE_BUNDLE_UNAVAILABLE -D Xcode -serialize-debugging-options -enable-experimental-feature DebugDescriptionMacro -empty-abi-descriptor -validate-clang-modules-once -clang-build-session-file /Users/admin/builder/spi-builder-workspace/.derivedData/ModuleCache.noindex/Session.modulevalidation -Xcc -working-directory -Xcc /Users/admin/builder/spi-builder-workspace/.swiftpm/xcode -enable-anonymous-context-mangled-names -file-compilation-dir /Users/admin/builder/spi-builder-workspace/.swiftpm/xcode -Xcc -D_LIBCPP_HARDENING_MODE\=_LIBCPP_HARDENING_MODE_DEBUG -Xcc -ivfsstatcache -Xcc /Users/admin/builder/spi-builder-workspace/.derivedData/SDKStatCaches.noindex/watchos27.0-24R360-e829b21a6f8c9b70876ba0858053c04477534ef55a1706bf4c1112bbb242f0a2.sdkstatcache -Xcc -fmodules-prune-interval\=86400 -Xcc -fmodules-prune-after\=345600 -Xcc -I/Users/admin/builder/spi-builder-workspace/.derivedData/Build/Products/Debug-watchos/include -Xcc -I/Users/admin/builder/spi-builder-workspace/.derivedData/Build/Intermediates.noindex/TaskScheduler.build/Debug-watchos/TaskScheduler-t.build/DerivedSources-normal/arm64 -Xcc -I/Users/admin/builder/spi-builder-workspace/.derivedData/Build/Intermediates.noindex/TaskScheduler.build/Debug-watchos/TaskScheduler-t.build/DerivedSources/arm64 -Xcc -I/Users/admin/builder/spi-builder-workspace/.derivedData/Build/Intermediates.noindex/TaskScheduler.build/Debug-watchos/TaskScheduler-t.build/DerivedSources -Xcc -DSWIFT_PACKAGE -Xcc -DDEBUG\=1 -no-auto-bridging-header-chaining -module-name TaskScheduler -package-name spi_builder_workspace -const-gather-protocols-file /Users/admin/builder/spi-builder-workspace/.derivedData/Build/Intermediates.noindex/TaskScheduler.build/Debug-watchos/TaskScheduler-t.build/Objects-normal/arm64/TaskScheduler_const_extract_protocols.json -disable-clang-spi -clang-target arm64-apple-watchos27.0 -target-sdk-version 27.0 -target-sdk-name watchos27.0 -in-process-plugin-server-path /Applications/Xcode-27.0.0-Release.Candidate.app/Contents/Developer/Toolchains/XcodeDefault.xctoolchain/usr/lib/swift/host/libSwiftInProcPluginServer.dylib -parse-as-library -o /Users/admin/builder/spi-builder-workspace/.derivedData/Build/Intermediates.noindex/TaskScheduler.build/Debug-watchos/TaskScheduler-t.build/Objects-normal/arm64/iOSBackend.o -debug-module-path /Users/admin/builder/spi-builder-workspace/.derivedData/Build/Intermediates.noindex/TaskScheduler.build/Debug-watchos/TaskScheduler-t.build/Objects-normal/arm64/TaskScheduler.swiftmodule -index-unit-output-path /TaskScheduler.build/Debug-watchos/TaskScheduler-t.build/Objects-normal/arm64/iOSBackend.o -index-store-path /Users/admin/builder/spi-builder-workspace/.derivedData/Index.noindex/DataStore -index-system-modules
SwiftCompile normal arm64 Compiling\ MacOSBackend.swift /Users/admin/builder/spi-builder-workspace/Sources/TaskScheduler/Engine/Backends/MacOSBackend.swift (in target 'TaskScheduler' from project 'TaskScheduler')
SwiftCompile normal arm64 /Users/admin/builder/spi-builder-workspace/Sources/TaskScheduler/Engine/Backends/MacOSBackend.swift (in target 'TaskScheduler' from project 'TaskScheduler')
    cd /Users/admin/builder/spi-builder-workspace/.swiftpm/xcode
    builtin-SwiftPerFileCompile MacOSBackend.swift
SwiftExplicitDependencyGeneratePcm arm64_32 /Users/admin/builder/spi-builder-workspace/.derivedData/SDKExplicitPrecompiledModules/SwiftUI-6DR5UJH94SD7QMITGWNAX9FBI.pcm
SwiftDriverJobDiscovery normal arm64 Emitting module for TaskScheduler (in target 'TaskScheduler' from project 'TaskScheduler')
SwiftDriver\ Compilation\ Requirements TaskScheduler normal arm64 com.apple.xcode.tools.swift.compiler (in target 'TaskScheduler' from project 'TaskScheduler')
    cd /Users/admin/builder/spi-builder-workspace/.swiftpm/xcode
    builtin-Swift-Compilation-Requirements -- /Applications/Xcode-27.0.0-Release.Candidate.app/Contents/Developer/Toolchains/XcodeDefault.xctoolchain/usr/bin/swiftc -parse-as-library -module-name TaskScheduler -Onone @/Users/admin/builder/spi-builder-workspace/.derivedData/Build/Intermediates.noindex/TaskScheduler.build/Debug-watchos/TaskScheduler-t.build/Objects-normal/arm64/TaskScheduler.SwiftFileList -DSWIFT_PACKAGE -DDEBUG -DSWIFT_MODULE_RESOURCE_BUNDLE_UNAVAILABLE -DXcode -plugin-path /Applications/Xcode-27.0.0-Release.Candidate.app/Contents/Developer/Toolchains/XcodeDefault.xctoolchain/usr/lib/swift/host/plugins/testing -enable-experimental-feature DebugDescriptionMacro -sdk /Applications/Xcode-27.0.0-Release.Candidate.app/Contents/Developer/Platforms/WatchOS.platform/Developer/SDKs/WatchOS27.0.sdk -target arm64-apple-watchos10.0 -g -module-cache-path /Users/admin/builder/spi-builder-workspace/.derivedData/ModuleCache.noindex -Xfrontend -serialize-debugging-options -profile-coverage-mapping -profile-generate -enable-testing -index-store-path /Users/admin/builder/spi-builder-workspace/.derivedData/Index.noindex/DataStore -Xcc -D_LIBCPP_HARDENING_MODE\=_LIBCPP_HARDENING_MODE_DEBUG -swift-version 6 -I /Users/admin/builder/spi-builder-workspace/.derivedData/Build/Products/Debug-watchos -Isystem /Applications/Xcode-27.0.0-Release.Candidate.app/Contents/Developer/Platforms/WatchOS.platform/Developer/usr/lib -F /Users/admin/builder/spi-builder-workspace/.derivedData/Build/Products/Debug-watchos -F /Applications/Xcode-27.0.0-Release.Candidate.app/Contents/Developer/Platforms/WatchOS.platform/Developer/Library/Frameworks -F /Applications/Xcode-27.0.0-Release.Candidate.app/Contents/Developer/Platforms/WatchOS.platform/Developer/SDKs/WatchOS27.0.sdk/Developer/Library/Frameworks -c -j10 -enable-batch-mode -incremental -Xcc -ivfsstatcache -Xcc /Users/admin/builder/spi-builder-workspace/.derivedData/SDKStatCaches.noindex/watchos27.0-24R360-e829b21a6f8c9b70876ba0858053c04477534ef55a1706bf4c1112bbb242f0a2.sdkstatcache -output-file-map /Users/admin/builder/spi-builder-workspace/.derivedData/Build/Intermediates.noindex/TaskScheduler.build/Debug-watchos/TaskScheduler-t.build/Objects-normal/arm64/TaskScheduler-OutputFileMap.json -save-temps -no-color-diagnostics -explicit-module-build -module-cache-path /Users/admin/builder/spi-builder-workspace/.derivedData/Build/Intermediates.noindex/SwiftExplicitPrecompiledModules -clang-scanner-module-cache-path /Users/admin/builder/spi-builder-workspace/.derivedData/ModuleCache.noindex -sdk-module-cache-path /Users/admin/builder/spi-builder-workspace/.derivedData/SDKExplicitPrecompiledModules -emit-dependencies -emit-module -emit-module-path /Users/admin/builder/spi-builder-workspace/.derivedData/Build/Intermediates.noindex/TaskScheduler.build/Debug-watchos/TaskScheduler-t.build/Objects-normal/arm64/TaskScheduler.swiftmodule -serialize-diagnostics -dependency-scan-serialize-diagnostics-path /Users/admin/builder/spi-builder-workspace/.derivedData/Build/Intermediates.noindex/TaskScheduler.build/Debug-watchos/TaskScheduler-t.build/Objects-normal/arm64/TaskScheduler-dependency-scan.dia -validate-clang-modules-once -clang-build-session-file /Users/admin/builder/spi-builder-workspace/.derivedData/ModuleCache.noindex/Session.modulevalidation -Xcc -fmodules-prune-interval\=86400 -Xcc -fmodules-prune-after\=345600 -package-name spi_builder_workspace -emit-const-values -const-gather-protocols-list /Users/admin/builder/spi-builder-workspace/.derivedData/Build/Intermediates.noindex/TaskScheduler.build/Debug-watchos/TaskScheduler-t.build/Objects-normal/arm64/TaskScheduler_const_extract_protocols.json -Xcc -I/Users/admin/builder/spi-builder-workspace/.derivedData/Build/Products/Debug-watchos/include -Xcc -I/Users/admin/builder/spi-builder-workspace/.derivedData/Build/Intermediates.noindex/TaskScheduler.build/Debug-watchos/TaskScheduler-t.build/DerivedSources-normal/arm64 -Xcc -I/Users/admin/builder/spi-builder-workspace/.derivedData/Build/Intermediates.noindex/TaskScheduler.build/Debug-watchos/TaskScheduler-t.build/DerivedSources/arm64 -Xcc -I/Users/admin/builder/spi-builder-workspace/.derivedData/Build/Intermediates.noindex/TaskScheduler.build/Debug-watchos/TaskScheduler-t.build/DerivedSources -Xcc -DSWIFT_PACKAGE -Xcc -DDEBUG\=1 -emit-objc-header -emit-objc-header-path /Users/admin/builder/spi-builder-workspace/.derivedData/Build/Intermediates.noindex/TaskScheduler.build/Debug-watchos/TaskScheduler-t.build/Objects-normal/arm64/TaskScheduler-Swift.h -working-directory /Users/admin/builder/spi-builder-workspace/.swiftpm/xcode -experimental-emit-module-separately -disable-cmo
SwiftEmitModule normal arm64_32 Emitting\ module\ for\ TaskScheduler (in target 'TaskScheduler' from project 'TaskScheduler')
SwiftCompile normal arm64_32 (in target 'TaskScheduler' from project 'TaskScheduler')
    cd /Users/admin/builder/spi-builder-workspace/.swiftpm/xcode

Copy /Users/admin/builder/spi-builder-workspace/.derivedData/Build/Products/Debug-watchos/TaskScheduler.swiftmodule/arm64-apple-watchos.swiftmodule /Users/admin/builder/spi-builder-workspace/.derivedData/Build/Intermediates.noindex/TaskScheduler.build/Debug-watchos/TaskScheduler-t.build/Objects-normal/arm64/TaskScheduler.swiftmodule (in target 'TaskScheduler' from project 'TaskScheduler')
    cd /Users/admin/builder/spi-builder-workspace
    builtin-copy -exclude .DS_Store -exclude CVS -exclude .svn -exclude .git -exclude .hg -resolve-src-symlinks -rename /Users/admin/builder/spi-builder-workspace/.derivedData/Build/Intermediates.noindex/TaskScheduler.build/Debug-watchos/TaskScheduler-t.build/Objects-normal/arm64/TaskScheduler.swiftmodule /Users/admin/builder/spi-builder-workspace/.derivedData/Build/Products/Debug-watchos/TaskScheduler.swiftmodule/arm64-apple-watchos.swiftmodule
SwiftDriverJobDiscovery normal arm64_32 Emitting module for TaskScheduler (in target 'TaskScheduler' from project 'TaskScheduler')
SwiftDriver\ Compilation\ Requirements TaskScheduler normal arm64_32 com.apple.xcode.tools.swift.compiler (in target 'TaskScheduler' from project 'TaskScheduler')
    cd /Users/admin/builder/spi-builder-workspace/.swiftpm/xcode
    builtin-Swift-Compilation-Requirements -- /Applications/Xcode-27.0.0-Release.Candidate.app/Contents/Developer/Toolchains/XcodeDefault.xctoolchain/usr/bin/swiftc -parse-as-library -module-name TaskScheduler -Onone @/Users/admin/builder/spi-builder-workspace/.derivedData/Build/Intermediates.noindex/TaskScheduler.build/Debug-watchos/TaskScheduler-t.build/Objects-normal/arm64_32/TaskScheduler.SwiftFileList -DSWIFT_PACKAGE -DDEBUG -DSWIFT_MODULE_RESOURCE_BUNDLE_UNAVAILABLE -DXcode -plugin-path /Applications/Xcode-27.0.0-Release.Candidate.app/Contents/Developer/Toolchains/XcodeDefault.xctoolchain/usr/lib/swift/host/plugins/testing -enable-experimental-feature DebugDescriptionMacro -sdk /Applications/Xcode-27.0.0-Release.Candidate.app/Contents/Developer/Platforms/WatchOS.platform/Developer/SDKs/WatchOS27.0.sdk -target arm64_32-apple-watchos10.0 -g -module-cache-path /Users/admin/builder/spi-builder-workspace/.derivedData/ModuleCache.noindex -Xfrontend -serialize-debugging-options -profile-coverage-mapping -profile-generate -enable-testing -index-store-path /Users/admin/builder/spi-builder-workspace/.derivedData/Index.noindex/DataStore -Xcc -D_LIBCPP_HARDENING_MODE\=_LIBCPP_HARDENING_MODE_DEBUG -swift-version 6 -I /Users/admin/builder/spi-builder-workspace/.derivedData/Build/Products/Debug-watchos -Isystem /Applications/Xcode-27.0.0-Release.Candidate.app/Contents/Developer/Platforms/WatchOS.platform/Developer/usr/lib -F /Users/admin/builder/spi-builder-workspace/.derivedData/Build/Products/Debug-watchos -F /Applications/Xcode-27.0.0-Release.Candidate.app/Contents/Developer/Platforms/WatchOS.platform/Developer/Library/Frameworks -F /Applications/Xcode-27.0.0-Release.Candidate.app/Contents/Developer/Platforms/WatchOS.platform/Developer/SDKs/WatchOS27.0.sdk/Developer/Library/Frameworks -c -j10 -enable-batch-mode -incremental -Xcc -ivfsstatcache -Xcc /Users/admin/builder/spi-builder-workspace/.derivedData/SDKStatCaches.noindex/watchos27.0-24R360-e829b21a6f8c9b70876ba0858053c04477534ef55a1706bf4c1112bbb242f0a2.sdkstatcache -output-file-map /Users/admin/builder/spi-builder-workspace/.derivedData/Build/Intermediates.noindex/TaskScheduler.build/Debug-watchos/TaskScheduler-t.build/Objects-normal/arm64_32/TaskScheduler-OutputFileMap.json -save-temps -no-color-diagnostics -explicit-module-build -module-cache-path /Users/admin/builder/spi-builder-workspace/.derivedData/Build/Intermediates.noindex/SwiftExplicitPrecompiledModules -clang-scanner-module-cache-path /Users/admin/builder/spi-builder-workspace/.derivedData/ModuleCache.noindex -sdk-module-cache-path /Users/admin/builder/spi-builder-workspace/.derivedData/SDKExplicitPrecompiledModules -emit-dependencies -emit-module -emit-module-path /Users/admin/builder/spi-builder-workspace/.derivedData/Build/Intermediates.noindex/TaskScheduler.build/Debug-watchos/TaskScheduler-t.build/Objects-normal/arm64_32/TaskScheduler.swiftmodule -serialize-diagnostics -dependency-scan-serialize-diagnostics-path /Users/admin/builder/spi-builder-workspace/.derivedData/Build/Intermediates.noindex/TaskScheduler.build/Debug-watchos/TaskScheduler-t.build/Objects-normal/arm64_32/TaskScheduler-dependency-scan.dia -validate-clang-modules-once -clang-build-session-file /Users/admin/builder/spi-builder-workspace/.derivedData/ModuleCache.noindex/Session.modulevalidation -Xcc -fmodules-prune-interval\=86400 -Xcc -fmodules-prune-after\=345600 -package-name spi_builder_workspace -emit-const-values -const-gather-protocols-list /Users/admin/builder/spi-builder-workspace/.derivedData/Build/Intermediates.noindex/TaskScheduler.build/Debug-watchos/TaskScheduler-t.build/Objects-normal/arm64_32/TaskScheduler_const_extract_protocols.json -Xcc -I/Users/admin/builder/spi-builder-workspace/.derivedData/Build/Products/Debug-watchos/include -Xcc -I/Users/admin/builder/spi-builder-workspace/.derivedData/Build/Intermediates.noindex/TaskScheduler.build/Debug-watchos/TaskScheduler-t.build/DerivedSources-normal/arm64_32 -Xcc -I/Users/admin/builder/spi-builder-workspace/.derivedData/Build/Intermediates.noindex/TaskScheduler.build/Debug-watchos/TaskScheduler-t.build/DerivedSources/arm64_32 -Xcc -I/Users/admin/builder/spi-builder-workspace/.derivedData/Build/Intermediates.noindex/TaskScheduler.build/Debug-watchos/TaskScheduler-t.build/DerivedSources -Xcc -DSWIFT_PACKAGE -Xcc -DDEBUG\=1 -emit-objc-header -emit-objc-header-path /Users/admin/builder/spi-builder-workspace/.derivedData/Build/Intermediates.noindex/TaskScheduler.build/Debug-watchos/TaskScheduler-t.build/Objects-normal/arm64_32/TaskScheduler-Swift.h -working-directory /Users/admin/builder/spi-builder-workspace/.swiftpm/xcode -experimental-emit-module-separately -disable-cmo
Copy /Users/admin/builder/spi-builder-workspace/.derivedData/Build/Products/Debug-watchos/TaskScheduler.swiftmodule/arm64-apple-watchos.swiftdoc /Users/admin/builder/spi-builder-workspace/.derivedData/Build/Intermediates.noindex/TaskScheduler.build/Debug-watchos/TaskScheduler-t.build/Objects-normal/arm64/TaskScheduler.swiftdoc (in target 'TaskScheduler' from project 'TaskScheduler')
    cd /Users/admin/builder/spi-builder-workspace
    builtin-copy -exclude .DS_Store -exclude CVS -exclude .svn -exclude .git -exclude .hg -resolve-src-symlinks -rename /Users/admin/builder/spi-builder-workspace/.derivedData/Build/Intermediates.noindex/TaskScheduler.build/Debug-watchos/TaskScheduler-t.build/Objects-normal/arm64/TaskScheduler.swiftdoc /Users/admin/builder/spi-builder-workspace/.derivedData/Build/Products/Debug-watchos/TaskScheduler.swiftmodule/arm64-apple-watchos.swiftdoc
SwiftMergeGeneratedHeaders /Users/admin/builder/spi-builder-workspace/.derivedData/Build/Intermediates.noindex/GeneratedModuleMaps-watchos/TaskScheduler-Swift.h /Users/admin/builder/spi-builder-workspace/.derivedData/Build/Intermediates.noindex/TaskScheduler.build/Debug-watchos/TaskScheduler-t.build/Objects-normal/arm64/TaskScheduler-Swift.h /Users/admin/builder/spi-builder-workspace/.derivedData/Build/Intermediates.noindex/TaskScheduler.build/Debug-watchos/TaskScheduler-t.build/Objects-normal/arm64_32/TaskScheduler-Swift.h (in target 'TaskScheduler' from project 'TaskScheduler')
    cd /Users/admin/builder/spi-builder-workspace
    builtin-swiftHeaderTool -arch arm64 /Users/admin/builder/spi-builder-workspace/.derivedData/Build/Intermediates.noindex/TaskScheduler.build/Debug-watchos/TaskScheduler-t.build/Objects-normal/arm64/TaskScheduler-Swift.h -arch arm64_32 /Users/admin/builder/spi-builder-workspace/.derivedData/Build/Intermediates.noindex/TaskScheduler.build/Debug-watchos/TaskScheduler-t.build/Objects-normal/arm64_32/TaskScheduler-Swift.h -o /Users/admin/builder/spi-builder-workspace/.derivedData/Build/Intermediates.noindex/GeneratedModuleMaps-watchos/TaskScheduler-Swift.h
Copy /Users/admin/builder/spi-builder-workspace/.derivedData/Build/Products/Debug-watchos/TaskScheduler.swiftmodule/arm64_32-apple-watchos.swiftmodule /Users/admin/builder/spi-builder-workspace/.derivedData/Build/Intermediates.noindex/TaskScheduler.build/Debug-watchos/TaskScheduler-t.build/Objects-normal/arm64_32/TaskScheduler.swiftmodule (in target 'TaskScheduler' from project 'TaskScheduler')
    cd /Users/admin/builder/spi-builder-workspace
    builtin-copy -exclude .DS_Store -exclude CVS -exclude .svn -exclude .git -exclude .hg -resolve-src-symlinks -rename /Users/admin/builder/spi-builder-workspace/.derivedData/Build/Intermediates.noindex/TaskScheduler.build/Debug-watchos/TaskScheduler-t.build/Objects-normal/arm64_32/TaskScheduler.swiftmodule /Users/admin/builder/spi-builder-workspace/.derivedData/Build/Products/Debug-watchos/TaskScheduler.swiftmodule/arm64_32-apple-watchos.swiftmodule
Copy /Users/admin/builder/spi-builder-workspace/.derivedData/Build/Products/Debug-watchos/TaskScheduler.swiftmodule/arm64_32-apple-watchos.swiftdoc /Users/admin/builder/spi-builder-workspace/.derivedData/Build/Intermediates.noindex/TaskScheduler.build/Debug-watchos/TaskScheduler-t.build/Objects-normal/arm64_32/TaskScheduler.swiftdoc (in target 'TaskScheduler' from project 'TaskScheduler')
    cd /Users/admin/builder/spi-builder-workspace
    builtin-copy -exclude .DS_Store -exclude CVS -exclude .svn -exclude .git -exclude .hg -resolve-src-symlinks -rename /Users/admin/builder/spi-builder-workspace/.derivedData/Build/Intermediates.noindex/TaskScheduler.build/Debug-watchos/TaskScheduler-t.build/Objects-normal/arm64_32/TaskScheduler.swiftdoc /Users/admin/builder/spi-builder-workspace/.derivedData/Build/Products/Debug-watchos/TaskScheduler.swiftmodule/arm64_32-apple-watchos.swiftdoc
Copy /Users/admin/builder/spi-builder-workspace/.derivedData/Build/Products/Debug-watchos/TaskScheduler.swiftmodule/arm64_32-apple-watchos.abi.json /Users/admin/builder/spi-builder-workspace/.derivedData/Build/Intermediates.noindex/TaskScheduler.build/Debug-watchos/TaskScheduler-t.build/Objects-normal/arm64_32/TaskScheduler.abi.json (in target 'TaskScheduler' from project 'TaskScheduler')
    cd /Users/admin/builder/spi-builder-workspace
    builtin-copy -exclude .DS_Store -exclude CVS -exclude .svn -exclude .git -exclude .hg -resolve-src-symlinks -rename /Users/admin/builder/spi-builder-workspace/.derivedData/Build/Intermediates.noindex/TaskScheduler.build/Debug-watchos/TaskScheduler-t.build/Objects-normal/arm64_32/TaskScheduler.abi.json /Users/admin/builder/spi-builder-workspace/.derivedData/Build/Products/Debug-watchos/TaskScheduler.swiftmodule/arm64_32-apple-watchos.abi.json
Copy /Users/admin/builder/spi-builder-workspace/.derivedData/Build/Products/Debug-watchos/TaskScheduler.swiftmodule/arm64-apple-watchos.abi.json /Users/admin/builder/spi-builder-workspace/.derivedData/Build/Intermediates.noindex/TaskScheduler.build/Debug-watchos/TaskScheduler-t.build/Objects-normal/arm64/TaskScheduler.abi.json (in target 'TaskScheduler' from project 'TaskScheduler')
    cd /Users/admin/builder/spi-builder-workspace
    builtin-copy -exclude .DS_Store -exclude CVS -exclude .svn -exclude .git -exclude .hg -resolve-src-symlinks -rename /Users/admin/builder/spi-builder-workspace/.derivedData/Build/Intermediates.noindex/TaskScheduler.build/Debug-watchos/TaskScheduler-t.build/Objects-normal/arm64/TaskScheduler.abi.json /Users/admin/builder/spi-builder-workspace/.derivedData/Build/Products/Debug-watchos/TaskScheduler.swiftmodule/arm64-apple-watchos.abi.json
Copy /Users/admin/builder/spi-builder-workspace/.derivedData/Build/Products/Debug-watchos/TaskScheduler.swiftmodule/Project/arm64_32-apple-watchos.swiftsourceinfo /Users/admin/builder/spi-builder-workspace/.derivedData/Build/Intermediates.noindex/TaskScheduler.build/Debug-watchos/TaskScheduler-t.build/Objects-normal/arm64_32/TaskScheduler.swiftsourceinfo (in target 'TaskScheduler' from project 'TaskScheduler')
    cd /Users/admin/builder/spi-builder-workspace
    builtin-copy -exclude .DS_Store -exclude CVS -exclude .svn -exclude .git -exclude .hg -resolve-src-symlinks -rename /Users/admin/builder/spi-builder-workspace/.derivedData/Build/Intermediates.noindex/TaskScheduler.build/Debug-watchos/TaskScheduler-t.build/Objects-normal/arm64_32/TaskScheduler.swiftsourceinfo /Users/admin/builder/spi-builder-workspace/.derivedData/Build/Products/Debug-watchos/TaskScheduler.swiftmodule/Project/arm64_32-apple-watchos.swiftsourceinfo
Copy /Users/admin/builder/spi-builder-workspace/.derivedData/Build/Products/Debug-watchos/TaskScheduler.swiftmodule/Project/arm64-apple-watchos.swiftsourceinfo /Users/admin/builder/spi-builder-workspace/.derivedData/Build/Intermediates.noindex/TaskScheduler.build/Debug-watchos/TaskScheduler-t.build/Objects-normal/arm64/TaskScheduler.swiftsourceinfo (in target 'TaskScheduler' from project 'TaskScheduler')
    cd /Users/admin/builder/spi-builder-workspace
    builtin-copy -exclude .DS_Store -exclude CVS -exclude .svn -exclude .git -exclude .hg -resolve-src-symlinks -rename /Users/admin/builder/spi-builder-workspace/.derivedData/Build/Intermediates.noindex/TaskScheduler.build/Debug-watchos/TaskScheduler-t.build/Objects-normal/arm64/TaskScheduler.swiftsourceinfo /Users/admin/builder/spi-builder-workspace/.derivedData/Build/Products/Debug-watchos/TaskScheduler.swiftmodule/Project/arm64-apple-watchos.swiftsourceinfo
SwiftCompile normal arm64_32 Compiling\ ExecutableTask.swift /Users/admin/builder/spi-builder-workspace/Sources/TaskScheduler/Executable/ExecutableTask.swift (in target 'TaskScheduler' from project 'TaskScheduler')
SwiftCompile normal arm64_32 /Users/admin/builder/spi-builder-workspace/Sources/TaskScheduler/Executable/ExecutableTask.swift (in target 'TaskScheduler' from project 'TaskScheduler')
    cd /Users/admin/builder/spi-builder-workspace/.swiftpm/xcode
    builtin-SwiftPerFileCompile ExecutableTask.swift
SwiftCompile normal arm64_32 Compiling\ Backend.swift /Users/admin/builder/spi-builder-workspace/Sources/TaskScheduler/Engine/Backends/Backend.swift (in target 'TaskScheduler' from project 'TaskScheduler')
SwiftCompile normal arm64_32 /Users/admin/builder/spi-builder-workspace/Sources/TaskScheduler/Engine/Backends/Backend.swift (in target 'TaskScheduler' from project 'TaskScheduler')
    cd /Users/admin/builder/spi-builder-workspace/.swiftpm/xcode
    builtin-SwiftPerFileCompile Backend.swift
SwiftDriverJobDiscovery normal arm64 Compiling MacOSBackend.swift (in target 'TaskScheduler' from project 'TaskScheduler')
SwiftCompile normal arm64_32 Compiling\ iOSBackend.swift /Users/admin/builder/spi-builder-workspace/Sources/TaskScheduler/Engine/Backends/iOSBackend.swift (in target 'TaskScheduler' from project 'TaskScheduler')
/Users/admin/builder/spi-builder-workspace/Sources/TaskScheduler/Engine/Backends/iOSBackend.swift:50:23: error: 'BGAppRefreshTaskRequest' is unavailable in watchOS
48 |         identifier: String
49 |     ) {
50 |         let request = BGAppRefreshTaskRequest(identifier: identifier)
   |                       `- error: 'BGAppRefreshTaskRequest' is unavailable in watchOS
51 |         request.earliestBeginDate = Date(
52 |             timeIntervalSinceNow: 1 * 60
/Applications/Xcode-27.0.0-Release.Candidate.app/Contents/Developer/Platforms/WatchOS.platform/Developer/SDKs/WatchOS27.0.sdk/System/Library/Frameworks/BackgroundTasks.framework/Headers/BGTaskRequest.h:42:12: note: 'BGAppRefreshTaskRequest' has been explicitly marked unavailable here
 40 | /// and app usage.
 41 | BG_EXTERN API_AVAILABLE(ios(13.0), tvos(13.0)) API_UNAVAILABLE(macos) API_UNAVAILABLE(watchos)
 42 | @interface BGAppRefreshTaskRequest : BGTaskRequest
    |            `- note: 'BGAppRefreshTaskRequest' has been explicitly marked unavailable here
 43 |
 44 | /// Return a new refresh task request for the specified identifier.
/Users/admin/builder/spi-builder-workspace/Sources/TaskScheduler/Engine/Backends/iOSBackend.swift:56:17: error: 'BGTaskScheduler' is unavailable in watchOS
54 |
55 |         do {
56 |             try BGTaskScheduler.shared.submit(request)
   |                 `- error: 'BGTaskScheduler' is unavailable in watchOS
57 |         } catch {
58 |             print("Could not schedule app refresh: \(error)")
/Applications/Xcode-27.0.0-Release.Candidate.app/Contents/Developer/Platforms/WatchOS.platform/Developer/SDKs/WatchOS27.0.sdk/System/Library/Frameworks/BackgroundTasks.framework/Headers/BGTaskScheduler.h:64:12: note: 'BGTaskScheduler' has been explicitly marked unavailable here
 62 | /// <doc://com.apple.documentation/documentation/uikit/app_and_environment/scenes/preparing_your_ui_to_run_in_the_background/using_background_tasks_to_update_your_app>.
 63 | BG_EXTERN API_AVAILABLE(ios(13.0), tvos(13.0)) API_UNAVAILABLE(macos) API_UNAVAILABLE(watchos)
 64 | @interface BGTaskScheduler : NSObject
    |            `- note: 'BGTaskScheduler' has been explicitly marked unavailable here
 65 | - (instancetype)init NS_UNAVAILABLE; //Use the shared scheduler object instead
 66 | + (instancetype)new NS_UNAVAILABLE; //Use the shared scheduler object instead
/Users/admin/builder/spi-builder-workspace/Sources/TaskScheduler/Engine/Backends/iOSBackend.swift:56:40: error: 'submit' is unavailable in watchOS
54 |
55 |         do {
56 |             try BGTaskScheduler.shared.submit(request)
   |                                        `- error: 'submit' is unavailable in watchOS
57 |         } catch {
58 |             print("Could not schedule app refresh: \(error)")
/Applications/Xcode-27.0.0-Release.Candidate.app/Contents/Developer/Platforms/WatchOS.platform/Developer/SDKs/WatchOS27.0.sdk/System/Library/Frameworks/BackgroundTasks.framework/Headers/BGTaskScheduler.h:106:1: note: 'submit' has been explicitly marked unavailable here
104 | ///   - error: If an error occurs, upon return contains an error object that indicates why the request was rejected
105 | /// - Returns: `YES` if the request was successfully submitted; `NO` if there was an error
106 | - (BOOL)submitTaskRequest:(BGTaskRequest *)taskRequest
    | `- note: 'submit' has been explicitly marked unavailable here
107 |                     error:(NSError * _Nullable *)error
108 |     API_DEPRECATED("Use submitTaskRequest:completionHandler: instead to capture all error conditions",
Failed frontend command:
SwiftCompile normal arm64_32 /Users/admin/builder/spi-builder-workspace/Sources/TaskScheduler/Engine/Backends/iOSBackend.swift (in target 'TaskScheduler' from project 'TaskScheduler')
    cd /Users/admin/builder/spi-builder-workspace/.swiftpm/xcode
    builtin-SwiftPerFileCompile iOSBackend.swift
/Applications/Xcode-27.0.0-Release.Candidate.app/Contents/Developer/Toolchains/XcodeDefault.xctoolchain/usr/bin/swift-frontend -frontend -c /Users/admin/builder/spi-builder-workspace/Sources/TaskScheduler/Engine/Backends/Backend.swift /Users/admin/builder/spi-builder-workspace/Sources/TaskScheduler/Engine/Backends/MacOSBackend.swift -primary-file /Users/admin/builder/spi-builder-workspace/Sources/TaskScheduler/Engine/Backends/iOSBackend.swift /Users/admin/builder/spi-builder-workspace/Sources/TaskScheduler/Engine/TaskExecutor.swift /Users/admin/builder/spi-builder-workspace/Sources/TaskScheduler/Engine/TaskExecutorSignal.swift /Users/admin/builder/spi-builder-workspace/Sources/TaskScheduler/Executable/ExecutableTask.swift /Users/admin/builder/spi-builder-workspace/Sources/TaskScheduler/Scheduler/TaskScheduleMode.swift /Users/admin/builder/spi-builder-workspace/Sources/TaskScheduler/Scheduler/TaskScheduler.swift /Users/admin/builder/spi-builder-workspace/Sources/TaskScheduler/Utils/SharedResource.swift -emit-dependencies-path /Users/admin/builder/spi-builder-workspace/.derivedData/Build/Intermediates.noindex/TaskScheduler.build/Debug-watchos/TaskScheduler-t.build/Objects-normal/arm64_32/iOSBackend.d -emit-const-values-path /Users/admin/builder/spi-builder-workspace/.derivedData/Build/Intermediates.noindex/TaskScheduler.build/Debug-watchos/TaskScheduler-t.build/Objects-normal/arm64_32/iOSBackend.swiftconstvalues -emit-reference-dependencies-path /Users/admin/builder/spi-builder-workspace/.derivedData/Build/Intermediates.noindex/TaskScheduler.build/Debug-watchos/TaskScheduler-t.build/Objects-normal/arm64_32/iOSBackend.swiftdeps -serialize-diagnostics-path /Users/admin/builder/spi-builder-workspace/.derivedData/Build/Intermediates.noindex/TaskScheduler.build/Debug-watchos/TaskScheduler-t.build/Objects-normal/arm64_32/iOSBackend.dia -target arm64_32-apple-watchos10.0 -disable-cross-import-overlay-search -load-resolved-plugin /Applications/Xcode-27.0.0-Release.Candidate.app/Contents/Developer/Platforms/WatchOS.platform/Developer/usr/lib/swift/host/plugins/libFoundationMacros.dylib\#/Applications/Xcode-27.0.0-Release.Candidate.app/Contents/Developer/Platforms/WatchOS.platform/Developer/usr/bin/swift-plugin-server\#FoundationMacros -load-resolved-plugin /Applications/Xcode-27.0.0-Release.Candidate.app/Contents/Developer/Platforms/WatchOS.platform/Developer/usr/lib/swift/host/plugins/libObservationMacros.dylib\#/Applications/Xcode-27.0.0-Release.Candidate.app/Contents/Developer/Platforms/WatchOS.platform/Developer/usr/bin/swift-plugin-server\#ObservationMacros -load-resolved-plugin /Applications/Xcode-27.0.0-Release.Candidate.app/Contents/Developer/Platforms/WatchOS.platform/Developer/usr/lib/swift/host/plugins/libPreviewsMacros.dylib\#/Applications/Xcode-27.0.0-Release.Candidate.app/Contents/Developer/Platforms/WatchOS.platform/Developer/usr/bin/swift-plugin-server\#PreviewsMacros -load-resolved-plugin /Applications/Xcode-27.0.0-Release.Candidate.app/Contents/Developer/Platforms/WatchOS.platform/Developer/usr/lib/swift/host/plugins/libSwiftMacros.dylib\#/Applications/Xcode-27.0.0-Release.Candidate.app/Contents/Developer/Platforms/WatchOS.platform/Developer/usr/bin/swift-plugin-server\#SwiftMacros -load-resolved-plugin /Applications/Xcode-27.0.0-Release.Candidate.app/Contents/Developer/Platforms/WatchOS.platform/Developer/usr/lib/swift/host/plugins/libSwiftUIMacros.dylib\#/Applications/Xcode-27.0.0-Release.Candidate.app/Contents/Developer/Platforms/WatchOS.platform/Developer/usr/bin/swift-plugin-server\#SwiftUIMacros -disable-implicit-swift-modules -Xcc -fno-implicit-modules -Xcc -fno-implicit-module-maps -explicit-swift-module-map-file /Users/admin/builder/spi-builder-workspace/.derivedData/Build/Intermediates.noindex/TaskScheduler.build/Debug-watchos/TaskScheduler-t.build/Objects-normal/arm64_32/TaskScheduler-dependencies-1.json -enable-objc-interop -sdk /Applications/Xcode-27.0.0-Release.Candidate.app/Contents/Developer/Platforms/WatchOS.platform/Developer/SDKs/WatchOS27.0.sdk -I /Users/admin/builder/spi-builder-workspace/.derivedData/Build/Products/Debug-watchos -Isystem /Applications/Xcode-27.0.0-Release.Candidate.app/Contents/Developer/Platforms/WatchOS.platform/Developer/usr/lib -F /Users/admin/builder/spi-builder-workspace/.derivedData/Build/Products/Debug-watchos -F /Applications/Xcode-27.0.0-Release.Candidate.app/Contents/Developer/Platforms/WatchOS.platform/Developer/Library/Frameworks -F /Applications/Xcode-27.0.0-Release.Candidate.app/Contents/Developer/Platforms/WatchOS.platform/Developer/SDKs/WatchOS27.0.sdk/Developer/Library/Frameworks -module-cache-path /Users/admin/builder/spi-builder-workspace/.derivedData/Build/Intermediates.noindex/SwiftExplicitPrecompiledModules -no-color-diagnostics -Xcc -fno-color-diagnostics -enable-testing -g -debug-info-format\=dwarf -dwarf-version\=4 -profile-generate -profile-coverage-mapping -swift-version 6 -Onone -D SWIFT_PACKAGE -D DEBUG -D SWIFT_MODULE_RESOURCE_BUNDLE_UNAVAILABLE -D Xcode -serialize-debugging-options -enable-experimental-feature DebugDescriptionMacro -empty-abi-descriptor -validate-clang-modules-once -clang-build-session-file /Users/admin/builder/spi-builder-workspace/.derivedData/ModuleCache.noindex/Session.modulevalidation -Xcc -working-directory -Xcc /Users/admin/builder/spi-builder-workspace/.swiftpm/xcode -enable-anonymous-context-mangled-names -file-compilation-dir /Users/admin/builder/spi-builder-workspace/.swiftpm/xcode -Xcc -D_LIBCPP_HARDENING_MODE\=_LIBCPP_HARDENING_MODE_DEBUG -Xcc -ivfsstatcache -Xcc /Users/admin/builder/spi-builder-workspace/.derivedData/SDKStatCaches.noindex/watchos27.0-24R360-e829b21a6f8c9b70876ba0858053c04477534ef55a1706bf4c1112bbb242f0a2.sdkstatcache -Xcc -fmodules-prune-interval\=86400 -Xcc -fmodules-prune-after\=345600 -Xcc -I/Users/admin/builder/spi-builder-workspace/.derivedData/Build/Products/Debug-watchos/include -Xcc -I/Users/admin/builder/spi-builder-workspace/.derivedData/Build/Intermediates.noindex/TaskScheduler.build/Debug-watchos/TaskScheduler-t.build/DerivedSources-normal/arm64_32 -Xcc -I/Users/admin/builder/spi-builder-workspace/.derivedData/Build/Intermediates.noindex/TaskScheduler.build/Debug-watchos/TaskScheduler-t.build/DerivedSources/arm64_32 -Xcc -I/Users/admin/builder/spi-builder-workspace/.derivedData/Build/Intermediates.noindex/TaskScheduler.build/Debug-watchos/TaskScheduler-t.build/DerivedSources -Xcc -DSWIFT_PACKAGE -Xcc -DDEBUG\=1 -no-auto-bridging-header-chaining -module-name TaskScheduler -package-name spi_builder_workspace -const-gather-protocols-file /Users/admin/builder/spi-builder-workspace/.derivedData/Build/Intermediates.noindex/TaskScheduler.build/Debug-watchos/TaskScheduler-t.build/Objects-normal/arm64_32/TaskScheduler_const_extract_protocols.json -disable-clang-spi -clang-target arm64_32-apple-watchos27.0 -target-sdk-version 27.0 -target-sdk-name watchos27.0 -in-process-plugin-server-path /Applications/Xcode-27.0.0-Release.Candidate.app/Contents/Developer/Toolchains/XcodeDefault.xctoolchain/usr/lib/swift/host/libSwiftInProcPluginServer.dylib -parse-as-library -o /Users/admin/builder/spi-builder-workspace/.derivedData/Build/Intermediates.noindex/TaskScheduler.build/Debug-watchos/TaskScheduler-t.build/Objects-normal/arm64_32/iOSBackend.o -debug-module-path /Users/admin/builder/spi-builder-workspace/.derivedData/Build/Intermediates.noindex/TaskScheduler.build/Debug-watchos/TaskScheduler-t.build/Objects-normal/arm64_32/TaskScheduler.swiftmodule -index-unit-output-path /TaskScheduler.build/Debug-watchos/TaskScheduler-t.build/Objects-normal/arm64_32/iOSBackend.o -index-store-path /Users/admin/builder/spi-builder-workspace/.derivedData/Index.noindex/DataStore -index-system-modules
SwiftDriverJobDiscovery normal arm64 Compiling Backend.swift (in target 'TaskScheduler' from project 'TaskScheduler')
SwiftCompile normal arm64_32 Compiling\ MacOSBackend.swift /Users/admin/builder/spi-builder-workspace/Sources/TaskScheduler/Engine/Backends/MacOSBackend.swift (in target 'TaskScheduler' from project 'TaskScheduler')
SwiftCompile normal arm64_32 /Users/admin/builder/spi-builder-workspace/Sources/TaskScheduler/Engine/Backends/MacOSBackend.swift (in target 'TaskScheduler' from project 'TaskScheduler')
    cd /Users/admin/builder/spi-builder-workspace/.swiftpm/xcode
    builtin-SwiftPerFileCompile MacOSBackend.swift
SwiftDriverJobDiscovery normal arm64_32 Compiling Backend.swift (in target 'TaskScheduler' from project 'TaskScheduler')
SwiftDriverJobDiscovery normal arm64_32 Compiling MacOSBackend.swift (in target 'TaskScheduler' from project 'TaskScheduler')
SwiftCompile normal arm64_32 Compiling\ TaskExecutor.swift /Users/admin/builder/spi-builder-workspace/Sources/TaskScheduler/Engine/TaskExecutor.swift (in target 'TaskScheduler' from project 'TaskScheduler')
SwiftCompile normal arm64_32 /Users/admin/builder/spi-builder-workspace/Sources/TaskScheduler/Engine/TaskExecutor.swift (in target 'TaskScheduler' from project 'TaskScheduler')
    cd /Users/admin/builder/spi-builder-workspace/.swiftpm/xcode
    builtin-SwiftPerFileCompile TaskExecutor.swift
SwiftCompile normal arm64_32 Compiling\ TaskExecutorSignal.swift /Users/admin/builder/spi-builder-workspace/Sources/TaskScheduler/Engine/TaskExecutorSignal.swift (in target 'TaskScheduler' from project 'TaskScheduler')
SwiftCompile normal arm64_32 /Users/admin/builder/spi-builder-workspace/Sources/TaskScheduler/Engine/TaskExecutorSignal.swift (in target 'TaskScheduler' from project 'TaskScheduler')
    cd /Users/admin/builder/spi-builder-workspace/.swiftpm/xcode
    builtin-SwiftPerFileCompile TaskExecutorSignal.swift
SwiftDriverJobDiscovery normal arm64 Compiling ExecutableTask.swift (in target 'TaskScheduler' from project 'TaskScheduler')
SwiftDriverJobDiscovery normal arm64 Compiling TaskExecutorSignal.swift (in target 'TaskScheduler' from project 'TaskScheduler')
SwiftCompile normal arm64_32 Compiling\ SharedResource.swift /Users/admin/builder/spi-builder-workspace/Sources/TaskScheduler/Utils/SharedResource.swift (in target 'TaskScheduler' from project 'TaskScheduler')
SwiftCompile normal arm64_32 /Users/admin/builder/spi-builder-workspace/Sources/TaskScheduler/Utils/SharedResource.swift (in target 'TaskScheduler' from project 'TaskScheduler')
    cd /Users/admin/builder/spi-builder-workspace/.swiftpm/xcode
    builtin-SwiftPerFileCompile SharedResource.swift
SwiftDriverJobDiscovery normal arm64 Compiling SharedResource.swift (in target 'TaskScheduler' from project 'TaskScheduler')
SwiftCompile normal arm64_32 Compiling\ TaskScheduler.swift /Users/admin/builder/spi-builder-workspace/Sources/TaskScheduler/Scheduler/TaskScheduler.swift (in target 'TaskScheduler' from project 'TaskScheduler')
SwiftCompile normal arm64_32 /Users/admin/builder/spi-builder-workspace/Sources/TaskScheduler/Scheduler/TaskScheduler.swift (in target 'TaskScheduler' from project 'TaskScheduler')
    cd /Users/admin/builder/spi-builder-workspace/.swiftpm/xcode
    builtin-SwiftPerFileCompile TaskScheduler.swift
SwiftDriverJobDiscovery normal arm64 Compiling TaskScheduleMode.swift (in target 'TaskScheduler' from project 'TaskScheduler')
SwiftCompile normal arm64_32 Compiling\ TaskScheduleMode.swift /Users/admin/builder/spi-builder-workspace/Sources/TaskScheduler/Scheduler/TaskScheduleMode.swift (in target 'TaskScheduler' from project 'TaskScheduler')
SwiftCompile normal arm64_32 /Users/admin/builder/spi-builder-workspace/Sources/TaskScheduler/Scheduler/TaskScheduleMode.swift (in target 'TaskScheduler' from project 'TaskScheduler')
    cd /Users/admin/builder/spi-builder-workspace/.swiftpm/xcode
    builtin-SwiftPerFileCompile TaskScheduleMode.swift
SwiftDriverJobDiscovery normal arm64 Compiling TaskScheduler.swift (in target 'TaskScheduler' from project 'TaskScheduler')
SwiftDriverJobDiscovery normal arm64 Compiling TaskExecutor.swift (in target 'TaskScheduler' from project 'TaskScheduler')
SwiftDriverJobDiscovery normal arm64_32 Compiling ExecutableTask.swift (in target 'TaskScheduler' from project 'TaskScheduler')
SwiftDriverJobDiscovery normal arm64_32 Compiling TaskScheduleMode.swift (in target 'TaskScheduler' from project 'TaskScheduler')
SwiftDriverJobDiscovery normal arm64_32 Compiling TaskExecutorSignal.swift (in target 'TaskScheduler' from project 'TaskScheduler')
SwiftDriverJobDiscovery normal arm64_32 Compiling SharedResource.swift (in target 'TaskScheduler' from project 'TaskScheduler')
SwiftDriverJobDiscovery normal arm64_32 Compiling TaskScheduler.swift (in target 'TaskScheduler' from project 'TaskScheduler')
SwiftDriverJobDiscovery normal arm64_32 Compiling TaskExecutor.swift (in target 'TaskScheduler' from project 'TaskScheduler')
PruneExplicitPrecompiledModules /Users/admin/builder/spi-builder-workspace/.derivedData/Build/Intermediates.noindex/ExplicitPrecompiledModules
PruneExplicitPrecompiledModules /Users/admin/builder/spi-builder-workspace/.derivedData/Build/Intermediates.noindex/SwiftExplicitPrecompiledModules
PruneExplicitPrecompiledModules /Users/admin/builder/spi-builder-workspace/.derivedData/SDKExplicitPrecompiledModules
2026-09-23 21:53:17.203 xcodebuild[661:3920] [MT] IDERunDestination: Supported platforms for the buildables in the current scheme is empty.
** BUILD FAILED **
The following build commands failed:
	SwiftCompile normal arm64 /Users/admin/builder/spi-builder-workspace/Sources/TaskScheduler/Engine/Backends/iOSBackend.swift (in target 'TaskScheduler' from project 'TaskScheduler')
	SwiftCompile normal arm64 Compiling\ iOSBackend.swift /Users/admin/builder/spi-builder-workspace/Sources/TaskScheduler/Engine/Backends/iOSBackend.swift (in target 'TaskScheduler' from project 'TaskScheduler')
	SwiftCompile normal arm64_32 /Users/admin/builder/spi-builder-workspace/Sources/TaskScheduler/Engine/Backends/iOSBackend.swift (in target 'TaskScheduler' from project 'TaskScheduler')
	SwiftCompile normal arm64_32 Compiling\ iOSBackend.swift /Users/admin/builder/spi-builder-workspace/Sources/TaskScheduler/Engine/Backends/iOSBackend.swift (in target 'TaskScheduler' from project 'TaskScheduler')
	Building workspace TaskScheduler with scheme TaskScheduler
(5 failures)
Command line invocation:
    /Applications/Xcode-27.0.0-Release.Candidate.app/Contents/Developer/usr/bin/xcodebuild -IDEClonedSourcePackagesDirPathOverride=/Users/admin/builder/spi-builder-workspace/.dependencies -resolvePackageDependencies
Resolve Package Graph
Resolved source packages:
  TaskScheduler: /Users/admin/builder/spi-builder-workspace
resolved source packages: TaskScheduler
2026-09-23 21:53:26.342 xcodebuild[839:4664] [MT] IDERunDestination: Supported platforms for the buildables in the current scheme is empty.
{
  "dependencies" : [
  ],
  "manifest_display_name" : "TaskScheduler",
  "name" : "TaskScheduler",
  "path" : "/Users/admin/builder/spi-builder-workspace",
  "platforms" : [
    {
      "name" : "ios",
      "version" : "17.0"
    },
    {
      "name" : "macos",
      "version" : "10.15"
    }
  ],
  "products" : [
    {
      "name" : "TaskScheduler",
      "targets" : [
        "TaskScheduler"
      ],
      "type" : {
        "library" : [
          "automatic"
        ]
      }
    }
  ],
  "targets" : [
    {
      "c99name" : "TaskSchedulerTests",
      "module_type" : "SwiftTarget",
      "name" : "TaskSchedulerTests",
      "path" : "Tests/TaskSchedulerTests",
      "sources" : [
        "CountingTask.swift",
        "TaskSchedulerStressTests.swift",
        "TaskSchedulerTests.swift"
      ],
      "target_dependencies" : [
        "TaskScheduler"
      ],
      "type" : "test"
    },
    {
      "c99name" : "TaskScheduler",
      "module_type" : "SwiftTarget",
      "name" : "TaskScheduler",
      "path" : "Sources/TaskScheduler",
      "product_memberships" : [
        "TaskScheduler"
      ],
      "sources" : [
        "Engine/Backends/Backend.swift",
        "Engine/Backends/MacOSBackend.swift",
        "Engine/Backends/iOSBackend.swift",
        "Engine/TaskExecutor.swift",
        "Engine/TaskExecutorSignal.swift",
        "Executable/ExecutableTask.swift",
        "Scheduler/TaskScheduleMode.swift",
        "Scheduler/TaskScheduler.swift",
        "Utils/SharedResource.swift"
      ],
      "type" : "library"
    }
  ],
  "tools_version" : "6.2"
}
{
  "workspace" : {
    "name" : "TaskScheduler",
    "schemes" : [
      "TaskScheduler"
    ]
  }
}
2026-09-23 21:53:27.552 xcodebuild[847:4726] [MT] IDERunDestination: Supported platforms for the buildables in the current scheme is empty.
Running build ...
env DEVELOPER_DIR=/Applications/Xcode-27.0.0-Release.Candidate.app xcrun xcodebuild -IDEClonedSourcePackagesDirPathOverride=$PWD/.dependencies -skipMacroValidation -skipPackagePluginValidation -derivedDataPath $PWD/.derivedData build -scheme TaskScheduler -destination generic/platform=watchOS
Command line invocation:
    /Applications/Xcode-27.0.0-Release.Candidate.app/Contents/Developer/usr/bin/xcodebuild -IDEClonedSourcePackagesDirPathOverride=/Users/admin/builder/spi-builder-workspace/.dependencies -skipMacroValidation -skipPackagePluginValidation -derivedDataPath /Users/admin/builder/spi-builder-workspace/.derivedData build -scheme TaskScheduler -destination generic/platform=watchOS
Resolve Package Graph
Resolved source packages:
  TaskScheduler: /Users/admin/builder/spi-builder-workspace
ComputePackagePrebuildTargetDependencyGraph
Prepare packages
CreateBuildRequest
SendProjectDescription
CreateBuildOperation
ComputeTargetDependencyGraph
note: Building targets in dependency order
note: Target dependency graph (2 targets)
    Target 'TaskScheduler-product' in project 'TaskScheduler'
        ➜ Explicit dependency on target 'TaskScheduler' in project 'TaskScheduler'
    Target 'TaskScheduler' in project 'TaskScheduler' (no dependencies)
GatherProvisioningInputs
CreateBuildDescription
ClangStatCache /Applications/Xcode-27.0.0-Release.Candidate.app/Contents/Developer/Toolchains/XcodeDefault.xctoolchain/usr/bin/clang-stat-cache /Applications/Xcode-27.0.0-Release.Candidate.app/Contents/Developer/Platforms/WatchOS.platform/Developer/SDKs/WatchOS27.0.sdk /Users/admin/builder/spi-builder-workspace/.derivedData/SDKStatCaches.noindex/watchos27.0-24R360-e829b21a6f8c9b70876ba0858053c04477534ef55a1706bf4c1112bbb242f0a2.sdkstatcache
    cd /Users/admin/builder/spi-builder-workspace/.swiftpm/xcode
    /Applications/Xcode-27.0.0-Release.Candidate.app/Contents/Developer/Toolchains/XcodeDefault.xctoolchain/usr/bin/clang-stat-cache /Applications/Xcode-27.0.0-Release.Candidate.app/Contents/Developer/Platforms/WatchOS.platform/Developer/SDKs/WatchOS27.0.sdk -o /Users/admin/builder/spi-builder-workspace/.derivedData/SDKStatCaches.noindex/watchos27.0-24R360-e829b21a6f8c9b70876ba0858053c04477534ef55a1706bf4c1112bbb242f0a2.sdkstatcache
SwiftDriver TaskScheduler normal arm64_32 com.apple.xcode.tools.swift.compiler (in target 'TaskScheduler' from project 'TaskScheduler')
    cd /Users/admin/builder/spi-builder-workspace/.swiftpm/xcode
    builtin-SwiftDriver -- /Applications/Xcode-27.0.0-Release.Candidate.app/Contents/Developer/Toolchains/XcodeDefault.xctoolchain/usr/bin/swiftc -parse-as-library -module-name TaskScheduler -Onone @/Users/admin/builder/spi-builder-workspace/.derivedData/Build/Intermediates.noindex/TaskScheduler.build/Debug-watchos/TaskScheduler-t.build/Objects-normal/arm64_32/TaskScheduler.SwiftFileList -DSWIFT_PACKAGE -DDEBUG -DSWIFT_MODULE_RESOURCE_BUNDLE_UNAVAILABLE -DXcode -plugin-path /Applications/Xcode-27.0.0-Release.Candidate.app/Contents/Developer/Toolchains/XcodeDefault.xctoolchain/usr/lib/swift/host/plugins/testing -enable-experimental-feature DebugDescriptionMacro -sdk /Applications/Xcode-27.0.0-Release.Candidate.app/Contents/Developer/Platforms/WatchOS.platform/Developer/SDKs/WatchOS27.0.sdk -target arm64_32-apple-watchos10.0 -g -module-cache-path /Users/admin/builder/spi-builder-workspace/.derivedData/ModuleCache.noindex -Xfrontend -serialize-debugging-options -profile-coverage-mapping -profile-generate -enable-testing -index-store-path /Users/admin/builder/spi-builder-workspace/.derivedData/Index.noindex/DataStore -Xcc -D_LIBCPP_HARDENING_MODE\=_LIBCPP_HARDENING_MODE_DEBUG -swift-version 6 -I /Users/admin/builder/spi-builder-workspace/.derivedData/Build/Products/Debug-watchos -Isystem /Applications/Xcode-27.0.0-Release.Candidate.app/Contents/Developer/Platforms/WatchOS.platform/Developer/usr/lib -F /Users/admin/builder/spi-builder-workspace/.derivedData/Build/Products/Debug-watchos -F /Applications/Xcode-27.0.0-Release.Candidate.app/Contents/Developer/Platforms/WatchOS.platform/Developer/Library/Frameworks -F /Applications/Xcode-27.0.0-Release.Candidate.app/Contents/Developer/Platforms/WatchOS.platform/Developer/SDKs/WatchOS27.0.sdk/Developer/Library/Frameworks -c -j10 -enable-batch-mode -incremental -Xcc -ivfsstatcache -Xcc /Users/admin/builder/spi-builder-workspace/.derivedData/SDKStatCaches.noindex/watchos27.0-24R360-e829b21a6f8c9b70876ba0858053c04477534ef55a1706bf4c1112bbb242f0a2.sdkstatcache -output-file-map /Users/admin/builder/spi-builder-workspace/.derivedData/Build/Intermediates.noindex/TaskScheduler.build/Debug-watchos/TaskScheduler-t.build/Objects-normal/arm64_32/TaskScheduler-OutputFileMap.json -save-temps -no-color-diagnostics -explicit-module-build -module-cache-path /Users/admin/builder/spi-builder-workspace/.derivedData/Build/Intermediates.noindex/SwiftExplicitPrecompiledModules -clang-scanner-module-cache-path /Users/admin/builder/spi-builder-workspace/.derivedData/ModuleCache.noindex -sdk-module-cache-path /Users/admin/builder/spi-builder-workspace/.derivedData/SDKExplicitPrecompiledModules -emit-dependencies -emit-module -emit-module-path /Users/admin/builder/spi-builder-workspace/.derivedData/Build/Intermediates.noindex/TaskScheduler.build/Debug-watchos/TaskScheduler-t.build/Objects-normal/arm64_32/TaskScheduler.swiftmodule -serialize-diagnostics -dependency-scan-serialize-diagnostics-path /Users/admin/builder/spi-builder-workspace/.derivedData/Build/Intermediates.noindex/TaskScheduler.build/Debug-watchos/TaskScheduler-t.build/Objects-normal/arm64_32/TaskScheduler-dependency-scan.dia -validate-clang-modules-once -clang-build-session-file /Users/admin/builder/spi-builder-workspace/.derivedData/ModuleCache.noindex/Session.modulevalidation -Xcc -fmodules-prune-interval\=86400 -Xcc -fmodules-prune-after\=345600 -package-name spi_builder_workspace -emit-const-values -const-gather-protocols-list /Users/admin/builder/spi-builder-workspace/.derivedData/Build/Intermediates.noindex/TaskScheduler.build/Debug-watchos/TaskScheduler-t.build/Objects-normal/arm64_32/TaskScheduler_const_extract_protocols.json -Xcc -I/Users/admin/builder/spi-builder-workspace/.derivedData/Build/Products/Debug-watchos/include -Xcc -I/Users/admin/builder/spi-builder-workspace/.derivedData/Build/Intermediates.noindex/TaskScheduler.build/Debug-watchos/TaskScheduler-t.build/DerivedSources-normal/arm64_32 -Xcc -I/Users/admin/builder/spi-builder-workspace/.derivedData/Build/Intermediates.noindex/TaskScheduler.build/Debug-watchos/TaskScheduler-t.build/DerivedSources/arm64_32 -Xcc -I/Users/admin/builder/spi-builder-workspace/.derivedData/Build/Intermediates.noindex/TaskScheduler.build/Debug-watchos/TaskScheduler-t.build/DerivedSources -Xcc -DSWIFT_PACKAGE -Xcc -DDEBUG\=1 -emit-objc-header -emit-objc-header-path /Users/admin/builder/spi-builder-workspace/.derivedData/Build/Intermediates.noindex/TaskScheduler.build/Debug-watchos/TaskScheduler-t.build/Objects-normal/arm64_32/TaskScheduler-Swift.h -working-directory /Users/admin/builder/spi-builder-workspace/.swiftpm/xcode -experimental-emit-module-separately -disable-cmo
SwiftDriver TaskScheduler normal arm64 com.apple.xcode.tools.swift.compiler (in target 'TaskScheduler' from project 'TaskScheduler')
    cd /Users/admin/builder/spi-builder-workspace/.swiftpm/xcode
    builtin-SwiftDriver -- /Applications/Xcode-27.0.0-Release.Candidate.app/Contents/Developer/Toolchains/XcodeDefault.xctoolchain/usr/bin/swiftc -parse-as-library -module-name TaskScheduler -Onone @/Users/admin/builder/spi-builder-workspace/.derivedData/Build/Intermediates.noindex/TaskScheduler.build/Debug-watchos/TaskScheduler-t.build/Objects-normal/arm64/TaskScheduler.SwiftFileList -DSWIFT_PACKAGE -DDEBUG -DSWIFT_MODULE_RESOURCE_BUNDLE_UNAVAILABLE -DXcode -plugin-path /Applications/Xcode-27.0.0-Release.Candidate.app/Contents/Developer/Toolchains/XcodeDefault.xctoolchain/usr/lib/swift/host/plugins/testing -enable-experimental-feature DebugDescriptionMacro -sdk /Applications/Xcode-27.0.0-Release.Candidate.app/Contents/Developer/Platforms/WatchOS.platform/Developer/SDKs/WatchOS27.0.sdk -target arm64-apple-watchos10.0 -g -module-cache-path /Users/admin/builder/spi-builder-workspace/.derivedData/ModuleCache.noindex -Xfrontend -serialize-debugging-options -profile-coverage-mapping -profile-generate -enable-testing -index-store-path /Users/admin/builder/spi-builder-workspace/.derivedData/Index.noindex/DataStore -Xcc -D_LIBCPP_HARDENING_MODE\=_LIBCPP_HARDENING_MODE_DEBUG -swift-version 6 -I /Users/admin/builder/spi-builder-workspace/.derivedData/Build/Products/Debug-watchos -Isystem /Applications/Xcode-27.0.0-Release.Candidate.app/Contents/Developer/Platforms/WatchOS.platform/Developer/usr/lib -F /Users/admin/builder/spi-builder-workspace/.derivedData/Build/Products/Debug-watchos -F /Applications/Xcode-27.0.0-Release.Candidate.app/Contents/Developer/Platforms/WatchOS.platform/Developer/Library/Frameworks -F /Applications/Xcode-27.0.0-Release.Candidate.app/Contents/Developer/Platforms/WatchOS.platform/Developer/SDKs/WatchOS27.0.sdk/Developer/Library/Frameworks -c -j10 -enable-batch-mode -incremental -Xcc -ivfsstatcache -Xcc /Users/admin/builder/spi-builder-workspace/.derivedData/SDKStatCaches.noindex/watchos27.0-24R360-e829b21a6f8c9b70876ba0858053c04477534ef55a1706bf4c1112bbb242f0a2.sdkstatcache -output-file-map /Users/admin/builder/spi-builder-workspace/.derivedData/Build/Intermediates.noindex/TaskScheduler.build/Debug-watchos/TaskScheduler-t.build/Objects-normal/arm64/TaskScheduler-OutputFileMap.json -save-temps -no-color-diagnostics -explicit-module-build -module-cache-path /Users/admin/builder/spi-builder-workspace/.derivedData/Build/Intermediates.noindex/SwiftExplicitPrecompiledModules -clang-scanner-module-cache-path /Users/admin/builder/spi-builder-workspace/.derivedData/ModuleCache.noindex -sdk-module-cache-path /Users/admin/builder/spi-builder-workspace/.derivedData/SDKExplicitPrecompiledModules -emit-dependencies -emit-module -emit-module-path /Users/admin/builder/spi-builder-workspace/.derivedData/Build/Intermediates.noindex/TaskScheduler.build/Debug-watchos/TaskScheduler-t.build/Objects-normal/arm64/TaskScheduler.swiftmodule -serialize-diagnostics -dependency-scan-serialize-diagnostics-path /Users/admin/builder/spi-builder-workspace/.derivedData/Build/Intermediates.noindex/TaskScheduler.build/Debug-watchos/TaskScheduler-t.build/Objects-normal/arm64/TaskScheduler-dependency-scan.dia -validate-clang-modules-once -clang-build-session-file /Users/admin/builder/spi-builder-workspace/.derivedData/ModuleCache.noindex/Session.modulevalidation -Xcc -fmodules-prune-interval\=86400 -Xcc -fmodules-prune-after\=345600 -package-name spi_builder_workspace -emit-const-values -const-gather-protocols-list /Users/admin/builder/spi-builder-workspace/.derivedData/Build/Intermediates.noindex/TaskScheduler.build/Debug-watchos/TaskScheduler-t.build/Objects-normal/arm64/TaskScheduler_const_extract_protocols.json -Xcc -I/Users/admin/builder/spi-builder-workspace/.derivedData/Build/Products/Debug-watchos/include -Xcc -I/Users/admin/builder/spi-builder-workspace/.derivedData/Build/Intermediates.noindex/TaskScheduler.build/Debug-watchos/TaskScheduler-t.build/DerivedSources-normal/arm64 -Xcc -I/Users/admin/builder/spi-builder-workspace/.derivedData/Build/Intermediates.noindex/TaskScheduler.build/Debug-watchos/TaskScheduler-t.build/DerivedSources/arm64 -Xcc -I/Users/admin/builder/spi-builder-workspace/.derivedData/Build/Intermediates.noindex/TaskScheduler.build/Debug-watchos/TaskScheduler-t.build/DerivedSources -Xcc -DSWIFT_PACKAGE -Xcc -DDEBUG\=1 -emit-objc-header -emit-objc-header-path /Users/admin/builder/spi-builder-workspace/.derivedData/Build/Intermediates.noindex/TaskScheduler.build/Debug-watchos/TaskScheduler-t.build/Objects-normal/arm64/TaskScheduler-Swift.h -working-directory /Users/admin/builder/spi-builder-workspace/.swiftpm/xcode -experimental-emit-module-separately -disable-cmo
SwiftEmitModule normal arm64_32 Emitting\ module\ for\ TaskScheduler (in target 'TaskScheduler' from project 'TaskScheduler')
SwiftCompile normal arm64_32 (in target 'TaskScheduler' from project 'TaskScheduler')
    cd /Users/admin/builder/spi-builder-workspace/.swiftpm/xcode

SwiftCompile normal arm64_32 Compiling\ iOSBackend.swift /Users/admin/builder/spi-builder-workspace/Sources/TaskScheduler/Engine/Backends/iOSBackend.swift (in target 'TaskScheduler' from project 'TaskScheduler')
/Users/admin/builder/spi-builder-workspace/Sources/TaskScheduler/Engine/Backends/iOSBackend.swift:50:23: error: 'BGAppRefreshTaskRequest' is unavailable in watchOS
48 |         identifier: String
49 |     ) {
50 |         let request = BGAppRefreshTaskRequest(identifier: identifier)
   |                       `- error: 'BGAppRefreshTaskRequest' is unavailable in watchOS
51 |         request.earliestBeginDate = Date(
52 |             timeIntervalSinceNow: 1 * 60
/Applications/Xcode-27.0.0-Release.Candidate.app/Contents/Developer/Platforms/WatchOS.platform/Developer/SDKs/WatchOS27.0.sdk/System/Library/Frameworks/BackgroundTasks.framework/Headers/BGTaskRequest.h:42:12: note: 'BGAppRefreshTaskRequest' has been explicitly marked unavailable here
 40 | /// and app usage.
 41 | BG_EXTERN API_AVAILABLE(ios(13.0), tvos(13.0)) API_UNAVAILABLE(macos) API_UNAVAILABLE(watchos)
 42 | @interface BGAppRefreshTaskRequest : BGTaskRequest
    |            `- note: 'BGAppRefreshTaskRequest' has been explicitly marked unavailable here
 43 |
 44 | /// Return a new refresh task request for the specified identifier.
/Users/admin/builder/spi-builder-workspace/Sources/TaskScheduler/Engine/Backends/iOSBackend.swift:56:17: error: 'BGTaskScheduler' is unavailable in watchOS
54 |
55 |         do {
56 |             try BGTaskScheduler.shared.submit(request)
   |                 `- error: 'BGTaskScheduler' is unavailable in watchOS
57 |         } catch {
58 |             print("Could not schedule app refresh: \(error)")
/Applications/Xcode-27.0.0-Release.Candidate.app/Contents/Developer/Platforms/WatchOS.platform/Developer/SDKs/WatchOS27.0.sdk/System/Library/Frameworks/BackgroundTasks.framework/Headers/BGTaskScheduler.h:64:12: note: 'BGTaskScheduler' has been explicitly marked unavailable here
 62 | /// <doc://com.apple.documentation/documentation/uikit/app_and_environment/scenes/preparing_your_ui_to_run_in_the_background/using_background_tasks_to_update_your_app>.
 63 | BG_EXTERN API_AVAILABLE(ios(13.0), tvos(13.0)) API_UNAVAILABLE(macos) API_UNAVAILABLE(watchos)
 64 | @interface BGTaskScheduler : NSObject
    |            `- note: 'BGTaskScheduler' has been explicitly marked unavailable here
 65 | - (instancetype)init NS_UNAVAILABLE; //Use the shared scheduler object instead
 66 | + (instancetype)new NS_UNAVAILABLE; //Use the shared scheduler object instead
/Users/admin/builder/spi-builder-workspace/Sources/TaskScheduler/Engine/Backends/iOSBackend.swift:56:40: error: 'submit' is unavailable in watchOS
54 |
55 |         do {
56 |             try BGTaskScheduler.shared.submit(request)
   |                                        `- error: 'submit' is unavailable in watchOS
57 |         } catch {
58 |             print("Could not schedule app refresh: \(error)")
/Applications/Xcode-27.0.0-Release.Candidate.app/Contents/Developer/Platforms/WatchOS.platform/Developer/SDKs/WatchOS27.0.sdk/System/Library/Frameworks/BackgroundTasks.framework/Headers/BGTaskScheduler.h:106:1: note: 'submit' has been explicitly marked unavailable here
104 | ///   - error: If an error occurs, upon return contains an error object that indicates why the request was rejected
105 | /// - Returns: `YES` if the request was successfully submitted; `NO` if there was an error
106 | - (BOOL)submitTaskRequest:(BGTaskRequest *)taskRequest
    | `- note: 'submit' has been explicitly marked unavailable here
107 |                     error:(NSError * _Nullable *)error
108 |     API_DEPRECATED("Use submitTaskRequest:completionHandler: instead to capture all error conditions",
Failed frontend command:
/Applications/Xcode-27.0.0-Release.Candidate.app/Contents/Developer/Toolchains/XcodeDefault.xctoolchain/usr/bin/swift-frontend -frontend -c /Users/admin/builder/spi-builder-workspace/Sources/TaskScheduler/Engine/Backends/Backend.swift /Users/admin/builder/spi-builder-workspace/Sources/TaskScheduler/Engine/Backends/MacOSBackend.swift -primary-file /Users/admin/builder/spi-builder-workspace/Sources/TaskScheduler/Engine/Backends/iOSBackend.swift /Users/admin/builder/spi-builder-workspace/Sources/TaskScheduler/Engine/TaskExecutor.swift /Users/admin/builder/spi-builder-workspace/Sources/TaskScheduler/Engine/TaskExecutorSignal.swift /Users/admin/builder/spi-builder-workspace/Sources/TaskScheduler/Executable/ExecutableTask.swift /Users/admin/builder/spi-builder-workspace/Sources/TaskScheduler/Scheduler/TaskScheduleMode.swift /Users/admin/builder/spi-builder-workspace/Sources/TaskScheduler/Scheduler/TaskScheduler.swift /Users/admin/builder/spi-builder-workspace/Sources/TaskScheduler/Utils/SharedResource.swift -emit-dependencies-path /Users/admin/builder/spi-builder-workspace/.derivedData/Build/Intermediates.noindex/TaskScheduler.build/Debug-watchos/TaskScheduler-t.build/Objects-normal/arm64_32/iOSBackend.d -emit-const-values-path /Users/admin/builder/spi-builder-workspace/.derivedData/Build/Intermediates.noindex/TaskScheduler.build/Debug-watchos/TaskScheduler-t.build/Objects-normal/arm64_32/iOSBackend.swiftconstvalues -emit-reference-dependencies-path /Users/admin/builder/spi-builder-workspace/.derivedData/Build/Intermediates.noindex/TaskScheduler.build/Debug-watchos/TaskScheduler-t.build/Objects-normal/arm64_32/iOSBackend.swiftdeps -serialize-diagnostics-path /Users/admin/builder/spi-builder-workspace/.derivedData/Build/Intermediates.noindex/TaskScheduler.build/Debug-watchos/TaskScheduler-t.build/Objects-normal/arm64_32/iOSBackend.dia -target arm64_32-apple-watchos10.0 -disable-cross-import-overlay-search -load-resolved-plugin /Applications/Xcode-27.0.0-Release.Candidate.app/Contents/Developer/Platforms/WatchOS.platform/Developer/usr/lib/swift/host/plugins/libFoundationMacros.dylib\#/Applications/Xcode-27.0.0-Release.Candidate.app/Contents/Developer/Platforms/WatchOS.platform/Developer/usr/bin/swift-plugin-server\#FoundationMacros -load-resolved-plugin /Applications/Xcode-27.0.0-Release.Candidate.app/Contents/Developer/Platforms/WatchOS.platform/Developer/usr/lib/swift/host/plugins/libObservationMacros.dylib\#/Applications/Xcode-27.0.0-Release.Candidate.app/Contents/Developer/Platforms/WatchOS.platform/Developer/usr/bin/swift-plugin-server\#ObservationMacros -load-resolved-plugin /Applications/Xcode-27.0.0-Release.Candidate.app/Contents/Developer/Platforms/WatchOS.platform/Developer/usr/lib/swift/host/plugins/libPreviewsMacros.dylib\#/Applications/Xcode-27.0.0-Release.Candidate.app/Contents/Developer/Platforms/WatchOS.platform/Developer/usr/bin/swift-plugin-server\#PreviewsMacros -load-resolved-plugin /Applications/Xcode-27.0.0-Release.Candidate.app/Contents/Developer/Platforms/WatchOS.platform/Developer/usr/lib/swift/host/plugins/libSwiftMacros.dylib\#/Applications/Xcode-27.0.0-Release.Candidate.app/Contents/Developer/Platforms/WatchOS.platform/Developer/usr/bin/swift-plugin-server\#SwiftMacros -load-resolved-plugin /Applications/Xcode-27.0.0-Release.Candidate.app/Contents/Developer/Platforms/WatchOS.platform/Developer/usr/lib/swift/host/plugins/libSwiftUIMacros.dylib\#/Applications/Xcode-27.0.0-Release.Candidate.app/Contents/Developer/Platforms/WatchOS.platform/Developer/usr/bin/swift-plugin-server\#SwiftUIMacros -disable-implicit-swift-modules -Xcc -fno-implicit-modules -Xcc -fno-implicit-module-maps -explicit-swift-module-map-file /Users/admin/builder/spi-builder-workspace/.derivedData/Build/Intermediates.noindex/TaskScheduler.build/Debug-watchos/TaskScheduler-t.build/Objects-normal/arm64_32/TaskScheduler-dependencies-1.json -enable-objc-interop -sdk /Applications/Xcode-27.0.0-Release.Candidate.app/Contents/Developer/Platforms/WatchOS.platform/Developer/SDKs/WatchOS27.0.sdk -I /Users/admin/builder/spi-builder-workspace/.derivedData/Build/Products/Debug-watchos -Isystem /Applications/Xcode-27.0.0-Release.Candidate.app/Contents/Developer/Platforms/WatchOS.platform/Developer/usr/lib -F /Users/admin/builder/spi-builder-workspace/.derivedData/Build/Products/Debug-watchos -F /Applications/Xcode-27.0.0-Release.Candidate.app/Contents/Developer/Platforms/WatchOS.platform/Developer/Library/Frameworks -F /Applications/Xcode-27.0.0-Release.Candidate.app/Contents/Developer/Platforms/WatchOS.platform/Developer/SDKs/WatchOS27.0.sdk/Developer/Library/Frameworks -module-cache-path /Users/admin/builder/spi-builder-workspace/.derivedData/Build/Intermediates.noindex/SwiftExplicitPrecompiledModules -no-color-diagnostics -Xcc -fno-color-diagnostics -enable-testing -g -debug-info-format\=dwarf -dwarf-version\=4 -profile-generate -profile-coverage-mapping -swift-version 6 -Onone -D SWIFT_PACKAGE -D DEBUG -D SWIFT_MODULE_RESOURCE_BUNDLE_UNAVAILABLE -D Xcode -serialize-debugging-options -enable-experimental-feature DebugDescriptionMacro -empty-abi-descriptor -validate-clang-modules-once -clang-build-session-file /Users/admin/builder/spi-builder-workspace/.derivedData/ModuleCache.noindex/Session.modulevalidation -Xcc -working-directory -Xcc /Users/admin/builder/spi-builder-workspace/.swiftpm/xcode -enable-anonymous-context-mangled-names -file-compilation-dir /Users/admin/builder/spi-builder-workspace/.swiftpm/xcode -Xcc -D_LIBCPP_HARDENING_MODE\=_LIBCPP_HARDENING_MODE_DEBUG -Xcc -ivfsstatcache -Xcc /Users/admin/builder/spi-builder-workspace/.derivedData/SDKStatCaches.noindex/watchos27.0-24R360-e829b21a6f8c9b70876ba0858053c04477534ef55a1706bf4c1112bbb242f0a2.sdkstatcache -Xcc -fmodules-prune-interval\=86400 -Xcc -fmodules-prune-after\=345600 -Xcc -I/Users/admin/builder/spi-builder-workspace/.derivedData/Build/Products/Debug-watchos/include -Xcc -I/Users/admin/builder/spi-builder-workspace/.derivedData/Build/Intermediates.noindex/TaskScheduler.build/Debug-watchos/TaskScheduler-t.build/DerivedSources-normal/arm64_32 -Xcc -I/Users/admin/builder/spi-builder-workspace/.derivedData/Build/Intermediates.noindex/TaskScheduler.build/Debug-watchos/TaskScheduler-t.build/DerivedSources/arm64_32 -Xcc -I/Users/admin/builder/spi-builder-workspace/.derivedData/Build/Intermediates.noindex/TaskScheduler.build/Debug-watchos/TaskScheduler-t.build/DerivedSources -Xcc -DSWIFT_PACKAGE -Xcc -DDEBUG\=1 -no-auto-bridging-header-chaining -module-name TaskScheduler -package-name spi_builder_workspace -const-gather-protocols-file /Users/admin/builder/spi-builder-workspace/.derivedData/Build/Intermediates.noindex/TaskScheduler.build/Debug-watchos/TaskScheduler-t.build/Objects-normal/arm64_32/TaskScheduler_const_extract_protocols.json -disable-clang-spi -clang-target arm64_32-apple-watchos27.0 -target-sdk-version 27.0 -target-sdk-name watchos27.0 -in-process-plugin-server-path /Applications/Xcode-27.0.0-Release.Candidate.app/Contents/Developer/Toolchains/XcodeDefault.xctoolchain/usr/lib/swift/host/libSwiftInProcPluginServer.dylib -parse-as-library -o /Users/admin/builder/spi-builder-workspace/.derivedData/Build/Intermediates.noindex/TaskScheduler.build/Debug-watchos/TaskScheduler-t.build/Objects-normal/arm64_32/iOSBackend.o -debug-module-path /Users/admin/builder/spi-builder-workspace/.derivedData/Build/Intermediates.noindex/TaskScheduler.build/Debug-watchos/TaskScheduler-t.build/Objects-normal/arm64_32/TaskScheduler.swiftmodule -index-unit-output-path /TaskScheduler.build/Debug-watchos/TaskScheduler-t.build/Objects-normal/arm64_32/iOSBackend.o -index-store-path /Users/admin/builder/spi-builder-workspace/.derivedData/Index.noindex/DataStore -index-system-modules
SwiftCompile normal arm64_32 /Users/admin/builder/spi-builder-workspace/Sources/TaskScheduler/Engine/Backends/iOSBackend.swift (in target 'TaskScheduler' from project 'TaskScheduler')
    cd /Users/admin/builder/spi-builder-workspace/.swiftpm/xcode
    builtin-SwiftPerFileCompile iOSBackend.swift
SwiftCompile normal arm64 Compiling\ iOSBackend.swift /Users/admin/builder/spi-builder-workspace/Sources/TaskScheduler/Engine/Backends/iOSBackend.swift (in target 'TaskScheduler' from project 'TaskScheduler')
/Users/admin/builder/spi-builder-workspace/Sources/TaskScheduler/Engine/Backends/iOSBackend.swift:50:23: error: 'BGAppRefreshTaskRequest' is unavailable in watchOS
48 |         identifier: String
49 |     ) {
50 |         let request = BGAppRefreshTaskRequest(identifier: identifier)
   |                       `- error: 'BGAppRefreshTaskRequest' is unavailable in watchOS
51 |         request.earliestBeginDate = Date(
52 |             timeIntervalSinceNow: 1 * 60
/Applications/Xcode-27.0.0-Release.Candidate.app/Contents/Developer/Platforms/WatchOS.platform/Developer/SDKs/WatchOS27.0.sdk/System/Library/Frameworks/BackgroundTasks.framework/Headers/BGTaskRequest.h:42:12: note: 'BGAppRefreshTaskRequest' has been explicitly marked unavailable here
 40 | /// and app usage.
 41 | BG_EXTERN API_AVAILABLE(ios(13.0), tvos(13.0)) API_UNAVAILABLE(macos) API_UNAVAILABLE(watchos)
 42 | @interface BGAppRefreshTaskRequest : BGTaskRequest
    |            `- note: 'BGAppRefreshTaskRequest' has been explicitly marked unavailable here
 43 |
 44 | /// Return a new refresh task request for the specified identifier.
/Users/admin/builder/spi-builder-workspace/Sources/TaskScheduler/Engine/Backends/iOSBackend.swift:56:17: error: 'BGTaskScheduler' is unavailable in watchOS
54 |
55 |         do {
56 |             try BGTaskScheduler.shared.submit(request)
   |                 `- error: 'BGTaskScheduler' is unavailable in watchOS
57 |         } catch {
58 |             print("Could not schedule app refresh: \(error)")
/Applications/Xcode-27.0.0-Release.Candidate.app/Contents/Developer/Platforms/WatchOS.platform/Developer/SDKs/WatchOS27.0.sdk/System/Library/Frameworks/BackgroundTasks.framework/Headers/BGTaskScheduler.h:64:12: note: 'BGTaskScheduler' has been explicitly marked unavailable here
 62 | /// <doc://com.apple.documentation/documentation/uikit/app_and_environment/scenes/preparing_your_ui_to_run_in_the_background/using_background_tasks_to_update_your_app>.
 63 | BG_EXTERN API_AVAILABLE(ios(13.0), tvos(13.0)) API_UNAVAILABLE(macos) API_UNAVAILABLE(watchos)
 64 | @interface BGTaskScheduler : NSObject
    |            `- note: 'BGTaskScheduler' has been explicitly marked unavailable here
 65 | - (instancetype)init NS_UNAVAILABLE; //Use the shared scheduler object instead
 66 | + (instancetype)new NS_UNAVAILABLE; //Use the shared scheduler object instead
/Users/admin/builder/spi-builder-workspace/Sources/TaskScheduler/Engine/Backends/iOSBackend.swift:56:40: error: 'submit' is unavailable in watchOS
54 |
55 |         do {
56 |             try BGTaskScheduler.shared.submit(request)
   |                                        `- error: 'submit' is unavailable in watchOS
57 |         } catch {
58 |             print("Could not schedule app refresh: \(error)")
/Applications/Xcode-27.0.0-Release.Candidate.app/Contents/Developer/Platforms/WatchOS.platform/Developer/SDKs/WatchOS27.0.sdk/System/Library/Frameworks/BackgroundTasks.framework/Headers/BGTaskScheduler.h:106:1: note: 'submit' has been explicitly marked unavailable here
104 | ///   - error: If an error occurs, upon return contains an error object that indicates why the request was rejected
105 | /// - Returns: `YES` if the request was successfully submitted; `NO` if there was an error
106 | - (BOOL)submitTaskRequest:(BGTaskRequest *)taskRequest
    | `- note: 'submit' has been explicitly marked unavailable here
107 |                     error:(NSError * _Nullable *)error
108 |     API_DEPRECATED("Use submitTaskRequest:completionHandler: instead to capture all error conditions",
Failed frontend command:
/Applications/Xcode-27.0.0-Release.Candidate.app/Contents/Developer/Toolchains/XcodeDefault.xctoolchain/usr/bin/swift-frontend -frontend -c /Users/admin/builder/spi-builder-workspace/Sources/TaskScheduler/Engine/Backends/Backend.swift /Users/admin/builder/spi-builder-workspace/Sources/TaskScheduler/Engine/Backends/MacOSBackend.swift -primary-file /Users/admin/builder/spi-builder-workspace/Sources/TaskScheduler/Engine/Backends/iOSBackend.swift /Users/admin/builder/spi-builder-workspace/Sources/TaskScheduler/Engine/TaskExecutor.swift /Users/admin/builder/spi-builder-workspace/Sources/TaskScheduler/Engine/TaskExecutorSignal.swift /Users/admin/builder/spi-builder-workspace/Sources/TaskScheduler/Executable/ExecutableTask.swift /Users/admin/builder/spi-builder-workspace/Sources/TaskScheduler/Scheduler/TaskScheduleMode.swift /Users/admin/builder/spi-builder-workspace/Sources/TaskScheduler/Scheduler/TaskScheduler.swift /Users/admin/builder/spi-builder-workspace/Sources/TaskScheduler/Utils/SharedResource.swift -emit-dependencies-path /Users/admin/builder/spi-builder-workspace/.derivedData/Build/Intermediates.noindex/TaskScheduler.build/Debug-watchos/TaskScheduler-t.build/Objects-normal/arm64/iOSBackend.d -emit-const-values-path /Users/admin/builder/spi-builder-workspace/.derivedData/Build/Intermediates.noindex/TaskScheduler.build/Debug-watchos/TaskScheduler-t.build/Objects-normal/arm64/iOSBackend.swiftconstvalues -emit-reference-dependencies-path /Users/admin/builder/spi-builder-workspace/.derivedData/Build/Intermediates.noindex/TaskScheduler.build/Debug-watchos/TaskScheduler-t.build/Objects-normal/arm64/iOSBackend.swiftdeps -serialize-diagnostics-path /Users/admin/builder/spi-builder-workspace/.derivedData/Build/Intermediates.noindex/TaskScheduler.build/Debug-watchos/TaskScheduler-t.build/Objects-normal/arm64/iOSBackend.dia -target arm64-apple-watchos10.0 -disable-cross-import-overlay-search -load-resolved-plugin /Applications/Xcode-27.0.0-Release.Candidate.app/Contents/Developer/Platforms/WatchOS.platform/Developer/usr/lib/swift/host/plugins/libFoundationMacros.dylib\#/Applications/Xcode-27.0.0-Release.Candidate.app/Contents/Developer/Platforms/WatchOS.platform/Developer/usr/bin/swift-plugin-server\#FoundationMacros -load-resolved-plugin /Applications/Xcode-27.0.0-Release.Candidate.app/Contents/Developer/Platforms/WatchOS.platform/Developer/usr/lib/swift/host/plugins/libObservationMacros.dylib\#/Applications/Xcode-27.0.0-Release.Candidate.app/Contents/Developer/Platforms/WatchOS.platform/Developer/usr/bin/swift-plugin-server\#ObservationMacros -load-resolved-plugin /Applications/Xcode-27.0.0-Release.Candidate.app/Contents/Developer/Platforms/WatchOS.platform/Developer/usr/lib/swift/host/plugins/libPreviewsMacros.dylib\#/Applications/Xcode-27.0.0-Release.Candidate.app/Contents/Developer/Platforms/WatchOS.platform/Developer/usr/bin/swift-plugin-server\#PreviewsMacros -load-resolved-plugin /Applications/Xcode-27.0.0-Release.Candidate.app/Contents/Developer/Platforms/WatchOS.platform/Developer/usr/lib/swift/host/plugins/libSwiftMacros.dylib\#/Applications/Xcode-27.0.0-Release.Candidate.app/Contents/Developer/Platforms/WatchOS.platform/Developer/usr/bin/swift-plugin-server\#SwiftMacros -load-resolved-plugin /Applications/Xcode-27.0.0-Release.Candidate.app/Contents/Developer/Platforms/WatchOS.platform/Developer/usr/lib/swift/host/plugins/libSwiftUIMacros.dylib\#/Applications/Xcode-27.0.0-Release.Candidate.app/Contents/Developer/Platforms/WatchOS.platform/Developer/usr/bin/swift-plugin-server\#SwiftUIMacros -disable-implicit-swift-modules -Xcc -fno-implicit-modules -Xcc -fno-implicit-module-maps -explicit-swift-module-map-file /Users/admin/builder/spi-builder-workspace/.derivedData/Build/Intermediates.noindex/TaskScheduler.build/Debug-watchos/TaskScheduler-t.build/Objects-normal/arm64/TaskScheduler-dependencies-2.json -Xllvm -aarch64-use-tbi -enable-objc-interop -stack-check -sdk /Applications/Xcode-27.0.0-Release.Candidate.app/Contents/Developer/Platforms/WatchOS.platform/Developer/SDKs/WatchOS27.0.sdk -I /Users/admin/builder/spi-builder-workspace/.derivedData/Build/Products/Debug-watchos -Isystem /Applications/Xcode-27.0.0-Release.Candidate.app/Contents/Developer/Platforms/WatchOS.platform/Developer/usr/lib -F /Users/admin/builder/spi-builder-workspace/.derivedData/Build/Products/Debug-watchos -F /Applications/Xcode-27.0.0-Release.Candidate.app/Contents/Developer/Platforms/WatchOS.platform/Developer/Library/Frameworks -F /Applications/Xcode-27.0.0-Release.Candidate.app/Contents/Developer/Platforms/WatchOS.platform/Developer/SDKs/WatchOS27.0.sdk/Developer/Library/Frameworks -module-cache-path /Users/admin/builder/spi-builder-workspace/.derivedData/Build/Intermediates.noindex/SwiftExplicitPrecompiledModules -no-color-diagnostics -Xcc -fno-color-diagnostics -enable-testing -g -debug-info-format\=dwarf -dwarf-version\=4 -profile-generate -profile-coverage-mapping -swift-version 6 -Onone -D SWIFT_PACKAGE -D DEBUG -D SWIFT_MODULE_RESOURCE_BUNDLE_UNAVAILABLE -D Xcode -serialize-debugging-options -enable-experimental-feature DebugDescriptionMacro -empty-abi-descriptor -validate-clang-modules-once -clang-build-session-file /Users/admin/builder/spi-builder-workspace/.derivedData/ModuleCache.noindex/Session.modulevalidation -Xcc -working-directory -Xcc /Users/admin/builder/spi-builder-workspace/.swiftpm/xcode -enable-anonymous-context-mangled-names -file-compilation-dir /Users/admin/builder/spi-builder-workspace/.swiftpm/xcode -Xcc -D_LIBCPP_HARDENING_MODE\=_LIBCPP_HARDENING_MODE_DEBUG -Xcc -ivfsstatcache -Xcc /Users/admin/builder/spi-builder-workspace/.derivedData/SDKStatCaches.noindex/watchos27.0-24R360-e829b21a6f8c9b70876ba0858053c04477534ef55a1706bf4c1112bbb242f0a2.sdkstatcache -Xcc -fmodules-prune-interval\=86400 -Xcc -fmodules-prune-after\=345600 -Xcc -I/Users/admin/builder/spi-builder-workspace/.derivedData/Build/Products/Debug-watchos/include -Xcc -I/Users/admin/builder/spi-builder-workspace/.derivedData/Build/Intermediates.noindex/TaskScheduler.build/Debug-watchos/TaskScheduler-t.build/DerivedSources-normal/arm64 -Xcc -I/Users/admin/builder/spi-builder-workspace/.derivedData/Build/Intermediates.noindex/TaskScheduler.build/Debug-watchos/TaskScheduler-t.build/DerivedSources/arm64 -Xcc -I/Users/admin/builder/spi-builder-workspace/.derivedData/Build/Intermediates.noindex/TaskScheduler.build/Debug-watchos/TaskScheduler-t.build/DerivedSources -Xcc -DSWIFT_PACKAGE -Xcc -DDEBUG\=1 -no-auto-bridging-header-chaining -module-name TaskScheduler -package-name spi_builder_workspace -const-gather-protocols-file /Users/admin/builder/spi-builder-workspace/.derivedData/Build/Intermediates.noindex/TaskScheduler.build/Debug-watchos/TaskScheduler-t.build/Objects-normal/arm64/TaskScheduler_const_extract_protocols.json -disable-clang-spi -clang-target arm64-apple-watchos27.0 -target-sdk-version 27.0 -target-sdk-name watchos27.0 -in-process-plugin-server-path /Applications/Xcode-27.0.0-Release.Candidate.app/Contents/Developer/Toolchains/XcodeDefault.xctoolchain/usr/lib/swift/host/libSwiftInProcPluginServer.dylib -parse-as-library -o /Users/admin/builder/spi-builder-workspace/.derivedData/Build/Intermediates.noindex/TaskScheduler.build/Debug-watchos/TaskScheduler-t.build/Objects-normal/arm64/iOSBackend.o -debug-module-path /Users/admin/builder/spi-builder-workspace/.derivedData/Build/Intermediates.noindex/TaskScheduler.build/Debug-watchos/TaskScheduler-t.build/Objects-normal/arm64/TaskScheduler.swiftmodule -index-unit-output-path /TaskScheduler.build/Debug-watchos/TaskScheduler-t.build/Objects-normal/arm64/iOSBackend.o -index-store-path /Users/admin/builder/spi-builder-workspace/.derivedData/Index.noindex/DataStore -index-system-modules
SwiftCompile normal arm64 /Users/admin/builder/spi-builder-workspace/Sources/TaskScheduler/Engine/Backends/iOSBackend.swift (in target 'TaskScheduler' from project 'TaskScheduler')
    cd /Users/admin/builder/spi-builder-workspace/.swiftpm/xcode
    builtin-SwiftPerFileCompile iOSBackend.swift
SwiftEmitModule normal arm64 Emitting\ module\ for\ TaskScheduler (in target 'TaskScheduler' from project 'TaskScheduler')
SwiftCompile normal arm64 (in target 'TaskScheduler' from project 'TaskScheduler')
    cd /Users/admin/builder/spi-builder-workspace/.swiftpm/xcode

PruneExplicitPrecompiledModules /Users/admin/builder/spi-builder-workspace/.derivedData/Build/Intermediates.noindex/ExplicitPrecompiledModules
PruneExplicitPrecompiledModules /Users/admin/builder/spi-builder-workspace/.derivedData/SDKExplicitPrecompiledModules
PruneExplicitPrecompiledModules /Users/admin/builder/spi-builder-workspace/.derivedData/Build/Intermediates.noindex/SwiftExplicitPrecompiledModules
2026-09-23 21:53:28.501 xcodebuild[848:4750] [MT] IDERunDestination: Supported platforms for the buildables in the current scheme is empty.
** BUILD FAILED **
The following build commands failed:
	SwiftCompile normal arm64_32 Compiling\ iOSBackend.swift /Users/admin/builder/spi-builder-workspace/Sources/TaskScheduler/Engine/Backends/iOSBackend.swift (in target 'TaskScheduler' from project 'TaskScheduler')
	SwiftCompile normal arm64_32 /Users/admin/builder/spi-builder-workspace/Sources/TaskScheduler/Engine/Backends/iOSBackend.swift (in target 'TaskScheduler' from project 'TaskScheduler')
	SwiftCompile normal arm64 Compiling\ iOSBackend.swift /Users/admin/builder/spi-builder-workspace/Sources/TaskScheduler/Engine/Backends/iOSBackend.swift (in target 'TaskScheduler' from project 'TaskScheduler')
	SwiftCompile normal arm64 /Users/admin/builder/spi-builder-workspace/Sources/TaskScheduler/Engine/Backends/iOSBackend.swift (in target 'TaskScheduler' from project 'TaskScheduler')
	Building workspace TaskScheduler with scheme TaskScheduler
(5 failures)
BUILD FAILURE 6.4 watchOS