The Swift Package Index logo.Swift Package Index

Build Information

Failed to build google-cloud-bigquery, reference 0.0.16 (75c95e), with Swift 6.1 for macOS (SPM) on 11 Sep 2026 13:08:18 UTC.

Build Command

env DEVELOPER_DIR=/Applications/Xcode-16.3.0.app xcrun swift build --arch arm64

Build Log

[276/1282] Compiling DequeModule RigidDeque+Insertions.swift
[277/1282] Compiling DequeModule RigidDeque+Prepend.swift
[279/1282] Compiling DequeModule RigidDeque+Consumption.swift
[280/1282] Compiling DequeModule RigidDeque+Container.swift
[281/1282] Compiling DequeModule RigidDeque+Descriptions.swift
[282/1282] Compiling DequeModule RigidDeque+Equatable.swift
[283/1282] Compiling DequeModule RigidDeque+Experimental.swift
[289/1282] Compiling DequeModule UniqueDeque+Insertions.swift
[290/1282] Compiling DequeModule UniqueDeque+Prepend.swift
[291/1282] Compiling DequeModule UniqueDeque+Removals.swift
[292/1282] Compiling DequeModule UniqueDeque+Replacements.swift
[292/1282] Compiling tls_record.cc
[293/1282] Compiling tls_method.cc
[294/1285] Compiling tls13_server.cc
[296/1285] Emitting module OrderedCollections
[311/1285] Compiling RetryableTask RetryPolicy.swift
[312/1285] Compiling RetryableTask withRetryableTask.swift
[313/1285] Compiling RetryableTask DelayedRetryPolicy.swift
[313/1285] Compiling tls13_enc.cc
[315/1285] Compiling RetryableTask NoRetryPolicy.swift
[316/1285] Compiling RetryableTask ExponentialBackoffDelayRetryPolicy.swift
[317/1285] Compiling RetryableTask ImmediateRetryPolicy.swift
[318/1285] Emitting module RetryableTask
[319/1285] Compiling RetryableTask DefaultRetryPolicy.swift
[324/1285] Emitting module DequeModule
[325/1285] Compiling UnixSignals UnixSignalsSequence.swift
[326/1285] Emitting module UnixSignals
[327/1285] Compiling UnixSignals UnixSignal.swift
[327/1285] Compiling tls13_client.cc
[328/1341] Compiling t1_enc.cc
[330/1341] Emitting module Crypto
[331/1341] Compiling GRPCCore CallOptions.swift
[332/1341] Compiling GRPCCore ClientContext.swift
[333/1341] Compiling GRPCCore ClientInterceptor.swift
[334/1341] Compiling GRPCCore ClientRequest.swift
[335/1341] Compiling GRPCCore ClientResponse.swift
[336/1341] Compiling GRPCCore ClientRPCExecutor+HedgingExecutor.swift
[337/1341] Compiling GRPCCore ClientRPCExecutor+OneShotExecutor.swift
[338/1341] Compiling GRPCCore Metadata.swift
[339/1341] Compiling GRPCCore MethodDescriptor.swift
[340/1341] Compiling GRPCCore RPCError.swift
[340/1350] Compiling tls13_both.cc
[341/1350] Compiling ssl_versions.cc
[343/1350] Compiling Crypto ANSIx963.swift
[344/1350] Compiling Crypto HKDF.swift
[345/1350] Compiling Crypto AESWrap.swift
[346/1350] Compiling Crypto AESWrap_boring.swift
[347/1350] Compiling Crypto Ed25519_boring.swift
[348/1350] Compiling Crypto NISTCurvesKeys_boring.swift
[349/1350] Compiling Crypto X25519Keys_boring.swift
[350/1350] Compiling Crypto Curve25519.swift
[351/1350] Compiling Crypto Ed25519Keys.swift
[352/1350] Compiling GRPCCore TaskGroup+CancellableTask.swift
[353/1350] Compiling GRPCCore GRPCContiguousBytes.swift
[354/1350] Compiling GRPCCore MethodConfig.swift
[355/1350] Compiling GRPCCore ServiceConfig.swift
[356/1350] Compiling GRPCCore GRPCClient.swift
[357/1350] Compiling GRPCCore GRPCServer.swift
[358/1350] Compiling GRPCCore Base64.swift
[362/1350] Compiling Crypto EdDSA_boring.swift
[363/1350] Compiling Crypto MLDSA_boring.swift
[364/1350] Compiling Crypto MLDSA_wrapper.swift
[365/1350] Compiling Crypto ECDSA.swift
[366/1350] Compiling Crypto Ed25519.swift
[367/1350] Compiling Crypto MLDSA.swift
[368/1350] Compiling Crypto Signature.swift
[369/1350] Compiling Crypto CryptoKitErrors_boring.swift
[370/1350] Compiling Crypto Optional+withUnsafeBytes_boring.swift
[376/1350] Compiling Crypto Nonces.swift
[377/1350] Compiling Crypto ASN1.swift
[378/1350] Compiling Crypto ASN1Any.swift
[379/1350] Compiling Crypto ASN1BitString.swift
[380/1350] Compiling Crypto ASN1Boolean.swift
[390/1359] Compiling GRPCCore RPCWriter.swift
[391/1359] Compiling GRPCCore RPCWriterProtocol.swift
[392/1359] Compiling GRPCCore ServerContext.swift
[393/1359] Compiling GRPCCore ServerInterceptor.swift
[394/1359] Compiling GRPCCore ServerRequest.swift
[395/1359] Compiling GRPCCore ServerResponse.swift
[396/1359] Compiling GRPCCore Coding.swift
[397/1359] Compiling GRPCCore CompressionAlgorithm.swift
[398/1359] Compiling GRPCCore ClientRPCExecutor+RetryExecutor.swift
[399/1359] Compiling GRPCCore ClientRPCExecutor.swift
[400/1359] Compiling GRPCCore ServerCancellationManager.swift
[401/1359] Compiling GRPCCore ServerRPCExecutor.swift
[402/1359] Compiling GRPCCore RPCRouter.swift
[403/1359] Compiling GRPCCore RegistrableRPCService.swift
[404/1359] Compiling GRPCCore ServerContext+RPCCancellationHandle.swift
[405/1359] Compiling GRPCCore RPCWriter+Serialize.swift
[406/1359] Compiling GRPCCore UncheckedAsyncIteratorSequence.swift
[407/1359] Compiling GRPCCore RPCAsyncSequence.swift
[408/1359] Compiling GRPCCore RPCWriter+Closable.swift
[409/1359] Compiling GRPCCore RuntimeError.swift
[410/1359] Compiling GRPCCore ServiceDescriptor.swift
[411/1359] Compiling GRPCCore Status.swift
[412/1359] Compiling GRPCCore AsyncSequenceOfOne.swift
[413/1359] Compiling GRPCCore BroadcastAsyncSequence+RPCWriter.swift
[414/1359] Compiling GRPCCore BroadcastAsyncSequence.swift
[415/1359] Compiling GRPCCore GRPCAsyncThrowingStream.swift
[416/1359] Compiling GRPCCore RPCWriter+Map.swift
[417/1359] Compiling GRPCCore RPCWriter+MessageToRPCResponsePart.swift
[418/1359] Compiling GRPCCore ConditionalInterceptor.swift
[419/1359] Compiling GRPCCore ClientRequest+Convenience.swift
[420/1359] Compiling GRPCCore ClientResponse+Convenience.swift
[421/1359] Compiling GRPCCore ClientStreamExecutor.swift
[422/1359] Compiling GRPCCore RetryDelaySequence.swift
[423/1359] Compiling GRPCCore UnsafeTransfer.swift
[424/1359] Compiling GRPCCore Metadata+GRPC.swift
[425/1359] Compiling GRPCCore MethodConfigs.swift
[426/1359] Compiling GRPCCore Result+Catching.swift
[427/1359] Compiling GRPCCore String+Extensions.swift
[428/1359] Compiling SwiftASN1 DER.swift
[445/1359] Emitting module SwiftASN1
[445/1360] Compiling ssl_transcript.cc
[446/1360] Compiling ssl_x509.cc
[448/1360] Emitting module SwiftProtobuf
[449/1360] Compiling SwiftASN1 Errors.swift
[469/1360] Compiling ssl_stat.cc
[471/1360] Compiling SwiftProtobuf duration.pb.swift
[472/1360] Compiling SwiftProtobuf empty.pb.swift
[473/1360] Compiling SwiftProtobuf field_mask.pb.swift
[474/1360] Compiling SwiftProtobuf source_context.pb.swift
[475/1360] Compiling SwiftProtobuf struct.pb.swift
[476/1360] Compiling SwiftProtobuf timestamp.pb.swift
[477/1360] Compiling SwiftProtobuf type.pb.swift
[478/1360] Compiling SwiftProtobuf wrappers.pb.swift
[479/1360] Compiling SwiftProtobuf resource_bundle_accessor.swift
[492/1366] Compiling ssl_privkey.cc
[493/1366] Compiling ssl_session.cc
[494/1366] Compiling ssl_file.cc
[495/1366] Compiling ssl_key_share.cc
[497/1366] Compiling GRPCCore Timeout.swift
[498/1366] Compiling GRPCCore ClientTransport.swift
[499/1366] Compiling GRPCCore RPCParts.swift
[500/1366] Compiling GRPCCore RPCStream.swift
[501/1366] Compiling GRPCCore RetryThrottle.swift
[502/1366] Compiling GRPCCore ServerTransport.swift
[509/1366] Emitting module GRPCCore
[521/1366] Compiling ssl_lib.cc
[540/1366] Compiling ssl_credential.cc
[541/1366] Compiling ssl_cipher.cc
[542/1366] Compiling ssl_cert.cc
[567/1366] Compiling ssl_buffer.cc
[577/1366] Compiling ssl_asn1.cc
[578/1366] Compiling ssl_aead_ctx.cc
[579/1366] Compiling s3_pkt.cc
[580/1366] Compiling s3_lib.cc
[581/1366] Compiling s3_both.cc
[582/1366] Compiling handshake_server.cc
[583/1366] Compiling handshake_client.cc
[584/1366] Compiling handshake.cc
[585/1366] Compiling handoff.cc
[586/1366] Compiling dtls_record.cc
[587/1366] Compiling encrypted_client_hello.cc
[588/1366] Compiling md5-x86_64-linux.S
[589/1366] Compiling md5-x86_64-apple.S
[590/1366] Compiling md5-586-linux.S
[591/1366] Compiling md5-586-apple.S
[592/1366] Compiling extensions.cc
[593/1366] Compiling dtls_method.cc
[594/1366] Compiling chacha20_poly1305_x86_64-apple.S
[595/1366] Compiling chacha20_poly1305_x86_64-linux.S
[596/1366] Compiling d1_srtp.cc
[597/1366] Compiling chacha20_poly1305_armv8-win.S
[598/1366] Compiling chacha20_poly1305_armv8-linux.S
[599/1366] Compiling chacha20_poly1305_armv8-apple.S
[600/1366] Compiling chacha-x86_64-linux.S
[601/1366] Compiling chacha-x86_64-apple.S
[602/1366] Compiling chacha-x86-linux.S
[603/1366] Compiling chacha-armv8-win.S
[603/1366] Compiling chacha-x86-apple.S
[605/1366] Compiling chacha-armv8-linux.S
[606/1366] Compiling chacha-armv8-apple.S
[607/1366] Compiling chacha-armv4-linux.S
[607/1366] Compiling aes128gcmsiv-x86_64-linux.S
[609/1366] Compiling aes128gcmsiv-x86_64-apple.S
[610/1366] Compiling x86_64-mont5-linux.S
[611/1366] Compiling x86_64-mont-linux.S
[612/1366] Compiling x86_64-mont5-apple.S
[613/1366] Compiling x86_64-mont-apple.S
[614/1366] Compiling err_data.cc
[615/1366] Compiling d1_pkt.cc
[616/1366] Compiling x86-mont-linux.S
[617/1366] Compiling x86-mont-apple.S
[618/1366] Compiling vpaes-x86_64-linux.S
[619/1366] Compiling vpaes-x86_64-apple.S
[620/1366] Compiling vpaes-x86-linux.S
[621/1366] Compiling vpaes-x86-apple.S
[622/1366] Compiling vpaes-armv8-win.S
[623/1366] Compiling vpaes-armv8-linux.S
[624/1366] Compiling vpaes-armv8-apple.S
[625/1366] Compiling vpaes-armv7-linux.S
[626/1366] Compiling bio_ssl.cc
[627/1366] Compiling sha512-x86_64-linux.S
[628/1366] Compiling sha512-x86_64-apple.S
[629/1366] Compiling sha512-armv8-win.S
[630/1366] Compiling sha512-armv8-linux.S
[631/1366] Compiling sha512-armv4-linux.S
[632/1366] Compiling sha512-armv8-apple.S
[633/1366] Compiling sha512-586-linux.S
[634/1366] Compiling sha512-586-apple.S
[635/1366] Compiling sha256-x86_64-linux.S
[636/1366] Compiling sha256-armv8-win.S
[637/1366] Compiling sha256-x86_64-apple.S
[638/1366] Compiling d1_lib.cc
[639/1366] Compiling sha256-armv8-linux.S
[679/1366] Compiling sha256-armv8-apple.S
[680/1366] Compiling sha256-586-linux.S
[681/1366] Compiling sha256-586-apple.S
[682/1366] Compiling sha256-armv4-linux.S
[683/1366] Compiling sha1-x86_64-linux.S
[684/1366] Compiling sha1-x86_64-apple.S
[685/1366] Compiling sha1-armv8-win.S
[686/1366] Compiling sha1-armv8-linux.S
[687/1366] Compiling sha1-586-apple.S
[688/1366] Compiling sha1-586-linux.S
[688/1366] Compiling sha1-armv4-large-linux.S
[690/1366] Compiling rsaz-avx2-linux.S
[691/1366] Compiling rsaz-avx2-apple.S
[692/1366] Compiling rdrand-x86_64-linux.S
[693/1366] Compiling sha1-armv8-apple.S
[694/1366] Compiling rdrand-x86_64-apple.S
[695/1366] Compiling d1_both.cc
[696/1366] Compiling p256_beeu-x86_64-asm-linux.S
[697/1366] Compiling p256_beeu-x86_64-asm-apple.S
[698/1366] Compiling p256_beeu-armv8-asm-win.S
[698/1366] Compiling p256_beeu-armv8-asm-linux.S
[699/1366] Compiling p256-x86_64-asm-linux.S
[701/1366] Compiling p256-armv8-asm-win.S
[702/1366] Compiling p256_beeu-armv8-asm-apple.S
[703/1366] Compiling p256-x86_64-asm-apple.S
[704/1366] Compiling p256-armv8-asm-linux.S
[705/1366] Compiling ghashv8-armv8-win.S
[706/1366] Compiling ghash-x86_64-linux.S
[707/1366] Compiling ghash-x86_64-apple.S
[708/1366] Compiling ghash-x86-linux.S
[708/1366] Compiling ghashv8-armv7-linux.S
[710/1366] Compiling ghashv8-armv8-linux.S
[711/1366] Compiling ghashv8-armv8-apple.S
[712/1366] Compiling p256-armv8-asm-apple.S
[713/1366] Compiling ghash-x86-apple.S
[714/1375] Compiling ghash-neon-armv8-win.S
[715/1377] Compiling ghash-ssse3-x86-apple.S
[716/1377] Compiling ghash-ssse3-x86-linux.S
[717/1377] Compiling ghash-ssse3-x86_64-linux.S
[718/1377] Compiling ghash-neon-armv8-apple.S
[719/1377] Compiling ghash-ssse3-x86_64-apple.S
[720/1377] Compiling co-586-linux.S
[721/1377] Compiling ghash-armv4-linux.S
[722/1377] Compiling ghash-neon-armv8-linux.S
[723/1377] Compiling bsaes-armv7-linux.S
[724/1377] Compiling co-586-apple.S
[725/1377] Compiling bn-armv8-win.S
[726/1377] Compiling bn-armv8-linux.S
[727/1377] Compiling bn-armv8-apple.S
[728/1377] Compiling bn-586-linux.S
[729/1377] Compiling bn-586-apple.S
[730/1377] Compiling armv8-mont-win.S
[731/1377] Compiling armv8-mont-linux.S
[732/1377] Compiling aesv8-gcm-armv8-win.S
[733/1377] Compiling armv8-mont-apple.S
[734/1377] Compiling armv4-mont-linux.S
[735/1377] Compiling aesv8-gcm-armv8-linux.S
[736/1377] Compiling aesv8-armv8-win.S
[737/1377] Compiling aesv8-gcm-armv8-apple.S
[738/1377] Compiling aesv8-armv8-linux.S
[739/1377] Compiling aesv8-armv8-apple.S
[740/1377] Compiling aesv8-armv7-linux.S
[741/1377] Compiling aesni-x86_64-linux.S
[742/1377] Compiling aesni-x86_64-apple.S
[743/1377] Compiling aesni-x86-linux.S
[744/1377] Compiling aesni-x86-apple.S
[745/1377] Compiling aesni-gcm-x86_64-linux.S
[746/1377] Compiling aes-gcm-avx2-x86_64-linux.S
[747/1377] Compiling aesni-gcm-x86_64-apple.S
[748/1377] Compiling aes-gcm-avx2-x86_64-apple.S
[749/1377] Compiling aes-gcm-avx10-x86_64-linux.S
[750/1377] Compiling aes-gcm-avx10-x86_64-apple.S
[752/1377] Compiling GRPCProtobuf Coding.swift
[753/1377] Compiling GRPCProtobuf ContiguousBytesAdapter.swift
[754/1377] Compiling GRPCProtobuf ErrorDetails+AnyPacking.swift
[755/1378] Compiling GRPCProtobuf status.pb.swift
[756/1378] Compiling GRPCProtobuf GoogleRPCStatus.swift
[757/1378] Emitting module GRPCProtobuf
[758/1378] Compiling GRPCProtobuf RPCError+GoogleRPCStatus.swift
[758/1378] Compiling x_sig.cc
[759/1378] Compiling x_spki.cc
[760/1378] Compiling x_val.cc
[761/1378] Compiling x_exten.cc
[762/1378] Compiling x_req.cc
[763/1378] Compiling x_pubkey.cc
[764/1378] Compiling x_x509.cc
[766/1378] Compiling GRPCProtobuf ErrorDetails+CustomStringConvertible.swift
[766/1378] Compiling x_x509a.cc
[767/1378] Compiling x_name.cc
[769/1378] Compiling GRPCProtobuf ErrorDetails.swift
[770/1378] Compiling GRPCProtobuf code.pb.swift
[771/1378] Compiling GRPCProtobuf ErrorDetails+Types.swift
[772/1378] Compiling GRPCProtobuf error_details.pb.swift
[772/1378] Compiling x509spki.cc
[773/1378] Compiling x_algor.cc
[773/1378] Compiling x_attrib.cc
[775/1378] Compiling x_crl.cc
[776/1378] Compiling x509rset.cc
[777/1378] Compiling x509cset.cc
[778/1378] Compiling x_all.cc
[779/1378] Compiling x509name.cc
[780/1378] Compiling x509_vpm.cc
[781/1378] Compiling x509_vfy.cc
[782/1378] Compiling x509_txt.cc
[783/1378] Compiling x509_trs.cc
[784/1378] Compiling x509_v3.cc
[785/1378] Compiling x509_set.cc
[786/1378] Compiling x509_def.cc
[787/1378] Compiling x509_obj.cc
[788/1378] Compiling x509_ext.cc
[789/1378] Compiling x509_req.cc
[790/1378] Compiling x509_lu.cc
[791/1378] Compiling x509_d2.cc
[792/1378] Compiling x509.cc
[793/1378] Compiling x509_cmp.cc
[794/1378] Compiling x509_att.cc
[795/1378] Compiling v3_skey.cc
[796/1378] Compiling v3_prn.cc
[797/1378] Compiling v3_pmaps.cc
[797/1378] Compiling v3_purp.cc
[799/1378] Compiling v3_utl.cc
[800/1378] Compiling v3_pcons.cc
[801/1378] Compiling v3_ocsp.cc
[802/1378] Compiling v3_int.cc
[803/1378] Compiling v3_lib.cc
[804/1378] Compiling v3_ncons.cc
[805/1378] Compiling v3_ia5.cc
[806/1378] Compiling v3_info.cc
[807/1378] Compiling v3_extku.cc
[808/1378] Compiling v3_genn.cc
[809/1378] Compiling v3_enum.cc
[810/1378] Compiling v3_crld.cc
[811/1378] Compiling v3_cpols.cc
[812/1378] Compiling v3_bitst.cc
[813/1378] Compiling v3_conf.cc
[814/1378] Compiling v3_bcons.cc
[815/1378] Compiling v3_akeya.cc
[816/1378] Compiling v3_alt.cc
[817/1378] Compiling v3_akey.cc
[818/1378] Compiling t_x509a.cc
[819/1378] Compiling t_x509.cc
[820/1378] Compiling t_req.cc
[821/1378] Compiling t_crl.cc
[822/1378] Compiling i2d_pr.cc
[823/1378] Compiling name_print.cc
[824/1378] Compiling rsa_pss.cc
[825/1378] Compiling policy.cc
[826/1378] Compiling by_file.cc
[827/1378] Compiling by_dir.cc
[828/1378] Compiling asn1_gen.cc
[828/1378] Compiling algorithm.cc
[830/1378] Compiling a_verify.cc
[831/1378] Compiling a_sign.cc
[832/1378] Compiling thread_win.cc
[833/1378] Compiling a_digest.cc
[834/1378] Compiling thread.cc
[835/1378] Compiling thread_pthread.cc
[836/1378] Compiling thread_none.cc
[837/1378] Compiling stack.cc
[838/1378] Compiling trust_token.cc
[838/1378] Compiling voprf.cc
[840/1378] Compiling pmbtoken.cc
[841/1378] Compiling spake2plus.cc
[842/1378] Compiling sha512.cc
[843/1378] Compiling siphash.cc
[844/1378] Compiling sha256.cc
[845/1378] Compiling sha1.cc
[846/1378] Compiling rsa_print.cc
[847/1378] Compiling slhdsa.cc
[848/1378] Compiling rsa_extra.cc
[849/1378] Compiling rsa_crypt.cc
[850/1378] Compiling refcount.cc
[851/1378] Compiling rsa_asn1.cc
[852/1378] Compiling rc4.cc
[853/1378] Compiling urandom.cc
[854/1378] Compiling trusty.cc
[855/1378] Compiling windows.cc
[856/1378] Compiling poly1305_arm_asm.S
[857/1378] Compiling rand.cc
[858/1378] Compiling passive.cc
[859/1378] Compiling ios.cc
[860/1378] Compiling getentropy.cc
[861/1378] Compiling forkunsafe.cc
[862/1378] Compiling deterministic.cc
[863/1378] Compiling fork_detect.cc
[864/1378] Compiling poly1305_vec.cc
[865/1378] Compiling poly1305_arm.cc
[866/1378] Compiling poly1305.cc
[867/1378] Compiling pool.cc
[868/1378] Compiling pkcs8.cc
[869/1378] Compiling pkcs8_x509.cc
[870/1378] Compiling p5_pbev2.cc
[871/1378] Compiling pkcs7.cc
[872/1378] Compiling pkcs7_x509.cc
[873/1378] Compiling pem_xaux.cc
[874/1378] Compiling pem_x509.cc
[875/1378] Compiling pem_pkey.cc
[876/1378] Compiling pem_pk8.cc
[877/1378] Compiling pem_oth.cc
[878/1378] Compiling obj_xref.cc
[879/1378] Compiling mlkem.cc
[880/1378] Compiling mldsa.cc
[881/1378] Compiling pem_lib.cc
[882/1378] Compiling pem_info.cc
[883/1378] Compiling pem_all.cc
[884/1378] Compiling poly_rq_mul.S
[885/1378] Compiling mem.cc
[886/1378] Compiling fips_shared_support.cc
[887/1378] Compiling md5.cc
[888/1378] Compiling md4.cc
[889/1378] Compiling obj.cc
[890/1378] Compiling lhash.cc
[891/1378] Compiling ex_data.cc
[892/1378] Compiling kyber.cc
[893/1378] Compiling sign.cc
[894/1378] Compiling scrypt.cc
[895/1378] Compiling print.cc
[896/1378] Compiling hpke.cc
[897/1378] Compiling hrss.cc
[898/1378] Compiling pbkdf.cc
[899/1378] Compiling p_x25519.cc
[900/1378] Compiling p_x25519_asn1.cc
[901/1378] Compiling p_ed25519.cc
[902/1378] Compiling p_rsa_asn1.cc
[903/1378] Compiling p_ec.cc
[904/1378] Compiling p_hkdf.cc
[905/1378] Compiling p_rsa.cc
[906/1378] Compiling p_ed25519_asn1.cc
[907/1378] Compiling p_ec_asn1.cc
[908/1378] Compiling p_dh_asn1.cc
[909/1378] Compiling p_dh.cc
[910/1378] Compiling p_dsa_asn1.cc
[911/1378] Compiling evp_ctx.cc
[912/1378] Compiling evp.cc
[913/1378] Compiling err.cc
[914/1378] Compiling engine.cc
[915/1378] Compiling evp_asn1.cc
[916/1378] Compiling ecdsa_asn1.cc
[917/1378] Compiling ecdh.cc
[918/1378] Compiling hash_to_curve.cc
[919/1378] Compiling ec_derive.cc
[920/1378] Compiling dsa.cc
[921/1378] Compiling ec_asn1.cc
[922/1378] Compiling dsa_asn1.cc
[923/1378] Compiling bcm.cc
[924/1378] Compiling digest_extra.cc
[925/1378] Compiling params.cc
[926/1378] Compiling x25519-asm-arm.S
[927/1378] Compiling dh_asn1.cc
[928/1378] Compiling des.cc
[929/1378] Compiling curve25519_64_adx.cc
[930/1378] Compiling spake25519.cc
[931/1378] Compiling cpu_intel.cc
[932/1378] Compiling crypto.cc
[933/1378] Compiling cpu_arm_freebsd.cc
[934/1378] Compiling cpu_arm_linux.cc
[935/1378] Compiling curve25519.cc
[936/1378] Compiling cpu_aarch64_win.cc
[937/1378] Compiling cpu_aarch64_openbsd.cc
[938/1378] Compiling cpu_aarch64_sysreg.cc
[939/1378] Compiling cpu_aarch64_linux.cc
[940/1378] Compiling cpu_aarch64_fuchsia.cc
[941/1378] Compiling cpu_aarch64_apple.cc
[942/1378] Compiling get_cipher.cc
[943/1378] Compiling tls_cbc.cc
[944/1378] Compiling conf.cc
[945/1378] Compiling e_tls.cc
[946/1378] Compiling e_rc4.cc
[947/1378] Compiling e_rc2.cc
[948/1378] Compiling e_null.cc
[949/1378] Compiling e_des.cc
[950/1378] Compiling e_chacha20poly1305.cc
[951/1378] Compiling derive_key.cc
[952/1378] Compiling e_aesgcmsiv.cc
[953/1378] Compiling e_aesctrhmac.cc
[954/1378] Compiling chacha.cc
[955/1378] Compiling unicode.cc
[956/1378] Compiling cbs.cc
[957/1378] Compiling ber.cc
[958/1378] Compiling cbb.cc
[959/1378] Compiling buf.cc
[959/1378] Compiling asn1_compat.cc
[961/1378] Compiling blake2.cc
[962/1378] Compiling socket_helper.cc
[963/1378] Compiling bn_asn1.cc
[964/1378] Compiling socket.cc
[965/1378] Compiling convert.cc
[966/1378] Compiling printf.cc
[967/1378] Compiling pair.cc
[968/1378] Compiling hexdump.cc
[969/1378] Compiling file.cc
[969/1378] Compiling fd.cc
[971/1378] Compiling errno.cc
[972/1378] Compiling connect.cc
[973/1378] Compiling bio_mem.cc
[974/1378] Compiling base64.cc
[975/1378] Compiling bio.cc
[976/1378] Compiling tasn_typ.cc
[977/1378] Compiling tasn_utl.cc
[978/1378] Compiling tasn_fre.cc
[979/1378] Compiling tasn_enc.cc
[980/1378] Compiling tasn_new.cc
[981/1378] Compiling posix_time.cc
[982/1378] Compiling f_string.cc
[983/1378] Compiling tasn_dec.cc
[984/1378] Compiling f_int.cc
[985/1378] Compiling asn_pack.cc
[986/1378] Compiling asn1_par.cc
[987/1378] Compiling asn1_lib.cc
[988/1378] Compiling a_utctm.cc
[989/1378] Compiling a_octet.cc
[990/1378] Compiling a_type.cc
[991/1378] Compiling a_time.cc
[992/1378] Compiling a_strnid.cc
[993/1378] Compiling a_strex.cc
[994/1378] Compiling a_object.cc
[995/1378] Compiling a_mbstr.cc
[996/1378] Compiling CGRPCNIOTransportZlib empty.c
[997/1378] Compiling a_int.cc
[998/1378] Compiling fiat_p256_adx_sqr.S
[999/1378] Compiling a_i2d_fp.cc
[1000/1378] Compiling fiat_p256_adx_mul.S
[1001/1378] Compiling a_d2i_fp.cc
[1002/1378] Compiling a_dup.cc
[1003/1378] Compiling fiat_curve25519_adx_square.S
[1004/1378] Compiling fiat_curve25519_adx_mul.S
[1005/1378] Compiling md5-x86_64-linux.S
[1006/1378] Compiling md5-x86_64-apple.S
[1007/1378] Compiling md5-586-linux.S
[1008/1378] Compiling md5-586-apple.S
[1009/1378] Compiling chacha20_poly1305_x86_64-linux.S
[1010/1378] Compiling chacha20_poly1305_x86_64-apple.S
[1010/1378] Compiling a_gentm.cc
[1012/1378] Compiling chacha20_poly1305_armv8-win.S
[1013/1378] Compiling a_bool.cc
[1014/1378] Compiling chacha20_poly1305_armv8-linux.S
[1015/1378] Compiling a_bitstr.cc
[1016/1378] Compiling chacha-x86_64-linux.S
[1017/1378] Compiling chacha-x86_64-apple.S
[1018/1378] Compiling chacha-x86-linux.S
[1019/1378] Compiling chacha-x86-apple.S
[1019/1378] Compiling chacha-armv8-win.S
[1021/1378] Compiling chacha20_poly1305_armv8-apple.S
[1022/1378] Compiling chacha-armv8-linux.S
[1023/1378] Compiling chacha-armv4-linux.S
[1023/1378] Compiling aes128gcmsiv-x86_64-linux.S
[1025/1378] Compiling aes128gcmsiv-x86_64-apple.S
[1026/1378] Compiling x86_64-mont5-linux.S
[1027/1378] Compiling chacha-armv8-apple.S
[1028/1378] Compiling x86_64-mont5-apple.S
[1029/1378] Compiling x86_64-mont-linux.S
[1030/1378] Compiling x86_64-mont-apple.S
[1031/1378] Compiling x86-mont-linux.S
[1032/1378] Compiling x86-mont-apple.S
[1033/1378] Compiling vpaes-x86_64-linux.S
[1034/1378] Compiling vpaes-x86_64-apple.S
[1035/1378] Compiling vpaes-x86-linux.S
[1036/1378] Compiling vpaes-x86-apple.S
[1036/1378] Compiling vpaes-armv8-win.S
[1038/1378] Compiling vpaes-armv8-linux.S
[1039/1378] Compiling vpaes-armv7-linux.S
[1040/1378] Compiling vpaes-armv8-apple.S
[1041/1378] Compiling sha512-x86_64-apple.S
[1042/1378] Compiling sha512-x86_64-linux.S
[1042/1378] Compiling sha512-armv8-win.S
[1044/1378] Compiling sha512-armv8-linux.S
[1045/1378] Compiling sha512-armv4-linux.S
[1046/1378] Compiling sha512-armv8-apple.S
[1047/1378] Compiling sha256-x86_64-apple.S
[1048/1378] Compiling sha256-x86_64-linux.S
[1048/1378] Compiling sha512-586-apple.S
[1050/1378] Compiling sha512-586-linux.S
[1051/1378] Compiling err_data.cc
[1052/1378] Compiling sha256-armv8-win.S
[1053/1378] Compiling sha256-armv8-linux.S
[1054/1378] Compiling sha1-x86_64-linux.S
[1055/1378] Compiling sha256-586-apple.S
[1055/1378] Compiling sha256-586-linux.S
[1057/1378] Compiling sha256-armv4-linux.S
[1058/1378] Compiling CCryptoBoringSSLShims shims.c
[1059/1378] Compiling sha1-x86_64-apple.S
[1060/1378] Compiling sha256-armv8-apple.S
[1061/1378] Compiling sha1-armv8-win.S
[1062/1378] Compiling sha1-armv8-linux.S
[1063/1378] Compiling sha1-armv4-large-linux.S
[1064/1378] Compiling sha1-586-linux.S
[1065/1378] Compiling sha1-586-apple.S
[1066/1378] Compiling rsaz-avx2-linux.S
[1067/1378] Compiling rsaz-avx2-apple.S
[1068/1378] Compiling sha1-armv8-apple.S
[1069/1378] Compiling rdrand-x86_64-linux.S
[1070/1378] Compiling p256_beeu-x86_64-asm-linux.S
[1070/1378] Compiling rdrand-x86_64-apple.S
[1071/1378] Compiling p256_beeu-x86_64-asm-apple.S
[1073/1378] Compiling p256_beeu-armv8-asm-win.S
[1074/1378] Compiling p256_beeu-armv8-asm-linux.S
[1075/1378] Compiling p256-x86_64-asm-linux.S
[1076/1378] Compiling p256_beeu-armv8-asm-apple.S
[1077/1378] Compiling p256-x86_64-asm-apple.S
[1078/1378] Compiling p256-armv8-asm-win.S
[1079/1378] Compiling ghashv8-armv8-win.S
[1080/1378] Compiling p256-armv8-asm-linux.S
[1081/1378] Compiling ghashv8-armv8-linux.S
[1082/1378] Compiling p256-armv8-asm-apple.S
[1083/1378] Compiling ghashv8-armv7-linux.S
[1084/1378] Compiling ghashv8-armv8-apple.S
[1085/1378] Compiling ghash-x86_64-linux.S
[1086/1378] Compiling ghash-x86_64-apple.S
[1087/1378] Compiling ghash-x86-linux.S
[1087/1378] Compiling ghash-x86-apple.S
[1089/1378] Compiling ghash-ssse3-x86_64-apple.S
[1090/1378] Compiling ghash-ssse3-x86_64-linux.S
[1091/1378] Compiling ghash-ssse3-x86-apple.S
[1092/1378] Compiling ghash-ssse3-x86-linux.S
[1093/1378] Compiling ghash-neon-armv8-win.S
[1094/1378] Compiling ghash-neon-armv8-linux.S
[1095/1378] Compiling ghash-armv4-linux.S
[1096/1378] Compiling ghash-neon-armv8-apple.S
[1097/1378] Compiling bsaes-armv7-linux.S
[1098/1378] Compiling bn-armv8-win.S
[1099/1378] Compiling co-586-linux.S
[1100/1378] Compiling co-586-apple.S
[1101/1378] Compiling bn-armv8-linux.S
[1102/1378] Compiling bn-586-linux.S
[1103/1378] Compiling bn-armv8-apple.S
[1104/1378] Compiling armv8-mont-win.S
[1105/1378] Compiling bn-586-apple.S
[1106/1378] Compiling armv4-mont-linux.S
[1107/1378] Compiling armv8-mont-linux.S
[1108/1378] Compiling armv8-mont-apple.S
[1108/1378] Compiling aesv8-gcm-armv8-win.S
[1110/1378] Compiling aesv8-gcm-armv8-linux.S
[1111/1378] Compiling aesv8-armv8-win.S
[1112/1378] Compiling aesv8-armv8-linux.S
[1113/1378] Compiling aesv8-armv7-linux.S
[1114/1378] Compiling aesv8-gcm-armv8-apple.S
[1115/1378] Compiling aesv8-armv8-apple.S
[1116/1378] Compiling aesni-x86_64-linux.S
[1117/1378] Compiling aesni-x86_64-apple.S
[1118/1378] Compiling aesni-x86-linux.S
[1119/1378] Compiling aesni-x86-apple.S
[1120/1378] Compiling aesni-gcm-x86_64-apple.S
[1121/1378] Compiling aesni-gcm-x86_64-linux.S
[1121/1378] Compiling aes-gcm-avx512-x86_64-linux.S
[1123/1378] Compiling aes-gcm-avx2-x86_64-linux.S
[1124/1378] Compiling aes-gcm-avx512-x86_64-apple.S
[1125/1378] Compiling aes-gcm-avx2-x86_64-apple.S
[1126/1378] Compiling xwing.cc
[1127/1378] Compiling c-nioatomics.c
[1128/1378] Compiling x_req.cc
[1129/1378] Compiling x_sig.cc
[1130/1378] Compiling x_spki.cc
[1131/1378] Compiling x_x509a.cc
[1132/1378] Compiling x_name.cc
[1133/1378] Compiling x_pubkey.cc
[1134/1378] Compiling x_x509.cc
[1135/1378] Compiling c-atomics.c
[1136/1378] Compiling x_exten.cc
[1137/1378] Compiling x_crl.cc
[1138/1378] Compiling x509spki.cc
[1139/1378] Compiling x_attrib.cc
[1140/1378] Compiling x509rset.cc
[1141/1378] Compiling x_all.cc
[1142/1385] Compiling x_algor.cc
[1143/1385] Compiling x509cset.cc
[1144/1385] Compiling x509name.cc
[1145/1385] Compiling x509_vpm.cc
[1147/1385] Compiling NIOConcurrencyHelpers lock.swift
[1147/1385] Compiling x509_vfy.cc
[1148/1385] Compiling x509_txt.cc
[1149/1385] Compiling x509_v3.cc
[1151/1385] Compiling NIOConcurrencyHelpers NIOThreadPoolWorkAvailable.swift
[1152/1385] Compiling NIOConcurrencyHelpers NIOLockedValueBox.swift
[1153/1385] Compiling NIOConcurrencyHelpers NIOLock.swift
[1154/1385] Compiling NIOConcurrencyHelpers NIOAtomic.swift
[1155/1385] Emitting module NIOConcurrencyHelpers
[1156/1385] Compiling NIOConcurrencyHelpers atomics.swift
[1156/1385] Compiling x509_trs.cc
[1157/1385] Compiling x509_set.cc
[1158/1385] Compiling x509_req.cc
[1159/1385] Compiling x509_obj.cc
[1160/1385] Compiling x509_lu.cc
[1161/1385] Compiling x509_ext.cc
[1162/1385] Compiling x509_def.cc
[1163/1385] Compiling x509_d2.cc
[1164/1385] Compiling x509.cc
[1165/1385] Compiling x509_cmp.cc
[1166/1385] Compiling x509_att.cc
[1167/1385] Compiling v3_skey.cc
[1168/1385] Compiling v3_prn.cc
[1169/1385] Compiling v3_purp.cc
[1170/1385] Compiling v3_utl.cc
[1171/1385] Compiling v3_pmaps.cc
[1172/1385] Compiling v3_pcons.cc
[1173/1385] Compiling v3_ocsp.cc
[1174/1385] Compiling v3_lib.cc
[1174/1385] Compiling v3_int.cc
[1176/1385] Compiling v3_ncons.cc
[1177/1385] Compiling v3_ia5.cc
[1178/1385] Compiling v3_extku.cc
[1179/1385] Compiling v3_info.cc
[1180/1385] Compiling v3_genn.cc
[1181/1385] Compiling v3_enum.cc
[1182/1385] Compiling v3_crld.cc
[1183/1385] Compiling v3_cpols.cc
[1184/1385] Compiling v3_bcons.cc
[1185/1385] Compiling v3_bitst.cc
[1186/1385] Compiling v3_conf.cc
[1187/1385] Compiling v3_akey.cc
[1188/1385] Compiling v3_akeya.cc
[1189/1385] Compiling v3_alt.cc
[1190/1385] Compiling t_x509a.cc
[1191/1385] Compiling t_x509.cc
[1192/1385] Compiling i2d_pr.cc
[1193/1385] Compiling t_req.cc
[1194/1385] Compiling t_crl.cc
[1195/1385] Compiling name_print.cc
[1196/1385] Compiling rsa_pss.cc
[1197/1385] Compiling policy.cc
[1198/1385] Compiling by_dir.cc
[1199/1385] Compiling by_file.cc
[1200/1385] Compiling asn1_gen.cc
[1201/1385] Compiling algorithm.cc
[1202/1385] Compiling thread_win.cc
[1203/1385] Compiling thread_none.cc
[1203/1385] Compiling thread_pthread.cc
[1205/1385] Compiling a_verify.cc
[1206/1385] Compiling a_digest.cc
[1207/1385] Compiling a_sign.cc
[1208/1385] Compiling trust_token.cc
[1209/1385] Compiling voprf.cc
[1210/1385] Compiling pmbtoken.cc
[1211/1385] Compiling thread.cc
[1212/1385] Compiling stack.cc
[1213/1385] Compiling siphash.cc
[1214/1385] Compiling sha256.cc
[1214/1385] Compiling sha512.cc
[1216/1385] Compiling slhdsa.cc
[1217/1385] Compiling sha1.cc
[1218/1385] Compiling rsa_extra.cc
[1219/1385] Compiling rsa_print.cc
[1220/1385] Compiling spake2plus.cc
[1221/1385] Compiling rsa_crypt.cc
[1222/1385] Compiling refcount.cc
[1223/1385] Compiling rc4.cc
[1224/1385] Compiling windows.cc
[1225/1385] Compiling urandom.cc
[1226/1385] Compiling trusty.cc
[1227/1385] Compiling rand.cc
[1228/1385] Compiling passive.cc
[1229/1385] Compiling ios.cc
[1230/1385] Compiling poly1305_arm_asm.S
[1231/1385] Compiling getentropy.cc
[1232/1385] Compiling rsa_asn1.cc
[1233/1385] Compiling forkunsafe.cc
[1234/1385] Compiling deterministic.cc
[1235/1385] Compiling fork_detect.cc
[1236/1385] Compiling poly1305_vec.cc
[1237/1385] Compiling poly1305_arm.cc
[1238/1385] Compiling poly1305.cc
[1239/1385] Compiling pool.cc
[1240/1385] Compiling pkcs8_x509.cc
[1241/1385] Compiling pkcs8.cc
[1242/1385] Compiling p5_pbev2.cc
[1243/1385] Compiling pkcs7.cc
[1244/1385] Compiling pkcs7_x509.cc
[1245/1385] Compiling pem_xaux.cc
[1246/1385] Compiling pem_x509.cc
[1247/1385] Compiling pem_pkey.cc
[1248/1385] Compiling pem_pk8.cc
[1249/1385] Compiling pem_oth.cc
[1250/1385] Compiling mlkem.cc
[1251/1385] Compiling obj_xref.cc
[1252/1385] Compiling mldsa.cc
[1253/1385] Compiling pem_lib.cc
[1254/1385] Compiling pem_info.cc
[1255/1385] Compiling mem.cc
[1256/1385] Compiling poly_rq_mul.S
[1257/1385] Compiling pem_all.cc
[1258/1385] Compiling fips_shared_support.cc
[1259/1385] Compiling obj.cc
[1260/1385] Compiling md5.cc
[1261/1385] Compiling md4.cc
[1262/1385] Compiling lhash.cc
[1263/1385] Compiling fuzzer_mode.cc
[1264/1385] Compiling kyber.cc
[1265/1385] Compiling ex_data.cc
[1266/1385] Compiling hrss.cc
[1267/1385] Compiling scrypt.cc
[1268/1385] Compiling hpke.cc
[1269/1385] Compiling sign.cc
[1270/1385] Compiling print.cc
[1271/1385] Compiling pbkdf.cc
[1272/1385] Compiling p_x25519_asn1.cc
[1273/1385] Compiling p_x25519.cc
[1274/1385] Compiling p_rsa_asn1.cc
[1275/1385] Compiling p_hkdf.cc
[1276/1385] Compiling p_ed25519_asn1.cc
[1277/1385] Compiling p_rsa.cc
[1278/1385] Compiling p_ed25519.cc
[1279/1385] Compiling p_ec.cc
[1279/1385] Compiling p_ec_asn1.cc
[1281/1385] Compiling p_dsa_asn1.cc
[1282/1385] Compiling p_dh_asn1.cc
[1283/1385] Compiling p_dh.cc
[1284/1385] Compiling err.cc
[1285/1385] Compiling evp_ctx.cc
[1286/1385] Compiling engine.cc
[1287/1385] Compiling ecdsa_p1363.cc
[1288/1385] Compiling evp.cc
[1289/1385] Compiling evp_asn1.cc
[1290/1385] Compiling ecdh.cc
[1291/1385] Compiling ec_derive.cc
[1292/1385] Compiling ecdsa_asn1.cc
[1293/1385] Compiling hash_to_curve.cc
[1294/1385] Compiling dsa.cc
[1295/1385] Compiling dsa_asn1.cc
[1296/1385] Compiling digest_extra.cc
[1297/1385] Compiling x25519-asm-arm.S
[1298/1385] Compiling ec_asn1.cc
[1299/1385] Compiling params.cc
[1300/1385] Compiling des.cc
[1301/1385] Compiling curve25519_64_adx.cc
[1302/1385] Compiling dh_asn1.cc
[1303/1385] Compiling spake25519.cc
[1304/1385] Compiling cpu_intel.cc
[1305/1385] Compiling crypto.cc
[1306/1385] Compiling curve25519.cc
[1307/1385] Compiling cpu_arm_linux.cc
[1308/1385] Compiling cpu_arm_freebsd.cc
[1309/1385] Compiling cpu_aarch64_openbsd.cc
[1310/1385] Compiling cpu_aarch64_win.cc
[1311/1385] Compiling cpu_aarch64_sysreg.cc
[1312/1385] Compiling cpu_aarch64_linux.cc
[1313/1385] Compiling cpu_aarch64_fuchsia.cc
[1314/1385] Compiling cpu_aarch64_apple.cc
[1315/1385] Compiling conf.cc
[1316/1385] Compiling tls_cbc.cc
[1317/1385] Compiling get_cipher.cc
[1318/1385] Compiling e_rc4.cc
[1319/1385] Compiling e_tls.cc
[1320/1385] Compiling cms.cc
[1321/1385] Compiling e_null.cc
[1322/1385] Compiling e_rc2.cc
[1323/1385] Compiling e_des.cc
[1324/1385] Compiling e_chacha20poly1305.cc
[1325/1385] Compiling e_aesgcmsiv.cc
[1326/1385] Compiling derive_key.cc
[1327/1385] Compiling e_aesctrhmac.cc
[1328/1385] Compiling e_aeseax.cc
[1329/1385] Compiling chacha.cc
[1330/1385] Compiling unicode.cc
[1331/1385] Compiling cbs.cc
[1332/1385] Compiling cbb.cc
[1333/1385] Compiling ber.cc
[1334/1385] Compiling asn1_compat.cc
[1335/1385] Compiling buf.cc
[1336/1385] Compiling sqrt.cc
[1337/1385] Compiling div.cc
[1338/1385] Compiling exponentiation.cc
[1339/1385] Compiling blake2.cc
[1340/1385] Compiling printf.cc
[1341/1385] Compiling pair.cc
[1342/1385] Compiling bn_asn1.cc
[1343/1385] Compiling hexdump.cc
[1344/1385] Compiling file.cc
[1345/1385] Compiling convert.cc
[1346/1385] Compiling fd.cc
[1347/1385] Compiling errno.cc
[1348/1385] Compiling bio_mem.cc
[1349/1385] Compiling base64.cc
[1350/1385] Compiling bio.cc
[1351/1385] Compiling tasn_typ.cc
[1352/1385] Compiling tasn_fre.cc
[1353/1385] Compiling tasn_enc.cc
[1354/1385] Compiling tasn_utl.cc
[1355/1385] Compiling tasn_new.cc
[1356/1385] Compiling tasn_dec.cc
[1357/1385] Compiling posix_time.cc
[1358/1385] Compiling f_string.cc
[1359/1385] Compiling f_int.cc
[1360/1385] Compiling asn_pack.cc
[1361/1385] Compiling asn1_par.cc
[1362/1385] Compiling bcm.cc
[1363/1385] Compiling asn1_lib.cc
[1364/1385] Compiling a_utctm.cc
[1365/1385] Compiling a_type.cc
[1366/1385] Compiling a_time.cc
[1367/1385] Compiling a_octet.cc
[1368/1385] Compiling a_strnid.cc
[1369/1385] Compiling a_strex.cc
[1370/1385] Compiling a_mbstr.cc
[1371/1385] Compiling a_i2d_fp.cc
[1371/1385] Write sources
[1376/1385] Compiling a_object.cc
[1377/1385] Compiling CAsyncHTTPClient CAsyncHTTPClient.c
[1378/1385] Compiling a_int.cc
[1379/1385] Compiling a_d2i_fp.cc
[1380/1385] Compiling a_dup.cc
[1381/1385] Compiling a_gentm.cc
[1382/1398] Compiling a_bool.cc
[1383/1420] Compiling aes.cc
[1384/1485] Compiling a_bitstr.cc
[1386/1485] Compiling AsyncAlgorithms BoundedBufferStorage.swift
[1387/1485] Compiling AsyncAlgorithms UnboundedBufferStateMachine.swift
[1388/1496] Compiling Algorithms Indexed.swift
[1389/1496] Compiling Algorithms Intersperse.swift
[1390/1496] Compiling Algorithms Compacted.swift
[1391/1496] Compiling Algorithms Cycle.swift
[1392/1496] Compiling AsyncAlgorithms AsyncJoinedSequence.swift
[1393/1496] Compiling AsyncAlgorithms AsyncMapErrorSequence.swift
[1394/1497] Compiling Atomics Unmanaged extensions.swift
[1395/1497] Compiling Algorithms EitherSequence.swift
[1396/1497] Compiling AsyncAlgorithms AsyncChunksOfCountSequence.swift
[1397/1497] Compiling Algorithms AdjacentPairs.swift
[1398/1497] Compiling Algorithms Chain.swift
[1399/1497] Compiling AsyncAlgorithms AsyncSyncSequence.swift
[1400/1497] Compiling AsyncAlgorithms AsyncThrottleSequence.swift
[1401/1497] Compiling Algorithms Unique.swift
[1402/1497] Compiling Algorithms Windows.swift
[1403/1497] Compiling CryptoBoringWrapper resource_bundle_accessor.swift
[1404/1497] Compiling AsyncAlgorithms AsyncThrowingExclusiveReductionsSequence.swift
[1405/1497] Compiling AsyncAlgorithms AsyncThrowingInclusiveReductionsSequence.swift
[1406/1497] Compiling AsyncAlgorithms AsyncTimerSequence.swift
[1407/1497] Compiling AsyncAlgorithms AsyncBufferSequence.swift
[1408/1497] Compiling AsyncAlgorithms BoundedBufferStateMachine.swift
[1409/1497] Compiling Algorithms Combinations.swift
[1414/1497] Compiling AsyncAlgorithms AsyncCompactedSequence.swift
[1415/1497] Compiling Algorithms Grouped.swift
[1420/1497] Compiling Algorithms Chunked.swift
[1432/1502] Compiling AsyncAlgorithms AsyncRemoveDuplicatesSequence.swift
[1433/1502] Compiling Algorithms Partition.swift
[1448/1502] Compiling CryptoBoringWrapper FiniteFieldArithmeticContext.swift
[1449/1502] Compiling CryptoBoringWrapper RandomBytes.swift
[1450/1502] Compiling AsyncAlgorithms DebounceStorage.swift
[1451/1502] Compiling AsyncAlgorithms Dictionary.swift
[1452/1502] Compiling AsyncAlgorithms AsyncFlatMapLatestSequence.swift
[1453/1502] Compiling AsyncAlgorithms FlatMapLatestStateMachine.swift
[1454/1502] Compiling AsyncAlgorithms FlatMapLatestStorage.swift
[1455/1502] Compiling AsyncAlgorithms Disconnected.swift
[1459/1502] Compiling CryptoBoringWrapper CryptoKitErrors_boring.swift
[1460/1502] Compiling CryptoBoringWrapper EllipticCurve.swift
[1461/1502] Compiling CryptoBoringWrapper BoringSSLAEAD.swift
[1462/1502] Compiling CryptoBoringWrapper EllipticCurvePoint.swift
[1463/1502] Emitting module CryptoBoringWrapper
[1464/1502] Compiling CryptoBoringWrapper ArbitraryPrecisionInteger.swift
[1465/1502] Emitting module AsyncAlgorithms
[1468/1502] Emitting module Atomics
[1476/1502] Compiling AsyncAlgorithms AsyncThrowingChannel.swift
[1477/1502] Compiling AsyncAlgorithms ChannelStateMachine.swift
[1478/1502] Compiling AsyncAlgorithms ChannelStorage.swift
[1479/1502] Compiling AsyncAlgorithms AsyncCombineLatest2Sequence.swift
[1480/1502] Compiling AsyncAlgorithms AsyncCombineLatest3Sequence.swift
[1481/1502] Compiling AsyncAlgorithms CombineLatestStateMachine.swift
[1482/1502] Compiling AsyncAlgorithms CombineLatestStorage.swift
[1483/1502] Compiling AsyncAlgorithms AsyncDebounceSequence.swift
[1484/1502] Compiling AsyncAlgorithms DebounceStateMachine.swift
[1485/1631] Compiling NIOCore ByteBuffer-quicBinaryEncodingStrategy.swift
[1486/1631] Compiling NIOCore ByteBuffer-views.swift
[1487/1631] Compiling NIOCore Channel.swift
[1488/1631] Compiling NIOCore IO.swift
[1489/1631] Compiling NIOCore IOData.swift
[1490/1631] Emitting module Algorithms
[1491/1631] Compiling NIOCore EventLoopFuture+AssumeIsolated.swift
[1492/1631] Compiling NIOCore NIOPooledRecvBufferAllocator.swift
[1493/1631] Compiling NIOCore NIOScheduledCallback.swift
[1494/1631] Compiling NIOCore NIOSendable.swift
[1495/1631] Compiling NIOCore NIOSplitLinesMessageDecoder.swift
[1496/1631] Compiling NIOCore NIOTransportAccessibleChannelCore.swift
[1497/1631] Compiling NIOCore RecvByteBufferAllocator.swift
[1498/1631] Compiling NIOCore SingleStepByteToMessageDecoder.swift
[1499/1631] Compiling NIOCore ByteBuffer-hex.swift
[1500/1631] Compiling NIOCore ByteBuffer-int.swift
[1501/1631] Compiling NIOCore ByteBuffer-lengthPrefix.swift
[1502/1631] Compiling NIOCore ByteBuffer-multi-int.swift
[1506/1641] Compiling NIOCore IPProtocol.swift
[1507/1641] Compiling NIOCore IntegerBitPacking.swift
[1508/1641] Compiling NIOCore IntegerTypes.swift
[1509/1641] Compiling NIOCore Interfaces.swift
[1510/1648] Emitting module CryptoExtras
[1517/1648] Compiling CryptoExtras ThreadSpecific.swift
[1518/1655] Compiling NIOCore ByteBuffer-core.swift
[1519/1655] Compiling NIOCore ChannelHandler.swift
[1520/1655] Compiling NIOCore ChannelHandlers.swift
[1521/1655] Compiling NIOCore ChannelInvoker.swift
[1522/1655] Compiling NIOCore ChannelOption.swift
[1523/1655] Compiling NIOCore ChannelPipeline.swift
[1524/1655] Compiling NIOCore CircularBuffer.swift
[1525/1655] Compiling NIOCore AddressedEnvelope.swift
[1526/1655] Compiling NIOCore AsyncAwaitSupport.swift
[1527/1655] Compiling NIOCore AsyncChannel.swift
[1528/1655] Compiling NIOCore AsyncChannelHandler.swift
[1529/1655] Compiling NIOCore AsyncChannelInboundStream.swift
[1530/1655] Compiling NIOCore AsyncChannelOutboundWriter.swift
[1531/1655] Compiling NIOCore NIOAsyncSequenceProducer.swift
[1546/1655] Compiling ServiceLifecycle ServiceGroupConfiguration.swift
[1547/1655] Compiling ServiceLifecycle ServiceRunnerError.swift
[1548/1655] Compiling ServiceLifecycle GracefulShutdown.swift
[1549/1655] Compiling ServiceLifecycle Service.swift
[1550/1655] Compiling ServiceLifecycle ClosureService.swift
[1551/1655] Compiling ServiceLifecycle CancellationWaiter.swift
[1552/1655] Compiling ServiceLifecycle AsyncGracefulShutdownSequence.swift
[1553/1655] Compiling ServiceLifecycle AsyncCancelOnGracefulShutdownSequence.swift
[1554/1655] Emitting module ServiceLifecycle
[1555/1655] Compiling ServiceLifecycle ServiceGroup.swift
[1556/1655] Compiling NIOCore Codec.swift
[1557/1655] Compiling NIOCore ConvenienceOptionSupport.swift
[1558/1655] Compiling NIOCore DeadChannel.swift
[1559/1655] Compiling NIOCore DispatchQueue+WithFuture.swift
[1560/1655] Compiling NIOCore EventLoop+Deprecated.swift
[1561/1655] Compiling NIOCore EventLoop+SerialExecutor.swift
[1562/1655] Compiling NIOCore EventLoop.swift
[1563/1655] Compiling NIOCore MarkedCircularBuffer.swift
[1564/1655] Compiling NIOCore MulticastChannel.swift
[1565/1655] Compiling NIOCore NIOAny.swift
[1566/1655] Compiling NIOCore NIOCloseOnErrorHandler.swift
[1567/1655] Compiling NIOCore NIOCoreSendableMetatype.swift
[1568/1655] Compiling NIOCore NIODecodedAsyncSequence.swift
[1569/1655] Compiling NIOCore NIOLoopBound.swift
[1577/1655] Compiling NIOCore NIOAsyncSequenceProducerStrategies.swift
[1579/1655] Compiling NIOCore SocketAddresses.swift
[1580/1655] Compiling NIOCore SocketOptionProvider.swift
[1581/1655] Compiling NIOCore SystemCallHelpers.swift
[1582/1655] Compiling NIOCore TimeAmount+Duration.swift
[1583/1655] Compiling NIOCore TypeAssistedChannelHandler.swift
[1584/1655] Compiling NIOCore UniversalBootstrapSupport.swift
[1598/1655] Compiling NIOCore Utilities.swift
[1599/1655] Compiling NIOCore GlobalSingletons.swift
[1600/1655] Compiling NIOCore NIOAsyncWriter.swift
[1601/1655] Compiling NIOCore NIOThrowingAsyncSequenceProducer.swift
[1602/1655] Compiling NIOCore BSDSocketAPI.swift
[1603/1655] Compiling NIOCore ByteBuffer-aux.swift
[1604/1655] Compiling NIOCore ByteBuffer-binaryEncodedLengthPrefix.swift
[1605/1655] Compiling NIOCore ByteBuffer-conversions.swift
[1607/1655] Compiling NIOCore EventLoopFuture+Deprecated.swift
[1608/1655] Compiling NIOCore EventLoopFuture+WithEventLoop.swift
[1609/1655] Compiling NIOCore EventLoopFuture.swift
[1610/1655] Compiling NIOCore FileDescriptor.swift
[1611/1655] Compiling NIOCore FileHandle.swift
[1612/1655] Compiling NIOCore FileRegion.swift
[1620/1657] Emitting module _CryptoExtras
[1621/1657] Compiling _CryptoExtras Exports.swift
[1636/1755] Compiling X509 CustomPrivateKey.swift
[1637/1755] Compiling X509 Digests.swift
[1638/1755] Compiling X509 DistinguishedName.swift
[1639/1755] Compiling X509 CommonName.swift
[1640/1755] Compiling X509 CountryName.swift
[1641/1755] Compiling X509 DNBuilder.swift
[1642/1755] Compiling X509 DomainComponent.swift
[1643/1755] Compiling X509 EmailAddress.swift
[1644/1755] Compiling X509 LocalityName.swift
[1645/1755] Compiling X509 OrganizationName.swift
[1646/1755] Compiling X509 OrganizationalUnitName.swift
[1647/1765] Compiling X509 AuthorityKeyIdentifier.swift
[1648/1765] Compiling X509 BasicConstraints.swift
[1649/1765] Compiling X509 ExtendedKeyUsage.swift
[1650/1765] Compiling X509 ExtensionIdentifiers.swift
[1651/1765] Compiling X509 KeyUsage.swift
[1652/1765] Compiling X509 NameConstraints.swift
[1653/1765] Compiling X509 SubjectAlternativeName.swift
[1654/1765] Compiling X509 OCSPResponseStatus.swift
[1655/1765] Compiling X509 OCSPSignature.swift
[1656/1765] Compiling X509 OCSPSingleRequest.swift
[1657/1765] Compiling X509 OCSPSingleResponse.swift
[1658/1765] Compiling X509 NameConstraintsPolicy.swift
[1659/1765] Compiling X509 RFC5280Policy.swift
[1660/1765] Compiling X509 URIConstraints.swift
[1661/1765] Compiling X509 OCSPExtensionID.swift
[1662/1765] Compiling X509 OCSPNonce.swift
[1663/1765] Compiling X509 OCSPPolicy.swift
[1664/1765] Compiling X509 OCSPRequest.swift
[1665/1765] Compiling X509 OCSPResponse.swift
[1666/1765] Compiling X509 OCSPResponseBytes.swift
[1667/1765] Compiling X509 OCSPResponseData.swift
[1668/1765] Compiling X509 SubjectKeyIdentifier.swift
[1669/1765] Compiling X509 Extension.swift
[1670/1765] Compiling X509 Extensions.swift
[1671/1765] Compiling X509 ExtensionsBuilder.swift
[1672/1765] Compiling X509 GeneralName.swift
[1673/1765] Compiling X509 Lock.swift
[1674/1765] Compiling X509 LockedValueBox.swift
[1675/1765] Compiling X509 BasicOCSPResponse.swift
[1676/1765] Compiling X509 DirectoryString.swift
[1677/1765] Compiling X509 OCSPCertID.swift
[1678/1765] Compiling X509 OCSPCertStatus.swift
[1679/1765] Compiling X509 CMSAttribute.swift
[1680/1765] Compiling X509 CMSContentInfo.swift
[1681/1765] Compiling X509 CMSEncapsulatedContentInfo.swift
[1682/1765] Compiling X509 CMSIssuerAndSerialNumber.swift
[1683/1765] Compiling X509 CMSOperations.swift
[1684/1765] Compiling X509 CMSSignature.swift
[1685/1765] Compiling X509 CMSSignedData.swift
[1686/1765] Compiling X509 CMSSignerIdentifier.swift
[1687/1765] Compiling X509 CMSSignerInfo.swift
[1688/1765] Compiling X509 CMSVersion.swift
[1689/1765] Compiling X509 Curve25519+DER.swift
[1690/1765] Compiling X509 AllOfPolicies.swift
[1691/1765] Compiling X509 AnyPolicy.swift
[1692/1765] Compiling X509 CertificateStore.swift
[1693/1765] Compiling X509 CustomCertificateStore.swift
[1694/1765] Compiling X509 OneOfPolicies.swift
[1695/1765] Compiling X509 PolicyBuilder.swift
[1696/1765] Compiling X509 BasicConstraintsPolicy.swift
[1697/1765] Compiling X509 DNSNames.swift
[1698/1765] Compiling X509 ExpiryPolicy.swift
[1699/1765] Compiling X509 IPConstraints.swift
[1700/1765] Compiling X509 CSRAttribute.swift
[1701/1765] Compiling X509 CSRAttributes.swift
[1702/1765] Compiling X509 CSRVersion.swift
[1703/1765] Compiling X509 CertificateSigningRequest.swift
[1704/1765] Compiling X509 CertificationRequestInfo.swift
[1705/1765] Compiling X509 ExtensionRequest.swift
[1706/1765] Compiling X509 Certificate.swift
[1707/1765] Compiling X509 CertificatePrivateKey.swift
[1708/1765] Compiling X509 CertificatePublicKey.swift
[1709/1765] Compiling X509 CertificateSerialNumber.swift
[1710/1765] Compiling X509 CertificateVersion.swift
[1711/1765] Compiling X509 VerifierPolicy.swift
[1712/1765] Compiling X509 AlgorithmIdentifier.swift
[1713/1765] Compiling X509 ECDSASignature.swift
[1714/1765] Compiling X509 RSAPKCS1PublicKey.swift
[1715/1765] Compiling X509 SubjectPublicKeyInfo.swift
[1716/1765] Compiling X509 TBSCertificate.swift
[1717/1765] Compiling X509 Time.swift
[1718/1765] Compiling X509 TimeCalculations.swift
[1719/1765] Compiling X509 Validity.swift
[1720/1765] Compiling X509 X509SendableMetatype.swift
[1721/1765] Emitting module NIOCore
[1722/1825] Compiling NIOPosix SelectorEpoll.swift
[1723/1825] Compiling NIOPosix SelectorGeneric.swift
[1724/1825] Compiling NIOPosix SelectorKqueue.swift
[1725/1825] Compiling NIOPosix SelectorUring.swift
[1726/1825] Compiling NIOPosix SelectorWSAPoll.swift
[1727/1825] Compiling NIOPosix ServerSocket.swift
[1728/1825] Compiling NIOPosix Socket.swift
[1729/1825] Compiling NIOPosix SocketChannel.swift
[1730/1825] Compiling NIOPosix SocketProtocols.swift
[1731/1825] Compiling NIOPosix NIOThreadPool.swift
[1732/1825] Compiling NIOPosix NonBlockingFileIO.swift
[1733/1825] Compiling X509 OCSPTBSRequest.swift
[1734/1825] Compiling X509 OCSPVersion.swift
[1735/1825] Compiling X509 PKCS8PrivateKey.swift
[1736/1825] Compiling X509 PromiseAndFuture.swift
[1737/1825] Compiling X509 RDNAttribute.swift
[1738/1825] Compiling X509 RandomNumberGenerator+bytes.swift
[1739/1825] Compiling X509 RelativeDistinguishedName.swift
[1740/1825] Compiling X509 SEC1PrivateKey.swift
[1741/1825] Compiling X509 SecKeyWrapper.swift
[1742/1825] Compiling X509 Signature.swift
[1743/1825] Compiling X509 SignatureAlgorithm.swift
[1744/1825] Compiling NIOPosix PendingDatagramWritesManager.swift
[1745/1825] Compiling NIOPosix PendingWritesManager.swift
[1746/1825] Compiling NIOPosix PipeChannel.swift
[1747/1825] Compiling NIOPosix PipePair.swift
[1748/1825] Compiling NIOPosix StructuredConcurrencyHelpers.swift
[1749/1825] Compiling NIOPosix System.swift
[1750/1825] Compiling NIOPosix Thread.swift
[1751/1825] Compiling NIOPosix ThreadPosix.swift
[1752/1825] Compiling NIOPosix ThreadWindows.swift
[1758/1825] Compiling X509 VersionPolicy.swift
[1759/1825] Compiling X509 ServerIdentityPolicy.swift
[1760/1825] Compiling X509 TrustRootLoading.swift
[1761/1825] Compiling X509 UnverifiedChain.swift
[1762/1825] Compiling X509 ValidatedCertificateChain.swift
[1763/1825] Compiling X509 VerificationDiagnostic.swift
[1764/1825] Compiling X509 Verifier.swift
[1765/1825] Compiling NIOFoundationEssentialsCompat Codable+ByteBuffer.swift
[1766/1825] Emitting module NIOFoundationEssentialsCompat
[1767/1825] Compiling NIOFoundationEssentialsCompat ByteBuffer-foundation.swift
[1768/1825] Emitting module X509
[1769/1825] Compiling NIOEmbedded AsyncTestingEventLoop.swift
[1770/1825] Compiling NIOEmbedded AsyncTestingChannel.swift
[1771/1825] Emitting module NIOEmbedded
[1772/1825] Compiling NIOEmbedded Embedded.swift
[1773/1825] Compiling NIOPosix FileDescriptor.swift
[1774/1825] Compiling NIOPosix GetaddrinfoResolver.swift
[1775/1825] Compiling NIOPosix HappyEyeballs.swift
[1776/1825] Compiling NIOPosix IO.swift
[1777/1825] Compiling NIOPosix IntegerBitPacking.swift
[1778/1825] Compiling NIOPosix IntegerTypes.swift
[1779/1825] Compiling NIOPosix Linux.swift
[1780/1825] Compiling NIOPosix LinuxCPUSet.swift
[1781/1825] Compiling NIOPosix LinuxUring.swift
[1782/1825] Compiling NIOPosix MultiThreadedEventLoopGroup.swift
[1783/1825] Compiling NIOPosix NIOPosixSendableMetatype.swift
[1784/1825] Compiling NIOPosix NIORandomizedDNSResolver.swift
[1790/1898] Emitting module NIOPosix
[1791/1898] Compiling JWTKit MLDSA87+MLDSAKey.swift
[1792/1898] Compiling JWTKit MLDSAError.swift
[1793/1898] Compiling JWTKit MLDSAKey.swift
[1794/1898] Compiling JWTKit MLDSASigner.swift
[1795/1898] Compiling JWTKit MLDSAType.swift
[1796/1898] Compiling JWTKit P521+CurveType.swift
[1797/1898] Compiling JWTKit EdDSA.swift
[1798/1898] Compiling JWTKit EdDSACurve.swift
[1799/1898] Compiling JWTKit EdDSAError.swift
[1800/1898] Compiling JWTKit EdDSASigner.swift
[1801/1898] Compiling JWTKit JWTKeyCollection+EdDSA.swift
[1802/1898] Compiling JWTKit HMAC.swift
[1803/1898] Compiling JWTKit HMACError.swift
[1804/1898] Compiling JWTKit HMACSigner.swift
[1805/1898] Compiling JWTKit JWTKeyCollection+HMAC.swift
[1806/1898] Compiling JWTKit Insecure.swift
[1807/1898] Compiling JWTKit JWK.swift
[1808/1898] Compiling JWTKit JWKIdentifier.swift
[1809/1898] Compiling JWTKit JWKS.swift
[1810/1898] Compiling JWTKit JWKSigner.swift
[1811/1898] Compiling JWTKit JWTAlgorithm.swift
[1812/1898] Compiling JWTKit JWTError.swift
[1813/1898] Compiling JWTKit JWTHeader+CommonFields.swift
[1814/1898] Compiling JWTKit JWTHeader.swift
[1815/1898] Compiling JWTKit JWTHeaderField.swift
[1816/1898] Compiling JWTKit JWTKeyCollection.swift
[1817/1898] Compiling JWTKit JWTParser.swift
[1818/1898] Compiling JWTKit JWTPayload.swift
[1819/1898] Compiling JWTKit IssuerClaim.swift
[1820/1898] Compiling JWTKit JWTClaim.swift
[1821/1898] Compiling JWTKit JWTMultiValueClaim.swift
[1822/1898] Compiling JWTKit JWTUnixEpochClaim.swift
[1823/1898] Compiling JWTKit LocaleClaim.swift
[1824/1898] Compiling JWTKit NotBeforeClaim.swift
[1825/1898] Compiling JWTKit AudienceClaim.swift
[1826/1898] Compiling JWTKit BoolClaim.swift
[1827/1898] Compiling JWTKit ExpirationClaim.swift
[1828/1898] Compiling JWTKit GoogleHostedDomainClaim.swift
[1829/1898] Compiling JWTKit IDClaim.swift
[1830/1898] Compiling JWTKit IssuedAtClaim.swift
[1831/1900] Emitting module NIO
[1832/1900] Compiling NIO Exports.swift
[1833/1940] Compiling NIOTLS TLSEvents.swift
[1834/1940] Compiling NIOSOCKS Helpers.swift
[1835/1940] Compiling NIOSOCKS Errors.swift
[1836/1941] Compiling NIOFoundationCompat JSONSerialization+ByteBuffer.swift
[1837/1941] Emitting module NIOFoundationCompat
[1838/1941] Compiling NIOFoundationCompat Exports.swift
[1839/1941] Compiling NIOFoundationCompat WaitSpinningRunLoop.swift
[1840/1941] Compiling NIOHTTP1 HTTPEncoder.swift
[1841/1941] Compiling NIOHTTP1 HTTPHeaderValidator.swift
[1842/1941] Compiling NIOSOCKS SOCKSResponse.swift
[1843/1941] Compiling NIOSOCKS SelectedAuthenticationMethod.swift
[1844/1941] Compiling NIOSOCKS ClientStateMachine.swift
[1845/1941] Emitting module NIOSOCKS
[1846/1941] Compiling NIOHTTP1 ByteCollectionUtils.swift
[1847/1941] Compiling NIOHTTP1 HTTPDecoder.swift
[1848/1941] Compiling NIOTLS ApplicationProtocolNegotiationHandler.swift
[1849/1941] Compiling NIOTLS ProtocolNegotiationHandlerStateMachine.swift
[1850/1941] Compiling NIOTLS NIOTypedApplicationProtocolNegotiationHandler.swift
[1851/1941] Emitting module NIOTLS
[1852/1941] Compiling NIOTLS SNIHandler.swift
[1853/1941] Compiling NIOSOCKS Messages.swift
[1854/1941] Compiling NIOSOCKS SOCKSRequest.swift
[1855/1941] Compiling NIOSOCKS ServerStateMachine.swift
[1856/1941] Compiling NIOHTTP1 NIOTypedHTTPServerUpgradeHandler.swift
[1857/1990] Compiling NIOSSL NIOSSLHandler.swift
[1858/1990] Compiling NIOSSL NIOSSLServerHandler.swift
[1859/1996] Compiling NIOSSL CustomPrivateKey.swift
[1860/1996] Compiling NIOSSL FreeBSDCABundle.swift
[1861/1996] Compiling NIOSSL SSLCallbacks.swift
[1862/1996] Compiling NIOSSL SSLCertificate.swift
[1863/1996] Compiling NIOSSL SSLCertificateExtensions.swift
[1864/1996] Compiling NIOSSL SSLCertificateName.swift
[1865/1996] Compiling NIOHTTP1 NIOTypedHTTPServerUpgraderStateMachine.swift
[1866/1996] Emitting module NIOHTTP1
[1867/1996] Compiling NIOSSL AndroidCABundle.swift
[1868/1996] Compiling NIOSSL ByteBufferBIO.swift
[1869/1996] Compiling NIOSSL ObjectIdentifier.swift
[1870/1996] Compiling NIOSSL PosixPort.swift
[1871/1996] Compiling NIOSSL IdentityVerification.swift
[1872/1996] Compiling NIOSSL LinuxCABundle.swift
[1873/1996] Compiling NIOSSL NIOSSLClientHandler.swift
[1874/1996] Compiling NIOSSL NIOSSLHandler+Configuration.swift
[1875/2032] Emitting module NIOTransportServices
[1876/2032] Compiling NIOExtras JSONRPCFraming+ContentLengthHeader.swift
[1877/2032] Compiling NIOExtras JSONRPCFraming.swift
[1878/2032] Compiling NIOExtras FixedLengthFrameDecoder.swift
[1879/2032] Compiling NIOExtras HTTP1ProxyConnectHandler.swift
[1880/2032] Compiling NIOExtras DebugInboundEventsHandler.swift
[1881/2034] Compiling NIOExtras DebugOutboundEventsHandler.swift
[1882/2034] Compiling NIOExtras LengthFieldBasedFrameDecoder.swift
[1883/2034] Compiling NIOExtras LengthFieldPrepender.swift
[1884/2034] Compiling NIOHPACK IntegerCoding.swift
[1885/2034] Compiling NIOHPACK IndexedHeaderTable.swift
[1886/2034] Compiling NIOHPACK HuffmanTables.swift
[1887/2035] Compiling NIOExtras RequestResponseHandlers+State.swift
[1888/2035] Compiling NIOExtras RequestResponseWithIDHandler.swift
[1889/2036] Compiling NIOHPACK HuffmanCoding.swift
[1890/2036] Compiling NIOExtras NIORequestIdentifiable.swift
[1891/2036] Compiling NIOExtras PCAPRingBuffer.swift
[1892/2036] Compiling NIOExtras NIOExtrasError.swift
[1893/2036] Compiling NIOExtras NIOLengthFieldBitLength.swift
[1894/2036] Compiling NIOExtras LineBasedFrameDecoder.swift
[1895/2036] Compiling NIOExtras MarkedCircularBuffer+PopFirstCheckMarked.swift
[1896/2036] Compiling NIOExtras QuiescingHelper.swift
[1897/2036] Compiling NIOExtras RequestResponseHandler.swift
[1898/2036] Compiling NIOHTTPCompression HTTPRequestCompressor.swift
[1899/2036] Compiling NIOHTTPCompression HTTPDecompression.swift
[1900/2036] Compiling NIOHTTPCompression HTTPDecompressor.swift
[1901/2036] Compiling NIOHTTPCompression HTTPCompression.swift
[1902/2036] Emitting module NIOHTTPCompression
[1903/2036] Compiling NIOHTTPCompression HTTPResponseCompressor.swift
[1905/2036] Compiling NIOSSL SSLErrors.swift
[1908/2036] Compiling NIOSSL SSLInit.swift
[1909/2036] Compiling NIOSSL SSLPKCS12Bundle.swift
[1917/2036] Compiling NIOTransportServices TCPOptions+SocketChannelOption.swift
[1918/2036] Compiling NIOTransportServices UDPOptions+SocketChannelOption.swift
[1925/2036] Compiling JWTKit RSA.swift
[1926/2036] Compiling JWTKit RSAError.swift
[1927/2036] Compiling JWTKit RSASigner.swift
[1928/2036] Compiling JWTKit Base64URL.swift
[1929/2036] Compiling JWTKit CryptoSigner.swift
[1930/2036] Compiling JWTKit CustomizedJSONCoders.swift
[1931/2036] Compiling JWTKit Utilities.swift
/Users/admin/builder/spi-builder-workspace/.build/checkouts/jwt-kit/Sources/JWTKit/MLDSA/MLDSA65+MLDSAKey.swift:5:11: error: cannot find type 'MLDSA65' in scope
 3 | @_spi(PostQuantum)
 4 | @available(iOS 26.0, macOS 26.0, watchOS 26.0, tvOS 26.0, *)
 5 | extension MLDSA65.PublicKey: MLDSAPublicKey {
   |           `- error: cannot find type 'MLDSA65' in scope
 6 |     public typealias MLDSAType = MLDSA65
 7 | }
/Users/admin/builder/spi-builder-workspace/.build/checkouts/jwt-kit/Sources/JWTKit/MLDSA/MLDSA65+MLDSAKey.swift:11:11: error: cannot find type 'MLDSA65' in scope
 9 | @_spi(PostQuantum)
10 | @available(iOS 26.0, macOS 26.0, watchOS 26.0, tvOS 26.0, *)
11 | extension MLDSA65.PrivateKey: MLDSAPrivateKey {
   |           `- error: cannot find type 'MLDSA65' in scope
12 |     public typealias MLDSAType = MLDSA65
13 | }
/Users/admin/builder/spi-builder-workspace/.build/checkouts/jwt-kit/Sources/JWTKit/MLDSA/MLDSA65+MLDSAKey.swift:17:53: error: cannot find type 'MLDSA65' in scope
15 | @_spi(PostQuantum)
16 | @available(iOS 26.0, macOS 26.0, watchOS 26.0, tvOS 26.0, *)
17 | public typealias MLDSA65PublicKey = MLDSA.PublicKey<MLDSA65>
   |                                                     `- error: cannot find type 'MLDSA65' in scope
18 |
19 | @_spi(PostQuantum)
/Users/admin/builder/spi-builder-workspace/.build/checkouts/jwt-kit/Sources/JWTKit/MLDSA/MLDSA65+MLDSAKey.swift:21:55: error: cannot find type 'MLDSA65' in scope
19 | @_spi(PostQuantum)
20 | @available(iOS 26.0, macOS 26.0, watchOS 26.0, tvOS 26.0, *)
21 | public typealias MLDSA65PrivateKey = MLDSA.PrivateKey<MLDSA65>
   |                                                       `- error: cannot find type 'MLDSA65' in scope
22 |
/Users/admin/builder/spi-builder-workspace/.build/checkouts/jwt-kit/Sources/JWTKit/MLDSA/MLDSA87+MLDSAKey.swift:5:11: error: cannot find type 'MLDSA87' in scope
 3 | @_spi(PostQuantum)
 4 | @available(iOS 26.0, macOS 26.0, watchOS 26.0, tvOS 26.0, *)
 5 | extension MLDSA87.PublicKey: MLDSAPublicKey {
   |           `- error: cannot find type 'MLDSA87' in scope
 6 |     public typealias MLDSAType = MLDSA87
 7 | }
/Users/admin/builder/spi-builder-workspace/.build/checkouts/jwt-kit/Sources/JWTKit/MLDSA/MLDSA87+MLDSAKey.swift:11:11: error: cannot find type 'MLDSA87' in scope
 9 | @_spi(PostQuantum)
10 | @available(iOS 26.0, macOS 26.0, watchOS 26.0, tvOS 26.0, *)
11 | extension MLDSA87.PrivateKey: MLDSAPrivateKey {
   |           `- error: cannot find type 'MLDSA87' in scope
12 |     public typealias MLDSAType = MLDSA87
13 | }
/Users/admin/builder/spi-builder-workspace/.build/checkouts/jwt-kit/Sources/JWTKit/MLDSA/MLDSA87+MLDSAKey.swift:17:53: error: cannot find type 'MLDSA87' in scope
15 | @_spi(PostQuantum)
16 | @available(iOS 26.0, macOS 26.0, watchOS 26.0, tvOS 26.0, *)
17 | public typealias MLDSA87PublicKey = MLDSA.PublicKey<MLDSA87>
   |                                                     `- error: cannot find type 'MLDSA87' in scope
18 |
19 | @_spi(PostQuantum)
/Users/admin/builder/spi-builder-workspace/.build/checkouts/jwt-kit/Sources/JWTKit/MLDSA/MLDSA87+MLDSAKey.swift:21:55: error: cannot find type 'MLDSA87' in scope
19 | @_spi(PostQuantum)
20 | @available(iOS 26.0, macOS 26.0, watchOS 26.0, tvOS 26.0, *)
21 | public typealias MLDSA87PrivateKey = MLDSA.PrivateKey<MLDSA87>
   |                                                       `- error: cannot find type 'MLDSA87' in scope
22 |
/Users/admin/builder/spi-builder-workspace/.build/checkouts/jwt-kit/Sources/JWTKit/MLDSA/MLDSA65+MLDSAKey.swift:6:34: error: cannot find type 'MLDSA65' in scope
 4 | @available(iOS 26.0, macOS 26.0, watchOS 26.0, tvOS 26.0, *)
 5 | extension MLDSA65.PublicKey: MLDSAPublicKey {
 6 |     public typealias MLDSAType = MLDSA65
   |                                  `- error: cannot find type 'MLDSA65' in scope
 7 | }
 8 |
/Users/admin/builder/spi-builder-workspace/.build/checkouts/jwt-kit/Sources/JWTKit/MLDSA/MLDSA65+MLDSAKey.swift:12:34: error: cannot find type 'MLDSA65' in scope
10 | @available(iOS 26.0, macOS 26.0, watchOS 26.0, tvOS 26.0, *)
11 | extension MLDSA65.PrivateKey: MLDSAPrivateKey {
12 |     public typealias MLDSAType = MLDSA65
   |                                  `- error: cannot find type 'MLDSA65' in scope
13 | }
14 |
/Users/admin/builder/spi-builder-workspace/.build/checkouts/jwt-kit/Sources/JWTKit/MLDSA/MLDSA87+MLDSAKey.swift:6:34: error: cannot find type 'MLDSA87' in scope
 4 | @available(iOS 26.0, macOS 26.0, watchOS 26.0, tvOS 26.0, *)
 5 | extension MLDSA87.PublicKey: MLDSAPublicKey {
 6 |     public typealias MLDSAType = MLDSA87
   |                                  `- error: cannot find type 'MLDSA87' in scope
 7 | }
 8 |
/Users/admin/builder/spi-builder-workspace/.build/checkouts/jwt-kit/Sources/JWTKit/MLDSA/MLDSA87+MLDSAKey.swift:12:34: error: cannot find type 'MLDSA87' in scope
10 | @available(iOS 26.0, macOS 26.0, watchOS 26.0, tvOS 26.0, *)
11 | extension MLDSA87.PrivateKey: MLDSAPrivateKey {
12 |     public typealias MLDSAType = MLDSA87
   |                                  `- error: cannot find type 'MLDSA87' in scope
13 | }
14 |
[1933/2036] Compiling JWTKit JWTSerializer.swift
/Users/admin/builder/spi-builder-workspace/.build/checkouts/jwt-kit/Sources/JWTKit/MLDSA/MLDSA65+MLDSAKey.swift:5:11: error: cannot find type 'MLDSA65' in scope
 3 | @_spi(PostQuantum)
 4 | @available(iOS 26.0, macOS 26.0, watchOS 26.0, tvOS 26.0, *)
 5 | extension MLDSA65.PublicKey: MLDSAPublicKey {
   |           `- error: cannot find type 'MLDSA65' in scope
 6 |     public typealias MLDSAType = MLDSA65
 7 | }
/Users/admin/builder/spi-builder-workspace/.build/checkouts/jwt-kit/Sources/JWTKit/MLDSA/MLDSA65+MLDSAKey.swift:11:11: error: cannot find type 'MLDSA65' in scope
 9 | @_spi(PostQuantum)
10 | @available(iOS 26.0, macOS 26.0, watchOS 26.0, tvOS 26.0, *)
11 | extension MLDSA65.PrivateKey: MLDSAPrivateKey {
   |           `- error: cannot find type 'MLDSA65' in scope
12 |     public typealias MLDSAType = MLDSA65
13 | }
/Users/admin/builder/spi-builder-workspace/.build/checkouts/jwt-kit/Sources/JWTKit/MLDSA/MLDSA65+MLDSAKey.swift:17:53: error: cannot find type 'MLDSA65' in scope
15 | @_spi(PostQuantum)
16 | @available(iOS 26.0, macOS 26.0, watchOS 26.0, tvOS 26.0, *)
17 | public typealias MLDSA65PublicKey = MLDSA.PublicKey<MLDSA65>
   |                                                     `- error: cannot find type 'MLDSA65' in scope
18 |
19 | @_spi(PostQuantum)
/Users/admin/builder/spi-builder-workspace/.build/checkouts/jwt-kit/Sources/JWTKit/MLDSA/MLDSA65+MLDSAKey.swift:21:55: error: cannot find type 'MLDSA65' in scope
19 | @_spi(PostQuantum)
20 | @available(iOS 26.0, macOS 26.0, watchOS 26.0, tvOS 26.0, *)
21 | public typealias MLDSA65PrivateKey = MLDSA.PrivateKey<MLDSA65>
   |                                                       `- error: cannot find type 'MLDSA65' in scope
22 |
/Users/admin/builder/spi-builder-workspace/.build/checkouts/jwt-kit/Sources/JWTKit/MLDSA/MLDSA87+MLDSAKey.swift:5:11: error: cannot find type 'MLDSA87' in scope
 3 | @_spi(PostQuantum)
 4 | @available(iOS 26.0, macOS 26.0, watchOS 26.0, tvOS 26.0, *)
 5 | extension MLDSA87.PublicKey: MLDSAPublicKey {
   |           `- error: cannot find type 'MLDSA87' in scope
 6 |     public typealias MLDSAType = MLDSA87
 7 | }
/Users/admin/builder/spi-builder-workspace/.build/checkouts/jwt-kit/Sources/JWTKit/MLDSA/MLDSA87+MLDSAKey.swift:11:11: error: cannot find type 'MLDSA87' in scope
 9 | @_spi(PostQuantum)
10 | @available(iOS 26.0, macOS 26.0, watchOS 26.0, tvOS 26.0, *)
11 | extension MLDSA87.PrivateKey: MLDSAPrivateKey {
   |           `- error: cannot find type 'MLDSA87' in scope
12 |     public typealias MLDSAType = MLDSA87
13 | }
/Users/admin/builder/spi-builder-workspace/.build/checkouts/jwt-kit/Sources/JWTKit/MLDSA/MLDSA87+MLDSAKey.swift:17:53: error: cannot find type 'MLDSA87' in scope
15 | @_spi(PostQuantum)
16 | @available(iOS 26.0, macOS 26.0, watchOS 26.0, tvOS 26.0, *)
17 | public typealias MLDSA87PublicKey = MLDSA.PublicKey<MLDSA87>
   |                                                     `- error: cannot find type 'MLDSA87' in scope
18 |
19 | @_spi(PostQuantum)
/Users/admin/builder/spi-builder-workspace/.build/checkouts/jwt-kit/Sources/JWTKit/MLDSA/MLDSA87+MLDSAKey.swift:21:55: error: cannot find type 'MLDSA87' in scope
19 | @_spi(PostQuantum)
20 | @available(iOS 26.0, macOS 26.0, watchOS 26.0, tvOS 26.0, *)
21 | public typealias MLDSA87PrivateKey = MLDSA.PrivateKey<MLDSA87>
   |                                                       `- error: cannot find type 'MLDSA87' in scope
22 |
/Users/admin/builder/spi-builder-workspace/.build/checkouts/jwt-kit/Sources/JWTKit/MLDSA/MLDSA65+MLDSAKey.swift:6:34: error: cannot find type 'MLDSA65' in scope
 4 | @available(iOS 26.0, macOS 26.0, watchOS 26.0, tvOS 26.0, *)
 5 | extension MLDSA65.PublicKey: MLDSAPublicKey {
 6 |     public typealias MLDSAType = MLDSA65
   |                                  `- error: cannot find type 'MLDSA65' in scope
 7 | }
 8 |
/Users/admin/builder/spi-builder-workspace/.build/checkouts/jwt-kit/Sources/JWTKit/MLDSA/MLDSA65+MLDSAKey.swift:12:34: error: cannot find type 'MLDSA65' in scope
10 | @available(iOS 26.0, macOS 26.0, watchOS 26.0, tvOS 26.0, *)
11 | extension MLDSA65.PrivateKey: MLDSAPrivateKey {
12 |     public typealias MLDSAType = MLDSA65
   |                                  `- error: cannot find type 'MLDSA65' in scope
13 | }
14 |
/Users/admin/builder/spi-builder-workspace/.build/checkouts/jwt-kit/Sources/JWTKit/MLDSA/MLDSA87+MLDSAKey.swift:6:34: error: cannot find type 'MLDSA87' in scope
 4 | @available(iOS 26.0, macOS 26.0, watchOS 26.0, tvOS 26.0, *)
 5 | extension MLDSA87.PublicKey: MLDSAPublicKey {
 6 |     public typealias MLDSAType = MLDSA87
   |                                  `- error: cannot find type 'MLDSA87' in scope
 7 | }
 8 |
/Users/admin/builder/spi-builder-workspace/.build/checkouts/jwt-kit/Sources/JWTKit/MLDSA/MLDSA87+MLDSAKey.swift:12:34: error: cannot find type 'MLDSA87' in scope
10 | @available(iOS 26.0, macOS 26.0, watchOS 26.0, tvOS 26.0, *)
11 | extension MLDSA87.PrivateKey: MLDSAPrivateKey {
12 |     public typealias MLDSAType = MLDSA87
   |                                  `- error: cannot find type 'MLDSA87' in scope
13 | }
14 |
[1934/2036] Compiling JWTKit JWTSigner.swift
/Users/admin/builder/spi-builder-workspace/.build/checkouts/jwt-kit/Sources/JWTKit/MLDSA/MLDSA65+MLDSAKey.swift:5:11: error: cannot find type 'MLDSA65' in scope
 3 | @_spi(PostQuantum)
 4 | @available(iOS 26.0, macOS 26.0, watchOS 26.0, tvOS 26.0, *)
 5 | extension MLDSA65.PublicKey: MLDSAPublicKey {
   |           `- error: cannot find type 'MLDSA65' in scope
 6 |     public typealias MLDSAType = MLDSA65
 7 | }
/Users/admin/builder/spi-builder-workspace/.build/checkouts/jwt-kit/Sources/JWTKit/MLDSA/MLDSA65+MLDSAKey.swift:11:11: error: cannot find type 'MLDSA65' in scope
 9 | @_spi(PostQuantum)
10 | @available(iOS 26.0, macOS 26.0, watchOS 26.0, tvOS 26.0, *)
11 | extension MLDSA65.PrivateKey: MLDSAPrivateKey {
   |           `- error: cannot find type 'MLDSA65' in scope
12 |     public typealias MLDSAType = MLDSA65
13 | }
/Users/admin/builder/spi-builder-workspace/.build/checkouts/jwt-kit/Sources/JWTKit/MLDSA/MLDSA65+MLDSAKey.swift:17:53: error: cannot find type 'MLDSA65' in scope
15 | @_spi(PostQuantum)
16 | @available(iOS 26.0, macOS 26.0, watchOS 26.0, tvOS 26.0, *)
17 | public typealias MLDSA65PublicKey = MLDSA.PublicKey<MLDSA65>
   |                                                     `- error: cannot find type 'MLDSA65' in scope
18 |
19 | @_spi(PostQuantum)
/Users/admin/builder/spi-builder-workspace/.build/checkouts/jwt-kit/Sources/JWTKit/MLDSA/MLDSA65+MLDSAKey.swift:21:55: error: cannot find type 'MLDSA65' in scope
19 | @_spi(PostQuantum)
20 | @available(iOS 26.0, macOS 26.0, watchOS 26.0, tvOS 26.0, *)
21 | public typealias MLDSA65PrivateKey = MLDSA.PrivateKey<MLDSA65>
   |                                                       `- error: cannot find type 'MLDSA65' in scope
22 |
/Users/admin/builder/spi-builder-workspace/.build/checkouts/jwt-kit/Sources/JWTKit/MLDSA/MLDSA87+MLDSAKey.swift:5:11: error: cannot find type 'MLDSA87' in scope
 3 | @_spi(PostQuantum)
 4 | @available(iOS 26.0, macOS 26.0, watchOS 26.0, tvOS 26.0, *)
 5 | extension MLDSA87.PublicKey: MLDSAPublicKey {
   |           `- error: cannot find type 'MLDSA87' in scope
 6 |     public typealias MLDSAType = MLDSA87
 7 | }
/Users/admin/builder/spi-builder-workspace/.build/checkouts/jwt-kit/Sources/JWTKit/MLDSA/MLDSA87+MLDSAKey.swift:11:11: error: cannot find type 'MLDSA87' in scope
 9 | @_spi(PostQuantum)
10 | @available(iOS 26.0, macOS 26.0, watchOS 26.0, tvOS 26.0, *)
11 | extension MLDSA87.PrivateKey: MLDSAPrivateKey {
   |           `- error: cannot find type 'MLDSA87' in scope
12 |     public typealias MLDSAType = MLDSA87
13 | }
/Users/admin/builder/spi-builder-workspace/.build/checkouts/jwt-kit/Sources/JWTKit/MLDSA/MLDSA87+MLDSAKey.swift:17:53: error: cannot find type 'MLDSA87' in scope
15 | @_spi(PostQuantum)
16 | @available(iOS 26.0, macOS 26.0, watchOS 26.0, tvOS 26.0, *)
17 | public typealias MLDSA87PublicKey = MLDSA.PublicKey<MLDSA87>
   |                                                     `- error: cannot find type 'MLDSA87' in scope
18 |
19 | @_spi(PostQuantum)
/Users/admin/builder/spi-builder-workspace/.build/checkouts/jwt-kit/Sources/JWTKit/MLDSA/MLDSA87+MLDSAKey.swift:21:55: error: cannot find type 'MLDSA87' in scope
19 | @_spi(PostQuantum)
20 | @available(iOS 26.0, macOS 26.0, watchOS 26.0, tvOS 26.0, *)
21 | public typealias MLDSA87PrivateKey = MLDSA.PrivateKey<MLDSA87>
   |                                                       `- error: cannot find type 'MLDSA87' in scope
22 |
/Users/admin/builder/spi-builder-workspace/.build/checkouts/jwt-kit/Sources/JWTKit/MLDSA/MLDSA65+MLDSAKey.swift:6:34: error: cannot find type 'MLDSA65' in scope
 4 | @available(iOS 26.0, macOS 26.0, watchOS 26.0, tvOS 26.0, *)
 5 | extension MLDSA65.PublicKey: MLDSAPublicKey {
 6 |     public typealias MLDSAType = MLDSA65
   |                                  `- error: cannot find type 'MLDSA65' in scope
 7 | }
 8 |
/Users/admin/builder/spi-builder-workspace/.build/checkouts/jwt-kit/Sources/JWTKit/MLDSA/MLDSA65+MLDSAKey.swift:12:34: error: cannot find type 'MLDSA65' in scope
10 | @available(iOS 26.0, macOS 26.0, watchOS 26.0, tvOS 26.0, *)
11 | extension MLDSA65.PrivateKey: MLDSAPrivateKey {
12 |     public typealias MLDSAType = MLDSA65
   |                                  `- error: cannot find type 'MLDSA65' in scope
13 | }
14 |
/Users/admin/builder/spi-builder-workspace/.build/checkouts/jwt-kit/Sources/JWTKit/MLDSA/MLDSA87+MLDSAKey.swift:6:34: error: cannot find type 'MLDSA87' in scope
 4 | @available(iOS 26.0, macOS 26.0, watchOS 26.0, tvOS 26.0, *)
 5 | extension MLDSA87.PublicKey: MLDSAPublicKey {
 6 |     public typealias MLDSAType = MLDSA87
   |                                  `- error: cannot find type 'MLDSA87' in scope
 7 | }
 8 |
/Users/admin/builder/spi-builder-workspace/.build/checkouts/jwt-kit/Sources/JWTKit/MLDSA/MLDSA87+MLDSAKey.swift:12:34: error: cannot find type 'MLDSA87' in scope
10 | @available(iOS 26.0, macOS 26.0, watchOS 26.0, tvOS 26.0, *)
11 | extension MLDSA87.PrivateKey: MLDSAPrivateKey {
12 |     public typealias MLDSAType = MLDSA87
   |                                  `- error: cannot find type 'MLDSA87' in scope
13 | }
14 |
[1935/2036] Compiling JWTKit JWTKeyCollection+MLDSA.swift
/Users/admin/builder/spi-builder-workspace/.build/checkouts/jwt-kit/Sources/JWTKit/MLDSA/MLDSA65+MLDSAKey.swift:5:11: error: cannot find type 'MLDSA65' in scope
 3 | @_spi(PostQuantum)
 4 | @available(iOS 26.0, macOS 26.0, watchOS 26.0, tvOS 26.0, *)
 5 | extension MLDSA65.PublicKey: MLDSAPublicKey {
   |           `- error: cannot find type 'MLDSA65' in scope
 6 |     public typealias MLDSAType = MLDSA65
 7 | }
/Users/admin/builder/spi-builder-workspace/.build/checkouts/jwt-kit/Sources/JWTKit/MLDSA/MLDSA65+MLDSAKey.swift:11:11: error: cannot find type 'MLDSA65' in scope
 9 | @_spi(PostQuantum)
10 | @available(iOS 26.0, macOS 26.0, watchOS 26.0, tvOS 26.0, *)
11 | extension MLDSA65.PrivateKey: MLDSAPrivateKey {
   |           `- error: cannot find type 'MLDSA65' in scope
12 |     public typealias MLDSAType = MLDSA65
13 | }
/Users/admin/builder/spi-builder-workspace/.build/checkouts/jwt-kit/Sources/JWTKit/MLDSA/MLDSA65+MLDSAKey.swift:17:53: error: cannot find type 'MLDSA65' in scope
15 | @_spi(PostQuantum)
16 | @available(iOS 26.0, macOS 26.0, watchOS 26.0, tvOS 26.0, *)
17 | public typealias MLDSA65PublicKey = MLDSA.PublicKey<MLDSA65>
   |                                                     `- error: cannot find type 'MLDSA65' in scope
18 |
19 | @_spi(PostQuantum)
/Users/admin/builder/spi-builder-workspace/.build/checkouts/jwt-kit/Sources/JWTKit/MLDSA/MLDSA65+MLDSAKey.swift:21:55: error: cannot find type 'MLDSA65' in scope
19 | @_spi(PostQuantum)
20 | @available(iOS 26.0, macOS 26.0, watchOS 26.0, tvOS 26.0, *)
21 | public typealias MLDSA65PrivateKey = MLDSA.PrivateKey<MLDSA65>
   |                                                       `- error: cannot find type 'MLDSA65' in scope
22 |
/Users/admin/builder/spi-builder-workspace/.build/checkouts/jwt-kit/Sources/JWTKit/MLDSA/MLDSA87+MLDSAKey.swift:5:11: error: cannot find type 'MLDSA87' in scope
 3 | @_spi(PostQuantum)
 4 | @available(iOS 26.0, macOS 26.0, watchOS 26.0, tvOS 26.0, *)
 5 | extension MLDSA87.PublicKey: MLDSAPublicKey {
   |           `- error: cannot find type 'MLDSA87' in scope
 6 |     public typealias MLDSAType = MLDSA87
 7 | }
/Users/admin/builder/spi-builder-workspace/.build/checkouts/jwt-kit/Sources/JWTKit/MLDSA/MLDSA87+MLDSAKey.swift:11:11: error: cannot find type 'MLDSA87' in scope
 9 | @_spi(PostQuantum)
10 | @available(iOS 26.0, macOS 26.0, watchOS 26.0, tvOS 26.0, *)
11 | extension MLDSA87.PrivateKey: MLDSAPrivateKey {
   |           `- error: cannot find type 'MLDSA87' in scope
12 |     public typealias MLDSAType = MLDSA87
13 | }
/Users/admin/builder/spi-builder-workspace/.build/checkouts/jwt-kit/Sources/JWTKit/MLDSA/MLDSA87+MLDSAKey.swift:17:53: error: cannot find type 'MLDSA87' in scope
15 | @_spi(PostQuantum)
16 | @available(iOS 26.0, macOS 26.0, watchOS 26.0, tvOS 26.0, *)
17 | public typealias MLDSA87PublicKey = MLDSA.PublicKey<MLDSA87>
   |                                                     `- error: cannot find type 'MLDSA87' in scope
18 |
19 | @_spi(PostQuantum)
/Users/admin/builder/spi-builder-workspace/.build/checkouts/jwt-kit/Sources/JWTKit/MLDSA/MLDSA87+MLDSAKey.swift:21:55: error: cannot find type 'MLDSA87' in scope
19 | @_spi(PostQuantum)
20 | @available(iOS 26.0, macOS 26.0, watchOS 26.0, tvOS 26.0, *)
21 | public typealias MLDSA87PrivateKey = MLDSA.PrivateKey<MLDSA87>
   |                                                       `- error: cannot find type 'MLDSA87' in scope
22 |
/Users/admin/builder/spi-builder-workspace/.build/checkouts/jwt-kit/Sources/JWTKit/MLDSA/MLDSA65+MLDSAKey.swift:6:34: error: cannot find type 'MLDSA65' in scope
 4 | @available(iOS 26.0, macOS 26.0, watchOS 26.0, tvOS 26.0, *)
 5 | extension MLDSA65.PublicKey: MLDSAPublicKey {
 6 |     public typealias MLDSAType = MLDSA65
   |                                  `- error: cannot find type 'MLDSA65' in scope
 7 | }
 8 |
/Users/admin/builder/spi-builder-workspace/.build/checkouts/jwt-kit/Sources/JWTKit/MLDSA/MLDSA65+MLDSAKey.swift:12:34: error: cannot find type 'MLDSA65' in scope
10 | @available(iOS 26.0, macOS 26.0, watchOS 26.0, tvOS 26.0, *)
11 | extension MLDSA65.PrivateKey: MLDSAPrivateKey {
12 |     public typealias MLDSAType = MLDSA65
   |                                  `- error: cannot find type 'MLDSA65' in scope
13 | }
14 |
/Users/admin/builder/spi-builder-workspace/.build/checkouts/jwt-kit/Sources/JWTKit/MLDSA/MLDSA87+MLDSAKey.swift:6:34: error: cannot find type 'MLDSA87' in scope
 4 | @available(iOS 26.0, macOS 26.0, watchOS 26.0, tvOS 26.0, *)
 5 | extension MLDSA87.PublicKey: MLDSAPublicKey {
 6 |     public typealias MLDSAType = MLDSA87
   |                                  `- error: cannot find type 'MLDSA87' in scope
 7 | }
 8 |
/Users/admin/builder/spi-builder-workspace/.build/checkouts/jwt-kit/Sources/JWTKit/MLDSA/MLDSA87+MLDSAKey.swift:12:34: error: cannot find type 'MLDSA87' in scope
10 | @available(iOS 26.0, macOS 26.0, watchOS 26.0, tvOS 26.0, *)
11 | extension MLDSA87.PrivateKey: MLDSAPrivateKey {
12 |     public typealias MLDSAType = MLDSA87
   |                                  `- error: cannot find type 'MLDSA87' in scope
13 | }
14 |
[1936/2036] Compiling JWTKit MLDSA.swift
/Users/admin/builder/spi-builder-workspace/.build/checkouts/jwt-kit/Sources/JWTKit/MLDSA/MLDSA65+MLDSAKey.swift:5:11: error: cannot find type 'MLDSA65' in scope
 3 | @_spi(PostQuantum)
 4 | @available(iOS 26.0, macOS 26.0, watchOS 26.0, tvOS 26.0, *)
 5 | extension MLDSA65.PublicKey: MLDSAPublicKey {
   |           `- error: cannot find type 'MLDSA65' in scope
 6 |     public typealias MLDSAType = MLDSA65
 7 | }
/Users/admin/builder/spi-builder-workspace/.build/checkouts/jwt-kit/Sources/JWTKit/MLDSA/MLDSA65+MLDSAKey.swift:11:11: error: cannot find type 'MLDSA65' in scope
 9 | @_spi(PostQuantum)
10 | @available(iOS 26.0, macOS 26.0, watchOS 26.0, tvOS 26.0, *)
11 | extension MLDSA65.PrivateKey: MLDSAPrivateKey {
   |           `- error: cannot find type 'MLDSA65' in scope
12 |     public typealias MLDSAType = MLDSA65
13 | }
/Users/admin/builder/spi-builder-workspace/.build/checkouts/jwt-kit/Sources/JWTKit/MLDSA/MLDSA65+MLDSAKey.swift:17:53: error: cannot find type 'MLDSA65' in scope
15 | @_spi(PostQuantum)
16 | @available(iOS 26.0, macOS 26.0, watchOS 26.0, tvOS 26.0, *)
17 | public typealias MLDSA65PublicKey = MLDSA.PublicKey<MLDSA65>
   |                                                     `- error: cannot find type 'MLDSA65' in scope
18 |
19 | @_spi(PostQuantum)
/Users/admin/builder/spi-builder-workspace/.build/checkouts/jwt-kit/Sources/JWTKit/MLDSA/MLDSA65+MLDSAKey.swift:21:55: error: cannot find type 'MLDSA65' in scope
19 | @_spi(PostQuantum)
20 | @available(iOS 26.0, macOS 26.0, watchOS 26.0, tvOS 26.0, *)
21 | public typealias MLDSA65PrivateKey = MLDSA.PrivateKey<MLDSA65>
   |                                                       `- error: cannot find type 'MLDSA65' in scope
22 |
/Users/admin/builder/spi-builder-workspace/.build/checkouts/jwt-kit/Sources/JWTKit/MLDSA/MLDSA87+MLDSAKey.swift:5:11: error: cannot find type 'MLDSA87' in scope
 3 | @_spi(PostQuantum)
 4 | @available(iOS 26.0, macOS 26.0, watchOS 26.0, tvOS 26.0, *)
 5 | extension MLDSA87.PublicKey: MLDSAPublicKey {
   |           `- error: cannot find type 'MLDSA87' in scope
 6 |     public typealias MLDSAType = MLDSA87
 7 | }
/Users/admin/builder/spi-builder-workspace/.build/checkouts/jwt-kit/Sources/JWTKit/MLDSA/MLDSA87+MLDSAKey.swift:11:11: error: cannot find type 'MLDSA87' in scope
 9 | @_spi(PostQuantum)
10 | @available(iOS 26.0, macOS 26.0, watchOS 26.0, tvOS 26.0, *)
11 | extension MLDSA87.PrivateKey: MLDSAPrivateKey {
   |           `- error: cannot find type 'MLDSA87' in scope
12 |     public typealias MLDSAType = MLDSA87
13 | }
/Users/admin/builder/spi-builder-workspace/.build/checkouts/jwt-kit/Sources/JWTKit/MLDSA/MLDSA87+MLDSAKey.swift:17:53: error: cannot find type 'MLDSA87' in scope
15 | @_spi(PostQuantum)
16 | @available(iOS 26.0, macOS 26.0, watchOS 26.0, tvOS 26.0, *)
17 | public typealias MLDSA87PublicKey = MLDSA.PublicKey<MLDSA87>
   |                                                     `- error: cannot find type 'MLDSA87' in scope
18 |
19 | @_spi(PostQuantum)
/Users/admin/builder/spi-builder-workspace/.build/checkouts/jwt-kit/Sources/JWTKit/MLDSA/MLDSA87+MLDSAKey.swift:21:55: error: cannot find type 'MLDSA87' in scope
19 | @_spi(PostQuantum)
20 | @available(iOS 26.0, macOS 26.0, watchOS 26.0, tvOS 26.0, *)
21 | public typealias MLDSA87PrivateKey = MLDSA.PrivateKey<MLDSA87>
   |                                                       `- error: cannot find type 'MLDSA87' in scope
22 |
/Users/admin/builder/spi-builder-workspace/.build/checkouts/jwt-kit/Sources/JWTKit/MLDSA/MLDSA65+MLDSAKey.swift:6:34: error: cannot find type 'MLDSA65' in scope
 4 | @available(iOS 26.0, macOS 26.0, watchOS 26.0, tvOS 26.0, *)
 5 | extension MLDSA65.PublicKey: MLDSAPublicKey {
 6 |     public typealias MLDSAType = MLDSA65
   |                                  `- error: cannot find type 'MLDSA65' in scope
 7 | }
 8 |
/Users/admin/builder/spi-builder-workspace/.build/checkouts/jwt-kit/Sources/JWTKit/MLDSA/MLDSA65+MLDSAKey.swift:12:34: error: cannot find type 'MLDSA65' in scope
10 | @available(iOS 26.0, macOS 26.0, watchOS 26.0, tvOS 26.0, *)
11 | extension MLDSA65.PrivateKey: MLDSAPrivateKey {
12 |     public typealias MLDSAType = MLDSA65
   |                                  `- error: cannot find type 'MLDSA65' in scope
13 | }
14 |
/Users/admin/builder/spi-builder-workspace/.build/checkouts/jwt-kit/Sources/JWTKit/MLDSA/MLDSA87+MLDSAKey.swift:6:34: error: cannot find type 'MLDSA87' in scope
 4 | @available(iOS 26.0, macOS 26.0, watchOS 26.0, tvOS 26.0, *)
 5 | extension MLDSA87.PublicKey: MLDSAPublicKey {
 6 |     public typealias MLDSAType = MLDSA87
   |                                  `- error: cannot find type 'MLDSA87' in scope
 7 | }
 8 |
/Users/admin/builder/spi-builder-workspace/.build/checkouts/jwt-kit/Sources/JWTKit/MLDSA/MLDSA87+MLDSAKey.swift:12:34: error: cannot find type 'MLDSA87' in scope
10 | @available(iOS 26.0, macOS 26.0, watchOS 26.0, tvOS 26.0, *)
11 | extension MLDSA87.PrivateKey: MLDSAPrivateKey {
12 |     public typealias MLDSAType = MLDSA87
   |                                  `- error: cannot find type 'MLDSA87' in scope
13 | }
14 |
[1937/2036] Compiling JWTKit MLDSA65+MLDSAKey.swift
/Users/admin/builder/spi-builder-workspace/.build/checkouts/jwt-kit/Sources/JWTKit/MLDSA/MLDSA65+MLDSAKey.swift:5:11: error: cannot find type 'MLDSA65' in scope
 3 | @_spi(PostQuantum)
 4 | @available(iOS 26.0, macOS 26.0, watchOS 26.0, tvOS 26.0, *)
 5 | extension MLDSA65.PublicKey: MLDSAPublicKey {
   |           `- error: cannot find type 'MLDSA65' in scope
 6 |     public typealias MLDSAType = MLDSA65
 7 | }
/Users/admin/builder/spi-builder-workspace/.build/checkouts/jwt-kit/Sources/JWTKit/MLDSA/MLDSA65+MLDSAKey.swift:11:11: error: cannot find type 'MLDSA65' in scope
 9 | @_spi(PostQuantum)
10 | @available(iOS 26.0, macOS 26.0, watchOS 26.0, tvOS 26.0, *)
11 | extension MLDSA65.PrivateKey: MLDSAPrivateKey {
   |           `- error: cannot find type 'MLDSA65' in scope
12 |     public typealias MLDSAType = MLDSA65
13 | }
/Users/admin/builder/spi-builder-workspace/.build/checkouts/jwt-kit/Sources/JWTKit/MLDSA/MLDSA65+MLDSAKey.swift:17:53: error: cannot find type 'MLDSA65' in scope
15 | @_spi(PostQuantum)
16 | @available(iOS 26.0, macOS 26.0, watchOS 26.0, tvOS 26.0, *)
17 | public typealias MLDSA65PublicKey = MLDSA.PublicKey<MLDSA65>
   |                                                     `- error: cannot find type 'MLDSA65' in scope
18 |
19 | @_spi(PostQuantum)
/Users/admin/builder/spi-builder-workspace/.build/checkouts/jwt-kit/Sources/JWTKit/MLDSA/MLDSA65+MLDSAKey.swift:21:55: error: cannot find type 'MLDSA65' in scope
19 | @_spi(PostQuantum)
20 | @available(iOS 26.0, macOS 26.0, watchOS 26.0, tvOS 26.0, *)
21 | public typealias MLDSA65PrivateKey = MLDSA.PrivateKey<MLDSA65>
   |                                                       `- error: cannot find type 'MLDSA65' in scope
22 |
/Users/admin/builder/spi-builder-workspace/.build/checkouts/jwt-kit/Sources/JWTKit/MLDSA/MLDSA87+MLDSAKey.swift:5:11: error: cannot find type 'MLDSA87' in scope
 3 | @_spi(PostQuantum)
 4 | @available(iOS 26.0, macOS 26.0, watchOS 26.0, tvOS 26.0, *)
 5 | extension MLDSA87.PublicKey: MLDSAPublicKey {
   |           `- error: cannot find type 'MLDSA87' in scope
 6 |     public typealias MLDSAType = MLDSA87
 7 | }
/Users/admin/builder/spi-builder-workspace/.build/checkouts/jwt-kit/Sources/JWTKit/MLDSA/MLDSA87+MLDSAKey.swift:11:11: error: cannot find type 'MLDSA87' in scope
 9 | @_spi(PostQuantum)
10 | @available(iOS 26.0, macOS 26.0, watchOS 26.0, tvOS 26.0, *)
11 | extension MLDSA87.PrivateKey: MLDSAPrivateKey {
   |           `- error: cannot find type 'MLDSA87' in scope
12 |     public typealias MLDSAType = MLDSA87
13 | }
/Users/admin/builder/spi-builder-workspace/.build/checkouts/jwt-kit/Sources/JWTKit/MLDSA/MLDSA87+MLDSAKey.swift:17:53: error: cannot find type 'MLDSA87' in scope
15 | @_spi(PostQuantum)
16 | @available(iOS 26.0, macOS 26.0, watchOS 26.0, tvOS 26.0, *)
17 | public typealias MLDSA87PublicKey = MLDSA.PublicKey<MLDSA87>
   |                                                     `- error: cannot find type 'MLDSA87' in scope
18 |
19 | @_spi(PostQuantum)
/Users/admin/builder/spi-builder-workspace/.build/checkouts/jwt-kit/Sources/JWTKit/MLDSA/MLDSA87+MLDSAKey.swift:21:55: error: cannot find type 'MLDSA87' in scope
19 | @_spi(PostQuantum)
20 | @available(iOS 26.0, macOS 26.0, watchOS 26.0, tvOS 26.0, *)
21 | public typealias MLDSA87PrivateKey = MLDSA.PrivateKey<MLDSA87>
   |                                                       `- error: cannot find type 'MLDSA87' in scope
22 |
/Users/admin/builder/spi-builder-workspace/.build/checkouts/jwt-kit/Sources/JWTKit/MLDSA/MLDSA65+MLDSAKey.swift:6:34: error: cannot find type 'MLDSA65' in scope
 4 | @available(iOS 26.0, macOS 26.0, watchOS 26.0, tvOS 26.0, *)
 5 | extension MLDSA65.PublicKey: MLDSAPublicKey {
 6 |     public typealias MLDSAType = MLDSA65
   |                                  `- error: cannot find type 'MLDSA65' in scope
 7 | }
 8 |
/Users/admin/builder/spi-builder-workspace/.build/checkouts/jwt-kit/Sources/JWTKit/MLDSA/MLDSA65+MLDSAKey.swift:12:34: error: cannot find type 'MLDSA65' in scope
10 | @available(iOS 26.0, macOS 26.0, watchOS 26.0, tvOS 26.0, *)
11 | extension MLDSA65.PrivateKey: MLDSAPrivateKey {
12 |     public typealias MLDSAType = MLDSA65
   |                                  `- error: cannot find type 'MLDSA65' in scope
13 | }
14 |
/Users/admin/builder/spi-builder-workspace/.build/checkouts/jwt-kit/Sources/JWTKit/MLDSA/MLDSA87+MLDSAKey.swift:6:34: error: cannot find type 'MLDSA87' in scope
 4 | @available(iOS 26.0, macOS 26.0, watchOS 26.0, tvOS 26.0, *)
 5 | extension MLDSA87.PublicKey: MLDSAPublicKey {
 6 |     public typealias MLDSAType = MLDSA87
   |                                  `- error: cannot find type 'MLDSA87' in scope
 7 | }
 8 |
/Users/admin/builder/spi-builder-workspace/.build/checkouts/jwt-kit/Sources/JWTKit/MLDSA/MLDSA87+MLDSAKey.swift:12:34: error: cannot find type 'MLDSA87' in scope
10 | @available(iOS 26.0, macOS 26.0, watchOS 26.0, tvOS 26.0, *)
11 | extension MLDSA87.PrivateKey: MLDSAPrivateKey {
12 |     public typealias MLDSAType = MLDSA87
   |                                  `- error: cannot find type 'MLDSA87' in scope
13 | }
14 |
/Users/admin/builder/spi-builder-workspace/.build/checkouts/jwt-kit/Sources/JWTKit/MLDSA/MLDSA65+MLDSAKey.swift:5:11: error: cannot find type 'MLDSA65' in scope
 3 | @_spi(PostQuantum)
 4 | @available(iOS 26.0, macOS 26.0, watchOS 26.0, tvOS 26.0, *)
 5 | extension MLDSA65.PublicKey: MLDSAPublicKey {
   |           `- error: cannot find type 'MLDSA65' in scope
 6 |     public typealias MLDSAType = MLDSA65
 7 | }
/Users/admin/builder/spi-builder-workspace/.build/checkouts/jwt-kit/Sources/JWTKit/MLDSA/MLDSA65+MLDSAKey.swift:11:11: error: cannot find type 'MLDSA65' in scope
 9 | @_spi(PostQuantum)
10 | @available(iOS 26.0, macOS 26.0, watchOS 26.0, tvOS 26.0, *)
11 | extension MLDSA65.PrivateKey: MLDSAPrivateKey {
   |           `- error: cannot find type 'MLDSA65' in scope
12 |     public typealias MLDSAType = MLDSA65
13 | }
/Users/admin/builder/spi-builder-workspace/.build/checkouts/jwt-kit/Sources/JWTKit/MLDSA/MLDSA65+MLDSAKey.swift:17:53: error: cannot find type 'MLDSA65' in scope
15 | @_spi(PostQuantum)
16 | @available(iOS 26.0, macOS 26.0, watchOS 26.0, tvOS 26.0, *)
17 | public typealias MLDSA65PublicKey = MLDSA.PublicKey<MLDSA65>
   |                                                     `- error: cannot find type 'MLDSA65' in scope
18 |
19 | @_spi(PostQuantum)
/Users/admin/builder/spi-builder-workspace/.build/checkouts/jwt-kit/Sources/JWTKit/MLDSA/MLDSA65+MLDSAKey.swift:21:55: error: cannot find type 'MLDSA65' in scope
19 | @_spi(PostQuantum)
20 | @available(iOS 26.0, macOS 26.0, watchOS 26.0, tvOS 26.0, *)
21 | public typealias MLDSA65PrivateKey = MLDSA.PrivateKey<MLDSA65>
   |                                                       `- error: cannot find type 'MLDSA65' in scope
22 |
/Users/admin/builder/spi-builder-workspace/.build/checkouts/jwt-kit/Sources/JWTKit/MLDSA/MLDSA87+MLDSAKey.swift:5:11: error: cannot find type 'MLDSA87' in scope
 3 | @_spi(PostQuantum)
 4 | @available(iOS 26.0, macOS 26.0, watchOS 26.0, tvOS 26.0, *)
 5 | extension MLDSA87.PublicKey: MLDSAPublicKey {
   |           `- error: cannot find type 'MLDSA87' in scope
 6 |     public typealias MLDSAType = MLDSA87
 7 | }
/Users/admin/builder/spi-builder-workspace/.build/checkouts/jwt-kit/Sources/JWTKit/MLDSA/MLDSA87+MLDSAKey.swift:11:11: error: cannot find type 'MLDSA87' in scope
 9 | @_spi(PostQuantum)
10 | @available(iOS 26.0, macOS 26.0, watchOS 26.0, tvOS 26.0, *)
11 | extension MLDSA87.PrivateKey: MLDSAPrivateKey {
   |           `- error: cannot find type 'MLDSA87' in scope
12 |     public typealias MLDSAType = MLDSA87
13 | }
/Users/admin/builder/spi-builder-workspace/.build/checkouts/jwt-kit/Sources/JWTKit/MLDSA/MLDSA87+MLDSAKey.swift:17:53: error: cannot find type 'MLDSA87' in scope
15 | @_spi(PostQuantum)
16 | @available(iOS 26.0, macOS 26.0, watchOS 26.0, tvOS 26.0, *)
17 | public typealias MLDSA87PublicKey = MLDSA.PublicKey<MLDSA87>
   |                                                     `- error: cannot find type 'MLDSA87' in scope
18 |
19 | @_spi(PostQuantum)
/Users/admin/builder/spi-builder-workspace/.build/checkouts/jwt-kit/Sources/JWTKit/MLDSA/MLDSA87+MLDSAKey.swift:21:55: error: cannot find type 'MLDSA87' in scope
19 | @_spi(PostQuantum)
20 | @available(iOS 26.0, macOS 26.0, watchOS 26.0, tvOS 26.0, *)
21 | public typealias MLDSA87PrivateKey = MLDSA.PrivateKey<MLDSA87>
   |                                                       `- error: cannot find type 'MLDSA87' in scope
22 |
/Users/admin/builder/spi-builder-workspace/.build/checkouts/jwt-kit/Sources/JWTKit/MLDSA/MLDSA65+MLDSAKey.swift:6:34: error: cannot find type 'MLDSA65' in scope
 4 | @available(iOS 26.0, macOS 26.0, watchOS 26.0, tvOS 26.0, *)
 5 | extension MLDSA65.PublicKey: MLDSAPublicKey {
 6 |     public typealias MLDSAType = MLDSA65
   |                                  `- error: cannot find type 'MLDSA65' in scope
 7 | }
 8 |
/Users/admin/builder/spi-builder-workspace/.build/checkouts/jwt-kit/Sources/JWTKit/MLDSA/MLDSA65+MLDSAKey.swift:12:34: error: cannot find type 'MLDSA65' in scope
10 | @available(iOS 26.0, macOS 26.0, watchOS 26.0, tvOS 26.0, *)
11 | extension MLDSA65.PrivateKey: MLDSAPrivateKey {
12 |     public typealias MLDSAType = MLDSA65
   |                                  `- error: cannot find type 'MLDSA65' in scope
13 | }
14 |
/Users/admin/builder/spi-builder-workspace/.build/checkouts/jwt-kit/Sources/JWTKit/MLDSA/MLDSA87+MLDSAKey.swift:6:34: error: cannot find type 'MLDSA87' in scope
 4 | @available(iOS 26.0, macOS 26.0, watchOS 26.0, tvOS 26.0, *)
 5 | extension MLDSA87.PublicKey: MLDSAPublicKey {
 6 |     public typealias MLDSAType = MLDSA87
   |                                  `- error: cannot find type 'MLDSA87' in scope
 7 | }
 8 |
/Users/admin/builder/spi-builder-workspace/.build/checkouts/jwt-kit/Sources/JWTKit/MLDSA/MLDSA87+MLDSAKey.swift:12:34: error: cannot find type 'MLDSA87' in scope
10 | @available(iOS 26.0, macOS 26.0, watchOS 26.0, tvOS 26.0, *)
11 | extension MLDSA87.PrivateKey: MLDSAPrivateKey {
12 |     public typealias MLDSAType = MLDSA87
   |                                  `- error: cannot find type 'MLDSA87' in scope
13 | }
14 |
/Users/admin/builder/spi-builder-workspace/.build/checkouts/jwt-kit/Sources/JWTKit/MLDSA/MLDSAType.swift:13:11: error: cannot find type 'MLDSA65' in scope
11 | @_spi(PostQuantum)
12 | @available(iOS 26.0, macOS 26.0, watchOS 26.0, tvOS 26.0, *)
13 | extension MLDSA65: MLDSAType {
   |           `- error: cannot find type 'MLDSA65' in scope
14 |     public static var name: String { "ML-DSA-65" }
15 | }
/Users/admin/builder/spi-builder-workspace/.build/checkouts/jwt-kit/Sources/JWTKit/MLDSA/MLDSAType.swift:19:11: error: cannot find type 'MLDSA87' in scope
17 | @_spi(PostQuantum)
18 | @available(iOS 26.0, macOS 26.0, watchOS 26.0, tvOS 26.0, *)
19 | extension MLDSA87: MLDSAType {
   |           `- error: cannot find type 'MLDSA87' in scope
20 |     public static var name: String { "ML-DSA-87" }
21 | }
/Users/admin/builder/spi-builder-workspace/.build/checkouts/jwt-kit/Sources/JWTKit/MLDSA/MLDSAType.swift:13:11: error: cannot find type 'MLDSA65' in scope
11 | @_spi(PostQuantum)
12 | @available(iOS 26.0, macOS 26.0, watchOS 26.0, tvOS 26.0, *)
13 | extension MLDSA65: MLDSAType {
   |           `- error: cannot find type 'MLDSA65' in scope
14 |     public static var name: String { "ML-DSA-65" }
15 | }
/Users/admin/builder/spi-builder-workspace/.build/checkouts/jwt-kit/Sources/JWTKit/MLDSA/MLDSAType.swift:19:11: error: cannot find type 'MLDSA87' in scope
17 | @_spi(PostQuantum)
18 | @available(iOS 26.0, macOS 26.0, watchOS 26.0, tvOS 26.0, *)
19 | extension MLDSA87: MLDSAType {
   |           `- error: cannot find type 'MLDSA87' in scope
20 |     public static var name: String { "ML-DSA-87" }
21 | }
/Users/admin/builder/spi-builder-workspace/.build/checkouts/jwt-kit/Sources/JWTKit/MLDSA/MLDSAType.swift:13:11: error: cannot find type 'MLDSA65' in scope
11 | @_spi(PostQuantum)
12 | @available(iOS 26.0, macOS 26.0, watchOS 26.0, tvOS 26.0, *)
13 | extension MLDSA65: MLDSAType {
   |           `- error: cannot find type 'MLDSA65' in scope
14 |     public static var name: String { "ML-DSA-65" }
15 | }
/Users/admin/builder/spi-builder-workspace/.build/checkouts/jwt-kit/Sources/JWTKit/MLDSA/MLDSAType.swift:19:11: error: cannot find type 'MLDSA87' in scope
17 | @_spi(PostQuantum)
18 | @available(iOS 26.0, macOS 26.0, watchOS 26.0, tvOS 26.0, *)
19 | extension MLDSA87: MLDSAType {
   |           `- error: cannot find type 'MLDSA87' in scope
20 |     public static var name: String { "ML-DSA-87" }
21 | }
/Users/admin/builder/spi-builder-workspace/.build/checkouts/jwt-kit/Sources/JWTKit/MLDSA/MLDSAType.swift:13:11: error: cannot find type 'MLDSA65' in scope
11 | @_spi(PostQuantum)
12 | @available(iOS 26.0, macOS 26.0, watchOS 26.0, tvOS 26.0, *)
13 | extension MLDSA65: MLDSAType {
   |           `- error: cannot find type 'MLDSA65' in scope
14 |     public static var name: String { "ML-DSA-65" }
15 | }
/Users/admin/builder/spi-builder-workspace/.build/checkouts/jwt-kit/Sources/JWTKit/MLDSA/MLDSAType.swift:19:11: error: cannot find type 'MLDSA87' in scope
17 | @_spi(PostQuantum)
18 | @available(iOS 26.0, macOS 26.0, watchOS 26.0, tvOS 26.0, *)
19 | extension MLDSA87: MLDSAType {
   |           `- error: cannot find type 'MLDSA87' in scope
20 |     public static var name: String { "ML-DSA-87" }
21 | }
[1943/2036] Compiling JWTKit JWTKeyCollection+UnsecuredNone.swift
/Users/admin/builder/spi-builder-workspace/.build/checkouts/jwt-kit/Sources/JWTKit/MLDSA/MLDSAType.swift:13:11: error: cannot find type 'MLDSA65' in scope
11 | @_spi(PostQuantum)
12 | @available(iOS 26.0, macOS 26.0, watchOS 26.0, tvOS 26.0, *)
13 | extension MLDSA65: MLDSAType {
   |           `- error: cannot find type 'MLDSA65' in scope
14 |     public static var name: String { "ML-DSA-65" }
15 | }
/Users/admin/builder/spi-builder-workspace/.build/checkouts/jwt-kit/Sources/JWTKit/MLDSA/MLDSAType.swift:19:11: error: cannot find type 'MLDSA87' in scope
17 | @_spi(PostQuantum)
18 | @available(iOS 26.0, macOS 26.0, watchOS 26.0, tvOS 26.0, *)
19 | extension MLDSA87: MLDSAType {
   |           `- error: cannot find type 'MLDSA87' in scope
20 |     public static var name: String { "ML-DSA-87" }
21 | }
[1944/2036] Compiling JWTKit UnsecuredNoneSigner.swift
/Users/admin/builder/spi-builder-workspace/.build/checkouts/jwt-kit/Sources/JWTKit/MLDSA/MLDSAType.swift:13:11: error: cannot find type 'MLDSA65' in scope
11 | @_spi(PostQuantum)
12 | @available(iOS 26.0, macOS 26.0, watchOS 26.0, tvOS 26.0, *)
13 | extension MLDSA65: MLDSAType {
   |           `- error: cannot find type 'MLDSA65' in scope
14 |     public static var name: String { "ML-DSA-65" }
15 | }
/Users/admin/builder/spi-builder-workspace/.build/checkouts/jwt-kit/Sources/JWTKit/MLDSA/MLDSAType.swift:19:11: error: cannot find type 'MLDSA87' in scope
17 | @_spi(PostQuantum)
18 | @available(iOS 26.0, macOS 26.0, watchOS 26.0, tvOS 26.0, *)
19 | extension MLDSA87: MLDSAType {
   |           `- error: cannot find type 'MLDSA87' in scope
20 |     public static var name: String { "ML-DSA-87" }
21 | }
[1945/2036] Compiling JWTKit JWTKeyCollection+RSA.swift
/Users/admin/builder/spi-builder-workspace/.build/checkouts/jwt-kit/Sources/JWTKit/MLDSA/MLDSAType.swift:13:11: error: cannot find type 'MLDSA65' in scope
11 | @_spi(PostQuantum)
12 | @available(iOS 26.0, macOS 26.0, watchOS 26.0, tvOS 26.0, *)
13 | extension MLDSA65: MLDSAType {
   |           `- error: cannot find type 'MLDSA65' in scope
14 |     public static var name: String { "ML-DSA-65" }
15 | }
/Users/admin/builder/spi-builder-workspace/.build/checkouts/jwt-kit/Sources/JWTKit/MLDSA/MLDSAType.swift:19:11: error: cannot find type 'MLDSA87' in scope
17 | @_spi(PostQuantum)
18 | @available(iOS 26.0, macOS 26.0, watchOS 26.0, tvOS 26.0, *)
19 | extension MLDSA87: MLDSAType {
   |           `- error: cannot find type 'MLDSA87' in scope
20 |     public static var name: String { "ML-DSA-87" }
21 | }
[1946/2042] Emitting module NIOExtras
[1949/2043] Emitting module NIOSSL
[1950/2046] Compiling NIOHPACK StaticHeaderTable.swift
[1951/2046] Compiling NIOHPACK HPACKErrors.swift
[1952/2046] Compiling NIOHPACK HeaderTables.swift
[1953/2046] Compiling NIOHPACK HPACKEncoder.swift
[1954/2046] Emitting module NIOHPACK
[1955/2046] Compiling NIOHPACK HPACKHeader.swift
error: emit-module command failed with exit code 1 (use -v to see invocation)
[1958/2046] Emitting module JWTKit
/Users/admin/builder/spi-builder-workspace/.build/checkouts/jwt-kit/Sources/JWTKit/MLDSA/MLDSA65+MLDSAKey.swift:5:11: error: cannot find type 'MLDSA65' in scope
 3 | @_spi(PostQuantum)
 4 | @available(iOS 26.0, macOS 26.0, watchOS 26.0, tvOS 26.0, *)
 5 | extension MLDSA65.PublicKey: MLDSAPublicKey {
   |           `- error: cannot find type 'MLDSA65' in scope
 6 |     public typealias MLDSAType = MLDSA65
 7 | }
/Users/admin/builder/spi-builder-workspace/.build/checkouts/jwt-kit/Sources/JWTKit/MLDSA/MLDSA65+MLDSAKey.swift:11:11: error: cannot find type 'MLDSA65' in scope
 9 | @_spi(PostQuantum)
10 | @available(iOS 26.0, macOS 26.0, watchOS 26.0, tvOS 26.0, *)
11 | extension MLDSA65.PrivateKey: MLDSAPrivateKey {
   |           `- error: cannot find type 'MLDSA65' in scope
12 |     public typealias MLDSAType = MLDSA65
13 | }
/Users/admin/builder/spi-builder-workspace/.build/checkouts/jwt-kit/Sources/JWTKit/MLDSA/MLDSA65+MLDSAKey.swift:17:53: error: cannot find type 'MLDSA65' in scope
15 | @_spi(PostQuantum)
16 | @available(iOS 26.0, macOS 26.0, watchOS 26.0, tvOS 26.0, *)
17 | public typealias MLDSA65PublicKey = MLDSA.PublicKey<MLDSA65>
   |                                                     `- error: cannot find type 'MLDSA65' in scope
18 |
19 | @_spi(PostQuantum)
/Users/admin/builder/spi-builder-workspace/.build/checkouts/jwt-kit/Sources/JWTKit/MLDSA/MLDSA65+MLDSAKey.swift:21:55: error: cannot find type 'MLDSA65' in scope
19 | @_spi(PostQuantum)
20 | @available(iOS 26.0, macOS 26.0, watchOS 26.0, tvOS 26.0, *)
21 | public typealias MLDSA65PrivateKey = MLDSA.PrivateKey<MLDSA65>
   |                                                       `- error: cannot find type 'MLDSA65' in scope
22 |
/Users/admin/builder/spi-builder-workspace/.build/checkouts/jwt-kit/Sources/JWTKit/MLDSA/MLDSA87+MLDSAKey.swift:5:11: error: cannot find type 'MLDSA87' in scope
 3 | @_spi(PostQuantum)
 4 | @available(iOS 26.0, macOS 26.0, watchOS 26.0, tvOS 26.0, *)
 5 | extension MLDSA87.PublicKey: MLDSAPublicKey {
   |           `- error: cannot find type 'MLDSA87' in scope
 6 |     public typealias MLDSAType = MLDSA87
 7 | }
/Users/admin/builder/spi-builder-workspace/.build/checkouts/jwt-kit/Sources/JWTKit/MLDSA/MLDSA87+MLDSAKey.swift:11:11: error: cannot find type 'MLDSA87' in scope
 9 | @_spi(PostQuantum)
10 | @available(iOS 26.0, macOS 26.0, watchOS 26.0, tvOS 26.0, *)
11 | extension MLDSA87.PrivateKey: MLDSAPrivateKey {
   |           `- error: cannot find type 'MLDSA87' in scope
12 |     public typealias MLDSAType = MLDSA87
13 | }
/Users/admin/builder/spi-builder-workspace/.build/checkouts/jwt-kit/Sources/JWTKit/MLDSA/MLDSA87+MLDSAKey.swift:17:53: error: cannot find type 'MLDSA87' in scope
15 | @_spi(PostQuantum)
16 | @available(iOS 26.0, macOS 26.0, watchOS 26.0, tvOS 26.0, *)
17 | public typealias MLDSA87PublicKey = MLDSA.PublicKey<MLDSA87>
   |                                                     `- error: cannot find type 'MLDSA87' in scope
18 |
19 | @_spi(PostQuantum)
/Users/admin/builder/spi-builder-workspace/.build/checkouts/jwt-kit/Sources/JWTKit/MLDSA/MLDSA87+MLDSAKey.swift:21:55: error: cannot find type 'MLDSA87' in scope
19 | @_spi(PostQuantum)
20 | @available(iOS 26.0, macOS 26.0, watchOS 26.0, tvOS 26.0, *)
21 | public typealias MLDSA87PrivateKey = MLDSA.PrivateKey<MLDSA87>
   |                                                       `- error: cannot find type 'MLDSA87' in scope
22 |
/Users/admin/builder/spi-builder-workspace/.build/checkouts/jwt-kit/Sources/JWTKit/MLDSA/MLDSAType.swift:13:11: error: cannot find type 'MLDSA65' in scope
11 | @_spi(PostQuantum)
12 | @available(iOS 26.0, macOS 26.0, watchOS 26.0, tvOS 26.0, *)
13 | extension MLDSA65: MLDSAType {
   |           `- error: cannot find type 'MLDSA65' in scope
14 |     public static var name: String { "ML-DSA-65" }
15 | }
/Users/admin/builder/spi-builder-workspace/.build/checkouts/jwt-kit/Sources/JWTKit/MLDSA/MLDSAType.swift:19:11: error: cannot find type 'MLDSA87' in scope
17 | @_spi(PostQuantum)
18 | @available(iOS 26.0, macOS 26.0, watchOS 26.0, tvOS 26.0, *)
19 | extension MLDSA87: MLDSAType {
   |           `- error: cannot find type 'MLDSA87' in scope
20 |     public static var name: String { "ML-DSA-87" }
21 | }
[1959/2110] Compiling NIOHTTP2 Error+Any.swift
[1960/2110] Compiling NIOHTTP2 ConcurrentStreamBuffer.swift
[1961/2110] Compiling NIOHTTP2 ControlFrameBuffer.swift
[1962/2110] Compiling NIOHTTP2 OutboundFlowControlBuffer.swift
[1963/2110] Compiling NIOHTTP2 OutboundFrameBuffer.swift
[1964/2110] Compiling NIOHTTP2 GlitchesMonitor.swift
[1965/2110] Compiling NIOHTTP2 HPACKHeaders+Validation.swift
[1966/2110] Compiling NIOHTTP2 LocallyQuiescingState.swift
[1967/2110] Compiling NIOHTTP2 QuiescingState.swift
[1968/2110] Compiling NIOHTTP2 RemotelyQuiescingState.swift
[1969/2110] Compiling NIOHTTP2 SendAndReceiveGoawayState.swift
[1970/2110] Compiling NIOHTTP2 StateMachineResult.swift
[1971/2110] Compiling NIOHTTP2 ContentLengthVerifier.swift
[1972/2110] Compiling NIOHTTP2 DOSHeuristics.swift
[1973/2110] Compiling NIOHTTP2 HTTP2UserEvents.swift
[1974/2110] Compiling NIOHTTP2 InboundEventBuffer.swift
[1975/2110] Compiling NIOHTTP2 SendingRstStreamState.swift
[1976/2110] Compiling NIOHTTP2 SendingWindowUpdateState.swift
[1977/2110] Compiling NIOHTTP2 HTTP2SettingsState.swift
[1978/2110] Compiling NIOHTTP2 NIOHTTP2ServerConnectionManagementHandler+StateMachine.swift
[1979/2110] Compiling NIOHTTP2 NIOHTTP2ServerConnectionManagementHandler.swift
[1980/2110] Compiling NIOHTTP2 ConnectionStateMachine.swift
[1981/2110] Compiling NIOHTTP2 HasExtendedConnectSettings.swift
[1982/2110] Compiling NIOHTTP2 HasFlowControlWindows.swift
[1983/2110] Compiling NIOHTTP2 HasLocalSettings.swift
[1984/2110] Compiling NIOHTTP2 ConnectionStreamsState.swift
[1985/2110] Compiling NIOHTTP2 MayReceiveFrames.swift
[1986/2110] Compiling NIOHTTP2 ReceivingDataState.swift
[1987/2110] Compiling NIOHTTP2 ReceivingGoAwayState.swift
[1988/2110] Compiling NIOHTTP2 ReceivingHeadersState.swift
[1989/2110] Compiling NIOHTTP2 ReceivingPushPromiseState.swift
[1994/2110] Compiling NIOExtras WritePCAPHandler.swift
[2005/2110] Compiling NIOHTTP2 HasRemoteSettings.swift
[2006/2110] Compiling NIOHTTP2 HTTP2ChannelHandler+InboundStreamMultiplexer.swift
[2007/2110] Compiling NIOHTTP2 HTTP2ChannelHandler+InlineStreamMultiplexer.swift
[2008/2110] Compiling NIOHTTP2 HTTP2ChannelHandler.swift
[2009/2110] Compiling NIOHTTP2 HTTP2CommonInboundStreamMultiplexer.swift
[2010/2110] Compiling NIOHTTP2 InboundWindowManager.swift
[2011/2110] Compiling NIOHTTP2 MultiplexerAbstractChannel.swift
[2012/2110] Compiling NIOHTTP2 NIOHTTP2FrameDelegate.swift
[2018/2110] Compiling NIOHTTP2 HTTP2ConnectionStateChange.swift
[2019/2110] Compiling NIOHTTP2 HTTP2Error.swift
[2020/2110] Compiling NIOHTTP2 HTTP2ErrorCode.swift
[2021/2110] Compiling NIOHTTP2 ReceivingRstStreamState.swift
[2022/2110] Compiling NIOHTTP2 ReceivingWindowUpdateState.swift
[2023/2110] Compiling NIOHTTP2 MaySendFrames.swift
[2024/2110] Compiling NIOHTTP2 SendingDataState.swift
[2054/2120] Compiling NIOHTTP2 Timer.swift
[2055/2120] Compiling NIOHTTP2 UnsafeTransfer.swift
[2056/2120] Compiling NIOHTTP2 WatermarkedFlowController.swift
[2057/2120] Compiling JWTKit MicrosoftIdentityToken.swift
[2058/2120] Compiling JWTKit EmptyPolicy.swift
[2059/2120] Compiling JWTKit ValidationTimePayload.swift
[2060/2120] Compiling JWTKit X5CVerifier.swift
[2061/2120] Emitting module NIOHTTP2
Fetching https://github.com/rosecoder/google-cloud-auth-swift.git
Fetching https://github.com/grpc/grpc-swift-nio-transport.git
Fetching https://github.com/swift-server/swift-service-lifecycle.git
Fetching https://github.com/grpc/grpc-swift-protobuf.git
Fetching https://github.com/rosecoder/google-cloud-service-context.git
Fetching https://github.com/rosecoder/retryable-task.git
Fetching https://github.com/apple/swift-collections.git from cache
[1/51] Fetching google-cloud-service-context
[33/209] Fetching google-cloud-service-context, retryable-task
[112/3050] Fetching google-cloud-service-context, retryable-task, swift-service-lifecycle
[193/3279] Fetching google-cloud-service-context, retryable-task, swift-service-lifecycle, google-cloud-auth-swift
Fetched https://github.com/rosecoder/google-cloud-service-context.git from cache (0.84s)
Fetching https://github.com/apple/swift-distributed-tracing.git
[308/5853] Fetching retryable-task, swift-service-lifecycle, google-cloud-auth-swift, grpc-swift-protobuf
[361/12164] Fetching retryable-task, swift-service-lifecycle, google-cloud-auth-swift, grpc-swift-protobuf, grpc-swift-nio-transport
Fetched https://github.com/grpc/grpc-swift-protobuf.git from cache (1.24s)
Fetched https://github.com/rosecoder/google-cloud-auth-swift.git from cache (1.24s)
Fetched https://github.com/rosecoder/retryable-task.git from cache (1.24s)
[3725/9152] Fetching swift-service-lifecycle, grpc-swift-nio-transport
Fetching https://github.com/apple/swift-log.git from cache
Fetched https://github.com/grpc/grpc-swift-nio-transport.git from cache (1.52s)
[1/6194] Fetching swift-distributed-tracing
Fetched https://github.com/swift-server/swift-service-lifecycle.git from cache (2.09s)
Fetched https://github.com/apple/swift-collections.git from cache (2.17s)
Fetched https://github.com/apple/swift-distributed-tracing.git from cache (1.41s)
Fetched https://github.com/apple/swift-log.git from cache (1.29s)
Computing version for https://github.com/rosecoder/google-cloud-service-context.git
Computed https://github.com/rosecoder/google-cloud-service-context.git at 0.0.2 (3.09s)
Fetching https://github.com/apple/swift-service-context.git
Fetching https://github.com/swift-server/async-http-client.git from cache
[1/1364] Fetching swift-service-context
Fetched https://github.com/apple/swift-service-context.git from cache (1.68s)
Fetched https://github.com/swift-server/async-http-client.git from cache (1.71s)
Computing version for https://github.com/rosecoder/retryable-task.git
Computed https://github.com/rosecoder/retryable-task.git at 1.1.2 (2.24s)
Computing version for https://github.com/rosecoder/google-cloud-auth-swift.git
Computed https://github.com/rosecoder/google-cloud-auth-swift.git at 1.3.1 (0.48s)
Fetching https://github.com/apple/swift-nio.git from cache
Fetching https://github.com/vapor/jwt-kit.git
Fetching https://github.com/grpc/grpc-swift-2.git
[1/31244] Fetching grpc-swift-2
[2/41309] Fetching grpc-swift-2, jwt-kit
Fetched https://github.com/grpc/grpc-swift-2.git from cache (2.84s)
Fetched https://github.com/vapor/jwt-kit.git from cache (3.04s)
Fetched https://github.com/apple/swift-nio.git from cache (3.18s)
Computing version for https://github.com/apple/swift-service-context.git
Computed https://github.com/apple/swift-service-context.git at 1.3.0 (3.70s)
Computing version for https://github.com/grpc/grpc-swift-protobuf.git
Computed https://github.com/grpc/grpc-swift-protobuf.git at 2.4.1 (0.54s)
Fetching https://github.com/apple/swift-protobuf.git from cache
Fetched https://github.com/apple/swift-protobuf.git from cache (5.12s)
Computing version for https://github.com/apple/swift-protobuf.git
Computed https://github.com/apple/swift-protobuf.git at 1.38.1 (5.78s)
Computing version for https://github.com/grpc/grpc-swift-2.git
Computed https://github.com/grpc/grpc-swift-2.git at 2.4.3 (0.56s)
Computing version for https://github.com/apple/swift-distributed-tracing.git
Computed https://github.com/apple/swift-distributed-tracing.git at 1.4.1 (0.57s)
Computing version for https://github.com/apple/swift-collections.git
Computed https://github.com/apple/swift-collections.git at 1.6.0 (0.67s)
Computing version for https://github.com/vapor/jwt-kit.git
Computed https://github.com/vapor/jwt-kit.git at 5.6.0 (0.53s)
Fetching https://github.com/apple/swift-certificates.git
Fetching https://github.com/apple/swift-crypto.git from cache
[1/7549] Fetching swift-certificates
Fetched https://github.com/apple/swift-certificates.git from cache (1.51s)
Fetched https://github.com/apple/swift-crypto.git from cache (1.94s)
Computing version for https://github.com/apple/swift-crypto.git
Computed https://github.com/apple/swift-crypto.git at 4.5.2 (6.09s)
Fetching https://github.com/apple/swift-asn1.git from cache
Fetched https://github.com/apple/swift-asn1.git from cache (1.37s)
Computing version for https://github.com/apple/swift-asn1.git
Computed https://github.com/apple/swift-asn1.git at 1.7.2 (2.01s)
Computing version for https://github.com/apple/swift-certificates.git
Computed https://github.com/apple/swift-certificates.git at 1.20.0 (0.64s)
Computing version for https://github.com/swift-server/swift-service-lifecycle.git
Computed https://github.com/swift-server/swift-service-lifecycle.git at 2.12.0 (0.51s)
Fetching https://github.com/apple/swift-async-algorithms.git
[1/6723] Fetching swift-async-algorithms
Fetched https://github.com/apple/swift-async-algorithms.git from cache (1.95s)
Computing version for https://github.com/apple/swift-log.git
Computed https://github.com/apple/swift-log.git at 1.15.1 (2.49s)
Computing version for https://github.com/apple/swift-async-algorithms.git
Computed https://github.com/apple/swift-async-algorithms.git at 1.1.5 (0.62s)
Computing version for https://github.com/grpc/grpc-swift-nio-transport.git
Computed https://github.com/grpc/grpc-swift-nio-transport.git at 2.9.2 (0.59s)
Fetching https://github.com/apple/swift-nio-transport-services.git from cache
Fetching https://github.com/apple/swift-nio-ssl.git from cache
Fetching https://github.com/apple/swift-nio-http2.git from cache
Fetching https://github.com/apple/swift-nio-extras.git from cache
Fetched https://github.com/apple/swift-nio-transport-services.git from cache (1.27s)
Fetched https://github.com/apple/swift-nio-http2.git from cache (1.28s)
Fetched https://github.com/apple/swift-nio-ssl.git from cache (1.29s)
Fetched https://github.com/apple/swift-nio-extras.git from cache (1.40s)
Computing version for https://github.com/apple/swift-nio-http2.git
Computed https://github.com/apple/swift-nio-http2.git at 1.46.0 (2.01s)
Fetching https://github.com/apple/swift-atomics.git from cache
Fetched https://github.com/apple/swift-atomics.git from cache (0.98s)
Computing version for https://github.com/apple/swift-atomics.git
Computed https://github.com/apple/swift-atomics.git at 1.3.1 (1.63s)
Computing version for https://github.com/apple/swift-nio-ssl.git
Computed https://github.com/apple/swift-nio-ssl.git at 2.37.4 (0.67s)
Computing version for https://github.com/apple/swift-nio.git
Computed https://github.com/apple/swift-nio.git at 2.102.0 (0.84s)
Fetching https://github.com/apple/swift-system.git from cache
Fetched https://github.com/apple/swift-system.git from cache (1.53s)
Computing version for https://github.com/apple/swift-nio-transport-services.git
Computed https://github.com/apple/swift-nio-transport-services.git at 1.28.0 (2.16s)
Computing version for https://github.com/apple/swift-nio-extras.git
Computed https://github.com/apple/swift-nio-extras.git at 1.35.1 (0.81s)
Fetching https://github.com/apple/swift-http-structured-headers.git from cache
Fetching https://github.com/apple/swift-algorithms.git from cache
Fetching https://github.com/apple/swift-http-types.git from cache
Fetched https://github.com/apple/swift-http-structured-headers.git from cache (0.98s)
Fetched https://github.com/apple/swift-algorithms.git from cache (1.03s)
Fetched https://github.com/apple/swift-http-types.git from cache (1.12s)
Computing version for https://github.com/apple/swift-algorithms.git
Computed https://github.com/apple/swift-algorithms.git at 1.2.1 (3.81s)
Fetching https://github.com/apple/swift-numerics.git from cache
Fetched https://github.com/apple/swift-numerics.git from cache (1.61s)
Computing version for https://github.com/apple/swift-numerics.git
Computed https://github.com/apple/swift-numerics.git at 1.1.1 (2.12s)
Computing version for https://github.com/apple/swift-http-structured-headers.git
Computed https://github.com/apple/swift-http-structured-headers.git at 1.7.0 (0.48s)
Computing version for https://github.com/apple/swift-http-types.git
Computed https://github.com/apple/swift-http-types.git at 1.8.0 (0.51s)
Computing version for https://github.com/apple/swift-system.git
Computed https://github.com/apple/swift-system.git at 1.8.1 (0.51s)
Computing version for https://github.com/swift-server/async-http-client.git
Computed https://github.com/swift-server/async-http-client.git at 1.36.1 (0.51s)
Creating working copy for https://github.com/apple/swift-certificates.git
Working copy of https://github.com/apple/swift-certificates.git resolved at 1.20.0
Creating working copy for https://github.com/apple/swift-atomics.git
Working copy of https://github.com/apple/swift-atomics.git resolved at 1.3.1
Creating working copy for https://github.com/apple/swift-algorithms.git
Working copy of https://github.com/apple/swift-algorithms.git resolved at 1.2.1
Creating working copy for https://github.com/apple/swift-log.git
Working copy of https://github.com/apple/swift-log.git resolved at 1.15.1
Creating working copy for https://github.com/apple/swift-crypto.git
Working copy of https://github.com/apple/swift-crypto.git resolved at 4.5.2
Creating working copy for https://github.com/apple/swift-http-types.git
Working copy of https://github.com/apple/swift-http-types.git resolved at 1.8.0
Creating working copy for https://github.com/apple/swift-http-structured-headers.git
Working copy of https://github.com/apple/swift-http-structured-headers.git resolved at 1.7.0
Creating working copy for https://github.com/rosecoder/retryable-task.git
Working copy of https://github.com/rosecoder/retryable-task.git resolved at 1.1.2
Creating working copy for https://github.com/apple/swift-collections.git
Working copy of https://github.com/apple/swift-collections.git resolved at 1.6.0
Creating working copy for https://github.com/grpc/grpc-swift-2.git
Working copy of https://github.com/grpc/grpc-swift-2.git resolved at 2.4.3
Creating working copy for https://github.com/rosecoder/google-cloud-service-context.git
Working copy of https://github.com/rosecoder/google-cloud-service-context.git resolved at 0.0.2
Creating working copy for https://github.com/apple/swift-distributed-tracing.git
Working copy of https://github.com/apple/swift-distributed-tracing.git resolved at 1.4.1
Creating working copy for https://github.com/apple/swift-system.git
Working copy of https://github.com/apple/swift-system.git resolved at 1.8.1
Creating working copy for https://github.com/apple/swift-nio-extras.git
Working copy of https://github.com/apple/swift-nio-extras.git resolved at 1.35.1
Creating working copy for https://github.com/apple/swift-async-algorithms.git
Working copy of https://github.com/apple/swift-async-algorithms.git resolved at 1.1.5
Creating working copy for https://github.com/vapor/jwt-kit.git
Working copy of https://github.com/vapor/jwt-kit.git resolved at 5.6.0
Creating working copy for https://github.com/grpc/grpc-swift-protobuf.git
Working copy of https://github.com/grpc/grpc-swift-protobuf.git resolved at 2.4.1
Creating working copy for https://github.com/apple/swift-nio-ssl.git
Working copy of https://github.com/apple/swift-nio-ssl.git resolved at 2.37.4
Creating working copy for https://github.com/apple/swift-numerics.git
Working copy of https://github.com/apple/swift-numerics.git resolved at 1.1.1
Creating working copy for https://github.com/apple/swift-protobuf.git
Working copy of https://github.com/apple/swift-protobuf.git resolved at 1.38.1
Creating working copy for https://github.com/swift-server/swift-service-lifecycle.git
Working copy of https://github.com/swift-server/swift-service-lifecycle.git resolved at 2.12.0
Creating working copy for https://github.com/apple/swift-service-context.git
Working copy of https://github.com/apple/swift-service-context.git resolved at 1.3.0
Creating working copy for https://github.com/rosecoder/google-cloud-auth-swift.git
Working copy of https://github.com/rosecoder/google-cloud-auth-swift.git resolved at 1.3.1
Creating working copy for https://github.com/apple/swift-asn1.git
Working copy of https://github.com/apple/swift-asn1.git resolved at 1.7.2
Creating working copy for https://github.com/apple/swift-nio.git
Working copy of https://github.com/apple/swift-nio.git resolved at 2.102.0
Creating working copy for https://github.com/grpc/grpc-swift-nio-transport.git
Working copy of https://github.com/grpc/grpc-swift-nio-transport.git resolved at 2.9.2
Creating working copy for https://github.com/apple/swift-nio-transport-services.git
Working copy of https://github.com/apple/swift-nio-transport-services.git resolved at 1.28.0
Creating working copy for https://github.com/apple/swift-nio-http2.git
Working copy of https://github.com/apple/swift-nio-http2.git resolved at 1.46.0
Creating working copy for https://github.com/swift-server/async-http-client.git
Working copy of https://github.com/swift-server/async-http-client.git resolved at 1.36.1
Running build ...
env DEVELOPER_DIR=/Applications/Xcode-16.3.0.app xcrun swift build --arch arm64
[0/1] Planning build
[1/1] Compiling plugin generate-grpc-code-from-protos
[2/2] Compiling plugin GRPCProtobufGenerator
[3/3] Compiling plugin SwiftProtobufPlugin
Building for debugging...
[3/4] Write swift-version-2F0A5646E1D333AE.txt
[5/68] Compiling ConcurrencyHelpers LockedValueBox.swift
[6/68] Compiling RealModule RealFunctions.swift
[7/69] Compiling ServiceContextModule ServiceContextKey.swift
[8/69] Emitting module ServiceContextModule
[9/69] Compiling ServiceContextModule ServiceContext.swift
[10/81] Compiling SwiftProtobuf Google_Protobuf_Duration+Extensions.swift
[11/81] Compiling SwiftProtobuf Google_Protobuf_FieldMask+Extensions.swift
[12/157] Compiling SwiftProtobuf Message+AnyAdditions.swift
[13/157] Compiling SwiftProtobuf Message+BinaryAdditions.swift
[14/157] Compiling RealModule RelaxedArithmetic.swift
[15/157] Compiling SwiftProtobuf ExtensionFields.swift
[16/157] Compiling SwiftProtobuf ExtensionMap.swift
[17/157] Compiling RealModule Float80+Real.swift
[18/157] Compiling RealModule Real.swift
[19/157] Compiling SwiftProtobuf Google_Protobuf_Any+Extensions.swift
[20/157] Compiling SwiftProtobuf Google_Protobuf_Any+Registry.swift
[21/157] Compiling InternalCollectionsUtilities _UniqueCollection.swift
[22/157] Compiling RealModule ElementaryFunctions.swift
[23/157] Compiling ConcurrencyHelpers Lock.swift
[24/157] Emitting module ConcurrencyHelpers
[25/157] Compiling RealModule Float16+Real.swift
[26/157] Compiling RealModule Float+Real.swift
[27/157] Compiling Logging LogEvent.swift
[28/158] Compiling Logging LoggingSystem.swift
[29/158] Compiling RealModule Double+Real.swift
[30/158] Compiling RealModule AugmentedArithmetic.swift
[31/158] Emitting module _NIOBase64
[32/158] Compiling _NIOBase64 Base64.swift
[33/158] Emitting module _CertificateInternals
[34/158] Compiling _CertificateInternals _TinyArray.swift
[35/158] Compiling SwiftProtobuf JSONScanner.swift
[36/158] Compiling SwiftProtobuf MathUtils.swift
[37/158] Compiling CryptoBoringWrapper resource_bundle_accessor.swift
[38/158] Compiling Logging SwiftLogNoOpLogHandler.swift
[39/158] Compiling Logging Locks.swift
[40/176] Compiling _NIODataStructures PriorityQueue.swift
[41/176] Compiling _NIODataStructures Heap.swift
[42/176] Compiling _NIODataStructures _TinyArray.swift
[43/176] Compiling SwiftASN1 ASN1Boolean.swift
[44/176] Compiling SwiftASN1 ASN1Identifier.swift
[45/176] Compiling SwiftASN1 ASN1Any.swift
[46/176] Compiling SwiftASN1 ASN1BitString.swift
[47/176] Emitting module RealModule
[48/176] Compiling CryptoBoringWrapper CryptoKitErrors_boring.swift
[49/182] Emitting module _NIODataStructures
[50/192] Compiling CryptoBoringWrapper RandomBytes.swift
[51/192] Compiling CryptoBoringWrapper FiniteFieldArithmeticContext.swift
[52/192] Compiling Logging MetadataProvider.swift
[53/192] Compiling Logging Logger+Attributes.swift
[54/192] Compiling Logging LogHandler.swift
[55/192] Compiling CryptoBoringWrapper EllipticCurve.swift
[56/192] Compiling SwiftASN1 ObjectIdentifier.swift
[57/192] Compiling SwiftASN1 PEMDocument.swift
[58/192] Compiling Logging Logger+With.swift
unable to find node: pound
unable to find node: pound
[59/192] Compiling Logging Logger.swift
[60/192] Emitting module CryptoBoringWrapper
[61/192] Compiling CryptoBoringWrapper BoringSSLAEAD.swift
[62/211] Compiling Atomics PointerConformances.swift
[63/211] Compiling Atomics Primitives.native.swift
[64/211] Compiling Atomics AtomicInteger.swift
[65/211] Compiling Atomics AtomicOptionalWrappable.swift
[66/298] Emitting module Logging
unable to find node: pound
unable to find node: pound
[67/298] Compiling Crypto HashFunctions_SHA3.swift
[68/298] Compiling Crypto Digest_xkcp.swift
[69/298] Compiling Instrumentation NoOpInstrument.swift
[70/298] Compiling Instrumentation Locks.swift
[71/298] Compiling Instrumentation MultiplexInstrument.swift
[72/298] Compiling Instrumentation Instrument.swift
[73/298] Emitting module Instrumentation
[74/298] Compiling Instrumentation InstrumentationSystem.swift
[75/298] Emitting module InternalCollectionsUtilities
[76/298] Compiling UnixSignals UnixSignal.swift
[77/298] Emitting module UnixSignals
[78/298] Compiling UnixSignals UnixSignalsSequence.swift
[79/298] Compiling Crypto ASN1.swift
[80/298] Compiling Crypto ASN1Any.swift
[81/298] Compiling Crypto Cipher.swift
[82/298] Compiling Crypto Nonces.swift
[83/299] Compiling NIOConcurrencyHelpers lock.swift
[84/333] Compiling CryptoBoringWrapper EllipticCurvePoint.swift
[85/333] Compiling CryptoBoringWrapper ArbitraryPrecisionInteger.swift
[86/341] Compiling NIOConcurrencyHelpers NIOThreadPoolWorkAvailable.swift
[87/341] Compiling NIOConcurrencyHelpers NIOLock.swift
[88/341] Compiling NIOConcurrencyHelpers atomics.swift
[89/341] Compiling Atomics Unmanaged extensions.swift
[90/341] Compiling Crypto MLKEM_wrapper.swift
[91/341] Compiling Crypto XWing_boring.swift
[92/341] Compiling Crypto KEM-Errors.swift
[93/341] Compiling Crypto KEM.swift
[94/341] Compiling Crypto MLKEM.swift
[95/341] Compiling Crypto XWing.swift
[96/341] Compiling Crypto ECDH_boring.swift
[97/341] Compiling Crypto DH.swift
[98/341] Compiling Crypto ECDH.swift
[99/341] Compiling Crypto NISTCurvesKeys.swift
[100/341] Compiling Crypto X25519Keys.swift
[101/341] Compiling Crypto SymmetricKeys.swift
[102/341] Compiling Crypto HMAC.swift
[103/341] Compiling Crypto MACFunctions.swift
[104/341] Compiling Crypto MessageAuthenticationCode.swift
[105/341] Compiling Crypto AES.swift
[106/341] Compiling Crypto ECDSASignature_boring.swift
[107/341] Compiling Crypto ECDSA_boring.swift
[108/341] Compiling Algorithms Grouped.swift
[109/341] Compiling Algorithms Indexed.swift
[110/341] Compiling Algorithms Intersperse.swift
[111/341] Compiling Algorithms Split.swift
[112/341] Compiling Algorithms Stride.swift
[113/341] Compiling Crypto NISTCurvesKeys_boring.swift
[114/341] Compiling Crypto X25519Keys_boring.swift
[115/341] Compiling Crypto Curve25519.swift
[116/341] Compiling Crypto Ed25519Keys.swift
[117/350] Compiling Algorithms Cycle.swift
[118/350] Compiling Algorithms EitherSequence.swift
[119/350] Compiling Algorithms FirstNonNil.swift
[120/350] Compiling Algorithms FlattenCollection.swift
[121/350] Compiling Algorithms AdjacentPairs.swift
[122/350] Compiling Algorithms Chain.swift
[123/350] Compiling Algorithms Chunked.swift
[124/350] Compiling Algorithms Partition.swift
[125/350] Compiling Algorithms Permutations.swift
[126/350] Compiling Algorithms Product.swift
[127/350] Compiling Algorithms Suffix.swift
[128/350] Compiling Algorithms Trim.swift
[129/350] Compiling Algorithms RandomSample.swift
[130/350] Compiling Algorithms Reductions.swift
[131/350] Compiling Algorithms Rotate.swift
[132/350] Compiling Algorithms Joined.swift
[133/350] Compiling Algorithms Keyed.swift
[134/350] Compiling Algorithms MinMax.swift
[135/350] Compiling Algorithms Combinations.swift
[136/350] Compiling Algorithms Compacted.swift
[137/350] Compiling RetryableTask RetryPolicy.swift
[138/350] Compiling RetryableTask withRetryableTask.swift
[139/350] Compiling NIOConcurrencyHelpers NIOLockedValueBox.swift
[140/350] Emitting module NIOConcurrencyHelpers
[141/350] Compiling NIOConcurrencyHelpers NIOAtomic.swift
[142/350] Compiling RetryableTask ImmediateRetryPolicy.swift
[143/350] Compiling RetryableTask NoRetryPolicy.swift
[144/350] Compiling RetryableTask DelayedRetryPolicy.swift
[145/350] Emitting module RetryableTask
[146/350] Compiling RetryableTask DefaultRetryPolicy.swift
[147/350] Compiling RetryableTask ExponentialBackoffDelayRetryPolicy.swift
[148/350] Compiling Crypto PKCS8PrivateKey.swift
[149/350] Compiling Crypto SEC1PrivateKey.swift
[150/350] Compiling Crypto SubjectPublicKeyInfo.swift
[151/350] Compiling Crypto CryptoError_boring.swift
[152/350] Compiling Crypto CryptoKitErrors.swift
[153/350] Compiling Crypto Digest_boring.swift
[154/350] Compiling Crypto Digest.swift
[155/350] Compiling Crypto Digests.swift
[156/350] Compiling Crypto HashFunctions.swift
[157/350] Compiling Crypto HashFunctions_SHA2.swift
[158/350] Compiling Crypto ASN1Identifier.swift
[159/350] Compiling Crypto ASN1Integer.swift
[160/350] Compiling Crypto ASN1Null.swift
[161/350] Compiling Crypto ASN1OctetString.swift
[162/350] Compiling Crypto ASN1Strings.swift
[163/350] Compiling Crypto ArraySliceBigint.swift
[164/350] Compiling Crypto GeneralizedTime.swift
[165/350] Compiling Crypto ObjectIdentifier.swift
[166/350] Compiling Crypto ECDSASignature.swift
[167/350] Compiling Crypto PEMDocument.swift
[168/350] Compiling Crypto HPKE-NIST-EC-KEMs.swift
[169/350] Compiling Crypto HPKE-KEM.swift
[170/350] Compiling Crypto HPKE-Errors.swift
[171/350] Compiling Crypto HPKE.swift
[172/350] Compiling Crypto HPKE-Context.swift
[173/350] Compiling Crypto HPKE-KeySchedule.swift
[174/350] Compiling Crypto HPKE-Modes.swift
[175/350] Compiling Crypto Insecure.swift
[176/350] Compiling Crypto Insecure_HashFunctions.swift
[177/350] Compiling Crypto MLKEM_boring.swift
[178/350] Compiling Crypto EdDSA_boring.swift
[179/350] Compiling Crypto MLDSA_boring.swift
[180/350] Compiling Crypto MLDSA_wrapper.swift
[181/350] Compiling Crypto ECDSA.swift
[182/350] Compiling Crypto Ed25519.swift
[183/350] Compiling Crypto MLDSA.swift
[184/350] Compiling Crypto Signature.swift
[185/350] Compiling Crypto CryptoKitErrors_boring.swift
[186/350] Compiling Crypto Optional+withUnsafeBytes_boring.swift
[187/445] Emitting module Crypto
[188/445] Compiling ContainersPreview Container.swift
[189/445] Compiling ContainersPreview ContainerIterator.swift
[190/445] Compiling ContainersPreview DynamicContainer.swift
[191/445] Compiling ContainersPreview MutableContainer.swift
[192/445] Compiling ContainersPreview BorrowingIteratorProtocol+Filter.swift
[193/445] Compiling ContainersPreview BorrowingIteratorProtocol+Map.swift
[194/445] Compiling ContainersPreview BorrowingIteratorProtocol+Reduce.swift
[195/445] Compiling ContainersPreview BorrowingIteratorProtocol+SpanwiseZip.swift
[196/448] Compiling ContainersPreview OutputSpan+Extras.swift
[197/448] Compiling ContainersPreview TemporaryAllocation.swift
[198/448] Compiling ContainersPreview BorrowingIteratorProtocol+Copy.swift
[199/448] Compiling ContainersPreview BorrowingIteratorProtocol+ElementsEqual.swift
[200/448] Compiling ContainersPreview Producer+Collect.swift
[201/448] Compiling ContainersPreview Producer+Filter.swift
[202/448] Compiling ContainersPreview Producer+Map.swift
[203/448] Compiling ContainersPreview Producer+Reduce.swift
[204/448] Compiling ContainersPreview BorrowingIteratorProtocol.swift
[205/448] Compiling ContainersPreview BorrowingSequence+Algorithms.swift
[206/448] Compiling ContainersPreview BorrowingSequence+Standard Conformances.swift
[207/448] Compiling ContainersPreview BorrowingSequence+Utilities.swift
[208/448] Compiling ContainersPreview Producer.swift
[209/448] Compiling ContainersPreview InputSpan.swift
[210/448] Compiling ContainersPreview MutableRef.swift
[211/448] Compiling ContainersPreview Ref.swift
[212/448] Compiling ContainersPreview BorrowingSequence.swift
[213/448] Compiling ContainersPreview BidirectionalContainer.swift
[214/448] Compiling ContainersPreview Container+Filter.swift
[215/448] Compiling ContainersPreview Container+SpanwiseZip.swift
[216/448] Compiling ContainersPreview Strideable+Limits.swift
[217/448] Compiling ContainersPreview Drain+Map.swift
[218/448] Compiling ContainersPreview Drain+Reduce.swift
[219/448] Compiling ContainersPreview Drain.swift
[220/448] Compiling ContainersPreview PermutableContainer.swift
[221/448] Compiling ContainersPreview RandomAccessContainer.swift
[222/448] Compiling ContainersPreview RangeExpression2.swift
[223/448] Compiling ContainersPreview RangeReplaceableContainer.swift
[224/448] Emitting module ContainersPreview
[225/448] Compiling Tracing TracingTime.swift
[226/448] Compiling ContainersPreview Shared.swift
[227/448] Compiling ContainersPreview SpanIterator.swift
[228/448] Compiling ContainersPreview UniqueBox.swift
[229/448] Compiling Tracing InstrumentationSystem+Tracing.swift
[230/448] Compiling Tracing TracerProtocol.swift
[231/448] Compiling Tracing Tracer.swift
[232/448] Compiling Tracing NoOpTracer.swift
[233/448] Compiling Tracing TracerProtocol+Legacy.swift
[236/448] Compiling SwiftASN1 DER.swift
[251/449] Compiling OrderedCollections OrderedSet+Partial SetAlgebra symmetricDifference.swift
[252/449] Compiling OrderedCollections OrderedSet+Partial SetAlgebra union.swift
[253/449] Compiling OrderedCollections OrderedSet+Partial SetAlgebra+Basics.swift
[254/449] Compiling OrderedCollections OrderedSet+RandomAccessCollection.swift
[255/449] Compiling OrderedCollections OrderedSet+ReserveCapacity.swift
[256/449] Compiling OrderedCollections OrderedSet+Sendable.swift
[257/497] Compiling Tracing SpanProtocol.swift
[258/497] Emitting module Tracing
[259/497] Compiling DequeModule RigidDeque+Descriptions.swift
[260/497] Compiling DequeModule RigidDeque+Equatable.swift
[261/497] Compiling DequeModule RigidDeque+Experimental.swift
[262/497] Compiling DequeModule Deque+Codable.swift
[263/497] Compiling DequeModule Deque+Collection.swift
[264/499] Compiling SwiftASN1 Errors.swift
[265/499] Compiling DequeModule UniqueDeque+Consumption.swift
[266/499] Compiling DequeModule UniqueDeque+Container.swift
[267/499] Compiling DequeModule UniqueDeque+Deprecated.swift
[268/499] Compiling DequeModule UniqueDeque+Descriptions.swift
[269/499] Compiling DequeModule Deque+ExpressibleByArrayLiteral.swift
[270/499] Compiling DequeModule Deque+Extras.swift
[271/499] Compiling DequeModule RigidDeque+Prepend.swift
[272/499] Compiling DequeModule RigidDeque+Removals.swift
[273/499] Compiling DequeModule Deque+Hashable.swift
[274/499] Compiling DequeModule Deque+Testing.swift
[275/499] Compiling DequeModule RigidDeque+Initializers.swift
[276/499] Compiling DequeModule RigidDeque+Insertions.swift
[283/499] Compiling DequeModule Deque._Storage.swift
[284/499] Compiling DequeModule RigidDeque+Hashable.swift
[285/499] Compiling Crypto RNG_boring.swift
[286/499] Compiling Crypto SafeCompare_boring.swift
[287/499] Compiling Crypto Zeroization_boring.swift
[288/499] Compiling Crypto _CryptoModuleAnchor.swift
[289/499] Compiling Crypto PrettyBytes.swift
[290/499] Compiling Crypto SafeCompare.swift
[291/499] Compiling Crypto SecureBytes.swift
[292/499] Compiling Crypto Zeroization.swift
[293/499] Compiling Crypto resource_bundle_accessor.swift
[294/499] Compiling Algorithms Unique.swift
[295/499] Compiling Algorithms Windows.swift
[315/512] Compiling DequeModule UniqueDeque+Replacements.swift
[316/512] Compiling DequeModule RigidDeque+Consumption.swift
[317/512] Compiling DequeModule RigidDeque+Container.swift
[332/512] Compiling DequeModule UniqueDeque+Insertions.swift
[333/512] Compiling DequeModule UniqueDeque+Prepend.swift
[334/512] Compiling DequeModule UniqueDeque+Removals.swift
[340/512] Compiling DequeModule RigidDeque+Replacements.swift
[341/512] Compiling DequeModule RigidDeque+Testing.swift
[342/512] Compiling DequeModule RigidDeque.swift
[343/512] Compiling DequeModule UniqueDeque+Append.swift
[344/512] Compiling DequeModule UniqueDeque+Equatable.swift
[345/512] Compiling DequeModule UniqueDeque+Experimental.swift
[346/512] Compiling DequeModule UniqueDeque+Hashable.swift
[347/512] Compiling DequeModule UniqueDeque+Initializers.swift
[348/512] Compiling DequeModule Deque._UnsafeHandle.swift
[349/512] Compiling DequeModule Deque.swift
[350/512] Compiling DequeModule _DequeBuffer.swift
[351/512] Compiling DequeModule _DequeBufferHeader.swift
[352/512] Compiling DequeModule RigidDeque+Append.swift
[366/512] Compiling DequeModule Deque+Equatable.swift
[382/512] Compiling DequeModule UniqueDeque.swift
[383/512] Compiling DequeModule _DequeSlot.swift
[384/512] Compiling DequeModule _UnsafeDequeHandle.swift
[385/512] Compiling DequeModule _UnsafeDequeSegments.swift
[386/512] Compiling OrderedCollections OrderedSet+Partial SetAlgebra isStrictSubset.swift
[387/512] Compiling OrderedCollections OrderedSet+Partial SetAlgebra isStrictSuperset.swift
[388/512] Compiling OrderedCollections OrderedSet+Partial SetAlgebra isSubset.swift
[389/512] Compiling OrderedCollections OrderedSet+Partial SetAlgebra isSuperset.swift
[390/512] Compiling OrderedCollections OrderedSet+Partial SetAlgebra subtract.swift
[391/512] Compiling OrderedCollections OrderedSet+Partial SetAlgebra subtracting.swift
[399/512] Compiling OrderedCollections OrderedSet+SubSequence.swift
[400/512] Compiling OrderedCollections OrderedSet+Testing.swift
[401/512] Compiling OrderedCollections OrderedSet+UnorderedView.swift
[402/512] Compiling OrderedCollections OrderedSet+UnstableInternals.swift
[403/512] Compiling OrderedCollections OrderedSet.swift
[404/512] Compiling OrderedCollections _UnsafeBitset.swift
[405/512] Emitting module SwiftASN1
[406/512] Emitting module Atomics
[427/512] Emitting module SwiftProtobuf
[432/576] Emitting module DequeModule
[433/576] Compiling CryptoExtras RSA_boring.swift
[434/576] Compiling CryptoExtras ARCPrecredential.swift
[435/576] Compiling CryptoExtras ARCPresentation.swift
[436/576] Compiling CryptoExtras ARCRequest.swift
[437/576] Compiling CryptoExtras ARCResponse.swift
[438/576] Compiling CryptoExtras ARCServer.swift
[439/576] Compiling CryptoExtras ChaCha20CTR_boring.swift
[440/576] Compiling CryptoExtras ChaCha20CTR.swift
[441/576] Compiling CryptoExtras AES_CTR_boring.swift
[442/576] Compiling CryptoExtras AES_GCM_SIV_boring.swift
[443/576] Compiling CryptoExtras CMAC.swift
[444/576] Compiling CryptoExtras ARC+API.swift
[445/576] Compiling CryptoExtras ARC.swift
[446/576] Emitting module OrderedCollections
[447/576] Compiling SwiftProtobuf duration.pb.swift
[448/576] Compiling SwiftProtobuf empty.pb.swift
[449/576] Compiling SwiftProtobuf field_mask.pb.swift
[450/576] Compiling SwiftProtobuf source_context.pb.swift
[451/576] Compiling SwiftProtobuf struct.pb.swift
[452/576] Compiling SwiftProtobuf timestamp.pb.swift
[453/576] Compiling SwiftProtobuf type.pb.swift
[454/576] Compiling SwiftProtobuf wrappers.pb.swift
[455/576] Compiling SwiftProtobuf resource_bundle_accessor.swift
[456/576] Emitting module Algorithms
[457/752] Compiling NIOCore NIOAny.swift
[458/752] Compiling NIOCore NIOCloseOnErrorHandler.swift
[459/752] Compiling NIOCore NIOCoreSendableMetatype.swift
[460/752] Compiling NIOCore NIODecodedAsyncSequence.swift
[461/752] Compiling NIOCore NIOLoopBound.swift
[462/752] Compiling NIOCore IO.swift
[463/752] Compiling NIOCore IOData.swift
[464/752] Compiling NIOCore IPProtocol.swift
[465/752] Compiling NIOCore IntegerBitPacking.swift
[466/752] Compiling NIOCore ConvenienceOptionSupport.swift
[467/752] Compiling NIOCore DeadChannel.swift
[468/752] Compiling NIOCore DispatchQueue+WithFuture.swift
[469/752] Compiling NIOCore EventLoop+Deprecated.swift
[470/752] Compiling NIOCore EventLoop+SerialExecutor.swift
[471/752] Compiling NIOCore EventLoop.swift
[472/752] Compiling NIOCore EventLoopFuture+AssumeIsolated.swift
[475/752] Compiling NIOCore IntegerTypes.swift
[476/752] Compiling NIOCore Interfaces.swift
[477/752] Compiling NIOCore Linux.swift
[478/752] Compiling NIOCore ByteBuffer-hex.swift
[479/752] Compiling NIOCore ByteBuffer-int.swift
[480/752] Compiling NIOCore ByteBuffer-lengthPrefix.swift
[481/752] Compiling NIOCore ByteBuffer-multi-int.swift
[482/752] Compiling NIOCore ByteBuffer-quicBinaryEncodingStrategy.swift
[483/752] Compiling NIOCore ByteBuffer-views.swift
[484/752] Compiling NIOCore Channel.swift
[499/759] Compiling NIOCore AddressedEnvelope.swift
[500/759] Compiling NIOCore AsyncAwaitSupport.swift
[501/759] Compiling NIOCore AsyncChannel.swift
[502/759] Compiling NIOCore AsyncChannelHandler.swift
[503/759] Compiling NIOCore AsyncChannelInboundStream.swift
[504/759] Compiling NIOCore AsyncChannelOutboundWriter.swift
[511/764] Compiling NIOCore MarkedCircularBuffer.swift
[512/764] Compiling NIOCore MulticastChannel.swift
[517/764] Compiling NIOCore SingleStepByteToMessageDecoder.swift
[524/764] Compiling NIOCore GlobalSingletons.swift
[525/764] Compiling NIOCore NIOPooledRecvBufferAllocator.swift
[526/764] Compiling NIOCore NIOScheduledCallback.swift
[527/764] Compiling NIOCore NIOSendable.swift
[528/764] Compiling NIOCore NIOSplitLinesMessageDecoder.swift
[529/764] Compiling NIOCore NIOTransportAccessibleChannelCore.swift
[530/764] Compiling NIOCore RecvByteBufferAllocator.swift
[544/770] Emitting module CryptoExtras
[545/770] Compiling NIOCore NIOAsyncSequenceProducer.swift
[546/770] Compiling NIOCore NIOAsyncSequenceProducerStrategies.swift
[547/770] Compiling NIOCore ChannelHandler.swift
[548/770] Compiling NIOCore ChannelHandlers.swift
[549/770] Compiling NIOCore ChannelInvoker.swift
[550/770] Compiling NIOCore ChannelOption.swift
[551/770] Compiling NIOCore ByteBuffer-core.swift
[552/770] Compiling NIOCore EventLoopFuture+Deprecated.swift
[553/770] Compiling NIOCore EventLoopFuture+WithEventLoop.swift
[554/770] Compiling NIOCore EventLoopFuture.swift
[555/770] Compiling NIOCore FileDescriptor.swift
[556/770] Compiling NIOCore FileHandle.swift
[557/770] Compiling NIOCore FileRegion.swift
[575/770] Compiling AsyncAlgorithms UnsafeTransfer.swift
[576/770] Compiling NIOCore ChannelPipeline.swift
[577/770] Compiling NIOCore CircularBuffer.swift
[578/770] Compiling NIOCore Codec.swift
[579/770] Compiling NIOCore NIOAsyncWriter.swift
[580/770] Compiling NIOCore NIOThrowingAsyncSequenceProducer.swift
[581/770] Compiling NIOCore BSDSocketAPI.swift
[582/770] Compiling NIOCore ByteBuffer-aux.swift
[600/770] Compiling NIOCore ByteBuffer-binaryEncodedLengthPrefix.swift
[601/770] Compiling NIOCore ByteBuffer-conversions.swift
[602/770] Compiling GRPCCore Timeout.swift
[603/770] Compiling GRPCCore ClientTransport.swift
[604/770] Compiling GRPCCore RPCParts.swift
[605/770] Compiling GRPCCore RPCStream.swift
[606/770] Compiling GRPCCore RetryThrottle.swift
[607/770] Compiling GRPCCore ServerTransport.swift
[613/770] Compiling CryptoExtras ThreadSpecific.swift
[614/770] Compiling CryptoExtras ThreadWindows.swift
[615/770] Compiling CryptoExtras DLEQ.swift
[616/770] Compiling CryptoExtras Prover.swift
[617/770] Compiling CryptoExtras Verifier.swift
[618/770] Compiling CryptoExtras ZKPToolbox.swift
[619/770] Compiling CryptoExtras resource_bundle_accessor.swift
[634/777] Emitting module AsyncAlgorithms
[701/777] Emitting module GRPCCore
[727/800] Compiling ServiceLifecycle ServiceRunnerError.swift
[728/800] Compiling _CryptoExtras Exports.swift
[729/800] Emitting module _CryptoExtras
[730/800] Compiling GRPCProtobuf Coding.swift
[731/800] Compiling GRPCProtobuf ContiguousBytesAdapter.swift
[745/800] Compiling NIOCore SocketAddresses.swift
[746/800] Compiling NIOCore SocketOptionProvider.swift
[747/800] Compiling NIOCore SystemCallHelpers.swift
[748/800] Compiling NIOCore TimeAmount+Duration.swift
[749/800] Compiling NIOCore TypeAssistedChannelHandler.swift
[750/800] Compiling NIOCore UniversalBootstrapSupport.swift
[751/800] Compiling NIOCore Utilities.swift
[752/800] Compiling GRPCProtobuf status.pb.swift
[753/801] Compiling GRPCProtobuf GoogleRPCStatus.swift
[754/801] Compiling ServiceLifecycle ServiceGroupConfiguration.swift
[755/801] Compiling ServiceLifecycle Service.swift
[756/801] Compiling ServiceLifecycle ClosureService.swift
[757/801] Compiling ServiceLifecycle GracefulShutdown.swift
[758/801] Compiling ServiceLifecycle AsyncGracefulShutdownSequence.swift
[759/801] Emitting module ServiceLifecycle
[760/801] Compiling ServiceLifecycle CancellationWaiter.swift
[761/801] Compiling ServiceLifecycle ServiceGroup.swift
[762/801] Compiling ServiceLifecycle AsyncCancelOnGracefulShutdownSequence.swift
[763/801] Emitting module GRPCProtobuf
[764/818] Compiling GRPCProtobuf RPCError+GoogleRPCStatus.swift
[765/826] Compiling GRPCProtobuf code.pb.swift
[766/826] Compiling GRPCProtobuf ErrorDetails.swift
[767/826] Compiling GRPCProtobuf ErrorDetails+Types.swift
[768/826] Compiling GRPCProtobuf ErrorDetails+CustomStringConvertible.swift
[769/826] Compiling GRPCProtobuf ErrorDetails+AnyPacking.swift
[770/826] Compiling X509 SubjectKeyIdentifier.swift
[771/826] Compiling X509 Extension.swift
[772/829] Compiling GRPCProtobuf error_details.pb.swift
[773/899] Compiling X509 CustomPrivateKey.swift
[774/899] Compiling X509 Digests.swift
[775/899] Compiling X509 DistinguishedName.swift
[776/899] Compiling X509 CommonName.swift
[777/899] Compiling X509 CountryName.swift
[778/899] Compiling X509 DNBuilder.swift
[779/899] Compiling X509 DomainComponent.swift
[780/899] Compiling X509 EmailAddress.swift
[781/899] Compiling X509 LocalityName.swift
[782/899] Compiling X509 OrganizationName.swift
[783/899] Compiling X509 OrganizationalUnitName.swift
[786/909] Compiling X509 Extensions.swift
[787/909] Compiling X509 ExtensionsBuilder.swift
[788/909] Compiling X509 GeneralName.swift
[789/909] Compiling X509 Lock.swift
[790/909] Compiling X509 LockedValueBox.swift
[791/909] Compiling X509 BasicOCSPResponse.swift
[792/909] Compiling X509 DirectoryString.swift
[793/909] Compiling X509 OCSPCertID.swift
[794/909] Compiling X509 OCSPCertStatus.swift
[795/909] Compiling X509 CSRAttribute.swift
[796/909] Compiling X509 CSRAttributes.swift
[797/909] Compiling X509 CSRVersion.swift
[798/909] Compiling X509 CertificateSigningRequest.swift
[799/909] Compiling X509 CertificationRequestInfo.swift
[800/909] Compiling X509 ExtensionRequest.swift
[801/909] Compiling X509 Certificate.swift
[802/909] Compiling X509 CustomCertificateStore.swift
[803/909] Compiling X509 OneOfPolicies.swift
[804/909] Compiling X509 PolicyBuilder.swift
[805/909] Compiling X509 BasicConstraintsPolicy.swift
[806/909] Compiling X509 DNSNames.swift
[807/909] Compiling X509 ExpiryPolicy.swift
[808/909] Compiling X509 IPConstraints.swift
[809/909] Compiling X509 ExtensionIdentifiers.swift
[810/909] Compiling X509 KeyUsage.swift
[811/909] Compiling X509 NameConstraints.swift
[812/909] Compiling X509 SubjectAlternativeName.swift
[813/909] Compiling X509 AllOfPolicies.swift
[814/909] Compiling X509 AnyPolicy.swift
[815/909] Compiling X509 CertificateStore.swift
[816/909] Compiling X509 CertificatePrivateKey.swift
[817/909] Compiling X509 CertificatePublicKey.swift
[818/909] Compiling X509 CertificateSerialNumber.swift
[819/909] Compiling X509 CertificateVersion.swift
[820/909] Compiling X509 NameConstraintsPolicy.swift
[821/909] Compiling X509 RFC5280Policy.swift
[822/909] Compiling X509 URIConstraints.swift
[823/909] Compiling X509 OCSPExtensionID.swift
[824/909] Compiling X509 OCSPNonce.swift
[825/909] Compiling X509 OCSPPolicy.swift
[826/909] Compiling X509 OCSPRequest.swift
[827/909] Compiling X509 OCSPResponse.swift
[828/909] Compiling X509 OCSPResponseBytes.swift
[829/909] Compiling X509 OCSPResponseData.swift
[830/909] Compiling X509 OCSPResponseStatus.swift
[831/909] Compiling X509 OCSPSignature.swift
[832/909] Compiling X509 OCSPSingleRequest.swift
[833/909] Compiling X509 OCSPSingleResponse.swift
[834/909] Compiling X509 CMSAttribute.swift
[835/909] Compiling X509 CMSContentInfo.swift
[836/909] Compiling X509 CMSEncapsulatedContentInfo.swift
[837/909] Compiling X509 CMSIssuerAndSerialNumber.swift
[838/909] Compiling X509 CMSOperations.swift
[839/909] Compiling X509 CMSSignature.swift
[840/909] Compiling X509 CMSSignedData.swift
[841/909] Compiling X509 CMSSignerIdentifier.swift
[842/909] Compiling X509 CMSSignerInfo.swift
[843/909] Compiling X509 CMSVersion.swift
[844/909] Compiling X509 Curve25519+DER.swift
[845/909] Compiling X509 OCSPTBSRequest.swift
[846/909] Compiling X509 OCSPVersion.swift
[847/909] Compiling X509 PKCS8PrivateKey.swift
[848/909] Compiling X509 PromiseAndFuture.swift
[849/909] Compiling X509 RDNAttribute.swift
[850/909] Compiling X509 RandomNumberGenerator+bytes.swift
[851/909] Compiling X509 RelativeDistinguishedName.swift
[852/909] Compiling X509 SEC1PrivateKey.swift
[853/909] Compiling X509 SecKeyWrapper.swift
[854/909] Compiling X509 Signature.swift
[855/909] Compiling X509 SignatureAlgorithm.swift
[866/909] Compiling X509 StateOrProvinceName.swift
[867/909] Compiling X509 StreetAddress.swift
[868/909] Compiling X509 Error.swift
[869/909] Compiling X509 AuthorityInformationAccess.swift
[870/909] Compiling X509 AuthorityKeyIdentifier.swift
[871/909] Compiling X509 BasicConstraints.swift
[872/909] Compiling X509 ExtendedKeyUsage.swift
[877/909] Compiling X509 VerifierPolicy.swift
[878/909] Compiling X509 AlgorithmIdentifier.swift
[879/909] Compiling X509 ECDSASignature.swift
[880/909] Compiling X509 RSAPKCS1PublicKey.swift
[881/909] Compiling X509 SubjectPublicKeyInfo.swift
[882/909] Compiling X509 TBSCertificate.swift
[883/909] Compiling X509 Time.swift
[884/909] Compiling X509 TimeCalculations.swift
[885/909] Compiling X509 Validity.swift
[886/909] Compiling X509 X509SendableMetatype.swift
[890/909] Compiling X509 VersionPolicy.swift
[891/909] Compiling X509 ServerIdentityPolicy.swift
[892/909] Compiling X509 TrustRootLoading.swift
[893/909] Compiling X509 UnverifiedChain.swift
[894/909] Compiling X509 ValidatedCertificateChain.swift
[895/909] Compiling X509 VerificationDiagnostic.swift
[896/909] Compiling X509 Verifier.swift
[908/909] Emitting module NIOCore
[909/916] Emitting module X509
[910/1037] Compiling NIOFoundationEssentialsCompat Codable+ByteBuffer.swift
[911/1037] Emitting module NIOFoundationEssentialsCompat
[912/1037] Compiling NIOFoundationEssentialsCompat ByteBuffer-foundation.swift
[913/1037] Compiling NIOEmbedded AsyncTestingEventLoop.swift
[914/1037] Compiling NIOEmbedded AsyncTestingChannel.swift
[915/1037] Emitting module NIOEmbedded
[916/1037] Compiling NIOEmbedded Embedded.swift
[917/1037] Compiling JWTKit MLDSAError.swift
/Users/admin/builder/spi-builder-workspace/.build/checkouts/jwt-kit/Sources/JWTKit/MLDSA/MLDSAType.swift:13:11: error: cannot find type 'MLDSA65' in scope
11 | @_spi(PostQuantum)
12 | @available(iOS 26.0, macOS 26.0, watchOS 26.0, tvOS 26.0, *)
13 | extension MLDSA65: MLDSAType {
   |           `- error: cannot find type 'MLDSA65' in scope
14 |     public static var name: String { "ML-DSA-65" }
15 | }
/Users/admin/builder/spi-builder-workspace/.build/checkouts/jwt-kit/Sources/JWTKit/MLDSA/MLDSAType.swift:19:11: error: cannot find type 'MLDSA87' in scope
17 | @_spi(PostQuantum)
18 | @available(iOS 26.0, macOS 26.0, watchOS 26.0, tvOS 26.0, *)
19 | extension MLDSA87: MLDSAType {
   |           `- error: cannot find type 'MLDSA87' in scope
20 |     public static var name: String { "ML-DSA-87" }
21 | }
[918/1037] Compiling JWTKit MLDSAKey.swift
/Users/admin/builder/spi-builder-workspace/.build/checkouts/jwt-kit/Sources/JWTKit/MLDSA/MLDSAType.swift:13:11: error: cannot find type 'MLDSA65' in scope
11 | @_spi(PostQuantum)
12 | @available(iOS 26.0, macOS 26.0, watchOS 26.0, tvOS 26.0, *)
13 | extension MLDSA65: MLDSAType {
   |           `- error: cannot find type 'MLDSA65' in scope
14 |     public static var name: String { "ML-DSA-65" }
15 | }
/Users/admin/builder/spi-builder-workspace/.build/checkouts/jwt-kit/Sources/JWTKit/MLDSA/MLDSAType.swift:19:11: error: cannot find type 'MLDSA87' in scope
17 | @_spi(PostQuantum)
18 | @available(iOS 26.0, macOS 26.0, watchOS 26.0, tvOS 26.0, *)
19 | extension MLDSA87: MLDSAType {
   |           `- error: cannot find type 'MLDSA87' in scope
20 |     public static var name: String { "ML-DSA-87" }
21 | }
[919/1037] Compiling JWTKit MLDSASigner.swift
/Users/admin/builder/spi-builder-workspace/.build/checkouts/jwt-kit/Sources/JWTKit/MLDSA/MLDSAType.swift:13:11: error: cannot find type 'MLDSA65' in scope
11 | @_spi(PostQuantum)
12 | @available(iOS 26.0, macOS 26.0, watchOS 26.0, tvOS 26.0, *)
13 | extension MLDSA65: MLDSAType {
   |           `- error: cannot find type 'MLDSA65' in scope
14 |     public static var name: String { "ML-DSA-65" }
15 | }
/Users/admin/builder/spi-builder-workspace/.build/checkouts/jwt-kit/Sources/JWTKit/MLDSA/MLDSAType.swift:19:11: error: cannot find type 'MLDSA87' in scope
17 | @_spi(PostQuantum)
18 | @available(iOS 26.0, macOS 26.0, watchOS 26.0, tvOS 26.0, *)
19 | extension MLDSA87: MLDSAType {
   |           `- error: cannot find type 'MLDSA87' in scope
20 |     public static var name: String { "ML-DSA-87" }
21 | }
[920/1037] Compiling JWTKit MLDSAType.swift
/Users/admin/builder/spi-builder-workspace/.build/checkouts/jwt-kit/Sources/JWTKit/MLDSA/MLDSAType.swift:13:11: error: cannot find type 'MLDSA65' in scope
11 | @_spi(PostQuantum)
12 | @available(iOS 26.0, macOS 26.0, watchOS 26.0, tvOS 26.0, *)
13 | extension MLDSA65: MLDSAType {
   |           `- error: cannot find type 'MLDSA65' in scope
14 |     public static var name: String { "ML-DSA-65" }
15 | }
/Users/admin/builder/spi-builder-workspace/.build/checkouts/jwt-kit/Sources/JWTKit/MLDSA/MLDSAType.swift:19:11: error: cannot find type 'MLDSA87' in scope
17 | @_spi(PostQuantum)
18 | @available(iOS 26.0, macOS 26.0, watchOS 26.0, tvOS 26.0, *)
19 | extension MLDSA87: MLDSAType {
   |           `- error: cannot find type 'MLDSA87' in scope
20 |     public static var name: String { "ML-DSA-87" }
21 | }
[921/1037] Compiling JWTKit JWTKeyCollection+UnsecuredNone.swift
/Users/admin/builder/spi-builder-workspace/.build/checkouts/jwt-kit/Sources/JWTKit/MLDSA/MLDSAType.swift:13:11: error: cannot find type 'MLDSA65' in scope
11 | @_spi(PostQuantum)
12 | @available(iOS 26.0, macOS 26.0, watchOS 26.0, tvOS 26.0, *)
13 | extension MLDSA65: MLDSAType {
   |           `- error: cannot find type 'MLDSA65' in scope
14 |     public static var name: String { "ML-DSA-65" }
15 | }
/Users/admin/builder/spi-builder-workspace/.build/checkouts/jwt-kit/Sources/JWTKit/MLDSA/MLDSAType.swift:19:11: error: cannot find type 'MLDSA87' in scope
17 | @_spi(PostQuantum)
18 | @available(iOS 26.0, macOS 26.0, watchOS 26.0, tvOS 26.0, *)
19 | extension MLDSA87: MLDSAType {
   |           `- error: cannot find type 'MLDSA87' in scope
20 |     public static var name: String { "ML-DSA-87" }
21 | }
[922/1037] Compiling JWTKit UnsecuredNoneSigner.swift
/Users/admin/builder/spi-builder-workspace/.build/checkouts/jwt-kit/Sources/JWTKit/MLDSA/MLDSAType.swift:13:11: error: cannot find type 'MLDSA65' in scope
11 | @_spi(PostQuantum)
12 | @available(iOS 26.0, macOS 26.0, watchOS 26.0, tvOS 26.0, *)
13 | extension MLDSA65: MLDSAType {
   |           `- error: cannot find type 'MLDSA65' in scope
14 |     public static var name: String { "ML-DSA-65" }
15 | }
/Users/admin/builder/spi-builder-workspace/.build/checkouts/jwt-kit/Sources/JWTKit/MLDSA/MLDSAType.swift:19:11: error: cannot find type 'MLDSA87' in scope
17 | @_spi(PostQuantum)
18 | @available(iOS 26.0, macOS 26.0, watchOS 26.0, tvOS 26.0, *)
19 | extension MLDSA87: MLDSAType {
   |           `- error: cannot find type 'MLDSA87' in scope
20 |     public static var name: String { "ML-DSA-87" }
21 | }
[923/1037] Compiling JWTKit JWTKeyCollection+RSA.swift
/Users/admin/builder/spi-builder-workspace/.build/checkouts/jwt-kit/Sources/JWTKit/MLDSA/MLDSAType.swift:13:11: error: cannot find type 'MLDSA65' in scope
11 | @_spi(PostQuantum)
12 | @available(iOS 26.0, macOS 26.0, watchOS 26.0, tvOS 26.0, *)
13 | extension MLDSA65: MLDSAType {
   |           `- error: cannot find type 'MLDSA65' in scope
14 |     public static var name: String { "ML-DSA-65" }
15 | }
/Users/admin/builder/spi-builder-workspace/.build/checkouts/jwt-kit/Sources/JWTKit/MLDSA/MLDSAType.swift:19:11: error: cannot find type 'MLDSA87' in scope
17 | @_spi(PostQuantum)
18 | @available(iOS 26.0, macOS 26.0, watchOS 26.0, tvOS 26.0, *)
19 | extension MLDSA87: MLDSAType {
   |           `- error: cannot find type 'MLDSA87' in scope
20 |     public static var name: String { "ML-DSA-87" }
21 | }
[924/1044] Compiling JWTKit RSASigner.swift
[925/1044] Compiling JWTKit Base64URL.swift
[926/1044] Compiling JWTKit CryptoSigner.swift
[927/1044] Compiling JWTKit CustomizedJSONCoders.swift
[928/1044] Compiling JWTKit Utilities.swift
[929/1049] Compiling JWTKit P521+CurveType.swift
[930/1049] Compiling JWTKit EdDSA.swift
[931/1049] Compiling JWTKit EdDSACurve.swift
[932/1049] Compiling JWTKit EdDSAError.swift
[933/1049] Compiling JWTKit EdDSASigner.swift
[934/1049] Compiling JWTKit JWTKeyCollection+EdDSA.swift
[935/1049] Compiling JWTKit HMAC.swift
[936/1049] Compiling JWTKit HMACError.swift
[937/1049] Compiling JWTKit JWTMultiValueClaim.swift
[938/1049] Compiling JWTKit JWTUnixEpochClaim.swift
[939/1049] Compiling JWTKit LocaleClaim.swift
[940/1049] Compiling JWTKit NotBeforeClaim.swift
[941/1049] Compiling JWTKit SubjectClaim.swift
[942/1049] Compiling JWTKit TenantIDClaim.swift
[943/1049] Compiling JWTKit ECDSA.swift
[944/1049] Compiling JWTKit ECDSACurve.swift
[945/1049] Compiling JWTKit AudienceClaim.swift
[946/1049] Compiling JWTKit BoolClaim.swift
[947/1049] Compiling JWTKit ExpirationClaim.swift
[948/1049] Compiling JWTKit GoogleHostedDomainClaim.swift
[949/1049] Compiling JWTKit IDClaim.swift
[950/1049] Compiling JWTKit IssuedAtClaim.swift
[951/1049] Compiling JWTKit IssuerClaim.swift
[952/1049] Compiling JWTKit JWTClaim.swift
[953/1049] Compiling JWTKit MLDSA.swift
[954/1049] Compiling JWTKit MLDSA65+MLDSAKey.swift
[955/1049] Compiling JWTKit MLDSA87+MLDSAKey.swift
[956/1049] Compiling JWTKit RSA.swift
[957/1049] Compiling JWTKit RSAError.swift
[958/1049] Compiling JWTKit JWKS.swift
[959/1049] Compiling JWTKit JWKSigner.swift
[960/1049] Compiling JWTKit JWTPayload.swift
[961/1049] Compiling JWTKit JWTSerializer.swift
[962/1049] Compiling JWTKit JWTSigner.swift
[963/1049] Compiling JWTKit JWTKeyCollection+MLDSA.swift
error: emit-module command failed with exit code 1 (use -v to see invocation)
[964/1049] Compiling JWTKit ECDSACurveType.swift
[965/1049] Compiling JWTKit ECDSAError.swift
[966/1049] Compiling JWTKit ECDSAKeyTypes.swift
[967/1049] Compiling JWTKit ECDSASigner.swift
[968/1049] Compiling JWTKit ECDSASigningAlgorithm.swift
[969/1049] Compiling JWTKit JWTKeyCollection+ECDSA.swift
[970/1049] Compiling JWTKit P256+CurveType.swift
[971/1049] Compiling JWTKit P384+CurveType.swift
[979/1049] Compiling JWTKit HMACSigner.swift
[980/1049] Compiling JWTKit JWTKeyCollection+HMAC.swift
[981/1049] Compiling JWTKit Insecure.swift
[982/1049] Compiling JWTKit JWK.swift
[983/1049] Compiling JWTKit JWKIdentifier.swift
[986/1049] Compiling NIOPosix Utilities.swift
[987/1049] Compiling NIOPosix VsockAddress.swift
[988/1049] Compiling NIOPosix VsockChannelEvents.swift
[989/1049] Compiling NIOPosix Windows.swift
[990/1049] Compiling NIOPosix resource_bundle_accessor.swift
[991/1049] Compiling JWTKit JWTKeyCollection.swift
[992/1049] Compiling JWTKit JWTParser.swift
[993/1049] Emitting module JWTKit
/Users/admin/builder/spi-builder-workspace/.build/checkouts/jwt-kit/Sources/JWTKit/MLDSA/MLDSA65+MLDSAKey.swift:5:11: error: cannot find type 'MLDSA65' in scope
 3 | @_spi(PostQuantum)
 4 | @available(iOS 26.0, macOS 26.0, watchOS 26.0, tvOS 26.0, *)
 5 | extension MLDSA65.PublicKey: MLDSAPublicKey {
   |           `- error: cannot find type 'MLDSA65' in scope
 6 |     public typealias MLDSAType = MLDSA65
 7 | }
/Users/admin/builder/spi-builder-workspace/.build/checkouts/jwt-kit/Sources/JWTKit/MLDSA/MLDSA65+MLDSAKey.swift:11:11: error: cannot find type 'MLDSA65' in scope
 9 | @_spi(PostQuantum)
10 | @available(iOS 26.0, macOS 26.0, watchOS 26.0, tvOS 26.0, *)
11 | extension MLDSA65.PrivateKey: MLDSAPrivateKey {
   |           `- error: cannot find type 'MLDSA65' in scope
12 |     public typealias MLDSAType = MLDSA65
13 | }
/Users/admin/builder/spi-builder-workspace/.build/checkouts/jwt-kit/Sources/JWTKit/MLDSA/MLDSA65+MLDSAKey.swift:17:53: error: cannot find type 'MLDSA65' in scope
15 | @_spi(PostQuantum)
16 | @available(iOS 26.0, macOS 26.0, watchOS 26.0, tvOS 26.0, *)
17 | public typealias MLDSA65PublicKey = MLDSA.PublicKey<MLDSA65>
   |                                                     `- error: cannot find type 'MLDSA65' in scope
18 |
19 | @_spi(PostQuantum)
/Users/admin/builder/spi-builder-workspace/.build/checkouts/jwt-kit/Sources/JWTKit/MLDSA/MLDSA65+MLDSAKey.swift:21:55: error: cannot find type 'MLDSA65' in scope
19 | @_spi(PostQuantum)
20 | @available(iOS 26.0, macOS 26.0, watchOS 26.0, tvOS 26.0, *)
21 | public typealias MLDSA65PrivateKey = MLDSA.PrivateKey<MLDSA65>
   |                                                       `- error: cannot find type 'MLDSA65' in scope
22 |
/Users/admin/builder/spi-builder-workspace/.build/checkouts/jwt-kit/Sources/JWTKit/MLDSA/MLDSA87+MLDSAKey.swift:5:11: error: cannot find type 'MLDSA87' in scope
 3 | @_spi(PostQuantum)
 4 | @available(iOS 26.0, macOS 26.0, watchOS 26.0, tvOS 26.0, *)
 5 | extension MLDSA87.PublicKey: MLDSAPublicKey {
   |           `- error: cannot find type 'MLDSA87' in scope
 6 |     public typealias MLDSAType = MLDSA87
 7 | }
/Users/admin/builder/spi-builder-workspace/.build/checkouts/jwt-kit/Sources/JWTKit/MLDSA/MLDSA87+MLDSAKey.swift:11:11: error: cannot find type 'MLDSA87' in scope
 9 | @_spi(PostQuantum)
10 | @available(iOS 26.0, macOS 26.0, watchOS 26.0, tvOS 26.0, *)
11 | extension MLDSA87.PrivateKey: MLDSAPrivateKey {
   |           `- error: cannot find type 'MLDSA87' in scope
12 |     public typealias MLDSAType = MLDSA87
13 | }
/Users/admin/builder/spi-builder-workspace/.build/checkouts/jwt-kit/Sources/JWTKit/MLDSA/MLDSA87+MLDSAKey.swift:17:53: error: cannot find type 'MLDSA87' in scope
15 | @_spi(PostQuantum)
16 | @available(iOS 26.0, macOS 26.0, watchOS 26.0, tvOS 26.0, *)
17 | public typealias MLDSA87PublicKey = MLDSA.PublicKey<MLDSA87>
   |                                                     `- error: cannot find type 'MLDSA87' in scope
18 |
19 | @_spi(PostQuantum)
/Users/admin/builder/spi-builder-workspace/.build/checkouts/jwt-kit/Sources/JWTKit/MLDSA/MLDSA87+MLDSAKey.swift:21:55: error: cannot find type 'MLDSA87' in scope
19 | @_spi(PostQuantum)
20 | @available(iOS 26.0, macOS 26.0, watchOS 26.0, tvOS 26.0, *)
21 | public typealias MLDSA87PrivateKey = MLDSA.PrivateKey<MLDSA87>
   |                                                       `- error: cannot find type 'MLDSA87' in scope
22 |
/Users/admin/builder/spi-builder-workspace/.build/checkouts/jwt-kit/Sources/JWTKit/MLDSA/MLDSAType.swift:13:11: error: cannot find type 'MLDSA65' in scope
11 | @_spi(PostQuantum)
12 | @available(iOS 26.0, macOS 26.0, watchOS 26.0, tvOS 26.0, *)
13 | extension MLDSA65: MLDSAType {
   |           `- error: cannot find type 'MLDSA65' in scope
14 |     public static var name: String { "ML-DSA-65" }
15 | }
/Users/admin/builder/spi-builder-workspace/.build/checkouts/jwt-kit/Sources/JWTKit/MLDSA/MLDSAType.swift:19:11: error: cannot find type 'MLDSA87' in scope
17 | @_spi(PostQuantum)
18 | @available(iOS 26.0, macOS 26.0, watchOS 26.0, tvOS 26.0, *)
19 | extension MLDSA87: MLDSAType {
   |           `- error: cannot find type 'MLDSA87' in scope
20 |     public static var name: String { "ML-DSA-87" }
21 | }
/Users/admin/builder/spi-builder-workspace/.build/checkouts/jwt-kit/Sources/JWTKit/MLDSA/MLDSA65+MLDSAKey.swift:5:11: error: cannot find type 'MLDSA65' in scope
 3 | @_spi(PostQuantum)
 4 | @available(iOS 26.0, macOS 26.0, watchOS 26.0, tvOS 26.0, *)
 5 | extension MLDSA65.PublicKey: MLDSAPublicKey {
   |           `- error: cannot find type 'MLDSA65' in scope
 6 |     public typealias MLDSAType = MLDSA65
 7 | }
/Users/admin/builder/spi-builder-workspace/.build/checkouts/jwt-kit/Sources/JWTKit/MLDSA/MLDSA65+MLDSAKey.swift:11:11: error: cannot find type 'MLDSA65' in scope
 9 | @_spi(PostQuantum)
10 | @available(iOS 26.0, macOS 26.0, watchOS 26.0, tvOS 26.0, *)
11 | extension MLDSA65.PrivateKey: MLDSAPrivateKey {
   |           `- error: cannot find type 'MLDSA65' in scope
12 |     public typealias MLDSAType = MLDSA65
13 | }
/Users/admin/builder/spi-builder-workspace/.build/checkouts/jwt-kit/Sources/JWTKit/MLDSA/MLDSA65+MLDSAKey.swift:17:53: error: cannot find type 'MLDSA65' in scope
15 | @_spi(PostQuantum)
16 | @available(iOS 26.0, macOS 26.0, watchOS 26.0, tvOS 26.0, *)
17 | public typealias MLDSA65PublicKey = MLDSA.PublicKey<MLDSA65>
   |                                                     `- error: cannot find type 'MLDSA65' in scope
18 |
19 | @_spi(PostQuantum)
/Users/admin/builder/spi-builder-workspace/.build/checkouts/jwt-kit/Sources/JWTKit/MLDSA/MLDSA65+MLDSAKey.swift:21:55: error: cannot find type 'MLDSA65' in scope
19 | @_spi(PostQuantum)
20 | @available(iOS 26.0, macOS 26.0, watchOS 26.0, tvOS 26.0, *)
21 | public typealias MLDSA65PrivateKey = MLDSA.PrivateKey<MLDSA65>
   |                                                       `- error: cannot find type 'MLDSA65' in scope
22 |
/Users/admin/builder/spi-builder-workspace/.build/checkouts/jwt-kit/Sources/JWTKit/MLDSA/MLDSA87+MLDSAKey.swift:5:11: error: cannot find type 'MLDSA87' in scope
 3 | @_spi(PostQuantum)
 4 | @available(iOS 26.0, macOS 26.0, watchOS 26.0, tvOS 26.0, *)
 5 | extension MLDSA87.PublicKey: MLDSAPublicKey {
   |           `- error: cannot find type 'MLDSA87' in scope
 6 |     public typealias MLDSAType = MLDSA87
 7 | }
/Users/admin/builder/spi-builder-workspace/.build/checkouts/jwt-kit/Sources/JWTKit/MLDSA/MLDSA87+MLDSAKey.swift:11:11: error: cannot find type 'MLDSA87' in scope
 9 | @_spi(PostQuantum)
10 | @available(iOS 26.0, macOS 26.0, watchOS 26.0, tvOS 26.0, *)
11 | extension MLDSA87.PrivateKey: MLDSAPrivateKey {
   |           `- error: cannot find type 'MLDSA87' in scope
12 |     public typealias MLDSAType = MLDSA87
13 | }
/Users/admin/builder/spi-builder-workspace/.build/checkouts/jwt-kit/Sources/JWTKit/MLDSA/MLDSA87+MLDSAKey.swift:17:53: error: cannot find type 'MLDSA87' in scope
15 | @_spi(PostQuantum)
16 | @available(iOS 26.0, macOS 26.0, watchOS 26.0, tvOS 26.0, *)
17 | public typealias MLDSA87PublicKey = MLDSA.PublicKey<MLDSA87>
   |                                                     `- error: cannot find type 'MLDSA87' in scope
18 |
19 | @_spi(PostQuantum)
/Users/admin/builder/spi-builder-workspace/.build/checkouts/jwt-kit/Sources/JWTKit/MLDSA/MLDSA87+MLDSAKey.swift:21:55: error: cannot find type 'MLDSA87' in scope
19 | @_spi(PostQuantum)
20 | @available(iOS 26.0, macOS 26.0, watchOS 26.0, tvOS 26.0, *)
21 | public typealias MLDSA87PrivateKey = MLDSA.PrivateKey<MLDSA87>
   |                                                       `- error: cannot find type 'MLDSA87' in scope
22 |
/Users/admin/builder/spi-builder-workspace/.build/checkouts/jwt-kit/Sources/JWTKit/MLDSA/MLDSA65+MLDSAKey.swift:6:34: error: cannot find type 'MLDSA65' in scope
 4 | @available(iOS 26.0, macOS 26.0, watchOS 26.0, tvOS 26.0, *)
 5 | extension MLDSA65.PublicKey: MLDSAPublicKey {
 6 |     public typealias MLDSAType = MLDSA65
   |                                  `- error: cannot find type 'MLDSA65' in scope
 7 | }
 8 |
/Users/admin/builder/spi-builder-workspace/.build/checkouts/jwt-kit/Sources/JWTKit/MLDSA/MLDSA65+MLDSAKey.swift:12:34: error: cannot find type 'MLDSA65' in scope
10 | @available(iOS 26.0, macOS 26.0, watchOS 26.0, tvOS 26.0, *)
11 | extension MLDSA65.PrivateKey: MLDSAPrivateKey {
12 |     public typealias MLDSAType = MLDSA65
   |                                  `- error: cannot find type 'MLDSA65' in scope
13 | }
14 |
/Users/admin/builder/spi-builder-workspace/.build/checkouts/jwt-kit/Sources/JWTKit/MLDSA/MLDSA87+MLDSAKey.swift:6:34: error: cannot find type 'MLDSA87' in scope
 4 | @available(iOS 26.0, macOS 26.0, watchOS 26.0, tvOS 26.0, *)
 5 | extension MLDSA87.PublicKey: MLDSAPublicKey {
 6 |     public typealias MLDSAType = MLDSA87
   |                                  `- error: cannot find type 'MLDSA87' in scope
 7 | }
 8 |
/Users/admin/builder/spi-builder-workspace/.build/checkouts/jwt-kit/Sources/JWTKit/MLDSA/MLDSA87+MLDSAKey.swift:12:34: error: cannot find type 'MLDSA87' in scope
10 | @available(iOS 26.0, macOS 26.0, watchOS 26.0, tvOS 26.0, *)
11 | extension MLDSA87.PrivateKey: MLDSAPrivateKey {
12 |     public typealias MLDSAType = MLDSA87
   |                                  `- error: cannot find type 'MLDSA87' in scope
13 | }
14 |
/Users/admin/builder/spi-builder-workspace/.build/checkouts/jwt-kit/Sources/JWTKit/MLDSA/MLDSA65+MLDSAKey.swift:5:11: error: cannot find type 'MLDSA65' in scope
 3 | @_spi(PostQuantum)
 4 | @available(iOS 26.0, macOS 26.0, watchOS 26.0, tvOS 26.0, *)
 5 | extension MLDSA65.PublicKey: MLDSAPublicKey {
   |           `- error: cannot find type 'MLDSA65' in scope
 6 |     public typealias MLDSAType = MLDSA65
 7 | }
/Users/admin/builder/spi-builder-workspace/.build/checkouts/jwt-kit/Sources/JWTKit/MLDSA/MLDSA65+MLDSAKey.swift:11:11: error: cannot find type 'MLDSA65' in scope
 9 | @_spi(PostQuantum)
10 | @available(iOS 26.0, macOS 26.0, watchOS 26.0, tvOS 26.0, *)
11 | extension MLDSA65.PrivateKey: MLDSAPrivateKey {
   |           `- error: cannot find type 'MLDSA65' in scope
12 |     public typealias MLDSAType = MLDSA65
13 | }
/Users/admin/builder/spi-builder-workspace/.build/checkouts/jwt-kit/Sources/JWTKit/MLDSA/MLDSA65+MLDSAKey.swift:17:53: error: cannot find type 'MLDSA65' in scope
15 | @_spi(PostQuantum)
16 | @available(iOS 26.0, macOS 26.0, watchOS 26.0, tvOS 26.0, *)
17 | public typealias MLDSA65PublicKey = MLDSA.PublicKey<MLDSA65>
   |                                                     `- error: cannot find type 'MLDSA65' in scope
18 |
19 | @_spi(PostQuantum)
/Users/admin/builder/spi-builder-workspace/.build/checkouts/jwt-kit/Sources/JWTKit/MLDSA/MLDSA65+MLDSAKey.swift:21:55: error: cannot find type 'MLDSA65' in scope
19 | @_spi(PostQuantum)
20 | @available(iOS 26.0, macOS 26.0, watchOS 26.0, tvOS 26.0, *)
21 | public typealias MLDSA65PrivateKey = MLDSA.PrivateKey<MLDSA65>
   |                                                       `- error: cannot find type 'MLDSA65' in scope
22 |
/Users/admin/builder/spi-builder-workspace/.build/checkouts/jwt-kit/Sources/JWTKit/MLDSA/MLDSA87+MLDSAKey.swift:5:11: error: cannot find type 'MLDSA87' in scope
 3 | @_spi(PostQuantum)
 4 | @available(iOS 26.0, macOS 26.0, watchOS 26.0, tvOS 26.0, *)
 5 | extension MLDSA87.PublicKey: MLDSAPublicKey {
   |           `- error: cannot find type 'MLDSA87' in scope
 6 |     public typealias MLDSAType = MLDSA87
 7 | }
/Users/admin/builder/spi-builder-workspace/.build/checkouts/jwt-kit/Sources/JWTKit/MLDSA/MLDSA87+MLDSAKey.swift:11:11: error: cannot find type 'MLDSA87' in scope
 9 | @_spi(PostQuantum)
10 | @available(iOS 26.0, macOS 26.0, watchOS 26.0, tvOS 26.0, *)
11 | extension MLDSA87.PrivateKey: MLDSAPrivateKey {
   |           `- error: cannot find type 'MLDSA87' in scope
12 |     public typealias MLDSAType = MLDSA87
13 | }
/Users/admin/builder/spi-builder-workspace/.build/checkouts/jwt-kit/Sources/JWTKit/MLDSA/MLDSA87+MLDSAKey.swift:17:53: error: cannot find type 'MLDSA87' in scope
15 | @_spi(PostQuantum)
16 | @available(iOS 26.0, macOS 26.0, watchOS 26.0, tvOS 26.0, *)
17 | public typealias MLDSA87PublicKey = MLDSA.PublicKey<MLDSA87>
   |                                                     `- error: cannot find type 'MLDSA87' in scope
18 |
19 | @_spi(PostQuantum)
/Users/admin/builder/spi-builder-workspace/.build/checkouts/jwt-kit/Sources/JWTKit/MLDSA/MLDSA87+MLDSAKey.swift:21:55: error: cannot find type 'MLDSA87' in scope
19 | @_spi(PostQuantum)
20 | @available(iOS 26.0, macOS 26.0, watchOS 26.0, tvOS 26.0, *)
21 | public typealias MLDSA87PrivateKey = MLDSA.PrivateKey<MLDSA87>
   |                                                       `- error: cannot find type 'MLDSA87' in scope
22 |
/Users/admin/builder/spi-builder-workspace/.build/checkouts/jwt-kit/Sources/JWTKit/MLDSA/MLDSA65+MLDSAKey.swift:6:34: error: cannot find type 'MLDSA65' in scope
 4 | @available(iOS 26.0, macOS 26.0, watchOS 26.0, tvOS 26.0, *)
 5 | extension MLDSA65.PublicKey: MLDSAPublicKey {
 6 |     public typealias MLDSAType = MLDSA65
   |                                  `- error: cannot find type 'MLDSA65' in scope
 7 | }
 8 |
/Users/admin/builder/spi-builder-workspace/.build/checkouts/jwt-kit/Sources/JWTKit/MLDSA/MLDSA65+MLDSAKey.swift:12:34: error: cannot find type 'MLDSA65' in scope
10 | @available(iOS 26.0, macOS 26.0, watchOS 26.0, tvOS 26.0, *)
11 | extension MLDSA65.PrivateKey: MLDSAPrivateKey {
12 |     public typealias MLDSAType = MLDSA65
   |                                  `- error: cannot find type 'MLDSA65' in scope
13 | }
14 |
/Users/admin/builder/spi-builder-workspace/.build/checkouts/jwt-kit/Sources/JWTKit/MLDSA/MLDSA87+MLDSAKey.swift:6:34: error: cannot find type 'MLDSA87' in scope
 4 | @available(iOS 26.0, macOS 26.0, watchOS 26.0, tvOS 26.0, *)
 5 | extension MLDSA87.PublicKey: MLDSAPublicKey {
 6 |     public typealias MLDSAType = MLDSA87
   |                                  `- error: cannot find type 'MLDSA87' in scope
 7 | }
 8 |
/Users/admin/builder/spi-builder-workspace/.build/checkouts/jwt-kit/Sources/JWTKit/MLDSA/MLDSA87+MLDSAKey.swift:12:34: error: cannot find type 'MLDSA87' in scope
10 | @available(iOS 26.0, macOS 26.0, watchOS 26.0, tvOS 26.0, *)
11 | extension MLDSA87.PrivateKey: MLDSAPrivateKey {
12 |     public typealias MLDSAType = MLDSA87
   |                                  `- error: cannot find type 'MLDSA87' in scope
13 | }
14 |
/Users/admin/builder/spi-builder-workspace/.build/checkouts/jwt-kit/Sources/JWTKit/MLDSA/MLDSA65+MLDSAKey.swift:5:11: error: cannot find type 'MLDSA65' in scope
 3 | @_spi(PostQuantum)
 4 | @available(iOS 26.0, macOS 26.0, watchOS 26.0, tvOS 26.0, *)
 5 | extension MLDSA65.PublicKey: MLDSAPublicKey {
   |           `- error: cannot find type 'MLDSA65' in scope
 6 |     public typealias MLDSAType = MLDSA65
 7 | }
/Users/admin/builder/spi-builder-workspace/.build/checkouts/jwt-kit/Sources/JWTKit/MLDSA/MLDSA65+MLDSAKey.swift:11:11: error: cannot find type 'MLDSA65' in scope
 9 | @_spi(PostQuantum)
10 | @available(iOS 26.0, macOS 26.0, watchOS 26.0, tvOS 26.0, *)
11 | extension MLDSA65.PrivateKey: MLDSAPrivateKey {
   |           `- error: cannot find type 'MLDSA65' in scope
12 |     public typealias MLDSAType = MLDSA65
13 | }
/Users/admin/builder/spi-builder-workspace/.build/checkouts/jwt-kit/Sources/JWTKit/MLDSA/MLDSA65+MLDSAKey.swift:17:53: error: cannot find type 'MLDSA65' in scope
15 | @_spi(PostQuantum)
16 | @available(iOS 26.0, macOS 26.0, watchOS 26.0, tvOS 26.0, *)
17 | public typealias MLDSA65PublicKey = MLDSA.PublicKey<MLDSA65>
   |                                                     `- error: cannot find type 'MLDSA65' in scope
18 |
19 | @_spi(PostQuantum)
/Users/admin/builder/spi-builder-workspace/.build/checkouts/jwt-kit/Sources/JWTKit/MLDSA/MLDSA65+MLDSAKey.swift:21:55: error: cannot find type 'MLDSA65' in scope
19 | @_spi(PostQuantum)
20 | @available(iOS 26.0, macOS 26.0, watchOS 26.0, tvOS 26.0, *)
21 | public typealias MLDSA65PrivateKey = MLDSA.PrivateKey<MLDSA65>
   |                                                       `- error: cannot find type 'MLDSA65' in scope
22 |
/Users/admin/builder/spi-builder-workspace/.build/checkouts/jwt-kit/Sources/JWTKit/MLDSA/MLDSA87+MLDSAKey.swift:5:11: error: cannot find type 'MLDSA87' in scope
 3 | @_spi(PostQuantum)
 4 | @available(iOS 26.0, macOS 26.0, watchOS 26.0, tvOS 26.0, *)
 5 | extension MLDSA87.PublicKey: MLDSAPublicKey {
   |           `- error: cannot find type 'MLDSA87' in scope
 6 |     public typealias MLDSAType = MLDSA87
 7 | }
/Users/admin/builder/spi-builder-workspace/.build/checkouts/jwt-kit/Sources/JWTKit/MLDSA/MLDSA87+MLDSAKey.swift:11:11: error: cannot find type 'MLDSA87' in scope
 9 | @_spi(PostQuantum)
10 | @available(iOS 26.0, macOS 26.0, watchOS 26.0, tvOS 26.0, *)
11 | extension MLDSA87.PrivateKey: MLDSAPrivateKey {
   |           `- error: cannot find type 'MLDSA87' in scope
12 |     public typealias MLDSAType = MLDSA87
13 | }
/Users/admin/builder/spi-builder-workspace/.build/checkouts/jwt-kit/Sources/JWTKit/MLDSA/MLDSA87+MLDSAKey.swift:17:53: error: cannot find type 'MLDSA87' in scope
15 | @_spi(PostQuantum)
16 | @available(iOS 26.0, macOS 26.0, watchOS 26.0, tvOS 26.0, *)
17 | public typealias MLDSA87PublicKey = MLDSA.PublicKey<MLDSA87>
   |                                                     `- error: cannot find type 'MLDSA87' in scope
18 |
19 | @_spi(PostQuantum)
/Users/admin/builder/spi-builder-workspace/.build/checkouts/jwt-kit/Sources/JWTKit/MLDSA/MLDSA87+MLDSAKey.swift:21:55: error: cannot find type 'MLDSA87' in scope
19 | @_spi(PostQuantum)
20 | @available(iOS 26.0, macOS 26.0, watchOS 26.0, tvOS 26.0, *)
21 | public typealias MLDSA87PrivateKey = MLDSA.PrivateKey<MLDSA87>
   |                                                       `- error: cannot find type 'MLDSA87' in scope
22 |
/Users/admin/builder/spi-builder-workspace/.build/checkouts/jwt-kit/Sources/JWTKit/MLDSA/MLDSA65+MLDSAKey.swift:6:34: error: cannot find type 'MLDSA65' in scope
 4 | @available(iOS 26.0, macOS 26.0, watchOS 26.0, tvOS 26.0, *)
 5 | extension MLDSA65.PublicKey: MLDSAPublicKey {
 6 |     public typealias MLDSAType = MLDSA65
   |                                  `- error: cannot find type 'MLDSA65' in scope
 7 | }
 8 |
/Users/admin/builder/spi-builder-workspace/.build/checkouts/jwt-kit/Sources/JWTKit/MLDSA/MLDSA65+MLDSAKey.swift:12:34: error: cannot find type 'MLDSA65' in scope
10 | @available(iOS 26.0, macOS 26.0, watchOS 26.0, tvOS 26.0, *)
11 | extension MLDSA65.PrivateKey: MLDSAPrivateKey {
12 |     public typealias MLDSAType = MLDSA65
   |                                  `- error: cannot find type 'MLDSA65' in scope
13 | }
14 |
/Users/admin/builder/spi-builder-workspace/.build/checkouts/jwt-kit/Sources/JWTKit/MLDSA/MLDSA87+MLDSAKey.swift:6:34: error: cannot find type 'MLDSA87' in scope
 4 | @available(iOS 26.0, macOS 26.0, watchOS 26.0, tvOS 26.0, *)
 5 | extension MLDSA87.PublicKey: MLDSAPublicKey {
 6 |     public typealias MLDSAType = MLDSA87
   |                                  `- error: cannot find type 'MLDSA87' in scope
 7 | }
 8 |
/Users/admin/builder/spi-builder-workspace/.build/checkouts/jwt-kit/Sources/JWTKit/MLDSA/MLDSA87+MLDSAKey.swift:12:34: error: cannot find type 'MLDSA87' in scope
10 | @available(iOS 26.0, macOS 26.0, watchOS 26.0, tvOS 26.0, *)
11 | extension MLDSA87.PrivateKey: MLDSAPrivateKey {
12 |     public typealias MLDSAType = MLDSA87
   |                                  `- error: cannot find type 'MLDSA87' in scope
13 | }
14 |
/Users/admin/builder/spi-builder-workspace/.build/checkouts/jwt-kit/Sources/JWTKit/MLDSA/MLDSA65+MLDSAKey.swift:5:11: error: cannot find type 'MLDSA65' in scope
 3 | @_spi(PostQuantum)
 4 | @available(iOS 26.0, macOS 26.0, watchOS 26.0, tvOS 26.0, *)
 5 | extension MLDSA65.PublicKey: MLDSAPublicKey {
   |           `- error: cannot find type 'MLDSA65' in scope
 6 |     public typealias MLDSAType = MLDSA65
 7 | }
/Users/admin/builder/spi-builder-workspace/.build/checkouts/jwt-kit/Sources/JWTKit/MLDSA/MLDSA65+MLDSAKey.swift:11:11: error: cannot find type 'MLDSA65' in scope
 9 | @_spi(PostQuantum)
10 | @available(iOS 26.0, macOS 26.0, watchOS 26.0, tvOS 26.0, *)
11 | extension MLDSA65.PrivateKey: MLDSAPrivateKey {
   |           `- error: cannot find type 'MLDSA65' in scope
12 |     public typealias MLDSAType = MLDSA65
13 | }
/Users/admin/builder/spi-builder-workspace/.build/checkouts/jwt-kit/Sources/JWTKit/MLDSA/MLDSA65+MLDSAKey.swift:17:53: error: cannot find type 'MLDSA65' in scope
15 | @_spi(PostQuantum)
16 | @available(iOS 26.0, macOS 26.0, watchOS 26.0, tvOS 26.0, *)
17 | public typealias MLDSA65PublicKey = MLDSA.PublicKey<MLDSA65>
   |                                                     `- error: cannot find type 'MLDSA65' in scope
18 |
19 | @_spi(PostQuantum)
/Users/admin/builder/spi-builder-workspace/.build/checkouts/jwt-kit/Sources/JWTKit/MLDSA/MLDSA65+MLDSAKey.swift:21:55: error: cannot find type 'MLDSA65' in scope
19 | @_spi(PostQuantum)
20 | @available(iOS 26.0, macOS 26.0, watchOS 26.0, tvOS 26.0, *)
21 | public typealias MLDSA65PrivateKey = MLDSA.PrivateKey<MLDSA65>
   |                                                       `- error: cannot find type 'MLDSA65' in scope
22 |
/Users/admin/builder/spi-builder-workspace/.build/checkouts/jwt-kit/Sources/JWTKit/MLDSA/MLDSA87+MLDSAKey.swift:5:11: error: cannot find type 'MLDSA87' in scope
 3 | @_spi(PostQuantum)
 4 | @available(iOS 26.0, macOS 26.0, watchOS 26.0, tvOS 26.0, *)
 5 | extension MLDSA87.PublicKey: MLDSAPublicKey {
   |           `- error: cannot find type 'MLDSA87' in scope
 6 |     public typealias MLDSAType = MLDSA87
 7 | }
/Users/admin/builder/spi-builder-workspace/.build/checkouts/jwt-kit/Sources/JWTKit/MLDSA/MLDSA87+MLDSAKey.swift:11:11: error: cannot find type 'MLDSA87' in scope
 9 | @_spi(PostQuantum)
10 | @available(iOS 26.0, macOS 26.0, watchOS 26.0, tvOS 26.0, *)
11 | extension MLDSA87.PrivateKey: MLDSAPrivateKey {
   |           `- error: cannot find type 'MLDSA87' in scope
12 |     public typealias MLDSAType = MLDSA87
13 | }
/Users/admin/builder/spi-builder-workspace/.build/checkouts/jwt-kit/Sources/JWTKit/MLDSA/MLDSA87+MLDSAKey.swift:17:53: error: cannot find type 'MLDSA87' in scope
15 | @_spi(PostQuantum)
16 | @available(iOS 26.0, macOS 26.0, watchOS 26.0, tvOS 26.0, *)
17 | public typealias MLDSA87PublicKey = MLDSA.PublicKey<MLDSA87>
   |                                                     `- error: cannot find type 'MLDSA87' in scope
18 |
19 | @_spi(PostQuantum)
/Users/admin/builder/spi-builder-workspace/.build/checkouts/jwt-kit/Sources/JWTKit/MLDSA/MLDSA87+MLDSAKey.swift:21:55: error: cannot find type 'MLDSA87' in scope
19 | @_spi(PostQuantum)
20 | @available(iOS 26.0, macOS 26.0, watchOS 26.0, tvOS 26.0, *)
21 | public typealias MLDSA87PrivateKey = MLDSA.PrivateKey<MLDSA87>
   |                                                       `- error: cannot find type 'MLDSA87' in scope
22 |
/Users/admin/builder/spi-builder-workspace/.build/checkouts/jwt-kit/Sources/JWTKit/MLDSA/MLDSA65+MLDSAKey.swift:6:34: error: cannot find type 'MLDSA65' in scope
 4 | @available(iOS 26.0, macOS 26.0, watchOS 26.0, tvOS 26.0, *)
 5 | extension MLDSA65.PublicKey: MLDSAPublicKey {
 6 |     public typealias MLDSAType = MLDSA65
   |                                  `- error: cannot find type 'MLDSA65' in scope
 7 | }
 8 |
/Users/admin/builder/spi-builder-workspace/.build/checkouts/jwt-kit/Sources/JWTKit/MLDSA/MLDSA65+MLDSAKey.swift:12:34: error: cannot find type 'MLDSA65' in scope
10 | @available(iOS 26.0, macOS 26.0, watchOS 26.0, tvOS 26.0, *)
11 | extension MLDSA65.PrivateKey: MLDSAPrivateKey {
12 |     public typealias MLDSAType = MLDSA65
   |                                  `- error: cannot find type 'MLDSA65' in scope
13 | }
14 |
/Users/admin/builder/spi-builder-workspace/.build/checkouts/jwt-kit/Sources/JWTKit/MLDSA/MLDSA87+MLDSAKey.swift:6:34: error: cannot find type 'MLDSA87' in scope
 4 | @available(iOS 26.0, macOS 26.0, watchOS 26.0, tvOS 26.0, *)
 5 | extension MLDSA87.PublicKey: MLDSAPublicKey {
 6 |     public typealias MLDSAType = MLDSA87
   |                                  `- error: cannot find type 'MLDSA87' in scope
 7 | }
 8 |
/Users/admin/builder/spi-builder-workspace/.build/checkouts/jwt-kit/Sources/JWTKit/MLDSA/MLDSA87+MLDSAKey.swift:12:34: error: cannot find type 'MLDSA87' in scope
10 | @available(iOS 26.0, macOS 26.0, watchOS 26.0, tvOS 26.0, *)
11 | extension MLDSA87.PrivateKey: MLDSAPrivateKey {
12 |     public typealias MLDSAType = MLDSA87
   |                                  `- error: cannot find type 'MLDSA87' in scope
13 | }
14 |
/Users/admin/builder/spi-builder-workspace/.build/checkouts/jwt-kit/Sources/JWTKit/MLDSA/MLDSA65+MLDSAKey.swift:5:11: error: cannot find type 'MLDSA65' in scope
 3 | @_spi(PostQuantum)
 4 | @available(iOS 26.0, macOS 26.0, watchOS 26.0, tvOS 26.0, *)
 5 | extension MLDSA65.PublicKey: MLDSAPublicKey {
   |           `- error: cannot find type 'MLDSA65' in scope
 6 |     public typealias MLDSAType = MLDSA65
 7 | }
/Users/admin/builder/spi-builder-workspace/.build/checkouts/jwt-kit/Sources/JWTKit/MLDSA/MLDSA65+MLDSAKey.swift:11:11: error: cannot find type 'MLDSA65' in scope
 9 | @_spi(PostQuantum)
10 | @available(iOS 26.0, macOS 26.0, watchOS 26.0, tvOS 26.0, *)
11 | extension MLDSA65.PrivateKey: MLDSAPrivateKey {
   |           `- error: cannot find type 'MLDSA65' in scope
12 |     public typealias MLDSAType = MLDSA65
13 | }
/Users/admin/builder/spi-builder-workspace/.build/checkouts/jwt-kit/Sources/JWTKit/MLDSA/MLDSA65+MLDSAKey.swift:17:53: error: cannot find type 'MLDSA65' in scope
15 | @_spi(PostQuantum)
16 | @available(iOS 26.0, macOS 26.0, watchOS 26.0, tvOS 26.0, *)
17 | public typealias MLDSA65PublicKey = MLDSA.PublicKey<MLDSA65>
   |                                                     `- error: cannot find type 'MLDSA65' in scope
18 |
19 | @_spi(PostQuantum)
/Users/admin/builder/spi-builder-workspace/.build/checkouts/jwt-kit/Sources/JWTKit/MLDSA/MLDSA65+MLDSAKey.swift:21:55: error: cannot find type 'MLDSA65' in scope
19 | @_spi(PostQuantum)
20 | @available(iOS 26.0, macOS 26.0, watchOS 26.0, tvOS 26.0, *)
21 | public typealias MLDSA65PrivateKey = MLDSA.PrivateKey<MLDSA65>
   |                                                       `- error: cannot find type 'MLDSA65' in scope
22 |
/Users/admin/builder/spi-builder-workspace/.build/checkouts/jwt-kit/Sources/JWTKit/MLDSA/MLDSA87+MLDSAKey.swift:5:11: error: cannot find type 'MLDSA87' in scope
 3 | @_spi(PostQuantum)
 4 | @available(iOS 26.0, macOS 26.0, watchOS 26.0, tvOS 26.0, *)
 5 | extension MLDSA87.PublicKey: MLDSAPublicKey {
   |           `- error: cannot find type 'MLDSA87' in scope
 6 |     public typealias MLDSAType = MLDSA87
 7 | }
/Users/admin/builder/spi-builder-workspace/.build/checkouts/jwt-kit/Sources/JWTKit/MLDSA/MLDSA87+MLDSAKey.swift:11:11: error: cannot find type 'MLDSA87' in scope
 9 | @_spi(PostQuantum)
10 | @available(iOS 26.0, macOS 26.0, watchOS 26.0, tvOS 26.0, *)
11 | extension MLDSA87.PrivateKey: MLDSAPrivateKey {
   |           `- error: cannot find type 'MLDSA87' in scope
12 |     public typealias MLDSAType = MLDSA87
13 | }
/Users/admin/builder/spi-builder-workspace/.build/checkouts/jwt-kit/Sources/JWTKit/MLDSA/MLDSA87+MLDSAKey.swift:17:53: error: cannot find type 'MLDSA87' in scope
15 | @_spi(PostQuantum)
16 | @available(iOS 26.0, macOS 26.0, watchOS 26.0, tvOS 26.0, *)
17 | public typealias MLDSA87PublicKey = MLDSA.PublicKey<MLDSA87>
   |                                                     `- error: cannot find type 'MLDSA87' in scope
18 |
19 | @_spi(PostQuantum)
/Users/admin/builder/spi-builder-workspace/.build/checkouts/jwt-kit/Sources/JWTKit/MLDSA/MLDSA87+MLDSAKey.swift:21:55: error: cannot find type 'MLDSA87' in scope
19 | @_spi(PostQuantum)
20 | @available(iOS 26.0, macOS 26.0, watchOS 26.0, tvOS 26.0, *)
21 | public typealias MLDSA87PrivateKey = MLDSA.PrivateKey<MLDSA87>
   |                                                       `- error: cannot find type 'MLDSA87' in scope
22 |
/Users/admin/builder/spi-builder-workspace/.build/checkouts/jwt-kit/Sources/JWTKit/MLDSA/MLDSA65+MLDSAKey.swift:6:34: error: cannot find type 'MLDSA65' in scope
 4 | @available(iOS 26.0, macOS 26.0, watchOS 26.0, tvOS 26.0, *)
 5 | extension MLDSA65.PublicKey: MLDSAPublicKey {
 6 |     public typealias MLDSAType = MLDSA65
   |                                  `- error: cannot find type 'MLDSA65' in scope
 7 | }
 8 |
/Users/admin/builder/spi-builder-workspace/.build/checkouts/jwt-kit/Sources/JWTKit/MLDSA/MLDSA65+MLDSAKey.swift:12:34: error: cannot find type 'MLDSA65' in scope
10 | @available(iOS 26.0, macOS 26.0, watchOS 26.0, tvOS 26.0, *)
11 | extension MLDSA65.PrivateKey: MLDSAPrivateKey {
12 |     public typealias MLDSAType = MLDSA65
   |                                  `- error: cannot find type 'MLDSA65' in scope
13 | }
14 |
/Users/admin/builder/spi-builder-workspace/.build/checkouts/jwt-kit/Sources/JWTKit/MLDSA/MLDSA87+MLDSAKey.swift:6:34: error: cannot find type 'MLDSA87' in scope
 4 | @available(iOS 26.0, macOS 26.0, watchOS 26.0, tvOS 26.0, *)
 5 | extension MLDSA87.PublicKey: MLDSAPublicKey {
 6 |     public typealias MLDSAType = MLDSA87
   |                                  `- error: cannot find type 'MLDSA87' in scope
 7 | }
 8 |
/Users/admin/builder/spi-builder-workspace/.build/checkouts/jwt-kit/Sources/JWTKit/MLDSA/MLDSA87+MLDSAKey.swift:12:34: error: cannot find type 'MLDSA87' in scope
10 | @available(iOS 26.0, macOS 26.0, watchOS 26.0, tvOS 26.0, *)
11 | extension MLDSA87.PrivateKey: MLDSAPrivateKey {
12 |     public typealias MLDSAType = MLDSA87
   |                                  `- error: cannot find type 'MLDSA87' in scope
13 | }
14 |
/Users/admin/builder/spi-builder-workspace/.build/checkouts/jwt-kit/Sources/JWTKit/MLDSA/MLDSA65+MLDSAKey.swift:5:11: error: cannot find type 'MLDSA65' in scope
 3 | @_spi(PostQuantum)
 4 | @available(iOS 26.0, macOS 26.0, watchOS 26.0, tvOS 26.0, *)
 5 | extension MLDSA65.PublicKey: MLDSAPublicKey {
   |           `- error: cannot find type 'MLDSA65' in scope
 6 |     public typealias MLDSAType = MLDSA65
 7 | }
/Users/admin/builder/spi-builder-workspace/.build/checkouts/jwt-kit/Sources/JWTKit/MLDSA/MLDSA65+MLDSAKey.swift:11:11: error: cannot find type 'MLDSA65' in scope
 9 | @_spi(PostQuantum)
10 | @available(iOS 26.0, macOS 26.0, watchOS 26.0, tvOS 26.0, *)
11 | extension MLDSA65.PrivateKey: MLDSAPrivateKey {
   |           `- error: cannot find type 'MLDSA65' in scope
12 |     public typealias MLDSAType = MLDSA65
13 | }
/Users/admin/builder/spi-builder-workspace/.build/checkouts/jwt-kit/Sources/JWTKit/MLDSA/MLDSA65+MLDSAKey.swift:17:53: error: cannot find type 'MLDSA65' in scope
15 | @_spi(PostQuantum)
16 | @available(iOS 26.0, macOS 26.0, watchOS 26.0, tvOS 26.0, *)
17 | public typealias MLDSA65PublicKey = MLDSA.PublicKey<MLDSA65>
   |                                                     `- error: cannot find type 'MLDSA65' in scope
18 |
19 | @_spi(PostQuantum)
/Users/admin/builder/spi-builder-workspace/.build/checkouts/jwt-kit/Sources/JWTKit/MLDSA/MLDSA65+MLDSAKey.swift:21:55: error: cannot find type 'MLDSA65' in scope
19 | @_spi(PostQuantum)
20 | @available(iOS 26.0, macOS 26.0, watchOS 26.0, tvOS 26.0, *)
21 | public typealias MLDSA65PrivateKey = MLDSA.PrivateKey<MLDSA65>
   |                                                       `- error: cannot find type 'MLDSA65' in scope
22 |
/Users/admin/builder/spi-builder-workspace/.build/checkouts/jwt-kit/Sources/JWTKit/MLDSA/MLDSA87+MLDSAKey.swift:5:11: error: cannot find type 'MLDSA87' in scope
 3 | @_spi(PostQuantum)
 4 | @available(iOS 26.0, macOS 26.0, watchOS 26.0, tvOS 26.0, *)
 5 | extension MLDSA87.PublicKey: MLDSAPublicKey {
   |           `- error: cannot find type 'MLDSA87' in scope
 6 |     public typealias MLDSAType = MLDSA87
 7 | }
/Users/admin/builder/spi-builder-workspace/.build/checkouts/jwt-kit/Sources/JWTKit/MLDSA/MLDSA87+MLDSAKey.swift:11:11: error: cannot find type 'MLDSA87' in scope
 9 | @_spi(PostQuantum)
10 | @available(iOS 26.0, macOS 26.0, watchOS 26.0, tvOS 26.0, *)
11 | extension MLDSA87.PrivateKey: MLDSAPrivateKey {
   |           `- error: cannot find type 'MLDSA87' in scope
12 |     public typealias MLDSAType = MLDSA87
13 | }
/Users/admin/builder/spi-builder-workspace/.build/checkouts/jwt-kit/Sources/JWTKit/MLDSA/MLDSA87+MLDSAKey.swift:17:53: error: cannot find type 'MLDSA87' in scope
15 | @_spi(PostQuantum)
16 | @available(iOS 26.0, macOS 26.0, watchOS 26.0, tvOS 26.0, *)
17 | public typealias MLDSA87PublicKey = MLDSA.PublicKey<MLDSA87>
   |                                                     `- error: cannot find type 'MLDSA87' in scope
18 |
19 | @_spi(PostQuantum)
/Users/admin/builder/spi-builder-workspace/.build/checkouts/jwt-kit/Sources/JWTKit/MLDSA/MLDSA87+MLDSAKey.swift:21:55: error: cannot find type 'MLDSA87' in scope
19 | @_spi(PostQuantum)
20 | @available(iOS 26.0, macOS 26.0, watchOS 26.0, tvOS 26.0, *)
21 | public typealias MLDSA87PrivateKey = MLDSA.PrivateKey<MLDSA87>
   |                                                       `- error: cannot find type 'MLDSA87' in scope
22 |
/Users/admin/builder/spi-builder-workspace/.build/checkouts/jwt-kit/Sources/JWTKit/MLDSA/MLDSA65+MLDSAKey.swift:6:34: error: cannot find type 'MLDSA65' in scope
 4 | @available(iOS 26.0, macOS 26.0, watchOS 26.0, tvOS 26.0, *)
 5 | extension MLDSA65.PublicKey: MLDSAPublicKey {
 6 |     public typealias MLDSAType = MLDSA65
   |                                  `- error: cannot find type 'MLDSA65' in scope
 7 | }
 8 |
/Users/admin/builder/spi-builder-workspace/.build/checkouts/jwt-kit/Sources/JWTKit/MLDSA/MLDSA65+MLDSAKey.swift:12:34: error: cannot find type 'MLDSA65' in scope
10 | @available(iOS 26.0, macOS 26.0, watchOS 26.0, tvOS 26.0, *)
11 | extension MLDSA65.PrivateKey: MLDSAPrivateKey {
12 |     public typealias MLDSAType = MLDSA65
   |                                  `- error: cannot find type 'MLDSA65' in scope
13 | }
14 |
/Users/admin/builder/spi-builder-workspace/.build/checkouts/jwt-kit/Sources/JWTKit/MLDSA/MLDSA87+MLDSAKey.swift:6:34: error: cannot find type 'MLDSA87' in scope
 4 | @available(iOS 26.0, macOS 26.0, watchOS 26.0, tvOS 26.0, *)
 5 | extension MLDSA87.PublicKey: MLDSAPublicKey {
 6 |     public typealias MLDSAType = MLDSA87
   |                                  `- error: cannot find type 'MLDSA87' in scope
 7 | }
 8 |
/Users/admin/builder/spi-builder-workspace/.build/checkouts/jwt-kit/Sources/JWTKit/MLDSA/MLDSA87+MLDSAKey.swift:12:34: error: cannot find type 'MLDSA87' in scope
10 | @available(iOS 26.0, macOS 26.0, watchOS 26.0, tvOS 26.0, *)
11 | extension MLDSA87.PrivateKey: MLDSAPrivateKey {
12 |     public typealias MLDSAType = MLDSA87
   |                                  `- error: cannot find type 'MLDSA87' in scope
13 | }
14 |
/Users/admin/builder/spi-builder-workspace/.build/checkouts/jwt-kit/Sources/JWTKit/MLDSA/MLDSA65+MLDSAKey.swift:5:11: error: cannot find type 'MLDSA65' in scope
 3 | @_spi(PostQuantum)
 4 | @available(iOS 26.0, macOS 26.0, watchOS 26.0, tvOS 26.0, *)
 5 | extension MLDSA65.PublicKey: MLDSAPublicKey {
   |           `- error: cannot find type 'MLDSA65' in scope
 6 |     public typealias MLDSAType = MLDSA65
 7 | }
/Users/admin/builder/spi-builder-workspace/.build/checkouts/jwt-kit/Sources/JWTKit/MLDSA/MLDSA65+MLDSAKey.swift:11:11: error: cannot find type 'MLDSA65' in scope
 9 | @_spi(PostQuantum)
10 | @available(iOS 26.0, macOS 26.0, watchOS 26.0, tvOS 26.0, *)
11 | extension MLDSA65.PrivateKey: MLDSAPrivateKey {
   |           `- error: cannot find type 'MLDSA65' in scope
12 |     public typealias MLDSAType = MLDSA65
13 | }
/Users/admin/builder/spi-builder-workspace/.build/checkouts/jwt-kit/Sources/JWTKit/MLDSA/MLDSA65+MLDSAKey.swift:17:53: error: cannot find type 'MLDSA65' in scope
15 | @_spi(PostQuantum)
16 | @available(iOS 26.0, macOS 26.0, watchOS 26.0, tvOS 26.0, *)
17 | public typealias MLDSA65PublicKey = MLDSA.PublicKey<MLDSA65>
   |                                                     `- error: cannot find type 'MLDSA65' in scope
18 |
19 | @_spi(PostQuantum)
/Users/admin/builder/spi-builder-workspace/.build/checkouts/jwt-kit/Sources/JWTKit/MLDSA/MLDSA65+MLDSAKey.swift:21:55: error: cannot find type 'MLDSA65' in scope
19 | @_spi(PostQuantum)
20 | @available(iOS 26.0, macOS 26.0, watchOS 26.0, tvOS 26.0, *)
21 | public typealias MLDSA65PrivateKey = MLDSA.PrivateKey<MLDSA65>
   |                                                       `- error: cannot find type 'MLDSA65' in scope
22 |
/Users/admin/builder/spi-builder-workspace/.build/checkouts/jwt-kit/Sources/JWTKit/MLDSA/MLDSA87+MLDSAKey.swift:5:11: error: cannot find type 'MLDSA87' in scope
 3 | @_spi(PostQuantum)
 4 | @available(iOS 26.0, macOS 26.0, watchOS 26.0, tvOS 26.0, *)
 5 | extension MLDSA87.PublicKey: MLDSAPublicKey {
   |           `- error: cannot find type 'MLDSA87' in scope
 6 |     public typealias MLDSAType = MLDSA87
 7 | }
/Users/admin/builder/spi-builder-workspace/.build/checkouts/jwt-kit/Sources/JWTKit/MLDSA/MLDSA87+MLDSAKey.swift:11:11: error: cannot find type 'MLDSA87' in scope
 9 | @_spi(PostQuantum)
10 | @available(iOS 26.0, macOS 26.0, watchOS 26.0, tvOS 26.0, *)
11 | extension MLDSA87.PrivateKey: MLDSAPrivateKey {
   |           `- error: cannot find type 'MLDSA87' in scope
12 |     public typealias MLDSAType = MLDSA87
13 | }
/Users/admin/builder/spi-builder-workspace/.build/checkouts/jwt-kit/Sources/JWTKit/MLDSA/MLDSA87+MLDSAKey.swift:17:53: error: cannot find type 'MLDSA87' in scope
15 | @_spi(PostQuantum)
16 | @available(iOS 26.0, macOS 26.0, watchOS 26.0, tvOS 26.0, *)
17 | public typealias MLDSA87PublicKey = MLDSA.PublicKey<MLDSA87>
   |                                                     `- error: cannot find type 'MLDSA87' in scope
18 |
19 | @_spi(PostQuantum)
/Users/admin/builder/spi-builder-workspace/.build/checkouts/jwt-kit/Sources/JWTKit/MLDSA/MLDSA87+MLDSAKey.swift:21:55: error: cannot find type 'MLDSA87' in scope
19 | @_spi(PostQuantum)
20 | @available(iOS 26.0, macOS 26.0, watchOS 26.0, tvOS 26.0, *)
21 | public typealias MLDSA87PrivateKey = MLDSA.PrivateKey<MLDSA87>
   |                                                       `- error: cannot find type 'MLDSA87' in scope
22 |
/Users/admin/builder/spi-builder-workspace/.build/checkouts/jwt-kit/Sources/JWTKit/MLDSA/MLDSA65+MLDSAKey.swift:6:34: error: cannot find type 'MLDSA65' in scope
 4 | @available(iOS 26.0, macOS 26.0, watchOS 26.0, tvOS 26.0, *)
 5 | extension MLDSA65.PublicKey: MLDSAPublicKey {
 6 |     public typealias MLDSAType = MLDSA65
   |                                  `- error: cannot find type 'MLDSA65' in scope
 7 | }
 8 |
/Users/admin/builder/spi-builder-workspace/.build/checkouts/jwt-kit/Sources/JWTKit/MLDSA/MLDSA65+MLDSAKey.swift:12:34: error: cannot find type 'MLDSA65' in scope
10 | @available(iOS 26.0, macOS 26.0, watchOS 26.0, tvOS 26.0, *)
11 | extension MLDSA65.PrivateKey: MLDSAPrivateKey {
12 |     public typealias MLDSAType = MLDSA65
   |                                  `- error: cannot find type 'MLDSA65' in scope
13 | }
14 |
/Users/admin/builder/spi-builder-workspace/.build/checkouts/jwt-kit/Sources/JWTKit/MLDSA/MLDSA87+MLDSAKey.swift:6:34: error: cannot find type 'MLDSA87' in scope
 4 | @available(iOS 26.0, macOS 26.0, watchOS 26.0, tvOS 26.0, *)
 5 | extension MLDSA87.PublicKey: MLDSAPublicKey {
 6 |     public typealias MLDSAType = MLDSA87
   |                                  `- error: cannot find type 'MLDSA87' in scope
 7 | }
 8 |
/Users/admin/builder/spi-builder-workspace/.build/checkouts/jwt-kit/Sources/JWTKit/MLDSA/MLDSA87+MLDSAKey.swift:12:34: error: cannot find type 'MLDSA87' in scope
10 | @available(iOS 26.0, macOS 26.0, watchOS 26.0, tvOS 26.0, *)
11 | extension MLDSA87.PrivateKey: MLDSAPrivateKey {
12 |     public typealias MLDSAType = MLDSA87
   |                                  `- error: cannot find type 'MLDSA87' in scope
13 | }
14 |
[1012/1049] Emitting module NIOPosix
[1013/1049] Compiling JWTKit AppleIdentityToken.swift
[1014/1049] Compiling JWTKit FirebaseAuthIdentityToken.swift
[1015/1049] Compiling JWTKit GoogleIdentityToken.swift
[1016/1049] Compiling JWTKit MicrosoftIdentityToken.swift
[1017/1049] Compiling JWTKit EmptyPolicy.swift
[1018/1049] Compiling JWTKit ValidationTimePayload.swift
[1019/1049] Compiling JWTKit X5CVerifier.swift
BUILD FAILURE 6.1 macosSpm