The Swift Package Index logo.Swift Package Index

Build Information

Failed to build BIKCharts, reference 1.0.1 (817119), with Swift 6.4 for macOS (SPM) on 17 Sep 2026 17:03:17 UTC.

Build Command

env DEVELOPER_DIR=/Applications/Xcode-27.0.0-Release.Candidate.app xcrun swift build --arch arm64

Build Log

========================================
RunAll
========================================
Builder version: 5.1.0
Interrupt handler set up.
========================================
Checkout
========================================
Clone URL: https://github.com/ilyadaberdil/BIKCharts.git
Reference: 1.0.1
Initialized empty Git repository in /Users/admin/builder/spi-builder-workspace/.git/
From https://github.com/ilyadaberdil/BIKCharts
 * tag               1.0.1      -> FETCH_HEAD
HEAD is now at 8171192 Update README.md
Cloned https://github.com/ilyadaberdil/BIKCharts.git
Revision (git rev-parse @):
8171192024d756d912939349c5a9b487e067993a
SUCCESS checkout https://github.com/ilyadaberdil/BIKCharts.git at 1.0.1
========================================
Build
========================================
Selected platform:         macosSpm
Swift version:             6.4
Building package at path:  $PWD
https://github.com/ilyadaberdil/BIKCharts.git
Running build ...
env DEVELOPER_DIR=/Applications/Xcode-27.0.0-Release.Candidate.app xcrun swift build --arch arm64
Building for debugging...
[Planning deferred tasks]
[19 / 28]
[20 / 29] BIKCharts
[30 / 106]
[33 / 106]
[41 / 106]
[43 / 106]
[44 / 106]
[49 / 106]
[52 / 106]
[55 / 106]
[61 / 106]
[64 / 106]
[66 / 106]
[67 / 106]
[77 / 106]
[79 / 106]
[80 / 106]
[83 / 106]
[85 / 106]
[97 / 106] BIKCharts
[98 / 106] BIKCharts
/Users/admin/builder/spi-builder-workspace/Sources/BIKCharts/LineChart/LinePointShape/LinePointShape.swift:15:17: warning: stored property 'viewModel' of 'Sendable'-conforming struct 'LinePointShape' has non-Sendable type 'LinePointShapeModel'; this is an error in the Swift 6 language mode
13 |     // MARK: - Properties
14 |
15 |     private let viewModel: LinePointShapeModel
   |                 `- warning: stored property 'viewModel' of 'Sendable'-conforming struct 'LinePointShape' has non-Sendable type 'LinePointShapeModel'; this is an error in the Swift 6 language mode
16 |
17 |     init(viewModel: LinePointShapeModel) {
/Users/admin/builder/spi-builder-workspace/Sources/BIKCharts/LineChart/LinePointShape/LinePointShapeModel.swift:11:8: note: consider making struct 'LinePointShapeModel' conform to the 'Sendable' protocol
 9 | import SwiftUI
10 |
11 | struct LinePointShapeModel {
   |        `- note: consider making struct 'LinePointShapeModel' conform to the 'Sendable' protocol
12 |     let data: [CGFloat]
13 |     let lineWidth: CGFloat
/Users/admin/builder/spi-builder-workspace/Sources/BIKCharts/LineChart/LineShape/LineShape.swift:15:17: warning: stored property 'viewModel' of 'Sendable'-conforming struct 'LineShape' has non-Sendable type 'LineShapeModel'; this is an error in the Swift 6 language mode
13 |     // MARK: - Properties
14 |
15 |     private let viewModel: LineShapeModel
   |                 `- warning: stored property 'viewModel' of 'Sendable'-conforming struct 'LineShape' has non-Sendable type 'LineShapeModel'; this is an error in the Swift 6 language mode
16 |
17 |     init(viewModel: LineShapeModel) {
/Users/admin/builder/spi-builder-workspace/Sources/BIKCharts/LineChart/LineShape/LineShapeModel.swift:11:8: note: consider making struct 'LineShapeModel' conform to the 'Sendable' protocol
 9 | import SwiftUI
10 |
11 | struct LineShapeModel {
   |        `- note: consider making struct 'LineShapeModel' conform to the 'Sendable' protocol
12 |     let data: [CGFloat]
13 |     let shouldFill: Bool
error: SwiftCompile normal arm64 /Users/admin/builder/spi-builder-workspace/Sources/BIKCharts/Sample/SampleCharts/LineChartSamples.swift failed with a nonzero exit code. Command line:     cd /Users/admin/builder
    builtin-SwiftPerFileCompile LineChartSamples.swift
error: SwiftCompile normal arm64 /Users/admin/builder/spi-builder-workspace/Sources/BIKCharts/Sample/SampleCharts/PieChartSamples.swift failed with a nonzero exit code. Command line:     cd /Users/admin/builder
    builtin-SwiftPerFileCompile PieChartSamples.swift
/Users/admin/builder/spi-builder-workspace/Sources/BIKCharts/Sample/SampleCharts/LineChartSamples.swift:22:27: error: cannot find 'UIScreen' in scope
20 |                 }
21 |             }
22 |             .frame(width: UIScreen.main.bounds.width)
   |                           `- error: cannot find 'UIScreen' in scope
23 |         }
24 |         .navigationBarTitle("Line Charts", displayMode: .inline)
/Users/admin/builder/spi-builder-workspace/Sources/BIKCharts/Sample/SampleCharts/PieChartSamples.swift:24:27: error: cannot find 'UIScreen' in scope
22 |                 }
23 |             }
24 |             .frame(width: UIScreen.main.bounds.width)
   |                           `- error: cannot find 'UIScreen' in scope
25 |         }
26 |         .navigationBarTitle("Pie Charts", displayMode: .inline)
Failed frontend command:
/Applications/Xcode-27.0.0-Release.Candidate.app/Contents/Developer/Toolchains/XcodeDefault.xctoolchain/usr/bin/swift-frontend -frontend -c /Users/admin/builder/spi-builder-workspace/Sources/BIKCharts/BarChart/BadgeValue/BadgeShape.swift /Users/admin/builder/spi-builder-workspace/Sources/BIKCharts/BarChart/BadgeValue/BadgeValue.swift /Users/admin/builder/spi-builder-workspace/Sources/BIKCharts/BarChart/BadgeValue/BadgeValueModel.swift /Users/admin/builder/spi-builder-workspace/Sources/BIKCharts/BarChart/Bar/BarModel.swift /Users/admin/builder/spi-builder-workspace/Sources/BIKCharts/BarChart/Bar/HorizontalBar.swift /Users/admin/builder/spi-builder-workspace/Sources/BIKCharts/BarChart/Bar/VerticalBar.swift /Users/admin/builder/spi-builder-workspace/Sources/BIKCharts/BarChart/BarChart.swift /Users/admin/builder/spi-builder-workspace/Sources/BIKCharts/BarChart/BarChartModel.swift /Users/admin/builder/spi-builder-workspace/Sources/BIKCharts/CircularChart/CircularChart.swift /Users/admin/builder/spi-builder-workspace/Sources/BIKCharts/CircularChart/CircularChartModel.swift /Users/admin/builder/spi-builder-workspace/Sources/BIKCharts/CircularChart/CircularSpringPiece/CircularSliceModel.swift /Users/admin/builder/spi-builder-workspace/Sources/BIKCharts/CircularChart/CircularSpringPiece/CircularSliceView.swift /Users/admin/builder/spi-builder-workspace/Sources/BIKCharts/LineChart/LineChart.swift /Users/admin/builder/spi-builder-workspace/Sources/BIKCharts/LineChart/LineChartModel.swift /Users/admin/builder/spi-builder-workspace/Sources/BIKCharts/LineChart/LinePointShape/LinePointShape.swift /Users/admin/builder/spi-builder-workspace/Sources/BIKCharts/LineChart/LinePointShape/LinePointShapeModel.swift /Users/admin/builder/spi-builder-workspace/Sources/BIKCharts/LineChart/LineShape/LineShape.swift /Users/admin/builder/spi-builder-workspace/Sources/BIKCharts/LineChart/LineShape/LineShapeModel.swift /Users/admin/builder/spi-builder-workspace/Sources/BIKCharts/PieChart/PieChart.swift /Users/admin/builder/spi-builder-workspace/Sources/BIKCharts/PieChart/PieChartModel.swift /Users/admin/builder/spi-builder-workspace/Sources/BIKCharts/PieChart/PieSlice/PieShape/PieShape.swift /Users/admin/builder/spi-builder-workspace/Sources/BIKCharts/PieChart/PieSlice/PieShape/PieShapeModel.swift /Users/admin/builder/spi-builder-workspace/Sources/BIKCharts/PieChart/PieSlice/PieSlice.swift /Users/admin/builder/spi-builder-workspace/Sources/BIKCharts/PieChart/PieSlice/PieSliceModel.swift /Users/admin/builder/spi-builder-workspace/Sources/BIKCharts/Sample/MockData/BarMockData.swift /Users/admin/builder/spi-builder-workspace/Sources/BIKCharts/Sample/MockData/CircularMockData.swift /Users/admin/builder/spi-builder-workspace/Sources/BIKCharts/Sample/MockData/LineMockData.swift /Users/admin/builder/spi-builder-workspace/Sources/BIKCharts/Sample/MockData/MockData.swift /Users/admin/builder/spi-builder-workspace/Sources/BIKCharts/Sample/MockData/PieMockData.swift /Users/admin/builder/spi-builder-workspace/Sources/BIKCharts/Sample/SampleChartApp.swift /Users/admin/builder/spi-builder-workspace/Sources/BIKCharts/Sample/SampleCharts/BarChartSamples.swift /Users/admin/builder/spi-builder-workspace/Sources/BIKCharts/Sample/SampleCharts/CircularChartSamples.swift -primary-file /Users/admin/builder/spi-builder-workspace/Sources/BIKCharts/Sample/SampleCharts/LineChartSamples.swift -primary-file /Users/admin/builder/spi-builder-workspace/Sources/BIKCharts/Sample/SampleCharts/PieChartSamples.swift -primary-file /Users/admin/builder/spi-builder-workspace/Sources/BIKCharts/Util/Common/CalculationStyle.swift -primary-file /Users/admin/builder/spi-builder-workspace/Sources/BIKCharts/Util/Common/ChartSliceDataModel.swift /Users/admin/builder/spi-builder-workspace/Sources/BIKCharts/Util/Extension/NS/Optional+Extension.swift /Users/admin/builder/spi-builder-workspace/Sources/BIKCharts/Util/Extension/UI/CGRect+Extension.swift /Users/admin/builder/spi-builder-workspace/Sources/BIKCharts/Util/Extension/UI/GeometryProxy+Extension.swift /Users/admin/builder/spi-builder-workspace/Sources/BIKCharts/Util/Extension/UI/View+Extension.swift -supplementary-output-file-map /Users/admin/builder/spi-builder-workspace/.build/out/Intermediates.noindex/BIKCharts.build/Debug/BIKCharts-t.build/Objects-normal/arm64/supplementaryOutputs-9 -target arm64-apple-macos12.0 -disable-cross-import-overlay-search -load-resolved-plugin /Applications/Xcode-27.0.0-Release.Candidate.app/Contents/Developer/Platforms/MacOSX.platform/Developer/usr/lib/swift/host/plugins/libFoundationMacros.dylib\#/Applications/Xcode-27.0.0-Release.Candidate.app/Contents/Developer/Platforms/MacOSX.platform/Developer/usr/bin/swift-plugin-server\#FoundationMacros -load-resolved-plugin /Applications/Xcode-27.0.0-Release.Candidate.app/Contents/Developer/Platforms/MacOSX.platform/Developer/usr/lib/swift/host/plugins/libObservationMacros.dylib\#/Applications/Xcode-27.0.0-Release.Candidate.app/Contents/Developer/Platforms/MacOSX.platform/Developer/usr/bin/swift-plugin-server\#ObservationMacros -load-resolved-plugin /Applications/Xcode-27.0.0-Release.Candidate.app/Contents/Developer/Platforms/MacOSX.platform/Developer/usr/lib/swift/host/plugins/libPreviewsMacros.dylib\#/Applications/Xcode-27.0.0-Release.Candidate.app/Contents/Developer/Platforms/MacOSX.platform/Developer/usr/bin/swift-plugin-server\#PreviewsMacros -load-resolved-plugin /Applications/Xcode-27.0.0-Release.Candidate.app/Contents/Developer/Platforms/MacOSX.platform/Developer/usr/lib/swift/host/plugins/libSwiftMacros.dylib\#/Applications/Xcode-27.0.0-Release.Candidate.app/Contents/Developer/Platforms/MacOSX.platform/Developer/usr/bin/swift-plugin-server\#SwiftMacros -load-resolved-plugin /Applications/Xcode-27.0.0-Release.Candidate.app/Contents/Developer/Platforms/MacOSX.platform/Developer/usr/lib/swift/host/plugins/libSwiftUIMacros.dylib\#/Applications/Xcode-27.0.0-Release.Candidate.app/Contents/Developer/Platforms/MacOSX.platform/Developer/usr/bin/swift-plugin-server\#SwiftUIMacros -disable-implicit-swift-modules -Xcc -fno-implicit-modules -Xcc -fno-implicit-module-maps -explicit-swift-module-map-file /Users/admin/builder/spi-builder-workspace/.build/out/Intermediates.noindex/BIKCharts.build/Debug/BIKCharts-t.build/Objects-normal/arm64/BIKCharts-dependencies-1.json -Xllvm -aarch64-use-tbi -enable-objc-interop -stack-check -sdk /Applications/Xcode-27.0.0-Release.Candidate.app/Contents/Developer/Platforms/MacOSX.platform/Developer/SDKs/MacOSX27.0.sdk -I /Users/admin/builder/spi-builder-workspace/.build/out/Products/Debug -Isystem /Applications/Xcode-27.0.0-Release.Candidate.app/Contents/Developer/Platforms/MacOSX.platform/Developer/usr/lib -F /Users/admin/builder/spi-builder-workspace/.build/out/Products/Debug -F /Applications/Xcode-27.0.0-Release.Candidate.app/Contents/Developer/Platforms/MacOSX.platform/Developer/Library/Frameworks -module-cache-path /Users/admin/builder/spi-builder-workspace/.build/out/Intermediates.noindex/SwiftExplicitPrecompiledModules -color-diagnostics -Xcc -fcolor-diagnostics -enable-testing -g -debug-info-format\=dwarf -dwarf-version\=4 -swift-version 5 -Onone -D SWIFT_PACKAGE -D DEBUG -D SWIFT_MODULE_RESOURCE_BUNDLE_UNAVAILABLE -D Xcode -serialize-debugging-options -enable-experimental-feature DebugDescriptionMacro -empty-abi-descriptor -validate-clang-modules-once -clang-build-session-file /Users/admin/builder/spi-builder-workspace/.build/out/ModuleCache.noindex/Session.modulevalidation -Xcc -working-directory -Xcc /Users/admin/builder -enable-anonymous-context-mangled-names -file-compilation-dir /Users/admin/builder -Xcc -D_LIBCPP_HARDENING_MODE\=_LIBCPP_HARDENING_MODE_DEBUG -Xcc -ivfsstatcache -Xcc /Users/admin/builder/spi-builder-workspace/.build/out/SDKStatCaches.noindex/macosx27.0-26A425-80c5bbf1d171475443272936d42f90a36a22442a12e9d48fe1a705f55a1adfc4.sdkstatcache -Xcc -fmodules-prune-interval\=86400 -Xcc -fmodules-prune-after\=345600 -Xcc -I/Users/admin/builder/spi-builder-workspace/.build/out/Products/Debug/include -Xcc -I/Users/admin/builder/spi-builder-workspace/.build/out/Intermediates.noindex/BIKCharts.build/Debug/BIKCharts-t.build/DerivedSources-normal/arm64 -Xcc -I/Users/admin/builder/spi-builder-workspace/.build/out/Intermediates.noindex/BIKCharts.build/Debug/BIKCharts-t.build/DerivedSources/arm64 -Xcc -I/Users/admin/builder/spi-builder-workspace/.build/out/Intermediates.noindex/BIKCharts.build/Debug/BIKCharts-t.build/DerivedSources -Xcc -DSWIFT_PACKAGE -Xcc -DDEBUG\=1 -no-auto-bridging-header-chaining -module-name BIKCharts -const-gather-protocols-file /Users/admin/builder/spi-builder-workspace/.build/out/Intermediates.noindex/BIKCharts.build/Debug/BIKCharts-t.build/Objects-normal/arm64/BIKCharts_const_extract_protocols.json -disable-clang-spi -clang-target arm64-apple-macos27.0 -target-sdk-version 27.0 -target-sdk-name macosx27.0 -in-process-plugin-server-path /Applications/Xcode-27.0.0-Release.Candidate.app/Contents/Developer/Toolchains/XcodeDefault.xctoolchain/usr/lib/swift/host/libSwiftInProcPluginServer.dylib -parse-as-library -o /Users/admin/builder/spi-builder-workspace/.build/out/Intermediates.noindex/BIKCharts.build/Debug/BIKCharts-t.build/Objects-normal/arm64/LineChartSamples.o -o /Users/admin/builder/spi-builder-workspace/.build/out/Intermediates.noindex/BIKCharts.build/Debug/BIKCharts-t.build/Objects-normal/arm64/PieChartSamples.o -o /Users/admin/builder/spi-builder-workspace/.build/out/Intermediates.noindex/BIKCharts.build/Debug/BIKCharts-t.build/Objects-normal/arm64/CalculationStyle.o -o /Users/admin/builder/spi-builder-workspace/.build/out/Intermediates.noindex/BIKCharts.build/Debug/BIKCharts-t.build/Objects-normal/arm64/ChartSliceDataModel.o -debug-module-path /Users/admin/builder/spi-builder-workspace/.build/out/Intermediates.noindex/BIKCharts.build/Debug/BIKCharts-t.build/Objects-normal/arm64/BIKCharts.swiftmodule -index-unit-output-path /BIKCharts.build/Debug/BIKCharts-t.build/Objects-normal/arm64/LineChartSamples.o -index-unit-output-path /BIKCharts.build/Debug/BIKCharts-t.build/Objects-normal/arm64/PieChartSamples.o -index-unit-output-path /BIKCharts.build/Debug/BIKCharts-t.build/Objects-normal/arm64/CalculationStyle.o -index-unit-output-path /BIKCharts.build/Debug/BIKCharts-t.build/Objects-normal/arm64/ChartSliceDataModel.o -index-store-path /Users/admin/builder/spi-builder-workspace/.build/out -index-system-modules
error: Build failed
BUILD FAILURE 6.4 macosSpm