The Swift Package Index logo.Swift Package Index

Build Information

Failed to build google-cloud-auth, reference main (876d89), with Swift 6.1 for macOS (SPM) on 10 Oct 2026 02:37:04 UTC.

Build Command

env DEVELOPER_DIR=/Applications/Xcode-16.3.0.app xcrun swift build --arch arm64

Build Log

      "name" : "GoogleCloudAuthTesting",
      "path" : "Sources/GoogleCloudAuthTesting",
      "product_memberships" : [
        "GoogleCloudAuthTesting"
      ],
      "sources" : [
        "ConditionTrait+enabledIfAuthenticatedWithGoogleCloud.swift"
      ],
      "target_dependencies" : [
        "GoogleCloudAuth"
      ],
      "type" : "library"
    },
    {
      "c99name" : "GoogleCloudAuthGRPC",
      "module_type" : "SwiftTarget",
      "name" : "GoogleCloudAuthGRPC",
      "path" : "Sources/GoogleCloudAuthGRPC",
      "product_dependencies" : [
        "GRPCCore"
      ],
      "product_memberships" : [
        "GoogleCloudAuthGRPC"
      ],
      "sources" : [
        "AuthorizationClientInterceptor.swift"
      ],
      "target_dependencies" : [
        "GoogleCloudAuth"
      ],
      "type" : "library"
    },
    {
      "c99name" : "GoogleCloudAuth",
      "module_type" : "SwiftTarget",
      "name" : "GoogleCloudAuth",
      "path" : "Sources/GoogleCloudAuth",
      "product_dependencies" : [
        "Logging",
        "Tracing",
        "NIO",
        "NIOFoundationCompat",
        "RetryableTask",
        "AsyncHTTPClient",
        "JWTKit"
      ],
      "product_memberships" : [
        "GoogleCloudAuth",
        "GoogleCloudAuthTesting",
        "GoogleCloudAuthGRPC"
      ],
      "sources" : [
        "Authorization.swift",
        "DefaultProvider.swift",
        "GoogleCloudSDKProvider/GoogleCloudSDKProvider.Credentials.swift",
        "GoogleCloudSDKProvider/GoogleCloudSDKProvider.Token.swift",
        "GoogleCloudSDKProvider/GoogleCloudSDKProvider.swift",
        "MetadataProvider/MetadataProvider.Token.swift",
        "MetadataProvider/MetadataProvider.swift",
        "Provider.swift",
        "Scope.swift",
        "ServiceAccountImpersonationProvider/ServiceAccountImpersonationProvider.Token.swift",
        "ServiceAccountImpersonationProvider/ServiceAccountImpersonationProvider.swift",
        "ServiceAccountProvider/ServiceAccountProvider.Credentials.swift",
        "ServiceAccountProvider/ServiceAccountProvider.Token.swift",
        "ServiceAccountProvider/ServiceAccountProvider.TokenRequest.swift",
        "ServiceAccountProvider/ServiceAccountProvider.swift",
        "Session.swift"
      ],
      "type" : "library"
    }
  ],
  "tools_version" : "6.0"
}
Running build ...
env DEVELOPER_DIR=/Applications/Xcode-16.3.0.app xcrun swift build --arch arm64 -Xswiftc -Xfrontend -Xswiftc -stats-output-dir -Xswiftc -Xfrontend -Xswiftc .stats
Building for debugging...
[0/841] Write sources
[6/841] Copying PrivacyInfo.xcprivacy
[11/841] Write sources
[11/841] Copying PrivacyInfo.xcprivacy
[13/841] Write sources
[16/841] Copying PrivacyInfo.xcprivacy
[16/841] Write sources
[16/841] Copying PrivacyInfo.xcprivacy
[16/841] Write sources
[16/841] Copying PrivacyInfo.xcprivacy
[16/841] Write sources
[46/841] Compiling CNIOWASI CNIOWASI.c
[46/841] Compiling CNIOWindows WSAStartup.c
[48/841] Compiling CNIOWindows shim.c
[49/841] Compiling CNIOLinux shim.c
[50/841] Compiling CNIOOpenBSD shim.c
[50/841] Compiling CNIOLinux liburing_shims.c
[52/841] Compiling _NumericsShims _NumericsShims.c
[53/841] Write swift-version-2F0A5646E1D333AE.txt
[54/841] Compiling CNIOFreeBSD shim.c
[55/841] Compiling _AtomicsShims.c
[56/841] Compiling CNIOPosix event_loop_id.c
[57/845] Compiling CNIOLLHTTP c_nio_http.c
[58/867] Compiling CNIOExtrasZlib inftrees.c
[59/867] Compiling CNIOExtrasZlib inflate.c
[60/867] Compiling CNIOExtrasZlib trees.c
[61/867] Compiling CNIOLLHTTP c_nio_api.c
[62/892] Compiling CNIOLLHTTP c_nio_llhttp.c
[63/998] Compiling CNIOExtrasZlib zutil.c
[64/998] Compiling CNIOExtrasZlib inffast.c
[65/998] Compiling CNIOExtrasZlib deflate.c
[66/998] Compiling CNIOExtrasZlib crc32.c
[67/998] Compiling CNIOExtrasZlib adler32.c
[69/998] Emitting module _NIOBase64
[70/998] Compiling _NIOBase64 Base64.swift
[71/998] Emitting module _CertificateInternals
[72/998] Compiling _CertificateInternals _TinyArray.swift
[72/998] Compiling fiat_p256_adx_sqr.S
[73/998] Compiling fiat_p256_adx_mul.S
[74/998] Compiling fiat_curve25519_adx_square.S
[75/998] Compiling fiat_curve25519_adx_mul.S
[77/998] Compiling ServiceContextModule ServiceContextKey.swift
[78/998] Emitting module ServiceContextModule
[79/998] Compiling ServiceContextModule ServiceContext.swift
[80/998] Compiling RealModule RealFunctions.swift
[81/998] Compiling RealModule Real.swift
[82/998] Compiling RealModule Float80+Real.swift
[83/998] Compiling Crypto HPKE-NIST-EC-KEMs.swift
[84/998] Compiling Crypto HPKE-KEM.swift
[85/998] Compiling RealModule Double+Real.swift
[86/998] Compiling RealModule ElementaryFunctions.swift
[87/998] Compiling RealModule AugmentedArithmetic.swift
[88/998] Compiling RealModule Float+Real.swift
[89/998] Emitting module RealModule
[90/998] Compiling RealModule Float16+Real.swift
[91/999] Compiling _NIODataStructures _TinyArray.swift
[92/999] Compiling _NIODataStructures PriorityQueue.swift
[93/999] Compiling RealModule RelaxedArithmetic.swift
[94/999] Compiling Logging LoggingSystem.swift
[95/999] Compiling Logging Logger+Attributes.swift
[96/999] Compiling Logging Logger+With.swift
unable to find node: pound
unable to find node: pound
[97/999] Compiling Logging LogHandler.swift
[98/999] Compiling Logging Logger.swift
[99/1000] Compiling Crypto Cipher.swift
[100/1000] Compiling Crypto Nonces.swift
[101/1000] Compiling Crypto ChaChaPoly_boring.swift
[102/1000] Compiling Crypto ChaChaPoly.swift
[103/1000] Compiling Crypto AES-GCM.swift
[104/1000] Compiling Crypto AES-GCM_boring.swift
[105/1000] Compiling Crypto ASN1.swift
[106/1000] Compiling Crypto ASN1Any.swift
[107/1007] Compiling InternalCollectionsUtilities _UniqueCollection.swift
[107/1007] Compiling CNIODarwin shim.c
[109/1007] Compiling Crypto HPKE-Modes.swift
[110/1007] Compiling Crypto Insecure.swift
[111/1007] Emitting module InternalCollectionsUtilities
[114/1007] Compiling Crypto Insecure_HashFunctions.swift
[115/1007] Compiling Crypto MLKEM_boring.swift
[116/1007] Compiling Crypto HPKE-Context.swift
[117/1007] Compiling Crypto HPKE-KeySchedule.swift
[118/1007] Compiling Crypto HPKE-Errors.swift
[119/1007] Compiling Crypto HPKE.swift
[120/1007] Emitting module _NIODataStructures
[121/1007] Compiling _NIODataStructures Heap.swift
[122/1007] Compiling Logging LogEvent.swift
[123/1007] Compiling Logging Locks.swift
[124/1007] Compiling Logging SwiftLogNoOpLogHandler.swift
[127/1007] Emitting module Logging
unable to find node: pound
unable to find node: pound
[128/1007] Compiling Instrumentation Locks.swift
[129/1007] Compiling Instrumentation NoOpInstrument.swift
[130/1007] Compiling Instrumentation MultiplexInstrument.swift
[131/1007] Compiling Instrumentation Instrument.swift
[132/1007] Emitting module Instrumentation
[133/1007] Compiling Instrumentation InstrumentationSystem.swift
[134/1007] Compiling Logging MetadataProvider.swift
[134/1007] Compiling CNIOBoringSSLShims shims.c
[136/1053] Emitting module ContainersPreview
[137/1056] Compiling ContainersPreview BorrowingIteratorProtocol+Filter.swift
[138/1056] Compiling ContainersPreview BorrowingIteratorProtocol+Map.swift
[139/1056] Compiling ContainersPreview BorrowingIteratorProtocol+Reduce.swift
[140/1056] Compiling ContainersPreview BorrowingIteratorProtocol+SpanwiseZip.swift
[141/1056] Compiling ContainersPreview OutputSpan+Extras.swift
[142/1056] Compiling ContainersPreview TemporaryAllocation.swift
[143/1056] Compiling ContainersPreview BorrowingIteratorProtocol+Copy.swift
[144/1056] Compiling ContainersPreview BorrowingIteratorProtocol+ElementsEqual.swift
[145/1056] Compiling ContainersPreview BorrowingIteratorProtocol.swift
[146/1056] Compiling ContainersPreview BorrowingSequence+Algorithms.swift
[147/1056] Compiling ContainersPreview BorrowingSequence+Standard Conformances.swift
[148/1056] Compiling ContainersPreview BorrowingSequence+Utilities.swift
[149/1056] Compiling ContainersPreview PermutableContainer.swift
[150/1056] Compiling ContainersPreview RandomAccessContainer.swift
[151/1056] Compiling ContainersPreview RangeExpression2.swift
[152/1056] Compiling ContainersPreview RangeReplaceableContainer.swift
[153/1056] Compiling ContainersPreview Container.swift
[154/1056] Compiling ContainersPreview ContainerIterator.swift
[155/1056] Compiling ContainersPreview DynamicContainer.swift
[156/1056] Compiling ContainersPreview MutableContainer.swift
[157/1056] Compiling ContainersPreview BorrowingSequence.swift
[158/1056] Compiling ContainersPreview BidirectionalContainer.swift
[159/1056] Compiling ContainersPreview Container+Filter.swift
[160/1056] Compiling ContainersPreview Container+SpanwiseZip.swift
[161/1056] Compiling ContainersPreview Producer+Collect.swift
[162/1056] Compiling ContainersPreview Producer+Filter.swift
[163/1056] Compiling ContainersPreview Producer+Map.swift
[164/1056] Compiling ContainersPreview Producer+Reduce.swift
[165/1056] Compiling ContainersPreview Producer.swift
[166/1056] Compiling ContainersPreview InputSpan.swift
[167/1056] Compiling ContainersPreview MutableRef.swift
[168/1056] Compiling ContainersPreview Ref.swift
[169/1056] Compiling ContainersPreview Strideable+Limits.swift
[170/1056] Compiling ContainersPreview Drain+Map.swift
[171/1056] Compiling ContainersPreview Drain+Reduce.swift
[172/1056] Compiling ContainersPreview Drain.swift
[173/1064] Compiling ContainersPreview Shared.swift
[174/1064] Compiling ContainersPreview SpanIterator.swift
[175/1064] Compiling ContainersPreview UniqueBox.swift
[176/1064] Compiling Tracing WithTracer.swift
[177/1064] Compiling Tracing InstrumentationSystem+Tracing.swift
[178/1064] Compiling Tracing TracingTime.swift
[179/1064] Emitting module Tracing
[179/1064] Compiling tls_method.cc
[180/1064] Compiling tls_record.cc
[182/1064] Compiling Tracing TracerProtocol.swift
[182/1064] Compiling tls13_enc.cc
[184/1064] Compiling Tracing Tracer.swift
[185/1064] Compiling Tracing TracerProtocol+Legacy.swift
[185/1064] Compiling tls13_server.cc
[187/1064] Compiling Tracing NoOpTracer.swift
[188/1064] Compiling Tracing SpanProtocol.swift
[188/1074] Compiling tls13_client.cc
[190/1106] Compiling DequeModule UniqueDeque+Insertions.swift
[191/1106] Compiling DequeModule UniqueDeque+Prepend.swift
[192/1106] Compiling DequeModule UniqueDeque+Removals.swift
[193/1106] Compiling DequeModule UniqueDeque+Replacements.swift
[194/1110] Compiling DequeModule UniqueDeque+Equatable.swift
[195/1110] Compiling DequeModule UniqueDeque+Experimental.swift
[196/1110] Compiling DequeModule UniqueDeque+Hashable.swift
[197/1110] Compiling DequeModule UniqueDeque+Initializers.swift
[198/1110] Compiling DequeModule UniqueDeque+Consumption.swift
[199/1110] Compiling DequeModule UniqueDeque+Container.swift
[200/1110] Compiling DequeModule UniqueDeque+Deprecated.swift
[201/1110] Compiling DequeModule UniqueDeque+Descriptions.swift
[202/1110] Compiling DequeModule RigidDeque+Hashable.swift
[203/1110] Compiling DequeModule RigidDeque+Initializers.swift
[204/1110] Compiling DequeModule RigidDeque+Insertions.swift
[205/1110] Compiling DequeModule RigidDeque+Prepend.swift
[206/1110] Compiling DequeModule RigidDeque+Removals.swift
[207/1110] Compiling DequeModule RigidDeque+Replacements.swift
[208/1110] Compiling DequeModule RigidDeque+Testing.swift
[209/1110] Compiling DequeModule RigidDeque.swift
[210/1110] Compiling DequeModule UniqueDeque+Append.swift
[211/1110] Compiling DequeModule RigidDeque+Experimental.swift
[212/1110] Compiling DequeModule Deque+ExpressibleByArrayLiteral.swift
[213/1111] Compiling DequeModule RigidDeque+Consumption.swift
[214/1111] Compiling DequeModule RigidDeque+Container.swift
[215/1111] Compiling DequeModule RigidDeque+Descriptions.swift
[216/1111] Compiling DequeModule RigidDeque+Equatable.swift
[219/1111] Compiling DequeModule Deque+Extras.swift
[220/1111] Compiling DequeModule Deque+Hashable.swift
[221/1111] Compiling DequeModule Deque+Testing.swift
[222/1111] Compiling DequeModule Deque._Storage.swift
[222/1111] Compiling tls13_both.cc
[224/1111] Compiling SwiftASN1 DER.swift
[227/1111] Compiling DequeModule Deque._UnsafeHandle.swift
[228/1111] Compiling DequeModule Deque.swift
[229/1111] Compiling DequeModule _DequeBuffer.swift
[230/1111] Compiling DequeModule _DequeBufferHeader.swift
[231/1111] Compiling DequeModule RigidDeque+Append.swift
[232/1111] Compiling DequeModule Deque+Codable.swift
[233/1111] Compiling DequeModule Deque+Collection.swift
[234/1111] Compiling DequeModule Deque+CustomReflectable.swift
[235/1111] Compiling DequeModule Deque+Descriptions.swift
[236/1111] Compiling DequeModule Deque+Equatable.swift
[237/1111] Compiling SwiftASN1 Errors.swift
[237/1111] Compiling t1_enc.cc
[238/1111] Compiling ssl_versions.cc
[240/1111] Compiling RetryableTask withRetryableTask.swift
[241/1111] Compiling RetryableTask RetryPolicy.swift
[241/1111] Compiling ssl_x509.cc
[242/1111] Compiling ssl_transcript.cc
[244/1111] Compiling RetryableTask NoRetryPolicy.swift
[245/1111] Compiling RetryableTask ExponentialBackoffDelayRetryPolicy.swift
[246/1111] Emitting module RetryableTask
[247/1111] Compiling RetryableTask DefaultRetryPolicy.swift
[248/1111] Compiling RetryableTask DelayedRetryPolicy.swift
[249/1111] Compiling RetryableTask ImmediateRetryPolicy.swift
[249/1111] Compiling ssl_stat.cc
[251/1111] Compiling DequeModule UniqueDeque.swift
[252/1111] Compiling DequeModule _DequeSlot.swift
[253/1111] Compiling DequeModule _UnsafeDequeHandle.swift
[254/1111] Compiling DequeModule _UnsafeDequeSegments.swift
[255/1111] Emitting module DequeModule
[255/1111] Compiling ssl_session.cc
[256/1167] Compiling ssl_privkey.cc
[257/1167] Compiling ssl_file.cc
[259/1167] Compiling GRPCCore ClientInterceptor.swift
[260/1167] Compiling GRPCCore ClientRequest.swift
[261/1167] Compiling GRPCCore CallOptions.swift
[262/1167] Compiling GRPCCore ClientContext.swift
[263/1167] Compiling GRPCCore ClientStreamExecutor.swift
[264/1167] Compiling GRPCCore RetryDelaySequence.swift
[265/1167] Compiling GRPCCore ClientRequest+Convenience.swift
[266/1167] Compiling GRPCCore ClientResponse+Convenience.swift
[267/1167] Emitting module SwiftASN1
[268/1167] Compiling GRPCCore ClientRPCExecutor+RetryExecutor.swift
[269/1167] Compiling GRPCCore ClientRPCExecutor.swift
[270/1167] Compiling GRPCCore ClientRPCExecutor+OneShotExecutor.swift
[271/1167] Compiling GRPCCore Metadata.swift
[272/1167] Compiling Crypto EdDSA_boring.swift
[273/1167] Compiling Crypto MLDSA_boring.swift
[274/1167] Compiling Crypto MLDSA_wrapper.swift
[275/1167] Compiling Crypto ECDSA.swift
[276/1167] Compiling Crypto Ed25519.swift
[277/1167] Compiling Crypto MLDSA.swift
[278/1167] Compiling Crypto Signature.swift
[279/1167] Compiling Crypto CryptoKitErrors_boring.swift
[280/1167] Compiling Crypto Optional+withUnsafeBytes_boring.swift
[281/1167] Compiling Crypto NISTCurvesKeys.swift
[282/1167] Compiling Crypto X25519Keys.swift
[283/1167] Compiling Crypto SymmetricKeys.swift
[284/1167] Compiling Crypto HMAC.swift
[285/1167] Compiling Crypto MACFunctions.swift
[286/1167] Compiling Crypto MessageAuthenticationCode.swift
[287/1167] Compiling Crypto AES.swift
[288/1167] Compiling Crypto ECDSASignature_boring.swift
[289/1167] Compiling Crypto ECDSA_boring.swift
[290/1167] Compiling Crypto MLKEM_wrapper.swift
[291/1167] Compiling Crypto XWing_boring.swift
[292/1167] Compiling Crypto KEM-Errors.swift
[293/1167] Compiling Crypto KEM.swift
[294/1167] Compiling Crypto MLKEM.swift
[295/1167] Compiling Crypto XWing.swift
[296/1167] Compiling Crypto ECDH_boring.swift
[297/1167] Compiling Crypto DH.swift
[298/1167] Compiling Crypto ECDH.swift
[299/1176] Compiling GRPCCore UncheckedAsyncIteratorSequence.swift
[300/1176] Compiling GRPCCore RPCAsyncSequence.swift
[301/1176] Compiling GRPCCore RPCWriter+Closable.swift
[302/1176] Compiling GRPCCore RPCWriter.swift
[303/1176] Compiling GRPCCore RPCWriterProtocol.swift
[304/1176] Compiling Crypto NISTCurvesKeys_boring.swift
[305/1176] Compiling Crypto X25519Keys_boring.swift
[306/1176] Compiling Crypto Curve25519.swift
[307/1176] Compiling Crypto Ed25519Keys.swift
[307/1176] Compiling ssl_key_share.cc
[309/1176] Emitting module Crypto
[310/1176] Compiling GRPCCore RPCRouter.swift
[311/1176] Compiling GRPCCore RegistrableRPCService.swift
[312/1176] Compiling GRPCCore ServerContext+RPCCancellationHandle.swift
[313/1176] Compiling GRPCCore AsyncSequenceOfOne.swift
[314/1176] Compiling GRPCCore BroadcastAsyncSequence+RPCWriter.swift
[315/1176] Compiling GRPCCore BroadcastAsyncSequence.swift
[316/1176] Compiling GRPCCore GRPCAsyncThrowingStream.swift
[317/1176] Compiling GRPCCore RPCWriter+Map.swift
[318/1176] Compiling GRPCCore RPCWriter+MessageToRPCResponsePart.swift
[319/1176] Compiling GRPCCore RPCWriter+Serialize.swift
[330/1176] Compiling GRPCCore ClientResponse.swift
[331/1176] Compiling GRPCCore ClientRPCExecutor+HedgingExecutor.swift
[334/1176] Compiling GRPCCore MethodDescriptor.swift
[335/1176] Compiling GRPCCore RPCError.swift
[336/1176] Compiling GRPCCore RuntimeError.swift
[337/1176] Compiling GRPCCore ServiceDescriptor.swift
[338/1176] Compiling GRPCCore Status.swift
[339/1176] Compiling GRPCCore GRPCContiguousBytes.swift
[340/1176] Compiling GRPCCore MethodConfig.swift
[341/1176] Compiling GRPCCore ServiceConfig.swift
[342/1176] Compiling GRPCCore GRPCClient.swift
[343/1176] Compiling GRPCCore GRPCServer.swift
[344/1176] Compiling GRPCCore Base64.swift
[345/1176] Compiling GRPCCore UnsafeTransfer.swift
[346/1176] Compiling GRPCCore Metadata+GRPC.swift
[347/1176] Compiling GRPCCore MethodConfigs.swift
[348/1176] Compiling GRPCCore Result+Catching.swift
[349/1176] Compiling GRPCCore String+Extensions.swift
[350/1176] Compiling GRPCCore TaskGroup+CancellableTask.swift
[351/1176] Compiling GRPCCore ServerContext.swift
[352/1176] Compiling GRPCCore ServerInterceptor.swift
[353/1176] Compiling GRPCCore ServerRequest.swift
[354/1176] Compiling GRPCCore ServerResponse.swift
[355/1176] Compiling GRPCCore Coding.swift
[356/1176] Compiling GRPCCore CompressionAlgorithm.swift
[357/1176] Compiling GRPCCore ConditionalInterceptor.swift
[358/1176] Compiling GRPCCore ServerCancellationManager.swift
[359/1176] Compiling GRPCCore ServerRPCExecutor.swift
[359/1176] Compiling ssl_credential.cc
[360/1176] Compiling ssl_cipher.cc
[361/1176] Compiling ssl_lib.cc
[368/1182] Compiling ssl_cert.cc
[370/1182] Compiling Crypto RNG_boring.swift
[371/1182] Compiling Crypto SafeCompare_boring.swift
[372/1182] Compiling Crypto Zeroization_boring.swift
[373/1182] Compiling Crypto _CryptoModuleAnchor.swift
[374/1182] Compiling Crypto PrettyBytes.swift
[375/1182] Compiling Crypto SafeCompare.swift
[376/1182] Compiling Crypto SecureBytes.swift
[377/1182] Compiling Crypto Zeroization.swift
[378/1182] Compiling Crypto resource_bundle_accessor.swift
[379/1182] Compiling GRPCCore Timeout.swift
[380/1182] Compiling GRPCCore ClientTransport.swift
[381/1182] Compiling GRPCCore RPCParts.swift
[382/1182] Compiling GRPCCore RPCStream.swift
[383/1182] Compiling GRPCCore RetryThrottle.swift
[384/1182] Compiling GRPCCore ServerTransport.swift
[390/1182] Compiling ssl_buffer.cc
[391/1182] Compiling ssl_aead_ctx.cc
[392/1182] Compiling ssl_asn1.cc
[393/1182] Compiling s3_pkt.cc
[394/1182] Compiling s3_lib.cc
[395/1182] Compiling s3_both.cc
[409/1182] Compiling handshake_server.cc
[411/1182] Emitting module GRPCCore
[429/1182] Compiling handshake_client.cc
[430/1182] Compiling handshake.cc
[431/1182] Compiling handoff.cc
[432/1182] Compiling dtls_method.cc
[433/1182] Compiling d1_srtp.cc
[434/1182] Compiling dtls_record.cc
[447/1182] Compiling encrypted_client_hello.cc
[448/1182] Compiling md5-x86_64-linux.S
[449/1182] Compiling md5-x86_64-apple.S
[450/1182] Compiling md5-586-linux.S
[451/1182] Compiling extensions.cc
[452/1182] Compiling md5-586-apple.S
[453/1182] Compiling chacha20_poly1305_x86_64-linux.S
[454/1182] Compiling chacha20_poly1305_x86_64-apple.S
[455/1182] Compiling chacha20_poly1305_armv8-win.S
[456/1182] Compiling chacha20_poly1305_armv8-linux.S
[457/1182] Compiling chacha-x86_64-linux.S
[458/1182] Compiling chacha-x86_64-apple.S
[459/1182] Compiling chacha20_poly1305_armv8-apple.S
[460/1182] Compiling chacha-x86-linux.S
[461/1182] Compiling chacha-x86-apple.S
[462/1182] Compiling chacha-armv8-win.S
[463/1182] Compiling chacha-armv8-linux.S
[464/1182] Compiling chacha-armv4-linux.S
[465/1182] Compiling chacha-armv8-apple.S
[466/1182] Compiling aes128gcmsiv-x86_64-linux.S
[467/1182] Compiling x86_64-mont5-linux.S
[468/1182] Compiling aes128gcmsiv-x86_64-apple.S
[469/1182] Compiling x86_64-mont5-apple.S
[470/1182] Compiling x86_64-mont-linux.S
[471/1182] Compiling d1_pkt.cc
[472/1182] Compiling x86_64-mont-apple.S
[473/1182] Compiling x86-mont-apple.S
[474/1182] Compiling x86-mont-linux.S
[475/1182] Compiling vpaes-x86_64-linux.S
[476/1182] Compiling vpaes-x86_64-apple.S
[477/1182] Compiling vpaes-x86-linux.S
[478/1182] Compiling vpaes-x86-apple.S
[479/1182] Compiling err_data.cc
[480/1182] Compiling vpaes-armv8-linux.S
[481/1182] Compiling vpaes-armv8-win.S
[482/1182] Compiling vpaes-armv8-apple.S
[483/1182] Compiling vpaes-armv7-linux.S
[484/1182] Compiling sha512-x86_64-apple.S
[484/1182] Compiling sha512-x86_64-linux.S
[486/1182] Compiling sha512-armv8-win.S
[487/1182] Compiling sha512-armv8-linux.S
[488/1182] Compiling sha512-armv8-apple.S
[489/1182] Compiling sha512-armv4-linux.S
[490/1182] Compiling sha512-586-linux.S
[491/1182] Compiling sha512-586-apple.S
[492/1182] Compiling sha256-x86_64-linux.S
[493/1182] Compiling sha256-x86_64-apple.S
[494/1182] Compiling sha256-armv8-win.S
[495/1182] Compiling sha256-armv8-linux.S
[496/1182] Compiling d1_lib.cc
[497/1182] Compiling sha256-armv4-linux.S
[498/1182] Compiling sha256-586-apple.S
[498/1182] Compiling sha256-586-linux.S
[500/1182] Compiling sha256-armv8-apple.S
[501/1182] Compiling bio_ssl.cc
[502/1182] Compiling sha1-x86_64-linux.S
[503/1182] Compiling sha1-x86_64-apple.S
[504/1182] Compiling sha1-armv8-win.S
[505/1182] Compiling sha1-armv4-large-linux.S
[506/1182] Compiling sha1-586-linux.S
[507/1182] Compiling sha1-armv8-linux.S
[508/1182] Compiling rsaz-avx2-linux.S
[508/1182] Compiling sha1-586-apple.S
[510/1182] Compiling sha1-armv8-apple.S
[511/1182] Compiling d1_both.cc
[512/1182] Compiling rsaz-avx2-apple.S
[513/1182] Compiling rdrand-x86_64-linux.S
[514/1182] Compiling rdrand-x86_64-apple.S
[515/1182] Compiling p256_beeu-x86_64-asm-linux.S
[516/1182] Compiling p256_beeu-armv8-asm-win.S
[517/1182] Compiling p256_beeu-x86_64-asm-apple.S
[518/1182] Compiling p256_beeu-armv8-asm-apple.S
[519/1182] Compiling p256_beeu-armv8-asm-linux.S
[520/1182] Compiling p256-x86_64-asm-linux.S
[521/1182] Compiling p256-x86_64-asm-apple.S
[522/1182] Compiling p256-armv8-asm-linux.S
[522/1182] Compiling p256-armv8-asm-win.S
[524/1182] Compiling p256-armv8-asm-apple.S
[525/1182] Compiling ghashv8-armv8-linux.S
[526/1182] Compiling ghashv8-armv7-linux.S
[526/1182] Compiling ghashv8-armv8-win.S
[528/1182] Compiling ghash-x86_64-linux.S
[529/1182] Compiling ghashv8-armv8-apple.S
[530/1182] Compiling ghash-ssse3-x86_64-linux.S
[531/1182] Compiling ghash-x86-linux.S
[532/1182] Compiling ghash-x86_64-apple.S
[532/1182] Compiling ghash-x86-apple.S
[534/1182] Compiling ghash-ssse3-x86_64-apple.S
[535/1182] Compiling ghash-neon-armv8-win.S
[536/1182] Compiling ghash-neon-armv8-linux.S
[537/1182] Compiling ghash-neon-armv8-apple.S
[538/1182] Compiling ghash-ssse3-x86-apple.S
[539/1182] Compiling ghash-ssse3-x86-linux.S
[540/1182] Compiling co-586-linux.S
[541/1182] Compiling co-586-apple.S
[542/1182] Compiling ghash-armv4-linux.S
[543/1182] Compiling bsaes-armv7-linux.S
[544/1182] Compiling bn-armv8-linux.S
[545/1182] Compiling bn-armv8-win.S
[545/1182] Compiling bn-armv8-apple.S
[547/1182] Compiling bn-586-linux.S
[547/1182] Compiling bn-586-apple.S
[549/1182] Compiling armv8-mont-win.S
[550/1182] Compiling armv8-mont-linux.S
[551/1182] Compiling armv4-mont-linux.S
[552/1182] Compiling armv8-mont-apple.S
[553/1182] Compiling aesv8-gcm-armv8-win.S
[554/1182] Compiling aesv8-gcm-armv8-linux.S
[555/1182] Compiling aesv8-armv8-win.S
[556/1182] Compiling aesv8-armv8-linux.S
[557/1182] Compiling aesv8-armv7-linux.S
[558/1182] Compiling aesv8-armv8-apple.S
[559/1182] Compiling aesv8-gcm-armv8-apple.S
[560/1182] Compiling aesni-x86_64-apple.S
[561/1182] Compiling aesni-x86_64-linux.S
[562/1182] Compiling aesni-x86-linux.S
[563/1182] Compiling aesni-x86-apple.S
[564/1182] Compiling aesni-gcm-x86_64-linux.S
[565/1182] Compiling aesni-gcm-x86_64-apple.S
[566/1182] Compiling aes-gcm-avx10-x86_64-linux.S
[567/1182] Compiling aes-gcm-avx2-x86_64-linux.S
[568/1182] Compiling aes-gcm-avx2-x86_64-apple.S
[569/1182] Compiling aes-gcm-avx10-x86_64-apple.S
[570/1182] Compiling x_spki.cc
[571/1182] Compiling x_sig.cc
[572/1182] Compiling x_val.cc
[573/1182] Compiling x_x509.cc
[574/1182] Compiling x_x509a.cc
[575/1182] Compiling x_req.cc
[576/1182] Compiling x_exten.cc
[577/1182] Compiling x_pubkey.cc
[578/1182] Compiling x_crl.cc
[579/1182] Compiling x_name.cc
[580/1182] Compiling x_algor.cc
[581/1182] Compiling x509spki.cc
[582/1182] Compiling x_attrib.cc
[583/1182] Compiling x509rset.cc
[584/1182] Compiling x_all.cc
[585/1182] Compiling x509name.cc
[586/1182] Compiling x509cset.cc
[587/1182] Compiling x509_vpm.cc
[588/1182] Compiling x509_v3.cc
[589/1182] Compiling x509_vfy.cc
[590/1182] Compiling x509_txt.cc
[591/1182] Compiling x509_set.cc
[592/1182] Compiling x509_trs.cc
[593/1182] Compiling x509_def.cc
[594/1182] Compiling x509_req.cc
[595/1182] Compiling x509_obj.cc
[596/1182] Compiling x509_lu.cc
[597/1182] Compiling x509_d2.cc
[598/1182] Compiling x509_ext.cc
[599/1182] Compiling x509_cmp.cc
[600/1182] Compiling x509.cc
[601/1182] Compiling x509_att.cc
[602/1182] Compiling v3_skey.cc
[603/1182] Compiling v3_prn.cc
[604/1182] Compiling v3_ocsp.cc
[605/1182] Compiling v3_utl.cc
[606/1182] Compiling v3_pcons.cc
[607/1182] Compiling v3_purp.cc
[608/1182] Compiling v3_pmaps.cc
[609/1182] Compiling v3_ncons.cc
[610/1182] Compiling v3_int.cc
[611/1182] Compiling v3_lib.cc
[612/1182] Compiling v3_ia5.cc
[613/1182] Compiling v3_info.cc
[614/1182] Compiling v3_extku.cc
[615/1182] Compiling v3_genn.cc
[616/1182] Compiling v3_enum.cc
[617/1182] Compiling v3_conf.cc
[618/1182] Compiling v3_crld.cc
[619/1182] Compiling v3_cpols.cc
[620/1182] Compiling v3_bitst.cc
[621/1182] Compiling v3_bcons.cc
[622/1182] Compiling v3_akeya.cc
[623/1182] Compiling t_x509a.cc
[624/1182] Compiling v3_akey.cc
[625/1182] Compiling v3_alt.cc
[626/1182] Compiling t_x509.cc
[627/1182] Compiling t_crl.cc
[628/1182] Compiling t_req.cc
[629/1182] Compiling rsa_pss.cc
[630/1182] Compiling i2d_pr.cc
[631/1182] Compiling policy.cc
[632/1182] Compiling name_print.cc
[633/1182] Compiling by_file.cc
[634/1182] Compiling by_dir.cc
[635/1182] Compiling algorithm.cc
[636/1182] Compiling asn1_gen.cc
[637/1182] Compiling a_verify.cc
[638/1182] Compiling a_digest.cc
[639/1182] Compiling a_sign.cc
[640/1182] Compiling voprf.cc
[641/1182] Compiling thread_win.cc
[642/1182] Compiling thread.cc
[643/1182] Compiling thread_pthread.cc
[644/1182] Compiling thread_none.cc
[645/1182] Compiling stack.cc
[646/1182] Compiling trust_token.cc
[647/1182] Compiling pmbtoken.cc
[648/1182] Compiling slhdsa.cc
[649/1182] Compiling spake2plus.cc
[650/1182] Compiling siphash.cc
[651/1182] Compiling sha512.cc
[652/1182] Compiling sha256.cc
[653/1182] Compiling sha1.cc
[654/1182] Compiling rsa_print.cc
[655/1182] Compiling rsa_extra.cc
[656/1182] Compiling rsa_crypt.cc
[657/1182] Compiling refcount.cc
[658/1182] Compiling rc4.cc
[659/1182] Compiling rsa_asn1.cc
[660/1182] Compiling trusty.cc
[661/1182] Compiling urandom.cc
[662/1182] Compiling windows.cc
[663/1182] Compiling ios.cc
[664/1182] Compiling rand.cc
[665/1182] Compiling passive.cc
[666/1182] Compiling poly1305_arm_asm.S
[667/1182] Compiling getentropy.cc
[668/1182] Compiling forkunsafe.cc
[669/1182] Compiling fork_detect.cc
[670/1182] Compiling deterministic.cc
[671/1182] Compiling poly1305_vec.cc
[672/1182] Compiling poly1305_arm.cc
[673/1182] Compiling poly1305.cc
[674/1182] Compiling pool.cc
[675/1182] Compiling pkcs8.cc
[676/1182] Compiling pkcs7.cc
[676/1182] Compiling pkcs8_x509.cc
[678/1182] Compiling p5_pbev2.cc
[679/1182] Compiling pkcs7_x509.cc
[680/1182] Compiling pem_xaux.cc
[681/1182] Compiling pem_x509.cc
[682/1182] Compiling pem_pkey.cc
[683/1182] Compiling pem_pk8.cc
[684/1182] Compiling pem_oth.cc
[685/1182] Compiling mlkem.cc
[686/1182] Compiling obj_xref.cc
[687/1182] Compiling pem_info.cc
[688/1182] Compiling pem_lib.cc
[689/1182] Compiling pem_all.cc
[690/1182] Compiling mldsa.cc
[691/1182] Compiling poly_rq_mul.S
[692/1182] Compiling obj.cc
[693/1182] Compiling mem.cc
[694/1182] Compiling fips_shared_support.cc
[695/1182] Compiling md5.cc
[696/1182] Compiling md4.cc
[697/1182] Compiling lhash.cc
[698/1182] Compiling kyber.cc
[699/1182] Compiling ex_data.cc
[700/1182] Compiling sign.cc
[701/1182] Compiling scrypt.cc
[702/1182] Compiling print.cc
[703/1182] Compiling pbkdf.cc
[704/1182] Compiling hpke.cc
[705/1182] Compiling hrss.cc
[706/1182] Compiling p_x25519_asn1.cc
[707/1182] Compiling p_x25519.cc
[708/1182] Compiling p_ed25519.cc
[709/1182] Compiling p_rsa_asn1.cc
[710/1182] Compiling p_rsa.cc
[711/1182] Compiling p_hkdf.cc
[712/1182] Compiling p_ec.cc
[713/1182] Compiling p_ed25519_asn1.cc
[714/1182] Compiling p_ec_asn1.cc
[715/1182] Compiling p_dh_asn1.cc
[716/1182] Compiling p_dsa_asn1.cc
[717/1182] Compiling p_dh.cc
[718/1182] Compiling evp_ctx.cc
[719/1182] Compiling evp.cc
[720/1182] Compiling err.cc
[721/1182] Compiling engine.cc
[722/1182] Compiling evp_asn1.cc
[723/1182] Compiling ecdsa_asn1.cc
[724/1182] Compiling ecdh.cc
[725/1182] Compiling hash_to_curve.cc
[726/1182] Compiling ec_derive.cc
[727/1182] Compiling dsa.cc
[728/1182] Compiling ec_asn1.cc
[729/1182] Compiling dsa_asn1.cc
[730/1182] Compiling digest_extra.cc
[731/1182] Compiling params.cc
[732/1182] Compiling bcm.cc
[733/1182] Compiling x25519-asm-arm.S
[734/1182] Compiling des.cc
[735/1182] Compiling dh_asn1.cc
[736/1182] Compiling curve25519_64_adx.cc
[737/1182] Compiling spake25519.cc
[738/1182] Compiling cpu_intel.cc
[739/1182] Compiling crypto.cc
[740/1182] Compiling cpu_arm_linux.cc
[741/1182] Compiling cpu_arm_freebsd.cc
[742/1182] Compiling curve25519.cc
[743/1182] Compiling cpu_aarch64_win.cc
[744/1182] Compiling cpu_aarch64_sysreg.cc
[745/1182] Compiling cpu_aarch64_openbsd.cc
[746/1182] Compiling cpu_aarch64_linux.cc
[747/1182] Compiling cpu_aarch64_fuchsia.cc
[748/1182] Compiling cpu_aarch64_apple.cc
[749/1182] Compiling get_cipher.cc
[750/1182] Compiling conf.cc
[751/1182] Compiling tls_cbc.cc
[752/1182] Compiling e_rc4.cc
[753/1182] Compiling e_tls.cc
[754/1182] Compiling e_rc2.cc
[755/1182] Compiling e_null.cc
[756/1182] Compiling e_des.cc
[757/1182] Compiling e_chacha20poly1305.cc
[758/1182] Compiling derive_key.cc
[759/1182] Compiling e_aesgcmsiv.cc
[760/1182] Compiling chacha.cc
[761/1182] Compiling e_aesctrhmac.cc
[762/1182] Compiling unicode.cc
[763/1182] Compiling cbs.cc
[764/1182] Compiling cbb.cc
[765/1182] Compiling ber.cc
[766/1182] Compiling asn1_compat.cc
[767/1182] Compiling buf.cc
[768/1182] Compiling blake2.cc
[769/1182] Compiling socket_helper.cc
[770/1182] Compiling bn_asn1.cc
[771/1182] Compiling convert.cc
[772/1182] Compiling socket.cc
[773/1182] Compiling printf.cc
[774/1182] Compiling pair.cc
[775/1182] Compiling hexdump.cc
[776/1182] Compiling file.cc
[777/1182] Compiling fd.cc
[778/1182] Compiling errno.cc
[779/1182] Compiling connect.cc
[780/1182] Compiling bio_mem.cc
[781/1182] Compiling base64.cc
[782/1182] Compiling bio.cc
[783/1182] Compiling tasn_typ.cc
[784/1182] Compiling tasn_fre.cc
[785/1182] Compiling tasn_enc.cc
[785/1182] Compiling tasn_utl.cc
[787/1182] Compiling tasn_new.cc
[788/1182] Compiling posix_time.cc
[789/1182] Compiling f_string.cc
[790/1182] Compiling tasn_dec.cc
[791/1182] Compiling f_int.cc
[792/1182] Compiling asn_pack.cc
[793/1182] Compiling asn1_par.cc
[794/1182] Compiling asn1_lib.cc
[795/1182] Compiling a_utctm.cc
[796/1182] Compiling a_type.cc
[797/1182] Compiling a_time.cc
[798/1182] Compiling a_octet.cc
[799/1182] Compiling a_strnid.cc
[800/1182] Compiling a_strex.cc
[801/1182] Compiling a_object.cc
[802/1182] Compiling a_mbstr.cc
[803/1182] Compiling a_int.cc
[804/1182] Compiling fiat_p256_adx_sqr.S
[805/1182] Compiling a_i2d_fp.cc
[806/1182] Compiling a_dup.cc
[807/1182] Compiling fiat_p256_adx_mul.S
[808/1182] Compiling fiat_curve25519_adx_square.S
[809/1182] Compiling a_d2i_fp.cc
[810/1182] Compiling fiat_curve25519_adx_mul.S
[811/1182] Compiling md5-x86_64-linux.S
[812/1182] Compiling md5-x86_64-apple.S
[813/1182] Compiling a_gentm.cc
[814/1182] Compiling a_bitstr.cc
[815/1182] Compiling md5-586-linux.S
[816/1182] Compiling md5-586-apple.S
[817/1182] Compiling a_bool.cc
[818/1182] Compiling chacha20_poly1305_x86_64-linux.S
[819/1182] Compiling chacha20_poly1305_x86_64-apple.S
[820/1182] Compiling chacha20_poly1305_armv8-linux.S
[821/1182] Compiling chacha20_poly1305_armv8-win.S
[822/1182] Compiling chacha-x86_64-linux.S
[823/1182] Compiling chacha20_poly1305_armv8-apple.S
[824/1182] Compiling chacha-x86_64-apple.S
[825/1182] Compiling chacha-x86-linux.S
[826/1182] Compiling chacha-armv8-win.S
[827/1182] Compiling chacha-x86-apple.S
[828/1182] Compiling chacha-armv8-linux.S
[829/1182] Compiling chacha-armv4-linux.S
[830/1182] Compiling aes128gcmsiv-x86_64-linux.S
[831/1182] Compiling x86_64-mont5-linux.S
[831/1182] Compiling aes128gcmsiv-x86_64-apple.S
[833/1182] Compiling chacha-armv8-apple.S
[834/1182] Compiling x86_64-mont5-apple.S
[835/1182] Compiling x86-mont-linux.S
[836/1182] Compiling x86_64-mont-apple.S
[836/1182] Compiling x86_64-mont-linux.S
[838/1182] Compiling x86-mont-apple.S
[839/1182] Compiling vpaes-x86_64-linux.S
[840/1182] Compiling vpaes-x86_64-apple.S
[841/1182] Compiling vpaes-x86-linux.S
[842/1182] Compiling vpaes-armv8-linux.S
[843/1182] Compiling vpaes-armv8-win.S
[844/1182] Compiling vpaes-x86-apple.S
[845/1182] Compiling vpaes-armv8-apple.S
[846/1182] Compiling CCryptoBoringSSLShims shims.c
[847/1182] Compiling err_data.cc
[847/1182] Compiling vpaes-armv7-linux.S
[849/1182] Compiling sha512-x86_64-linux.S
[850/1182] Compiling sha512-armv8-win.S
[850/1182] Compiling sha512-armv8-linux.S
[852/1182] Compiling sha512-x86_64-apple.S
[853/1182] Compiling sha512-armv8-apple.S
[854/1182] Compiling sha512-armv4-linux.S
[855/1182] Compiling sha512-586-linux.S
[855/1182] Compiling sha512-586-apple.S
[857/1182] Compiling sha256-x86_64-linux.S
[857/1182] Compiling sha256-armv8-win.S
[859/1182] Compiling sha256-x86_64-apple.S
[860/1182] Compiling sha256-armv8-linux.S
[861/1182] Compiling sha256-armv4-linux.S
[862/1182] Compiling sha256-armv8-apple.S
[863/1182] Compiling sha256-586-apple.S
[864/1182] Compiling sha256-586-linux.S
[865/1182] Compiling sha1-x86_64-linux.S
[865/1182] Compiling sha1-armv8-win.S
[867/1182] Compiling sha1-x86_64-apple.S
[867/1182] Compiling sha1-armv8-linux.S
[869/1182] Compiling sha1-586-linux.S
[870/1182] Compiling sha1-armv4-large-linux.S
[871/1182] Compiling sha1-586-apple.S
[872/1182] Compiling sha1-armv8-apple.S
[873/1182] Compiling rsaz-avx2-linux.S
[874/1182] Compiling rdrand-x86_64-linux.S
[875/1182] Compiling rdrand-x86_64-apple.S
[875/1182] Compiling rsaz-avx2-apple.S
[877/1182] Compiling p256_beeu-armv8-asm-win.S
[878/1182] Compiling p256_beeu-x86_64-asm-linux.S
[879/1182] Compiling p256_beeu-armv8-asm-linux.S
[880/1182] Compiling p256_beeu-x86_64-asm-apple.S
[881/1182] Compiling p256_beeu-armv8-asm-apple.S
[882/1182] Compiling p256-x86_64-asm-linux.S
[883/1182] Compiling p256-x86_64-asm-apple.S
[884/1182] Compiling p256-armv8-asm-win.S
[885/1182] Compiling p256-armv8-asm-linux.S
[886/1182] Compiling ghashv8-armv8-win.S
[887/1182] Compiling ghashv8-armv8-linux.S
[888/1182] Compiling p256-armv8-asm-apple.S
[889/1182] Compiling ghash-x86_64-linux.S
[890/1182] Compiling ghashv8-armv7-linux.S
[891/1182] Compiling ghashv8-armv8-apple.S
[892/1182] Compiling ghash-x86_64-apple.S
[893/1182] Compiling ghash-x86-linux.S
[894/1182] Compiling ghash-ssse3-x86_64-linux.S
[895/1182] Compiling ghash-x86-apple.S
[896/1182] Compiling ghash-ssse3-x86-linux.S
[897/1182] Compiling ghash-ssse3-x86_64-apple.S
[898/1182] Compiling ghash-neon-armv8-linux.S
[899/1182] Compiling ghash-ssse3-x86-apple.S
[899/1182] Compiling ghash-neon-armv8-win.S
[901/1182] Compiling ghash-armv4-linux.S
[902/1182] Compiling co-586-linux.S
[903/1182] Compiling ghash-neon-armv8-apple.S
[904/1182] Compiling co-586-apple.S
[905/1182] Compiling bn-armv8-win.S
[905/1182] Compiling bn-armv8-apple.S
[907/1182] Compiling bsaes-armv7-linux.S
[907/1182] Compiling bn-armv8-linux.S
[909/1182] Compiling bn-586-linux.S
[910/1182] Compiling bn-586-apple.S
[911/1182] Compiling armv8-mont-win.S
[912/1182] Compiling aesv8-gcm-armv8-linux.S
[913/1182] Compiling aesv8-gcm-armv8-win.S
[913/1182] Compiling armv8-mont-linux.S
[915/1182] Compiling armv8-mont-apple.S
[916/1182] Compiling armv4-mont-linux.S
[917/1182] Compiling aesv8-armv8-win.S
[918/1182] Compiling aesv8-armv8-linux.S
[919/1182] Compiling aesv8-gcm-armv8-apple.S
[920/1182] Compiling aesni-x86_64-linux.S
[921/1182] Compiling aesv8-armv7-linux.S
[922/1182] Compiling aesv8-armv8-apple.S
[923/1182] Compiling aesni-x86_64-apple.S
[923/1182] Compiling aesni-x86-linux.S
[925/1182] Compiling aesni-x86-apple.S
[926/1182] Compiling aesni-gcm-x86_64-linux.S
[926/1182] Compiling aesni-gcm-x86_64-apple.S
[928/1182] Compiling aes-gcm-avx512-x86_64-linux.S
[929/1182] Compiling aes-gcm-avx2-x86_64-linux.S
[930/1182] Compiling aes-gcm-avx512-x86_64-apple.S
[931/1182] Compiling aes-gcm-avx2-x86_64-apple.S
[932/1182] Compiling c-nioatomics.c
[933/1182] Compiling xwing.cc
[934/1182] Compiling x_sig.cc
[934/1182] Compiling x_spki.cc
[936/1182] Compiling x_x509a.cc
[937/1182] Compiling x_req.cc
[938/1182] Compiling x_name.cc
[938/1182] Compiling x_x509.cc
[940/1182] Compiling c-atomics.c
[941/1182] Compiling x_pubkey.cc
[942/1182] Compiling x_exten.cc
[943/1189] Compiling x_crl.cc
[945/1189] Compiling NIOConcurrencyHelpers lock.swift
[945/1189] Compiling x_attrib.cc
[946/1189] Compiling x509spki.cc
[947/1189] Compiling x509rset.cc
[948/1189] Compiling x_all.cc
[949/1189] Compiling x509name.cc
[950/1189] Compiling x509cset.cc
[951/1189] Compiling x_algor.cc
[952/1189] Compiling x509_vpm.cc
[954/1189] Compiling NIOConcurrencyHelpers NIOLockedValueBox.swift
[955/1189] Compiling NIOConcurrencyHelpers NIOThreadPoolWorkAvailable.swift
[956/1189] Compiling NIOConcurrencyHelpers NIOLock.swift
[957/1189] Compiling NIOConcurrencyHelpers NIOAtomic.swift
[958/1189] Emitting module NIOConcurrencyHelpers
[959/1189] Compiling NIOConcurrencyHelpers atomics.swift
[959/1189] Compiling x509_vfy.cc
[960/1189] Compiling x509_txt.cc
[961/1189] Compiling x509_v3.cc
[962/1189] Compiling x509_trs.cc
[963/1189] Compiling x509_set.cc
[964/1189] Compiling x509_req.cc
[965/1189] Compiling x509_obj.cc
[966/1189] Compiling x509_lu.cc
[967/1189] Compiling x509_ext.cc
[968/1189] Compiling x509_def.cc
[969/1189] Compiling x509_d2.cc
[970/1189] Compiling x509.cc
[971/1189] Compiling x509_cmp.cc
[972/1189] Compiling x509_att.cc
[973/1189] Compiling v3_skey.cc
[974/1189] Compiling v3_prn.cc
[975/1189] Compiling v3_purp.cc
[976/1189] Compiling v3_utl.cc
[977/1189] Compiling v3_pmaps.cc
[978/1189] Compiling v3_pcons.cc
[979/1189] Compiling v3_ocsp.cc
[980/1189] Compiling v3_ncons.cc
[981/1189] Compiling v3_int.cc
[982/1189] Compiling v3_lib.cc
[983/1189] Compiling v3_genn.cc
[984/1189] Compiling v3_ia5.cc
[985/1189] Compiling v3_extku.cc
[986/1189] Compiling v3_info.cc
[987/1189] Compiling v3_enum.cc
[988/1189] Compiling v3_crld.cc
[989/1189] Compiling v3_cpols.cc
[990/1189] Compiling v3_bitst.cc
[991/1189] Compiling v3_conf.cc
[992/1189] Compiling v3_bcons.cc
[993/1189] Compiling v3_akeya.cc
[994/1189] Compiling v3_alt.cc
[995/1189] Compiling t_x509a.cc
[995/1189] Compiling v3_akey.cc
[997/1189] Compiling t_x509.cc
[998/1189] Compiling t_req.cc
[999/1189] Compiling t_crl.cc
[1000/1189] Compiling i2d_pr.cc
[1001/1189] Compiling rsa_pss.cc
[1002/1189] Compiling name_print.cc
[1003/1189] Compiling policy.cc
[1004/1189] Compiling by_file.cc
[1005/1189] Compiling asn1_gen.cc
[1006/1189] Compiling by_dir.cc
[1007/1189] Compiling algorithm.cc
[1008/1189] Compiling a_verify.cc
[1009/1189] Compiling a_sign.cc
[1010/1189] Compiling thread_win.cc
[1011/1189] Compiling a_digest.cc
[1012/1189] Compiling thread_pthread.cc
[1013/1189] Compiling thread.cc
[1014/1189] Compiling thread_none.cc
[1015/1189] Compiling stack.cc
[1016/1189] Compiling trust_token.cc
[1016/1189] Compiling voprf.cc
[1018/1189] Compiling pmbtoken.cc
[1019/1189] Compiling siphash.cc
[1020/1189] Compiling sha512.cc
[1021/1189] Compiling sha1.cc
[1022/1189] Compiling sha256.cc
[1023/1189] Compiling spake2plus.cc
[1024/1189] Compiling rsa_extra.cc
[1025/1189] Compiling slhdsa.cc
[1026/1189] Compiling rsa_print.cc
[1027/1189] Compiling rsa_crypt.cc
[1028/1189] Compiling rc4.cc
[1029/1189] Compiling urandom.cc
[1030/1189] Compiling refcount.cc
[1031/1189] Compiling trusty.cc
[1032/1189] Compiling windows.cc
[1033/1189] Compiling rsa_asn1.cc
[1034/1189] Compiling poly1305_arm_asm.S
[1035/1189] Compiling rand.cc
[1035/1189] Compiling ios.cc
[1037/1189] Compiling passive.cc
[1038/1189] Compiling getentropy.cc
[1039/1189] Compiling deterministic.cc
[1040/1189] Compiling forkunsafe.cc
[1041/1189] Compiling fork_detect.cc
[1042/1189] Compiling poly1305_vec.cc
[1043/1189] Compiling poly1305_arm.cc
[1044/1189] Compiling poly1305.cc
[1045/1189] Compiling pool.cc
[1046/1189] Compiling pkcs8.cc
[1047/1189] Compiling p5_pbev2.cc
[1048/1189] Compiling pkcs8_x509.cc
[1049/1189] Compiling pkcs7.cc
[1050/1189] Compiling pem_xaux.cc
[1051/1189] Compiling pem_x509.cc
[1052/1189] Compiling pkcs7_x509.cc
[1053/1189] Compiling pem_pkey.cc
[1054/1189] Compiling pem_pk8.cc
[1055/1189] Compiling pem_oth.cc
[1056/1189] Compiling mlkem.cc
[1057/1189] Compiling pem_lib.cc
[1058/1189] Compiling pem_all.cc
[1059/1189] Compiling mldsa.cc
[1060/1189] Compiling pem_info.cc
[1060/1189] Compiling obj_xref.cc
[1062/1189] Compiling poly_rq_mul.S
[1063/1189] Compiling mem.cc
[1064/1189] Compiling fips_shared_support.cc
[1065/1189] Compiling obj.cc
[1066/1189] Compiling md5.cc
[1067/1189] Compiling md4.cc
[1068/1189] Compiling lhash.cc
[1069/1189] Compiling fuzzer_mode.cc
[1070/1189] Compiling ex_data.cc
[1071/1189] Compiling kyber.cc
[1072/1189] Compiling hpke.cc
[1073/1189] Compiling scrypt.cc
[1074/1189] Compiling hrss.cc
[1075/1189] Compiling print.cc
[1076/1189] Compiling sign.cc
[1077/1189] Compiling pbkdf.cc
[1078/1189] Compiling p_x25519_asn1.cc
[1079/1189] Compiling p_x25519.cc
[1080/1189] Compiling p_rsa_asn1.cc
[1081/1189] Compiling p_hkdf.cc
[1082/1189] Compiling p_ed25519_asn1.cc
[1083/1189] Compiling p_rsa.cc
[1084/1189] Compiling p_ed25519.cc
[1085/1189] Compiling p_ec_asn1.cc
[1086/1189] Compiling p_ec.cc
[1087/1189] Compiling p_dsa_asn1.cc
[1088/1189] Compiling p_dh_asn1.cc
[1089/1189] Compiling err.cc
[1090/1189] Compiling p_dh.cc
[1091/1189] Compiling engine.cc
[1092/1189] Compiling evp_ctx.cc
[1093/1189] Compiling evp.cc
[1094/1189] Compiling ecdsa_p1363.cc
[1095/1189] Compiling evp_asn1.cc
[1096/1189] Compiling ecdh.cc
[1097/1189] Compiling ec_derive.cc
[1098/1189] Compiling ecdsa_asn1.cc
[1099/1189] Compiling hash_to_curve.cc
[1100/1189] Compiling dsa.cc
[1101/1189] Compiling dsa_asn1.cc
[1102/1189] Compiling digest_extra.cc
[1103/1189] Compiling x25519-asm-arm.S
[1104/1189] Compiling ec_asn1.cc
[1105/1189] Compiling params.cc
[1106/1189] Compiling des.cc
[1107/1189] Compiling dh_asn1.cc
[1108/1189] Compiling curve25519_64_adx.cc
[1109/1189] Compiling spake25519.cc
[1110/1189] Compiling cpu_intel.cc
[1111/1189] Compiling crypto.cc
[1112/1189] Compiling cpu_arm_linux.cc
[1113/1189] Compiling cpu_arm_freebsd.cc
[1114/1189] Compiling curve25519.cc
[1115/1189] Compiling cpu_aarch64_win.cc
[1116/1189] Compiling cpu_aarch64_sysreg.cc
[1117/1189] Compiling cpu_aarch64_openbsd.cc
[1118/1189] Compiling cpu_aarch64_linux.cc
[1119/1189] Compiling cpu_aarch64_fuchsia.cc
[1120/1189] Compiling cpu_aarch64_apple.cc
[1121/1189] Compiling conf.cc
[1122/1189] Compiling tls_cbc.cc
[1123/1189] Compiling get_cipher.cc
[1124/1189] Compiling e_tls.cc
[1125/1189] Compiling e_rc4.cc
[1126/1189] Compiling cms.cc
[1127/1189] Compiling e_rc2.cc
[1128/1189] Compiling e_null.cc
[1129/1189] Compiling e_des.cc
[1130/1189] Compiling e_chacha20poly1305.cc
[1131/1189] Compiling e_aesgcmsiv.cc
[1132/1189] Compiling e_aeseax.cc
[1133/1189] Compiling e_aesctrhmac.cc
[1134/1189] Compiling derive_key.cc
[1135/1189] Compiling chacha.cc
[1136/1189] Compiling unicode.cc
[1137/1189] Compiling cbb.cc
[1138/1189] Compiling cbs.cc
[1139/1189] Compiling ber.cc
[1140/1189] Compiling buf.cc
[1141/1189] Compiling asn1_compat.cc
[1142/1189] Compiling sqrt.cc
[1143/1189] Compiling exponentiation.cc
[1144/1189] Compiling div.cc
[1145/1189] Compiling blake2.cc
[1146/1189] Compiling convert.cc
[1147/1189] Compiling printf.cc
[1148/1189] Compiling hexdump.cc
[1149/1189] Compiling pair.cc
[1150/1189] Compiling file.cc
[1151/1189] Compiling bn_asn1.cc
[1152/1189] Compiling fd.cc
[1153/1189] Compiling errno.cc
[1154/1189] Compiling bio_mem.cc
[1155/1189] Compiling base64.cc
[1156/1189] Compiling bio.cc
[1157/1189] Compiling tasn_typ.cc
[1158/1189] Compiling tasn_fre.cc
[1159/1189] Compiling tasn_enc.cc
[1160/1189] Compiling tasn_utl.cc
[1161/1189] Compiling tasn_new.cc
[1162/1189] Compiling tasn_dec.cc
[1163/1189] Compiling posix_time.cc
[1164/1189] Compiling f_string.cc
[1165/1189] Compiling bcm.cc
[1165/1189] Compiling f_int.cc
[1167/1189] Compiling asn1_par.cc
[1168/1189] Compiling asn_pack.cc
[1169/1189] Compiling asn1_lib.cc
[1170/1189] Compiling a_utctm.cc
[1171/1189] Compiling a_type.cc
[1172/1189] Compiling a_time.cc
[1173/1189] Compiling a_octet.cc
[1174/1189] Compiling a_strnid.cc
[1175/1189] Compiling a_strex.cc
[1176/1189] Compiling a_object.cc
[1177/1189] Compiling a_mbstr.cc
[1177/1189] Write sources
[1180/1189] Compiling a_int.cc
[1181/1189] Compiling CAsyncHTTPClient CAsyncHTTPClient.c
[1182/1189] Compiling a_i2d_fp.cc
[1183/1189] Compiling a_dup.cc
[1184/1189] Compiling a_d2i_fp.cc
[1185/1207] Compiling a_gentm.cc
[1186/1227] Compiling aes.cc
[1187/1234] Compiling a_bool.cc
[1188/1234] Compiling a_bitstr.cc
[1190/1234] Compiling Algorithms Suffix.swift
[1191/1234] Compiling Algorithms Trim.swift
[1192/1245] Compiling Algorithms Permutations.swift
[1193/1245] Compiling Algorithms Product.swift
[1194/1246] Compiling Atomics Unmanaged extensions.swift
[1195/1246] Compiling Algorithms MinMax.swift
[1196/1246] Compiling Algorithms Partition.swift
[1197/1246] Compiling Algorithms Indexed.swift
[1198/1246] Compiling Algorithms Intersperse.swift
[1199/1246] Compiling Algorithms Joined.swift
[1200/1246] Compiling Algorithms Keyed.swift
[1201/1246] Compiling Algorithms FlattenCollection.swift
[1202/1246] Compiling Algorithms Grouped.swift
[1203/1246] Compiling Algorithms Unique.swift
[1204/1246] Compiling Algorithms Windows.swift
[1205/1246] Compiling Algorithms EitherSequence.swift
[1206/1246] Compiling Algorithms FirstNonNil.swift
[1208/1246] Compiling Algorithms Combinations.swift
[1209/1246] Compiling Algorithms Compacted.swift
[1210/1246] Compiling Algorithms Cycle.swift
[1211/1246] Compiling Algorithms Split.swift
[1212/1246] Compiling Algorithms Stride.swift
[1213/1246] Compiling Algorithms RandomSample.swift
[1214/1246] Compiling Algorithms Reductions.swift
[1215/1246] Compiling Algorithms Rotate.swift
[1227/1246] Compiling Algorithms Chunked.swift
[1231/1246] Compiling CryptoBoringWrapper resource_bundle_accessor.swift
[1232/1246] Compiling CryptoBoringWrapper RandomBytes.swift
[1233/1246] Compiling CryptoBoringWrapper FiniteFieldArithmeticContext.swift
[1234/1246] Compiling Algorithms AdjacentPairs.swift
[1235/1246] Compiling Algorithms Chain.swift
[1237/1246] Compiling CryptoBoringWrapper EllipticCurve.swift
[1238/1246] Compiling CryptoBoringWrapper CryptoKitErrors_boring.swift
[1239/1246] Compiling CryptoBoringWrapper EllipticCurvePoint.swift
[1240/1246] Compiling CryptoBoringWrapper ArbitraryPrecisionInteger.swift
[1241/1246] Emitting module CryptoBoringWrapper
[1242/1246] Compiling CryptoBoringWrapper BoringSSLAEAD.swift
[1243/1246] Emitting module Atomics
[1246/1375] Emitting module Algorithms
[1247/1375] Compiling NIOCore EventLoopFuture+AssumeIsolated.swift
[1248/1375] Compiling NIOCore EventLoopFuture+Deprecated.swift
[1249/1375] Compiling NIOCore EventLoopFuture+WithEventLoop.swift
[1250/1375] Compiling NIOCore EventLoopFuture.swift
[1251/1375] Compiling NIOCore FileDescriptor.swift
[1252/1375] Compiling NIOCore FileHandle.swift
[1253/1375] Compiling NIOCore FileRegion.swift
[1254/1382] Compiling NIOCore Channel.swift
[1255/1382] Compiling NIOCore NIOAsyncWriter.swift
[1256/1382] Compiling NIOCore NIOThrowingAsyncSequenceProducer.swift
[1257/1382] Compiling NIOCore BSDSocketAPI.swift
[1258/1382] Compiling NIOCore ByteBuffer-aux.swift
[1259/1382] Compiling NIOCore ByteBuffer-binaryEncodedLengthPrefix.swift
[1260/1382] Compiling NIOCore ByteBuffer-conversions.swift
[1261/1382] Compiling NIOCore MarkedCircularBuffer.swift
[1262/1382] Compiling NIOCore MulticastChannel.swift
[1263/1382] Compiling NIOCore NIOAny.swift
[1264/1382] Compiling NIOCore NIOCloseOnErrorHandler.swift
[1265/1382] Compiling NIOCore NIOCoreSendableMetatype.swift
[1266/1382] Compiling NIOCore NIODecodedAsyncSequence.swift
[1267/1382] Compiling NIOCore NIOLoopBound.swift
[1268/1382] Compiling NIOCore NIOPooledRecvBufferAllocator.swift
[1269/1382] Compiling NIOCore NIOScheduledCallback.swift
[1270/1382] Compiling NIOCore NIOSendable.swift
[1271/1382] Compiling NIOCore NIOSplitLinesMessageDecoder.swift
[1272/1382] Compiling NIOCore NIOTransportAccessibleChannelCore.swift
[1273/1382] Compiling NIOCore RecvByteBufferAllocator.swift
[1274/1382] Compiling CryptoExtras ThreadSpecific.swift
[1275/1389] Compiling NIOCore IO.swift
[1276/1389] Compiling NIOCore IOData.swift
[1277/1389] Compiling NIOCore IPProtocol.swift
[1278/1389] Compiling NIOCore IntegerBitPacking.swift
[1279/1389] Compiling NIOCore IntegerTypes.swift
[1280/1389] Compiling NIOCore Interfaces.swift
[1281/1389] Compiling NIOCore Linux.swift
[1282/1389] Emitting module CryptoExtras
[1284/1389] Compiling NIOCore SocketAddresses.swift
[1285/1389] Compiling NIOCore SocketOptionProvider.swift
[1286/1389] Compiling NIOCore SystemCallHelpers.swift
[1287/1389] Compiling NIOCore TimeAmount+Duration.swift
[1288/1389] Compiling NIOCore TypeAssistedChannelHandler.swift
[1289/1389] Compiling NIOCore UniversalBootstrapSupport.swift
[1290/1389] Compiling NIOCore ConvenienceOptionSupport.swift
[1291/1389] Compiling NIOCore DeadChannel.swift
[1292/1389] Compiling NIOCore DispatchQueue+WithFuture.swift
[1293/1389] Compiling NIOCore EventLoop+Deprecated.swift
[1294/1389] Compiling NIOCore EventLoop+SerialExecutor.swift
[1295/1389] Compiling NIOCore EventLoop.swift
[1303/1389] Compiling NIOCore GlobalSingletons.swift
[1325/1389] Compiling NIOCore AddressedEnvelope.swift
[1326/1389] Compiling NIOCore AsyncAwaitSupport.swift
[1327/1389] Compiling NIOCore AsyncChannel.swift
[1328/1389] Compiling NIOCore AsyncChannelHandler.swift
[1329/1389] Compiling NIOCore AsyncChannelInboundStream.swift
[1330/1389] Compiling NIOCore AsyncChannelOutboundWriter.swift
[1331/1389] Compiling NIOCore NIOAsyncSequenceProducer.swift
[1332/1389] Compiling NIOCore NIOAsyncSequenceProducerStrategies.swift
[1333/1389] Compiling NIOCore ByteBuffer-hex.swift
[1334/1389] Compiling NIOCore ByteBuffer-int.swift
[1335/1389] Compiling NIOCore ByteBuffer-lengthPrefix.swift
[1336/1389] Compiling NIOCore ByteBuffer-multi-int.swift
[1337/1389] Compiling NIOCore ByteBuffer-quicBinaryEncodingStrategy.swift
[1338/1389] Compiling NIOCore ByteBuffer-views.swift
[1345/1389] Compiling NIOCore Utilities.swift
[1346/1389] Compiling NIOCore ByteBuffer-core.swift
[1347/1389] Compiling NIOCore ChannelHandler.swift
[1348/1389] Compiling NIOCore ChannelHandlers.swift
[1349/1389] Compiling NIOCore ChannelInvoker.swift
[1350/1389] Compiling NIOCore ChannelOption.swift
[1351/1389] Compiling NIOCore ChannelPipeline.swift
[1352/1389] Compiling NIOCore CircularBuffer.swift
[1353/1389] Compiling NIOCore Codec.swift
[1367/1391] Emitting module _CryptoExtras
[1368/1391] Compiling _CryptoExtras Exports.swift
[1376/1489] Compiling X509 SubjectKeyIdentifier.swift
[1377/1489] Compiling X509 Extension.swift
[1378/1489] Compiling X509 Extensions.swift
[1379/1489] Compiling X509 ExtensionsBuilder.swift
[1380/1489] Compiling X509 GeneralName.swift
[1381/1489] Compiling X509 Lock.swift
[1382/1489] Compiling X509 LockedValueBox.swift
[1383/1489] Compiling X509 BasicOCSPResponse.swift
[1384/1489] Compiling X509 DirectoryString.swift
[1385/1489] Compiling X509 OCSPCertID.swift
[1386/1489] Compiling X509 OCSPCertStatus.swift
[1387/1489] Compiling X509 CSRAttribute.swift
[1388/1489] Compiling X509 CSRAttributes.swift
[1389/1489] Compiling X509 CSRVersion.swift
[1390/1489] Compiling X509 CertificateSigningRequest.swift
[1391/1489] Compiling X509 CustomPrivateKey.swift
[1392/1489] Compiling X509 Digests.swift
[1393/1489] Compiling X509 DistinguishedName.swift
[1394/1489] Compiling X509 CommonName.swift
[1395/1489] Compiling X509 CountryName.swift
[1396/1489] Compiling X509 DNBuilder.swift
[1397/1489] Compiling X509 DomainComponent.swift
[1398/1489] Compiling X509 EmailAddress.swift
[1399/1489] Compiling X509 LocalityName.swift
[1400/1489] Compiling X509 OrganizationName.swift
[1401/1489] Compiling X509 OrganizationalUnitName.swift
[1402/1489] Compiling X509 AllOfPolicies.swift
[1403/1489] Compiling X509 AnyPolicy.swift
[1404/1489] Compiling X509 CertificateStore.swift
[1405/1489] Compiling X509 CustomCertificateStore.swift
[1406/1489] Compiling X509 OneOfPolicies.swift
[1407/1489] Compiling X509 PolicyBuilder.swift
[1408/1489] Compiling X509 BasicConstraintsPolicy.swift
[1409/1489] Compiling X509 DNSNames.swift
[1410/1489] Compiling X509 ExpiryPolicy.swift
[1411/1489] Compiling X509 IPConstraints.swift
[1423/1499] Compiling X509 CMSAttribute.swift
[1424/1499] Compiling X509 CMSContentInfo.swift
[1425/1499] Compiling X509 CMSEncapsulatedContentInfo.swift
[1426/1499] Compiling X509 CMSIssuerAndSerialNumber.swift
[1427/1499] Compiling X509 CMSOperations.swift
[1428/1499] Compiling X509 CMSSignature.swift
[1429/1499] Compiling X509 CMSSignedData.swift
[1430/1499] Compiling X509 CMSSignerIdentifier.swift
[1431/1499] Compiling X509 CMSSignerInfo.swift
[1432/1499] Compiling X509 CMSVersion.swift
[1433/1499] Compiling X509 Curve25519+DER.swift
[1434/1499] Compiling X509 OCSPTBSRequest.swift
[1435/1499] Compiling X509 OCSPVersion.swift
[1436/1499] Compiling X509 PKCS8PrivateKey.swift
[1437/1499] Compiling X509 PromiseAndFuture.swift
[1438/1499] Compiling X509 RDNAttribute.swift
[1439/1499] Compiling X509 RandomNumberGenerator+bytes.swift
[1440/1499] Compiling X509 RelativeDistinguishedName.swift
[1441/1499] Compiling X509 SEC1PrivateKey.swift
[1442/1499] Compiling X509 SecKeyWrapper.swift
[1443/1499] Compiling X509 Signature.swift
[1444/1499] Compiling X509 SignatureAlgorithm.swift
[1445/1499] Emitting module NIOCore
[1446/1499] Compiling X509 OCSPExtensionID.swift
[1447/1499] Compiling X509 OCSPNonce.swift
[1448/1499] Compiling X509 OCSPPolicy.swift
[1449/1499] Compiling X509 OCSPRequest.swift
[1450/1499] Compiling X509 OCSPResponse.swift
[1451/1499] Compiling X509 OCSPResponseBytes.swift
[1452/1499] Compiling X509 OCSPResponseData.swift
[1453/1499] Compiling X509 OCSPResponseStatus.swift
[1454/1499] Compiling X509 OCSPSignature.swift
[1455/1499] Compiling X509 OCSPSingleRequest.swift
[1456/1499] Compiling X509 OCSPSingleResponse.swift
[1461/1499] Compiling X509 CertificationRequestInfo.swift
[1462/1499] Compiling X509 ExtensionRequest.swift
[1463/1499] Compiling X509 Certificate.swift
[1464/1499] Compiling X509 CertificatePrivateKey.swift
[1465/1499] Compiling X509 CertificatePublicKey.swift
[1466/1499] Compiling X509 CertificateSerialNumber.swift
[1467/1499] Compiling X509 CertificateVersion.swift
[1468/1499] Compiling X509 StateOrProvinceName.swift
[1469/1499] Compiling X509 StreetAddress.swift
[1470/1499] Compiling X509 Error.swift
[1471/1499] Compiling X509 AuthorityInformationAccess.swift
[1472/1499] Compiling X509 AuthorityKeyIdentifier.swift
[1473/1499] Compiling X509 BasicConstraints.swift
[1474/1499] Compiling X509 ExtendedKeyUsage.swift
[1475/1499] Compiling X509 ExtensionIdentifiers.swift
[1476/1499] Compiling X509 KeyUsage.swift
[1477/1499] Compiling X509 NameConstraints.swift
[1478/1499] Compiling X509 SubjectAlternativeName.swift
[1479/1559] Compiling NIOPosix Socket.swift
[1480/1559] Compiling NIOPosix SocketChannel.swift
[1481/1559] Compiling NIOPosix SocketProtocols.swift
[1482/1559] Compiling NIOPosix StructuredConcurrencyHelpers.swift
[1483/1559] Compiling NIOPosix System.swift
[1484/1559] Compiling NIOPosix Thread.swift
[1485/1559] Compiling NIOPosix ThreadPosix.swift
[1486/1559] Compiling NIOPosix ThreadWindows.swift
[1487/1559] Compiling X509 VerificationDiagnostic.swift
[1488/1559] Compiling X509 Verifier.swift
[1489/1559] Compiling X509 VerifierPolicy.swift
[1490/1559] Compiling X509 AlgorithmIdentifier.swift
[1491/1559] Compiling X509 ECDSASignature.swift
[1492/1559] Compiling X509 RSAPKCS1PublicKey.swift
[1493/1559] Compiling X509 SubjectPublicKeyInfo.swift
[1494/1559] Compiling X509 TBSCertificate.swift
[1495/1559] Compiling X509 Time.swift
[1496/1559] Compiling X509 TimeCalculations.swift
[1497/1559] Compiling X509 Validity.swift
[1498/1559] Compiling X509 X509SendableMetatype.swift
[1499/1559] Emitting module NIOFoundationEssentialsCompat
[1500/1559] Compiling NIOFoundationEssentialsCompat Codable+ByteBuffer.swift
[1501/1559] Compiling NIOFoundationEssentialsCompat ByteBuffer-foundation.swift
[1502/1559] Emitting module X509
[1503/1559] Compiling NIOEmbedded AsyncTestingEventLoop.swift
[1504/1559] Emitting module NIOEmbedded
[1505/1559] Compiling NIOEmbedded Embedded.swift
[1506/1559] Compiling NIOEmbedded AsyncTestingChannel.swift
[1512/1632] Compiling JWTKit JWTHeaderField.swift
[1513/1632] Compiling JWTKit JWTKeyCollection.swift
[1514/1632] Compiling JWTKit JWTParser.swift
[1515/1632] Compiling JWTKit JWTPayload.swift
[1516/1632] Compiling JWTKit JWTSerializer.swift
[1517/1632] Compiling JWTKit P521+CurveType.swift
[1518/1632] Compiling JWTKit EdDSA.swift
[1519/1632] Compiling JWTKit EdDSACurve.swift
[1520/1632] Compiling JWTKit EdDSAError.swift
[1521/1632] Compiling JWTKit EdDSASigner.swift
[1522/1632] Compiling JWTKit CustomizedJSONCoders.swift
[1523/1632] Compiling JWTKit Utilities.swift
[1524/1632] Compiling JWTKit JWTAlgorithm.swift
[1525/1632] Compiling JWTKit JWTError.swift
[1526/1632] Compiling JWTKit JWTHeader+CommonFields.swift
[1527/1632] Compiling JWTKit JWTHeader.swift
[1528/1632] Compiling JWTKit JWKSigner.swift
[1529/1632] Compiling JWTKit RSA.swift
[1530/1632] Compiling JWTKit RSAError.swift
[1531/1632] Compiling JWTKit RSASigner.swift
[1532/1632] Compiling JWTKit Base64URL.swift
[1533/1632] Compiling JWTKit CryptoSigner.swift
[1534/1632] Compiling JWTKit ExpirationClaim.swift
[1535/1632] Compiling JWTKit GoogleHostedDomainClaim.swift
[1536/1632] Compiling JWTKit IDClaim.swift
[1537/1632] Compiling JWTKit IssuedAtClaim.swift
[1538/1632] Compiling JWTKit IssuerClaim.swift
[1539/1632] Compiling JWTKit JWTClaim.swift
[1540/1632] Compiling JWTKit SubjectClaim.swift
[1541/1632] Compiling JWTKit TenantIDClaim.swift
[1542/1632] Compiling JWTKit ECDSA.swift
[1543/1632] Compiling JWTKit ECDSACurve.swift
[1544/1632] Compiling JWTKit AudienceClaim.swift
[1545/1632] Compiling JWTKit BoolClaim.swift
[1546/1632] Compiling JWTKit HMACSigner.swift
[1547/1632] Compiling JWTKit JWTKeyCollection+HMAC.swift
[1548/1632] Compiling JWTKit Insecure.swift
[1549/1632] Compiling JWTKit JWK.swift
[1550/1632] Compiling JWTKit JWKIdentifier.swift
[1551/1632] Compiling JWTKit JWKS.swift
[1552/1632] Compiling JWTKit P256+CurveType.swift
[1553/1632] Compiling JWTKit P384+CurveType.swift
[1554/1632] Compiling JWTKit JWTMultiValueClaim.swift
[1555/1632] Compiling JWTKit JWTUnixEpochClaim.swift
[1556/1632] Compiling JWTKit LocaleClaim.swift
[1557/1632] Compiling JWTKit NotBeforeClaim.swift
[1558/1632] Compiling JWTKit ECDSACurveType.swift
[1559/1632] Compiling JWTKit ECDSAError.swift
[1560/1632] Compiling JWTKit ECDSAKeyTypes.swift
[1561/1632] Compiling JWTKit ECDSASigner.swift
[1562/1632] Compiling JWTKit ECDSASigningAlgorithm.swift
[1563/1632] Compiling JWTKit JWTKeyCollection+ECDSA.swift
[1564/1632] Emitting module NIOPosix
[1565/1634] Emitting module NIO
[1566/1634] Compiling NIO Exports.swift
[1567/1674] Compiling NIOTLS TLSEvents.swift
[1568/1674] Compiling NIOSOCKS Errors.swift
[1569/1675] Compiling NIOSOCKS Helpers.swift
[1570/1675] Compiling NIOFoundationCompat Exports.swift
[1571/1675] Compiling NIOFoundationCompat JSONSerialization+ByteBuffer.swift
[1572/1675] Compiling NIOSOCKS SOCKSResponse.swift
[1573/1675] Compiling NIOFoundationCompat WaitSpinningRunLoop.swift
[1574/1675] Emitting module NIOFoundationCompat
[1575/1675] Compiling NIOSOCKS Messages.swift
[1576/1675] Compiling NIOSOCKS SOCKSRequest.swift
[1577/1675] Compiling NIOHTTP1 HTTPEncoder.swift
[1578/1675] Compiling NIOHTTP1 HTTPHeaderValidator.swift
[1579/1675] Compiling NIOSOCKS ClientStateMachine.swift
[1580/1675] Compiling NIOSOCKS SelectedAuthenticationMethod.swift
[1581/1675] Emitting module NIOSOCKS
[1582/1675] Compiling NIOHTTP1 ByteCollectionUtils.swift
[1583/1675] Compiling NIOHTTP1 HTTPDecoder.swift
[1584/1675] Compiling NIOTLS ProtocolNegotiationHandlerStateMachine.swift
[1585/1675] Compiling NIOTLS NIOTypedApplicationProtocolNegotiationHandler.swift
[1586/1675] Compiling NIOTLS ApplicationProtocolNegotiationHandler.swift
[1587/1675] Compiling NIOTLS SNIHandler.swift
[1588/1675] Emitting module NIOTLS
[1589/1675] Compiling NIOHTTP1 NIOTypedHTTPServerUpgradeHandler.swift
[1590/1675] Compiling NIOSOCKS ServerStateMachine.swift
[1591/1730] Compiling NIOSSL SSLConnection.swift
[1592/1730] Compiling NIOSSL SSLContext.swift
[1593/1730] Compiling NIOSSL SSLErrors.swift
[1594/1730] Compiling NIOSSL SafeCompare.swift
[1595/1730] Compiling NIOSSL SSLCallbacks.swift
[1596/1730] Compiling NIOSSL SSLCertificate.swift
[1597/1730] Compiling NIOSSL NIOSSLClientHandler.swift
[1598/1730] Compiling NIOSSL NIOSSLHandler+Configuration.swift
[1599/1730] Compiling NIOSSL CustomPrivateKey.swift
[1600/1730] Compiling NIOSSL FreeBSDCABundle.swift
[1601/1730] Compiling NIOHTTP1 NIOTypedHTTPServerUpgraderStateMachine.swift
[1602/1730] Compiling NIOSSL Zeroization.swift
[1603/1730] Compiling NIOSSL TLSConfiguration.swift
[1604/1730] Compiling NIOSSL IdentityVerification.swift
[1605/1730] Compiling NIOSSL LinuxCABundle.swift
[1606/1730] Emitting module NIOHTTP1
[1607/1730] Compiling NIOSSL AndroidCABundle.swift
[1608/1730] Compiling NIOSSL ByteBufferBIO.swift
[1609/1747] Emitting module NIOTransportServices
[1610/1749] Compiling JWTKit MLDSAError.swift
/Users/admin/builder/spi-builder-workspace/.build/checkouts/jwt-kit/Sources/JWTKit/MLDSA/MLDSAType.swift:13:11: error: cannot find type 'MLDSA65' in scope
11 | @_spi(PostQuantum)
12 | @available(iOS 26.0, macOS 26.0, watchOS 26.0, tvOS 26.0, *)
13 | extension MLDSA65: MLDSAType {
   |           `- error: cannot find type 'MLDSA65' in scope
14 |     public static var name: String { "ML-DSA-65" }
15 | }
/Users/admin/builder/spi-builder-workspace/.build/checkouts/jwt-kit/Sources/JWTKit/MLDSA/MLDSAType.swift:19:11: error: cannot find type 'MLDSA87' in scope
17 | @_spi(PostQuantum)
18 | @available(iOS 26.0, macOS 26.0, watchOS 26.0, tvOS 26.0, *)
19 | extension MLDSA87: MLDSAType {
   |           `- error: cannot find type 'MLDSA87' in scope
20 |     public static var name: String { "ML-DSA-87" }
21 | }
[1611/1749] Compiling JWTKit MLDSAKey.swift
/Users/admin/builder/spi-builder-workspace/.build/checkouts/jwt-kit/Sources/JWTKit/MLDSA/MLDSAType.swift:13:11: error: cannot find type 'MLDSA65' in scope
11 | @_spi(PostQuantum)
12 | @available(iOS 26.0, macOS 26.0, watchOS 26.0, tvOS 26.0, *)
13 | extension MLDSA65: MLDSAType {
   |           `- error: cannot find type 'MLDSA65' in scope
14 |     public static var name: String { "ML-DSA-65" }
15 | }
/Users/admin/builder/spi-builder-workspace/.build/checkouts/jwt-kit/Sources/JWTKit/MLDSA/MLDSAType.swift:19:11: error: cannot find type 'MLDSA87' in scope
17 | @_spi(PostQuantum)
18 | @available(iOS 26.0, macOS 26.0, watchOS 26.0, tvOS 26.0, *)
19 | extension MLDSA87: MLDSAType {
   |           `- error: cannot find type 'MLDSA87' in scope
20 |     public static var name: String { "ML-DSA-87" }
21 | }
[1612/1749] Compiling JWTKit MLDSASigner.swift
/Users/admin/builder/spi-builder-workspace/.build/checkouts/jwt-kit/Sources/JWTKit/MLDSA/MLDSAType.swift:13:11: error: cannot find type 'MLDSA65' in scope
11 | @_spi(PostQuantum)
12 | @available(iOS 26.0, macOS 26.0, watchOS 26.0, tvOS 26.0, *)
13 | extension MLDSA65: MLDSAType {
   |           `- error: cannot find type 'MLDSA65' in scope
14 |     public static var name: String { "ML-DSA-65" }
15 | }
/Users/admin/builder/spi-builder-workspace/.build/checkouts/jwt-kit/Sources/JWTKit/MLDSA/MLDSAType.swift:19:11: error: cannot find type 'MLDSA87' in scope
17 | @_spi(PostQuantum)
18 | @available(iOS 26.0, macOS 26.0, watchOS 26.0, tvOS 26.0, *)
19 | extension MLDSA87: MLDSAType {
   |           `- error: cannot find type 'MLDSA87' in scope
20 |     public static var name: String { "ML-DSA-87" }
21 | }
[1613/1749] Compiling JWTKit MLDSAType.swift
/Users/admin/builder/spi-builder-workspace/.build/checkouts/jwt-kit/Sources/JWTKit/MLDSA/MLDSAType.swift:13:11: error: cannot find type 'MLDSA65' in scope
11 | @_spi(PostQuantum)
12 | @available(iOS 26.0, macOS 26.0, watchOS 26.0, tvOS 26.0, *)
13 | extension MLDSA65: MLDSAType {
   |           `- error: cannot find type 'MLDSA65' in scope
14 |     public static var name: String { "ML-DSA-65" }
15 | }
/Users/admin/builder/spi-builder-workspace/.build/checkouts/jwt-kit/Sources/JWTKit/MLDSA/MLDSAType.swift:19:11: error: cannot find type 'MLDSA87' in scope
17 | @_spi(PostQuantum)
18 | @available(iOS 26.0, macOS 26.0, watchOS 26.0, tvOS 26.0, *)
19 | extension MLDSA87: MLDSAType {
   |           `- error: cannot find type 'MLDSA87' in scope
20 |     public static var name: String { "ML-DSA-87" }
21 | }
[1614/1749] Compiling JWTKit JWTKeyCollection+UnsecuredNone.swift
/Users/admin/builder/spi-builder-workspace/.build/checkouts/jwt-kit/Sources/JWTKit/MLDSA/MLDSAType.swift:13:11: error: cannot find type 'MLDSA65' in scope
11 | @_spi(PostQuantum)
12 | @available(iOS 26.0, macOS 26.0, watchOS 26.0, tvOS 26.0, *)
13 | extension MLDSA65: MLDSAType {
   |           `- error: cannot find type 'MLDSA65' in scope
14 |     public static var name: String { "ML-DSA-65" }
15 | }
/Users/admin/builder/spi-builder-workspace/.build/checkouts/jwt-kit/Sources/JWTKit/MLDSA/MLDSAType.swift:19:11: error: cannot find type 'MLDSA87' in scope
17 | @_spi(PostQuantum)
18 | @available(iOS 26.0, macOS 26.0, watchOS 26.0, tvOS 26.0, *)
19 | extension MLDSA87: MLDSAType {
   |           `- error: cannot find type 'MLDSA87' in scope
20 |     public static var name: String { "ML-DSA-87" }
21 | }
[1615/1749] Compiling JWTKit UnsecuredNoneSigner.swift
/Users/admin/builder/spi-builder-workspace/.build/checkouts/jwt-kit/Sources/JWTKit/MLDSA/MLDSAType.swift:13:11: error: cannot find type 'MLDSA65' in scope
11 | @_spi(PostQuantum)
12 | @available(iOS 26.0, macOS 26.0, watchOS 26.0, tvOS 26.0, *)
13 | extension MLDSA65: MLDSAType {
   |           `- error: cannot find type 'MLDSA65' in scope
14 |     public static var name: String { "ML-DSA-65" }
15 | }
/Users/admin/builder/spi-builder-workspace/.build/checkouts/jwt-kit/Sources/JWTKit/MLDSA/MLDSAType.swift:19:11: error: cannot find type 'MLDSA87' in scope
17 | @_spi(PostQuantum)
18 | @available(iOS 26.0, macOS 26.0, watchOS 26.0, tvOS 26.0, *)
19 | extension MLDSA87: MLDSAType {
   |           `- error: cannot find type 'MLDSA87' in scope
20 |     public static var name: String { "ML-DSA-87" }
21 | }
[1616/1749] Compiling JWTKit JWTKeyCollection+RSA.swift
/Users/admin/builder/spi-builder-workspace/.build/checkouts/jwt-kit/Sources/JWTKit/MLDSA/MLDSAType.swift:13:11: error: cannot find type 'MLDSA65' in scope
11 | @_spi(PostQuantum)
12 | @available(iOS 26.0, macOS 26.0, watchOS 26.0, tvOS 26.0, *)
13 | extension MLDSA65: MLDSAType {
   |           `- error: cannot find type 'MLDSA65' in scope
14 |     public static var name: String { "ML-DSA-65" }
15 | }
/Users/admin/builder/spi-builder-workspace/.build/checkouts/jwt-kit/Sources/JWTKit/MLDSA/MLDSAType.swift:19:11: error: cannot find type 'MLDSA87' in scope
17 | @_spi(PostQuantum)
18 | @available(iOS 26.0, macOS 26.0, watchOS 26.0, tvOS 26.0, *)
19 | extension MLDSA87: MLDSAType {
   |           `- error: cannot find type 'MLDSA87' in scope
20 |     public static var name: String { "ML-DSA-87" }
21 | }
[1617/1756] Compiling NIOHPACK DynamicHeaderTable.swift
[1618/1756] Compiling NIOHPACK HPACKDecoder.swift
[1620/1756] Compiling NIOTransportServices TCPOptions+SocketChannelOption.swift
[1621/1756] Compiling NIOTransportServices UDPOptions+SocketChannelOption.swift
[1622/1756] Compiling NIOHTTPCompression HTTPDecompressor.swift
[1623/1756] Compiling NIOHPACK IntegerCoding.swift
[1624/1756] Compiling NIOHPACK HuffmanTables.swift
[1625/1757] Compiling NIOSSL SSLCertificateExtensions.swift
[1626/1757] Compiling NIOSSL SSLCertificateName.swift
[1627/1757] Compiling NIOSSL SSLInit.swift
[1628/1757] Compiling NIOSSL SSLPKCS12Bundle.swift
[1629/1757] Compiling NIOSSL SSLPrivateKey.swift
[1632/1757] Compiling NIOSSL String+unsafeUninitializedCapacity.swift
[1633/1757] Compiling NIOHPACK IndexedHeaderTable.swift
[1634/1757] Compiling NIOHPACK HuffmanCoding.swift
[1635/1757] Compiling NIOHPACK HeaderTables.swift
[1636/1757] Compiling NIOHTTPCompression HTTPRequestCompressor.swift
[1637/1757] Compiling NIOHTTPCompression HTTPResponseCompressor.swift
[1638/1757] Emitting module NIOHTTPCompression
[1639/1757] Compiling NIOHTTPCompression HTTPCompression.swift
[1640/1757] Compiling NIOHTTPCompression HTTPDecompression.swift
error: emit-module command failed with exit code 1 (use -v to see invocation)
[1641/1757] Emitting module JWTKit
/Users/admin/builder/spi-builder-workspace/.build/checkouts/jwt-kit/Sources/JWTKit/MLDSA/MLDSA65+MLDSAKey.swift:5:11: error: cannot find type 'MLDSA65' in scope
 3 | @_spi(PostQuantum)
 4 | @available(iOS 26.0, macOS 26.0, watchOS 26.0, tvOS 26.0, *)
 5 | extension MLDSA65.PublicKey: MLDSAPublicKey {
   |           `- error: cannot find type 'MLDSA65' in scope
 6 |     public typealias MLDSAType = MLDSA65
 7 | }
/Users/admin/builder/spi-builder-workspace/.build/checkouts/jwt-kit/Sources/JWTKit/MLDSA/MLDSA65+MLDSAKey.swift:11:11: error: cannot find type 'MLDSA65' in scope
 9 | @_spi(PostQuantum)
10 | @available(iOS 26.0, macOS 26.0, watchOS 26.0, tvOS 26.0, *)
11 | extension MLDSA65.PrivateKey: MLDSAPrivateKey {
   |           `- error: cannot find type 'MLDSA65' in scope
12 |     public typealias MLDSAType = MLDSA65
13 | }
/Users/admin/builder/spi-builder-workspace/.build/checkouts/jwt-kit/Sources/JWTKit/MLDSA/MLDSA65+MLDSAKey.swift:17:53: error: cannot find type 'MLDSA65' in scope
15 | @_spi(PostQuantum)
16 | @available(iOS 26.0, macOS 26.0, watchOS 26.0, tvOS 26.0, *)
17 | public typealias MLDSA65PublicKey = MLDSA.PublicKey<MLDSA65>
   |                                                     `- error: cannot find type 'MLDSA65' in scope
18 |
19 | @_spi(PostQuantum)
/Users/admin/builder/spi-builder-workspace/.build/checkouts/jwt-kit/Sources/JWTKit/MLDSA/MLDSA65+MLDSAKey.swift:21:55: error: cannot find type 'MLDSA65' in scope
19 | @_spi(PostQuantum)
20 | @available(iOS 26.0, macOS 26.0, watchOS 26.0, tvOS 26.0, *)
21 | public typealias MLDSA65PrivateKey = MLDSA.PrivateKey<MLDSA65>
   |                                                       `- error: cannot find type 'MLDSA65' in scope
22 |
/Users/admin/builder/spi-builder-workspace/.build/checkouts/jwt-kit/Sources/JWTKit/MLDSA/MLDSA87+MLDSAKey.swift:5:11: error: cannot find type 'MLDSA87' in scope
 3 | @_spi(PostQuantum)
 4 | @available(iOS 26.0, macOS 26.0, watchOS 26.0, tvOS 26.0, *)
 5 | extension MLDSA87.PublicKey: MLDSAPublicKey {
   |           `- error: cannot find type 'MLDSA87' in scope
 6 |     public typealias MLDSAType = MLDSA87
 7 | }
/Users/admin/builder/spi-builder-workspace/.build/checkouts/jwt-kit/Sources/JWTKit/MLDSA/MLDSA87+MLDSAKey.swift:11:11: error: cannot find type 'MLDSA87' in scope
 9 | @_spi(PostQuantum)
10 | @available(iOS 26.0, macOS 26.0, watchOS 26.0, tvOS 26.0, *)
11 | extension MLDSA87.PrivateKey: MLDSAPrivateKey {
   |           `- error: cannot find type 'MLDSA87' in scope
12 |     public typealias MLDSAType = MLDSA87
13 | }
/Users/admin/builder/spi-builder-workspace/.build/checkouts/jwt-kit/Sources/JWTKit/MLDSA/MLDSA87+MLDSAKey.swift:17:53: error: cannot find type 'MLDSA87' in scope
15 | @_spi(PostQuantum)
16 | @available(iOS 26.0, macOS 26.0, watchOS 26.0, tvOS 26.0, *)
17 | public typealias MLDSA87PublicKey = MLDSA.PublicKey<MLDSA87>
   |                                                     `- error: cannot find type 'MLDSA87' in scope
18 |
19 | @_spi(PostQuantum)
/Users/admin/builder/spi-builder-workspace/.build/checkouts/jwt-kit/Sources/JWTKit/MLDSA/MLDSA87+MLDSAKey.swift:21:55: error: cannot find type 'MLDSA87' in scope
19 | @_spi(PostQuantum)
20 | @available(iOS 26.0, macOS 26.0, watchOS 26.0, tvOS 26.0, *)
21 | public typealias MLDSA87PrivateKey = MLDSA.PrivateKey<MLDSA87>
   |                                                       `- error: cannot find type 'MLDSA87' in scope
22 |
/Users/admin/builder/spi-builder-workspace/.build/checkouts/jwt-kit/Sources/JWTKit/MLDSA/MLDSAType.swift:13:11: error: cannot find type 'MLDSA65' in scope
11 | @_spi(PostQuantum)
12 | @available(iOS 26.0, macOS 26.0, watchOS 26.0, tvOS 26.0, *)
13 | extension MLDSA65: MLDSAType {
   |           `- error: cannot find type 'MLDSA65' in scope
14 |     public static var name: String { "ML-DSA-65" }
15 | }
/Users/admin/builder/spi-builder-workspace/.build/checkouts/jwt-kit/Sources/JWTKit/MLDSA/MLDSAType.swift:19:11: error: cannot find type 'MLDSA87' in scope
17 | @_spi(PostQuantum)
18 | @available(iOS 26.0, macOS 26.0, watchOS 26.0, tvOS 26.0, *)
19 | extension MLDSA87: MLDSAType {
   |           `- error: cannot find type 'MLDSA87' in scope
20 |     public static var name: String { "ML-DSA-87" }
21 | }
[1647/1757] Compiling JWTKit JWTKeyCollection+EdDSA.swift
[1648/1757] Compiling JWTKit HMAC.swift
[1649/1757] Compiling JWTKit HMACError.swift
/Users/admin/builder/spi-builder-workspace/.build/checkouts/jwt-kit/Sources/JWTKit/MLDSA/MLDSA65+MLDSAKey.swift:5:11: error: cannot find type 'MLDSA65' in scope
 3 | @_spi(PostQuantum)
 4 | @available(iOS 26.0, macOS 26.0, watchOS 26.0, tvOS 26.0, *)
 5 | extension MLDSA65.PublicKey: MLDSAPublicKey {
   |           `- error: cannot find type 'MLDSA65' in scope
 6 |     public typealias MLDSAType = MLDSA65
 7 | }
/Users/admin/builder/spi-builder-workspace/.build/checkouts/jwt-kit/Sources/JWTKit/MLDSA/MLDSA65+MLDSAKey.swift:11:11: error: cannot find type 'MLDSA65' in scope
 9 | @_spi(PostQuantum)
10 | @available(iOS 26.0, macOS 26.0, watchOS 26.0, tvOS 26.0, *)
11 | extension MLDSA65.PrivateKey: MLDSAPrivateKey {
   |           `- error: cannot find type 'MLDSA65' in scope
12 |     public typealias MLDSAType = MLDSA65
13 | }
/Users/admin/builder/spi-builder-workspace/.build/checkouts/jwt-kit/Sources/JWTKit/MLDSA/MLDSA65+MLDSAKey.swift:17:53: error: cannot find type 'MLDSA65' in scope
15 | @_spi(PostQuantum)
16 | @available(iOS 26.0, macOS 26.0, watchOS 26.0, tvOS 26.0, *)
17 | public typealias MLDSA65PublicKey = MLDSA.PublicKey<MLDSA65>
   |                                                     `- error: cannot find type 'MLDSA65' in scope
18 |
19 | @_spi(PostQuantum)
/Users/admin/builder/spi-builder-workspace/.build/checkouts/jwt-kit/Sources/JWTKit/MLDSA/MLDSA65+MLDSAKey.swift:21:55: error: cannot find type 'MLDSA65' in scope
19 | @_spi(PostQuantum)
20 | @available(iOS 26.0, macOS 26.0, watchOS 26.0, tvOS 26.0, *)
21 | public typealias MLDSA65PrivateKey = MLDSA.PrivateKey<MLDSA65>
   |                                                       `- error: cannot find type 'MLDSA65' in scope
22 |
/Users/admin/builder/spi-builder-workspace/.build/checkouts/jwt-kit/Sources/JWTKit/MLDSA/MLDSA87+MLDSAKey.swift:5:11: error: cannot find type 'MLDSA87' in scope
 3 | @_spi(PostQuantum)
 4 | @available(iOS 26.0, macOS 26.0, watchOS 26.0, tvOS 26.0, *)
 5 | extension MLDSA87.PublicKey: MLDSAPublicKey {
   |           `- error: cannot find type 'MLDSA87' in scope
 6 |     public typealias MLDSAType = MLDSA87
 7 | }
/Users/admin/builder/spi-builder-workspace/.build/checkouts/jwt-kit/Sources/JWTKit/MLDSA/MLDSA87+MLDSAKey.swift:11:11: error: cannot find type 'MLDSA87' in scope
 9 | @_spi(PostQuantum)
10 | @available(iOS 26.0, macOS 26.0, watchOS 26.0, tvOS 26.0, *)
11 | extension MLDSA87.PrivateKey: MLDSAPrivateKey {
   |           `- error: cannot find type 'MLDSA87' in scope
12 |     public typealias MLDSAType = MLDSA87
13 | }
/Users/admin/builder/spi-builder-workspace/.build/checkouts/jwt-kit/Sources/JWTKit/MLDSA/MLDSA87+MLDSAKey.swift:17:53: error: cannot find type 'MLDSA87' in scope
15 | @_spi(PostQuantum)
16 | @available(iOS 26.0, macOS 26.0, watchOS 26.0, tvOS 26.0, *)
17 | public typealias MLDSA87PublicKey = MLDSA.PublicKey<MLDSA87>
   |                                                     `- error: cannot find type 'MLDSA87' in scope
18 |
19 | @_spi(PostQuantum)
/Users/admin/builder/spi-builder-workspace/.build/checkouts/jwt-kit/Sources/JWTKit/MLDSA/MLDSA87+MLDSAKey.swift:21:55: error: cannot find type 'MLDSA87' in scope
19 | @_spi(PostQuantum)
20 | @available(iOS 26.0, macOS 26.0, watchOS 26.0, tvOS 26.0, *)
21 | public typealias MLDSA87PrivateKey = MLDSA.PrivateKey<MLDSA87>
   |                                                       `- error: cannot find type 'MLDSA87' in scope
22 |
/Users/admin/builder/spi-builder-workspace/.build/checkouts/jwt-kit/Sources/JWTKit/MLDSA/MLDSA65+MLDSAKey.swift:6:34: error: cannot find type 'MLDSA65' in scope
 4 | @available(iOS 26.0, macOS 26.0, watchOS 26.0, tvOS 26.0, *)
 5 | extension MLDSA65.PublicKey: MLDSAPublicKey {
 6 |     public typealias MLDSAType = MLDSA65
   |                                  `- error: cannot find type 'MLDSA65' in scope
 7 | }
 8 |
/Users/admin/builder/spi-builder-workspace/.build/checkouts/jwt-kit/Sources/JWTKit/MLDSA/MLDSA65+MLDSAKey.swift:12:34: error: cannot find type 'MLDSA65' in scope
10 | @available(iOS 26.0, macOS 26.0, watchOS 26.0, tvOS 26.0, *)
11 | extension MLDSA65.PrivateKey: MLDSAPrivateKey {
12 |     public typealias MLDSAType = MLDSA65
   |                                  `- error: cannot find type 'MLDSA65' in scope
13 | }
14 |
/Users/admin/builder/spi-builder-workspace/.build/checkouts/jwt-kit/Sources/JWTKit/MLDSA/MLDSA87+MLDSAKey.swift:6:34: error: cannot find type 'MLDSA87' in scope
 4 | @available(iOS 26.0, macOS 26.0, watchOS 26.0, tvOS 26.0, *)
 5 | extension MLDSA87.PublicKey: MLDSAPublicKey {
 6 |     public typealias MLDSAType = MLDSA87
   |                                  `- error: cannot find type 'MLDSA87' in scope
 7 | }
 8 |
/Users/admin/builder/spi-builder-workspace/.build/checkouts/jwt-kit/Sources/JWTKit/MLDSA/MLDSA87+MLDSAKey.swift:12:34: error: cannot find type 'MLDSA87' in scope
10 | @available(iOS 26.0, macOS 26.0, watchOS 26.0, tvOS 26.0, *)
11 | extension MLDSA87.PrivateKey: MLDSAPrivateKey {
12 |     public typealias MLDSAType = MLDSA87
   |                                  `- error: cannot find type 'MLDSA87' in scope
13 | }
14 |
/Users/admin/builder/spi-builder-workspace/.build/checkouts/jwt-kit/Sources/JWTKit/MLDSA/MLDSA65+MLDSAKey.swift:5:11: error: cannot find type 'MLDSA65' in scope
 3 | @_spi(PostQuantum)
 4 | @available(iOS 26.0, macOS 26.0, watchOS 26.0, tvOS 26.0, *)
 5 | extension MLDSA65.PublicKey: MLDSAPublicKey {
   |           `- error: cannot find type 'MLDSA65' in scope
 6 |     public typealias MLDSAType = MLDSA65
 7 | }
/Users/admin/builder/spi-builder-workspace/.build/checkouts/jwt-kit/Sources/JWTKit/MLDSA/MLDSA65+MLDSAKey.swift:11:11: error: cannot find type 'MLDSA65' in scope
 9 | @_spi(PostQuantum)
10 | @available(iOS 26.0, macOS 26.0, watchOS 26.0, tvOS 26.0, *)
11 | extension MLDSA65.PrivateKey: MLDSAPrivateKey {
   |           `- error: cannot find type 'MLDSA65' in scope
12 |     public typealias MLDSAType = MLDSA65
13 | }
/Users/admin/builder/spi-builder-workspace/.build/checkouts/jwt-kit/Sources/JWTKit/MLDSA/MLDSA65+MLDSAKey.swift:17:53: error: cannot find type 'MLDSA65' in scope
15 | @_spi(PostQuantum)
16 | @available(iOS 26.0, macOS 26.0, watchOS 26.0, tvOS 26.0, *)
17 | public typealias MLDSA65PublicKey = MLDSA.PublicKey<MLDSA65>
   |                                                     `- error: cannot find type 'MLDSA65' in scope
18 |
19 | @_spi(PostQuantum)
/Users/admin/builder/spi-builder-workspace/.build/checkouts/jwt-kit/Sources/JWTKit/MLDSA/MLDSA65+MLDSAKey.swift:21:55: error: cannot find type 'MLDSA65' in scope
19 | @_spi(PostQuantum)
20 | @available(iOS 26.0, macOS 26.0, watchOS 26.0, tvOS 26.0, *)
21 | public typealias MLDSA65PrivateKey = MLDSA.PrivateKey<MLDSA65>
   |                                                       `- error: cannot find type 'MLDSA65' in scope
22 |
/Users/admin/builder/spi-builder-workspace/.build/checkouts/jwt-kit/Sources/JWTKit/MLDSA/MLDSA87+MLDSAKey.swift:5:11: error: cannot find type 'MLDSA87' in scope
 3 | @_spi(PostQuantum)
 4 | @available(iOS 26.0, macOS 26.0, watchOS 26.0, tvOS 26.0, *)
 5 | extension MLDSA87.PublicKey: MLDSAPublicKey {
   |           `- error: cannot find type 'MLDSA87' in scope
 6 |     public typealias MLDSAType = MLDSA87
 7 | }
/Users/admin/builder/spi-builder-workspace/.build/checkouts/jwt-kit/Sources/JWTKit/MLDSA/MLDSA87+MLDSAKey.swift:11:11: error: cannot find type 'MLDSA87' in scope
 9 | @_spi(PostQuantum)
10 | @available(iOS 26.0, macOS 26.0, watchOS 26.0, tvOS 26.0, *)
11 | extension MLDSA87.PrivateKey: MLDSAPrivateKey {
   |           `- error: cannot find type 'MLDSA87' in scope
12 |     public typealias MLDSAType = MLDSA87
13 | }
/Users/admin/builder/spi-builder-workspace/.build/checkouts/jwt-kit/Sources/JWTKit/MLDSA/MLDSA87+MLDSAKey.swift:17:53: error: cannot find type 'MLDSA87' in scope
15 | @_spi(PostQuantum)
16 | @available(iOS 26.0, macOS 26.0, watchOS 26.0, tvOS 26.0, *)
17 | public typealias MLDSA87PublicKey = MLDSA.PublicKey<MLDSA87>
   |                                                     `- error: cannot find type 'MLDSA87' in scope
18 |
19 | @_spi(PostQuantum)
/Users/admin/builder/spi-builder-workspace/.build/checkouts/jwt-kit/Sources/JWTKit/MLDSA/MLDSA87+MLDSAKey.swift:21:55: error: cannot find type 'MLDSA87' in scope
19 | @_spi(PostQuantum)
20 | @available(iOS 26.0, macOS 26.0, watchOS 26.0, tvOS 26.0, *)
21 | public typealias MLDSA87PrivateKey = MLDSA.PrivateKey<MLDSA87>
   |                                                       `- error: cannot find type 'MLDSA87' in scope
22 |
/Users/admin/builder/spi-builder-workspace/.build/checkouts/jwt-kit/Sources/JWTKit/MLDSA/MLDSA65+MLDSAKey.swift:6:34: error: cannot find type 'MLDSA65' in scope
 4 | @available(iOS 26.0, macOS 26.0, watchOS 26.0, tvOS 26.0, *)
 5 | extension MLDSA65.PublicKey: MLDSAPublicKey {
 6 |     public typealias MLDSAType = MLDSA65
   |                                  `- error: cannot find type 'MLDSA65' in scope
 7 | }
 8 |
/Users/admin/builder/spi-builder-workspace/.build/checkouts/jwt-kit/Sources/JWTKit/MLDSA/MLDSA65+MLDSAKey.swift:12:34: error: cannot find type 'MLDSA65' in scope
10 | @available(iOS 26.0, macOS 26.0, watchOS 26.0, tvOS 26.0, *)
11 | extension MLDSA65.PrivateKey: MLDSAPrivateKey {
12 |     public typealias MLDSAType = MLDSA65
   |                                  `- error: cannot find type 'MLDSA65' in scope
13 | }
14 |
/Users/admin/builder/spi-builder-workspace/.build/checkouts/jwt-kit/Sources/JWTKit/MLDSA/MLDSA87+MLDSAKey.swift:6:34: error: cannot find type 'MLDSA87' in scope
 4 | @available(iOS 26.0, macOS 26.0, watchOS 26.0, tvOS 26.0, *)
 5 | extension MLDSA87.PublicKey: MLDSAPublicKey {
 6 |     public typealias MLDSAType = MLDSA87
   |                                  `- error: cannot find type 'MLDSA87' in scope
 7 | }
 8 |
/Users/admin/builder/spi-builder-workspace/.build/checkouts/jwt-kit/Sources/JWTKit/MLDSA/MLDSA87+MLDSAKey.swift:12:34: error: cannot find type 'MLDSA87' in scope
10 | @available(iOS 26.0, macOS 26.0, watchOS 26.0, tvOS 26.0, *)
11 | extension MLDSA87.PrivateKey: MLDSAPrivateKey {
12 |     public typealias MLDSAType = MLDSA87
   |                                  `- error: cannot find type 'MLDSA87' in scope
13 | }
14 |
[1652/1757] Compiling JWTKit JWTSigner.swift
/Users/admin/builder/spi-builder-workspace/.build/checkouts/jwt-kit/Sources/JWTKit/MLDSA/MLDSA65+MLDSAKey.swift:5:11: error: cannot find type 'MLDSA65' in scope
 3 | @_spi(PostQuantum)
 4 | @available(iOS 26.0, macOS 26.0, watchOS 26.0, tvOS 26.0, *)
 5 | extension MLDSA65.PublicKey: MLDSAPublicKey {
   |           `- error: cannot find type 'MLDSA65' in scope
 6 |     public typealias MLDSAType = MLDSA65
 7 | }
/Users/admin/builder/spi-builder-workspace/.build/checkouts/jwt-kit/Sources/JWTKit/MLDSA/MLDSA65+MLDSAKey.swift:11:11: error: cannot find type 'MLDSA65' in scope
 9 | @_spi(PostQuantum)
10 | @available(iOS 26.0, macOS 26.0, watchOS 26.0, tvOS 26.0, *)
11 | extension MLDSA65.PrivateKey: MLDSAPrivateKey {
   |           `- error: cannot find type 'MLDSA65' in scope
12 |     public typealias MLDSAType = MLDSA65
13 | }
/Users/admin/builder/spi-builder-workspace/.build/checkouts/jwt-kit/Sources/JWTKit/MLDSA/MLDSA65+MLDSAKey.swift:17:53: error: cannot find type 'MLDSA65' in scope
15 | @_spi(PostQuantum)
16 | @available(iOS 26.0, macOS 26.0, watchOS 26.0, tvOS 26.0, *)
17 | public typealias MLDSA65PublicKey = MLDSA.PublicKey<MLDSA65>
   |                                                     `- error: cannot find type 'MLDSA65' in scope
18 |
19 | @_spi(PostQuantum)
/Users/admin/builder/spi-builder-workspace/.build/checkouts/jwt-kit/Sources/JWTKit/MLDSA/MLDSA65+MLDSAKey.swift:21:55: error: cannot find type 'MLDSA65' in scope
19 | @_spi(PostQuantum)
20 | @available(iOS 26.0, macOS 26.0, watchOS 26.0, tvOS 26.0, *)
21 | public typealias MLDSA65PrivateKey = MLDSA.PrivateKey<MLDSA65>
   |                                                       `- error: cannot find type 'MLDSA65' in scope
22 |
/Users/admin/builder/spi-builder-workspace/.build/checkouts/jwt-kit/Sources/JWTKit/MLDSA/MLDSA87+MLDSAKey.swift:5:11: error: cannot find type 'MLDSA87' in scope
 3 | @_spi(PostQuantum)
 4 | @available(iOS 26.0, macOS 26.0, watchOS 26.0, tvOS 26.0, *)
 5 | extension MLDSA87.PublicKey: MLDSAPublicKey {
   |           `- error: cannot find type 'MLDSA87' in scope
 6 |     public typealias MLDSAType = MLDSA87
 7 | }
/Users/admin/builder/spi-builder-workspace/.build/checkouts/jwt-kit/Sources/JWTKit/MLDSA/MLDSA87+MLDSAKey.swift:11:11: error: cannot find type 'MLDSA87' in scope
 9 | @_spi(PostQuantum)
10 | @available(iOS 26.0, macOS 26.0, watchOS 26.0, tvOS 26.0, *)
11 | extension MLDSA87.PrivateKey: MLDSAPrivateKey {
   |           `- error: cannot find type 'MLDSA87' in scope
12 |     public typealias MLDSAType = MLDSA87
13 | }
/Users/admin/builder/spi-builder-workspace/.build/checkouts/jwt-kit/Sources/JWTKit/MLDSA/MLDSA87+MLDSAKey.swift:17:53: error: cannot find type 'MLDSA87' in scope
15 | @_spi(PostQuantum)
16 | @available(iOS 26.0, macOS 26.0, watchOS 26.0, tvOS 26.0, *)
17 | public typealias MLDSA87PublicKey = MLDSA.PublicKey<MLDSA87>
   |                                                     `- error: cannot find type 'MLDSA87' in scope
18 |
19 | @_spi(PostQuantum)
/Users/admin/builder/spi-builder-workspace/.build/checkouts/jwt-kit/Sources/JWTKit/MLDSA/MLDSA87+MLDSAKey.swift:21:55: error: cannot find type 'MLDSA87' in scope
19 | @_spi(PostQuantum)
20 | @available(iOS 26.0, macOS 26.0, watchOS 26.0, tvOS 26.0, *)
21 | public typealias MLDSA87PrivateKey = MLDSA.PrivateKey<MLDSA87>
   |                                                       `- error: cannot find type 'MLDSA87' in scope
22 |
/Users/admin/builder/spi-builder-workspace/.build/checkouts/jwt-kit/Sources/JWTKit/MLDSA/MLDSA65+MLDSAKey.swift:6:34: error: cannot find type 'MLDSA65' in scope
 4 | @available(iOS 26.0, macOS 26.0, watchOS 26.0, tvOS 26.0, *)
 5 | extension MLDSA65.PublicKey: MLDSAPublicKey {
 6 |     public typealias MLDSAType = MLDSA65
   |                                  `- error: cannot find type 'MLDSA65' in scope
 7 | }
 8 |
/Users/admin/builder/spi-builder-workspace/.build/checkouts/jwt-kit/Sources/JWTKit/MLDSA/MLDSA65+MLDSAKey.swift:12:34: error: cannot find type 'MLDSA65' in scope
10 | @available(iOS 26.0, macOS 26.0, watchOS 26.0, tvOS 26.0, *)
11 | extension MLDSA65.PrivateKey: MLDSAPrivateKey {
12 |     public typealias MLDSAType = MLDSA65
   |                                  `- error: cannot find type 'MLDSA65' in scope
13 | }
14 |
/Users/admin/builder/spi-builder-workspace/.build/checkouts/jwt-kit/Sources/JWTKit/MLDSA/MLDSA87+MLDSAKey.swift:6:34: error: cannot find type 'MLDSA87' in scope
 4 | @available(iOS 26.0, macOS 26.0, watchOS 26.0, tvOS 26.0, *)
 5 | extension MLDSA87.PublicKey: MLDSAPublicKey {
 6 |     public typealias MLDSAType = MLDSA87
   |                                  `- error: cannot find type 'MLDSA87' in scope
 7 | }
 8 |
/Users/admin/builder/spi-builder-workspace/.build/checkouts/jwt-kit/Sources/JWTKit/MLDSA/MLDSA87+MLDSAKey.swift:12:34: error: cannot find type 'MLDSA87' in scope
10 | @available(iOS 26.0, macOS 26.0, watchOS 26.0, tvOS 26.0, *)
11 | extension MLDSA87.PrivateKey: MLDSAPrivateKey {
12 |     public typealias MLDSAType = MLDSA87
   |                                  `- error: cannot find type 'MLDSA87' in scope
13 | }
14 |
[1653/1757] Compiling JWTKit JWTKeyCollection+MLDSA.swift
/Users/admin/builder/spi-builder-workspace/.build/checkouts/jwt-kit/Sources/JWTKit/MLDSA/MLDSA65+MLDSAKey.swift:5:11: error: cannot find type 'MLDSA65' in scope
 3 | @_spi(PostQuantum)
 4 | @available(iOS 26.0, macOS 26.0, watchOS 26.0, tvOS 26.0, *)
 5 | extension MLDSA65.PublicKey: MLDSAPublicKey {
   |           `- error: cannot find type 'MLDSA65' in scope
 6 |     public typealias MLDSAType = MLDSA65
 7 | }
/Users/admin/builder/spi-builder-workspace/.build/checkouts/jwt-kit/Sources/JWTKit/MLDSA/MLDSA65+MLDSAKey.swift:11:11: error: cannot find type 'MLDSA65' in scope
 9 | @_spi(PostQuantum)
10 | @available(iOS 26.0, macOS 26.0, watchOS 26.0, tvOS 26.0, *)
11 | extension MLDSA65.PrivateKey: MLDSAPrivateKey {
   |           `- error: cannot find type 'MLDSA65' in scope
12 |     public typealias MLDSAType = MLDSA65
13 | }
/Users/admin/builder/spi-builder-workspace/.build/checkouts/jwt-kit/Sources/JWTKit/MLDSA/MLDSA65+MLDSAKey.swift:17:53: error: cannot find type 'MLDSA65' in scope
15 | @_spi(PostQuantum)
16 | @available(iOS 26.0, macOS 26.0, watchOS 26.0, tvOS 26.0, *)
17 | public typealias MLDSA65PublicKey = MLDSA.PublicKey<MLDSA65>
   |                                                     `- error: cannot find type 'MLDSA65' in scope
18 |
19 | @_spi(PostQuantum)
/Users/admin/builder/spi-builder-workspace/.build/checkouts/jwt-kit/Sources/JWTKit/MLDSA/MLDSA65+MLDSAKey.swift:21:55: error: cannot find type 'MLDSA65' in scope
19 | @_spi(PostQuantum)
20 | @available(iOS 26.0, macOS 26.0, watchOS 26.0, tvOS 26.0, *)
21 | public typealias MLDSA65PrivateKey = MLDSA.PrivateKey<MLDSA65>
   |                                                       `- error: cannot find type 'MLDSA65' in scope
22 |
/Users/admin/builder/spi-builder-workspace/.build/checkouts/jwt-kit/Sources/JWTKit/MLDSA/MLDSA87+MLDSAKey.swift:5:11: error: cannot find type 'MLDSA87' in scope
 3 | @_spi(PostQuantum)
 4 | @available(iOS 26.0, macOS 26.0, watchOS 26.0, tvOS 26.0, *)
 5 | extension MLDSA87.PublicKey: MLDSAPublicKey {
   |           `- error: cannot find type 'MLDSA87' in scope
 6 |     public typealias MLDSAType = MLDSA87
 7 | }
/Users/admin/builder/spi-builder-workspace/.build/checkouts/jwt-kit/Sources/JWTKit/MLDSA/MLDSA87+MLDSAKey.swift:11:11: error: cannot find type 'MLDSA87' in scope
 9 | @_spi(PostQuantum)
10 | @available(iOS 26.0, macOS 26.0, watchOS 26.0, tvOS 26.0, *)
11 | extension MLDSA87.PrivateKey: MLDSAPrivateKey {
   |           `- error: cannot find type 'MLDSA87' in scope
12 |     public typealias MLDSAType = MLDSA87
13 | }
/Users/admin/builder/spi-builder-workspace/.build/checkouts/jwt-kit/Sources/JWTKit/MLDSA/MLDSA87+MLDSAKey.swift:17:53: error: cannot find type 'MLDSA87' in scope
15 | @_spi(PostQuantum)
16 | @available(iOS 26.0, macOS 26.0, watchOS 26.0, tvOS 26.0, *)
17 | public typealias MLDSA87PublicKey = MLDSA.PublicKey<MLDSA87>
   |                                                     `- error: cannot find type 'MLDSA87' in scope
18 |
19 | @_spi(PostQuantum)
/Users/admin/builder/spi-builder-workspace/.build/checkouts/jwt-kit/Sources/JWTKit/MLDSA/MLDSA87+MLDSAKey.swift:21:55: error: cannot find type 'MLDSA87' in scope
19 | @_spi(PostQuantum)
20 | @available(iOS 26.0, macOS 26.0, watchOS 26.0, tvOS 26.0, *)
21 | public typealias MLDSA87PrivateKey = MLDSA.PrivateKey<MLDSA87>
   |                                                       `- error: cannot find type 'MLDSA87' in scope
22 |
/Users/admin/builder/spi-builder-workspace/.build/checkouts/jwt-kit/Sources/JWTKit/MLDSA/MLDSA65+MLDSAKey.swift:6:34: error: cannot find type 'MLDSA65' in scope
 4 | @available(iOS 26.0, macOS 26.0, watchOS 26.0, tvOS 26.0, *)
 5 | extension MLDSA65.PublicKey: MLDSAPublicKey {
 6 |     public typealias MLDSAType = MLDSA65
   |                                  `- error: cannot find type 'MLDSA65' in scope
 7 | }
 8 |
/Users/admin/builder/spi-builder-workspace/.build/checkouts/jwt-kit/Sources/JWTKit/MLDSA/MLDSA65+MLDSAKey.swift:12:34: error: cannot find type 'MLDSA65' in scope
10 | @available(iOS 26.0, macOS 26.0, watchOS 26.0, tvOS 26.0, *)
11 | extension MLDSA65.PrivateKey: MLDSAPrivateKey {
12 |     public typealias MLDSAType = MLDSA65
   |                                  `- error: cannot find type 'MLDSA65' in scope
13 | }
14 |
/Users/admin/builder/spi-builder-workspace/.build/checkouts/jwt-kit/Sources/JWTKit/MLDSA/MLDSA87+MLDSAKey.swift:6:34: error: cannot find type 'MLDSA87' in scope
 4 | @available(iOS 26.0, macOS 26.0, watchOS 26.0, tvOS 26.0, *)
 5 | extension MLDSA87.PublicKey: MLDSAPublicKey {
 6 |     public typealias MLDSAType = MLDSA87
   |                                  `- error: cannot find type 'MLDSA87' in scope
 7 | }
 8 |
/Users/admin/builder/spi-builder-workspace/.build/checkouts/jwt-kit/Sources/JWTKit/MLDSA/MLDSA87+MLDSAKey.swift:12:34: error: cannot find type 'MLDSA87' in scope
10 | @available(iOS 26.0, macOS 26.0, watchOS 26.0, tvOS 26.0, *)
11 | extension MLDSA87.PrivateKey: MLDSAPrivateKey {
12 |     public typealias MLDSAType = MLDSA87
   |                                  `- error: cannot find type 'MLDSA87' in scope
13 | }
14 |
[1654/1757] Compiling JWTKit MLDSA.swift
/Users/admin/builder/spi-builder-workspace/.build/checkouts/jwt-kit/Sources/JWTKit/MLDSA/MLDSA65+MLDSAKey.swift:5:11: error: cannot find type 'MLDSA65' in scope
 3 | @_spi(PostQuantum)
 4 | @available(iOS 26.0, macOS 26.0, watchOS 26.0, tvOS 26.0, *)
 5 | extension MLDSA65.PublicKey: MLDSAPublicKey {
   |           `- error: cannot find type 'MLDSA65' in scope
 6 |     public typealias MLDSAType = MLDSA65
 7 | }
/Users/admin/builder/spi-builder-workspace/.build/checkouts/jwt-kit/Sources/JWTKit/MLDSA/MLDSA65+MLDSAKey.swift:11:11: error: cannot find type 'MLDSA65' in scope
 9 | @_spi(PostQuantum)
10 | @available(iOS 26.0, macOS 26.0, watchOS 26.0, tvOS 26.0, *)
11 | extension MLDSA65.PrivateKey: MLDSAPrivateKey {
   |           `- error: cannot find type 'MLDSA65' in scope
12 |     public typealias MLDSAType = MLDSA65
13 | }
/Users/admin/builder/spi-builder-workspace/.build/checkouts/jwt-kit/Sources/JWTKit/MLDSA/MLDSA65+MLDSAKey.swift:17:53: error: cannot find type 'MLDSA65' in scope
15 | @_spi(PostQuantum)
16 | @available(iOS 26.0, macOS 26.0, watchOS 26.0, tvOS 26.0, *)
17 | public typealias MLDSA65PublicKey = MLDSA.PublicKey<MLDSA65>
   |                                                     `- error: cannot find type 'MLDSA65' in scope
18 |
19 | @_spi(PostQuantum)
/Users/admin/builder/spi-builder-workspace/.build/checkouts/jwt-kit/Sources/JWTKit/MLDSA/MLDSA65+MLDSAKey.swift:21:55: error: cannot find type 'MLDSA65' in scope
19 | @_spi(PostQuantum)
20 | @available(iOS 26.0, macOS 26.0, watchOS 26.0, tvOS 26.0, *)
21 | public typealias MLDSA65PrivateKey = MLDSA.PrivateKey<MLDSA65>
   |                                                       `- error: cannot find type 'MLDSA65' in scope
22 |
/Users/admin/builder/spi-builder-workspace/.build/checkouts/jwt-kit/Sources/JWTKit/MLDSA/MLDSA87+MLDSAKey.swift:5:11: error: cannot find type 'MLDSA87' in scope
 3 | @_spi(PostQuantum)
 4 | @available(iOS 26.0, macOS 26.0, watchOS 26.0, tvOS 26.0, *)
 5 | extension MLDSA87.PublicKey: MLDSAPublicKey {
   |           `- error: cannot find type 'MLDSA87' in scope
 6 |     public typealias MLDSAType = MLDSA87
 7 | }
/Users/admin/builder/spi-builder-workspace/.build/checkouts/jwt-kit/Sources/JWTKit/MLDSA/MLDSA87+MLDSAKey.swift:11:11: error: cannot find type 'MLDSA87' in scope
 9 | @_spi(PostQuantum)
10 | @available(iOS 26.0, macOS 26.0, watchOS 26.0, tvOS 26.0, *)
11 | extension MLDSA87.PrivateKey: MLDSAPrivateKey {
   |           `- error: cannot find type 'MLDSA87' in scope
12 |     public typealias MLDSAType = MLDSA87
13 | }
/Users/admin/builder/spi-builder-workspace/.build/checkouts/jwt-kit/Sources/JWTKit/MLDSA/MLDSA87+MLDSAKey.swift:17:53: error: cannot find type 'MLDSA87' in scope
15 | @_spi(PostQuantum)
16 | @available(iOS 26.0, macOS 26.0, watchOS 26.0, tvOS 26.0, *)
17 | public typealias MLDSA87PublicKey = MLDSA.PublicKey<MLDSA87>
   |                                                     `- error: cannot find type 'MLDSA87' in scope
18 |
19 | @_spi(PostQuantum)
/Users/admin/builder/spi-builder-workspace/.build/checkouts/jwt-kit/Sources/JWTKit/MLDSA/MLDSA87+MLDSAKey.swift:21:55: error: cannot find type 'MLDSA87' in scope
19 | @_spi(PostQuantum)
20 | @available(iOS 26.0, macOS 26.0, watchOS 26.0, tvOS 26.0, *)
21 | public typealias MLDSA87PrivateKey = MLDSA.PrivateKey<MLDSA87>
   |                                                       `- error: cannot find type 'MLDSA87' in scope
22 |
/Users/admin/builder/spi-builder-workspace/.build/checkouts/jwt-kit/Sources/JWTKit/MLDSA/MLDSA65+MLDSAKey.swift:6:34: error: cannot find type 'MLDSA65' in scope
 4 | @available(iOS 26.0, macOS 26.0, watchOS 26.0, tvOS 26.0, *)
 5 | extension MLDSA65.PublicKey: MLDSAPublicKey {
 6 |     public typealias MLDSAType = MLDSA65
   |                                  `- error: cannot find type 'MLDSA65' in scope
 7 | }
 8 |
/Users/admin/builder/spi-builder-workspace/.build/checkouts/jwt-kit/Sources/JWTKit/MLDSA/MLDSA65+MLDSAKey.swift:12:34: error: cannot find type 'MLDSA65' in scope
10 | @available(iOS 26.0, macOS 26.0, watchOS 26.0, tvOS 26.0, *)
11 | extension MLDSA65.PrivateKey: MLDSAPrivateKey {
12 |     public typealias MLDSAType = MLDSA65
   |                                  `- error: cannot find type 'MLDSA65' in scope
13 | }
14 |
/Users/admin/builder/spi-builder-workspace/.build/checkouts/jwt-kit/Sources/JWTKit/MLDSA/MLDSA87+MLDSAKey.swift:6:34: error: cannot find type 'MLDSA87' in scope
 4 | @available(iOS 26.0, macOS 26.0, watchOS 26.0, tvOS 26.0, *)
 5 | extension MLDSA87.PublicKey: MLDSAPublicKey {
 6 |     public typealias MLDSAType = MLDSA87
   |                                  `- error: cannot find type 'MLDSA87' in scope
 7 | }
 8 |
/Users/admin/builder/spi-builder-workspace/.build/checkouts/jwt-kit/Sources/JWTKit/MLDSA/MLDSA87+MLDSAKey.swift:12:34: error: cannot find type 'MLDSA87' in scope
10 | @available(iOS 26.0, macOS 26.0, watchOS 26.0, tvOS 26.0, *)
11 | extension MLDSA87.PrivateKey: MLDSAPrivateKey {
12 |     public typealias MLDSAType = MLDSA87
   |                                  `- error: cannot find type 'MLDSA87' in scope
13 | }
14 |
[1655/1757] Compiling JWTKit MLDSA65+MLDSAKey.swift
/Users/admin/builder/spi-builder-workspace/.build/checkouts/jwt-kit/Sources/JWTKit/MLDSA/MLDSA65+MLDSAKey.swift:5:11: error: cannot find type 'MLDSA65' in scope
 3 | @_spi(PostQuantum)
 4 | @available(iOS 26.0, macOS 26.0, watchOS 26.0, tvOS 26.0, *)
 5 | extension MLDSA65.PublicKey: MLDSAPublicKey {
   |           `- error: cannot find type 'MLDSA65' in scope
 6 |     public typealias MLDSAType = MLDSA65
 7 | }
/Users/admin/builder/spi-builder-workspace/.build/checkouts/jwt-kit/Sources/JWTKit/MLDSA/MLDSA65+MLDSAKey.swift:11:11: error: cannot find type 'MLDSA65' in scope
 9 | @_spi(PostQuantum)
10 | @available(iOS 26.0, macOS 26.0, watchOS 26.0, tvOS 26.0, *)
11 | extension MLDSA65.PrivateKey: MLDSAPrivateKey {
   |           `- error: cannot find type 'MLDSA65' in scope
12 |     public typealias MLDSAType = MLDSA65
13 | }
/Users/admin/builder/spi-builder-workspace/.build/checkouts/jwt-kit/Sources/JWTKit/MLDSA/MLDSA65+MLDSAKey.swift:17:53: error: cannot find type 'MLDSA65' in scope
15 | @_spi(PostQuantum)
16 | @available(iOS 26.0, macOS 26.0, watchOS 26.0, tvOS 26.0, *)
17 | public typealias MLDSA65PublicKey = MLDSA.PublicKey<MLDSA65>
   |                                                     `- error: cannot find type 'MLDSA65' in scope
18 |
19 | @_spi(PostQuantum)
/Users/admin/builder/spi-builder-workspace/.build/checkouts/jwt-kit/Sources/JWTKit/MLDSA/MLDSA65+MLDSAKey.swift:21:55: error: cannot find type 'MLDSA65' in scope
19 | @_spi(PostQuantum)
20 | @available(iOS 26.0, macOS 26.0, watchOS 26.0, tvOS 26.0, *)
21 | public typealias MLDSA65PrivateKey = MLDSA.PrivateKey<MLDSA65>
   |                                                       `- error: cannot find type 'MLDSA65' in scope
22 |
/Users/admin/builder/spi-builder-workspace/.build/checkouts/jwt-kit/Sources/JWTKit/MLDSA/MLDSA87+MLDSAKey.swift:5:11: error: cannot find type 'MLDSA87' in scope
 3 | @_spi(PostQuantum)
 4 | @available(iOS 26.0, macOS 26.0, watchOS 26.0, tvOS 26.0, *)
 5 | extension MLDSA87.PublicKey: MLDSAPublicKey {
   |           `- error: cannot find type 'MLDSA87' in scope
 6 |     public typealias MLDSAType = MLDSA87
 7 | }
/Users/admin/builder/spi-builder-workspace/.build/checkouts/jwt-kit/Sources/JWTKit/MLDSA/MLDSA87+MLDSAKey.swift:11:11: error: cannot find type 'MLDSA87' in scope
 9 | @_spi(PostQuantum)
10 | @available(iOS 26.0, macOS 26.0, watchOS 26.0, tvOS 26.0, *)
11 | extension MLDSA87.PrivateKey: MLDSAPrivateKey {
   |           `- error: cannot find type 'MLDSA87' in scope
12 |     public typealias MLDSAType = MLDSA87
13 | }
/Users/admin/builder/spi-builder-workspace/.build/checkouts/jwt-kit/Sources/JWTKit/MLDSA/MLDSA87+MLDSAKey.swift:17:53: error: cannot find type 'MLDSA87' in scope
15 | @_spi(PostQuantum)
16 | @available(iOS 26.0, macOS 26.0, watchOS 26.0, tvOS 26.0, *)
17 | public typealias MLDSA87PublicKey = MLDSA.PublicKey<MLDSA87>
   |                                                     `- error: cannot find type 'MLDSA87' in scope
18 |
19 | @_spi(PostQuantum)
/Users/admin/builder/spi-builder-workspace/.build/checkouts/jwt-kit/Sources/JWTKit/MLDSA/MLDSA87+MLDSAKey.swift:21:55: error: cannot find type 'MLDSA87' in scope
19 | @_spi(PostQuantum)
20 | @available(iOS 26.0, macOS 26.0, watchOS 26.0, tvOS 26.0, *)
21 | public typealias MLDSA87PrivateKey = MLDSA.PrivateKey<MLDSA87>
   |                                                       `- error: cannot find type 'MLDSA87' in scope
22 |
/Users/admin/builder/spi-builder-workspace/.build/checkouts/jwt-kit/Sources/JWTKit/MLDSA/MLDSA65+MLDSAKey.swift:6:34: error: cannot find type 'MLDSA65' in scope
 4 | @available(iOS 26.0, macOS 26.0, watchOS 26.0, tvOS 26.0, *)
 5 | extension MLDSA65.PublicKey: MLDSAPublicKey {
 6 |     public typealias MLDSAType = MLDSA65
   |                                  `- error: cannot find type 'MLDSA65' in scope
 7 | }
 8 |
/Users/admin/builder/spi-builder-workspace/.build/checkouts/jwt-kit/Sources/JWTKit/MLDSA/MLDSA65+MLDSAKey.swift:12:34: error: cannot find type 'MLDSA65' in scope
10 | @available(iOS 26.0, macOS 26.0, watchOS 26.0, tvOS 26.0, *)
11 | extension MLDSA65.PrivateKey: MLDSAPrivateKey {
12 |     public typealias MLDSAType = MLDSA65
   |                                  `- error: cannot find type 'MLDSA65' in scope
13 | }
14 |
/Users/admin/builder/spi-builder-workspace/.build/checkouts/jwt-kit/Sources/JWTKit/MLDSA/MLDSA87+MLDSAKey.swift:6:34: error: cannot find type 'MLDSA87' in scope
 4 | @available(iOS 26.0, macOS 26.0, watchOS 26.0, tvOS 26.0, *)
 5 | extension MLDSA87.PublicKey: MLDSAPublicKey {
 6 |     public typealias MLDSAType = MLDSA87
   |                                  `- error: cannot find type 'MLDSA87' in scope
 7 | }
 8 |
/Users/admin/builder/spi-builder-workspace/.build/checkouts/jwt-kit/Sources/JWTKit/MLDSA/MLDSA87+MLDSAKey.swift:12:34: error: cannot find type 'MLDSA87' in scope
10 | @available(iOS 26.0, macOS 26.0, watchOS 26.0, tvOS 26.0, *)
11 | extension MLDSA87.PrivateKey: MLDSAPrivateKey {
12 |     public typealias MLDSAType = MLDSA87
   |                                  `- error: cannot find type 'MLDSA87' in scope
13 | }
14 |
[1656/1757] Compiling JWTKit MLDSA87+MLDSAKey.swift
/Users/admin/builder/spi-builder-workspace/.build/checkouts/jwt-kit/Sources/JWTKit/MLDSA/MLDSA65+MLDSAKey.swift:5:11: error: cannot find type 'MLDSA65' in scope
 3 | @_spi(PostQuantum)
 4 | @available(iOS 26.0, macOS 26.0, watchOS 26.0, tvOS 26.0, *)
 5 | extension MLDSA65.PublicKey: MLDSAPublicKey {
   |           `- error: cannot find type 'MLDSA65' in scope
 6 |     public typealias MLDSAType = MLDSA65
 7 | }
/Users/admin/builder/spi-builder-workspace/.build/checkouts/jwt-kit/Sources/JWTKit/MLDSA/MLDSA65+MLDSAKey.swift:11:11: error: cannot find type 'MLDSA65' in scope
 9 | @_spi(PostQuantum)
10 | @available(iOS 26.0, macOS 26.0, watchOS 26.0, tvOS 26.0, *)
11 | extension MLDSA65.PrivateKey: MLDSAPrivateKey {
   |           `- error: cannot find type 'MLDSA65' in scope
12 |     public typealias MLDSAType = MLDSA65
13 | }
/Users/admin/builder/spi-builder-workspace/.build/checkouts/jwt-kit/Sources/JWTKit/MLDSA/MLDSA65+MLDSAKey.swift:17:53: error: cannot find type 'MLDSA65' in scope
15 | @_spi(PostQuantum)
16 | @available(iOS 26.0, macOS 26.0, watchOS 26.0, tvOS 26.0, *)
17 | public typealias MLDSA65PublicKey = MLDSA.PublicKey<MLDSA65>
   |                                                     `- error: cannot find type 'MLDSA65' in scope
18 |
19 | @_spi(PostQuantum)
/Users/admin/builder/spi-builder-workspace/.build/checkouts/jwt-kit/Sources/JWTKit/MLDSA/MLDSA65+MLDSAKey.swift:21:55: error: cannot find type 'MLDSA65' in scope
19 | @_spi(PostQuantum)
20 | @available(iOS 26.0, macOS 26.0, watchOS 26.0, tvOS 26.0, *)
21 | public typealias MLDSA65PrivateKey = MLDSA.PrivateKey<MLDSA65>
   |                                                       `- error: cannot find type 'MLDSA65' in scope
22 |
/Users/admin/builder/spi-builder-workspace/.build/checkouts/jwt-kit/Sources/JWTKit/MLDSA/MLDSA87+MLDSAKey.swift:5:11: error: cannot find type 'MLDSA87' in scope
 3 | @_spi(PostQuantum)
 4 | @available(iOS 26.0, macOS 26.0, watchOS 26.0, tvOS 26.0, *)
 5 | extension MLDSA87.PublicKey: MLDSAPublicKey {
   |           `- error: cannot find type 'MLDSA87' in scope
 6 |     public typealias MLDSAType = MLDSA87
 7 | }
/Users/admin/builder/spi-builder-workspace/.build/checkouts/jwt-kit/Sources/JWTKit/MLDSA/MLDSA87+MLDSAKey.swift:11:11: error: cannot find type 'MLDSA87' in scope
 9 | @_spi(PostQuantum)
10 | @available(iOS 26.0, macOS 26.0, watchOS 26.0, tvOS 26.0, *)
11 | extension MLDSA87.PrivateKey: MLDSAPrivateKey {
   |           `- error: cannot find type 'MLDSA87' in scope
12 |     public typealias MLDSAType = MLDSA87
13 | }
/Users/admin/builder/spi-builder-workspace/.build/checkouts/jwt-kit/Sources/JWTKit/MLDSA/MLDSA87+MLDSAKey.swift:17:53: error: cannot find type 'MLDSA87' in scope
15 | @_spi(PostQuantum)
16 | @available(iOS 26.0, macOS 26.0, watchOS 26.0, tvOS 26.0, *)
17 | public typealias MLDSA87PublicKey = MLDSA.PublicKey<MLDSA87>
   |                                                     `- error: cannot find type 'MLDSA87' in scope
18 |
19 | @_spi(PostQuantum)
/Users/admin/builder/spi-builder-workspace/.build/checkouts/jwt-kit/Sources/JWTKit/MLDSA/MLDSA87+MLDSAKey.swift:21:55: error: cannot find type 'MLDSA87' in scope
19 | @_spi(PostQuantum)
20 | @available(iOS 26.0, macOS 26.0, watchOS 26.0, tvOS 26.0, *)
21 | public typealias MLDSA87PrivateKey = MLDSA.PrivateKey<MLDSA87>
   |                                                       `- error: cannot find type 'MLDSA87' in scope
22 |
/Users/admin/builder/spi-builder-workspace/.build/checkouts/jwt-kit/Sources/JWTKit/MLDSA/MLDSA65+MLDSAKey.swift:6:34: error: cannot find type 'MLDSA65' in scope
 4 | @available(iOS 26.0, macOS 26.0, watchOS 26.0, tvOS 26.0, *)
 5 | extension MLDSA65.PublicKey: MLDSAPublicKey {
 6 |     public typealias MLDSAType = MLDSA65
   |                                  `- error: cannot find type 'MLDSA65' in scope
 7 | }
 8 |
/Users/admin/builder/spi-builder-workspace/.build/checkouts/jwt-kit/Sources/JWTKit/MLDSA/MLDSA65+MLDSAKey.swift:12:34: error: cannot find type 'MLDSA65' in scope
10 | @available(iOS 26.0, macOS 26.0, watchOS 26.0, tvOS 26.0, *)
11 | extension MLDSA65.PrivateKey: MLDSAPrivateKey {
12 |     public typealias MLDSAType = MLDSA65
   |                                  `- error: cannot find type 'MLDSA65' in scope
13 | }
14 |
/Users/admin/builder/spi-builder-workspace/.build/checkouts/jwt-kit/Sources/JWTKit/MLDSA/MLDSA87+MLDSAKey.swift:6:34: error: cannot find type 'MLDSA87' in scope
 4 | @available(iOS 26.0, macOS 26.0, watchOS 26.0, tvOS 26.0, *)
 5 | extension MLDSA87.PublicKey: MLDSAPublicKey {
 6 |     public typealias MLDSAType = MLDSA87
   |                                  `- error: cannot find type 'MLDSA87' in scope
 7 | }
 8 |
/Users/admin/builder/spi-builder-workspace/.build/checkouts/jwt-kit/Sources/JWTKit/MLDSA/MLDSA87+MLDSAKey.swift:12:34: error: cannot find type 'MLDSA87' in scope
10 | @available(iOS 26.0, macOS 26.0, watchOS 26.0, tvOS 26.0, *)
11 | extension MLDSA87.PrivateKey: MLDSAPrivateKey {
12 |     public typealias MLDSAType = MLDSA87
   |                                  `- error: cannot find type 'MLDSA87' in scope
13 | }
14 |
[1657/1757] Emitting module NIOSSL
[1676/1760] Compiling NIOHPACK HPACKErrors.swift
[1679/1760] Compiling NIOHPACK HPACKEncoder.swift
[1680/1760] Emitting module NIOHPACK
[1681/1760] Compiling NIOHPACK HPACKHeader.swift
[1682/1760] Compiling NIOHPACK StaticHeaderTable.swift
[1699/1779] Compiling NIOSSL UniversalBootstrapSupport.swift
[1700/1779] Compiling NIOSSL UnsafeKeyAndChainTarget.swift
[1701/1779] Compiling NIOSSL resource_bundle_accessor.swift
[1702/1824] Compiling NIOHTTP2 SendAndReceiveGoawayState.swift
[1703/1824] Compiling NIOHTTP2 StateMachineResult.swift
[1704/1824] Compiling NIOHTTP2 ContentLengthVerifier.swift
[1705/1824] Compiling NIOHTTP2 DOSHeuristics.swift
[1706/1824] Compiling NIOHTTP2 SendingRstStreamState.swift
[1707/1824] Compiling NIOHTTP2 SendingWindowUpdateState.swift
[1708/1824] Compiling NIOHTTP2 HTTP2SettingsState.swift
[1709/1824] Compiling NIOHTTP2 ReceivingDataState.swift
[1710/1824] Compiling NIOHTTP2 ReceivingGoAwayState.swift
[1711/1824] Compiling NIOHTTP2 ReceivingHeadersState.swift
[1712/1824] Compiling NIOHTTP2 ReceivingPushPromiseState.swift
[1713/1824] Compiling NIOHTTP2 LocallyQuiescingState.swift
[1714/1824] Compiling NIOHTTP2 QuiescingState.swift
[1715/1824] Compiling NIOHTTP2 RemotelyQuiescingState.swift
[1716/1824] Compiling NIOHTTP2 HasExtendedConnectSettings.swift
[1717/1824] Compiling NIOHTTP2 HasFlowControlWindows.swift
[1718/1824] Compiling NIOHTTP2 HasLocalSettings.swift
[1719/1824] Compiling NIOHTTP2 HasRemoteSettings.swift
[1720/1824] Compiling NIOHTTP2 HTTP2UserEvents.swift
[1721/1824] Compiling NIOHTTP2 InboundEventBuffer.swift
[1722/1824] Compiling NIOHTTP2 InboundWindowManager.swift
[1723/1824] Compiling NIOHTTP2 OutboundFlowControlBuffer.swift
[1724/1824] Compiling NIOHTTP2 OutboundFrameBuffer.swift
[1725/1824] Compiling NIOHTTP2 GlitchesMonitor.swift
[1726/1824] Compiling NIOHTTP2 HPACKHeaders+Validation.swift
[1727/1824] Compiling NIOHTTP2 Error+Any.swift
[1728/1824] Compiling NIOHTTP2 ConcurrentStreamBuffer.swift
[1729/1824] Compiling NIOHTTP2 ControlFrameBuffer.swift
[1730/1824] Compiling NIOHTTP2 HTTP2Stream.swift
[1731/1824] Compiling NIOHTTP2 HTTP2StreamChannel+OutboundStreamMultiplexer.swift
[1732/1824] Compiling NIOHTTP2 HTTP2StreamChannel.swift
[1733/1824] Compiling NIOHTTP2 HTTP2StreamDelegate.swift
[1737/1824] Compiling NIOHTTP2 ConnectionStateMachine.swift
[1738/1824] Compiling NIOHTTP2 ConnectionStreamsState.swift
[1739/1824] Compiling NIOHTTP2 MayReceiveFrames.swift
[1740/1824] Compiling NIOHTTP2 HTTP2StreamID.swift
[1741/1824] Compiling NIOHTTP2 HTTP2StreamMultiplexer.swift
[1742/1824] Compiling NIOHTTP2 HTTP2ToHTTP1Codec.swift
[1747/1824] Compiling NIOHTTP2 SendingGoawayState.swift
[1748/1824] Compiling NIOHTTP2 SendingHeadersState.swift
[1749/1824] Compiling NIOHTTP2 SendingPushPromiseState.swift
[1750/1824] Compiling NIOHTTP2 ReceivingRstStreamState.swift
[1751/1824] Compiling NIOHTTP2 ReceivingWindowUpdateState.swift
[1752/1824] Compiling NIOHTTP2 MaySendFrames.swift
[1753/1824] Compiling NIOHTTP2 SendingDataState.swift
[1761/1831] Compiling NIOHTTP2 Timer.swift
[1762/1831] Compiling NIOHTTP2 UnsafeTransfer.swift
[1763/1831] Compiling NIOHTTP2 WatermarkedFlowController.swift
[1764/1831] Compiling JWTKit MicrosoftIdentityToken.swift
[1765/1831] Compiling JWTKit EmptyPolicy.swift
[1766/1831] Compiling JWTKit ValidationTimePayload.swift
[1767/1831] Compiling JWTKit X5CVerifier.swift
Fetching https://github.com/vapor/jwt-kit.git
Fetching https://github.com/apple/swift-nio.git from cache
Fetching https://github.com/apple/swift-distributed-tracing.git
Fetching https://github.com/rosecoder/retryable-task.git
Fetching https://github.com/grpc/grpc-swift-2.git
Fetching https://github.com/apple/swift-log.git from cache
Fetching https://github.com/swift-server/async-http-client.git from cache
[1/158] Fetching retryable-task
[159/31402] Fetching retryable-task, grpc-swift-2
[160/37953] Fetching retryable-task, grpc-swift-2, swift-distributed-tracing
[226/48207] Fetching retryable-task, grpc-swift-2, swift-distributed-tracing, jwt-kit
Fetched https://github.com/vapor/jwt-kit.git from cache (1.72s)
[32102/37953] Fetching retryable-task, grpc-swift-2, swift-distributed-tracing
Fetched https://github.com/rosecoder/retryable-task.git from cache (2.71s)
Fetched https://github.com/apple/swift-distributed-tracing.git from cache (2.71s)
Fetched https://github.com/grpc/grpc-swift-2.git from cache (2.71s)
Fetched https://github.com/swift-server/async-http-client.git from cache (2.77s)
Fetched https://github.com/apple/swift-log.git from cache (2.78s)
Fetched https://github.com/apple/swift-nio.git from cache (2.90s)
Computing version for https://github.com/rosecoder/retryable-task.git
Computed https://github.com/rosecoder/retryable-task.git at 1.1.2 (3.46s)
Computing version for https://github.com/grpc/grpc-swift-2.git
Computed https://github.com/grpc/grpc-swift-2.git at 2.4.3 (0.58s)
Fetching https://github.com/apple/swift-collections.git from cache
Fetched https://github.com/apple/swift-collections.git from cache (2.04s)
Computing version for https://github.com/apple/swift-distributed-tracing.git
Computed https://github.com/apple/swift-distributed-tracing.git at 1.5.0 (2.57s)
Fetching https://github.com/apple/swift-service-context.git
[1/1500] Fetching swift-service-context
Fetched https://github.com/apple/swift-service-context.git from cache (0.95s)
Computing version for https://github.com/apple/swift-service-context.git
Computed https://github.com/apple/swift-service-context.git at 1.3.0 (1.45s)
Computing version for https://github.com/vapor/jwt-kit.git
Computed https://github.com/vapor/jwt-kit.git at 5.6.0 (0.45s)
Fetching https://github.com/apple/swift-certificates.git
Fetching https://github.com/apple/swift-crypto.git from cache
[1/7609] Fetching swift-certificates
Fetched https://github.com/apple/swift-certificates.git from cache (1.30s)
Fetched https://github.com/apple/swift-crypto.git from cache (1.59s)
Computing version for https://github.com/apple/swift-crypto.git
Computed https://github.com/apple/swift-crypto.git at 4.5.2 (5.36s)
Fetching https://github.com/apple/swift-asn1.git from cache
Fetched https://github.com/apple/swift-asn1.git from cache (0.81s)
Computing version for https://github.com/apple/swift-asn1.git
Computed https://github.com/apple/swift-asn1.git at 1.7.3 (1.42s)
Computing version for https://github.com/apple/swift-certificates.git
Computed https://github.com/apple/swift-certificates.git at 1.21.0 (0.65s)
Computing version for https://github.com/apple/swift-collections.git
Computed https://github.com/apple/swift-collections.git at 1.6.0 (0.66s)
Computing version for https://github.com/apple/swift-log.git
Computed https://github.com/apple/swift-log.git at 1.15.1 (0.47s)
Computing version for https://github.com/swift-server/async-http-client.git
Computed https://github.com/swift-server/async-http-client.git at 1.36.2 (0.49s)
Fetching https://github.com/apple/swift-algorithms.git from cache
Fetching https://github.com/apple/swift-atomics.git from cache
Fetching https://github.com/apple/swift-nio-ssl.git from cache
Fetching https://github.com/apple/swift-nio-http2.git from cache
Fetching https://github.com/apple/swift-nio-transport-services.git from cache
Fetching https://github.com/apple/swift-nio-extras.git from cache
Fetched https://github.com/apple/swift-algorithms.git from cache (0.92s)
Fetched https://github.com/apple/swift-nio-http2.git from cache (1.08s)
Fetched https://github.com/apple/swift-nio-transport-services.git from cache (1.14s)
Fetched https://github.com/apple/swift-nio-extras.git from cache (1.15s)
Fetched https://github.com/apple/swift-atomics.git from cache (1.40s)
Fetched https://github.com/apple/swift-nio-ssl.git from cache (1.41s)
Computing version for https://github.com/apple/swift-algorithms.git
Computed https://github.com/apple/swift-algorithms.git at 1.2.1 (3.90s)
Fetching https://github.com/apple/swift-numerics.git from cache
Fetched https://github.com/apple/swift-numerics.git from cache (1.04s)
Computing version for https://github.com/apple/swift-atomics.git
Computed https://github.com/apple/swift-atomics.git at 1.3.1 (1.60s)
Computing version for https://github.com/apple/swift-numerics.git
Computed https://github.com/apple/swift-numerics.git at 1.1.1 (0.47s)
Computing version for https://github.com/apple/swift-nio-transport-services.git
Computed https://github.com/apple/swift-nio-transport-services.git at 1.28.0 (0.48s)
Computing version for https://github.com/apple/swift-nio.git
Computed https://github.com/apple/swift-nio.git at 2.104.0 (0.66s)
Fetching https://github.com/apple/swift-system.git from cache
Fetched https://github.com/apple/swift-system.git from cache (1.54s)
Computing version for https://github.com/apple/swift-nio-http2.git
Computed https://github.com/apple/swift-nio-http2.git at 1.46.0 (2.06s)
Computing version for https://github.com/apple/swift-nio-ssl.git
Computed https://github.com/apple/swift-nio-ssl.git at 2.37.5 (0.51s)
Computing version for https://github.com/apple/swift-nio-extras.git
Computed https://github.com/apple/swift-nio-extras.git at 1.35.1 (0.71s)
Fetching https://github.com/apple/swift-http-structured-headers.git from cache
Fetching https://github.com/apple/swift-async-algorithms.git
Fetching https://github.com/swift-server/swift-service-lifecycle.git
Fetching https://github.com/apple/swift-http-types.git from cache
Fetched https://github.com/apple/swift-http-structured-headers.git from cache (0.69s)
[1/2867] Fetching swift-service-lifecycle
[2/9686] Fetching swift-service-lifecycle, swift-async-algorithms
Fetched https://github.com/apple/swift-async-algorithms.git from cache (1.24s)
Fetched https://github.com/swift-server/swift-service-lifecycle.git from cache (1.24s)
Fetched https://github.com/apple/swift-http-types.git from cache (1.26s)
Computing version for https://github.com/swift-server/swift-service-lifecycle.git
Computed https://github.com/swift-server/swift-service-lifecycle.git at 2.12.1 (1.78s)
Computing version for https://github.com/apple/swift-async-algorithms.git
Computed https://github.com/apple/swift-async-algorithms.git at 1.1.7 (0.52s)
Computing version for https://github.com/apple/swift-http-structured-headers.git
Computed https://github.com/apple/swift-http-structured-headers.git at 1.7.0 (0.50s)
Computing version for https://github.com/apple/swift-http-types.git
Computed https://github.com/apple/swift-http-types.git at 1.8.0 (0.50s)
Computing version for https://github.com/apple/swift-system.git
Computed https://github.com/apple/swift-system.git at 1.8.1 (0.52s)
Creating working copy for https://github.com/apple/swift-http-structured-headers.git
Working copy of https://github.com/apple/swift-http-structured-headers.git resolved at 1.7.0
Creating working copy for https://github.com/apple/swift-async-algorithms.git
Working copy of https://github.com/apple/swift-async-algorithms.git resolved at 1.1.7
Creating working copy for https://github.com/vapor/jwt-kit.git
Working copy of https://github.com/vapor/jwt-kit.git resolved at 5.6.0
Creating working copy for https://github.com/apple/swift-nio.git
Working copy of https://github.com/apple/swift-nio.git resolved at 2.104.0
Creating working copy for https://github.com/apple/swift-system.git
Working copy of https://github.com/apple/swift-system.git resolved at 1.8.1
Creating working copy for https://github.com/apple/swift-atomics.git
Working copy of https://github.com/apple/swift-atomics.git resolved at 1.3.1
Creating working copy for https://github.com/swift-server/async-http-client.git
Working copy of https://github.com/swift-server/async-http-client.git resolved at 1.36.2
Creating working copy for https://github.com/apple/swift-collections.git
Working copy of https://github.com/apple/swift-collections.git resolved at 1.6.0
Creating working copy for https://github.com/rosecoder/retryable-task.git
Working copy of https://github.com/rosecoder/retryable-task.git resolved at 1.1.2
Creating working copy for https://github.com/apple/swift-http-types.git
Working copy of https://github.com/apple/swift-http-types.git resolved at 1.8.0
Creating working copy for https://github.com/apple/swift-log.git
Working copy of https://github.com/apple/swift-log.git resolved at 1.15.1
Creating working copy for https://github.com/apple/swift-nio-transport-services.git
Working copy of https://github.com/apple/swift-nio-transport-services.git resolved at 1.28.0
Creating working copy for https://github.com/apple/swift-nio-ssl.git
Working copy of https://github.com/apple/swift-nio-ssl.git resolved at 2.37.5
Creating working copy for https://github.com/grpc/grpc-swift-2.git
Working copy of https://github.com/grpc/grpc-swift-2.git resolved at 2.4.3
Creating working copy for https://github.com/apple/swift-numerics.git
Working copy of https://github.com/apple/swift-numerics.git resolved at 1.1.1
Creating working copy for https://github.com/swift-server/swift-service-lifecycle.git
Working copy of https://github.com/swift-server/swift-service-lifecycle.git resolved at 2.12.1
Creating working copy for https://github.com/apple/swift-crypto.git
Working copy of https://github.com/apple/swift-crypto.git resolved at 4.5.2
Creating working copy for https://github.com/apple/swift-certificates.git
Working copy of https://github.com/apple/swift-certificates.git resolved at 1.21.0
Creating working copy for https://github.com/apple/swift-distributed-tracing.git
Working copy of https://github.com/apple/swift-distributed-tracing.git resolved at 1.5.0
Creating working copy for https://github.com/apple/swift-nio-extras.git
Working copy of https://github.com/apple/swift-nio-extras.git resolved at 1.35.1
Creating working copy for https://github.com/apple/swift-nio-http2.git
Working copy of https://github.com/apple/swift-nio-http2.git resolved at 1.46.0
Creating working copy for https://github.com/apple/swift-asn1.git
Working copy of https://github.com/apple/swift-asn1.git resolved at 1.7.3
Creating working copy for https://github.com/apple/swift-service-context.git
Working copy of https://github.com/apple/swift-service-context.git resolved at 1.3.0
Creating working copy for https://github.com/apple/swift-algorithms.git
Working copy of https://github.com/apple/swift-algorithms.git resolved at 1.2.1
Running build ...
env DEVELOPER_DIR=/Applications/Xcode-16.3.0.app xcrun swift build --arch arm64
[0/1] Planning build
Building for debugging...
[0/1] Write swift-version-2F0A5646E1D333AE.txt
[2/87] Compiling ServiceContextModule ServiceContextKey.swift
[3/87] Emitting module ServiceContextModule
[4/87] Compiling ServiceContextModule ServiceContext.swift
[5/87] Compiling RealModule RealFunctions.swift
[6/88] Compiling InternalCollectionsUtilities UnsafeRawBufferPointer+Extras.swift
[7/88] Compiling InternalCollectionsUtilities _SortedCollection.swift
[8/89] Compiling SwiftASN1 ASN1Integer.swift
[9/89] Compiling SwiftASN1 ASN1Null.swift
[10/89] Compiling RealModule Real.swift
[11/89] Compiling RealModule Float80+Real.swift
[12/89] Compiling RealModule RelaxedArithmetic.swift
[13/89] Emitting module _CertificateInternals
[14/89] Compiling _CertificateInternals _TinyArray.swift
[15/89] Compiling SwiftASN1 ASN1.swift
[16/89] Compiling SwiftASN1 BER.swift
[17/89] Compiling InternalCollectionsUtilities _UniqueCollection.swift
[18/89] Compiling SwiftASN1 ASN1Boolean.swift
[19/89] Compiling SwiftASN1 ASN1Identifier.swift
[20/89] Compiling Logging LogEvent.swift
[21/90] Emitting module _NIOBase64
[22/90] Compiling _NIOBase64 Base64.swift
[23/90] Compiling RealModule Float16+Real.swift
[24/90] Compiling RealModule Float+Real.swift
[25/90] Compiling RealModule ElementaryFunctions.swift
[26/90] Compiling NIOConcurrencyHelpers NIOLock.swift
[27/90] Compiling _NIODataStructures PriorityQueue.swift
[28/90] Compiling _NIODataStructures _TinyArray.swift
[29/90] Compiling NIOConcurrencyHelpers NIOLockedValueBox.swift
[30/90] Compiling RealModule AugmentedArithmetic.swift
[31/90] Compiling RealModule Double+Real.swift
[32/90] Compiling _NIODataStructures Heap.swift
[33/90] Compiling SwiftASN1 TimeUtilities.swift
[34/90] Compiling SwiftASN1 UTCTime.swift
[35/177] Compiling NIOConcurrencyHelpers NIOAtomic.swift
[36/177] Compiling CryptoBoringWrapper resource_bundle_accessor.swift
[37/177] Compiling Logging LoggingSystem.swift
[38/177] Compiling Logging SwiftLogNoOpLogHandler.swift
[39/177] Compiling Logging Locks.swift
[40/183] Emitting module _NIODataStructures
[41/183] Compiling Crypto HPKE-Errors.swift
[42/183] Compiling Crypto HPKE.swift
[43/183] Compiling Crypto HPKE-NIST-EC-KEMs.swift
[44/183] Compiling Crypto HPKE-KEM.swift
[45/202] Compiling NIOConcurrencyHelpers lock.swift
[46/202] Compiling NIOConcurrencyHelpers atomics.swift
[47/202] Compiling NIOConcurrencyHelpers NIOThreadPoolWorkAvailable.swift
[48/202] Compiling CryptoBoringWrapper CryptoKitErrors_boring.swift
[49/202] Compiling Logging MetadataProvider.swift
[50/202] Emitting module RealModule
[51/202] Compiling CryptoBoringWrapper RandomBytes.swift
[52/202] Compiling Logging LogHandler.swift
[53/202] Compiling Logging Logger+Attributes.swift
[54/202] Compiling CryptoBoringWrapper FiniteFieldArithmeticContext.swift
[55/202] Emitting module NIOConcurrencyHelpers
[56/202] Compiling Atomics DoubleWord.swift
[57/202] Compiling Atomics ManagedAtomic.swift
[58/202] Emitting module CryptoBoringWrapper
[59/202] Compiling CryptoBoringWrapper BoringSSLAEAD.swift
[60/202] Compiling CryptoBoringWrapper EllipticCurve.swift
[61/202] Compiling Instrumentation NoOpInstrument.swift
[62/202] Compiling Instrumentation MultiplexInstrument.swift
[63/202] Compiling Instrumentation InstrumentationSystem.swift
[64/202] Compiling Instrumentation Instrument.swift
[65/202] Emitting module Instrumentation
[66/202] Compiling Instrumentation Locks.swift
[67/202] Compiling Logging Logger+With.swift
unable to find node: pound
unable to find node: pound
[68/202] Compiling Logging Logger.swift
[69/202] Compiling Atomics AtomicInteger.swift
[70/202] Compiling Atomics AtomicOptionalWrappable.swift
[71/202] Compiling Atomics AtomicReference.swift
[72/202] Compiling Atomics AtomicStorage.swift
[73/202] Emitting module Logging
unable to find node: pound
unable to find node: pound
[74/202] Compiling Atomics AtomicBool.swift
[75/202] Compiling Atomics OptionalRawRepresentable.swift
[76/202] Compiling Atomics IntegerConformances.swift
[77/202] Compiling Atomics RawRepresentable.swift
[78/212] Compiling Crypto AES-GCM.swift
[79/212] Compiling Crypto AES-GCM_boring.swift
[80/212] Compiling Crypto ChaChaPoly_boring.swift
[81/212] Compiling Crypto ChaChaPoly.swift
[82/212] Compiling Crypto Cipher.swift
[83/212] Compiling Crypto Nonces.swift
[84/212] Compiling Crypto ASN1.swift
[85/212] Compiling Crypto ASN1Any.swift
[86/212] Compiling Crypto ASN1BitString.swift
[87/212] Compiling Crypto ASN1Boolean.swift
[88/221] Compiling Crypto ASN1Identifier.swift
[89/221] Compiling Crypto ASN1Integer.swift
[90/221] Compiling Crypto ASN1Null.swift
[91/221] Compiling Crypto ASN1OctetString.swift
[92/221] Compiling Crypto ASN1Strings.swift
[93/221] Compiling Crypto ArraySliceBigint.swift
[94/221] Compiling Crypto GeneralizedTime.swift
[95/221] Compiling Crypto ObjectIdentifier.swift
[96/221] Compiling Crypto ECDSASignature.swift
[97/221] Compiling Crypto PEMDocument.swift
[98/221] Compiling Crypto HashFunctions_SHA3.swift
[99/221] Compiling Crypto Digest_xkcp.swift
[100/221] Compiling Crypto HPKE-AEAD.swift
[101/221] Compiling Crypto HPKE-Ciphersuite.swift
[102/221] Compiling Crypto HPKE-KDF.swift
[103/221] Compiling Crypto HPKE-KexKeyDerivation.swift
[104/221] Compiling Crypto HPKE-LabeledExtract.swift
[105/221] Compiling Crypto HPKE-Utils.swift
[106/221] Compiling Crypto DHKEM.swift
[107/221] Compiling Crypto HPKE-KEM-Curve25519.swift
[108/221] Compiling Crypto MLKEM_wrapper.swift
[109/221] Compiling Crypto XWing_boring.swift
[110/221] Compiling Crypto KEM-Errors.swift
[111/221] Compiling Crypto KEM.swift
[112/221] Compiling Crypto MLKEM.swift
[113/221] Compiling Crypto XWing.swift
[114/221] Compiling Crypto ECDH_boring.swift
[115/221] Compiling Crypto DH.swift
[116/221] Compiling Crypto ECDH.swift
[117/221] Compiling Atomics PointerConformances.swift
[118/221] Compiling Atomics Primitives.native.swift
[119/247] Compiling SwiftASN1 DER.swift
[120/247] Emitting module InternalCollectionsUtilities
[121/247] Compiling Algorithms Intersperse.swift
[122/247] Compiling Algorithms Suffix.swift
[123/247] Compiling Crypto ANSIx963.swift
[124/247] Compiling Crypto HKDF.swift
[125/247] Compiling Crypto AESWrap.swift
[126/247] Compiling Crypto AESWrap_boring.swift
[127/247] Compiling Crypto Ed25519_boring.swift
[128/247] Compiling Crypto NISTCurvesKeys_boring.swift
[129/247] Compiling Crypto X25519Keys_boring.swift
[130/247] Compiling Crypto Curve25519.swift
[131/247] Compiling Crypto Ed25519Keys.swift
[132/247] Compiling Algorithms RandomSample.swift
[133/247] Compiling Algorithms Reductions.swift
[134/247] Compiling Algorithms Rotate.swift
[135/247] Compiling Algorithms AdjacentPairs.swift
[136/247] Compiling Algorithms Chain.swift
[137/247] Compiling Algorithms Chunked.swift
[138/247] Compiling Crypto Signature.swift
[139/247] Compiling Crypto CryptoKitErrors_boring.swift
[140/247] Compiling Crypto Optional+withUnsafeBytes_boring.swift
[141/247] Compiling Algorithms Combinations.swift
[142/247] Compiling Algorithms Compacted.swift
[143/247] Compiling Algorithms Cycle.swift
[144/247] Compiling Algorithms Joined.swift
[145/247] Compiling Algorithms Keyed.swift
[146/247] Compiling Algorithms MinMax.swift
[147/247] Compiling Algorithms EitherSequence.swift
[148/247] Compiling Algorithms FirstNonNil.swift
[149/247] Compiling Algorithms FlattenCollection.swift
[150/247] Compiling Algorithms Partition.swift
[151/247] Emitting module Crypto
[152/247] Compiling Algorithms Permutations.swift
[153/247] Compiling Algorithms Product.swift
[154/247] Compiling Algorithms Grouped.swift
[155/247] Compiling Algorithms Indexed.swift
[158/247] Compiling Algorithms Trim.swift
[159/247] Compiling Algorithms Split.swift
[160/247] Compiling Algorithms Stride.swift
[161/247] Compiling Crypto PKCS8PrivateKey.swift
[162/247] Compiling Crypto SEC1PrivateKey.swift
[163/247] Compiling Crypto SubjectPublicKeyInfo.swift
[164/247] Compiling Crypto CryptoError_boring.swift
[165/247] Compiling Crypto CryptoKitErrors.swift
[166/247] Compiling Crypto Digest_boring.swift
[167/247] Compiling Crypto Digest.swift
[168/247] Compiling Crypto Digests.swift
[169/247] Compiling Crypto HashFunctions.swift
[170/247] Compiling Crypto HashFunctions_SHA2.swift
[175/255] Compiling CryptoBoringWrapper EllipticCurvePoint.swift
[176/255] Compiling CryptoBoringWrapper ArbitraryPrecisionInteger.swift
[177/255] Compiling Tracing WithTracer.swift
[178/284] Compiling SwiftASN1 Errors.swift
[179/292] Compiling ContainersPreview BorrowingIteratorProtocol.swift
[180/292] Compiling ContainersPreview BorrowingSequence+Algorithms.swift
[181/292] Compiling ContainersPreview BorrowingSequence+Standard Conformances.swift
[182/292] Compiling ContainersPreview BorrowingSequence+Utilities.swift
[183/295] Compiling ContainersPreview BorrowingSequence.swift
[184/295] Compiling ContainersPreview BidirectionalContainer.swift
[185/295] Compiling ContainersPreview Container+Filter.swift
[186/295] Compiling ContainersPreview Container+SpanwiseZip.swift
[187/295] Compiling ContainersPreview Producer.swift
[188/295] Compiling ContainersPreview InputSpan.swift
[189/295] Compiling ContainersPreview MutableRef.swift
[190/295] Compiling ContainersPreview Ref.swift
[191/295] Compiling ContainersPreview BorrowingIteratorProtocol+Filter.swift
[192/295] Compiling ContainersPreview BorrowingIteratorProtocol+Map.swift
[193/295] Compiling ContainersPreview BorrowingIteratorProtocol+Reduce.swift
[194/295] Compiling ContainersPreview BorrowingIteratorProtocol+SpanwiseZip.swift
[195/295] Compiling RetryableTask NoRetryPolicy.swift
[196/295] Compiling RetryableTask withRetryableTask.swift
[197/295] Compiling RetryableTask RetryPolicy.swift
[198/295] Compiling RetryableTask ImmediateRetryPolicy.swift
[199/295] Compiling RetryableTask ExponentialBackoffDelayRetryPolicy.swift
[200/295] Compiling ContainersPreview Drain+Reduce.swift
[201/295] Compiling ContainersPreview Drain.swift
[202/295] Compiling ContainersPreview PermutableContainer.swift
[203/295] Compiling ContainersPreview RandomAccessContainer.swift
[204/295] Emitting module ContainersPreview
[207/295] Compiling ContainersPreview RangeExpression2.swift
[208/295] Compiling ContainersPreview RangeReplaceableContainer.swift
[209/295] Compiling ContainersPreview Producer+Collect.swift
[210/295] Compiling ContainersPreview Producer+Filter.swift
[211/295] Compiling ContainersPreview Producer+Map.swift
[212/295] Compiling ContainersPreview Producer+Reduce.swift
[213/295] Compiling ContainersPreview Container.swift
[214/295] Compiling ContainersPreview ContainerIterator.swift
[215/295] Compiling ContainersPreview DynamicContainer.swift
[216/295] Compiling ContainersPreview MutableContainer.swift
[217/295] Compiling ContainersPreview OutputSpan+Extras.swift
[218/295] Compiling ContainersPreview TemporaryAllocation.swift
[219/295] Compiling ContainersPreview BorrowingIteratorProtocol+Copy.swift
[220/295] Compiling ContainersPreview BorrowingIteratorProtocol+ElementsEqual.swift
[221/295] Compiling ContainersPreview Strideable+Limits.swift
[222/295] Compiling ContainersPreview Drain+Map.swift
[227/295] Compiling Tracing TracingTime.swift
[228/295] Compiling ContainersPreview Shared.swift
[229/295] Compiling ContainersPreview SpanIterator.swift
[230/295] Compiling ContainersPreview UniqueBox.swift
[231/295] Compiling Tracing TracerProtocol+Legacy.swift
[232/295] Compiling Tracing TracerProtocol.swift
[233/295] Compiling RetryableTask DelayedRetryPolicy.swift
[234/295] Compiling RetryableTask DefaultRetryPolicy.swift
[235/295] Emitting module RetryableTask
[236/295] Compiling Tracing NoOpTracer.swift
[237/295] Emitting module Tracing
[238/295] Compiling Tracing SpanProtocol.swift
[239/295] Compiling Tracing Tracer.swift
[240/295] Compiling Tracing InstrumentationSystem+Tracing.swift
[245/339] Compiling DequeModule Deque+Equatable.swift
[246/339] Compiling DequeModule RigidDeque+Consumption.swift
[247/339] Compiling DequeModule RigidDeque+Container.swift
[248/339] Compiling Crypto RNG_boring.swift
[249/339] Compiling Crypto SafeCompare_boring.swift
[250/339] Compiling Crypto Zeroization_boring.swift
[251/339] Compiling Crypto _CryptoModuleAnchor.swift
[252/339] Compiling Crypto PrettyBytes.swift
[253/339] Compiling Crypto SafeCompare.swift
[254/339] Compiling Crypto SecureBytes.swift
[255/339] Compiling Crypto Zeroization.swift
[256/339] Compiling Crypto resource_bundle_accessor.swift
[257/339] Compiling DequeModule UniqueDeque+Initializers.swift
[258/339] Compiling DequeModule UniqueDeque+Insertions.swift
[259/339] Compiling DequeModule UniqueDeque+Prepend.swift
[260/339] Compiling DequeModule UniqueDeque+Equatable.swift
[261/339] Compiling DequeModule UniqueDeque+Experimental.swift
[262/339] Compiling DequeModule UniqueDeque+Hashable.swift
[263/339] Compiling DequeModule UniqueDeque+Removals.swift
[264/339] Compiling DequeModule UniqueDeque+Replacements.swift
[265/339] Compiling DequeModule Deque+Codable.swift
[266/339] Compiling DequeModule Deque+Collection.swift
[267/339] Compiling DequeModule Deque+CustomReflectable.swift
[268/339] Compiling DequeModule Deque+Descriptions.swift
[269/339] Compiling DequeModule UniqueDeque+Deprecated.swift
[270/339] Compiling DequeModule UniqueDeque+Descriptions.swift
[271/339] Compiling DequeModule Deque+ExpressibleByArrayLiteral.swift
[272/339] Compiling DequeModule Deque+Extras.swift
[273/339] Compiling DequeModule Deque+Hashable.swift
[274/339] Compiling DequeModule Deque+Testing.swift
[275/339] Compiling DequeModule Deque._Storage.swift
[276/339] Compiling DequeModule RigidDeque+Replacements.swift
[277/339] Compiling DequeModule RigidDeque+Testing.swift
[278/339] Compiling DequeModule RigidDeque.swift
[279/339] Compiling DequeModule UniqueDeque+Append.swift
[280/343] Compiling DequeModule RigidDeque+Initializers.swift
[281/343] Compiling DequeModule RigidDeque+Insertions.swift
[282/343] Compiling DequeModule RigidDeque+Prepend.swift
[283/343] Compiling DequeModule RigidDeque+Removals.swift
[284/343] Compiling DequeModule UniqueDeque+Consumption.swift
[285/343] Compiling DequeModule UniqueDeque+Container.swift
[286/343] Compiling DequeModule RigidDeque+Hashable.swift
[295/343] Compiling DequeModule Deque._UnsafeHandle.swift
[296/343] Compiling DequeModule Deque.swift
[297/343] Compiling DequeModule _DequeBuffer.swift
[298/343] Compiling DequeModule _DequeBufferHeader.swift
[299/343] Compiling DequeModule RigidDeque+Append.swift
[302/343] Compiling DequeModule RigidDeque+Descriptions.swift
[303/343] Compiling DequeModule RigidDeque+Equatable.swift
[304/343] Compiling DequeModule RigidDeque+Experimental.swift
[318/343] Emitting module SwiftASN1
[329/343] Emitting module Atomics
[338/344] Compiling Atomics Unmanaged extensions.swift
[339/408] Emitting module DequeModule
[340/408] Compiling CryptoExtras PBKDF2_boring.swift
[341/408] Compiling CryptoExtras BoringSSLSHA512256Context.swift
[342/408] Compiling CryptoExtras BoringSSLSHA512256HashFunction.swift
[343/408] Compiling CryptoExtras SHA512256.swift
[344/408] Compiling CryptoExtras Reexport.swift
[345/408] Compiling CryptoExtras Zeroization_boring.swift
[346/408] Compiling CryptoExtras BoringSSLHelpers.swift
[347/408] Compiling CryptoExtras CryptoKitErrors_boring.swift
[348/408] Compiling CryptoExtras Data+Extensions.swift
[349/408] Compiling CryptoExtras DigestType.swift
[350/408] Compiling CryptoExtras Error.swift
[351/415] Emitting module Algorithms
[352/536] Compiling NIOCore SingleStepByteToMessageDecoder.swift
[353/536] Compiling NIOCore NIOAsyncWriter.swift
[354/536] Compiling NIOCore NIOThrowingAsyncSequenceProducer.swift
[355/536] Compiling NIOCore BSDSocketAPI.swift
[356/536] Compiling NIOCore ByteBuffer-aux.swift
[357/536] Compiling NIOCore ByteBuffer-binaryEncodedLengthPrefix.swift
[358/536] Compiling NIOCore ByteBuffer-conversions.swift
[359/536] Emitting module CryptoExtras
[360/536] Compiling NIOCore NIOAsyncSequenceProducerStrategies.swift
[361/536] Compiling NIOCore MarkedCircularBuffer.swift
[362/536] Compiling NIOCore MulticastChannel.swift
[363/536] Compiling NIOCore NIOAny.swift
[364/536] Compiling NIOCore NIOCloseOnErrorHandler.swift
[365/536] Compiling NIOCore NIOCoreSendableMetatype.swift
[366/536] Compiling NIOCore NIODecodedAsyncSequence.swift
[367/536] Compiling NIOCore AddressedEnvelope.swift
[368/536] Compiling NIOCore AsyncAwaitSupport.swift
[369/536] Compiling NIOCore AsyncChannel.swift
[370/536] Compiling NIOCore AsyncChannelHandler.swift
[371/536] Compiling NIOCore AsyncChannelInboundStream.swift
[372/536] Compiling NIOCore AsyncChannelOutboundWriter.swift
[373/536] Compiling NIOCore NIOAsyncSequenceProducer.swift
[374/536] Compiling NIOCore NIOLoopBound.swift
[375/536] Compiling NIOCore NIOPooledRecvBufferAllocator.swift
[376/536] Compiling NIOCore NIOScheduledCallback.swift
[377/536] Compiling NIOCore NIOSendable.swift
[378/536] Compiling NIOCore NIOSplitLinesMessageDecoder.swift
[379/536] Compiling NIOCore NIOTransportAccessibleChannelCore.swift
[380/536] Compiling NIOCore RecvByteBufferAllocator.swift
[381/536] Compiling NIOCore ByteBuffer-hex.swift
[382/536] Compiling NIOCore ByteBuffer-int.swift
[383/536] Compiling NIOCore ByteBuffer-lengthPrefix.swift
[384/536] Compiling NIOCore ByteBuffer-multi-int.swift
[385/536] Compiling NIOCore ByteBuffer-quicBinaryEncodingStrategy.swift
[386/536] Compiling NIOCore ByteBuffer-views.swift
[387/542] Compiling NIOCore ByteBuffer-core.swift
[388/542] Compiling CryptoExtras ThreadWindows.swift
[389/542] Compiling CryptoExtras DLEQ.swift
[390/542] Compiling CryptoExtras Prover.swift
[391/542] Compiling CryptoExtras Verifier.swift
[392/542] Compiling CryptoExtras ZKPToolbox.swift
[393/542] Compiling CryptoExtras resource_bundle_accessor.swift
[394/542] Compiling GRPCCore Timeout.swift
[395/542] Compiling GRPCCore ClientTransport.swift
[396/542] Compiling GRPCCore RPCParts.swift
[397/542] Compiling GRPCCore RPCStream.swift
[398/542] Compiling GRPCCore RetryThrottle.swift
[399/542] Compiling GRPCCore ServerTransport.swift
[400/542] Compiling NIOCore ChannelHandler.swift
[401/542] Compiling NIOCore ChannelHandlers.swift
[402/542] Compiling NIOCore ChannelInvoker.swift
[403/542] Compiling NIOCore ChannelOption.swift
[404/542] Compiling NIOCore ChannelPipeline.swift
[405/542] Compiling NIOCore CircularBuffer.swift
[406/542] Compiling NIOCore Codec.swift
[407/542] Compiling NIOCore EventLoopFuture+AssumeIsolated.swift
[408/542] Compiling NIOCore EventLoopFuture+Deprecated.swift
[409/542] Compiling NIOCore EventLoopFuture+WithEventLoop.swift
[410/542] Compiling NIOCore EventLoopFuture.swift
[411/542] Compiling NIOCore FileDescriptor.swift
[412/542] Compiling NIOCore FileHandle.swift
[416/542] Compiling NIOCore IO.swift
[417/542] Compiling NIOCore IOData.swift
[418/542] Compiling NIOCore IPProtocol.swift
[419/542] Compiling NIOCore Channel.swift
[420/542] Compiling NIOCore ConvenienceOptionSupport.swift
[421/542] Compiling NIOCore DeadChannel.swift
[422/542] Compiling NIOCore DispatchQueue+WithFuture.swift
[423/542] Compiling NIOCore EventLoop+Deprecated.swift
[424/542] Compiling NIOCore EventLoop+SerialExecutor.swift
[425/542] Compiling NIOCore EventLoop.swift
[426/542] Compiling NIOCore FileRegion.swift
[427/542] Compiling NIOCore GlobalSingletons.swift
[459/542] Compiling NIOCore IntegerBitPacking.swift
[460/542] Compiling NIOCore IntegerTypes.swift
[461/542] Compiling NIOCore Interfaces.swift
[462/542] Compiling NIOCore Linux.swift
[477/542] Emitting module GRPCCore
[499/551] Emitting module _CryptoExtras
[500/551] Compiling _CryptoExtras Exports.swift
[537/649] Compiling X509 StateOrProvinceName.swift
[538/649] Compiling X509 StreetAddress.swift
[539/649] Compiling X509 Error.swift
[540/649] Compiling X509 AuthorityInformationAccess.swift
[541/649] Compiling X509 AuthorityKeyIdentifier.swift
[542/649] Compiling X509 BasicConstraints.swift
[543/649] Compiling X509 ExtendedKeyUsage.swift
[544/649] Compiling X509 CSRAttribute.swift
[545/649] Compiling X509 CSRAttributes.swift
[546/649] Compiling X509 CSRVersion.swift
[547/649] Compiling X509 CertificateSigningRequest.swift
[548/649] Compiling X509 CertificationRequestInfo.swift
[549/649] Compiling X509 ExtensionRequest.swift
[550/649] Compiling X509 Certificate.swift
[551/649] Compiling X509 AllOfPolicies.swift
[552/649] Compiling X509 AnyPolicy.swift
[553/649] Compiling X509 CertificateStore.swift
[554/649] Compiling X509 CustomCertificateStore.swift
[555/649] Compiling X509 OneOfPolicies.swift
[556/649] Compiling X509 PolicyBuilder.swift
[557/649] Compiling X509 BasicConstraintsPolicy.swift
[558/649] Compiling X509 DNSNames.swift
[559/649] Compiling X509 ExpiryPolicy.swift
[560/649] Compiling X509 IPConstraints.swift
[561/659] Compiling X509 SubjectKeyIdentifier.swift
[562/659] Compiling X509 Extension.swift
[563/659] Compiling X509 Extensions.swift
[564/659] Compiling X509 ExtensionsBuilder.swift
[565/659] Compiling X509 GeneralName.swift
[566/659] Compiling X509 Lock.swift
[567/659] Compiling X509 LockedValueBox.swift
[568/659] Compiling X509 BasicOCSPResponse.swift
[569/659] Compiling X509 DirectoryString.swift
[570/659] Compiling X509 OCSPCertID.swift
[571/659] Compiling X509 OCSPCertStatus.swift
[579/659] Compiling X509 CertificatePrivateKey.swift
[580/659] Compiling X509 CertificatePublicKey.swift
[581/659] Compiling X509 CertificateSerialNumber.swift
[582/659] Compiling X509 CertificateVersion.swift
[583/659] Compiling X509 CustomPrivateKey.swift
[584/659] Compiling X509 Digests.swift
[585/659] Compiling X509 DistinguishedName.swift
[586/659] Compiling X509 CommonName.swift
[587/659] Compiling X509 CountryName.swift
[588/659] Compiling X509 DNBuilder.swift
[589/659] Compiling X509 DomainComponent.swift
[590/659] Compiling X509 EmailAddress.swift
[591/659] Compiling X509 LocalityName.swift
[592/659] Compiling X509 OrganizationName.swift
[593/659] Compiling X509 OrganizationalUnitName.swift
[594/659] Compiling X509 OCSPExtensionID.swift
[595/659] Compiling X509 OCSPNonce.swift
[596/659] Compiling X509 OCSPPolicy.swift
[597/659] Compiling X509 OCSPRequest.swift
[598/659] Compiling X509 OCSPResponse.swift
[599/659] Compiling X509 OCSPResponseBytes.swift
[600/659] Compiling X509 OCSPResponseData.swift
[601/659] Compiling X509 OCSPResponseStatus.swift
[602/659] Compiling X509 OCSPSignature.swift
[603/659] Compiling X509 OCSPSingleRequest.swift
[604/659] Compiling X509 OCSPSingleResponse.swift
[612/659] Compiling X509 ExtensionIdentifiers.swift
[613/659] Compiling X509 KeyUsage.swift
[614/659] Compiling X509 NameConstraints.swift
[615/659] Compiling X509 SubjectAlternativeName.swift
[616/659] Compiling X509 CMSAttribute.swift
[617/659] Compiling X509 CMSContentInfo.swift
[618/659] Compiling X509 CMSEncapsulatedContentInfo.swift
[619/659] Compiling X509 CMSIssuerAndSerialNumber.swift
[620/659] Compiling X509 CMSOperations.swift
[621/659] Compiling X509 CMSSignature.swift
[622/659] Compiling X509 CMSSignedData.swift
[623/659] Compiling X509 CMSSignerIdentifier.swift
[624/659] Compiling X509 CMSSignerInfo.swift
[625/659] Compiling X509 CMSVersion.swift
[626/659] Compiling X509 Curve25519+DER.swift
[627/659] Compiling X509 OCSPTBSRequest.swift
[628/659] Compiling X509 OCSPVersion.swift
[629/659] Compiling X509 PKCS8PrivateKey.swift
[630/659] Compiling X509 PromiseAndFuture.swift
[631/659] Compiling X509 RDNAttribute.swift
[632/659] Compiling X509 RandomNumberGenerator+bytes.swift
[633/659] Compiling X509 RelativeDistinguishedName.swift
[634/659] Compiling X509 SEC1PrivateKey.swift
[635/659] Compiling X509 SecKeyWrapper.swift
[636/659] Compiling X509 Signature.swift
[637/659] Compiling X509 SignatureAlgorithm.swift
[638/659] Compiling X509 NameConstraintsPolicy.swift
[639/659] Compiling X509 RFC5280Policy.swift
[640/659] Compiling X509 URIConstraints.swift
[641/659] Compiling X509 VersionPolicy.swift
[642/659] Compiling X509 ServerIdentityPolicy.swift
[643/659] Compiling X509 TrustRootLoading.swift
[644/659] Compiling X509 UnverifiedChain.swift
[645/659] Compiling X509 ValidatedCertificateChain.swift
[646/659] Compiling X509 VerificationDiagnostic.swift
[647/659] Compiling X509 Verifier.swift
[648/659] Compiling X509 VerifierPolicy.swift
[649/659] Compiling X509 AlgorithmIdentifier.swift
[650/659] Compiling X509 ECDSASignature.swift
[651/659] Compiling X509 RSAPKCS1PublicKey.swift
[652/659] Compiling X509 SubjectPublicKeyInfo.swift
[653/659] Compiling X509 TBSCertificate.swift
[654/659] Compiling X509 Time.swift
[655/659] Compiling X509 TimeCalculations.swift
[656/659] Compiling X509 Validity.swift
[657/659] Compiling X509 X509SendableMetatype.swift
[658/659] Emitting module NIOCore
[659/696] Emitting module X509
[660/719] Compiling NIOEmbedded AsyncTestingEventLoop.swift
[661/787] Compiling NIOFoundationEssentialsCompat Codable+ByteBuffer.swift
[662/787] Emitting module NIOFoundationEssentialsCompat
[663/787] Compiling NIOFoundationEssentialsCompat ByteBuffer-foundation.swift
[664/787] Compiling NIOEmbedded AsyncTestingChannel.swift
[665/787] Compiling NIOEmbedded Embedded.swift
[666/787] Emitting module NIOEmbedded
[667/787] Compiling JWTKit P521+CurveType.swift
[668/787] Compiling JWTKit EdDSA.swift
[669/787] Compiling JWTKit EdDSACurve.swift
[670/787] Compiling JWTKit EdDSAError.swift
[671/787] Compiling JWTKit EdDSASigner.swift
[672/787] Compiling JWTKit JWTKeyCollection+EdDSA.swift
[673/787] Compiling JWTKit HMAC.swift
[674/787] Compiling JWTKit HMACError.swift
[680/794] Compiling JWTKit JWTKeyCollection+UnsecuredNone.swift
[681/794] Compiling JWTKit UnsecuredNoneSigner.swift
[682/794] Compiling JWTKit JWTKeyCollection+RSA.swift
[686/799] Compiling JWTKit ECDSACurveType.swift
[687/799] Compiling JWTKit ECDSAError.swift
[688/799] Compiling JWTKit ECDSAKeyTypes.swift
[689/799] Compiling JWTKit ECDSASigner.swift
[690/799] Compiling JWTKit ECDSASigningAlgorithm.swift
[691/799] Compiling JWTKit JWTKeyCollection+ECDSA.swift
[692/799] Compiling JWTKit P256+CurveType.swift
[693/799] Compiling JWTKit P384+CurveType.swift
[694/799] Compiling NIOPosix Utilities.swift
[695/799] Compiling NIOPosix VsockAddress.swift
[696/799] Compiling NIOPosix VsockChannelEvents.swift
[697/799] Compiling NIOPosix Windows.swift
[698/799] Compiling NIOPosix resource_bundle_accessor.swift
[699/799] Compiling JWTKit CustomizedJSONCoders.swift
[700/799] Compiling JWTKit Utilities.swift
[701/799] Compiling JWTKit JWTPayload.swift
/Users/admin/builder/spi-builder-workspace/.build/checkouts/jwt-kit/Sources/JWTKit/MLDSA/MLDSA65+MLDSAKey.swift:5:11: error: cannot find type 'MLDSA65' in scope
 3 | @_spi(PostQuantum)
 4 | @available(iOS 26.0, macOS 26.0, watchOS 26.0, tvOS 26.0, *)
 5 | extension MLDSA65.PublicKey: MLDSAPublicKey {
   |           `- error: cannot find type 'MLDSA65' in scope
 6 |     public typealias MLDSAType = MLDSA65
 7 | }
/Users/admin/builder/spi-builder-workspace/.build/checkouts/jwt-kit/Sources/JWTKit/MLDSA/MLDSA65+MLDSAKey.swift:11:11: error: cannot find type 'MLDSA65' in scope
 9 | @_spi(PostQuantum)
10 | @available(iOS 26.0, macOS 26.0, watchOS 26.0, tvOS 26.0, *)
11 | extension MLDSA65.PrivateKey: MLDSAPrivateKey {
   |           `- error: cannot find type 'MLDSA65' in scope
12 |     public typealias MLDSAType = MLDSA65
13 | }
/Users/admin/builder/spi-builder-workspace/.build/checkouts/jwt-kit/Sources/JWTKit/MLDSA/MLDSA65+MLDSAKey.swift:17:53: error: cannot find type 'MLDSA65' in scope
15 | @_spi(PostQuantum)
16 | @available(iOS 26.0, macOS 26.0, watchOS 26.0, tvOS 26.0, *)
17 | public typealias MLDSA65PublicKey = MLDSA.PublicKey<MLDSA65>
   |                                                     `- error: cannot find type 'MLDSA65' in scope
18 |
19 | @_spi(PostQuantum)
/Users/admin/builder/spi-builder-workspace/.build/checkouts/jwt-kit/Sources/JWTKit/MLDSA/MLDSA65+MLDSAKey.swift:21:55: error: cannot find type 'MLDSA65' in scope
19 | @_spi(PostQuantum)
20 | @available(iOS 26.0, macOS 26.0, watchOS 26.0, tvOS 26.0, *)
21 | public typealias MLDSA65PrivateKey = MLDSA.PrivateKey<MLDSA65>
   |                                                       `- error: cannot find type 'MLDSA65' in scope
22 |
/Users/admin/builder/spi-builder-workspace/.build/checkouts/jwt-kit/Sources/JWTKit/MLDSA/MLDSA87+MLDSAKey.swift:5:11: error: cannot find type 'MLDSA87' in scope
 3 | @_spi(PostQuantum)
 4 | @available(iOS 26.0, macOS 26.0, watchOS 26.0, tvOS 26.0, *)
 5 | extension MLDSA87.PublicKey: MLDSAPublicKey {
   |           `- error: cannot find type 'MLDSA87' in scope
 6 |     public typealias MLDSAType = MLDSA87
 7 | }
/Users/admin/builder/spi-builder-workspace/.build/checkouts/jwt-kit/Sources/JWTKit/MLDSA/MLDSA87+MLDSAKey.swift:11:11: error: cannot find type 'MLDSA87' in scope
 9 | @_spi(PostQuantum)
10 | @available(iOS 26.0, macOS 26.0, watchOS 26.0, tvOS 26.0, *)
11 | extension MLDSA87.PrivateKey: MLDSAPrivateKey {
   |           `- error: cannot find type 'MLDSA87' in scope
12 |     public typealias MLDSAType = MLDSA87
13 | }
/Users/admin/builder/spi-builder-workspace/.build/checkouts/jwt-kit/Sources/JWTKit/MLDSA/MLDSA87+MLDSAKey.swift:17:53: error: cannot find type 'MLDSA87' in scope
15 | @_spi(PostQuantum)
16 | @available(iOS 26.0, macOS 26.0, watchOS 26.0, tvOS 26.0, *)
17 | public typealias MLDSA87PublicKey = MLDSA.PublicKey<MLDSA87>
   |                                                     `- error: cannot find type 'MLDSA87' in scope
18 |
19 | @_spi(PostQuantum)
/Users/admin/builder/spi-builder-workspace/.build/checkouts/jwt-kit/Sources/JWTKit/MLDSA/MLDSA87+MLDSAKey.swift:21:55: error: cannot find type 'MLDSA87' in scope
19 | @_spi(PostQuantum)
20 | @available(iOS 26.0, macOS 26.0, watchOS 26.0, tvOS 26.0, *)
21 | public typealias MLDSA87PrivateKey = MLDSA.PrivateKey<MLDSA87>
   |                                                       `- error: cannot find type 'MLDSA87' in scope
22 |
/Users/admin/builder/spi-builder-workspace/.build/checkouts/jwt-kit/Sources/JWTKit/MLDSA/MLDSA65+MLDSAKey.swift:6:34: error: cannot find type 'MLDSA65' in scope
 4 | @available(iOS 26.0, macOS 26.0, watchOS 26.0, tvOS 26.0, *)
 5 | extension MLDSA65.PublicKey: MLDSAPublicKey {
 6 |     public typealias MLDSAType = MLDSA65
   |                                  `- error: cannot find type 'MLDSA65' in scope
 7 | }
 8 |
/Users/admin/builder/spi-builder-workspace/.build/checkouts/jwt-kit/Sources/JWTKit/MLDSA/MLDSA65+MLDSAKey.swift:12:34: error: cannot find type 'MLDSA65' in scope
10 | @available(iOS 26.0, macOS 26.0, watchOS 26.0, tvOS 26.0, *)
11 | extension MLDSA65.PrivateKey: MLDSAPrivateKey {
12 |     public typealias MLDSAType = MLDSA65
   |                                  `- error: cannot find type 'MLDSA65' in scope
13 | }
14 |
/Users/admin/builder/spi-builder-workspace/.build/checkouts/jwt-kit/Sources/JWTKit/MLDSA/MLDSA87+MLDSAKey.swift:6:34: error: cannot find type 'MLDSA87' in scope
 4 | @available(iOS 26.0, macOS 26.0, watchOS 26.0, tvOS 26.0, *)
 5 | extension MLDSA87.PublicKey: MLDSAPublicKey {
 6 |     public typealias MLDSAType = MLDSA87
   |                                  `- error: cannot find type 'MLDSA87' in scope
 7 | }
 8 |
/Users/admin/builder/spi-builder-workspace/.build/checkouts/jwt-kit/Sources/JWTKit/MLDSA/MLDSA87+MLDSAKey.swift:12:34: error: cannot find type 'MLDSA87' in scope
10 | @available(iOS 26.0, macOS 26.0, watchOS 26.0, tvOS 26.0, *)
11 | extension MLDSA87.PrivateKey: MLDSAPrivateKey {
12 |     public typealias MLDSAType = MLDSA87
   |                                  `- error: cannot find type 'MLDSA87' in scope
13 | }
14 |
[702/799] Compiling JWTKit JWTSerializer.swift
/Users/admin/builder/spi-builder-workspace/.build/checkouts/jwt-kit/Sources/JWTKit/MLDSA/MLDSA65+MLDSAKey.swift:5:11: error: cannot find type 'MLDSA65' in scope
 3 | @_spi(PostQuantum)
 4 | @available(iOS 26.0, macOS 26.0, watchOS 26.0, tvOS 26.0, *)
 5 | extension MLDSA65.PublicKey: MLDSAPublicKey {
   |           `- error: cannot find type 'MLDSA65' in scope
 6 |     public typealias MLDSAType = MLDSA65
 7 | }
/Users/admin/builder/spi-builder-workspace/.build/checkouts/jwt-kit/Sources/JWTKit/MLDSA/MLDSA65+MLDSAKey.swift:11:11: error: cannot find type 'MLDSA65' in scope
 9 | @_spi(PostQuantum)
10 | @available(iOS 26.0, macOS 26.0, watchOS 26.0, tvOS 26.0, *)
11 | extension MLDSA65.PrivateKey: MLDSAPrivateKey {
   |           `- error: cannot find type 'MLDSA65' in scope
12 |     public typealias MLDSAType = MLDSA65
13 | }
/Users/admin/builder/spi-builder-workspace/.build/checkouts/jwt-kit/Sources/JWTKit/MLDSA/MLDSA65+MLDSAKey.swift:17:53: error: cannot find type 'MLDSA65' in scope
15 | @_spi(PostQuantum)
16 | @available(iOS 26.0, macOS 26.0, watchOS 26.0, tvOS 26.0, *)
17 | public typealias MLDSA65PublicKey = MLDSA.PublicKey<MLDSA65>
   |                                                     `- error: cannot find type 'MLDSA65' in scope
18 |
19 | @_spi(PostQuantum)
/Users/admin/builder/spi-builder-workspace/.build/checkouts/jwt-kit/Sources/JWTKit/MLDSA/MLDSA65+MLDSAKey.swift:21:55: error: cannot find type 'MLDSA65' in scope
19 | @_spi(PostQuantum)
20 | @available(iOS 26.0, macOS 26.0, watchOS 26.0, tvOS 26.0, *)
21 | public typealias MLDSA65PrivateKey = MLDSA.PrivateKey<MLDSA65>
   |                                                       `- error: cannot find type 'MLDSA65' in scope
22 |
/Users/admin/builder/spi-builder-workspace/.build/checkouts/jwt-kit/Sources/JWTKit/MLDSA/MLDSA87+MLDSAKey.swift:5:11: error: cannot find type 'MLDSA87' in scope
 3 | @_spi(PostQuantum)
 4 | @available(iOS 26.0, macOS 26.0, watchOS 26.0, tvOS 26.0, *)
 5 | extension MLDSA87.PublicKey: MLDSAPublicKey {
   |           `- error: cannot find type 'MLDSA87' in scope
 6 |     public typealias MLDSAType = MLDSA87
 7 | }
/Users/admin/builder/spi-builder-workspace/.build/checkouts/jwt-kit/Sources/JWTKit/MLDSA/MLDSA87+MLDSAKey.swift:11:11: error: cannot find type 'MLDSA87' in scope
 9 | @_spi(PostQuantum)
10 | @available(iOS 26.0, macOS 26.0, watchOS 26.0, tvOS 26.0, *)
11 | extension MLDSA87.PrivateKey: MLDSAPrivateKey {
   |           `- error: cannot find type 'MLDSA87' in scope
12 |     public typealias MLDSAType = MLDSA87
13 | }
/Users/admin/builder/spi-builder-workspace/.build/checkouts/jwt-kit/Sources/JWTKit/MLDSA/MLDSA87+MLDSAKey.swift:17:53: error: cannot find type 'MLDSA87' in scope
15 | @_spi(PostQuantum)
16 | @available(iOS 26.0, macOS 26.0, watchOS 26.0, tvOS 26.0, *)
17 | public typealias MLDSA87PublicKey = MLDSA.PublicKey<MLDSA87>
   |                                                     `- error: cannot find type 'MLDSA87' in scope
18 |
19 | @_spi(PostQuantum)
/Users/admin/builder/spi-builder-workspace/.build/checkouts/jwt-kit/Sources/JWTKit/MLDSA/MLDSA87+MLDSAKey.swift:21:55: error: cannot find type 'MLDSA87' in scope
19 | @_spi(PostQuantum)
20 | @available(iOS 26.0, macOS 26.0, watchOS 26.0, tvOS 26.0, *)
21 | public typealias MLDSA87PrivateKey = MLDSA.PrivateKey<MLDSA87>
   |                                                       `- error: cannot find type 'MLDSA87' in scope
22 |
/Users/admin/builder/spi-builder-workspace/.build/checkouts/jwt-kit/Sources/JWTKit/MLDSA/MLDSA65+MLDSAKey.swift:6:34: error: cannot find type 'MLDSA65' in scope
 4 | @available(iOS 26.0, macOS 26.0, watchOS 26.0, tvOS 26.0, *)
 5 | extension MLDSA65.PublicKey: MLDSAPublicKey {
 6 |     public typealias MLDSAType = MLDSA65
   |                                  `- error: cannot find type 'MLDSA65' in scope
 7 | }
 8 |
/Users/admin/builder/spi-builder-workspace/.build/checkouts/jwt-kit/Sources/JWTKit/MLDSA/MLDSA65+MLDSAKey.swift:12:34: error: cannot find type 'MLDSA65' in scope
10 | @available(iOS 26.0, macOS 26.0, watchOS 26.0, tvOS 26.0, *)
11 | extension MLDSA65.PrivateKey: MLDSAPrivateKey {
12 |     public typealias MLDSAType = MLDSA65
   |                                  `- error: cannot find type 'MLDSA65' in scope
13 | }
14 |
/Users/admin/builder/spi-builder-workspace/.build/checkouts/jwt-kit/Sources/JWTKit/MLDSA/MLDSA87+MLDSAKey.swift:6:34: error: cannot find type 'MLDSA87' in scope
 4 | @available(iOS 26.0, macOS 26.0, watchOS 26.0, tvOS 26.0, *)
 5 | extension MLDSA87.PublicKey: MLDSAPublicKey {
 6 |     public typealias MLDSAType = MLDSA87
   |                                  `- error: cannot find type 'MLDSA87' in scope
 7 | }
 8 |
/Users/admin/builder/spi-builder-workspace/.build/checkouts/jwt-kit/Sources/JWTKit/MLDSA/MLDSA87+MLDSAKey.swift:12:34: error: cannot find type 'MLDSA87' in scope
10 | @available(iOS 26.0, macOS 26.0, watchOS 26.0, tvOS 26.0, *)
11 | extension MLDSA87.PrivateKey: MLDSAPrivateKey {
12 |     public typealias MLDSAType = MLDSA87
   |                                  `- error: cannot find type 'MLDSA87' in scope
13 | }
14 |
[703/799] Compiling JWTKit JWTSigner.swift
/Users/admin/builder/spi-builder-workspace/.build/checkouts/jwt-kit/Sources/JWTKit/MLDSA/MLDSA65+MLDSAKey.swift:5:11: error: cannot find type 'MLDSA65' in scope
 3 | @_spi(PostQuantum)
 4 | @available(iOS 26.0, macOS 26.0, watchOS 26.0, tvOS 26.0, *)
 5 | extension MLDSA65.PublicKey: MLDSAPublicKey {
   |           `- error: cannot find type 'MLDSA65' in scope
 6 |     public typealias MLDSAType = MLDSA65
 7 | }
/Users/admin/builder/spi-builder-workspace/.build/checkouts/jwt-kit/Sources/JWTKit/MLDSA/MLDSA65+MLDSAKey.swift:11:11: error: cannot find type 'MLDSA65' in scope
 9 | @_spi(PostQuantum)
10 | @available(iOS 26.0, macOS 26.0, watchOS 26.0, tvOS 26.0, *)
11 | extension MLDSA65.PrivateKey: MLDSAPrivateKey {
   |           `- error: cannot find type 'MLDSA65' in scope
12 |     public typealias MLDSAType = MLDSA65
13 | }
/Users/admin/builder/spi-builder-workspace/.build/checkouts/jwt-kit/Sources/JWTKit/MLDSA/MLDSA65+MLDSAKey.swift:17:53: error: cannot find type 'MLDSA65' in scope
15 | @_spi(PostQuantum)
16 | @available(iOS 26.0, macOS 26.0, watchOS 26.0, tvOS 26.0, *)
17 | public typealias MLDSA65PublicKey = MLDSA.PublicKey<MLDSA65>
   |                                                     `- error: cannot find type 'MLDSA65' in scope
18 |
19 | @_spi(PostQuantum)
/Users/admin/builder/spi-builder-workspace/.build/checkouts/jwt-kit/Sources/JWTKit/MLDSA/MLDSA65+MLDSAKey.swift:21:55: error: cannot find type 'MLDSA65' in scope
19 | @_spi(PostQuantum)
20 | @available(iOS 26.0, macOS 26.0, watchOS 26.0, tvOS 26.0, *)
21 | public typealias MLDSA65PrivateKey = MLDSA.PrivateKey<MLDSA65>
   |                                                       `- error: cannot find type 'MLDSA65' in scope
22 |
/Users/admin/builder/spi-builder-workspace/.build/checkouts/jwt-kit/Sources/JWTKit/MLDSA/MLDSA87+MLDSAKey.swift:5:11: error: cannot find type 'MLDSA87' in scope
 3 | @_spi(PostQuantum)
 4 | @available(iOS 26.0, macOS 26.0, watchOS 26.0, tvOS 26.0, *)
 5 | extension MLDSA87.PublicKey: MLDSAPublicKey {
   |           `- error: cannot find type 'MLDSA87' in scope
 6 |     public typealias MLDSAType = MLDSA87
 7 | }
/Users/admin/builder/spi-builder-workspace/.build/checkouts/jwt-kit/Sources/JWTKit/MLDSA/MLDSA87+MLDSAKey.swift:11:11: error: cannot find type 'MLDSA87' in scope
 9 | @_spi(PostQuantum)
10 | @available(iOS 26.0, macOS 26.0, watchOS 26.0, tvOS 26.0, *)
11 | extension MLDSA87.PrivateKey: MLDSAPrivateKey {
   |           `- error: cannot find type 'MLDSA87' in scope
12 |     public typealias MLDSAType = MLDSA87
13 | }
/Users/admin/builder/spi-builder-workspace/.build/checkouts/jwt-kit/Sources/JWTKit/MLDSA/MLDSA87+MLDSAKey.swift:17:53: error: cannot find type 'MLDSA87' in scope
15 | @_spi(PostQuantum)
16 | @available(iOS 26.0, macOS 26.0, watchOS 26.0, tvOS 26.0, *)
17 | public typealias MLDSA87PublicKey = MLDSA.PublicKey<MLDSA87>
   |                                                     `- error: cannot find type 'MLDSA87' in scope
18 |
19 | @_spi(PostQuantum)
/Users/admin/builder/spi-builder-workspace/.build/checkouts/jwt-kit/Sources/JWTKit/MLDSA/MLDSA87+MLDSAKey.swift:21:55: error: cannot find type 'MLDSA87' in scope
19 | @_spi(PostQuantum)
20 | @available(iOS 26.0, macOS 26.0, watchOS 26.0, tvOS 26.0, *)
21 | public typealias MLDSA87PrivateKey = MLDSA.PrivateKey<MLDSA87>
   |                                                       `- error: cannot find type 'MLDSA87' in scope
22 |
/Users/admin/builder/spi-builder-workspace/.build/checkouts/jwt-kit/Sources/JWTKit/MLDSA/MLDSA65+MLDSAKey.swift:6:34: error: cannot find type 'MLDSA65' in scope
 4 | @available(iOS 26.0, macOS 26.0, watchOS 26.0, tvOS 26.0, *)
 5 | extension MLDSA65.PublicKey: MLDSAPublicKey {
 6 |     public typealias MLDSAType = MLDSA65
   |                                  `- error: cannot find type 'MLDSA65' in scope
 7 | }
 8 |
/Users/admin/builder/spi-builder-workspace/.build/checkouts/jwt-kit/Sources/JWTKit/MLDSA/MLDSA65+MLDSAKey.swift:12:34: error: cannot find type 'MLDSA65' in scope
10 | @available(iOS 26.0, macOS 26.0, watchOS 26.0, tvOS 26.0, *)
11 | extension MLDSA65.PrivateKey: MLDSAPrivateKey {
12 |     public typealias MLDSAType = MLDSA65
   |                                  `- error: cannot find type 'MLDSA65' in scope
13 | }
14 |
/Users/admin/builder/spi-builder-workspace/.build/checkouts/jwt-kit/Sources/JWTKit/MLDSA/MLDSA87+MLDSAKey.swift:6:34: error: cannot find type 'MLDSA87' in scope
 4 | @available(iOS 26.0, macOS 26.0, watchOS 26.0, tvOS 26.0, *)
 5 | extension MLDSA87.PublicKey: MLDSAPublicKey {
 6 |     public typealias MLDSAType = MLDSA87
   |                                  `- error: cannot find type 'MLDSA87' in scope
 7 | }
 8 |
/Users/admin/builder/spi-builder-workspace/.build/checkouts/jwt-kit/Sources/JWTKit/MLDSA/MLDSA87+MLDSAKey.swift:12:34: error: cannot find type 'MLDSA87' in scope
10 | @available(iOS 26.0, macOS 26.0, watchOS 26.0, tvOS 26.0, *)
11 | extension MLDSA87.PrivateKey: MLDSAPrivateKey {
12 |     public typealias MLDSAType = MLDSA87
   |                                  `- error: cannot find type 'MLDSA87' in scope
13 | }
14 |
[704/799] Compiling JWTKit JWTKeyCollection+MLDSA.swift
/Users/admin/builder/spi-builder-workspace/.build/checkouts/jwt-kit/Sources/JWTKit/MLDSA/MLDSA65+MLDSAKey.swift:5:11: error: cannot find type 'MLDSA65' in scope
 3 | @_spi(PostQuantum)
 4 | @available(iOS 26.0, macOS 26.0, watchOS 26.0, tvOS 26.0, *)
 5 | extension MLDSA65.PublicKey: MLDSAPublicKey {
   |           `- error: cannot find type 'MLDSA65' in scope
 6 |     public typealias MLDSAType = MLDSA65
 7 | }
/Users/admin/builder/spi-builder-workspace/.build/checkouts/jwt-kit/Sources/JWTKit/MLDSA/MLDSA65+MLDSAKey.swift:11:11: error: cannot find type 'MLDSA65' in scope
 9 | @_spi(PostQuantum)
10 | @available(iOS 26.0, macOS 26.0, watchOS 26.0, tvOS 26.0, *)
11 | extension MLDSA65.PrivateKey: MLDSAPrivateKey {
   |           `- error: cannot find type 'MLDSA65' in scope
12 |     public typealias MLDSAType = MLDSA65
13 | }
/Users/admin/builder/spi-builder-workspace/.build/checkouts/jwt-kit/Sources/JWTKit/MLDSA/MLDSA65+MLDSAKey.swift:17:53: error: cannot find type 'MLDSA65' in scope
15 | @_spi(PostQuantum)
16 | @available(iOS 26.0, macOS 26.0, watchOS 26.0, tvOS 26.0, *)
17 | public typealias MLDSA65PublicKey = MLDSA.PublicKey<MLDSA65>
   |                                                     `- error: cannot find type 'MLDSA65' in scope
18 |
19 | @_spi(PostQuantum)
/Users/admin/builder/spi-builder-workspace/.build/checkouts/jwt-kit/Sources/JWTKit/MLDSA/MLDSA65+MLDSAKey.swift:21:55: error: cannot find type 'MLDSA65' in scope
19 | @_spi(PostQuantum)
20 | @available(iOS 26.0, macOS 26.0, watchOS 26.0, tvOS 26.0, *)
21 | public typealias MLDSA65PrivateKey = MLDSA.PrivateKey<MLDSA65>
   |                                                       `- error: cannot find type 'MLDSA65' in scope
22 |
/Users/admin/builder/spi-builder-workspace/.build/checkouts/jwt-kit/Sources/JWTKit/MLDSA/MLDSA87+MLDSAKey.swift:5:11: error: cannot find type 'MLDSA87' in scope
 3 | @_spi(PostQuantum)
 4 | @available(iOS 26.0, macOS 26.0, watchOS 26.0, tvOS 26.0, *)
 5 | extension MLDSA87.PublicKey: MLDSAPublicKey {
   |           `- error: cannot find type 'MLDSA87' in scope
 6 |     public typealias MLDSAType = MLDSA87
 7 | }
/Users/admin/builder/spi-builder-workspace/.build/checkouts/jwt-kit/Sources/JWTKit/MLDSA/MLDSA87+MLDSAKey.swift:11:11: error: cannot find type 'MLDSA87' in scope
 9 | @_spi(PostQuantum)
10 | @available(iOS 26.0, macOS 26.0, watchOS 26.0, tvOS 26.0, *)
11 | extension MLDSA87.PrivateKey: MLDSAPrivateKey {
   |           `- error: cannot find type 'MLDSA87' in scope
12 |     public typealias MLDSAType = MLDSA87
13 | }
/Users/admin/builder/spi-builder-workspace/.build/checkouts/jwt-kit/Sources/JWTKit/MLDSA/MLDSA87+MLDSAKey.swift:17:53: error: cannot find type 'MLDSA87' in scope
15 | @_spi(PostQuantum)
16 | @available(iOS 26.0, macOS 26.0, watchOS 26.0, tvOS 26.0, *)
17 | public typealias MLDSA87PublicKey = MLDSA.PublicKey<MLDSA87>
   |                                                     `- error: cannot find type 'MLDSA87' in scope
18 |
19 | @_spi(PostQuantum)
/Users/admin/builder/spi-builder-workspace/.build/checkouts/jwt-kit/Sources/JWTKit/MLDSA/MLDSA87+MLDSAKey.swift:21:55: error: cannot find type 'MLDSA87' in scope
19 | @_spi(PostQuantum)
20 | @available(iOS 26.0, macOS 26.0, watchOS 26.0, tvOS 26.0, *)
21 | public typealias MLDSA87PrivateKey = MLDSA.PrivateKey<MLDSA87>
   |                                                       `- error: cannot find type 'MLDSA87' in scope
22 |
/Users/admin/builder/spi-builder-workspace/.build/checkouts/jwt-kit/Sources/JWTKit/MLDSA/MLDSA65+MLDSAKey.swift:6:34: error: cannot find type 'MLDSA65' in scope
 4 | @available(iOS 26.0, macOS 26.0, watchOS 26.0, tvOS 26.0, *)
 5 | extension MLDSA65.PublicKey: MLDSAPublicKey {
 6 |     public typealias MLDSAType = MLDSA65
   |                                  `- error: cannot find type 'MLDSA65' in scope
 7 | }
 8 |
/Users/admin/builder/spi-builder-workspace/.build/checkouts/jwt-kit/Sources/JWTKit/MLDSA/MLDSA65+MLDSAKey.swift:12:34: error: cannot find type 'MLDSA65' in scope
10 | @available(iOS 26.0, macOS 26.0, watchOS 26.0, tvOS 26.0, *)
11 | extension MLDSA65.PrivateKey: MLDSAPrivateKey {
12 |     public typealias MLDSAType = MLDSA65
   |                                  `- error: cannot find type 'MLDSA65' in scope
13 | }
14 |
/Users/admin/builder/spi-builder-workspace/.build/checkouts/jwt-kit/Sources/JWTKit/MLDSA/MLDSA87+MLDSAKey.swift:6:34: error: cannot find type 'MLDSA87' in scope
 4 | @available(iOS 26.0, macOS 26.0, watchOS 26.0, tvOS 26.0, *)
 5 | extension MLDSA87.PublicKey: MLDSAPublicKey {
 6 |     public typealias MLDSAType = MLDSA87
   |                                  `- error: cannot find type 'MLDSA87' in scope
 7 | }
 8 |
/Users/admin/builder/spi-builder-workspace/.build/checkouts/jwt-kit/Sources/JWTKit/MLDSA/MLDSA87+MLDSAKey.swift:12:34: error: cannot find type 'MLDSA87' in scope
10 | @available(iOS 26.0, macOS 26.0, watchOS 26.0, tvOS 26.0, *)
11 | extension MLDSA87.PrivateKey: MLDSAPrivateKey {
12 |     public typealias MLDSAType = MLDSA87
   |                                  `- error: cannot find type 'MLDSA87' in scope
13 | }
14 |
[705/799] Compiling JWTKit MLDSA.swift
/Users/admin/builder/spi-builder-workspace/.build/checkouts/jwt-kit/Sources/JWTKit/MLDSA/MLDSA65+MLDSAKey.swift:5:11: error: cannot find type 'MLDSA65' in scope
 3 | @_spi(PostQuantum)
 4 | @available(iOS 26.0, macOS 26.0, watchOS 26.0, tvOS 26.0, *)
 5 | extension MLDSA65.PublicKey: MLDSAPublicKey {
   |           `- error: cannot find type 'MLDSA65' in scope
 6 |     public typealias MLDSAType = MLDSA65
 7 | }
/Users/admin/builder/spi-builder-workspace/.build/checkouts/jwt-kit/Sources/JWTKit/MLDSA/MLDSA65+MLDSAKey.swift:11:11: error: cannot find type 'MLDSA65' in scope
 9 | @_spi(PostQuantum)
10 | @available(iOS 26.0, macOS 26.0, watchOS 26.0, tvOS 26.0, *)
11 | extension MLDSA65.PrivateKey: MLDSAPrivateKey {
   |           `- error: cannot find type 'MLDSA65' in scope
12 |     public typealias MLDSAType = MLDSA65
13 | }
/Users/admin/builder/spi-builder-workspace/.build/checkouts/jwt-kit/Sources/JWTKit/MLDSA/MLDSA65+MLDSAKey.swift:17:53: error: cannot find type 'MLDSA65' in scope
15 | @_spi(PostQuantum)
16 | @available(iOS 26.0, macOS 26.0, watchOS 26.0, tvOS 26.0, *)
17 | public typealias MLDSA65PublicKey = MLDSA.PublicKey<MLDSA65>
   |                                                     `- error: cannot find type 'MLDSA65' in scope
18 |
19 | @_spi(PostQuantum)
/Users/admin/builder/spi-builder-workspace/.build/checkouts/jwt-kit/Sources/JWTKit/MLDSA/MLDSA65+MLDSAKey.swift:21:55: error: cannot find type 'MLDSA65' in scope
19 | @_spi(PostQuantum)
20 | @available(iOS 26.0, macOS 26.0, watchOS 26.0, tvOS 26.0, *)
21 | public typealias MLDSA65PrivateKey = MLDSA.PrivateKey<MLDSA65>
   |                                                       `- error: cannot find type 'MLDSA65' in scope
22 |
/Users/admin/builder/spi-builder-workspace/.build/checkouts/jwt-kit/Sources/JWTKit/MLDSA/MLDSA87+MLDSAKey.swift:5:11: error: cannot find type 'MLDSA87' in scope
 3 | @_spi(PostQuantum)
 4 | @available(iOS 26.0, macOS 26.0, watchOS 26.0, tvOS 26.0, *)
 5 | extension MLDSA87.PublicKey: MLDSAPublicKey {
   |           `- error: cannot find type 'MLDSA87' in scope
 6 |     public typealias MLDSAType = MLDSA87
 7 | }
/Users/admin/builder/spi-builder-workspace/.build/checkouts/jwt-kit/Sources/JWTKit/MLDSA/MLDSA87+MLDSAKey.swift:11:11: error: cannot find type 'MLDSA87' in scope
 9 | @_spi(PostQuantum)
10 | @available(iOS 26.0, macOS 26.0, watchOS 26.0, tvOS 26.0, *)
11 | extension MLDSA87.PrivateKey: MLDSAPrivateKey {
   |           `- error: cannot find type 'MLDSA87' in scope
12 |     public typealias MLDSAType = MLDSA87
13 | }
/Users/admin/builder/spi-builder-workspace/.build/checkouts/jwt-kit/Sources/JWTKit/MLDSA/MLDSA87+MLDSAKey.swift:17:53: error: cannot find type 'MLDSA87' in scope
15 | @_spi(PostQuantum)
16 | @available(iOS 26.0, macOS 26.0, watchOS 26.0, tvOS 26.0, *)
17 | public typealias MLDSA87PublicKey = MLDSA.PublicKey<MLDSA87>
   |                                                     `- error: cannot find type 'MLDSA87' in scope
18 |
19 | @_spi(PostQuantum)
/Users/admin/builder/spi-builder-workspace/.build/checkouts/jwt-kit/Sources/JWTKit/MLDSA/MLDSA87+MLDSAKey.swift:21:55: error: cannot find type 'MLDSA87' in scope
19 | @_spi(PostQuantum)
20 | @available(iOS 26.0, macOS 26.0, watchOS 26.0, tvOS 26.0, *)
21 | public typealias MLDSA87PrivateKey = MLDSA.PrivateKey<MLDSA87>
   |                                                       `- error: cannot find type 'MLDSA87' in scope
22 |
/Users/admin/builder/spi-builder-workspace/.build/checkouts/jwt-kit/Sources/JWTKit/MLDSA/MLDSA65+MLDSAKey.swift:6:34: error: cannot find type 'MLDSA65' in scope
 4 | @available(iOS 26.0, macOS 26.0, watchOS 26.0, tvOS 26.0, *)
 5 | extension MLDSA65.PublicKey: MLDSAPublicKey {
 6 |     public typealias MLDSAType = MLDSA65
   |                                  `- error: cannot find type 'MLDSA65' in scope
 7 | }
 8 |
/Users/admin/builder/spi-builder-workspace/.build/checkouts/jwt-kit/Sources/JWTKit/MLDSA/MLDSA65+MLDSAKey.swift:12:34: error: cannot find type 'MLDSA65' in scope
10 | @available(iOS 26.0, macOS 26.0, watchOS 26.0, tvOS 26.0, *)
11 | extension MLDSA65.PrivateKey: MLDSAPrivateKey {
12 |     public typealias MLDSAType = MLDSA65
   |                                  `- error: cannot find type 'MLDSA65' in scope
13 | }
14 |
/Users/admin/builder/spi-builder-workspace/.build/checkouts/jwt-kit/Sources/JWTKit/MLDSA/MLDSA87+MLDSAKey.swift:6:34: error: cannot find type 'MLDSA87' in scope
 4 | @available(iOS 26.0, macOS 26.0, watchOS 26.0, tvOS 26.0, *)
 5 | extension MLDSA87.PublicKey: MLDSAPublicKey {
 6 |     public typealias MLDSAType = MLDSA87
   |                                  `- error: cannot find type 'MLDSA87' in scope
 7 | }
 8 |
/Users/admin/builder/spi-builder-workspace/.build/checkouts/jwt-kit/Sources/JWTKit/MLDSA/MLDSA87+MLDSAKey.swift:12:34: error: cannot find type 'MLDSA87' in scope
10 | @available(iOS 26.0, macOS 26.0, watchOS 26.0, tvOS 26.0, *)
11 | extension MLDSA87.PrivateKey: MLDSAPrivateKey {
12 |     public typealias MLDSAType = MLDSA87
   |                                  `- error: cannot find type 'MLDSA87' in scope
13 | }
14 |
[706/799] Compiling JWTKit MLDSA65+MLDSAKey.swift
/Users/admin/builder/spi-builder-workspace/.build/checkouts/jwt-kit/Sources/JWTKit/MLDSA/MLDSA65+MLDSAKey.swift:5:11: error: cannot find type 'MLDSA65' in scope
 3 | @_spi(PostQuantum)
 4 | @available(iOS 26.0, macOS 26.0, watchOS 26.0, tvOS 26.0, *)
 5 | extension MLDSA65.PublicKey: MLDSAPublicKey {
   |           `- error: cannot find type 'MLDSA65' in scope
 6 |     public typealias MLDSAType = MLDSA65
 7 | }
/Users/admin/builder/spi-builder-workspace/.build/checkouts/jwt-kit/Sources/JWTKit/MLDSA/MLDSA65+MLDSAKey.swift:11:11: error: cannot find type 'MLDSA65' in scope
 9 | @_spi(PostQuantum)
10 | @available(iOS 26.0, macOS 26.0, watchOS 26.0, tvOS 26.0, *)
11 | extension MLDSA65.PrivateKey: MLDSAPrivateKey {
   |           `- error: cannot find type 'MLDSA65' in scope
12 |     public typealias MLDSAType = MLDSA65
13 | }
/Users/admin/builder/spi-builder-workspace/.build/checkouts/jwt-kit/Sources/JWTKit/MLDSA/MLDSA65+MLDSAKey.swift:17:53: error: cannot find type 'MLDSA65' in scope
15 | @_spi(PostQuantum)
16 | @available(iOS 26.0, macOS 26.0, watchOS 26.0, tvOS 26.0, *)
17 | public typealias MLDSA65PublicKey = MLDSA.PublicKey<MLDSA65>
   |                                                     `- error: cannot find type 'MLDSA65' in scope
18 |
19 | @_spi(PostQuantum)
/Users/admin/builder/spi-builder-workspace/.build/checkouts/jwt-kit/Sources/JWTKit/MLDSA/MLDSA65+MLDSAKey.swift:21:55: error: cannot find type 'MLDSA65' in scope
19 | @_spi(PostQuantum)
20 | @available(iOS 26.0, macOS 26.0, watchOS 26.0, tvOS 26.0, *)
21 | public typealias MLDSA65PrivateKey = MLDSA.PrivateKey<MLDSA65>
   |                                                       `- error: cannot find type 'MLDSA65' in scope
22 |
/Users/admin/builder/spi-builder-workspace/.build/checkouts/jwt-kit/Sources/JWTKit/MLDSA/MLDSA87+MLDSAKey.swift:5:11: error: cannot find type 'MLDSA87' in scope
 3 | @_spi(PostQuantum)
 4 | @available(iOS 26.0, macOS 26.0, watchOS 26.0, tvOS 26.0, *)
 5 | extension MLDSA87.PublicKey: MLDSAPublicKey {
   |           `- error: cannot find type 'MLDSA87' in scope
 6 |     public typealias MLDSAType = MLDSA87
 7 | }
/Users/admin/builder/spi-builder-workspace/.build/checkouts/jwt-kit/Sources/JWTKit/MLDSA/MLDSA87+MLDSAKey.swift:11:11: error: cannot find type 'MLDSA87' in scope
 9 | @_spi(PostQuantum)
10 | @available(iOS 26.0, macOS 26.0, watchOS 26.0, tvOS 26.0, *)
11 | extension MLDSA87.PrivateKey: MLDSAPrivateKey {
   |           `- error: cannot find type 'MLDSA87' in scope
12 |     public typealias MLDSAType = MLDSA87
13 | }
/Users/admin/builder/spi-builder-workspace/.build/checkouts/jwt-kit/Sources/JWTKit/MLDSA/MLDSA87+MLDSAKey.swift:17:53: error: cannot find type 'MLDSA87' in scope
15 | @_spi(PostQuantum)
16 | @available(iOS 26.0, macOS 26.0, watchOS 26.0, tvOS 26.0, *)
17 | public typealias MLDSA87PublicKey = MLDSA.PublicKey<MLDSA87>
   |                                                     `- error: cannot find type 'MLDSA87' in scope
18 |
19 | @_spi(PostQuantum)
/Users/admin/builder/spi-builder-workspace/.build/checkouts/jwt-kit/Sources/JWTKit/MLDSA/MLDSA87+MLDSAKey.swift:21:55: error: cannot find type 'MLDSA87' in scope
19 | @_spi(PostQuantum)
20 | @available(iOS 26.0, macOS 26.0, watchOS 26.0, tvOS 26.0, *)
21 | public typealias MLDSA87PrivateKey = MLDSA.PrivateKey<MLDSA87>
   |                                                       `- error: cannot find type 'MLDSA87' in scope
22 |
/Users/admin/builder/spi-builder-workspace/.build/checkouts/jwt-kit/Sources/JWTKit/MLDSA/MLDSA65+MLDSAKey.swift:6:34: error: cannot find type 'MLDSA65' in scope
 4 | @available(iOS 26.0, macOS 26.0, watchOS 26.0, tvOS 26.0, *)
 5 | extension MLDSA65.PublicKey: MLDSAPublicKey {
 6 |     public typealias MLDSAType = MLDSA65
   |                                  `- error: cannot find type 'MLDSA65' in scope
 7 | }
 8 |
/Users/admin/builder/spi-builder-workspace/.build/checkouts/jwt-kit/Sources/JWTKit/MLDSA/MLDSA65+MLDSAKey.swift:12:34: error: cannot find type 'MLDSA65' in scope
10 | @available(iOS 26.0, macOS 26.0, watchOS 26.0, tvOS 26.0, *)
11 | extension MLDSA65.PrivateKey: MLDSAPrivateKey {
12 |     public typealias MLDSAType = MLDSA65
   |                                  `- error: cannot find type 'MLDSA65' in scope
13 | }
14 |
/Users/admin/builder/spi-builder-workspace/.build/checkouts/jwt-kit/Sources/JWTKit/MLDSA/MLDSA87+MLDSAKey.swift:6:34: error: cannot find type 'MLDSA87' in scope
 4 | @available(iOS 26.0, macOS 26.0, watchOS 26.0, tvOS 26.0, *)
 5 | extension MLDSA87.PublicKey: MLDSAPublicKey {
 6 |     public typealias MLDSAType = MLDSA87
   |                                  `- error: cannot find type 'MLDSA87' in scope
 7 | }
 8 |
/Users/admin/builder/spi-builder-workspace/.build/checkouts/jwt-kit/Sources/JWTKit/MLDSA/MLDSA87+MLDSAKey.swift:12:34: error: cannot find type 'MLDSA87' in scope
10 | @available(iOS 26.0, macOS 26.0, watchOS 26.0, tvOS 26.0, *)
11 | extension MLDSA87.PrivateKey: MLDSAPrivateKey {
12 |     public typealias MLDSAType = MLDSA87
   |                                  `- error: cannot find type 'MLDSA87' in scope
13 | }
14 |
[707/799] Compiling JWTKit MLDSA87+MLDSAKey.swift
/Users/admin/builder/spi-builder-workspace/.build/checkouts/jwt-kit/Sources/JWTKit/MLDSA/MLDSA65+MLDSAKey.swift:5:11: error: cannot find type 'MLDSA65' in scope
 3 | @_spi(PostQuantum)
 4 | @available(iOS 26.0, macOS 26.0, watchOS 26.0, tvOS 26.0, *)
 5 | extension MLDSA65.PublicKey: MLDSAPublicKey {
   |           `- error: cannot find type 'MLDSA65' in scope
 6 |     public typealias MLDSAType = MLDSA65
 7 | }
/Users/admin/builder/spi-builder-workspace/.build/checkouts/jwt-kit/Sources/JWTKit/MLDSA/MLDSA65+MLDSAKey.swift:11:11: error: cannot find type 'MLDSA65' in scope
 9 | @_spi(PostQuantum)
10 | @available(iOS 26.0, macOS 26.0, watchOS 26.0, tvOS 26.0, *)
11 | extension MLDSA65.PrivateKey: MLDSAPrivateKey {
   |           `- error: cannot find type 'MLDSA65' in scope
12 |     public typealias MLDSAType = MLDSA65
13 | }
/Users/admin/builder/spi-builder-workspace/.build/checkouts/jwt-kit/Sources/JWTKit/MLDSA/MLDSA65+MLDSAKey.swift:17:53: error: cannot find type 'MLDSA65' in scope
15 | @_spi(PostQuantum)
16 | @available(iOS 26.0, macOS 26.0, watchOS 26.0, tvOS 26.0, *)
17 | public typealias MLDSA65PublicKey = MLDSA.PublicKey<MLDSA65>
   |                                                     `- error: cannot find type 'MLDSA65' in scope
18 |
19 | @_spi(PostQuantum)
/Users/admin/builder/spi-builder-workspace/.build/checkouts/jwt-kit/Sources/JWTKit/MLDSA/MLDSA65+MLDSAKey.swift:21:55: error: cannot find type 'MLDSA65' in scope
19 | @_spi(PostQuantum)
20 | @available(iOS 26.0, macOS 26.0, watchOS 26.0, tvOS 26.0, *)
21 | public typealias MLDSA65PrivateKey = MLDSA.PrivateKey<MLDSA65>
   |                                                       `- error: cannot find type 'MLDSA65' in scope
22 |
/Users/admin/builder/spi-builder-workspace/.build/checkouts/jwt-kit/Sources/JWTKit/MLDSA/MLDSA87+MLDSAKey.swift:5:11: error: cannot find type 'MLDSA87' in scope
 3 | @_spi(PostQuantum)
 4 | @available(iOS 26.0, macOS 26.0, watchOS 26.0, tvOS 26.0, *)
 5 | extension MLDSA87.PublicKey: MLDSAPublicKey {
   |           `- error: cannot find type 'MLDSA87' in scope
 6 |     public typealias MLDSAType = MLDSA87
 7 | }
/Users/admin/builder/spi-builder-workspace/.build/checkouts/jwt-kit/Sources/JWTKit/MLDSA/MLDSA87+MLDSAKey.swift:11:11: error: cannot find type 'MLDSA87' in scope
 9 | @_spi(PostQuantum)
10 | @available(iOS 26.0, macOS 26.0, watchOS 26.0, tvOS 26.0, *)
11 | extension MLDSA87.PrivateKey: MLDSAPrivateKey {
   |           `- error: cannot find type 'MLDSA87' in scope
12 |     public typealias MLDSAType = MLDSA87
13 | }
/Users/admin/builder/spi-builder-workspace/.build/checkouts/jwt-kit/Sources/JWTKit/MLDSA/MLDSA87+MLDSAKey.swift:17:53: error: cannot find type 'MLDSA87' in scope
15 | @_spi(PostQuantum)
16 | @available(iOS 26.0, macOS 26.0, watchOS 26.0, tvOS 26.0, *)
17 | public typealias MLDSA87PublicKey = MLDSA.PublicKey<MLDSA87>
   |                                                     `- error: cannot find type 'MLDSA87' in scope
18 |
19 | @_spi(PostQuantum)
/Users/admin/builder/spi-builder-workspace/.build/checkouts/jwt-kit/Sources/JWTKit/MLDSA/MLDSA87+MLDSAKey.swift:21:55: error: cannot find type 'MLDSA87' in scope
19 | @_spi(PostQuantum)
20 | @available(iOS 26.0, macOS 26.0, watchOS 26.0, tvOS 26.0, *)
21 | public typealias MLDSA87PrivateKey = MLDSA.PrivateKey<MLDSA87>
   |                                                       `- error: cannot find type 'MLDSA87' in scope
22 |
/Users/admin/builder/spi-builder-workspace/.build/checkouts/jwt-kit/Sources/JWTKit/MLDSA/MLDSA65+MLDSAKey.swift:6:34: error: cannot find type 'MLDSA65' in scope
 4 | @available(iOS 26.0, macOS 26.0, watchOS 26.0, tvOS 26.0, *)
 5 | extension MLDSA65.PublicKey: MLDSAPublicKey {
 6 |     public typealias MLDSAType = MLDSA65
   |                                  `- error: cannot find type 'MLDSA65' in scope
 7 | }
 8 |
/Users/admin/builder/spi-builder-workspace/.build/checkouts/jwt-kit/Sources/JWTKit/MLDSA/MLDSA65+MLDSAKey.swift:12:34: error: cannot find type 'MLDSA65' in scope
10 | @available(iOS 26.0, macOS 26.0, watchOS 26.0, tvOS 26.0, *)
11 | extension MLDSA65.PrivateKey: MLDSAPrivateKey {
12 |     public typealias MLDSAType = MLDSA65
   |                                  `- error: cannot find type 'MLDSA65' in scope
13 | }
14 |
/Users/admin/builder/spi-builder-workspace/.build/checkouts/jwt-kit/Sources/JWTKit/MLDSA/MLDSA87+MLDSAKey.swift:6:34: error: cannot find type 'MLDSA87' in scope
 4 | @available(iOS 26.0, macOS 26.0, watchOS 26.0, tvOS 26.0, *)
 5 | extension MLDSA87.PublicKey: MLDSAPublicKey {
 6 |     public typealias MLDSAType = MLDSA87
   |                                  `- error: cannot find type 'MLDSA87' in scope
 7 | }
 8 |
/Users/admin/builder/spi-builder-workspace/.build/checkouts/jwt-kit/Sources/JWTKit/MLDSA/MLDSA87+MLDSAKey.swift:12:34: error: cannot find type 'MLDSA87' in scope
10 | @available(iOS 26.0, macOS 26.0, watchOS 26.0, tvOS 26.0, *)
11 | extension MLDSA87.PrivateKey: MLDSAPrivateKey {
12 |     public typealias MLDSAType = MLDSA87
   |                                  `- error: cannot find type 'MLDSA87' in scope
13 | }
14 |
[708/799] Compiling JWTKit MLDSAError.swift
/Users/admin/builder/spi-builder-workspace/.build/checkouts/jwt-kit/Sources/JWTKit/MLDSA/MLDSAType.swift:13:11: error: cannot find type 'MLDSA65' in scope
11 | @_spi(PostQuantum)
12 | @available(iOS 26.0, macOS 26.0, watchOS 26.0, tvOS 26.0, *)
13 | extension MLDSA65: MLDSAType {
   |           `- error: cannot find type 'MLDSA65' in scope
14 |     public static var name: String { "ML-DSA-65" }
15 | }
/Users/admin/builder/spi-builder-workspace/.build/checkouts/jwt-kit/Sources/JWTKit/MLDSA/MLDSAType.swift:19:11: error: cannot find type 'MLDSA87' in scope
17 | @_spi(PostQuantum)
18 | @available(iOS 26.0, macOS 26.0, watchOS 26.0, tvOS 26.0, *)
19 | extension MLDSA87: MLDSAType {
   |           `- error: cannot find type 'MLDSA87' in scope
20 |     public static var name: String { "ML-DSA-87" }
21 | }
[709/799] Compiling JWTKit MLDSAKey.swift
/Users/admin/builder/spi-builder-workspace/.build/checkouts/jwt-kit/Sources/JWTKit/MLDSA/MLDSAType.swift:13:11: error: cannot find type 'MLDSA65' in scope
11 | @_spi(PostQuantum)
12 | @available(iOS 26.0, macOS 26.0, watchOS 26.0, tvOS 26.0, *)
13 | extension MLDSA65: MLDSAType {
   |           `- error: cannot find type 'MLDSA65' in scope
14 |     public static var name: String { "ML-DSA-65" }
15 | }
/Users/admin/builder/spi-builder-workspace/.build/checkouts/jwt-kit/Sources/JWTKit/MLDSA/MLDSAType.swift:19:11: error: cannot find type 'MLDSA87' in scope
17 | @_spi(PostQuantum)
18 | @available(iOS 26.0, macOS 26.0, watchOS 26.0, tvOS 26.0, *)
19 | extension MLDSA87: MLDSAType {
   |           `- error: cannot find type 'MLDSA87' in scope
20 |     public static var name: String { "ML-DSA-87" }
21 | }
[710/799] Compiling JWTKit MLDSASigner.swift
/Users/admin/builder/spi-builder-workspace/.build/checkouts/jwt-kit/Sources/JWTKit/MLDSA/MLDSAType.swift:13:11: error: cannot find type 'MLDSA65' in scope
11 | @_spi(PostQuantum)
12 | @available(iOS 26.0, macOS 26.0, watchOS 26.0, tvOS 26.0, *)
13 | extension MLDSA65: MLDSAType {
   |           `- error: cannot find type 'MLDSA65' in scope
14 |     public static var name: String { "ML-DSA-65" }
15 | }
/Users/admin/builder/spi-builder-workspace/.build/checkouts/jwt-kit/Sources/JWTKit/MLDSA/MLDSAType.swift:19:11: error: cannot find type 'MLDSA87' in scope
17 | @_spi(PostQuantum)
18 | @available(iOS 26.0, macOS 26.0, watchOS 26.0, tvOS 26.0, *)
19 | extension MLDSA87: MLDSAType {
   |           `- error: cannot find type 'MLDSA87' in scope
20 |     public static var name: String { "ML-DSA-87" }
21 | }
[711/799] Compiling JWTKit MLDSAType.swift
/Users/admin/builder/spi-builder-workspace/.build/checkouts/jwt-kit/Sources/JWTKit/MLDSA/MLDSAType.swift:13:11: error: cannot find type 'MLDSA65' in scope
11 | @_spi(PostQuantum)
12 | @available(iOS 26.0, macOS 26.0, watchOS 26.0, tvOS 26.0, *)
13 | extension MLDSA65: MLDSAType {
   |           `- error: cannot find type 'MLDSA65' in scope
14 |     public static var name: String { "ML-DSA-65" }
15 | }
/Users/admin/builder/spi-builder-workspace/.build/checkouts/jwt-kit/Sources/JWTKit/MLDSA/MLDSAType.swift:19:11: error: cannot find type 'MLDSA87' in scope
17 | @_spi(PostQuantum)
18 | @available(iOS 26.0, macOS 26.0, watchOS 26.0, tvOS 26.0, *)
19 | extension MLDSA87: MLDSAType {
   |           `- error: cannot find type 'MLDSA87' in scope
20 |     public static var name: String { "ML-DSA-87" }
21 | }
/Users/admin/builder/spi-builder-workspace/.build/checkouts/jwt-kit/Sources/JWTKit/MLDSA/MLDSAType.swift:13:11: error: cannot find type 'MLDSA65' in scope
11 | @_spi(PostQuantum)
12 | @available(iOS 26.0, macOS 26.0, watchOS 26.0, tvOS 26.0, *)
13 | extension MLDSA65: MLDSAType {
   |           `- error: cannot find type 'MLDSA65' in scope
14 |     public static var name: String { "ML-DSA-65" }
15 | }
/Users/admin/builder/spi-builder-workspace/.build/checkouts/jwt-kit/Sources/JWTKit/MLDSA/MLDSAType.swift:19:11: error: cannot find type 'MLDSA87' in scope
17 | @_spi(PostQuantum)
18 | @available(iOS 26.0, macOS 26.0, watchOS 26.0, tvOS 26.0, *)
19 | extension MLDSA87: MLDSAType {
   |           `- error: cannot find type 'MLDSA87' in scope
20 |     public static var name: String { "ML-DSA-87" }
21 | }
/Users/admin/builder/spi-builder-workspace/.build/checkouts/jwt-kit/Sources/JWTKit/MLDSA/MLDSAType.swift:13:11: error: cannot find type 'MLDSA65' in scope
11 | @_spi(PostQuantum)
12 | @available(iOS 26.0, macOS 26.0, watchOS 26.0, tvOS 26.0, *)
13 | extension MLDSA65: MLDSAType {
   |           `- error: cannot find type 'MLDSA65' in scope
14 |     public static var name: String { "ML-DSA-65" }
15 | }
/Users/admin/builder/spi-builder-workspace/.build/checkouts/jwt-kit/Sources/JWTKit/MLDSA/MLDSAType.swift:19:11: error: cannot find type 'MLDSA87' in scope
17 | @_spi(PostQuantum)
18 | @available(iOS 26.0, macOS 26.0, watchOS 26.0, tvOS 26.0, *)
19 | extension MLDSA87: MLDSAType {
   |           `- error: cannot find type 'MLDSA87' in scope
20 |     public static var name: String { "ML-DSA-87" }
21 | }
/Users/admin/builder/spi-builder-workspace/.build/checkouts/jwt-kit/Sources/JWTKit/MLDSA/MLDSAType.swift:13:11: error: cannot find type 'MLDSA65' in scope
11 | @_spi(PostQuantum)
12 | @available(iOS 26.0, macOS 26.0, watchOS 26.0, tvOS 26.0, *)
13 | extension MLDSA65: MLDSAType {
   |           `- error: cannot find type 'MLDSA65' in scope
14 |     public static var name: String { "ML-DSA-65" }
15 | }
/Users/admin/builder/spi-builder-workspace/.build/checkouts/jwt-kit/Sources/JWTKit/MLDSA/MLDSAType.swift:19:11: error: cannot find type 'MLDSA87' in scope
17 | @_spi(PostQuantum)
18 | @available(iOS 26.0, macOS 26.0, watchOS 26.0, tvOS 26.0, *)
19 | extension MLDSA87: MLDSAType {
   |           `- error: cannot find type 'MLDSA87' in scope
20 |     public static var name: String { "ML-DSA-87" }
21 | }
error: emit-module command failed with exit code 1 (use -v to see invocation)
[715/799] Emitting module JWTKit
/Users/admin/builder/spi-builder-workspace/.build/checkouts/jwt-kit/Sources/JWTKit/MLDSA/MLDSA65+MLDSAKey.swift:5:11: error: cannot find type 'MLDSA65' in scope
 3 | @_spi(PostQuantum)
 4 | @available(iOS 26.0, macOS 26.0, watchOS 26.0, tvOS 26.0, *)
 5 | extension MLDSA65.PublicKey: MLDSAPublicKey {
   |           `- error: cannot find type 'MLDSA65' in scope
 6 |     public typealias MLDSAType = MLDSA65
 7 | }
/Users/admin/builder/spi-builder-workspace/.build/checkouts/jwt-kit/Sources/JWTKit/MLDSA/MLDSA65+MLDSAKey.swift:11:11: error: cannot find type 'MLDSA65' in scope
 9 | @_spi(PostQuantum)
10 | @available(iOS 26.0, macOS 26.0, watchOS 26.0, tvOS 26.0, *)
11 | extension MLDSA65.PrivateKey: MLDSAPrivateKey {
   |           `- error: cannot find type 'MLDSA65' in scope
12 |     public typealias MLDSAType = MLDSA65
13 | }
/Users/admin/builder/spi-builder-workspace/.build/checkouts/jwt-kit/Sources/JWTKit/MLDSA/MLDSA65+MLDSAKey.swift:17:53: error: cannot find type 'MLDSA65' in scope
15 | @_spi(PostQuantum)
16 | @available(iOS 26.0, macOS 26.0, watchOS 26.0, tvOS 26.0, *)
17 | public typealias MLDSA65PublicKey = MLDSA.PublicKey<MLDSA65>
   |                                                     `- error: cannot find type 'MLDSA65' in scope
18 |
19 | @_spi(PostQuantum)
/Users/admin/builder/spi-builder-workspace/.build/checkouts/jwt-kit/Sources/JWTKit/MLDSA/MLDSA65+MLDSAKey.swift:21:55: error: cannot find type 'MLDSA65' in scope
19 | @_spi(PostQuantum)
20 | @available(iOS 26.0, macOS 26.0, watchOS 26.0, tvOS 26.0, *)
21 | public typealias MLDSA65PrivateKey = MLDSA.PrivateKey<MLDSA65>
   |                                                       `- error: cannot find type 'MLDSA65' in scope
22 |
/Users/admin/builder/spi-builder-workspace/.build/checkouts/jwt-kit/Sources/JWTKit/MLDSA/MLDSA87+MLDSAKey.swift:5:11: error: cannot find type 'MLDSA87' in scope
 3 | @_spi(PostQuantum)
 4 | @available(iOS 26.0, macOS 26.0, watchOS 26.0, tvOS 26.0, *)
 5 | extension MLDSA87.PublicKey: MLDSAPublicKey {
   |           `- error: cannot find type 'MLDSA87' in scope
 6 |     public typealias MLDSAType = MLDSA87
 7 | }
/Users/admin/builder/spi-builder-workspace/.build/checkouts/jwt-kit/Sources/JWTKit/MLDSA/MLDSA87+MLDSAKey.swift:11:11: error: cannot find type 'MLDSA87' in scope
 9 | @_spi(PostQuantum)
10 | @available(iOS 26.0, macOS 26.0, watchOS 26.0, tvOS 26.0, *)
11 | extension MLDSA87.PrivateKey: MLDSAPrivateKey {
   |           `- error: cannot find type 'MLDSA87' in scope
12 |     public typealias MLDSAType = MLDSA87
13 | }
/Users/admin/builder/spi-builder-workspace/.build/checkouts/jwt-kit/Sources/JWTKit/MLDSA/MLDSA87+MLDSAKey.swift:17:53: error: cannot find type 'MLDSA87' in scope
15 | @_spi(PostQuantum)
16 | @available(iOS 26.0, macOS 26.0, watchOS 26.0, tvOS 26.0, *)
17 | public typealias MLDSA87PublicKey = MLDSA.PublicKey<MLDSA87>
   |                                                     `- error: cannot find type 'MLDSA87' in scope
18 |
19 | @_spi(PostQuantum)
/Users/admin/builder/spi-builder-workspace/.build/checkouts/jwt-kit/Sources/JWTKit/MLDSA/MLDSA87+MLDSAKey.swift:21:55: error: cannot find type 'MLDSA87' in scope
19 | @_spi(PostQuantum)
20 | @available(iOS 26.0, macOS 26.0, watchOS 26.0, tvOS 26.0, *)
21 | public typealias MLDSA87PrivateKey = MLDSA.PrivateKey<MLDSA87>
   |                                                       `- error: cannot find type 'MLDSA87' in scope
22 |
/Users/admin/builder/spi-builder-workspace/.build/checkouts/jwt-kit/Sources/JWTKit/MLDSA/MLDSAType.swift:13:11: error: cannot find type 'MLDSA65' in scope
11 | @_spi(PostQuantum)
12 | @available(iOS 26.0, macOS 26.0, watchOS 26.0, tvOS 26.0, *)
13 | extension MLDSA65: MLDSAType {
   |           `- error: cannot find type 'MLDSA65' in scope
14 |     public static var name: String { "ML-DSA-65" }
15 | }
/Users/admin/builder/spi-builder-workspace/.build/checkouts/jwt-kit/Sources/JWTKit/MLDSA/MLDSAType.swift:19:11: error: cannot find type 'MLDSA87' in scope
17 | @_spi(PostQuantum)
18 | @available(iOS 26.0, macOS 26.0, watchOS 26.0, tvOS 26.0, *)
19 | extension MLDSA87: MLDSAType {
   |           `- error: cannot find type 'MLDSA87' in scope
20 |     public static var name: String { "ML-DSA-87" }
21 | }
[716/799] Compiling JWTKit JWTMultiValueClaim.swift
[717/799] Compiling JWTKit JWTUnixEpochClaim.swift
[718/799] Compiling JWTKit LocaleClaim.swift
[719/799] Compiling JWTKit NotBeforeClaim.swift
[720/799] Compiling JWTKit SubjectClaim.swift
[721/799] Compiling JWTKit TenantIDClaim.swift
[722/799] Compiling JWTKit ECDSA.swift
[723/799] Compiling JWTKit ECDSACurve.swift
[724/799] Compiling JWTKit ExpirationClaim.swift
[725/799] Compiling JWTKit GoogleHostedDomainClaim.swift
[726/799] Compiling JWTKit IDClaim.swift
[727/799] Compiling JWTKit IssuedAtClaim.swift
[728/799] Compiling JWTKit IssuerClaim.swift
[729/799] Compiling JWTKit HMACSigner.swift
[730/799] Compiling JWTKit JWTKeyCollection+HMAC.swift
[731/799] Compiling JWTKit Insecure.swift
[732/799] Compiling JWTKit JWK.swift
[733/799] Compiling JWTKit JWKIdentifier.swift
[734/799] Compiling JWTKit JWKS.swift
[735/799] Compiling JWTKit JWKSigner.swift
[736/799] Compiling JWTKit JWTAlgorithm.swift
[737/799] Compiling JWTKit JWTError.swift
[738/799] Compiling JWTKit JWTHeader+CommonFields.swift
[739/799] Compiling JWTKit JWTHeader.swift
[740/799] Compiling JWTKit JWTHeaderField.swift
[741/799] Compiling JWTKit JWTKeyCollection.swift
[742/799] Compiling JWTKit JWTParser.swift
[743/799] Compiling JWTKit AudienceClaim.swift
[744/799] Compiling JWTKit BoolClaim.swift
[750/799] Compiling JWTKit JWTClaim.swift
[768/799] Emitting module NIOPosix
[769/799] Compiling JWTKit AppleIdentityToken.swift
[770/799] Compiling JWTKit FirebaseAuthIdentityToken.swift
[771/799] Compiling JWTKit GoogleIdentityToken.swift
[772/799] Compiling JWTKit MicrosoftIdentityToken.swift
[773/799] Compiling JWTKit EmptyPolicy.swift
[774/799] Compiling JWTKit ValidationTimePayload.swift
[775/799] Compiling JWTKit X5CVerifier.swift
BUILD FAILURE 6.1 macosSpm