Build Information
Failed to build AppContainer, reference main (f57457), with Swift 6.4 for watchOS using Xcode 27.0 on 19 Sep 2026 19:37:29 UTC.
Build Command
env DEVELOPER_DIR=/Applications/Xcode-27.0.0-Release.Candidate.app xcrun xcodebuild -IDEClonedSourcePackagesDirPathOverride=$PWD/.dependencies -skipMacroValidation -skipPackagePluginValidation -derivedDataPath $PWD/.derivedData build -scheme AppContainer-Package -destination generic/platform=watchOSBuild Log
SwiftCompile normal arm64 Compiling\ Color+tvOS.swift /Users/admin/builder/spi-builder-workspace/.dependencies/checkouts/SwiftUIColor/Sources/SwiftUIColor/Color+tvOS.swift (in target 'SwiftUIColor' from project 'SwiftUIColor')
SwiftCompile normal arm64 /Users/admin/builder/spi-builder-workspace/.dependencies/checkouts/SwiftUIColor/Sources/SwiftUIColor/Color+tvOS.swift (in target 'SwiftUIColor' from project 'SwiftUIColor')
cd /Users/admin/builder/spi-builder-workspace/.swiftpm/xcode
builtin-SwiftPerFileCompile Color+tvOS.swift
Copy /Users/admin/builder/spi-builder-workspace/.derivedData/Build/Products/Debug-watchos/SwiftUIColor.swiftmodule/arm64_32-apple-watchos.swiftmodule /Users/admin/builder/spi-builder-workspace/.derivedData/Build/Intermediates.noindex/SwiftUIColor.build/Debug-watchos/SwiftUIColor-t.build/Objects-normal/arm64_32/SwiftUIColor.swiftmodule (in target 'SwiftUIColor' from project 'SwiftUIColor')
cd /Users/admin/builder/spi-builder-workspace/.dependencies/checkouts/SwiftUIColor
builtin-copy -exclude .DS_Store -exclude CVS -exclude .svn -exclude .git -exclude .hg -resolve-src-symlinks -rename /Users/admin/builder/spi-builder-workspace/.derivedData/Build/Intermediates.noindex/SwiftUIColor.build/Debug-watchos/SwiftUIColor-t.build/Objects-normal/arm64_32/SwiftUIColor.swiftmodule /Users/admin/builder/spi-builder-workspace/.derivedData/Build/Products/Debug-watchos/SwiftUIColor.swiftmodule/arm64_32-apple-watchos.swiftmodule
SwiftDriverJobDiscovery normal arm64_32 Compiling resource_bundle_accessor.swift (in target 'SwiftUIColor' from project 'SwiftUIColor')
Copy /Users/admin/builder/spi-builder-workspace/.derivedData/Build/Products/Debug-watchos/SwiftUIColor.swiftmodule/arm64_32-apple-watchos.swiftdoc /Users/admin/builder/spi-builder-workspace/.derivedData/Build/Intermediates.noindex/SwiftUIColor.build/Debug-watchos/SwiftUIColor-t.build/Objects-normal/arm64_32/SwiftUIColor.swiftdoc (in target 'SwiftUIColor' from project 'SwiftUIColor')
cd /Users/admin/builder/spi-builder-workspace/.dependencies/checkouts/SwiftUIColor
builtin-copy -exclude .DS_Store -exclude CVS -exclude .svn -exclude .git -exclude .hg -resolve-src-symlinks -rename /Users/admin/builder/spi-builder-workspace/.derivedData/Build/Intermediates.noindex/SwiftUIColor.build/Debug-watchos/SwiftUIColor-t.build/Objects-normal/arm64_32/SwiftUIColor.swiftdoc /Users/admin/builder/spi-builder-workspace/.derivedData/Build/Products/Debug-watchos/SwiftUIColor.swiftmodule/arm64_32-apple-watchos.swiftdoc
Copy /Users/admin/builder/spi-builder-workspace/.derivedData/Build/Products/Debug-watchos/SwiftUIColor.swiftmodule/arm64_32-apple-watchos.abi.json /Users/admin/builder/spi-builder-workspace/.derivedData/Build/Intermediates.noindex/SwiftUIColor.build/Debug-watchos/SwiftUIColor-t.build/Objects-normal/arm64_32/SwiftUIColor.abi.json (in target 'SwiftUIColor' from project 'SwiftUIColor')
cd /Users/admin/builder/spi-builder-workspace/.dependencies/checkouts/SwiftUIColor
builtin-copy -exclude .DS_Store -exclude CVS -exclude .svn -exclude .git -exclude .hg -resolve-src-symlinks -rename /Users/admin/builder/spi-builder-workspace/.derivedData/Build/Intermediates.noindex/SwiftUIColor.build/Debug-watchos/SwiftUIColor-t.build/Objects-normal/arm64_32/SwiftUIColor.abi.json /Users/admin/builder/spi-builder-workspace/.derivedData/Build/Products/Debug-watchos/SwiftUIColor.swiftmodule/arm64_32-apple-watchos.abi.json
Copy /Users/admin/builder/spi-builder-workspace/.derivedData/Build/Products/Debug-watchos/SwiftUIColor.swiftmodule/Project/arm64_32-apple-watchos.swiftsourceinfo /Users/admin/builder/spi-builder-workspace/.derivedData/Build/Intermediates.noindex/SwiftUIColor.build/Debug-watchos/SwiftUIColor-t.build/Objects-normal/arm64_32/SwiftUIColor.swiftsourceinfo (in target 'SwiftUIColor' from project 'SwiftUIColor')
cd /Users/admin/builder/spi-builder-workspace/.dependencies/checkouts/SwiftUIColor
builtin-copy -exclude .DS_Store -exclude CVS -exclude .svn -exclude .git -exclude .hg -resolve-src-symlinks -rename /Users/admin/builder/spi-builder-workspace/.derivedData/Build/Intermediates.noindex/SwiftUIColor.build/Debug-watchos/SwiftUIColor-t.build/Objects-normal/arm64_32/SwiftUIColor.swiftsourceinfo /Users/admin/builder/spi-builder-workspace/.derivedData/Build/Products/Debug-watchos/SwiftUIColor.swiftmodule/Project/arm64_32-apple-watchos.swiftsourceinfo
SwiftCompile normal arm64 Compiling\ Color+macOS.swift /Users/admin/builder/spi-builder-workspace/.dependencies/checkouts/SwiftUIColor/Sources/SwiftUIColor/Color+macOS.swift (in target 'SwiftUIColor' from project 'SwiftUIColor')
SwiftCompile normal arm64 /Users/admin/builder/spi-builder-workspace/.dependencies/checkouts/SwiftUIColor/Sources/SwiftUIColor/Color+macOS.swift (in target 'SwiftUIColor' from project 'SwiftUIColor')
cd /Users/admin/builder/spi-builder-workspace/.swiftpm/xcode
builtin-SwiftPerFileCompile Color+macOS.swift
SwiftDriverJobDiscovery normal arm64_32 Compiling PreviewWorkaround.swift (in target 'SwiftUIColor' from project 'SwiftUIColor')
SwiftCompile normal arm64 Compiling\ resource_bundle_accessor.swift /Users/admin/builder/spi-builder-workspace/.derivedData/Build/Intermediates.noindex/SwiftUIColor.build/Debug-watchos/SwiftUIColor-t.build/DerivedSources/resource_bundle_accessor.swift (in target 'SwiftUIColor' from project 'SwiftUIColor')
SwiftCompile normal arm64 /Users/admin/builder/spi-builder-workspace/.derivedData/Build/Intermediates.noindex/SwiftUIColor.build/Debug-watchos/SwiftUIColor-t.build/DerivedSources/resource_bundle_accessor.swift (in target 'SwiftUIColor' from project 'SwiftUIColor')
cd /Users/admin/builder/spi-builder-workspace/.swiftpm/xcode
builtin-SwiftPerFileCompile resource_bundle_accessor.swift
SwiftCompile normal arm64 Compiling\ Color+iOS.swift /Users/admin/builder/spi-builder-workspace/.dependencies/checkouts/SwiftUIColor/Sources/SwiftUIColor/Color+iOS.swift (in target 'SwiftUIColor' from project 'SwiftUIColor')
SwiftCompile normal arm64 /Users/admin/builder/spi-builder-workspace/.dependencies/checkouts/SwiftUIColor/Sources/SwiftUIColor/Color+iOS.swift (in target 'SwiftUIColor' from project 'SwiftUIColor')
cd /Users/admin/builder/spi-builder-workspace/.swiftpm/xcode
builtin-SwiftPerFileCompile Color+iOS.swift
SwiftDriverJobDiscovery normal arm64 Emitting module for SwiftUIColor (in target 'SwiftUIColor' from project 'SwiftUIColor')
SwiftDriver\ Compilation\ Requirements SwiftUIColor normal arm64 com.apple.xcode.tools.swift.compiler (in target 'SwiftUIColor' from project 'SwiftUIColor')
cd /Users/admin/builder/spi-builder-workspace/.swiftpm/xcode
builtin-Swift-Compilation-Requirements -- /Applications/Xcode-27.0.0-Release.Candidate.app/Contents/Developer/Toolchains/XcodeDefault.xctoolchain/usr/bin/swiftc -parse-as-library -module-name SwiftUIColor -Onone @/Users/admin/builder/spi-builder-workspace/.derivedData/Build/Intermediates.noindex/SwiftUIColor.build/Debug-watchos/SwiftUIColor-t.build/Objects-normal/arm64/SwiftUIColor.SwiftFileList -DSWIFT_PACKAGE -DDEBUG -DSWIFT_MODULE_RESOURCE_BUNDLE_AVAILABLE -DXcode -plugin-path /Applications/Xcode-27.0.0-Release.Candidate.app/Contents/Developer/Toolchains/XcodeDefault.xctoolchain/usr/lib/swift/host/plugins/testing -enable-experimental-feature DebugDescriptionMacro -sdk /Applications/Xcode-27.0.0-Release.Candidate.app/Contents/Developer/Platforms/WatchOS.platform/Developer/SDKs/WatchOS27.0.sdk -target arm64-apple-watchos9.0 -g -module-cache-path /Users/admin/builder/spi-builder-workspace/.derivedData/ModuleCache.noindex -Xfrontend -serialize-debugging-options -profile-coverage-mapping -profile-generate -enable-testing -suppress-warnings -index-store-path /Users/admin/builder/spi-builder-workspace/.derivedData/Index.noindex/DataStore -Xcc -D_LIBCPP_HARDENING_MODE\=_LIBCPP_HARDENING_MODE_DEBUG -swift-version 5 -I /Users/admin/builder/spi-builder-workspace/.derivedData/Build/Products/Debug-watchos -Isystem /Applications/Xcode-27.0.0-Release.Candidate.app/Contents/Developer/Platforms/WatchOS.platform/Developer/usr/lib -F /Users/admin/builder/spi-builder-workspace/.derivedData/Build/Products/Debug-watchos -F /Applications/Xcode-27.0.0-Release.Candidate.app/Contents/Developer/Platforms/WatchOS.platform/Developer/Library/Frameworks -F /Applications/Xcode-27.0.0-Release.Candidate.app/Contents/Developer/Platforms/WatchOS.platform/Developer/SDKs/WatchOS27.0.sdk/Developer/Library/Frameworks -c -j10 -enable-batch-mode -incremental -Xcc -ivfsstatcache -Xcc /Users/admin/builder/spi-builder-workspace/.derivedData/SDKStatCaches.noindex/watchos27.0-24R360-e829b21a6f8c9b70876ba0858053c04477534ef55a1706bf4c1112bbb242f0a2.sdkstatcache -output-file-map /Users/admin/builder/spi-builder-workspace/.derivedData/Build/Intermediates.noindex/SwiftUIColor.build/Debug-watchos/SwiftUIColor-t.build/Objects-normal/arm64/SwiftUIColor-OutputFileMap.json -save-temps -no-color-diagnostics -explicit-module-build -module-cache-path /Users/admin/builder/spi-builder-workspace/.derivedData/Build/Intermediates.noindex/SwiftExplicitPrecompiledModules -clang-scanner-module-cache-path /Users/admin/builder/spi-builder-workspace/.derivedData/ModuleCache.noindex -sdk-module-cache-path /Users/admin/builder/spi-builder-workspace/.derivedData/SDKExplicitPrecompiledModules -emit-dependencies -emit-module -emit-module-path /Users/admin/builder/spi-builder-workspace/.derivedData/Build/Intermediates.noindex/SwiftUIColor.build/Debug-watchos/SwiftUIColor-t.build/Objects-normal/arm64/SwiftUIColor.swiftmodule -serialize-diagnostics -dependency-scan-serialize-diagnostics-path /Users/admin/builder/spi-builder-workspace/.derivedData/Build/Intermediates.noindex/SwiftUIColor.build/Debug-watchos/SwiftUIColor-t.build/Objects-normal/arm64/SwiftUIColor-dependency-scan.dia -validate-clang-modules-once -clang-build-session-file /Users/admin/builder/spi-builder-workspace/.derivedData/ModuleCache.noindex/Session.modulevalidation -Xcc -fmodules-prune-interval\=86400 -Xcc -fmodules-prune-after\=345600 -emit-const-values -const-gather-protocols-list /Users/admin/builder/spi-builder-workspace/.derivedData/Build/Intermediates.noindex/SwiftUIColor.build/Debug-watchos/SwiftUIColor-t.build/Objects-normal/arm64/SwiftUIColor_const_extract_protocols.json -Xcc -I/Users/admin/builder/spi-builder-workspace/.derivedData/Build/Products/Debug-watchos/include -Xcc -I/Users/admin/builder/spi-builder-workspace/.derivedData/Build/Intermediates.noindex/SwiftUIColor.build/Debug-watchos/SwiftUIColor-t.build/DerivedSources-normal/arm64 -Xcc -I/Users/admin/builder/spi-builder-workspace/.derivedData/Build/Intermediates.noindex/SwiftUIColor.build/Debug-watchos/SwiftUIColor-t.build/DerivedSources/arm64 -Xcc -I/Users/admin/builder/spi-builder-workspace/.derivedData/Build/Intermediates.noindex/SwiftUIColor.build/Debug-watchos/SwiftUIColor-t.build/DerivedSources -Xcc -DSWIFT_PACKAGE -Xcc -DDEBUG\=1 -emit-objc-header -emit-objc-header-path /Users/admin/builder/spi-builder-workspace/.derivedData/Build/Intermediates.noindex/SwiftUIColor.build/Debug-watchos/SwiftUIColor-t.build/Objects-normal/arm64/SwiftUIColor-Swift.h -working-directory /Users/admin/builder/spi-builder-workspace/.swiftpm/xcode -experimental-emit-module-separately -disable-cmo
SwiftDriverJobDiscovery normal arm64 Compiling resource_bundle_accessor.swift (in target 'SwiftUIColor' from project 'SwiftUIColor')
SwiftCompile normal arm64 Compiling\ Color+watchOS.swift /Users/admin/builder/spi-builder-workspace/.dependencies/checkouts/SwiftUIColor/Sources/SwiftUIColor/Color+watchOS.swift (in target 'SwiftUIColor' from project 'SwiftUIColor')
SwiftCompile normal arm64 /Users/admin/builder/spi-builder-workspace/.dependencies/checkouts/SwiftUIColor/Sources/SwiftUIColor/Color+watchOS.swift (in target 'SwiftUIColor' from project 'SwiftUIColor')
cd /Users/admin/builder/spi-builder-workspace/.swiftpm/xcode
builtin-SwiftPerFileCompile Color+watchOS.swift
SwiftMergeGeneratedHeaders /Users/admin/builder/spi-builder-workspace/.derivedData/Build/Intermediates.noindex/GeneratedModuleMaps-watchos/SwiftUIColor-Swift.h /Users/admin/builder/spi-builder-workspace/.derivedData/Build/Intermediates.noindex/SwiftUIColor.build/Debug-watchos/SwiftUIColor-t.build/Objects-normal/arm64/SwiftUIColor-Swift.h /Users/admin/builder/spi-builder-workspace/.derivedData/Build/Intermediates.noindex/SwiftUIColor.build/Debug-watchos/SwiftUIColor-t.build/Objects-normal/arm64_32/SwiftUIColor-Swift.h (in target 'SwiftUIColor' from project 'SwiftUIColor')
cd /Users/admin/builder/spi-builder-workspace/.dependencies/checkouts/SwiftUIColor
builtin-swiftHeaderTool -arch arm64 /Users/admin/builder/spi-builder-workspace/.derivedData/Build/Intermediates.noindex/SwiftUIColor.build/Debug-watchos/SwiftUIColor-t.build/Objects-normal/arm64/SwiftUIColor-Swift.h -arch arm64_32 /Users/admin/builder/spi-builder-workspace/.derivedData/Build/Intermediates.noindex/SwiftUIColor.build/Debug-watchos/SwiftUIColor-t.build/Objects-normal/arm64_32/SwiftUIColor-Swift.h -o /Users/admin/builder/spi-builder-workspace/.derivedData/Build/Intermediates.noindex/GeneratedModuleMaps-watchos/SwiftUIColor-Swift.h
SwiftDriverJobDiscovery normal arm64_32 Compiling Color+universal.swift (in target 'SwiftUIColor' from project 'SwiftUIColor')
Copy /Users/admin/builder/spi-builder-workspace/.derivedData/Build/Products/Debug-watchos/SwiftUIColor.swiftmodule/arm64-apple-watchos.swiftmodule /Users/admin/builder/spi-builder-workspace/.derivedData/Build/Intermediates.noindex/SwiftUIColor.build/Debug-watchos/SwiftUIColor-t.build/Objects-normal/arm64/SwiftUIColor.swiftmodule (in target 'SwiftUIColor' from project 'SwiftUIColor')
cd /Users/admin/builder/spi-builder-workspace/.dependencies/checkouts/SwiftUIColor
builtin-copy -exclude .DS_Store -exclude CVS -exclude .svn -exclude .git -exclude .hg -resolve-src-symlinks -rename /Users/admin/builder/spi-builder-workspace/.derivedData/Build/Intermediates.noindex/SwiftUIColor.build/Debug-watchos/SwiftUIColor-t.build/Objects-normal/arm64/SwiftUIColor.swiftmodule /Users/admin/builder/spi-builder-workspace/.derivedData/Build/Products/Debug-watchos/SwiftUIColor.swiftmodule/arm64-apple-watchos.swiftmodule
Copy /Users/admin/builder/spi-builder-workspace/.derivedData/Build/Products/Debug-watchos/SwiftUIColor.swiftmodule/arm64-apple-watchos.swiftdoc /Users/admin/builder/spi-builder-workspace/.derivedData/Build/Intermediates.noindex/SwiftUIColor.build/Debug-watchos/SwiftUIColor-t.build/Objects-normal/arm64/SwiftUIColor.swiftdoc (in target 'SwiftUIColor' from project 'SwiftUIColor')
cd /Users/admin/builder/spi-builder-workspace/.dependencies/checkouts/SwiftUIColor
builtin-copy -exclude .DS_Store -exclude CVS -exclude .svn -exclude .git -exclude .hg -resolve-src-symlinks -rename /Users/admin/builder/spi-builder-workspace/.derivedData/Build/Intermediates.noindex/SwiftUIColor.build/Debug-watchos/SwiftUIColor-t.build/Objects-normal/arm64/SwiftUIColor.swiftdoc /Users/admin/builder/spi-builder-workspace/.derivedData/Build/Products/Debug-watchos/SwiftUIColor.swiftmodule/arm64-apple-watchos.swiftdoc
Copy /Users/admin/builder/spi-builder-workspace/.derivedData/Build/Products/Debug-watchos/SwiftUIColor.swiftmodule/arm64-apple-watchos.abi.json /Users/admin/builder/spi-builder-workspace/.derivedData/Build/Intermediates.noindex/SwiftUIColor.build/Debug-watchos/SwiftUIColor-t.build/Objects-normal/arm64/SwiftUIColor.abi.json (in target 'SwiftUIColor' from project 'SwiftUIColor')
cd /Users/admin/builder/spi-builder-workspace/.dependencies/checkouts/SwiftUIColor
builtin-copy -exclude .DS_Store -exclude CVS -exclude .svn -exclude .git -exclude .hg -resolve-src-symlinks -rename /Users/admin/builder/spi-builder-workspace/.derivedData/Build/Intermediates.noindex/SwiftUIColor.build/Debug-watchos/SwiftUIColor-t.build/Objects-normal/arm64/SwiftUIColor.abi.json /Users/admin/builder/spi-builder-workspace/.derivedData/Build/Products/Debug-watchos/SwiftUIColor.swiftmodule/arm64-apple-watchos.abi.json
SwiftDriverJobDiscovery normal arm64_32 Compiling Color+watchOS.swift (in target 'SwiftUIColor' from project 'SwiftUIColor')
Copy /Users/admin/builder/spi-builder-workspace/.derivedData/Build/Products/Debug-watchos/SwiftUIColor.swiftmodule/Project/arm64-apple-watchos.swiftsourceinfo /Users/admin/builder/spi-builder-workspace/.derivedData/Build/Intermediates.noindex/SwiftUIColor.build/Debug-watchos/SwiftUIColor-t.build/Objects-normal/arm64/SwiftUIColor.swiftsourceinfo (in target 'SwiftUIColor' from project 'SwiftUIColor')
cd /Users/admin/builder/spi-builder-workspace/.dependencies/checkouts/SwiftUIColor
builtin-copy -exclude .DS_Store -exclude CVS -exclude .svn -exclude .git -exclude .hg -resolve-src-symlinks -rename /Users/admin/builder/spi-builder-workspace/.derivedData/Build/Intermediates.noindex/SwiftUIColor.build/Debug-watchos/SwiftUIColor-t.build/Objects-normal/arm64/SwiftUIColor.swiftsourceinfo /Users/admin/builder/spi-builder-workspace/.derivedData/Build/Products/Debug-watchos/SwiftUIColor.swiftmodule/Project/arm64-apple-watchos.swiftsourceinfo
SwiftDriverJobDiscovery normal arm64_32 Compiling Color+tvOS.swift (in target 'SwiftUIColor' from project 'SwiftUIColor')
SwiftCompile normal arm64 Compiling\ Color+universal.swift /Users/admin/builder/spi-builder-workspace/.dependencies/checkouts/SwiftUIColor/Sources/SwiftUIColor/Color+universal.swift (in target 'SwiftUIColor' from project 'SwiftUIColor')
SwiftCompile normal arm64 /Users/admin/builder/spi-builder-workspace/.dependencies/checkouts/SwiftUIColor/Sources/SwiftUIColor/Color+universal.swift (in target 'SwiftUIColor' from project 'SwiftUIColor')
cd /Users/admin/builder/spi-builder-workspace/.swiftpm/xcode
builtin-SwiftPerFileCompile Color+universal.swift
SwiftCompile normal arm64 Compiling\ GeneratedAssetSymbols.swift /Users/admin/builder/spi-builder-workspace/.derivedData/Build/Intermediates.noindex/SwiftUIColor.build/Debug-watchos/SwiftUIColor-t.build/DerivedSources/GeneratedAssetSymbols.swift (in target 'SwiftUIColor' from project 'SwiftUIColor')
SwiftCompile normal arm64 /Users/admin/builder/spi-builder-workspace/.derivedData/Build/Intermediates.noindex/SwiftUIColor.build/Debug-watchos/SwiftUIColor-t.build/DerivedSources/GeneratedAssetSymbols.swift (in target 'SwiftUIColor' from project 'SwiftUIColor')
cd /Users/admin/builder/spi-builder-workspace/.swiftpm/xcode
builtin-SwiftPerFileCompile GeneratedAssetSymbols.swift
SwiftCompile normal arm64 Compiling\ PreviewWorkaround.swift /Users/admin/builder/spi-builder-workspace/.dependencies/checkouts/SwiftUIColor/Sources/SwiftUIColor/PreviewWorkaround.swift (in target 'SwiftUIColor' from project 'SwiftUIColor')
SwiftCompile normal arm64 /Users/admin/builder/spi-builder-workspace/.dependencies/checkouts/SwiftUIColor/Sources/SwiftUIColor/PreviewWorkaround.swift (in target 'SwiftUIColor' from project 'SwiftUIColor')
cd /Users/admin/builder/spi-builder-workspace/.swiftpm/xcode
builtin-SwiftPerFileCompile PreviewWorkaround.swift
SwiftDriverJobDiscovery normal arm64_32 Compiling Color+iOS.swift (in target 'SwiftUIColor' from project 'SwiftUIColor')
SwiftDriver\ Compilation KeyPathValue normal arm64 com.apple.xcode.tools.swift.compiler (in target 'KeyPathValue' from project 'KeyPathValue')
cd /Users/admin/builder/spi-builder-workspace/.swiftpm/xcode
builtin-Swift-Compilation -- /Applications/Xcode-27.0.0-Release.Candidate.app/Contents/Developer/Toolchains/XcodeDefault.xctoolchain/usr/bin/swiftc -parse-as-library -module-name KeyPathValue -Onone @/Users/admin/builder/spi-builder-workspace/.derivedData/Build/Intermediates.noindex/KeyPathValue.build/Debug-watchos/KeyPathValue-t.build/Objects-normal/arm64/KeyPathValue.SwiftFileList -DSWIFT_PACKAGE -DDEBUG -DSWIFT_MODULE_RESOURCE_BUNDLE_UNAVAILABLE -DXcode -plugin-path /Applications/Xcode-27.0.0-Release.Candidate.app/Contents/Developer/Toolchains/XcodeDefault.xctoolchain/usr/lib/swift/host/plugins/testing -enable-experimental-feature DebugDescriptionMacro -sdk /Applications/Xcode-27.0.0-Release.Candidate.app/Contents/Developer/Platforms/WatchOS.platform/Developer/SDKs/WatchOS27.0.sdk -target arm64-apple-watchos9.0 -g -module-cache-path /Users/admin/builder/spi-builder-workspace/.derivedData/ModuleCache.noindex -Xfrontend -serialize-debugging-options -profile-coverage-mapping -profile-generate -enable-testing -suppress-warnings -index-store-path /Users/admin/builder/spi-builder-workspace/.derivedData/Index.noindex/DataStore -Xcc -D_LIBCPP_HARDENING_MODE\=_LIBCPP_HARDENING_MODE_DEBUG -swift-version 5 -I /Users/admin/builder/spi-builder-workspace/.derivedData/Build/Products/Debug-watchos -Isystem /Applications/Xcode-27.0.0-Release.Candidate.app/Contents/Developer/Platforms/WatchOS.platform/Developer/usr/lib -F /Users/admin/builder/spi-builder-workspace/.derivedData/Build/Products/Debug-watchos -F /Applications/Xcode-27.0.0-Release.Candidate.app/Contents/Developer/Platforms/WatchOS.platform/Developer/Library/Frameworks -F /Applications/Xcode-27.0.0-Release.Candidate.app/Contents/Developer/Platforms/WatchOS.platform/Developer/SDKs/WatchOS27.0.sdk/Developer/Library/Frameworks -c -j10 -enable-batch-mode -incremental -Xcc -ivfsstatcache -Xcc /Users/admin/builder/spi-builder-workspace/.derivedData/SDKStatCaches.noindex/watchos27.0-24R360-e829b21a6f8c9b70876ba0858053c04477534ef55a1706bf4c1112bbb242f0a2.sdkstatcache -output-file-map /Users/admin/builder/spi-builder-workspace/.derivedData/Build/Intermediates.noindex/KeyPathValue.build/Debug-watchos/KeyPathValue-t.build/Objects-normal/arm64/KeyPathValue-OutputFileMap.json -save-temps -no-color-diagnostics -explicit-module-build -module-cache-path /Users/admin/builder/spi-builder-workspace/.derivedData/Build/Intermediates.noindex/SwiftExplicitPrecompiledModules -clang-scanner-module-cache-path /Users/admin/builder/spi-builder-workspace/.derivedData/ModuleCache.noindex -sdk-module-cache-path /Users/admin/builder/spi-builder-workspace/.derivedData/SDKExplicitPrecompiledModules -emit-dependencies -emit-module -emit-module-path /Users/admin/builder/spi-builder-workspace/.derivedData/Build/Intermediates.noindex/KeyPathValue.build/Debug-watchos/KeyPathValue-t.build/Objects-normal/arm64/KeyPathValue.swiftmodule -serialize-diagnostics -dependency-scan-serialize-diagnostics-path /Users/admin/builder/spi-builder-workspace/.derivedData/Build/Intermediates.noindex/KeyPathValue.build/Debug-watchos/KeyPathValue-t.build/Objects-normal/arm64/KeyPathValue-dependency-scan.dia -validate-clang-modules-once -clang-build-session-file /Users/admin/builder/spi-builder-workspace/.derivedData/ModuleCache.noindex/Session.modulevalidation -Xcc -fmodules-prune-interval\=86400 -Xcc -fmodules-prune-after\=345600 -emit-const-values -const-gather-protocols-list /Users/admin/builder/spi-builder-workspace/.derivedData/Build/Intermediates.noindex/KeyPathValue.build/Debug-watchos/KeyPathValue-t.build/Objects-normal/arm64/KeyPathValue_const_extract_protocols.json -Xcc -I/Users/admin/builder/spi-builder-workspace/.derivedData/Build/Products/Debug-watchos/include -Xcc -I/Users/admin/builder/spi-builder-workspace/.derivedData/Build/Intermediates.noindex/KeyPathValue.build/Debug-watchos/KeyPathValue-t.build/DerivedSources-normal/arm64 -Xcc -I/Users/admin/builder/spi-builder-workspace/.derivedData/Build/Intermediates.noindex/KeyPathValue.build/Debug-watchos/KeyPathValue-t.build/DerivedSources/arm64 -Xcc -I/Users/admin/builder/spi-builder-workspace/.derivedData/Build/Intermediates.noindex/KeyPathValue.build/Debug-watchos/KeyPathValue-t.build/DerivedSources -Xcc -DSWIFT_PACKAGE -Xcc -DDEBUG\=1 -emit-objc-header -emit-objc-header-path /Users/admin/builder/spi-builder-workspace/.derivedData/Build/Intermediates.noindex/KeyPathValue.build/Debug-watchos/KeyPathValue-t.build/Objects-normal/arm64/KeyPathValue-Swift.h -working-directory /Users/admin/builder/spi-builder-workspace/.swiftpm/xcode -experimental-emit-module-separately -disable-cmo
Ld /Users/admin/builder/spi-builder-workspace/.derivedData/Build/Intermediates.noindex/KeyPathValue.build/Debug-watchos/KeyPathValue-t.build/Objects-normal/arm64/Binary/KeyPathValue.o normal arm64 (in target 'KeyPathValue' from project 'KeyPathValue')
cd /Users/admin/builder/spi-builder-workspace/.dependencies/checkouts/KeyPathValue
/Applications/Xcode-27.0.0-Release.Candidate.app/Contents/Developer/Toolchains/XcodeDefault.xctoolchain/usr/bin/clang -Xlinker -reproducible -target arm64-apple-watchos9.0 -r -isysroot /Applications/Xcode-27.0.0-Release.Candidate.app/Contents/Developer/Platforms/WatchOS.platform/Developer/SDKs/WatchOS27.0.sdk -O0 -w -Xlinker -no_warn_duplicate_libraries -F/Users/admin/builder/spi-builder-workspace/.derivedData/Build/Intermediates.noindex/EagerLinkingTBDs/Debug-watchos -F/Users/admin/builder/spi-builder-workspace/.derivedData/Build/Products/Debug-watchos -iframework /Applications/Xcode-27.0.0-Release.Candidate.app/Contents/Developer/Platforms/WatchOS.platform/Developer/Library/Frameworks -iframework /Applications/Xcode-27.0.0-Release.Candidate.app/Contents/Developer/Platforms/WatchOS.platform/Developer/SDKs/WatchOS27.0.sdk/Developer/Library/Frameworks -filelist /Users/admin/builder/spi-builder-workspace/.derivedData/Build/Intermediates.noindex/KeyPathValue.build/Debug-watchos/KeyPathValue-t.build/Objects-normal/arm64/KeyPathValue.LinkFileList -nostdlib -Xlinker -object_path_lto -Xlinker /Users/admin/builder/spi-builder-workspace/.derivedData/Build/Intermediates.noindex/KeyPathValue.build/Debug-watchos/KeyPathValue-t.build/Objects-normal/arm64/KeyPathValue_lto.o -Xlinker -no_deduplicate -Xlinker -debug_variant -Xlinker -dependency_info -Xlinker /Users/admin/builder/spi-builder-workspace/.derivedData/Build/Intermediates.noindex/KeyPathValue.build/Debug-watchos/KeyPathValue-t.build/Objects-normal/arm64/KeyPathValue_dependency_info.dat -fobjc-link-runtime -L/Applications/Xcode-27.0.0-Release.Candidate.app/Contents/Developer/Toolchains/XcodeDefault.xctoolchain/usr/lib/swift/watchos -L/usr/lib/swift -Xlinker -add_ast_path -Xlinker /Users/admin/builder/spi-builder-workspace/.derivedData/Build/Intermediates.noindex/KeyPathValue.build/Debug-watchos/KeyPathValue-t.build/Objects-normal/arm64/KeyPathValue.swiftmodule -o /Users/admin/builder/spi-builder-workspace/.derivedData/Build/Intermediates.noindex/KeyPathValue.build/Debug-watchos/KeyPathValue-t.build/Objects-normal/arm64/Binary/KeyPathValue.o
SwiftDriverJobDiscovery normal arm64_32 Compiling Color+macOS.swift (in target 'SwiftUIColor' from project 'SwiftUIColor')
SwiftDriver AppContainer normal arm64_32 com.apple.xcode.tools.swift.compiler (in target 'AppContainer' from project 'AppContainer')
cd /Users/admin/builder/spi-builder-workspace/.swiftpm/xcode
builtin-SwiftDriver -- /Applications/Xcode-27.0.0-Release.Candidate.app/Contents/Developer/Toolchains/XcodeDefault.xctoolchain/usr/bin/swiftc -parse-as-library -module-name AppContainer -Onone @/Users/admin/builder/spi-builder-workspace/.derivedData/Build/Intermediates.noindex/AppContainer.build/Debug-watchos/AppContainer-t.build/Objects-normal/arm64_32/AppContainer.SwiftFileList -DSWIFT_PACKAGE -DDEBUG -DSWIFT_MODULE_RESOURCE_BUNDLE_UNAVAILABLE -DXcode -enable-upcoming-feature ExistentialAny -plugin-path /Applications/Xcode-27.0.0-Release.Candidate.app/Contents/Developer/Toolchains/XcodeDefault.xctoolchain/usr/lib/swift/host/plugins/testing -enable-experimental-feature DebugDescriptionMacro -sdk /Applications/Xcode-27.0.0-Release.Candidate.app/Contents/Developer/Platforms/WatchOS.platform/Developer/SDKs/WatchOS27.0.sdk -target arm64_32-apple-watchos9.0 -g -module-cache-path /Users/admin/builder/spi-builder-workspace/.derivedData/ModuleCache.noindex -Xfrontend -serialize-debugging-options -profile-coverage-mapping -profile-generate -enable-testing -index-store-path /Users/admin/builder/spi-builder-workspace/.derivedData/Index.noindex/DataStore -Xcc -D_LIBCPP_HARDENING_MODE\=_LIBCPP_HARDENING_MODE_DEBUG -swift-version 5 -I /Users/admin/builder/spi-builder-workspace/.derivedData/Build/Products/Debug-watchos -Isystem /Applications/Xcode-27.0.0-Release.Candidate.app/Contents/Developer/Platforms/WatchOS.platform/Developer/usr/lib -F /Users/admin/builder/spi-builder-workspace/.derivedData/Build/Products/Debug-watchos/PackageFrameworks -F /Users/admin/builder/spi-builder-workspace/.derivedData/Build/Products/Debug-watchos -F /Applications/Xcode-27.0.0-Release.Candidate.app/Contents/Developer/Platforms/WatchOS.platform/Developer/Library/Frameworks -F /Applications/Xcode-27.0.0-Release.Candidate.app/Contents/Developer/Platforms/WatchOS.platform/Developer/SDKs/WatchOS27.0.sdk/Developer/Library/Frameworks -c -j10 -enable-batch-mode -incremental -Xcc -ivfsstatcache -Xcc /Users/admin/builder/spi-builder-workspace/.derivedData/SDKStatCaches.noindex/watchos27.0-24R360-e829b21a6f8c9b70876ba0858053c04477534ef55a1706bf4c1112bbb242f0a2.sdkstatcache -output-file-map /Users/admin/builder/spi-builder-workspace/.derivedData/Build/Intermediates.noindex/AppContainer.build/Debug-watchos/AppContainer-t.build/Objects-normal/arm64_32/AppContainer-OutputFileMap.json -save-temps -no-color-diagnostics -explicit-module-build -module-cache-path /Users/admin/builder/spi-builder-workspace/.derivedData/Build/Intermediates.noindex/SwiftExplicitPrecompiledModules -clang-scanner-module-cache-path /Users/admin/builder/spi-builder-workspace/.derivedData/ModuleCache.noindex -sdk-module-cache-path /Users/admin/builder/spi-builder-workspace/.derivedData/SDKExplicitPrecompiledModules -emit-dependencies -emit-module -emit-module-path /Users/admin/builder/spi-builder-workspace/.derivedData/Build/Intermediates.noindex/AppContainer.build/Debug-watchos/AppContainer-t.build/Objects-normal/arm64_32/AppContainer.swiftmodule -serialize-diagnostics -dependency-scan-serialize-diagnostics-path /Users/admin/builder/spi-builder-workspace/.derivedData/Build/Intermediates.noindex/AppContainer.build/Debug-watchos/AppContainer-t.build/Objects-normal/arm64_32/AppContainer-dependency-scan.dia -validate-clang-modules-once -clang-build-session-file /Users/admin/builder/spi-builder-workspace/.derivedData/ModuleCache.noindex/Session.modulevalidation -Xcc -fmodules-prune-interval\=86400 -Xcc -fmodules-prune-after\=345600 -package-name spi_builder_workspace -emit-const-values -const-gather-protocols-list /Users/admin/builder/spi-builder-workspace/.derivedData/Build/Intermediates.noindex/AppContainer.build/Debug-watchos/AppContainer-t.build/Objects-normal/arm64_32/AppContainer_const_extract_protocols.json -Xcc -I/Users/admin/builder/spi-builder-workspace/.derivedData/Build/Products/Debug-watchos/include -Xcc -I/Users/admin/builder/spi-builder-workspace/.derivedData/Build/Intermediates.noindex/AppContainer.build/Debug-watchos/AppContainer-t.build/DerivedSources-normal/arm64_32 -Xcc -I/Users/admin/builder/spi-builder-workspace/.derivedData/Build/Intermediates.noindex/AppContainer.build/Debug-watchos/AppContainer-t.build/DerivedSources/arm64_32 -Xcc -I/Users/admin/builder/spi-builder-workspace/.derivedData/Build/Intermediates.noindex/AppContainer.build/Debug-watchos/AppContainer-t.build/DerivedSources -Xcc -DSWIFT_PACKAGE -Xcc -DDEBUG\=1 -emit-objc-header -emit-objc-header-path /Users/admin/builder/spi-builder-workspace/.derivedData/Build/Intermediates.noindex/AppContainer.build/Debug-watchos/AppContainer-t.build/Objects-normal/arm64_32/AppContainer-Swift.h -working-directory /Users/admin/builder/spi-builder-workspace/.swiftpm/xcode -experimental-emit-module-separately -disable-cmo
SwiftDriver EditValueView normal arm64_32 com.apple.xcode.tools.swift.compiler (in target 'EditValueView' from project 'EditValueView')
cd /Users/admin/builder/spi-builder-workspace/.swiftpm/xcode
builtin-SwiftDriver -- /Applications/Xcode-27.0.0-Release.Candidate.app/Contents/Developer/Toolchains/XcodeDefault.xctoolchain/usr/bin/swiftc -parse-as-library -module-name EditValueView -Onone @/Users/admin/builder/spi-builder-workspace/.derivedData/Build/Intermediates.noindex/EditValueView.build/Debug-watchos/EditValueView-t.build/Objects-normal/arm64_32/EditValueView.SwiftFileList -DSWIFT_PACKAGE -DDEBUG -DSWIFT_MODULE_RESOURCE_BUNDLE_UNAVAILABLE -DXcode -plugin-path /Applications/Xcode-27.0.0-Release.Candidate.app/Contents/Developer/Toolchains/XcodeDefault.xctoolchain/usr/lib/swift/host/plugins/testing -enable-experimental-feature DebugDescriptionMacro -sdk /Applications/Xcode-27.0.0-Release.Candidate.app/Contents/Developer/Platforms/WatchOS.platform/Developer/SDKs/WatchOS27.0.sdk -target arm64_32-apple-watchos9.0 -g -module-cache-path /Users/admin/builder/spi-builder-workspace/.derivedData/ModuleCache.noindex -Xfrontend -serialize-debugging-options -profile-coverage-mapping -profile-generate -enable-testing -suppress-warnings -index-store-path /Users/admin/builder/spi-builder-workspace/.derivedData/Index.noindex/DataStore -Xcc -D_LIBCPP_HARDENING_MODE\=_LIBCPP_HARDENING_MODE_DEBUG -swift-version 5 -I /Users/admin/builder/spi-builder-workspace/.derivedData/Build/Products/Debug-watchos -Isystem /Applications/Xcode-27.0.0-Release.Candidate.app/Contents/Developer/Platforms/WatchOS.platform/Developer/usr/lib -F /Users/admin/builder/spi-builder-workspace/.derivedData/Build/Products/Debug-watchos/PackageFrameworks -F /Users/admin/builder/spi-builder-workspace/.derivedData/Build/Products/Debug-watchos -F /Applications/Xcode-27.0.0-Release.Candidate.app/Contents/Developer/Platforms/WatchOS.platform/Developer/Library/Frameworks -F /Applications/Xcode-27.0.0-Release.Candidate.app/Contents/Developer/Platforms/WatchOS.platform/Developer/SDKs/WatchOS27.0.sdk/Developer/Library/Frameworks -c -j10 -enable-batch-mode -incremental -Xcc -ivfsstatcache -Xcc /Users/admin/builder/spi-builder-workspace/.derivedData/SDKStatCaches.noindex/watchos27.0-24R360-e829b21a6f8c9b70876ba0858053c04477534ef55a1706bf4c1112bbb242f0a2.sdkstatcache -output-file-map /Users/admin/builder/spi-builder-workspace/.derivedData/Build/Intermediates.noindex/EditValueView.build/Debug-watchos/EditValueView-t.build/Objects-normal/arm64_32/EditValueView-OutputFileMap.json -save-temps -no-color-diagnostics -explicit-module-build -module-cache-path /Users/admin/builder/spi-builder-workspace/.derivedData/Build/Intermediates.noindex/SwiftExplicitPrecompiledModules -clang-scanner-module-cache-path /Users/admin/builder/spi-builder-workspace/.derivedData/ModuleCache.noindex -sdk-module-cache-path /Users/admin/builder/spi-builder-workspace/.derivedData/SDKExplicitPrecompiledModules -emit-dependencies -emit-module -emit-module-path /Users/admin/builder/spi-builder-workspace/.derivedData/Build/Intermediates.noindex/EditValueView.build/Debug-watchos/EditValueView-t.build/Objects-normal/arm64_32/EditValueView.swiftmodule -serialize-diagnostics -dependency-scan-serialize-diagnostics-path /Users/admin/builder/spi-builder-workspace/.derivedData/Build/Intermediates.noindex/EditValueView.build/Debug-watchos/EditValueView-t.build/Objects-normal/arm64_32/EditValueView-dependency-scan.dia -validate-clang-modules-once -clang-build-session-file /Users/admin/builder/spi-builder-workspace/.derivedData/ModuleCache.noindex/Session.modulevalidation -Xcc -fmodules-prune-interval\=86400 -Xcc -fmodules-prune-after\=345600 -emit-const-values -const-gather-protocols-list /Users/admin/builder/spi-builder-workspace/.derivedData/Build/Intermediates.noindex/EditValueView.build/Debug-watchos/EditValueView-t.build/Objects-normal/arm64_32/EditValueView_const_extract_protocols.json -Xcc -I/Users/admin/builder/spi-builder-workspace/.derivedData/Build/Products/Debug-watchos/include -Xcc -I/Users/admin/builder/spi-builder-workspace/.derivedData/Build/Intermediates.noindex/EditValueView.build/Debug-watchos/EditValueView-t.build/DerivedSources-normal/arm64_32 -Xcc -I/Users/admin/builder/spi-builder-workspace/.derivedData/Build/Intermediates.noindex/EditValueView.build/Debug-watchos/EditValueView-t.build/DerivedSources/arm64_32 -Xcc -I/Users/admin/builder/spi-builder-workspace/.derivedData/Build/Intermediates.noindex/EditValueView.build/Debug-watchos/EditValueView-t.build/DerivedSources -Xcc -DSWIFT_PACKAGE -Xcc -DDEBUG\=1 -emit-objc-header -emit-objc-header-path /Users/admin/builder/spi-builder-workspace/.derivedData/Build/Intermediates.noindex/EditValueView.build/Debug-watchos/EditValueView-t.build/Objects-normal/arm64_32/EditValueView-Swift.h -working-directory /Users/admin/builder/spi-builder-workspace/.swiftpm/xcode -experimental-emit-module-separately -disable-cmo
CreateUniversalBinary /Users/admin/builder/spi-builder-workspace/.derivedData/Build/Products/Debug-watchos/KeyPathValue.o normal arm64\ arm64_32 (in target 'KeyPathValue' from project 'KeyPathValue')
cd /Users/admin/builder/spi-builder-workspace/.dependencies/checkouts/KeyPathValue
/Applications/Xcode-27.0.0-Release.Candidate.app/Contents/Developer/Toolchains/XcodeDefault.xctoolchain/usr/bin/lipo -create /Users/admin/builder/spi-builder-workspace/.derivedData/Build/Intermediates.noindex/KeyPathValue.build/Debug-watchos/KeyPathValue-t.build/Objects-normal/arm64/Binary/KeyPathValue.o /Users/admin/builder/spi-builder-workspace/.derivedData/Build/Intermediates.noindex/KeyPathValue.build/Debug-watchos/KeyPathValue-t.build/Objects-normal/arm64_32/Binary/KeyPathValue.o -output /Users/admin/builder/spi-builder-workspace/.derivedData/Build/Products/Debug-watchos/KeyPathValue.o
SwiftDriverJobDiscovery normal arm64_32 Compiling GeneratedAssetSymbols.swift (in target 'SwiftUIColor' from project 'SwiftUIColor')
SwiftDriver EditValueView normal arm64 com.apple.xcode.tools.swift.compiler (in target 'EditValueView' from project 'EditValueView')
cd /Users/admin/builder/spi-builder-workspace/.swiftpm/xcode
builtin-SwiftDriver -- /Applications/Xcode-27.0.0-Release.Candidate.app/Contents/Developer/Toolchains/XcodeDefault.xctoolchain/usr/bin/swiftc -parse-as-library -module-name EditValueView -Onone @/Users/admin/builder/spi-builder-workspace/.derivedData/Build/Intermediates.noindex/EditValueView.build/Debug-watchos/EditValueView-t.build/Objects-normal/arm64/EditValueView.SwiftFileList -DSWIFT_PACKAGE -DDEBUG -DSWIFT_MODULE_RESOURCE_BUNDLE_UNAVAILABLE -DXcode -plugin-path /Applications/Xcode-27.0.0-Release.Candidate.app/Contents/Developer/Toolchains/XcodeDefault.xctoolchain/usr/lib/swift/host/plugins/testing -enable-experimental-feature DebugDescriptionMacro -sdk /Applications/Xcode-27.0.0-Release.Candidate.app/Contents/Developer/Platforms/WatchOS.platform/Developer/SDKs/WatchOS27.0.sdk -target arm64-apple-watchos9.0 -g -module-cache-path /Users/admin/builder/spi-builder-workspace/.derivedData/ModuleCache.noindex -Xfrontend -serialize-debugging-options -profile-coverage-mapping -profile-generate -enable-testing -suppress-warnings -index-store-path /Users/admin/builder/spi-builder-workspace/.derivedData/Index.noindex/DataStore -Xcc -D_LIBCPP_HARDENING_MODE\=_LIBCPP_HARDENING_MODE_DEBUG -swift-version 5 -I /Users/admin/builder/spi-builder-workspace/.derivedData/Build/Products/Debug-watchos -Isystem /Applications/Xcode-27.0.0-Release.Candidate.app/Contents/Developer/Platforms/WatchOS.platform/Developer/usr/lib -F /Users/admin/builder/spi-builder-workspace/.derivedData/Build/Products/Debug-watchos/PackageFrameworks -F /Users/admin/builder/spi-builder-workspace/.derivedData/Build/Products/Debug-watchos -F /Applications/Xcode-27.0.0-Release.Candidate.app/Contents/Developer/Platforms/WatchOS.platform/Developer/Library/Frameworks -F /Applications/Xcode-27.0.0-Release.Candidate.app/Contents/Developer/Platforms/WatchOS.platform/Developer/SDKs/WatchOS27.0.sdk/Developer/Library/Frameworks -c -j10 -enable-batch-mode -incremental -Xcc -ivfsstatcache -Xcc /Users/admin/builder/spi-builder-workspace/.derivedData/SDKStatCaches.noindex/watchos27.0-24R360-e829b21a6f8c9b70876ba0858053c04477534ef55a1706bf4c1112bbb242f0a2.sdkstatcache -output-file-map /Users/admin/builder/spi-builder-workspace/.derivedData/Build/Intermediates.noindex/EditValueView.build/Debug-watchos/EditValueView-t.build/Objects-normal/arm64/EditValueView-OutputFileMap.json -save-temps -no-color-diagnostics -explicit-module-build -module-cache-path /Users/admin/builder/spi-builder-workspace/.derivedData/Build/Intermediates.noindex/SwiftExplicitPrecompiledModules -clang-scanner-module-cache-path /Users/admin/builder/spi-builder-workspace/.derivedData/ModuleCache.noindex -sdk-module-cache-path /Users/admin/builder/spi-builder-workspace/.derivedData/SDKExplicitPrecompiledModules -emit-dependencies -emit-module -emit-module-path /Users/admin/builder/spi-builder-workspace/.derivedData/Build/Intermediates.noindex/EditValueView.build/Debug-watchos/EditValueView-t.build/Objects-normal/arm64/EditValueView.swiftmodule -serialize-diagnostics -dependency-scan-serialize-diagnostics-path /Users/admin/builder/spi-builder-workspace/.derivedData/Build/Intermediates.noindex/EditValueView.build/Debug-watchos/EditValueView-t.build/Objects-normal/arm64/EditValueView-dependency-scan.dia -validate-clang-modules-once -clang-build-session-file /Users/admin/builder/spi-builder-workspace/.derivedData/ModuleCache.noindex/Session.modulevalidation -Xcc -fmodules-prune-interval\=86400 -Xcc -fmodules-prune-after\=345600 -emit-const-values -const-gather-protocols-list /Users/admin/builder/spi-builder-workspace/.derivedData/Build/Intermediates.noindex/EditValueView.build/Debug-watchos/EditValueView-t.build/Objects-normal/arm64/EditValueView_const_extract_protocols.json -Xcc -I/Users/admin/builder/spi-builder-workspace/.derivedData/Build/Products/Debug-watchos/include -Xcc -I/Users/admin/builder/spi-builder-workspace/.derivedData/Build/Intermediates.noindex/EditValueView.build/Debug-watchos/EditValueView-t.build/DerivedSources-normal/arm64 -Xcc -I/Users/admin/builder/spi-builder-workspace/.derivedData/Build/Intermediates.noindex/EditValueView.build/Debug-watchos/EditValueView-t.build/DerivedSources/arm64 -Xcc -I/Users/admin/builder/spi-builder-workspace/.derivedData/Build/Intermediates.noindex/EditValueView.build/Debug-watchos/EditValueView-t.build/DerivedSources -Xcc -DSWIFT_PACKAGE -Xcc -DDEBUG\=1 -emit-objc-header -emit-objc-header-path /Users/admin/builder/spi-builder-workspace/.derivedData/Build/Intermediates.noindex/EditValueView.build/Debug-watchos/EditValueView-t.build/Objects-normal/arm64/EditValueView-Swift.h -working-directory /Users/admin/builder/spi-builder-workspace/.swiftpm/xcode -experimental-emit-module-separately -disable-cmo
SwiftDriver AppContainer normal arm64 com.apple.xcode.tools.swift.compiler (in target 'AppContainer' from project 'AppContainer')
cd /Users/admin/builder/spi-builder-workspace/.swiftpm/xcode
builtin-SwiftDriver -- /Applications/Xcode-27.0.0-Release.Candidate.app/Contents/Developer/Toolchains/XcodeDefault.xctoolchain/usr/bin/swiftc -parse-as-library -module-name AppContainer -Onone @/Users/admin/builder/spi-builder-workspace/.derivedData/Build/Intermediates.noindex/AppContainer.build/Debug-watchos/AppContainer-t.build/Objects-normal/arm64/AppContainer.SwiftFileList -DSWIFT_PACKAGE -DDEBUG -DSWIFT_MODULE_RESOURCE_BUNDLE_UNAVAILABLE -DXcode -enable-upcoming-feature ExistentialAny -plugin-path /Applications/Xcode-27.0.0-Release.Candidate.app/Contents/Developer/Toolchains/XcodeDefault.xctoolchain/usr/lib/swift/host/plugins/testing -enable-experimental-feature DebugDescriptionMacro -sdk /Applications/Xcode-27.0.0-Release.Candidate.app/Contents/Developer/Platforms/WatchOS.platform/Developer/SDKs/WatchOS27.0.sdk -target arm64-apple-watchos9.0 -g -module-cache-path /Users/admin/builder/spi-builder-workspace/.derivedData/ModuleCache.noindex -Xfrontend -serialize-debugging-options -profile-coverage-mapping -profile-generate -enable-testing -index-store-path /Users/admin/builder/spi-builder-workspace/.derivedData/Index.noindex/DataStore -Xcc -D_LIBCPP_HARDENING_MODE\=_LIBCPP_HARDENING_MODE_DEBUG -swift-version 5 -I /Users/admin/builder/spi-builder-workspace/.derivedData/Build/Products/Debug-watchos -Isystem /Applications/Xcode-27.0.0-Release.Candidate.app/Contents/Developer/Platforms/WatchOS.platform/Developer/usr/lib -F /Users/admin/builder/spi-builder-workspace/.derivedData/Build/Products/Debug-watchos/PackageFrameworks -F /Users/admin/builder/spi-builder-workspace/.derivedData/Build/Products/Debug-watchos -F /Applications/Xcode-27.0.0-Release.Candidate.app/Contents/Developer/Platforms/WatchOS.platform/Developer/Library/Frameworks -F /Applications/Xcode-27.0.0-Release.Candidate.app/Contents/Developer/Platforms/WatchOS.platform/Developer/SDKs/WatchOS27.0.sdk/Developer/Library/Frameworks -c -j10 -enable-batch-mode -incremental -Xcc -ivfsstatcache -Xcc /Users/admin/builder/spi-builder-workspace/.derivedData/SDKStatCaches.noindex/watchos27.0-24R360-e829b21a6f8c9b70876ba0858053c04477534ef55a1706bf4c1112bbb242f0a2.sdkstatcache -output-file-map /Users/admin/builder/spi-builder-workspace/.derivedData/Build/Intermediates.noindex/AppContainer.build/Debug-watchos/AppContainer-t.build/Objects-normal/arm64/AppContainer-OutputFileMap.json -save-temps -no-color-diagnostics -explicit-module-build -module-cache-path /Users/admin/builder/spi-builder-workspace/.derivedData/Build/Intermediates.noindex/SwiftExplicitPrecompiledModules -clang-scanner-module-cache-path /Users/admin/builder/spi-builder-workspace/.derivedData/ModuleCache.noindex -sdk-module-cache-path /Users/admin/builder/spi-builder-workspace/.derivedData/SDKExplicitPrecompiledModules -emit-dependencies -emit-module -emit-module-path /Users/admin/builder/spi-builder-workspace/.derivedData/Build/Intermediates.noindex/AppContainer.build/Debug-watchos/AppContainer-t.build/Objects-normal/arm64/AppContainer.swiftmodule -serialize-diagnostics -dependency-scan-serialize-diagnostics-path /Users/admin/builder/spi-builder-workspace/.derivedData/Build/Intermediates.noindex/AppContainer.build/Debug-watchos/AppContainer-t.build/Objects-normal/arm64/AppContainer-dependency-scan.dia -validate-clang-modules-once -clang-build-session-file /Users/admin/builder/spi-builder-workspace/.derivedData/ModuleCache.noindex/Session.modulevalidation -Xcc -fmodules-prune-interval\=86400 -Xcc -fmodules-prune-after\=345600 -package-name spi_builder_workspace -emit-const-values -const-gather-protocols-list /Users/admin/builder/spi-builder-workspace/.derivedData/Build/Intermediates.noindex/AppContainer.build/Debug-watchos/AppContainer-t.build/Objects-normal/arm64/AppContainer_const_extract_protocols.json -Xcc -I/Users/admin/builder/spi-builder-workspace/.derivedData/Build/Products/Debug-watchos/include -Xcc -I/Users/admin/builder/spi-builder-workspace/.derivedData/Build/Intermediates.noindex/AppContainer.build/Debug-watchos/AppContainer-t.build/DerivedSources-normal/arm64 -Xcc -I/Users/admin/builder/spi-builder-workspace/.derivedData/Build/Intermediates.noindex/AppContainer.build/Debug-watchos/AppContainer-t.build/DerivedSources/arm64 -Xcc -I/Users/admin/builder/spi-builder-workspace/.derivedData/Build/Intermediates.noindex/AppContainer.build/Debug-watchos/AppContainer-t.build/DerivedSources -Xcc -DSWIFT_PACKAGE -Xcc -DDEBUG\=1 -emit-objc-header -emit-objc-header-path /Users/admin/builder/spi-builder-workspace/.derivedData/Build/Intermediates.noindex/AppContainer.build/Debug-watchos/AppContainer-t.build/Objects-normal/arm64/AppContainer-Swift.h -working-directory /Users/admin/builder/spi-builder-workspace/.swiftpm/xcode -experimental-emit-module-separately -disable-cmo
SwiftDriverJobDiscovery normal arm64 Compiling Color+universal.swift (in target 'SwiftUIColor' from project 'SwiftUIColor')
SwiftDriver\ Compilation SwiftUIColor normal arm64_32 com.apple.xcode.tools.swift.compiler (in target 'SwiftUIColor' from project 'SwiftUIColor')
cd /Users/admin/builder/spi-builder-workspace/.swiftpm/xcode
builtin-Swift-Compilation -- /Applications/Xcode-27.0.0-Release.Candidate.app/Contents/Developer/Toolchains/XcodeDefault.xctoolchain/usr/bin/swiftc -parse-as-library -module-name SwiftUIColor -Onone @/Users/admin/builder/spi-builder-workspace/.derivedData/Build/Intermediates.noindex/SwiftUIColor.build/Debug-watchos/SwiftUIColor-t.build/Objects-normal/arm64_32/SwiftUIColor.SwiftFileList -DSWIFT_PACKAGE -DDEBUG -DSWIFT_MODULE_RESOURCE_BUNDLE_AVAILABLE -DXcode -plugin-path /Applications/Xcode-27.0.0-Release.Candidate.app/Contents/Developer/Toolchains/XcodeDefault.xctoolchain/usr/lib/swift/host/plugins/testing -enable-experimental-feature DebugDescriptionMacro -sdk /Applications/Xcode-27.0.0-Release.Candidate.app/Contents/Developer/Platforms/WatchOS.platform/Developer/SDKs/WatchOS27.0.sdk -target arm64_32-apple-watchos9.0 -g -module-cache-path /Users/admin/builder/spi-builder-workspace/.derivedData/ModuleCache.noindex -Xfrontend -serialize-debugging-options -profile-coverage-mapping -profile-generate -enable-testing -suppress-warnings -index-store-path /Users/admin/builder/spi-builder-workspace/.derivedData/Index.noindex/DataStore -Xcc -D_LIBCPP_HARDENING_MODE\=_LIBCPP_HARDENING_MODE_DEBUG -swift-version 5 -I /Users/admin/builder/spi-builder-workspace/.derivedData/Build/Products/Debug-watchos -Isystem /Applications/Xcode-27.0.0-Release.Candidate.app/Contents/Developer/Platforms/WatchOS.platform/Developer/usr/lib -F /Users/admin/builder/spi-builder-workspace/.derivedData/Build/Products/Debug-watchos -F /Applications/Xcode-27.0.0-Release.Candidate.app/Contents/Developer/Platforms/WatchOS.platform/Developer/Library/Frameworks -F /Applications/Xcode-27.0.0-Release.Candidate.app/Contents/Developer/Platforms/WatchOS.platform/Developer/SDKs/WatchOS27.0.sdk/Developer/Library/Frameworks -c -j10 -enable-batch-mode -incremental -Xcc -ivfsstatcache -Xcc /Users/admin/builder/spi-builder-workspace/.derivedData/SDKStatCaches.noindex/watchos27.0-24R360-e829b21a6f8c9b70876ba0858053c04477534ef55a1706bf4c1112bbb242f0a2.sdkstatcache -output-file-map /Users/admin/builder/spi-builder-workspace/.derivedData/Build/Intermediates.noindex/SwiftUIColor.build/Debug-watchos/SwiftUIColor-t.build/Objects-normal/arm64_32/SwiftUIColor-OutputFileMap.json -save-temps -no-color-diagnostics -explicit-module-build -module-cache-path /Users/admin/builder/spi-builder-workspace/.derivedData/Build/Intermediates.noindex/SwiftExplicitPrecompiledModules -clang-scanner-module-cache-path /Users/admin/builder/spi-builder-workspace/.derivedData/ModuleCache.noindex -sdk-module-cache-path /Users/admin/builder/spi-builder-workspace/.derivedData/SDKExplicitPrecompiledModules -emit-dependencies -emit-module -emit-module-path /Users/admin/builder/spi-builder-workspace/.derivedData/Build/Intermediates.noindex/SwiftUIColor.build/Debug-watchos/SwiftUIColor-t.build/Objects-normal/arm64_32/SwiftUIColor.swiftmodule -serialize-diagnostics -dependency-scan-serialize-diagnostics-path /Users/admin/builder/spi-builder-workspace/.derivedData/Build/Intermediates.noindex/SwiftUIColor.build/Debug-watchos/SwiftUIColor-t.build/Objects-normal/arm64_32/SwiftUIColor-dependency-scan.dia -validate-clang-modules-once -clang-build-session-file /Users/admin/builder/spi-builder-workspace/.derivedData/ModuleCache.noindex/Session.modulevalidation -Xcc -fmodules-prune-interval\=86400 -Xcc -fmodules-prune-after\=345600 -emit-const-values -const-gather-protocols-list /Users/admin/builder/spi-builder-workspace/.derivedData/Build/Intermediates.noindex/SwiftUIColor.build/Debug-watchos/SwiftUIColor-t.build/Objects-normal/arm64_32/SwiftUIColor_const_extract_protocols.json -Xcc -I/Users/admin/builder/spi-builder-workspace/.derivedData/Build/Products/Debug-watchos/include -Xcc -I/Users/admin/builder/spi-builder-workspace/.derivedData/Build/Intermediates.noindex/SwiftUIColor.build/Debug-watchos/SwiftUIColor-t.build/DerivedSources-normal/arm64_32 -Xcc -I/Users/admin/builder/spi-builder-workspace/.derivedData/Build/Intermediates.noindex/SwiftUIColor.build/Debug-watchos/SwiftUIColor-t.build/DerivedSources/arm64_32 -Xcc -I/Users/admin/builder/spi-builder-workspace/.derivedData/Build/Intermediates.noindex/SwiftUIColor.build/Debug-watchos/SwiftUIColor-t.build/DerivedSources -Xcc -DSWIFT_PACKAGE -Xcc -DDEBUG\=1 -emit-objc-header -emit-objc-header-path /Users/admin/builder/spi-builder-workspace/.derivedData/Build/Intermediates.noindex/SwiftUIColor.build/Debug-watchos/SwiftUIColor-t.build/Objects-normal/arm64_32/SwiftUIColor-Swift.h -working-directory /Users/admin/builder/spi-builder-workspace/.swiftpm/xcode -experimental-emit-module-separately -disable-cmo
SwiftEmitModule normal arm64_32 Emitting\ module\ for\ AppContainer (in target 'AppContainer' from project 'AppContainer')
SwiftCompile normal arm64_32 (in target 'AppContainer' from project 'AppContainer')
cd /Users/admin/builder/spi-builder-workspace/.swiftpm/xcode
Ld /Users/admin/builder/spi-builder-workspace/.derivedData/Build/Intermediates.noindex/SwiftUIColor.build/Debug-watchos/SwiftUIColor-t.build/Objects-normal/arm64_32/Binary/SwiftUIColor.o normal arm64_32 (in target 'SwiftUIColor' from project 'SwiftUIColor')
cd /Users/admin/builder/spi-builder-workspace/.dependencies/checkouts/SwiftUIColor
/Applications/Xcode-27.0.0-Release.Candidate.app/Contents/Developer/Toolchains/XcodeDefault.xctoolchain/usr/bin/clang -Xlinker -reproducible -target arm64_32-apple-watchos9.0 -r -isysroot /Applications/Xcode-27.0.0-Release.Candidate.app/Contents/Developer/Platforms/WatchOS.platform/Developer/SDKs/WatchOS27.0.sdk -O0 -w -Xlinker -no_warn_duplicate_libraries -F/Users/admin/builder/spi-builder-workspace/.derivedData/Build/Intermediates.noindex/EagerLinkingTBDs/Debug-watchos -F/Users/admin/builder/spi-builder-workspace/.derivedData/Build/Products/Debug-watchos -iframework /Applications/Xcode-27.0.0-Release.Candidate.app/Contents/Developer/Platforms/WatchOS.platform/Developer/Library/Frameworks -iframework /Applications/Xcode-27.0.0-Release.Candidate.app/Contents/Developer/Platforms/WatchOS.platform/Developer/SDKs/WatchOS27.0.sdk/Developer/Library/Frameworks -filelist /Users/admin/builder/spi-builder-workspace/.derivedData/Build/Intermediates.noindex/SwiftUIColor.build/Debug-watchos/SwiftUIColor-t.build/Objects-normal/arm64_32/SwiftUIColor.LinkFileList -nostdlib -Xlinker -object_path_lto -Xlinker /Users/admin/builder/spi-builder-workspace/.derivedData/Build/Intermediates.noindex/SwiftUIColor.build/Debug-watchos/SwiftUIColor-t.build/Objects-normal/arm64_32/SwiftUIColor_lto.o -Xlinker -no_deduplicate -Xlinker -debug_variant -Xlinker -dependency_info -Xlinker /Users/admin/builder/spi-builder-workspace/.derivedData/Build/Intermediates.noindex/SwiftUIColor.build/Debug-watchos/SwiftUIColor-t.build/Objects-normal/arm64_32/SwiftUIColor_dependency_info.dat -fobjc-link-runtime -L/Applications/Xcode-27.0.0-Release.Candidate.app/Contents/Developer/Toolchains/XcodeDefault.xctoolchain/usr/lib/swift/watchos -L/usr/lib/swift -Xlinker -add_ast_path -Xlinker /Users/admin/builder/spi-builder-workspace/.derivedData/Build/Intermediates.noindex/SwiftUIColor.build/Debug-watchos/SwiftUIColor-t.build/Objects-normal/arm64_32/SwiftUIColor.swiftmodule -o /Users/admin/builder/spi-builder-workspace/.derivedData/Build/Intermediates.noindex/SwiftUIColor.build/Debug-watchos/SwiftUIColor-t.build/Objects-normal/arm64_32/Binary/SwiftUIColor.o
SwiftDriverJobDiscovery normal arm64 Compiling PreviewWorkaround.swift (in target 'SwiftUIColor' from project 'SwiftUIColor')
ExtractAppIntentsMetadata (in target 'KeyPathValue' from project 'KeyPathValue')
cd /Users/admin/builder/spi-builder-workspace/.dependencies/checkouts/KeyPathValue
/Applications/Xcode-27.0.0-Release.Candidate.app/Contents/Developer/Toolchains/XcodeDefault.xctoolchain/usr/bin/appintentsmetadataprocessor --toolchain-dir /var/run/com.apple.security.cryptexd/mnt/com.apple.MobileAsset.MetalToolchain-v27.1.266.1.EPm7vK/Metal.xctoolchain --module-name KeyPathValue --sdk-root /Applications/Xcode-27.0.0-Release.Candidate.app/Contents/Developer/Platforms/WatchOS.platform/Developer/SDKs/WatchOS27.0.sdk --xcode-version 27A266a --platform-family watchOS --deployment-target 9.0 --bundle-identifier keypathvalue.KeyPathValue --output /Users/admin/builder/spi-builder-workspace/.derivedData/Build/Products/Debug-watchos/KeyPathValue.appintents --target-triple arm64-apple-watchos9.0 --target-triple arm64_32-apple-watchos9.0 --binary-file /Users/admin/builder/spi-builder-workspace/.derivedData/Build/Products/Debug-watchos/KeyPathValue.o --dependency-file /Users/admin/builder/spi-builder-workspace/.derivedData/Build/Intermediates.noindex/KeyPathValue.build/Debug-watchos/KeyPathValue-t.build/Objects-normal/arm64/KeyPathValue_dependency_info.dat --dependency-file /Users/admin/builder/spi-builder-workspace/.derivedData/Build/Intermediates.noindex/KeyPathValue.build/Debug-watchos/KeyPathValue-t.build/Objects-normal/arm64_32/KeyPathValue_dependency_info.dat --stringsdata-file /Users/admin/builder/spi-builder-workspace/.derivedData/Build/Intermediates.noindex/KeyPathValue.build/Debug-watchos/KeyPathValue-t.build/Objects-normal/arm64/ExtractedAppShortcutsMetadata.stringsdata --stringsdata-file /Users/admin/builder/spi-builder-workspace/.derivedData/Build/Intermediates.noindex/KeyPathValue.build/Debug-watchos/KeyPathValue-t.build/Objects-normal/arm64_32/ExtractedAppShortcutsMetadata.stringsdata --source-file-list /Users/admin/builder/spi-builder-workspace/.derivedData/Build/Intermediates.noindex/KeyPathValue.build/Debug-watchos/KeyPathValue-t.build/Objects-normal/arm64/KeyPathValue.SwiftFileList --source-file-list /Users/admin/builder/spi-builder-workspace/.derivedData/Build/Intermediates.noindex/KeyPathValue.build/Debug-watchos/KeyPathValue-t.build/Objects-normal/arm64_32/KeyPathValue.SwiftFileList --metadata-file-list /Users/admin/builder/spi-builder-workspace/.derivedData/Build/Intermediates.noindex/KeyPathValue.build/Debug-watchos/KeyPathValue-t.build/KeyPathValue.DependencyMetadataFileList --static-metadata-file-list /Users/admin/builder/spi-builder-workspace/.derivedData/Build/Intermediates.noindex/KeyPathValue.build/Debug-watchos/KeyPathValue-t.build/KeyPathValue.DependencyStaticMetadataFileList --swift-const-vals-list /Users/admin/builder/spi-builder-workspace/.derivedData/Build/Intermediates.noindex/KeyPathValue.build/Debug-watchos/KeyPathValue-t.build/Objects-normal/arm64/KeyPathValue.SwiftConstValuesFileList --swift-const-vals-list /Users/admin/builder/spi-builder-workspace/.derivedData/Build/Intermediates.noindex/KeyPathValue.build/Debug-watchos/KeyPathValue-t.build/Objects-normal/arm64_32/KeyPathValue.SwiftConstValuesFileList --force --compile-time-extraction --deployment-aware-processing --no-app-shortcuts-localization
2026-09-19 15:37:23.930 appintentsmetadataprocessor[1001:5694] Starting appintentsmetadataprocessor export
2026-09-19 15:37:24.103 appintentsmetadataprocessor[1001:5694] Extracted no relevant App Intents symbols, skipping writing output
SwiftDriverJobDiscovery normal arm64 Compiling Color+tvOS.swift (in target 'SwiftUIColor' from project 'SwiftUIColor')
SwiftCompile normal arm64_32 Compiling\ Constants.swift /Users/admin/builder/spi-builder-workspace/Sources/AppContainer/Constants.swift (in target 'AppContainer' from project 'AppContainer')
SwiftCompile normal arm64_32 /Users/admin/builder/spi-builder-workspace/Sources/AppContainer/Constants.swift (in target 'AppContainer' from project 'AppContainer')
cd /Users/admin/builder/spi-builder-workspace/.swiftpm/xcode
builtin-SwiftPerFileCompile Constants.swift
SwiftCompile normal arm64_32 Compiling\ FileManager.swift /Users/admin/builder/spi-builder-workspace/Sources/AppContainer/Extension/FileManager.swift (in target 'AppContainer' from project 'AppContainer')
SwiftCompile normal arm64_32 /Users/admin/builder/spi-builder-workspace/Sources/AppContainer/Extension/FileManager.swift (in target 'AppContainer' from project 'AppContainer')
cd /Users/admin/builder/spi-builder-workspace/.swiftpm/xcode
builtin-SwiftPerFileCompile FileManager.swift
SwiftDriverJobDiscovery normal arm64 Compiling Color+watchOS.swift (in target 'SwiftUIColor' from project 'SwiftUIColor')
SwiftCompile normal arm64_32 Compiling\ UUID.swift /Users/admin/builder/spi-builder-workspace/Sources/AppContainer/Extension/UUID.swift (in target 'AppContainer' from project 'AppContainer')
SwiftCompile normal arm64_32 /Users/admin/builder/spi-builder-workspace/Sources/AppContainer/Extension/UUID.swift (in target 'AppContainer' from project 'AppContainer')
cd /Users/admin/builder/spi-builder-workspace/.swiftpm/xcode
builtin-SwiftPerFileCompile UUID.swift
SwiftCompile normal arm64_32 Compiling\ WeakHashTable.swift /Users/admin/builder/spi-builder-workspace/Sources/AppContainer/Util/WeakHashTable.swift (in target 'AppContainer' from project 'AppContainer')
SwiftCompile normal arm64_32 /Users/admin/builder/spi-builder-workspace/Sources/AppContainer/Util/WeakHashTable.swift (in target 'AppContainer' from project 'AppContainer')
cd /Users/admin/builder/spi-builder-workspace/.swiftpm/xcode
builtin-SwiftPerFileCompile WeakHashTable.swift
SwiftDriverJobDiscovery normal arm64 Compiling Color+iOS.swift (in target 'SwiftUIColor' from project 'SwiftUIColor')
SwiftDriverJobDiscovery normal arm64 Compiling Color+macOS.swift (in target 'SwiftUIColor' from project 'SwiftUIColor')
SwiftCompile normal arm64_32 Compiling\ Array.swift /Users/admin/builder/spi-builder-workspace/Sources/AppContainer/Extension/Array.swift (in target 'AppContainer' from project 'AppContainer')
SwiftCompile normal arm64_32 /Users/admin/builder/spi-builder-workspace/Sources/AppContainer/Extension/Array.swift (in target 'AppContainer' from project 'AppContainer')
cd /Users/admin/builder/spi-builder-workspace/.swiftpm/xcode
builtin-SwiftPerFileCompile Array.swift
SwiftDriverJobDiscovery normal arm64_32 Compiling Constants.swift (in target 'AppContainer' from project 'AppContainer')
SwiftCompile normal arm64_32 Compiling\ AppContainer.swift,\ AppContainerDelegate.swift /Users/admin/builder/spi-builder-workspace/Sources/AppContainer/AppContainer.swift /Users/admin/builder/spi-builder-workspace/Sources/AppContainer/AppContainerDelegate.swift (in target 'AppContainer' from project 'AppContainer')
SwiftCompile normal arm64_32 /Users/admin/builder/spi-builder-workspace/Sources/AppContainer/AppContainer.swift (in target 'AppContainer' from project 'AppContainer')
cd /Users/admin/builder/spi-builder-workspace/.swiftpm/xcode
builtin-SwiftPerFileCompile AppContainer.swift
SwiftCompile normal arm64_32 /Users/admin/builder/spi-builder-workspace/Sources/AppContainer/AppContainerDelegate.swift (in target 'AppContainer' from project 'AppContainer')
cd /Users/admin/builder/spi-builder-workspace/.swiftpm/xcode
builtin-SwiftPerFileCompile AppContainerDelegate.swift
SwiftDriverJobDiscovery normal arm64_32 Compiling UUID.swift (in target 'AppContainer' from project 'AppContainer')
SwiftCompile normal arm64_32 Compiling\ AppContainerError.swift /Users/admin/builder/spi-builder-workspace/Sources/AppContainer/AppContainerError.swift (in target 'AppContainer' from project 'AppContainer')
SwiftCompile normal arm64_32 /Users/admin/builder/spi-builder-workspace/Sources/AppContainer/AppContainerError.swift (in target 'AppContainer' from project 'AppContainer')
cd /Users/admin/builder/spi-builder-workspace/.swiftpm/xcode
builtin-SwiftPerFileCompile AppContainerError.swift
SwiftCompile normal arm64_32 Compiling\ Container.swift /Users/admin/builder/spi-builder-workspace/Sources/AppContainer/Model/Container.swift (in target 'AppContainer' from project 'AppContainer')
SwiftCompile normal arm64_32 /Users/admin/builder/spi-builder-workspace/Sources/AppContainer/Model/Container.swift (in target 'AppContainer' from project 'AppContainer')
cd /Users/admin/builder/spi-builder-workspace/.swiftpm/xcode
builtin-SwiftPerFileCompile Container.swift
SwiftDriverJobDiscovery normal arm64_32 Compiling WeakHashTable.swift (in target 'AppContainer' from project 'AppContainer')
SwiftCompile normal arm64_32 Compiling\ Notification.swift /Users/admin/builder/spi-builder-workspace/Sources/AppContainer/Notification.swift (in target 'AppContainer' from project 'AppContainer')
SwiftCompile normal arm64_32 /Users/admin/builder/spi-builder-workspace/Sources/AppContainer/Notification.swift (in target 'AppContainer' from project 'AppContainer')
cd /Users/admin/builder/spi-builder-workspace/.swiftpm/xcode
builtin-SwiftPerFileCompile Notification.swift
SwiftCompile normal arm64_32 Compiling\ AppContainerSettings.swift /Users/admin/builder/spi-builder-workspace/Sources/AppContainer/Model/AppContainerSettings.swift (in target 'AppContainer' from project 'AppContainer')
SwiftCompile normal arm64_32 /Users/admin/builder/spi-builder-workspace/Sources/AppContainer/Model/AppContainerSettings.swift (in target 'AppContainer' from project 'AppContainer')
cd /Users/admin/builder/spi-builder-workspace/.swiftpm/xcode
builtin-SwiftPerFileCompile AppContainerSettings.swift
SwiftDriverJobDiscovery normal arm64_32 Emitting module for AppContainer (in target 'AppContainer' from project 'AppContainer')
SwiftEmitModule normal arm64 Emitting\ module\ for\ AppContainer (in target 'AppContainer' from project 'AppContainer')
SwiftCompile normal arm64 (in target 'AppContainer' from project 'AppContainer')
cd /Users/admin/builder/spi-builder-workspace/.swiftpm/xcode
SwiftEmitModule normal arm64_32 Emitting\ module\ for\ EditValueView (in target 'EditValueView' from project 'EditValueView')
SwiftCompile normal arm64_32 (in target 'EditValueView' from project 'EditValueView')
cd /Users/admin/builder/spi-builder-workspace/.swiftpm/xcode
SwiftDriverJobDiscovery normal arm64_32 Compiling Array.swift (in target 'AppContainer' from project 'AppContainer')
SwiftDriver\ Compilation\ Requirements AppContainer normal arm64_32 com.apple.xcode.tools.swift.compiler (in target 'AppContainer' from project 'AppContainer')
cd /Users/admin/builder/spi-builder-workspace/.swiftpm/xcode
builtin-Swift-Compilation-Requirements -- /Applications/Xcode-27.0.0-Release.Candidate.app/Contents/Developer/Toolchains/XcodeDefault.xctoolchain/usr/bin/swiftc -parse-as-library -module-name AppContainer -Onone @/Users/admin/builder/spi-builder-workspace/.derivedData/Build/Intermediates.noindex/AppContainer.build/Debug-watchos/AppContainer-t.build/Objects-normal/arm64_32/AppContainer.SwiftFileList -DSWIFT_PACKAGE -DDEBUG -DSWIFT_MODULE_RESOURCE_BUNDLE_UNAVAILABLE -DXcode -enable-upcoming-feature ExistentialAny -plugin-path /Applications/Xcode-27.0.0-Release.Candidate.app/Contents/Developer/Toolchains/XcodeDefault.xctoolchain/usr/lib/swift/host/plugins/testing -enable-experimental-feature DebugDescriptionMacro -sdk /Applications/Xcode-27.0.0-Release.Candidate.app/Contents/Developer/Platforms/WatchOS.platform/Developer/SDKs/WatchOS27.0.sdk -target arm64_32-apple-watchos9.0 -g -module-cache-path /Users/admin/builder/spi-builder-workspace/.derivedData/ModuleCache.noindex -Xfrontend -serialize-debugging-options -profile-coverage-mapping -profile-generate -enable-testing -index-store-path /Users/admin/builder/spi-builder-workspace/.derivedData/Index.noindex/DataStore -Xcc -D_LIBCPP_HARDENING_MODE\=_LIBCPP_HARDENING_MODE_DEBUG -swift-version 5 -I /Users/admin/builder/spi-builder-workspace/.derivedData/Build/Products/Debug-watchos -Isystem /Applications/Xcode-27.0.0-Release.Candidate.app/Contents/Developer/Platforms/WatchOS.platform/Developer/usr/lib -F /Users/admin/builder/spi-builder-workspace/.derivedData/Build/Products/Debug-watchos/PackageFrameworks -F /Users/admin/builder/spi-builder-workspace/.derivedData/Build/Products/Debug-watchos -F /Applications/Xcode-27.0.0-Release.Candidate.app/Contents/Developer/Platforms/WatchOS.platform/Developer/Library/Frameworks -F /Applications/Xcode-27.0.0-Release.Candidate.app/Contents/Developer/Platforms/WatchOS.platform/Developer/SDKs/WatchOS27.0.sdk/Developer/Library/Frameworks -c -j10 -enable-batch-mode -incremental -Xcc -ivfsstatcache -Xcc /Users/admin/builder/spi-builder-workspace/.derivedData/SDKStatCaches.noindex/watchos27.0-24R360-e829b21a6f8c9b70876ba0858053c04477534ef55a1706bf4c1112bbb242f0a2.sdkstatcache -output-file-map /Users/admin/builder/spi-builder-workspace/.derivedData/Build/Intermediates.noindex/AppContainer.build/Debug-watchos/AppContainer-t.build/Objects-normal/arm64_32/AppContainer-OutputFileMap.json -save-temps -no-color-diagnostics -explicit-module-build -module-cache-path /Users/admin/builder/spi-builder-workspace/.derivedData/Build/Intermediates.noindex/SwiftExplicitPrecompiledModules -clang-scanner-module-cache-path /Users/admin/builder/spi-builder-workspace/.derivedData/ModuleCache.noindex -sdk-module-cache-path /Users/admin/builder/spi-builder-workspace/.derivedData/SDKExplicitPrecompiledModules -emit-dependencies -emit-module -emit-module-path /Users/admin/builder/spi-builder-workspace/.derivedData/Build/Intermediates.noindex/AppContainer.build/Debug-watchos/AppContainer-t.build/Objects-normal/arm64_32/AppContainer.swiftmodule -serialize-diagnostics -dependency-scan-serialize-diagnostics-path /Users/admin/builder/spi-builder-workspace/.derivedData/Build/Intermediates.noindex/AppContainer.build/Debug-watchos/AppContainer-t.build/Objects-normal/arm64_32/AppContainer-dependency-scan.dia -validate-clang-modules-once -clang-build-session-file /Users/admin/builder/spi-builder-workspace/.derivedData/ModuleCache.noindex/Session.modulevalidation -Xcc -fmodules-prune-interval\=86400 -Xcc -fmodules-prune-after\=345600 -package-name spi_builder_workspace -emit-const-values -const-gather-protocols-list /Users/admin/builder/spi-builder-workspace/.derivedData/Build/Intermediates.noindex/AppContainer.build/Debug-watchos/AppContainer-t.build/Objects-normal/arm64_32/AppContainer_const_extract_protocols.json -Xcc -I/Users/admin/builder/spi-builder-workspace/.derivedData/Build/Products/Debug-watchos/include -Xcc -I/Users/admin/builder/spi-builder-workspace/.derivedData/Build/Intermediates.noindex/AppContainer.build/Debug-watchos/AppContainer-t.build/DerivedSources-normal/arm64_32 -Xcc -I/Users/admin/builder/spi-builder-workspace/.derivedData/Build/Intermediates.noindex/AppContainer.build/Debug-watchos/AppContainer-t.build/DerivedSources/arm64_32 -Xcc -I/Users/admin/builder/spi-builder-workspace/.derivedData/Build/Intermediates.noindex/AppContainer.build/Debug-watchos/AppContainer-t.build/DerivedSources -Xcc -DSWIFT_PACKAGE -Xcc -DDEBUG\=1 -emit-objc-header -emit-objc-header-path /Users/admin/builder/spi-builder-workspace/.derivedData/Build/Intermediates.noindex/AppContainer.build/Debug-watchos/AppContainer-t.build/Objects-normal/arm64_32/AppContainer-Swift.h -working-directory /Users/admin/builder/spi-builder-workspace/.swiftpm/xcode -experimental-emit-module-separately -disable-cmo
SwiftCompile normal arm64_32 Compiling\ View+.swift,\ DefaultRepresentable.swift /Users/admin/builder/spi-builder-workspace/.dependencies/checkouts/EditValueView/Sources/EditValueView/Extensions/View+.swift /Users/admin/builder/spi-builder-workspace/.dependencies/checkouts/EditValueView/Sources/EditValueView/Protocol/DefaultRepresentable.swift (in target 'EditValueView' from project 'EditValueView')
SwiftCompile normal arm64_32 /Users/admin/builder/spi-builder-workspace/.dependencies/checkouts/EditValueView/Sources/EditValueView/Extensions/View+.swift (in target 'EditValueView' from project 'EditValueView')
cd /Users/admin/builder/spi-builder-workspace/.swiftpm/xcode
builtin-SwiftPerFileCompile View+.swift
SwiftCompile normal arm64_32 /Users/admin/builder/spi-builder-workspace/.dependencies/checkouts/EditValueView/Sources/EditValueView/Protocol/DefaultRepresentable.swift (in target 'EditValueView' from project 'EditValueView')
cd /Users/admin/builder/spi-builder-workspace/.swiftpm/xcode
builtin-SwiftPerFileCompile DefaultRepresentable.swift
SwiftCompile normal arm64_32 Compiling\ CaseIterableEditor.swift,\ CodableEditorView.swift,\ ColorEditorView.swift /Users/admin/builder/spi-builder-workspace/.dependencies/checkouts/EditValueView/Sources/EditValueView/Editors/CaseIterableEditor.swift /Users/admin/builder/spi-builder-workspace/.dependencies/checkouts/EditValueView/Sources/EditValueView/Editors/CodableEditorView.swift /Users/admin/builder/spi-builder-workspace/.dependencies/checkouts/EditValueView/Sources/EditValueView/Editors/ColorEditorView.swift (in target 'EditValueView' from project 'EditValueView')
SwiftCompile normal arm64_32 /Users/admin/builder/spi-builder-workspace/.dependencies/checkouts/EditValueView/Sources/EditValueView/Editors/CaseIterableEditor.swift (in target 'EditValueView' from project 'EditValueView')
cd /Users/admin/builder/spi-builder-workspace/.swiftpm/xcode
builtin-SwiftPerFileCompile CaseIterableEditor.swift
SwiftCompile normal arm64_32 /Users/admin/builder/spi-builder-workspace/.dependencies/checkouts/EditValueView/Sources/EditValueView/Editors/CodableEditorView.swift (in target 'EditValueView' from project 'EditValueView')
cd /Users/admin/builder/spi-builder-workspace/.swiftpm/xcode
builtin-SwiftPerFileCompile CodableEditorView.swift
SwiftCompile normal arm64_32 /Users/admin/builder/spi-builder-workspace/.dependencies/checkouts/EditValueView/Sources/EditValueView/Editors/ColorEditorView.swift (in target 'EditValueView' from project 'EditValueView')
cd /Users/admin/builder/spi-builder-workspace/.swiftpm/xcode
builtin-SwiftPerFileCompile ColorEditorView.swift
SwiftDriverJobDiscovery normal arm64_32 Compiling FileManager.swift (in target 'AppContainer' from project 'AppContainer')
SwiftEmitModule normal arm64 Emitting\ module\ for\ EditValueView (in target 'EditValueView' from project 'EditValueView')
SwiftCompile normal arm64 (in target 'EditValueView' from project 'EditValueView')
cd /Users/admin/builder/spi-builder-workspace/.swiftpm/xcode
SwiftDriverJobDiscovery normal arm64 Compiling GeneratedAssetSymbols.swift (in target 'SwiftUIColor' from project 'SwiftUIColor')
Copy /Users/admin/builder/spi-builder-workspace/.derivedData/Build/Products/Debug-watchos/AppContainer.swiftmodule/arm64_32-apple-watchos.swiftmodule /Users/admin/builder/spi-builder-workspace/.derivedData/Build/Intermediates.noindex/AppContainer.build/Debug-watchos/AppContainer-t.build/Objects-normal/arm64_32/AppContainer.swiftmodule (in target 'AppContainer' from project 'AppContainer')
cd /Users/admin/builder/spi-builder-workspace
builtin-copy -exclude .DS_Store -exclude CVS -exclude .svn -exclude .git -exclude .hg -resolve-src-symlinks -rename /Users/admin/builder/spi-builder-workspace/.derivedData/Build/Intermediates.noindex/AppContainer.build/Debug-watchos/AppContainer-t.build/Objects-normal/arm64_32/AppContainer.swiftmodule /Users/admin/builder/spi-builder-workspace/.derivedData/Build/Products/Debug-watchos/AppContainer.swiftmodule/arm64_32-apple-watchos.swiftmodule
SwiftDriverJobDiscovery normal arm64_32 Compiling AppContainerError.swift (in target 'AppContainer' from project 'AppContainer')
Copy /Users/admin/builder/spi-builder-workspace/.derivedData/Build/Products/Debug-watchos/AppContainer.swiftmodule/arm64_32-apple-watchos.swiftdoc /Users/admin/builder/spi-builder-workspace/.derivedData/Build/Intermediates.noindex/AppContainer.build/Debug-watchos/AppContainer-t.build/Objects-normal/arm64_32/AppContainer.swiftdoc (in target 'AppContainer' from project 'AppContainer')
cd /Users/admin/builder/spi-builder-workspace
builtin-copy -exclude .DS_Store -exclude CVS -exclude .svn -exclude .git -exclude .hg -resolve-src-symlinks -rename /Users/admin/builder/spi-builder-workspace/.derivedData/Build/Intermediates.noindex/AppContainer.build/Debug-watchos/AppContainer-t.build/Objects-normal/arm64_32/AppContainer.swiftdoc /Users/admin/builder/spi-builder-workspace/.derivedData/Build/Products/Debug-watchos/AppContainer.swiftmodule/arm64_32-apple-watchos.swiftdoc
Copy /Users/admin/builder/spi-builder-workspace/.derivedData/Build/Products/Debug-watchos/AppContainer.swiftmodule/arm64_32-apple-watchos.abi.json /Users/admin/builder/spi-builder-workspace/.derivedData/Build/Intermediates.noindex/AppContainer.build/Debug-watchos/AppContainer-t.build/Objects-normal/arm64_32/AppContainer.abi.json (in target 'AppContainer' from project 'AppContainer')
cd /Users/admin/builder/spi-builder-workspace
builtin-copy -exclude .DS_Store -exclude CVS -exclude .svn -exclude .git -exclude .hg -resolve-src-symlinks -rename /Users/admin/builder/spi-builder-workspace/.derivedData/Build/Intermediates.noindex/AppContainer.build/Debug-watchos/AppContainer-t.build/Objects-normal/arm64_32/AppContainer.abi.json /Users/admin/builder/spi-builder-workspace/.derivedData/Build/Products/Debug-watchos/AppContainer.swiftmodule/arm64_32-apple-watchos.abi.json
Copy /Users/admin/builder/spi-builder-workspace/.derivedData/Build/Products/Debug-watchos/AppContainer.swiftmodule/Project/arm64_32-apple-watchos.swiftsourceinfo /Users/admin/builder/spi-builder-workspace/.derivedData/Build/Intermediates.noindex/AppContainer.build/Debug-watchos/AppContainer-t.build/Objects-normal/arm64_32/AppContainer.swiftsourceinfo (in target 'AppContainer' from project 'AppContainer')
cd /Users/admin/builder/spi-builder-workspace
builtin-copy -exclude .DS_Store -exclude CVS -exclude .svn -exclude .git -exclude .hg -resolve-src-symlinks -rename /Users/admin/builder/spi-builder-workspace/.derivedData/Build/Intermediates.noindex/AppContainer.build/Debug-watchos/AppContainer-t.build/Objects-normal/arm64_32/AppContainer.swiftsourceinfo /Users/admin/builder/spi-builder-workspace/.derivedData/Build/Products/Debug-watchos/AppContainer.swiftmodule/Project/arm64_32-apple-watchos.swiftsourceinfo
SwiftDriver\ Compilation SwiftUIColor normal arm64 com.apple.xcode.tools.swift.compiler (in target 'SwiftUIColor' from project 'SwiftUIColor')
cd /Users/admin/builder/spi-builder-workspace/.swiftpm/xcode
builtin-Swift-Compilation -- /Applications/Xcode-27.0.0-Release.Candidate.app/Contents/Developer/Toolchains/XcodeDefault.xctoolchain/usr/bin/swiftc -parse-as-library -module-name SwiftUIColor -Onone @/Users/admin/builder/spi-builder-workspace/.derivedData/Build/Intermediates.noindex/SwiftUIColor.build/Debug-watchos/SwiftUIColor-t.build/Objects-normal/arm64/SwiftUIColor.SwiftFileList -DSWIFT_PACKAGE -DDEBUG -DSWIFT_MODULE_RESOURCE_BUNDLE_AVAILABLE -DXcode -plugin-path /Applications/Xcode-27.0.0-Release.Candidate.app/Contents/Developer/Toolchains/XcodeDefault.xctoolchain/usr/lib/swift/host/plugins/testing -enable-experimental-feature DebugDescriptionMacro -sdk /Applications/Xcode-27.0.0-Release.Candidate.app/Contents/Developer/Platforms/WatchOS.platform/Developer/SDKs/WatchOS27.0.sdk -target arm64-apple-watchos9.0 -g -module-cache-path /Users/admin/builder/spi-builder-workspace/.derivedData/ModuleCache.noindex -Xfrontend -serialize-debugging-options -profile-coverage-mapping -profile-generate -enable-testing -suppress-warnings -index-store-path /Users/admin/builder/spi-builder-workspace/.derivedData/Index.noindex/DataStore -Xcc -D_LIBCPP_HARDENING_MODE\=_LIBCPP_HARDENING_MODE_DEBUG -swift-version 5 -I /Users/admin/builder/spi-builder-workspace/.derivedData/Build/Products/Debug-watchos -Isystem /Applications/Xcode-27.0.0-Release.Candidate.app/Contents/Developer/Platforms/WatchOS.platform/Developer/usr/lib -F /Users/admin/builder/spi-builder-workspace/.derivedData/Build/Products/Debug-watchos -F /Applications/Xcode-27.0.0-Release.Candidate.app/Contents/Developer/Platforms/WatchOS.platform/Developer/Library/Frameworks -F /Applications/Xcode-27.0.0-Release.Candidate.app/Contents/Developer/Platforms/WatchOS.platform/Developer/SDKs/WatchOS27.0.sdk/Developer/Library/Frameworks -c -j10 -enable-batch-mode -incremental -Xcc -ivfsstatcache -Xcc /Users/admin/builder/spi-builder-workspace/.derivedData/SDKStatCaches.noindex/watchos27.0-24R360-e829b21a6f8c9b70876ba0858053c04477534ef55a1706bf4c1112bbb242f0a2.sdkstatcache -output-file-map /Users/admin/builder/spi-builder-workspace/.derivedData/Build/Intermediates.noindex/SwiftUIColor.build/Debug-watchos/SwiftUIColor-t.build/Objects-normal/arm64/SwiftUIColor-OutputFileMap.json -save-temps -no-color-diagnostics -explicit-module-build -module-cache-path /Users/admin/builder/spi-builder-workspace/.derivedData/Build/Intermediates.noindex/SwiftExplicitPrecompiledModules -clang-scanner-module-cache-path /Users/admin/builder/spi-builder-workspace/.derivedData/ModuleCache.noindex -sdk-module-cache-path /Users/admin/builder/spi-builder-workspace/.derivedData/SDKExplicitPrecompiledModules -emit-dependencies -emit-module -emit-module-path /Users/admin/builder/spi-builder-workspace/.derivedData/Build/Intermediates.noindex/SwiftUIColor.build/Debug-watchos/SwiftUIColor-t.build/Objects-normal/arm64/SwiftUIColor.swiftmodule -serialize-diagnostics -dependency-scan-serialize-diagnostics-path /Users/admin/builder/spi-builder-workspace/.derivedData/Build/Intermediates.noindex/SwiftUIColor.build/Debug-watchos/SwiftUIColor-t.build/Objects-normal/arm64/SwiftUIColor-dependency-scan.dia -validate-clang-modules-once -clang-build-session-file /Users/admin/builder/spi-builder-workspace/.derivedData/ModuleCache.noindex/Session.modulevalidation -Xcc -fmodules-prune-interval\=86400 -Xcc -fmodules-prune-after\=345600 -emit-const-values -const-gather-protocols-list /Users/admin/builder/spi-builder-workspace/.derivedData/Build/Intermediates.noindex/SwiftUIColor.build/Debug-watchos/SwiftUIColor-t.build/Objects-normal/arm64/SwiftUIColor_const_extract_protocols.json -Xcc -I/Users/admin/builder/spi-builder-workspace/.derivedData/Build/Products/Debug-watchos/include -Xcc -I/Users/admin/builder/spi-builder-workspace/.derivedData/Build/Intermediates.noindex/SwiftUIColor.build/Debug-watchos/SwiftUIColor-t.build/DerivedSources-normal/arm64 -Xcc -I/Users/admin/builder/spi-builder-workspace/.derivedData/Build/Intermediates.noindex/SwiftUIColor.build/Debug-watchos/SwiftUIColor-t.build/DerivedSources/arm64 -Xcc -I/Users/admin/builder/spi-builder-workspace/.derivedData/Build/Intermediates.noindex/SwiftUIColor.build/Debug-watchos/SwiftUIColor-t.build/DerivedSources -Xcc -DSWIFT_PACKAGE -Xcc -DDEBUG\=1 -emit-objc-header -emit-objc-header-path /Users/admin/builder/spi-builder-workspace/.derivedData/Build/Intermediates.noindex/SwiftUIColor.build/Debug-watchos/SwiftUIColor-t.build/Objects-normal/arm64/SwiftUIColor-Swift.h -working-directory /Users/admin/builder/spi-builder-workspace/.swiftpm/xcode -experimental-emit-module-separately -disable-cmo
SwiftCompile normal arm64 Compiling\ EditValueView+EditorType.swift,\ EditValueView+setValue.swift,\ EditValueView.swift /Users/admin/builder/spi-builder-workspace/.dependencies/checkouts/EditValueView/Sources/EditValueView/EditValueView+EditorType.swift /Users/admin/builder/spi-builder-workspace/.dependencies/checkouts/EditValueView/Sources/EditValueView/EditValueView+setValue.swift /Users/admin/builder/spi-builder-workspace/.dependencies/checkouts/EditValueView/Sources/EditValueView/EditValueView.swift (in target 'EditValueView' from project 'EditValueView')
/Users/admin/builder/spi-builder-workspace/.dependencies/checkouts/EditValueView/Sources/EditValueView/EditValueView+EditorType.swift:66:17: error: cannot find type 'CIColor' in scope
64 | return .color
65 |
66 | case is CIColor.Type,
| `- error: cannot find type 'CIColor' in scope
67 | is CIColor?.Type:
68 | return .color
/Users/admin/builder/spi-builder-workspace/.dependencies/checkouts/EditValueView/Sources/EditValueView/EditValueView+EditorType.swift:67:16: error: cannot find type 'CIColor' in scope
65 |
66 | case is CIColor.Type,
67 | is CIColor?.Type:
| `- error: cannot find type 'CIColor' in scope
68 | return .color
69 |
/Users/admin/builder/spi-builder-workspace/.dependencies/checkouts/EditValueView/Sources/EditValueView/EditValueView+EditorType.swift:83:17: error: cannot find type 'CIImage' in scope
81 | return .image
82 |
83 | case is CIImage.Type,
| `- error: cannot find type 'CIImage' in scope
84 | is CIImage?.Type:
85 | return .image
SwiftCompile normal arm64 /Users/admin/builder/spi-builder-workspace/.dependencies/checkouts/EditValueView/Sources/EditValueView/EditValueView+EditorType.swift (in target 'EditValueView' from project 'EditValueView')
cd /Users/admin/builder/spi-builder-workspace/.swiftpm/xcode
builtin-SwiftPerFileCompile EditValueView+EditorType.swift
SwiftCompile normal arm64 /Users/admin/builder/spi-builder-workspace/.dependencies/checkouts/EditValueView/Sources/EditValueView/EditValueView+setValue.swift (in target 'EditValueView' from project 'EditValueView')
cd /Users/admin/builder/spi-builder-workspace/.swiftpm/xcode
builtin-SwiftPerFileCompile EditValueView+setValue.swift
SwiftCompile normal arm64 /Users/admin/builder/spi-builder-workspace/.dependencies/checkouts/EditValueView/Sources/EditValueView/EditValueView.swift (in target 'EditValueView' from project 'EditValueView')
cd /Users/admin/builder/spi-builder-workspace/.swiftpm/xcode
builtin-SwiftPerFileCompile EditValueView.swift
Ld /Users/admin/builder/spi-builder-workspace/.derivedData/Build/Intermediates.noindex/SwiftUIColor.build/Debug-watchos/SwiftUIColor-t.build/Objects-normal/arm64/Binary/SwiftUIColor.o normal arm64 (in target 'SwiftUIColor' from project 'SwiftUIColor')
cd /Users/admin/builder/spi-builder-workspace/.dependencies/checkouts/SwiftUIColor
/Applications/Xcode-27.0.0-Release.Candidate.app/Contents/Developer/Toolchains/XcodeDefault.xctoolchain/usr/bin/clang -Xlinker -reproducible -target arm64-apple-watchos9.0 -r -isysroot /Applications/Xcode-27.0.0-Release.Candidate.app/Contents/Developer/Platforms/WatchOS.platform/Developer/SDKs/WatchOS27.0.sdk -O0 -w -Xlinker -no_warn_duplicate_libraries -F/Users/admin/builder/spi-builder-workspace/.derivedData/Build/Intermediates.noindex/EagerLinkingTBDs/Debug-watchos -F/Users/admin/builder/spi-builder-workspace/.derivedData/Build/Products/Debug-watchos -iframework /Applications/Xcode-27.0.0-Release.Candidate.app/Contents/Developer/Platforms/WatchOS.platform/Developer/Library/Frameworks -iframework /Applications/Xcode-27.0.0-Release.Candidate.app/Contents/Developer/Platforms/WatchOS.platform/Developer/SDKs/WatchOS27.0.sdk/Developer/Library/Frameworks -filelist /Users/admin/builder/spi-builder-workspace/.derivedData/Build/Intermediates.noindex/SwiftUIColor.build/Debug-watchos/SwiftUIColor-t.build/Objects-normal/arm64/SwiftUIColor.LinkFileList -nostdlib -Xlinker -object_path_lto -Xlinker /Users/admin/builder/spi-builder-workspace/.derivedData/Build/Intermediates.noindex/SwiftUIColor.build/Debug-watchos/SwiftUIColor-t.build/Objects-normal/arm64/SwiftUIColor_lto.o -Xlinker -no_deduplicate -Xlinker -debug_variant -Xlinker -dependency_info -Xlinker /Users/admin/builder/spi-builder-workspace/.derivedData/Build/Intermediates.noindex/SwiftUIColor.build/Debug-watchos/SwiftUIColor-t.build/Objects-normal/arm64/SwiftUIColor_dependency_info.dat -fobjc-link-runtime -L/Applications/Xcode-27.0.0-Release.Candidate.app/Contents/Developer/Toolchains/XcodeDefault.xctoolchain/usr/lib/swift/watchos -L/usr/lib/swift -Xlinker -add_ast_path -Xlinker /Users/admin/builder/spi-builder-workspace/.derivedData/Build/Intermediates.noindex/SwiftUIColor.build/Debug-watchos/SwiftUIColor-t.build/Objects-normal/arm64/SwiftUIColor.swiftmodule -o /Users/admin/builder/spi-builder-workspace/.derivedData/Build/Intermediates.noindex/SwiftUIColor.build/Debug-watchos/SwiftUIColor-t.build/Objects-normal/arm64/Binary/SwiftUIColor.o
SwiftDriverJobDiscovery normal arm64_32 Compiling Notification.swift (in target 'AppContainer' from project 'AppContainer')
SwiftCompile normal arm64 Compiling\ Codable+.swift,\ UIImage+.swift /Users/admin/builder/spi-builder-workspace/.dependencies/checkouts/EditValueView/Sources/EditValueView/Extensions/Codable+.swift /Users/admin/builder/spi-builder-workspace/.dependencies/checkouts/EditValueView/Sources/EditValueView/Extensions/UIImage+.swift (in target 'EditValueView' from project 'EditValueView')
/Users/admin/builder/spi-builder-workspace/.dependencies/checkouts/EditValueView/Sources/EditValueView/Extensions/UIImage+.swift:13:25: error: cannot find type 'CIImage' in scope
11 |
12 | extension UIImage {
13 | func toCIImage() -> CIImage? {
| `- error: cannot find type 'CIImage' in scope
14 | if let ciImage {
15 | return ciImage
/Users/admin/builder/spi-builder-workspace/.dependencies/checkouts/EditValueView/Sources/EditValueView/Extensions/UIImage+.swift:14:16: error: cannot find 'ciImage' in scope
12 | extension UIImage {
13 | func toCIImage() -> CIImage? {
14 | if let ciImage {
| `- error: cannot find 'ciImage' in scope
15 | return ciImage
16 | } else if let cgImage {
/Users/admin/builder/spi-builder-workspace/.dependencies/checkouts/EditValueView/Sources/EditValueView/Extensions/UIImage+.swift:17:20: error: cannot find 'CIImage' in scope
15 | return ciImage
16 | } else if let cgImage {
17 | return CIImage(cgImage: cgImage)
| `- error: cannot find 'CIImage' in scope
18 | }
19 | return nil
Failed frontend command:
/Applications/Xcode-27.0.0-Release.Candidate.app/Contents/Developer/Toolchains/XcodeDefault.xctoolchain/usr/bin/swift-frontend -frontend -c /Users/admin/builder/spi-builder-workspace/.dependencies/checkouts/EditValueView/Sources/EditValueView/EditValueView+EditorType.swift /Users/admin/builder/spi-builder-workspace/.dependencies/checkouts/EditValueView/Sources/EditValueView/EditValueView+setValue.swift /Users/admin/builder/spi-builder-workspace/.dependencies/checkouts/EditValueView/Sources/EditValueView/EditValueView.swift /Users/admin/builder/spi-builder-workspace/.dependencies/checkouts/EditValueView/Sources/EditValueView/Editors/CaseIterableEditor.swift /Users/admin/builder/spi-builder-workspace/.dependencies/checkouts/EditValueView/Sources/EditValueView/Editors/CodableEditorView.swift /Users/admin/builder/spi-builder-workspace/.dependencies/checkouts/EditValueView/Sources/EditValueView/Editors/ColorEditorView.swift /Users/admin/builder/spi-builder-workspace/.dependencies/checkouts/EditValueView/Sources/EditValueView/Editors/DateEditorView.swift /Users/admin/builder/spi-builder-workspace/.dependencies/checkouts/EditValueView/Sources/EditValueView/Editors/Image/ImageEditor.swift /Users/admin/builder/spi-builder-workspace/.dependencies/checkouts/EditValueView/Sources/EditValueView/Editors/Image/Picker/ImagePicker.swift /Users/admin/builder/spi-builder-workspace/.dependencies/checkouts/EditValueView/Sources/EditValueView/Editors/Image/Picker/SwiftUIImagePicker.swift /Users/admin/builder/spi-builder-workspace/.dependencies/checkouts/EditValueView/Sources/EditValueView/Editors/Image/SwiftUIImageEditor.swift /Users/admin/builder/spi-builder-workspace/.dependencies/checkouts/EditValueView/Sources/EditValueView/Extensions/CIImage+.swift -primary-file /Users/admin/builder/spi-builder-workspace/.dependencies/checkouts/EditValueView/Sources/EditValueView/Extensions/Codable+.swift -primary-file /Users/admin/builder/spi-builder-workspace/.dependencies/checkouts/EditValueView/Sources/EditValueView/Extensions/UIImage+.swift /Users/admin/builder/spi-builder-workspace/.dependencies/checkouts/EditValueView/Sources/EditValueView/Extensions/View+.swift /Users/admin/builder/spi-builder-workspace/.dependencies/checkouts/EditValueView/Sources/EditValueView/Protocol/DefaultRepresentable.swift /Users/admin/builder/spi-builder-workspace/.dependencies/checkouts/EditValueView/Sources/EditValueView/Protocol/OptionalCaseIterable.swift /Users/admin/builder/spi-builder-workspace/.dependencies/checkouts/EditValueView/Sources/EditValueView/Protocol/OptionalNumeric.swift /Users/admin/builder/spi-builder-workspace/.dependencies/checkouts/EditValueView/Sources/EditValueView/Protocol/OptionalType.swift /Users/admin/builder/spi-builder-workspace/.dependencies/checkouts/EditValueView/Sources/EditValueView/UIKit/EditValueViewController.swift /Users/admin/builder/spi-builder-workspace/.dependencies/checkouts/EditValueView/Sources/EditValueView/Util/Typealias.swift /Users/admin/builder/spi-builder-workspace/.dependencies/checkouts/EditValueView/Sources/EditValueView/Util/ValueType.swift -emit-dependencies-path /Users/admin/builder/spi-builder-workspace/.derivedData/Build/Intermediates.noindex/EditValueView.build/Debug-watchos/EditValueView-t.build/Objects-normal/arm64/Codable+.d -emit-const-values-path /Users/admin/builder/spi-builder-workspace/.derivedData/Build/Intermediates.noindex/EditValueView.build/Debug-watchos/EditValueView-t.build/Objects-normal/arm64/Codable+.swiftconstvalues -emit-reference-dependencies-path /Users/admin/builder/spi-builder-workspace/.derivedData/Build/Intermediates.noindex/EditValueView.build/Debug-watchos/EditValueView-t.build/Objects-normal/arm64/Codable+.swiftdeps -serialize-diagnostics-path /Users/admin/builder/spi-builder-workspace/.derivedData/Build/Intermediates.noindex/EditValueView.build/Debug-watchos/EditValueView-t.build/Objects-normal/arm64/Codable+.dia -emit-dependencies-path /Users/admin/builder/spi-builder-workspace/.derivedData/Build/Intermediates.noindex/EditValueView.build/Debug-watchos/EditValueView-t.build/Objects-normal/arm64/UIImage+.d -emit-const-values-path /Users/admin/builder/spi-builder-workspace/.derivedData/Build/Intermediates.noindex/EditValueView.build/Debug-watchos/EditValueView-t.build/Objects-normal/arm64/UIImage+.swiftconstvalues -emit-reference-dependencies-path /Users/admin/builder/spi-builder-workspace/.derivedData/Build/Intermediates.noindex/EditValueView.build/Debug-watchos/EditValueView-t.build/Objects-normal/arm64/UIImage+.swiftdeps -serialize-diagnostics-path /Users/admin/builder/spi-builder-workspace/.derivedData/Build/Intermediates.noindex/EditValueView.build/Debug-watchos/EditValueView-t.build/Objects-normal/arm64/UIImage+.dia -target arm64-apple-watchos9.0 -module-can-import-version SwiftUI 8.0.84.1 8.0.84 -module-can-import-version UIKit 9127.0.84.1 9127.0.84 -disable-cross-import-overlay-search -load-resolved-plugin /Applications/Xcode-27.0.0-Release.Candidate.app/Contents/Developer/Platforms/WatchOS.platform/Developer/usr/lib/swift/host/plugins/libFoundationMacros.dylib\#/Applications/Xcode-27.0.0-Release.Candidate.app/Contents/Developer/Platforms/WatchOS.platform/Developer/usr/bin/swift-plugin-server\#FoundationMacros -load-resolved-plugin /Applications/Xcode-27.0.0-Release.Candidate.app/Contents/Developer/Platforms/WatchOS.platform/Developer/usr/lib/swift/host/plugins/libObservationMacros.dylib\#/Applications/Xcode-27.0.0-Release.Candidate.app/Contents/Developer/Platforms/WatchOS.platform/Developer/usr/bin/swift-plugin-server\#ObservationMacros -load-resolved-plugin /Applications/Xcode-27.0.0-Release.Candidate.app/Contents/Developer/Platforms/WatchOS.platform/Developer/usr/lib/swift/host/plugins/libPreviewsMacros.dylib\#/Applications/Xcode-27.0.0-Release.Candidate.app/Contents/Developer/Platforms/WatchOS.platform/Developer/usr/bin/swift-plugin-server\#PreviewsMacros -load-resolved-plugin /Applications/Xcode-27.0.0-Release.Candidate.app/Contents/Developer/Platforms/WatchOS.platform/Developer/usr/lib/swift/host/plugins/libSwiftMacros.dylib\#/Applications/Xcode-27.0.0-Release.Candidate.app/Contents/Developer/Platforms/WatchOS.platform/Developer/usr/bin/swift-plugin-server\#SwiftMacros -load-resolved-plugin /Applications/Xcode-27.0.0-Release.Candidate.app/Contents/Developer/Platforms/WatchOS.platform/Developer/usr/lib/swift/host/plugins/libSwiftUIMacros.dylib\#/Applications/Xcode-27.0.0-Release.Candidate.app/Contents/Developer/Platforms/WatchOS.platform/Developer/usr/bin/swift-plugin-server\#SwiftUIMacros -disable-implicit-swift-modules -Xcc -fno-implicit-modules -Xcc -fno-implicit-module-maps -explicit-swift-module-map-file /Users/admin/builder/spi-builder-workspace/.derivedData/Build/Intermediates.noindex/EditValueView.build/Debug-watchos/EditValueView-t.build/Objects-normal/arm64/EditValueView-dependencies-2.json -Xllvm -aarch64-use-tbi -enable-objc-interop -stack-check -sdk /Applications/Xcode-27.0.0-Release.Candidate.app/Contents/Developer/Platforms/WatchOS.platform/Developer/SDKs/WatchOS27.0.sdk -I /Users/admin/builder/spi-builder-workspace/.derivedData/Build/Products/Debug-watchos -Isystem /Applications/Xcode-27.0.0-Release.Candidate.app/Contents/Developer/Platforms/WatchOS.platform/Developer/usr/lib -F /Users/admin/builder/spi-builder-workspace/.derivedData/Build/Products/Debug-watchos/PackageFrameworks -F /Users/admin/builder/spi-builder-workspace/.derivedData/Build/Products/Debug-watchos -F /Applications/Xcode-27.0.0-Release.Candidate.app/Contents/Developer/Platforms/WatchOS.platform/Developer/Library/Frameworks -F /Applications/Xcode-27.0.0-Release.Candidate.app/Contents/Developer/Platforms/WatchOS.platform/Developer/SDKs/WatchOS27.0.sdk/Developer/Library/Frameworks -module-cache-path /Users/admin/builder/spi-builder-workspace/.derivedData/Build/Intermediates.noindex/SwiftExplicitPrecompiledModules -no-color-diagnostics -Xcc -fno-color-diagnostics -enable-testing -g -debug-info-format\=dwarf -dwarf-version\=4 -suppress-warnings -profile-generate -profile-coverage-mapping -swift-version 5 -Onone -D SWIFT_PACKAGE -D DEBUG -D SWIFT_MODULE_RESOURCE_BUNDLE_UNAVAILABLE -D Xcode -serialize-debugging-options -enable-experimental-feature DebugDescriptionMacro -empty-abi-descriptor -validate-clang-modules-once -clang-build-session-file /Users/admin/builder/spi-builder-workspace/.derivedData/ModuleCache.noindex/Session.modulevalidation -Xcc -working-directory -Xcc /Users/admin/builder/spi-builder-workspace/.swiftpm/xcode -enable-anonymous-context-mangled-names -file-compilation-dir /Users/admin/builder/spi-builder-workspace/.swiftpm/xcode -Xcc -D_LIBCPP_HARDENING_MODE\=_LIBCPP_HARDENING_MODE_DEBUG -Xcc -ivfsstatcache -Xcc /Users/admin/builder/spi-builder-workspace/.derivedData/SDKStatCaches.noindex/watchos27.0-24R360-e829b21a6f8c9b70876ba0858053c04477534ef55a1706bf4c1112bbb242f0a2.sdkstatcache -Xcc -fmodules-prune-interval\=86400 -Xcc -fmodules-prune-after\=345600 -Xcc -I/Users/admin/builder/spi-builder-workspace/.derivedData/Build/Products/Debug-watchos/include -Xcc -I/Users/admin/builder/spi-builder-workspace/.derivedData/Build/Intermediates.noindex/EditValueView.build/Debug-watchos/EditValueView-t.build/DerivedSources-normal/arm64 -Xcc -I/Users/admin/builder/spi-builder-workspace/.derivedData/Build/Intermediates.noindex/EditValueView.build/Debug-watchos/EditValueView-t.build/DerivedSources/arm64 -Xcc -I/Users/admin/builder/spi-builder-workspace/.derivedData/Build/Intermediates.noindex/EditValueView.build/Debug-watchos/EditValueView-t.build/DerivedSources -Xcc -DSWIFT_PACKAGE -Xcc -DDEBUG\=1 -no-auto-bridging-header-chaining -module-name EditValueView -const-gather-protocols-file /Users/admin/builder/spi-builder-workspace/.derivedData/Build/Intermediates.noindex/EditValueView.build/Debug-watchos/EditValueView-t.build/Objects-normal/arm64/EditValueView_const_extract_protocols.json -disable-clang-spi -clang-target arm64-apple-watchos27.0 -target-sdk-version 27.0 -target-sdk-name watchos27.0 -in-process-plugin-server-path /Applications/Xcode-27.0.0-Release.Candidate.app/Contents/Developer/Toolchains/XcodeDefault.xctoolchain/usr/lib/swift/host/libSwiftInProcPluginServer.dylib -parse-as-library -o /Users/admin/builder/spi-builder-workspace/.derivedData/Build/Intermediates.noindex/EditValueView.build/Debug-watchos/EditValueView-t.build/Objects-normal/arm64/Codable+.o -o /Users/admin/builder/spi-builder-workspace/.derivedData/Build/Intermediates.noindex/EditValueView.build/Debug-watchos/EditValueView-t.build/Objects-normal/arm64/UIImage+.o -debug-module-path /Users/admin/builder/spi-builder-workspace/.derivedData/Build/Intermediates.noindex/EditValueView.build/Debug-watchos/EditValueView-t.build/Objects-normal/arm64/EditValueView.swiftmodule -index-unit-output-path /EditValueView.build/Debug-watchos/EditValueView-t.build/Objects-normal/arm64/Codable+.o -index-unit-output-path /EditValueView.build/Debug-watchos/EditValueView-t.build/Objects-normal/arm64/UIImage+.o -index-store-path /Users/admin/builder/spi-builder-workspace/.derivedData/Index.noindex/DataStore -index-system-modules
SwiftCompile normal arm64 /Users/admin/builder/spi-builder-workspace/.dependencies/checkouts/EditValueView/Sources/EditValueView/Extensions/Codable+.swift (in target 'EditValueView' from project 'EditValueView')
cd /Users/admin/builder/spi-builder-workspace/.swiftpm/xcode
builtin-SwiftPerFileCompile Codable+.swift
SwiftCompile normal arm64 /Users/admin/builder/spi-builder-workspace/.dependencies/checkouts/EditValueView/Sources/EditValueView/Extensions/UIImage+.swift (in target 'EditValueView' from project 'EditValueView')
cd /Users/admin/builder/spi-builder-workspace/.swiftpm/xcode
builtin-SwiftPerFileCompile UIImage+.swift
SwiftDriverJobDiscovery normal arm64_32 Compiling AppContainerSettings.swift (in target 'AppContainer' from project 'AppContainer')
SwiftCompile normal arm64 Compiling\ OptionalType.swift,\ EditValueViewController.swift /Users/admin/builder/spi-builder-workspace/.dependencies/checkouts/EditValueView/Sources/EditValueView/Protocol/OptionalType.swift /Users/admin/builder/spi-builder-workspace/.dependencies/checkouts/EditValueView/Sources/EditValueView/UIKit/EditValueViewController.swift (in target 'EditValueView' from project 'EditValueView')
/Users/admin/builder/spi-builder-workspace/.dependencies/checkouts/EditValueView/Sources/EditValueView/UIKit/EditValueViewController.swift:13:46: error: cannot find type 'UIHostingController' in scope
11 | import SwiftUI
12 |
13 | public class EditValueViewController<Value>: UIHostingController<EditValueView<Value>> {
| `- error: cannot find type 'UIHostingController' in scope
14 |
15 | /// Name of the property to be edited
/Users/admin/builder/spi-builder-workspace/.dependencies/checkouts/EditValueView/Sources/EditValueView/UIKit/EditValueViewController.swift:71:26: error: method does not override any method from its superclass
69 | }
70 |
71 | public override func viewDidLoad() {
| `- error: method does not override any method from its superclass
72 | super.viewDidLoad()
73 |
/Users/admin/builder/spi-builder-workspace/.dependencies/checkouts/EditValueView/Sources/EditValueView/UIKit/EditValueViewController.swift:36:9: error: 'super' cannot be used in class 'EditValueViewController' because it has no superclass
34 | self.key = key
35 |
36 | super.init(rootView: .init(target, key: key, keyPath: keyPath))
| `- error: 'super' cannot be used in class 'EditValueViewController' because it has no superclass
37 |
38 | rootView = rootView
/Users/admin/builder/spi-builder-workspace/.dependencies/checkouts/EditValueView/Sources/EditValueView/UIKit/EditValueViewController.swift:38:9: error: cannot find 'rootView' in scope
36 | super.init(rootView: .init(target, key: key, keyPath: keyPath))
37 |
38 | rootView = rootView
| `- error: cannot find 'rootView' in scope
39 | .onUpdate({ newValue in
40 | self.onUpdate?(newValue)
/Users/admin/builder/spi-builder-workspace/.dependencies/checkouts/EditValueView/Sources/EditValueView/UIKit/EditValueViewController.swift:38:20: error: cannot find 'rootView' in scope
36 | super.init(rootView: .init(target, key: key, keyPath: keyPath))
37 |
38 | rootView = rootView
| `- error: cannot find 'rootView' in scope
39 | .onUpdate({ newValue in
40 | self.onUpdate?(newValue)
/Users/admin/builder/spi-builder-workspace/.dependencies/checkouts/EditValueView/Sources/EditValueView/UIKit/EditValueViewController.swift:55:9: error: 'super' cannot be used in class 'EditValueViewController' because it has no superclass
53 | self.key = key
54 |
55 | super.init(rootView: .init(key: key, value: value))
| `- error: 'super' cannot be used in class 'EditValueViewController' because it has no superclass
56 |
57 | rootView = rootView
/Users/admin/builder/spi-builder-workspace/.dependencies/checkouts/EditValueView/Sources/EditValueView/UIKit/EditValueViewController.swift:57:9: error: cannot find 'rootView' in scope
55 | super.init(rootView: .init(key: key, value: value))
56 |
57 | rootView = rootView
| `- error: cannot find 'rootView' in scope
58 | .onUpdate({ newValue in
59 | self.onUpdate?(newValue)
/Users/admin/builder/spi-builder-workspace/.dependencies/checkouts/EditValueView/Sources/EditValueView/UIKit/EditValueViewController.swift:57:20: error: cannot find 'rootView' in scope
55 | super.init(rootView: .init(key: key, value: value))
56 |
57 | rootView = rootView
| `- error: cannot find 'rootView' in scope
58 | .onUpdate({ newValue in
59 | self.onUpdate?(newValue)
SwiftCompile normal arm64 /Users/admin/builder/spi-builder-workspace/.dependencies/checkouts/EditValueView/Sources/EditValueView/Protocol/OptionalType.swift (in target 'EditValueView' from project 'EditValueView')
cd /Users/admin/builder/spi-builder-workspace/.swiftpm/xcode
builtin-SwiftPerFileCompile OptionalType.swift
SwiftCompile normal arm64 /Users/admin/builder/spi-builder-workspace/.dependencies/checkouts/EditValueView/Sources/EditValueView/UIKit/EditValueViewController.swift (in target 'EditValueView' from project 'EditValueView')
cd /Users/admin/builder/spi-builder-workspace/.swiftpm/xcode
builtin-SwiftPerFileCompile EditValueViewController.swift
CreateUniversalBinary /Users/admin/builder/spi-builder-workspace/.derivedData/Build/Products/Debug-watchos/SwiftUIColor.o normal arm64\ arm64_32 (in target 'SwiftUIColor' from project 'SwiftUIColor')
cd /Users/admin/builder/spi-builder-workspace/.dependencies/checkouts/SwiftUIColor
/Applications/Xcode-27.0.0-Release.Candidate.app/Contents/Developer/Toolchains/XcodeDefault.xctoolchain/usr/bin/lipo -create /Users/admin/builder/spi-builder-workspace/.derivedData/Build/Intermediates.noindex/SwiftUIColor.build/Debug-watchos/SwiftUIColor-t.build/Objects-normal/arm64/Binary/SwiftUIColor.o /Users/admin/builder/spi-builder-workspace/.derivedData/Build/Intermediates.noindex/SwiftUIColor.build/Debug-watchos/SwiftUIColor-t.build/Objects-normal/arm64_32/Binary/SwiftUIColor.o -output /Users/admin/builder/spi-builder-workspace/.derivedData/Build/Products/Debug-watchos/SwiftUIColor.o
SwiftDriverJobDiscovery normal arm64 Emitting module for AppContainer (in target 'AppContainer' from project 'AppContainer')
SwiftDriver\ Compilation\ Requirements AppContainer normal arm64 com.apple.xcode.tools.swift.compiler (in target 'AppContainer' from project 'AppContainer')
cd /Users/admin/builder/spi-builder-workspace/.swiftpm/xcode
builtin-Swift-Compilation-Requirements -- /Applications/Xcode-27.0.0-Release.Candidate.app/Contents/Developer/Toolchains/XcodeDefault.xctoolchain/usr/bin/swiftc -parse-as-library -module-name AppContainer -Onone @/Users/admin/builder/spi-builder-workspace/.derivedData/Build/Intermediates.noindex/AppContainer.build/Debug-watchos/AppContainer-t.build/Objects-normal/arm64/AppContainer.SwiftFileList -DSWIFT_PACKAGE -DDEBUG -DSWIFT_MODULE_RESOURCE_BUNDLE_UNAVAILABLE -DXcode -enable-upcoming-feature ExistentialAny -plugin-path /Applications/Xcode-27.0.0-Release.Candidate.app/Contents/Developer/Toolchains/XcodeDefault.xctoolchain/usr/lib/swift/host/plugins/testing -enable-experimental-feature DebugDescriptionMacro -sdk /Applications/Xcode-27.0.0-Release.Candidate.app/Contents/Developer/Platforms/WatchOS.platform/Developer/SDKs/WatchOS27.0.sdk -target arm64-apple-watchos9.0 -g -module-cache-path /Users/admin/builder/spi-builder-workspace/.derivedData/ModuleCache.noindex -Xfrontend -serialize-debugging-options -profile-coverage-mapping -profile-generate -enable-testing -index-store-path /Users/admin/builder/spi-builder-workspace/.derivedData/Index.noindex/DataStore -Xcc -D_LIBCPP_HARDENING_MODE\=_LIBCPP_HARDENING_MODE_DEBUG -swift-version 5 -I /Users/admin/builder/spi-builder-workspace/.derivedData/Build/Products/Debug-watchos -Isystem /Applications/Xcode-27.0.0-Release.Candidate.app/Contents/Developer/Platforms/WatchOS.platform/Developer/usr/lib -F /Users/admin/builder/spi-builder-workspace/.derivedData/Build/Products/Debug-watchos/PackageFrameworks -F /Users/admin/builder/spi-builder-workspace/.derivedData/Build/Products/Debug-watchos -F /Applications/Xcode-27.0.0-Release.Candidate.app/Contents/Developer/Platforms/WatchOS.platform/Developer/Library/Frameworks -F /Applications/Xcode-27.0.0-Release.Candidate.app/Contents/Developer/Platforms/WatchOS.platform/Developer/SDKs/WatchOS27.0.sdk/Developer/Library/Frameworks -c -j10 -enable-batch-mode -incremental -Xcc -ivfsstatcache -Xcc /Users/admin/builder/spi-builder-workspace/.derivedData/SDKStatCaches.noindex/watchos27.0-24R360-e829b21a6f8c9b70876ba0858053c04477534ef55a1706bf4c1112bbb242f0a2.sdkstatcache -output-file-map /Users/admin/builder/spi-builder-workspace/.derivedData/Build/Intermediates.noindex/AppContainer.build/Debug-watchos/AppContainer-t.build/Objects-normal/arm64/AppContainer-OutputFileMap.json -save-temps -no-color-diagnostics -explicit-module-build -module-cache-path /Users/admin/builder/spi-builder-workspace/.derivedData/Build/Intermediates.noindex/SwiftExplicitPrecompiledModules -clang-scanner-module-cache-path /Users/admin/builder/spi-builder-workspace/.derivedData/ModuleCache.noindex -sdk-module-cache-path /Users/admin/builder/spi-builder-workspace/.derivedData/SDKExplicitPrecompiledModules -emit-dependencies -emit-module -emit-module-path /Users/admin/builder/spi-builder-workspace/.derivedData/Build/Intermediates.noindex/AppContainer.build/Debug-watchos/AppContainer-t.build/Objects-normal/arm64/AppContainer.swiftmodule -serialize-diagnostics -dependency-scan-serialize-diagnostics-path /Users/admin/builder/spi-builder-workspace/.derivedData/Build/Intermediates.noindex/AppContainer.build/Debug-watchos/AppContainer-t.build/Objects-normal/arm64/AppContainer-dependency-scan.dia -validate-clang-modules-once -clang-build-session-file /Users/admin/builder/spi-builder-workspace/.derivedData/ModuleCache.noindex/Session.modulevalidation -Xcc -fmodules-prune-interval\=86400 -Xcc -fmodules-prune-after\=345600 -package-name spi_builder_workspace -emit-const-values -const-gather-protocols-list /Users/admin/builder/spi-builder-workspace/.derivedData/Build/Intermediates.noindex/AppContainer.build/Debug-watchos/AppContainer-t.build/Objects-normal/arm64/AppContainer_const_extract_protocols.json -Xcc -I/Users/admin/builder/spi-builder-workspace/.derivedData/Build/Products/Debug-watchos/include -Xcc -I/Users/admin/builder/spi-builder-workspace/.derivedData/Build/Intermediates.noindex/AppContainer.build/Debug-watchos/AppContainer-t.build/DerivedSources-normal/arm64 -Xcc -I/Users/admin/builder/spi-builder-workspace/.derivedData/Build/Intermediates.noindex/AppContainer.build/Debug-watchos/AppContainer-t.build/DerivedSources/arm64 -Xcc -I/Users/admin/builder/spi-builder-workspace/.derivedData/Build/Intermediates.noindex/AppContainer.build/Debug-watchos/AppContainer-t.build/DerivedSources -Xcc -DSWIFT_PACKAGE -Xcc -DDEBUG\=1 -emit-objc-header -emit-objc-header-path /Users/admin/builder/spi-builder-workspace/.derivedData/Build/Intermediates.noindex/AppContainer.build/Debug-watchos/AppContainer-t.build/Objects-normal/arm64/AppContainer-Swift.h -working-directory /Users/admin/builder/spi-builder-workspace/.swiftpm/xcode -experimental-emit-module-separately -disable-cmo
SwiftMergeGeneratedHeaders /Users/admin/builder/spi-builder-workspace/.derivedData/Build/Intermediates.noindex/GeneratedModuleMaps-watchos/AppContainer-Swift.h /Users/admin/builder/spi-builder-workspace/.derivedData/Build/Intermediates.noindex/AppContainer.build/Debug-watchos/AppContainer-t.build/Objects-normal/arm64/AppContainer-Swift.h /Users/admin/builder/spi-builder-workspace/.derivedData/Build/Intermediates.noindex/AppContainer.build/Debug-watchos/AppContainer-t.build/Objects-normal/arm64_32/AppContainer-Swift.h (in target 'AppContainer' from project 'AppContainer')
cd /Users/admin/builder/spi-builder-workspace
builtin-swiftHeaderTool -arch arm64 /Users/admin/builder/spi-builder-workspace/.derivedData/Build/Intermediates.noindex/AppContainer.build/Debug-watchos/AppContainer-t.build/Objects-normal/arm64/AppContainer-Swift.h -arch arm64_32 /Users/admin/builder/spi-builder-workspace/.derivedData/Build/Intermediates.noindex/AppContainer.build/Debug-watchos/AppContainer-t.build/Objects-normal/arm64_32/AppContainer-Swift.h -o /Users/admin/builder/spi-builder-workspace/.derivedData/Build/Intermediates.noindex/GeneratedModuleMaps-watchos/AppContainer-Swift.h
Copy /Users/admin/builder/spi-builder-workspace/.derivedData/Build/Products/Debug-watchos/AppContainer.swiftmodule/arm64-apple-watchos.swiftmodule /Users/admin/builder/spi-builder-workspace/.derivedData/Build/Intermediates.noindex/AppContainer.build/Debug-watchos/AppContainer-t.build/Objects-normal/arm64/AppContainer.swiftmodule (in target 'AppContainer' from project 'AppContainer')
cd /Users/admin/builder/spi-builder-workspace
builtin-copy -exclude .DS_Store -exclude CVS -exclude .svn -exclude .git -exclude .hg -resolve-src-symlinks -rename /Users/admin/builder/spi-builder-workspace/.derivedData/Build/Intermediates.noindex/AppContainer.build/Debug-watchos/AppContainer-t.build/Objects-normal/arm64/AppContainer.swiftmodule /Users/admin/builder/spi-builder-workspace/.derivedData/Build/Products/Debug-watchos/AppContainer.swiftmodule/arm64-apple-watchos.swiftmodule
Copy /Users/admin/builder/spi-builder-workspace/.derivedData/Build/Products/Debug-watchos/AppContainer.swiftmodule/arm64-apple-watchos.swiftdoc /Users/admin/builder/spi-builder-workspace/.derivedData/Build/Intermediates.noindex/AppContainer.build/Debug-watchos/AppContainer-t.build/Objects-normal/arm64/AppContainer.swiftdoc (in target 'AppContainer' from project 'AppContainer')
cd /Users/admin/builder/spi-builder-workspace
builtin-copy -exclude .DS_Store -exclude CVS -exclude .svn -exclude .git -exclude .hg -resolve-src-symlinks -rename /Users/admin/builder/spi-builder-workspace/.derivedData/Build/Intermediates.noindex/AppContainer.build/Debug-watchos/AppContainer-t.build/Objects-normal/arm64/AppContainer.swiftdoc /Users/admin/builder/spi-builder-workspace/.derivedData/Build/Products/Debug-watchos/AppContainer.swiftmodule/arm64-apple-watchos.swiftdoc
Copy /Users/admin/builder/spi-builder-workspace/.derivedData/Build/Products/Debug-watchos/AppContainer.swiftmodule/arm64-apple-watchos.abi.json /Users/admin/builder/spi-builder-workspace/.derivedData/Build/Intermediates.noindex/AppContainer.build/Debug-watchos/AppContainer-t.build/Objects-normal/arm64/AppContainer.abi.json (in target 'AppContainer' from project 'AppContainer')
cd /Users/admin/builder/spi-builder-workspace
builtin-copy -exclude .DS_Store -exclude CVS -exclude .svn -exclude .git -exclude .hg -resolve-src-symlinks -rename /Users/admin/builder/spi-builder-workspace/.derivedData/Build/Intermediates.noindex/AppContainer.build/Debug-watchos/AppContainer-t.build/Objects-normal/arm64/AppContainer.abi.json /Users/admin/builder/spi-builder-workspace/.derivedData/Build/Products/Debug-watchos/AppContainer.swiftmodule/arm64-apple-watchos.abi.json
Copy /Users/admin/builder/spi-builder-workspace/.derivedData/Build/Products/Debug-watchos/AppContainer.swiftmodule/Project/arm64-apple-watchos.swiftsourceinfo /Users/admin/builder/spi-builder-workspace/.derivedData/Build/Intermediates.noindex/AppContainer.build/Debug-watchos/AppContainer-t.build/Objects-normal/arm64/AppContainer.swiftsourceinfo (in target 'AppContainer' from project 'AppContainer')
cd /Users/admin/builder/spi-builder-workspace
builtin-copy -exclude .DS_Store -exclude CVS -exclude .svn -exclude .git -exclude .hg -resolve-src-symlinks -rename /Users/admin/builder/spi-builder-workspace/.derivedData/Build/Intermediates.noindex/AppContainer.build/Debug-watchos/AppContainer-t.build/Objects-normal/arm64/AppContainer.swiftsourceinfo /Users/admin/builder/spi-builder-workspace/.derivedData/Build/Products/Debug-watchos/AppContainer.swiftmodule/Project/arm64-apple-watchos.swiftsourceinfo
SwiftCompile normal arm64 Compiling\ Typealias.swift,\ ValueType.swift /Users/admin/builder/spi-builder-workspace/.dependencies/checkouts/EditValueView/Sources/EditValueView/Util/Typealias.swift /Users/admin/builder/spi-builder-workspace/.dependencies/checkouts/EditValueView/Sources/EditValueView/Util/ValueType.swift (in target 'EditValueView' from project 'EditValueView')
SwiftCompile normal arm64 /Users/admin/builder/spi-builder-workspace/.dependencies/checkouts/EditValueView/Sources/EditValueView/Util/Typealias.swift (in target 'EditValueView' from project 'EditValueView')
cd /Users/admin/builder/spi-builder-workspace/.swiftpm/xcode
builtin-SwiftPerFileCompile Typealias.swift
SwiftCompile normal arm64 /Users/admin/builder/spi-builder-workspace/.dependencies/checkouts/EditValueView/Sources/EditValueView/Util/ValueType.swift (in target 'EditValueView' from project 'EditValueView')
cd /Users/admin/builder/spi-builder-workspace/.swiftpm/xcode
builtin-SwiftPerFileCompile ValueType.swift
SwiftCompile normal arm64_32 Compiling\ ImagePicker.swift,\ SwiftUIImagePicker.swift /Users/admin/builder/spi-builder-workspace/.dependencies/checkouts/EditValueView/Sources/EditValueView/Editors/Image/Picker/ImagePicker.swift /Users/admin/builder/spi-builder-workspace/.dependencies/checkouts/EditValueView/Sources/EditValueView/Editors/Image/Picker/SwiftUIImagePicker.swift (in target 'EditValueView' from project 'EditValueView')
SwiftCompile normal arm64_32 /Users/admin/builder/spi-builder-workspace/.dependencies/checkouts/EditValueView/Sources/EditValueView/Editors/Image/Picker/ImagePicker.swift (in target 'EditValueView' from project 'EditValueView')
cd /Users/admin/builder/spi-builder-workspace/.swiftpm/xcode
builtin-SwiftPerFileCompile ImagePicker.swift
SwiftCompile normal arm64_32 /Users/admin/builder/spi-builder-workspace/.dependencies/checkouts/EditValueView/Sources/EditValueView/Editors/Image/Picker/SwiftUIImagePicker.swift (in target 'EditValueView' from project 'EditValueView')
cd /Users/admin/builder/spi-builder-workspace/.swiftpm/xcode
builtin-SwiftPerFileCompile SwiftUIImagePicker.swift
SwiftDriverJobDiscovery normal arm64_32 Compiling Container.swift (in target 'AppContainer' from project 'AppContainer')
SwiftCompile normal arm64 Compiling\ ImagePicker.swift,\ SwiftUIImagePicker.swift /Users/admin/builder/spi-builder-workspace/.dependencies/checkouts/EditValueView/Sources/EditValueView/Editors/Image/Picker/ImagePicker.swift /Users/admin/builder/spi-builder-workspace/.dependencies/checkouts/EditValueView/Sources/EditValueView/Editors/Image/Picker/SwiftUIImagePicker.swift (in target 'EditValueView' from project 'EditValueView')
SwiftCompile normal arm64 /Users/admin/builder/spi-builder-workspace/.dependencies/checkouts/EditValueView/Sources/EditValueView/Editors/Image/Picker/ImagePicker.swift (in target 'EditValueView' from project 'EditValueView')
cd /Users/admin/builder/spi-builder-workspace/.swiftpm/xcode
builtin-SwiftPerFileCompile ImagePicker.swift
SwiftCompile normal arm64 /Users/admin/builder/spi-builder-workspace/.dependencies/checkouts/EditValueView/Sources/EditValueView/Editors/Image/Picker/SwiftUIImagePicker.swift (in target 'EditValueView' from project 'EditValueView')
cd /Users/admin/builder/spi-builder-workspace/.swiftpm/xcode
builtin-SwiftPerFileCompile SwiftUIImagePicker.swift
SwiftDriverJobDiscovery normal arm64_32 Compiling View+.swift, DefaultRepresentable.swift (in target 'EditValueView' from project 'EditValueView')
SwiftCompile normal arm64_32 Compiling\ Typealias.swift,\ ValueType.swift /Users/admin/builder/spi-builder-workspace/.dependencies/checkouts/EditValueView/Sources/EditValueView/Util/Typealias.swift /Users/admin/builder/spi-builder-workspace/.dependencies/checkouts/EditValueView/Sources/EditValueView/Util/ValueType.swift (in target 'EditValueView' from project 'EditValueView')
SwiftCompile normal arm64_32 /Users/admin/builder/spi-builder-workspace/.dependencies/checkouts/EditValueView/Sources/EditValueView/Util/Typealias.swift (in target 'EditValueView' from project 'EditValueView')
cd /Users/admin/builder/spi-builder-workspace/.swiftpm/xcode
builtin-SwiftPerFileCompile Typealias.swift
SwiftCompile normal arm64_32 /Users/admin/builder/spi-builder-workspace/.dependencies/checkouts/EditValueView/Sources/EditValueView/Util/ValueType.swift (in target 'EditValueView' from project 'EditValueView')
cd /Users/admin/builder/spi-builder-workspace/.swiftpm/xcode
builtin-SwiftPerFileCompile ValueType.swift
PruneExplicitPrecompiledModules /Users/admin/builder/spi-builder-workspace/.derivedData/Build/Intermediates.noindex/SwiftExplicitPrecompiledModules
PruneExplicitPrecompiledModules /Users/admin/builder/spi-builder-workspace/.derivedData/Build/Intermediates.noindex/ExplicitPrecompiledModules
PruneExplicitPrecompiledModules /Users/admin/builder/spi-builder-workspace/.derivedData/SDKExplicitPrecompiledModules
2026-09-19 15:37:11.302 xcodebuild[799:4705] [MT] IDERunDestination: Supported platforms for the buildables in the current scheme is empty.
2026-09-19 15:37:11.406 xcodebuild[799:4705] [MT] IDERunDestination: Supported platforms for the buildables in the current scheme is empty.
** BUILD FAILED **
The following build commands failed:
SwiftCompile normal arm64 Compiling\ Codable+.swift,\ UIImage+.swift /Users/admin/builder/spi-builder-workspace/.dependencies/checkouts/EditValueView/Sources/EditValueView/Extensions/Codable+.swift /Users/admin/builder/spi-builder-workspace/.dependencies/checkouts/EditValueView/Sources/EditValueView/Extensions/UIImage+.swift (in target 'EditValueView' from project 'EditValueView')
SwiftCompile normal arm64 /Users/admin/builder/spi-builder-workspace/.dependencies/checkouts/EditValueView/Sources/EditValueView/Extensions/UIImage+.swift (in target 'EditValueView' from project 'EditValueView')
Building workspace AppContainer with scheme AppContainer-Package
(3 failures)
Command line invocation:
/Applications/Xcode-27.0.0-Release.Candidate.app/Contents/Developer/usr/bin/xcodebuild -IDEClonedSourcePackagesDirPathOverride=/Users/admin/builder/spi-builder-workspace/.dependencies -resolvePackageDependencies
Resolve Package Graph
Resolved source packages:
AppContainer: /Users/admin/builder/spi-builder-workspace
KeyPathValue: https://github.com/p-x9/KeyPathValue.git @ 0.0.1
SwiftUIColor: https://github.com/p-x9/SwiftUIColor.git @ 0.3.0
EditValueView: https://github.com/p-x9/EditValueView.git @ 0.4.0
resolved source packages: AppContainer, KeyPathValue, SwiftUIColor, EditValueView
2026-09-19 15:37:25.385 xcodebuild[1031:5907] [MT] IDERunDestination: Supported platforms for the buildables in the current scheme is empty.
2026-09-19 15:37:25.485 xcodebuild[1031:5907] [MT] IDERunDestination: Supported platforms for the buildables in the current scheme is empty.
{
"dependencies" : [
{
"identity" : "editvalueview",
"requirement" : {
"range" : [
{
"lower_bound" : "0.4.0",
"upper_bound" : "0.5.0"
}
]
},
"type" : "sourceControl",
"url" : "https://github.com/p-x9/EditValueView.git"
},
{
"identity" : "keypathvalue",
"requirement" : {
"range" : [
{
"lower_bound" : "0.0.1",
"upper_bound" : "0.1.0"
}
]
},
"type" : "sourceControl",
"url" : "https://github.com/p-x9/KeyPathValue.git"
}
],
"manifest_display_name" : "AppContainer",
"name" : "AppContainer",
"path" : "/Users/admin/builder/spi-builder-workspace",
"platforms" : [
{
"name" : "ios",
"version" : "14.0"
}
],
"products" : [
{
"name" : "AppContainer",
"targets" : [
"AppContainer"
],
"type" : {
"library" : [
"automatic"
]
}
},
{
"name" : "AppContainerUI",
"targets" : [
"AppContainerUI"
],
"type" : {
"library" : [
"automatic"
]
}
}
],
"targets" : [
{
"c99name" : "AppContainerUI",
"module_type" : "SwiftTarget",
"name" : "AppContainerUI",
"path" : "Sources/AppContainerUI",
"product_dependencies" : [
"KeyPathValue",
"EditValueView"
],
"product_memberships" : [
"AppContainerUI"
],
"sources" : [
"ContainerInfoView.swift",
"ContainerListView.swift",
"Extension/SwiftUI/View+.swift",
"UIKit/ContainerInfoViewController.swift",
"UIKit/ContainerListViewController.swift",
"View/ContainerRowView.swift",
"View/KeyValueRowView.swift",
"View/WritableKeyValueRowView.swift"
],
"target_dependencies" : [
"AppContainer"
],
"type" : "library"
},
{
"c99name" : "AppContainerTests",
"module_type" : "SwiftTarget",
"name" : "AppContainerTests",
"path" : "Tests/AppContainerTests",
"sources" : [
"AppContainerTests.swift"
],
"target_dependencies" : [
"AppContainer"
],
"type" : "test"
},
{
"c99name" : "AppContainer",
"module_type" : "SwiftTarget",
"name" : "AppContainer",
"path" : "Sources/AppContainer",
"product_dependencies" : [
"KeyPathValue"
],
"product_memberships" : [
"AppContainer",
"AppContainerUI"
],
"sources" : [
"AppContainer.swift",
"AppContainerDelegate.swift",
"AppContainerError.swift",
"Constants.swift",
"Extension/Array.swift",
"Extension/FileManager.swift",
"Extension/UUID.swift",
"Model/AppContainerSettings.swift",
"Model/Container.swift",
"Notification.swift",
"Util/WeakHashTable.swift"
],
"type" : "library"
}
],
"tools_version" : "5.9"
}
{
"workspace" : {
"name" : "AppContainer",
"schemes" : [
"AppContainer",
"AppContainer-Package",
"AppContainerUI",
"EditValueView"
]
}
}
2026-09-19 15:37:26.693 xcodebuild[1039:5977] [MT] IDERunDestination: Supported platforms for the buildables in the current scheme is empty.
2026-09-19 15:37:26.796 xcodebuild[1039:5977] [MT] IDERunDestination: Supported platforms for the buildables in the current scheme is empty.
Running build ...
env DEVELOPER_DIR=/Applications/Xcode-27.0.0-Release.Candidate.app xcrun xcodebuild -IDEClonedSourcePackagesDirPathOverride=$PWD/.dependencies -skipMacroValidation -skipPackagePluginValidation -derivedDataPath $PWD/.derivedData build -scheme AppContainer-Package -destination generic/platform=watchOS
Command line invocation:
/Applications/Xcode-27.0.0-Release.Candidate.app/Contents/Developer/usr/bin/xcodebuild -IDEClonedSourcePackagesDirPathOverride=/Users/admin/builder/spi-builder-workspace/.dependencies -skipMacroValidation -skipPackagePluginValidation -derivedDataPath /Users/admin/builder/spi-builder-workspace/.derivedData build -scheme AppContainer-Package -destination generic/platform=watchOS
Resolve Package Graph
Resolved source packages:
EditValueView: https://github.com/p-x9/EditValueView.git @ 0.4.0
SwiftUIColor: https://github.com/p-x9/SwiftUIColor.git @ 0.3.0
KeyPathValue: https://github.com/p-x9/KeyPathValue.git @ 0.0.1
AppContainer: /Users/admin/builder/spi-builder-workspace
ComputePackagePrebuildTargetDependencyGraph
Prepare packages
CreateBuildRequest
SendProjectDescription
CreateBuildOperation
ComputeTargetDependencyGraph
note: Building targets in dependency order
note: Target dependency graph (11 targets)
Target 'AppContainerUI-product' in project 'AppContainer'
➜ Explicit dependency on target 'AppContainerUI' in project 'AppContainer'
➜ Explicit dependency on target 'AppContainer' in project 'AppContainer'
➜ Explicit dependency on target 'KeyPathValue-product' in project 'KeyPathValue'
➜ Explicit dependency on target 'EditValueView-product' in project 'EditValueView'
Target 'AppContainerUI' in project 'AppContainer'
➜ Explicit dependency on target 'AppContainer' in project 'AppContainer'
➜ Explicit dependency on target 'KeyPathValue-product' in project 'KeyPathValue'
➜ Explicit dependency on target 'EditValueView-product' in project 'EditValueView'
Target 'EditValueView-product' in project 'EditValueView'
➜ Explicit dependency on target 'EditValueView' in project 'EditValueView'
➜ Explicit dependency on target 'SwiftUIColor-product' in project 'SwiftUIColor'
Target 'EditValueView' in project 'EditValueView'
➜ Explicit dependency on target 'SwiftUIColor-product' in project 'SwiftUIColor'
Target 'SwiftUIColor-product' in project 'SwiftUIColor'
➜ Explicit dependency on target 'SwiftUIColor' in project 'SwiftUIColor'
➜ Explicit dependency on target 'SwiftUIColor_SwiftUIColor' in project 'SwiftUIColor'
Target 'SwiftUIColor' in project 'SwiftUIColor'
➜ Explicit dependency on target 'SwiftUIColor_SwiftUIColor' in project 'SwiftUIColor'
Target 'SwiftUIColor_SwiftUIColor' in project 'SwiftUIColor' (no dependencies)
Target 'AppContainer-product' in project 'AppContainer'
➜ Explicit dependency on target 'AppContainer' in project 'AppContainer'
➜ Explicit dependency on target 'KeyPathValue-product' in project 'KeyPathValue'
Target 'AppContainer' in project 'AppContainer'
➜ Explicit dependency on target 'KeyPathValue-product' in project 'KeyPathValue'
Target 'KeyPathValue-product' in project 'KeyPathValue'
➜ Explicit dependency on target 'KeyPathValue' in project 'KeyPathValue'
Target 'KeyPathValue' in project 'KeyPathValue' (no dependencies)
GatherProvisioningInputs
CreateBuildDescription
ClangStatCache /Applications/Xcode-27.0.0-Release.Candidate.app/Contents/Developer/Toolchains/XcodeDefault.xctoolchain/usr/bin/clang-stat-cache /Applications/Xcode-27.0.0-Release.Candidate.app/Contents/Developer/Platforms/WatchOS.platform/Developer/SDKs/WatchOS27.0.sdk /Users/admin/builder/spi-builder-workspace/.derivedData/SDKStatCaches.noindex/watchos27.0-24R360-e829b21a6f8c9b70876ba0858053c04477534ef55a1706bf4c1112bbb242f0a2.sdkstatcache
cd /Users/admin/builder/spi-builder-workspace/.swiftpm/xcode
/Applications/Xcode-27.0.0-Release.Candidate.app/Contents/Developer/Toolchains/XcodeDefault.xctoolchain/usr/bin/clang-stat-cache /Applications/Xcode-27.0.0-Release.Candidate.app/Contents/Developer/Platforms/WatchOS.platform/Developer/SDKs/WatchOS27.0.sdk -o /Users/admin/builder/spi-builder-workspace/.derivedData/SDKStatCaches.noindex/watchos27.0-24R360-e829b21a6f8c9b70876ba0858053c04477534ef55a1706bf4c1112bbb242f0a2.sdkstatcache
SwiftDriver EditValueView normal arm64_32 com.apple.xcode.tools.swift.compiler (in target 'EditValueView' from project 'EditValueView')
cd /Users/admin/builder/spi-builder-workspace/.swiftpm/xcode
builtin-SwiftDriver -- /Applications/Xcode-27.0.0-Release.Candidate.app/Contents/Developer/Toolchains/XcodeDefault.xctoolchain/usr/bin/swiftc -parse-as-library -module-name EditValueView -Onone @/Users/admin/builder/spi-builder-workspace/.derivedData/Build/Intermediates.noindex/EditValueView.build/Debug-watchos/EditValueView-t.build/Objects-normal/arm64_32/EditValueView.SwiftFileList -DSWIFT_PACKAGE -DDEBUG -DSWIFT_MODULE_RESOURCE_BUNDLE_UNAVAILABLE -DXcode -plugin-path /Applications/Xcode-27.0.0-Release.Candidate.app/Contents/Developer/Toolchains/XcodeDefault.xctoolchain/usr/lib/swift/host/plugins/testing -enable-experimental-feature DebugDescriptionMacro -sdk /Applications/Xcode-27.0.0-Release.Candidate.app/Contents/Developer/Platforms/WatchOS.platform/Developer/SDKs/WatchOS27.0.sdk -target arm64_32-apple-watchos9.0 -g -module-cache-path /Users/admin/builder/spi-builder-workspace/.derivedData/ModuleCache.noindex -Xfrontend -serialize-debugging-options -profile-coverage-mapping -profile-generate -enable-testing -suppress-warnings -index-store-path /Users/admin/builder/spi-builder-workspace/.derivedData/Index.noindex/DataStore -Xcc -D_LIBCPP_HARDENING_MODE\=_LIBCPP_HARDENING_MODE_DEBUG -swift-version 5 -I /Users/admin/builder/spi-builder-workspace/.derivedData/Build/Products/Debug-watchos -Isystem /Applications/Xcode-27.0.0-Release.Candidate.app/Contents/Developer/Platforms/WatchOS.platform/Developer/usr/lib -F /Users/admin/builder/spi-builder-workspace/.derivedData/Build/Products/Debug-watchos/PackageFrameworks -F /Users/admin/builder/spi-builder-workspace/.derivedData/Build/Products/Debug-watchos -F /Applications/Xcode-27.0.0-Release.Candidate.app/Contents/Developer/Platforms/WatchOS.platform/Developer/Library/Frameworks -F /Applications/Xcode-27.0.0-Release.Candidate.app/Contents/Developer/Platforms/WatchOS.platform/Developer/SDKs/WatchOS27.0.sdk/Developer/Library/Frameworks -c -j10 -enable-batch-mode -incremental -Xcc -ivfsstatcache -Xcc /Users/admin/builder/spi-builder-workspace/.derivedData/SDKStatCaches.noindex/watchos27.0-24R360-e829b21a6f8c9b70876ba0858053c04477534ef55a1706bf4c1112bbb242f0a2.sdkstatcache -output-file-map /Users/admin/builder/spi-builder-workspace/.derivedData/Build/Intermediates.noindex/EditValueView.build/Debug-watchos/EditValueView-t.build/Objects-normal/arm64_32/EditValueView-OutputFileMap.json -save-temps -no-color-diagnostics -explicit-module-build -module-cache-path /Users/admin/builder/spi-builder-workspace/.derivedData/Build/Intermediates.noindex/SwiftExplicitPrecompiledModules -clang-scanner-module-cache-path /Users/admin/builder/spi-builder-workspace/.derivedData/ModuleCache.noindex -sdk-module-cache-path /Users/admin/builder/spi-builder-workspace/.derivedData/SDKExplicitPrecompiledModules -emit-dependencies -emit-module -emit-module-path /Users/admin/builder/spi-builder-workspace/.derivedData/Build/Intermediates.noindex/EditValueView.build/Debug-watchos/EditValueView-t.build/Objects-normal/arm64_32/EditValueView.swiftmodule -serialize-diagnostics -dependency-scan-serialize-diagnostics-path /Users/admin/builder/spi-builder-workspace/.derivedData/Build/Intermediates.noindex/EditValueView.build/Debug-watchos/EditValueView-t.build/Objects-normal/arm64_32/EditValueView-dependency-scan.dia -validate-clang-modules-once -clang-build-session-file /Users/admin/builder/spi-builder-workspace/.derivedData/ModuleCache.noindex/Session.modulevalidation -Xcc -fmodules-prune-interval\=86400 -Xcc -fmodules-prune-after\=345600 -emit-const-values -const-gather-protocols-list /Users/admin/builder/spi-builder-workspace/.derivedData/Build/Intermediates.noindex/EditValueView.build/Debug-watchos/EditValueView-t.build/Objects-normal/arm64_32/EditValueView_const_extract_protocols.json -Xcc -I/Users/admin/builder/spi-builder-workspace/.derivedData/Build/Products/Debug-watchos/include -Xcc -I/Users/admin/builder/spi-builder-workspace/.derivedData/Build/Intermediates.noindex/EditValueView.build/Debug-watchos/EditValueView-t.build/DerivedSources-normal/arm64_32 -Xcc -I/Users/admin/builder/spi-builder-workspace/.derivedData/Build/Intermediates.noindex/EditValueView.build/Debug-watchos/EditValueView-t.build/DerivedSources/arm64_32 -Xcc -I/Users/admin/builder/spi-builder-workspace/.derivedData/Build/Intermediates.noindex/EditValueView.build/Debug-watchos/EditValueView-t.build/DerivedSources -Xcc -DSWIFT_PACKAGE -Xcc -DDEBUG\=1 -emit-objc-header -emit-objc-header-path /Users/admin/builder/spi-builder-workspace/.derivedData/Build/Intermediates.noindex/EditValueView.build/Debug-watchos/EditValueView-t.build/Objects-normal/arm64_32/EditValueView-Swift.h -working-directory /Users/admin/builder/spi-builder-workspace/.swiftpm/xcode -experimental-emit-module-separately -disable-cmo
SwiftDriver AppContainer normal arm64_32 com.apple.xcode.tools.swift.compiler (in target 'AppContainer' from project 'AppContainer')
cd /Users/admin/builder/spi-builder-workspace/.swiftpm/xcode
builtin-SwiftDriver -- /Applications/Xcode-27.0.0-Release.Candidate.app/Contents/Developer/Toolchains/XcodeDefault.xctoolchain/usr/bin/swiftc -parse-as-library -module-name AppContainer -Onone @/Users/admin/builder/spi-builder-workspace/.derivedData/Build/Intermediates.noindex/AppContainer.build/Debug-watchos/AppContainer-t.build/Objects-normal/arm64_32/AppContainer.SwiftFileList -DSWIFT_PACKAGE -DDEBUG -DSWIFT_MODULE_RESOURCE_BUNDLE_UNAVAILABLE -DXcode -enable-upcoming-feature ExistentialAny -plugin-path /Applications/Xcode-27.0.0-Release.Candidate.app/Contents/Developer/Toolchains/XcodeDefault.xctoolchain/usr/lib/swift/host/plugins/testing -enable-experimental-feature DebugDescriptionMacro -sdk /Applications/Xcode-27.0.0-Release.Candidate.app/Contents/Developer/Platforms/WatchOS.platform/Developer/SDKs/WatchOS27.0.sdk -target arm64_32-apple-watchos9.0 -g -module-cache-path /Users/admin/builder/spi-builder-workspace/.derivedData/ModuleCache.noindex -Xfrontend -serialize-debugging-options -profile-coverage-mapping -profile-generate -enable-testing -index-store-path /Users/admin/builder/spi-builder-workspace/.derivedData/Index.noindex/DataStore -Xcc -D_LIBCPP_HARDENING_MODE\=_LIBCPP_HARDENING_MODE_DEBUG -swift-version 5 -I /Users/admin/builder/spi-builder-workspace/.derivedData/Build/Products/Debug-watchos -Isystem /Applications/Xcode-27.0.0-Release.Candidate.app/Contents/Developer/Platforms/WatchOS.platform/Developer/usr/lib -F /Users/admin/builder/spi-builder-workspace/.derivedData/Build/Products/Debug-watchos/PackageFrameworks -F /Users/admin/builder/spi-builder-workspace/.derivedData/Build/Products/Debug-watchos -F /Applications/Xcode-27.0.0-Release.Candidate.app/Contents/Developer/Platforms/WatchOS.platform/Developer/Library/Frameworks -F /Applications/Xcode-27.0.0-Release.Candidate.app/Contents/Developer/Platforms/WatchOS.platform/Developer/SDKs/WatchOS27.0.sdk/Developer/Library/Frameworks -c -j10 -enable-batch-mode -incremental -Xcc -ivfsstatcache -Xcc /Users/admin/builder/spi-builder-workspace/.derivedData/SDKStatCaches.noindex/watchos27.0-24R360-e829b21a6f8c9b70876ba0858053c04477534ef55a1706bf4c1112bbb242f0a2.sdkstatcache -output-file-map /Users/admin/builder/spi-builder-workspace/.derivedData/Build/Intermediates.noindex/AppContainer.build/Debug-watchos/AppContainer-t.build/Objects-normal/arm64_32/AppContainer-OutputFileMap.json -save-temps -no-color-diagnostics -explicit-module-build -module-cache-path /Users/admin/builder/spi-builder-workspace/.derivedData/Build/Intermediates.noindex/SwiftExplicitPrecompiledModules -clang-scanner-module-cache-path /Users/admin/builder/spi-builder-workspace/.derivedData/ModuleCache.noindex -sdk-module-cache-path /Users/admin/builder/spi-builder-workspace/.derivedData/SDKExplicitPrecompiledModules -emit-dependencies -emit-module -emit-module-path /Users/admin/builder/spi-builder-workspace/.derivedData/Build/Intermediates.noindex/AppContainer.build/Debug-watchos/AppContainer-t.build/Objects-normal/arm64_32/AppContainer.swiftmodule -serialize-diagnostics -dependency-scan-serialize-diagnostics-path /Users/admin/builder/spi-builder-workspace/.derivedData/Build/Intermediates.noindex/AppContainer.build/Debug-watchos/AppContainer-t.build/Objects-normal/arm64_32/AppContainer-dependency-scan.dia -validate-clang-modules-once -clang-build-session-file /Users/admin/builder/spi-builder-workspace/.derivedData/ModuleCache.noindex/Session.modulevalidation -Xcc -fmodules-prune-interval\=86400 -Xcc -fmodules-prune-after\=345600 -package-name spi_builder_workspace -emit-const-values -const-gather-protocols-list /Users/admin/builder/spi-builder-workspace/.derivedData/Build/Intermediates.noindex/AppContainer.build/Debug-watchos/AppContainer-t.build/Objects-normal/arm64_32/AppContainer_const_extract_protocols.json -Xcc -I/Users/admin/builder/spi-builder-workspace/.derivedData/Build/Products/Debug-watchos/include -Xcc -I/Users/admin/builder/spi-builder-workspace/.derivedData/Build/Intermediates.noindex/AppContainer.build/Debug-watchos/AppContainer-t.build/DerivedSources-normal/arm64_32 -Xcc -I/Users/admin/builder/spi-builder-workspace/.derivedData/Build/Intermediates.noindex/AppContainer.build/Debug-watchos/AppContainer-t.build/DerivedSources/arm64_32 -Xcc -I/Users/admin/builder/spi-builder-workspace/.derivedData/Build/Intermediates.noindex/AppContainer.build/Debug-watchos/AppContainer-t.build/DerivedSources -Xcc -DSWIFT_PACKAGE -Xcc -DDEBUG\=1 -emit-objc-header -emit-objc-header-path /Users/admin/builder/spi-builder-workspace/.derivedData/Build/Intermediates.noindex/AppContainer.build/Debug-watchos/AppContainer-t.build/Objects-normal/arm64_32/AppContainer-Swift.h -working-directory /Users/admin/builder/spi-builder-workspace/.swiftpm/xcode -experimental-emit-module-separately -disable-cmo
SwiftDriver EditValueView normal arm64 com.apple.xcode.tools.swift.compiler (in target 'EditValueView' from project 'EditValueView')
cd /Users/admin/builder/spi-builder-workspace/.swiftpm/xcode
builtin-SwiftDriver -- /Applications/Xcode-27.0.0-Release.Candidate.app/Contents/Developer/Toolchains/XcodeDefault.xctoolchain/usr/bin/swiftc -parse-as-library -module-name EditValueView -Onone @/Users/admin/builder/spi-builder-workspace/.derivedData/Build/Intermediates.noindex/EditValueView.build/Debug-watchos/EditValueView-t.build/Objects-normal/arm64/EditValueView.SwiftFileList -DSWIFT_PACKAGE -DDEBUG -DSWIFT_MODULE_RESOURCE_BUNDLE_UNAVAILABLE -DXcode -plugin-path /Applications/Xcode-27.0.0-Release.Candidate.app/Contents/Developer/Toolchains/XcodeDefault.xctoolchain/usr/lib/swift/host/plugins/testing -enable-experimental-feature DebugDescriptionMacro -sdk /Applications/Xcode-27.0.0-Release.Candidate.app/Contents/Developer/Platforms/WatchOS.platform/Developer/SDKs/WatchOS27.0.sdk -target arm64-apple-watchos9.0 -g -module-cache-path /Users/admin/builder/spi-builder-workspace/.derivedData/ModuleCache.noindex -Xfrontend -serialize-debugging-options -profile-coverage-mapping -profile-generate -enable-testing -suppress-warnings -index-store-path /Users/admin/builder/spi-builder-workspace/.derivedData/Index.noindex/DataStore -Xcc -D_LIBCPP_HARDENING_MODE\=_LIBCPP_HARDENING_MODE_DEBUG -swift-version 5 -I /Users/admin/builder/spi-builder-workspace/.derivedData/Build/Products/Debug-watchos -Isystem /Applications/Xcode-27.0.0-Release.Candidate.app/Contents/Developer/Platforms/WatchOS.platform/Developer/usr/lib -F /Users/admin/builder/spi-builder-workspace/.derivedData/Build/Products/Debug-watchos/PackageFrameworks -F /Users/admin/builder/spi-builder-workspace/.derivedData/Build/Products/Debug-watchos -F /Applications/Xcode-27.0.0-Release.Candidate.app/Contents/Developer/Platforms/WatchOS.platform/Developer/Library/Frameworks -F /Applications/Xcode-27.0.0-Release.Candidate.app/Contents/Developer/Platforms/WatchOS.platform/Developer/SDKs/WatchOS27.0.sdk/Developer/Library/Frameworks -c -j10 -enable-batch-mode -incremental -Xcc -ivfsstatcache -Xcc /Users/admin/builder/spi-builder-workspace/.derivedData/SDKStatCaches.noindex/watchos27.0-24R360-e829b21a6f8c9b70876ba0858053c04477534ef55a1706bf4c1112bbb242f0a2.sdkstatcache -output-file-map /Users/admin/builder/spi-builder-workspace/.derivedData/Build/Intermediates.noindex/EditValueView.build/Debug-watchos/EditValueView-t.build/Objects-normal/arm64/EditValueView-OutputFileMap.json -save-temps -no-color-diagnostics -explicit-module-build -module-cache-path /Users/admin/builder/spi-builder-workspace/.derivedData/Build/Intermediates.noindex/SwiftExplicitPrecompiledModules -clang-scanner-module-cache-path /Users/admin/builder/spi-builder-workspace/.derivedData/ModuleCache.noindex -sdk-module-cache-path /Users/admin/builder/spi-builder-workspace/.derivedData/SDKExplicitPrecompiledModules -emit-dependencies -emit-module -emit-module-path /Users/admin/builder/spi-builder-workspace/.derivedData/Build/Intermediates.noindex/EditValueView.build/Debug-watchos/EditValueView-t.build/Objects-normal/arm64/EditValueView.swiftmodule -serialize-diagnostics -dependency-scan-serialize-diagnostics-path /Users/admin/builder/spi-builder-workspace/.derivedData/Build/Intermediates.noindex/EditValueView.build/Debug-watchos/EditValueView-t.build/Objects-normal/arm64/EditValueView-dependency-scan.dia -validate-clang-modules-once -clang-build-session-file /Users/admin/builder/spi-builder-workspace/.derivedData/ModuleCache.noindex/Session.modulevalidation -Xcc -fmodules-prune-interval\=86400 -Xcc -fmodules-prune-after\=345600 -emit-const-values -const-gather-protocols-list /Users/admin/builder/spi-builder-workspace/.derivedData/Build/Intermediates.noindex/EditValueView.build/Debug-watchos/EditValueView-t.build/Objects-normal/arm64/EditValueView_const_extract_protocols.json -Xcc -I/Users/admin/builder/spi-builder-workspace/.derivedData/Build/Products/Debug-watchos/include -Xcc -I/Users/admin/builder/spi-builder-workspace/.derivedData/Build/Intermediates.noindex/EditValueView.build/Debug-watchos/EditValueView-t.build/DerivedSources-normal/arm64 -Xcc -I/Users/admin/builder/spi-builder-workspace/.derivedData/Build/Intermediates.noindex/EditValueView.build/Debug-watchos/EditValueView-t.build/DerivedSources/arm64 -Xcc -I/Users/admin/builder/spi-builder-workspace/.derivedData/Build/Intermediates.noindex/EditValueView.build/Debug-watchos/EditValueView-t.build/DerivedSources -Xcc -DSWIFT_PACKAGE -Xcc -DDEBUG\=1 -emit-objc-header -emit-objc-header-path /Users/admin/builder/spi-builder-workspace/.derivedData/Build/Intermediates.noindex/EditValueView.build/Debug-watchos/EditValueView-t.build/Objects-normal/arm64/EditValueView-Swift.h -working-directory /Users/admin/builder/spi-builder-workspace/.swiftpm/xcode -experimental-emit-module-separately -disable-cmo
SwiftDriver AppContainer normal arm64 com.apple.xcode.tools.swift.compiler (in target 'AppContainer' from project 'AppContainer')
cd /Users/admin/builder/spi-builder-workspace/.swiftpm/xcode
builtin-SwiftDriver -- /Applications/Xcode-27.0.0-Release.Candidate.app/Contents/Developer/Toolchains/XcodeDefault.xctoolchain/usr/bin/swiftc -parse-as-library -module-name AppContainer -Onone @/Users/admin/builder/spi-builder-workspace/.derivedData/Build/Intermediates.noindex/AppContainer.build/Debug-watchos/AppContainer-t.build/Objects-normal/arm64/AppContainer.SwiftFileList -DSWIFT_PACKAGE -DDEBUG -DSWIFT_MODULE_RESOURCE_BUNDLE_UNAVAILABLE -DXcode -enable-upcoming-feature ExistentialAny -plugin-path /Applications/Xcode-27.0.0-Release.Candidate.app/Contents/Developer/Toolchains/XcodeDefault.xctoolchain/usr/lib/swift/host/plugins/testing -enable-experimental-feature DebugDescriptionMacro -sdk /Applications/Xcode-27.0.0-Release.Candidate.app/Contents/Developer/Platforms/WatchOS.platform/Developer/SDKs/WatchOS27.0.sdk -target arm64-apple-watchos9.0 -g -module-cache-path /Users/admin/builder/spi-builder-workspace/.derivedData/ModuleCache.noindex -Xfrontend -serialize-debugging-options -profile-coverage-mapping -profile-generate -enable-testing -index-store-path /Users/admin/builder/spi-builder-workspace/.derivedData/Index.noindex/DataStore -Xcc -D_LIBCPP_HARDENING_MODE\=_LIBCPP_HARDENING_MODE_DEBUG -swift-version 5 -I /Users/admin/builder/spi-builder-workspace/.derivedData/Build/Products/Debug-watchos -Isystem /Applications/Xcode-27.0.0-Release.Candidate.app/Contents/Developer/Platforms/WatchOS.platform/Developer/usr/lib -F /Users/admin/builder/spi-builder-workspace/.derivedData/Build/Products/Debug-watchos/PackageFrameworks -F /Users/admin/builder/spi-builder-workspace/.derivedData/Build/Products/Debug-watchos -F /Applications/Xcode-27.0.0-Release.Candidate.app/Contents/Developer/Platforms/WatchOS.platform/Developer/Library/Frameworks -F /Applications/Xcode-27.0.0-Release.Candidate.app/Contents/Developer/Platforms/WatchOS.platform/Developer/SDKs/WatchOS27.0.sdk/Developer/Library/Frameworks -c -j10 -enable-batch-mode -incremental -Xcc -ivfsstatcache -Xcc /Users/admin/builder/spi-builder-workspace/.derivedData/SDKStatCaches.noindex/watchos27.0-24R360-e829b21a6f8c9b70876ba0858053c04477534ef55a1706bf4c1112bbb242f0a2.sdkstatcache -output-file-map /Users/admin/builder/spi-builder-workspace/.derivedData/Build/Intermediates.noindex/AppContainer.build/Debug-watchos/AppContainer-t.build/Objects-normal/arm64/AppContainer-OutputFileMap.json -save-temps -no-color-diagnostics -explicit-module-build -module-cache-path /Users/admin/builder/spi-builder-workspace/.derivedData/Build/Intermediates.noindex/SwiftExplicitPrecompiledModules -clang-scanner-module-cache-path /Users/admin/builder/spi-builder-workspace/.derivedData/ModuleCache.noindex -sdk-module-cache-path /Users/admin/builder/spi-builder-workspace/.derivedData/SDKExplicitPrecompiledModules -emit-dependencies -emit-module -emit-module-path /Users/admin/builder/spi-builder-workspace/.derivedData/Build/Intermediates.noindex/AppContainer.build/Debug-watchos/AppContainer-t.build/Objects-normal/arm64/AppContainer.swiftmodule -serialize-diagnostics -dependency-scan-serialize-diagnostics-path /Users/admin/builder/spi-builder-workspace/.derivedData/Build/Intermediates.noindex/AppContainer.build/Debug-watchos/AppContainer-t.build/Objects-normal/arm64/AppContainer-dependency-scan.dia -validate-clang-modules-once -clang-build-session-file /Users/admin/builder/spi-builder-workspace/.derivedData/ModuleCache.noindex/Session.modulevalidation -Xcc -fmodules-prune-interval\=86400 -Xcc -fmodules-prune-after\=345600 -package-name spi_builder_workspace -emit-const-values -const-gather-protocols-list /Users/admin/builder/spi-builder-workspace/.derivedData/Build/Intermediates.noindex/AppContainer.build/Debug-watchos/AppContainer-t.build/Objects-normal/arm64/AppContainer_const_extract_protocols.json -Xcc -I/Users/admin/builder/spi-builder-workspace/.derivedData/Build/Products/Debug-watchos/include -Xcc -I/Users/admin/builder/spi-builder-workspace/.derivedData/Build/Intermediates.noindex/AppContainer.build/Debug-watchos/AppContainer-t.build/DerivedSources-normal/arm64 -Xcc -I/Users/admin/builder/spi-builder-workspace/.derivedData/Build/Intermediates.noindex/AppContainer.build/Debug-watchos/AppContainer-t.build/DerivedSources/arm64 -Xcc -I/Users/admin/builder/spi-builder-workspace/.derivedData/Build/Intermediates.noindex/AppContainer.build/Debug-watchos/AppContainer-t.build/DerivedSources -Xcc -DSWIFT_PACKAGE -Xcc -DDEBUG\=1 -emit-objc-header -emit-objc-header-path /Users/admin/builder/spi-builder-workspace/.derivedData/Build/Intermediates.noindex/AppContainer.build/Debug-watchos/AppContainer-t.build/Objects-normal/arm64/AppContainer-Swift.h -working-directory /Users/admin/builder/spi-builder-workspace/.swiftpm/xcode -experimental-emit-module-separately -disable-cmo
ExtractAppIntentsMetadata (in target 'SwiftUIColor' from project 'SwiftUIColor')
cd /Users/admin/builder/spi-builder-workspace/.dependencies/checkouts/SwiftUIColor
/Applications/Xcode-27.0.0-Release.Candidate.app/Contents/Developer/Toolchains/XcodeDefault.xctoolchain/usr/bin/appintentsmetadataprocessor --toolchain-dir /var/run/com.apple.security.cryptexd/mnt/com.apple.MobileAsset.MetalToolchain-v27.1.266.1.EPm7vK/Metal.xctoolchain --module-name SwiftUIColor --sdk-root /Applications/Xcode-27.0.0-Release.Candidate.app/Contents/Developer/Platforms/WatchOS.platform/Developer/SDKs/WatchOS27.0.sdk --xcode-version 27A266a --platform-family watchOS --deployment-target 9.0 --bundle-identifier swiftuicolor.SwiftUIColor --output /Users/admin/builder/spi-builder-workspace/.derivedData/Build/Products/Debug-watchos/SwiftUIColor.appintents --target-triple arm64-apple-watchos9.0 --target-triple arm64_32-apple-watchos9.0 --binary-file /Users/admin/builder/spi-builder-workspace/.derivedData/Build/Products/Debug-watchos/SwiftUIColor.o --dependency-file /Users/admin/builder/spi-builder-workspace/.derivedData/Build/Intermediates.noindex/SwiftUIColor.build/Debug-watchos/SwiftUIColor-t.build/Objects-normal/arm64/SwiftUIColor_dependency_info.dat --dependency-file /Users/admin/builder/spi-builder-workspace/.derivedData/Build/Intermediates.noindex/SwiftUIColor.build/Debug-watchos/SwiftUIColor-t.build/Objects-normal/arm64_32/SwiftUIColor_dependency_info.dat --stringsdata-file /Users/admin/builder/spi-builder-workspace/.derivedData/Build/Intermediates.noindex/SwiftUIColor.build/Debug-watchos/SwiftUIColor-t.build/Objects-normal/arm64/ExtractedAppShortcutsMetadata.stringsdata --stringsdata-file /Users/admin/builder/spi-builder-workspace/.derivedData/Build/Intermediates.noindex/SwiftUIColor.build/Debug-watchos/SwiftUIColor-t.build/Objects-normal/arm64_32/ExtractedAppShortcutsMetadata.stringsdata --source-file-list /Users/admin/builder/spi-builder-workspace/.derivedData/Build/Intermediates.noindex/SwiftUIColor.build/Debug-watchos/SwiftUIColor-t.build/Objects-normal/arm64/SwiftUIColor.SwiftFileList --source-file-list /Users/admin/builder/spi-builder-workspace/.derivedData/Build/Intermediates.noindex/SwiftUIColor.build/Debug-watchos/SwiftUIColor-t.build/Objects-normal/arm64_32/SwiftUIColor.SwiftFileList --metadata-file-list /Users/admin/builder/spi-builder-workspace/.derivedData/Build/Intermediates.noindex/SwiftUIColor.build/Debug-watchos/SwiftUIColor-t.build/SwiftUIColor.DependencyMetadataFileList --static-metadata-file-list /Users/admin/builder/spi-builder-workspace/.derivedData/Build/Intermediates.noindex/SwiftUIColor.build/Debug-watchos/SwiftUIColor-t.build/SwiftUIColor.DependencyStaticMetadataFileList --swift-const-vals-list /Users/admin/builder/spi-builder-workspace/.derivedData/Build/Intermediates.noindex/SwiftUIColor.build/Debug-watchos/SwiftUIColor-t.build/Objects-normal/arm64/SwiftUIColor.SwiftConstValuesFileList --swift-const-vals-list /Users/admin/builder/spi-builder-workspace/.derivedData/Build/Intermediates.noindex/SwiftUIColor.build/Debug-watchos/SwiftUIColor-t.build/Objects-normal/arm64_32/SwiftUIColor.SwiftConstValuesFileList --force --compile-time-extraction --deployment-aware-processing --no-app-shortcuts-localization
2026-09-19 15:37:28.773 appintentsmetadataprocessor[1043:6050] Starting appintentsmetadataprocessor export
2026-09-19 15:37:28.836 appintentsmetadataprocessor[1043:6050] Extracted no relevant App Intents symbols, skipping writing output
SwiftCompile normal arm64_32 Compiling\ AppContainer.swift /Users/admin/builder/spi-builder-workspace/Sources/AppContainer/AppContainer.swift (in target 'AppContainer' from project 'AppContainer')
SwiftCompile normal arm64_32 /Users/admin/builder/spi-builder-workspace/Sources/AppContainer/AppContainer.swift (in target 'AppContainer' from project 'AppContainer')
cd /Users/admin/builder/spi-builder-workspace/.swiftpm/xcode
builtin-SwiftPerFileCompile AppContainer.swift
SwiftEmitModule normal arm64_32 Emitting\ module\ for\ AppContainer (in target 'AppContainer' from project 'AppContainer')
SwiftCompile normal arm64_32 (in target 'AppContainer' from project 'AppContainer')
cd /Users/admin/builder/spi-builder-workspace/.swiftpm/xcode
SwiftCompile normal arm64_32 Compiling\ AppContainerDelegate.swift /Users/admin/builder/spi-builder-workspace/Sources/AppContainer/AppContainerDelegate.swift (in target 'AppContainer' from project 'AppContainer')
SwiftCompile normal arm64_32 /Users/admin/builder/spi-builder-workspace/Sources/AppContainer/AppContainerDelegate.swift (in target 'AppContainer' from project 'AppContainer')
cd /Users/admin/builder/spi-builder-workspace/.swiftpm/xcode
builtin-SwiftPerFileCompile AppContainerDelegate.swift
SwiftCompile normal arm64 Compiling\ Container.swift /Users/admin/builder/spi-builder-workspace/Sources/AppContainer/Model/Container.swift (in target 'AppContainer' from project 'AppContainer')
SwiftCompile normal arm64 /Users/admin/builder/spi-builder-workspace/Sources/AppContainer/Model/Container.swift (in target 'AppContainer' from project 'AppContainer')
cd /Users/admin/builder/spi-builder-workspace/.swiftpm/xcode
builtin-SwiftPerFileCompile Container.swift
SwiftCompile normal arm64 Compiling\ Array.swift /Users/admin/builder/spi-builder-workspace/Sources/AppContainer/Extension/Array.swift (in target 'AppContainer' from project 'AppContainer')
SwiftCompile normal arm64 /Users/admin/builder/spi-builder-workspace/Sources/AppContainer/Extension/Array.swift (in target 'AppContainer' from project 'AppContainer')
cd /Users/admin/builder/spi-builder-workspace/.swiftpm/xcode
builtin-SwiftPerFileCompile Array.swift
SwiftCompile normal arm64 Compiling\ Constants.swift /Users/admin/builder/spi-builder-workspace/Sources/AppContainer/Constants.swift (in target 'AppContainer' from project 'AppContainer')
SwiftCompile normal arm64 /Users/admin/builder/spi-builder-workspace/Sources/AppContainer/Constants.swift (in target 'AppContainer' from project 'AppContainer')
cd /Users/admin/builder/spi-builder-workspace/.swiftpm/xcode
builtin-SwiftPerFileCompile Constants.swift
SwiftCompile normal arm64 Compiling\ UUID.swift /Users/admin/builder/spi-builder-workspace/Sources/AppContainer/Extension/UUID.swift (in target 'AppContainer' from project 'AppContainer')
SwiftCompile normal arm64 /Users/admin/builder/spi-builder-workspace/Sources/AppContainer/Extension/UUID.swift (in target 'AppContainer' from project 'AppContainer')
cd /Users/admin/builder/spi-builder-workspace/.swiftpm/xcode
builtin-SwiftPerFileCompile UUID.swift
SwiftCompile normal arm64 Compiling\ AppContainerSettings.swift /Users/admin/builder/spi-builder-workspace/Sources/AppContainer/Model/AppContainerSettings.swift (in target 'AppContainer' from project 'AppContainer')
SwiftCompile normal arm64 /Users/admin/builder/spi-builder-workspace/Sources/AppContainer/Model/AppContainerSettings.swift (in target 'AppContainer' from project 'AppContainer')
cd /Users/admin/builder/spi-builder-workspace/.swiftpm/xcode
builtin-SwiftPerFileCompile AppContainerSettings.swift
SwiftEmitModule normal arm64 Emitting\ module\ for\ AppContainer (in target 'AppContainer' from project 'AppContainer')
SwiftCompile normal arm64 (in target 'AppContainer' from project 'AppContainer')
cd /Users/admin/builder/spi-builder-workspace/.swiftpm/xcode
SwiftDriverJobDiscovery normal arm64_32 Compiling AppContainerDelegate.swift (in target 'AppContainer' from project 'AppContainer')
SwiftCompile normal arm64 Compiling\ Notification.swift /Users/admin/builder/spi-builder-workspace/Sources/AppContainer/Notification.swift (in target 'AppContainer' from project 'AppContainer')
SwiftCompile normal arm64 /Users/admin/builder/spi-builder-workspace/Sources/AppContainer/Notification.swift (in target 'AppContainer' from project 'AppContainer')
cd /Users/admin/builder/spi-builder-workspace/.swiftpm/xcode
builtin-SwiftPerFileCompile Notification.swift
SwiftDriverJobDiscovery normal arm64 Compiling UUID.swift (in target 'AppContainer' from project 'AppContainer')
SwiftCompile normal arm64 Compiling\ FileManager.swift /Users/admin/builder/spi-builder-workspace/Sources/AppContainer/Extension/FileManager.swift (in target 'AppContainer' from project 'AppContainer')
SwiftCompile normal arm64 /Users/admin/builder/spi-builder-workspace/Sources/AppContainer/Extension/FileManager.swift (in target 'AppContainer' from project 'AppContainer')
cd /Users/admin/builder/spi-builder-workspace/.swiftpm/xcode
builtin-SwiftPerFileCompile FileManager.swift
SwiftDriverJobDiscovery normal arm64 Compiling Constants.swift (in target 'AppContainer' from project 'AppContainer')
SwiftCompile normal arm64 Compiling\ AppContainer.swift,\ AppContainerDelegate.swift /Users/admin/builder/spi-builder-workspace/Sources/AppContainer/AppContainer.swift /Users/admin/builder/spi-builder-workspace/Sources/AppContainer/AppContainerDelegate.swift (in target 'AppContainer' from project 'AppContainer')
SwiftCompile normal arm64 /Users/admin/builder/spi-builder-workspace/Sources/AppContainer/AppContainer.swift (in target 'AppContainer' from project 'AppContainer')
cd /Users/admin/builder/spi-builder-workspace/.swiftpm/xcode
builtin-SwiftPerFileCompile AppContainer.swift
SwiftCompile normal arm64 /Users/admin/builder/spi-builder-workspace/Sources/AppContainer/AppContainerDelegate.swift (in target 'AppContainer' from project 'AppContainer')
cd /Users/admin/builder/spi-builder-workspace/.swiftpm/xcode
builtin-SwiftPerFileCompile AppContainerDelegate.swift
SwiftDriverJobDiscovery normal arm64 Compiling Array.swift (in target 'AppContainer' from project 'AppContainer')
SwiftCompile normal arm64 Compiling\ WeakHashTable.swift /Users/admin/builder/spi-builder-workspace/Sources/AppContainer/Util/WeakHashTable.swift (in target 'AppContainer' from project 'AppContainer')
SwiftCompile normal arm64 /Users/admin/builder/spi-builder-workspace/Sources/AppContainer/Util/WeakHashTable.swift (in target 'AppContainer' from project 'AppContainer')
cd /Users/admin/builder/spi-builder-workspace/.swiftpm/xcode
builtin-SwiftPerFileCompile WeakHashTable.swift
SwiftCompile normal arm64 Compiling\ AppContainerError.swift /Users/admin/builder/spi-builder-workspace/Sources/AppContainer/AppContainerError.swift (in target 'AppContainer' from project 'AppContainer')
SwiftCompile normal arm64 /Users/admin/builder/spi-builder-workspace/Sources/AppContainer/AppContainerError.swift (in target 'AppContainer' from project 'AppContainer')
cd /Users/admin/builder/spi-builder-workspace/.swiftpm/xcode
builtin-SwiftPerFileCompile AppContainerError.swift
SwiftDriverJobDiscovery normal arm64 Compiling AppContainerSettings.swift (in target 'AppContainer' from project 'AppContainer')
SwiftEmitModule normal arm64_32 Emitting\ module\ for\ EditValueView (in target 'EditValueView' from project 'EditValueView')
SwiftCompile normal arm64_32 (in target 'EditValueView' from project 'EditValueView')
cd /Users/admin/builder/spi-builder-workspace/.swiftpm/xcode
/Users/admin/builder/spi-builder-workspace/.dependencies/checkouts/EditValueView/Sources/EditValueView/EditValueView.swift:398:19: error: cannot find 'CIColor' in scope
396 | var cgColor = NSUIColor.yellow.cgColor
397 | var uiColor = NSUIColor.blue
398 | var ciColor = CIColor(color: NSUIColor.brown)
| `- error: cannot find 'CIColor' in scope
399 |
400 | var nsuiImage = NSUIImage(systemName: "swift")
SwiftEmitModule normal arm64 Emitting\ module\ for\ EditValueView (in target 'EditValueView' from project 'EditValueView')
/Users/admin/builder/spi-builder-workspace/.dependencies/checkouts/EditValueView/Sources/EditValueView/EditValueView.swift:398:19: error: cannot find 'CIColor' in scope
396 | var cgColor = NSUIColor.yellow.cgColor
397 | var uiColor = NSUIColor.blue
398 | var ciColor = CIColor(color: NSUIColor.brown)
| `- error: cannot find 'CIColor' in scope
399 |
400 | var nsuiImage = NSUIImage(systemName: "swift")
SwiftCompile normal arm64 (in target 'EditValueView' from project 'EditValueView')
cd /Users/admin/builder/spi-builder-workspace/.swiftpm/xcode
SwiftCompile normal arm64 Compiling\ OptionalCaseIterable.swift,\ OptionalNumeric.swift /Users/admin/builder/spi-builder-workspace/.dependencies/checkouts/EditValueView/Sources/EditValueView/Protocol/OptionalCaseIterable.swift /Users/admin/builder/spi-builder-workspace/.dependencies/checkouts/EditValueView/Sources/EditValueView/Protocol/OptionalNumeric.swift (in target 'EditValueView' from project 'EditValueView')
SwiftCompile normal arm64 /Users/admin/builder/spi-builder-workspace/.dependencies/checkouts/EditValueView/Sources/EditValueView/Protocol/OptionalCaseIterable.swift (in target 'EditValueView' from project 'EditValueView')
cd /Users/admin/builder/spi-builder-workspace/.swiftpm/xcode
builtin-SwiftPerFileCompile OptionalCaseIterable.swift
SwiftCompile normal arm64 /Users/admin/builder/spi-builder-workspace/.dependencies/checkouts/EditValueView/Sources/EditValueView/Protocol/OptionalNumeric.swift (in target 'EditValueView' from project 'EditValueView')
cd /Users/admin/builder/spi-builder-workspace/.swiftpm/xcode
builtin-SwiftPerFileCompile OptionalNumeric.swift
SwiftDriverJobDiscovery normal arm64 Compiling Notification.swift (in target 'AppContainer' from project 'AppContainer')
SwiftCompile normal arm64 Compiling\ OptionalType.swift,\ EditValueViewController.swift /Users/admin/builder/spi-builder-workspace/.dependencies/checkouts/EditValueView/Sources/EditValueView/Protocol/OptionalType.swift /Users/admin/builder/spi-builder-workspace/.dependencies/checkouts/EditValueView/Sources/EditValueView/UIKit/EditValueViewController.swift (in target 'EditValueView' from project 'EditValueView')
/Users/admin/builder/spi-builder-workspace/.dependencies/checkouts/EditValueView/Sources/EditValueView/UIKit/EditValueViewController.swift:13:46: error: cannot find type 'UIHostingController' in scope
11 | import SwiftUI
12 |
13 | public class EditValueViewController<Value>: UIHostingController<EditValueView<Value>> {
| `- error: cannot find type 'UIHostingController' in scope
14 |
15 | /// Name of the property to be edited
/Users/admin/builder/spi-builder-workspace/.dependencies/checkouts/EditValueView/Sources/EditValueView/UIKit/EditValueViewController.swift:71:26: error: method does not override any method from its superclass
69 | }
70 |
71 | public override func viewDidLoad() {
| `- error: method does not override any method from its superclass
72 | super.viewDidLoad()
73 |
/Users/admin/builder/spi-builder-workspace/.dependencies/checkouts/EditValueView/Sources/EditValueView/UIKit/EditValueViewController.swift:36:9: error: 'super' cannot be used in class 'EditValueViewController' because it has no superclass
34 | self.key = key
35 |
36 | super.init(rootView: .init(target, key: key, keyPath: keyPath))
| `- error: 'super' cannot be used in class 'EditValueViewController' because it has no superclass
37 |
38 | rootView = rootView
/Users/admin/builder/spi-builder-workspace/.dependencies/checkouts/EditValueView/Sources/EditValueView/UIKit/EditValueViewController.swift:38:9: error: cannot find 'rootView' in scope
36 | super.init(rootView: .init(target, key: key, keyPath: keyPath))
37 |
38 | rootView = rootView
| `- error: cannot find 'rootView' in scope
39 | .onUpdate({ newValue in
40 | self.onUpdate?(newValue)
/Users/admin/builder/spi-builder-workspace/.dependencies/checkouts/EditValueView/Sources/EditValueView/UIKit/EditValueViewController.swift:38:20: error: cannot find 'rootView' in scope
36 | super.init(rootView: .init(target, key: key, keyPath: keyPath))
37 |
38 | rootView = rootView
| `- error: cannot find 'rootView' in scope
39 | .onUpdate({ newValue in
40 | self.onUpdate?(newValue)
/Users/admin/builder/spi-builder-workspace/.dependencies/checkouts/EditValueView/Sources/EditValueView/UIKit/EditValueViewController.swift:55:9: error: 'super' cannot be used in class 'EditValueViewController' because it has no superclass
53 | self.key = key
54 |
55 | super.init(rootView: .init(key: key, value: value))
| `- error: 'super' cannot be used in class 'EditValueViewController' because it has no superclass
56 |
57 | rootView = rootView
/Users/admin/builder/spi-builder-workspace/.dependencies/checkouts/EditValueView/Sources/EditValueView/UIKit/EditValueViewController.swift:57:9: error: cannot find 'rootView' in scope
55 | super.init(rootView: .init(key: key, value: value))
56 |
57 | rootView = rootView
| `- error: cannot find 'rootView' in scope
58 | .onUpdate({ newValue in
59 | self.onUpdate?(newValue)
/Users/admin/builder/spi-builder-workspace/.dependencies/checkouts/EditValueView/Sources/EditValueView/UIKit/EditValueViewController.swift:57:20: error: cannot find 'rootView' in scope
55 | super.init(rootView: .init(key: key, value: value))
56 |
57 | rootView = rootView
| `- error: cannot find 'rootView' in scope
58 | .onUpdate({ newValue in
59 | self.onUpdate?(newValue)
/Users/admin/builder/spi-builder-workspace/.dependencies/checkouts/EditValueView/Sources/EditValueView/UIKit/EditValueViewController.swift:72:9: error: 'super' cannot be used in class 'EditValueViewController' because it has no superclass
70 |
71 | public override func viewDidLoad() {
72 | super.viewDidLoad()
| `- error: 'super' cannot be used in class 'EditValueViewController' because it has no superclass
73 |
74 | let style: EditValueView<Value>.PresentationStyle
/Users/admin/builder/spi-builder-workspace/.dependencies/checkouts/EditValueView/Sources/EditValueView/UIKit/EditValueViewController.swift:76:12: error: cannot find 'navigationController' in scope
74 | let style: EditValueView<Value>.PresentationStyle
75 |
76 | if navigationController == nil {
| `- error: cannot find 'navigationController' in scope
77 | style = .modal
78 | } else {
/Users/admin/builder/spi-builder-workspace/.dependencies/checkouts/EditValueView/Sources/EditValueView/UIKit/EditValueViewController.swift:82:9: error: cannot find 'rootView' in scope
80 | }
81 |
82 | rootView = rootView
| `- error: cannot find 'rootView' in scope
83 | .presentationStyle(style)
84 | }
/Users/admin/builder/spi-builder-workspace/.dependencies/checkouts/EditValueView/Sources/EditValueView/UIKit/EditValueViewController.swift:82:20: error: cannot find 'rootView' in scope
80 | }
81 |
82 | rootView = rootView
| `- error: cannot find 'rootView' in scope
83 | .presentationStyle(style)
84 | }
Failed frontend command:
/Applications/Xcode-27.0.0-Release.Candidate.app/Contents/Developer/Toolchains/XcodeDefault.xctoolchain/usr/bin/swift-frontend -frontend -c /Users/admin/builder/spi-builder-workspace/.dependencies/checkouts/EditValueView/Sources/EditValueView/EditValueView+EditorType.swift /Users/admin/builder/spi-builder-workspace/.dependencies/checkouts/EditValueView/Sources/EditValueView/EditValueView+setValue.swift /Users/admin/builder/spi-builder-workspace/.dependencies/checkouts/EditValueView/Sources/EditValueView/EditValueView.swift /Users/admin/builder/spi-builder-workspace/.dependencies/checkouts/EditValueView/Sources/EditValueView/Editors/CaseIterableEditor.swift /Users/admin/builder/spi-builder-workspace/.dependencies/checkouts/EditValueView/Sources/EditValueView/Editors/CodableEditorView.swift /Users/admin/builder/spi-builder-workspace/.dependencies/checkouts/EditValueView/Sources/EditValueView/Editors/ColorEditorView.swift /Users/admin/builder/spi-builder-workspace/.dependencies/checkouts/EditValueView/Sources/EditValueView/Editors/DateEditorView.swift /Users/admin/builder/spi-builder-workspace/.dependencies/checkouts/EditValueView/Sources/EditValueView/Editors/Image/ImageEditor.swift /Users/admin/builder/spi-builder-workspace/.dependencies/checkouts/EditValueView/Sources/EditValueView/Editors/Image/Picker/ImagePicker.swift /Users/admin/builder/spi-builder-workspace/.dependencies/checkouts/EditValueView/Sources/EditValueView/Editors/Image/Picker/SwiftUIImagePicker.swift /Users/admin/builder/spi-builder-workspace/.dependencies/checkouts/EditValueView/Sources/EditValueView/Editors/Image/SwiftUIImageEditor.swift /Users/admin/builder/spi-builder-workspace/.dependencies/checkouts/EditValueView/Sources/EditValueView/Extensions/CIImage+.swift /Users/admin/builder/spi-builder-workspace/.dependencies/checkouts/EditValueView/Sources/EditValueView/Extensions/Codable+.swift /Users/admin/builder/spi-builder-workspace/.dependencies/checkouts/EditValueView/Sources/EditValueView/Extensions/UIImage+.swift /Users/admin/builder/spi-builder-workspace/.dependencies/checkouts/EditValueView/Sources/EditValueView/Extensions/View+.swift /Users/admin/builder/spi-builder-workspace/.dependencies/checkouts/EditValueView/Sources/EditValueView/Protocol/DefaultRepresentable.swift /Users/admin/builder/spi-builder-workspace/.dependencies/checkouts/EditValueView/Sources/EditValueView/Protocol/OptionalCaseIterable.swift /Users/admin/builder/spi-builder-workspace/.dependencies/checkouts/EditValueView/Sources/EditValueView/Protocol/OptionalNumeric.swift -primary-file /Users/admin/builder/spi-builder-workspace/.dependencies/checkouts/EditValueView/Sources/EditValueView/Protocol/OptionalType.swift -primary-file /Users/admin/builder/spi-builder-workspace/.dependencies/checkouts/EditValueView/Sources/EditValueView/UIKit/EditValueViewController.swift /Users/admin/builder/spi-builder-workspace/.dependencies/checkouts/EditValueView/Sources/EditValueView/Util/Typealias.swift /Users/admin/builder/spi-builder-workspace/.dependencies/checkouts/EditValueView/Sources/EditValueView/Util/ValueType.swift -emit-dependencies-path /Users/admin/builder/spi-builder-workspace/.derivedData/Build/Intermediates.noindex/EditValueView.build/Debug-watchos/EditValueView-t.build/Objects-normal/arm64/OptionalType.d -emit-const-values-path /Users/admin/builder/spi-builder-workspace/.derivedData/Build/Intermediates.noindex/EditValueView.build/Debug-watchos/EditValueView-t.build/Objects-normal/arm64/OptionalType.swiftconstvalues -emit-reference-dependencies-path /Users/admin/builder/spi-builder-workspace/.derivedData/Build/Intermediates.noindex/EditValueView.build/Debug-watchos/EditValueView-t.build/Objects-normal/arm64/OptionalType.swiftdeps -serialize-diagnostics-path /Users/admin/builder/spi-builder-workspace/.derivedData/Build/Intermediates.noindex/EditValueView.build/Debug-watchos/EditValueView-t.build/Objects-normal/arm64/OptionalType.dia -emit-dependencies-path /Users/admin/builder/spi-builder-workspace/.derivedData/Build/Intermediates.noindex/EditValueView.build/Debug-watchos/EditValueView-t.build/Objects-normal/arm64/EditValueViewController.d -emit-const-values-path /Users/admin/builder/spi-builder-workspace/.derivedData/Build/Intermediates.noindex/EditValueView.build/Debug-watchos/EditValueView-t.build/Objects-normal/arm64/EditValueViewController.swiftconstvalues -emit-reference-dependencies-path /Users/admin/builder/spi-builder-workspace/.derivedData/Build/Intermediates.noindex/EditValueView.build/Debug-watchos/EditValueView-t.build/Objects-normal/arm64/EditValueViewController.swiftdeps -serialize-diagnostics-path /Users/admin/builder/spi-builder-workspace/.derivedData/Build/Intermediates.noindex/EditValueView.build/Debug-watchos/EditValueView-t.build/Objects-normal/arm64/EditValueViewController.dia -target arm64-apple-watchos9.0 -module-can-import-version SwiftUI 8.0.84.1 8.0.84 -module-can-import-version UIKit 9127.0.84.1 9127.0.84 -disable-cross-import-overlay-search -load-resolved-plugin /Applications/Xcode-27.0.0-Release.Candidate.app/Contents/Developer/Platforms/WatchOS.platform/Developer/usr/lib/swift/host/plugins/libFoundationMacros.dylib\#/Applications/Xcode-27.0.0-Release.Candidate.app/Contents/Developer/Platforms/WatchOS.platform/Developer/usr/bin/swift-plugin-server\#FoundationMacros -load-resolved-plugin /Applications/Xcode-27.0.0-Release.Candidate.app/Contents/Developer/Platforms/WatchOS.platform/Developer/usr/lib/swift/host/plugins/libObservationMacros.dylib\#/Applications/Xcode-27.0.0-Release.Candidate.app/Contents/Developer/Platforms/WatchOS.platform/Developer/usr/bin/swift-plugin-server\#ObservationMacros -load-resolved-plugin /Applications/Xcode-27.0.0-Release.Candidate.app/Contents/Developer/Platforms/WatchOS.platform/Developer/usr/lib/swift/host/plugins/libPreviewsMacros.dylib\#/Applications/Xcode-27.0.0-Release.Candidate.app/Contents/Developer/Platforms/WatchOS.platform/Developer/usr/bin/swift-plugin-server\#PreviewsMacros -load-resolved-plugin /Applications/Xcode-27.0.0-Release.Candidate.app/Contents/Developer/Platforms/WatchOS.platform/Developer/usr/lib/swift/host/plugins/libSwiftMacros.dylib\#/Applications/Xcode-27.0.0-Release.Candidate.app/Contents/Developer/Platforms/WatchOS.platform/Developer/usr/bin/swift-plugin-server\#SwiftMacros -load-resolved-plugin /Applications/Xcode-27.0.0-Release.Candidate.app/Contents/Developer/Platforms/WatchOS.platform/Developer/usr/lib/swift/host/plugins/libSwiftUIMacros.dylib\#/Applications/Xcode-27.0.0-Release.Candidate.app/Contents/Developer/Platforms/WatchOS.platform/Developer/usr/bin/swift-plugin-server\#SwiftUIMacros -disable-implicit-swift-modules -Xcc -fno-implicit-modules -Xcc -fno-implicit-module-maps -explicit-swift-module-map-file /Users/admin/builder/spi-builder-workspace/.derivedData/Build/Intermediates.noindex/EditValueView.build/Debug-watchos/EditValueView-t.build/Objects-normal/arm64/EditValueView-dependencies-2.json -Xllvm -aarch64-use-tbi -enable-objc-interop -stack-check -sdk /Applications/Xcode-27.0.0-Release.Candidate.app/Contents/Developer/Platforms/WatchOS.platform/Developer/SDKs/WatchOS27.0.sdk -I /Users/admin/builder/spi-builder-workspace/.derivedData/Build/Products/Debug-watchos -Isystem /Applications/Xcode-27.0.0-Release.Candidate.app/Contents/Developer/Platforms/WatchOS.platform/Developer/usr/lib -F /Users/admin/builder/spi-builder-workspace/.derivedData/Build/Products/Debug-watchos/PackageFrameworks -F /Users/admin/builder/spi-builder-workspace/.derivedData/Build/Products/Debug-watchos -F /Applications/Xcode-27.0.0-Release.Candidate.app/Contents/Developer/Platforms/WatchOS.platform/Developer/Library/Frameworks -F /Applications/Xcode-27.0.0-Release.Candidate.app/Contents/Developer/Platforms/WatchOS.platform/Developer/SDKs/WatchOS27.0.sdk/Developer/Library/Frameworks -module-cache-path /Users/admin/builder/spi-builder-workspace/.derivedData/Build/Intermediates.noindex/SwiftExplicitPrecompiledModules -no-color-diagnostics -Xcc -fno-color-diagnostics -enable-testing -g -debug-info-format\=dwarf -dwarf-version\=4 -suppress-warnings -profile-generate -profile-coverage-mapping -swift-version 5 -Onone -D SWIFT_PACKAGE -D DEBUG -D SWIFT_MODULE_RESOURCE_BUNDLE_UNAVAILABLE -D Xcode -serialize-debugging-options -enable-experimental-feature DebugDescriptionMacro -empty-abi-descriptor -validate-clang-modules-once -clang-build-session-file /Users/admin/builder/spi-builder-workspace/.derivedData/ModuleCache.noindex/Session.modulevalidation -Xcc -working-directory -Xcc /Users/admin/builder/spi-builder-workspace/.swiftpm/xcode -enable-anonymous-context-mangled-names -file-compilation-dir /Users/admin/builder/spi-builder-workspace/.swiftpm/xcode -Xcc -D_LIBCPP_HARDENING_MODE\=_LIBCPP_HARDENING_MODE_DEBUG -Xcc -ivfsstatcache -Xcc /Users/admin/builder/spi-builder-workspace/.derivedData/SDKStatCaches.noindex/watchos27.0-24R360-e829b21a6f8c9b70876ba0858053c04477534ef55a1706bf4c1112bbb242f0a2.sdkstatcache -Xcc -fmodules-prune-interval\=86400 -Xcc -fmodules-prune-after\=345600 -Xcc -I/Users/admin/builder/spi-builder-workspace/.derivedData/Build/Products/Debug-watchos/include -Xcc -I/Users/admin/builder/spi-builder-workspace/.derivedData/Build/Intermediates.noindex/EditValueView.build/Debug-watchos/EditValueView-t.build/DerivedSources-normal/arm64 -Xcc -I/Users/admin/builder/spi-builder-workspace/.derivedData/Build/Intermediates.noindex/EditValueView.build/Debug-watchos/EditValueView-t.build/DerivedSources/arm64 -Xcc -I/Users/admin/builder/spi-builder-workspace/.derivedData/Build/Intermediates.noindex/EditValueView.build/Debug-watchos/EditValueView-t.build/DerivedSources -Xcc -DSWIFT_PACKAGE -Xcc -DDEBUG\=1 -no-auto-bridging-header-chaining -module-name EditValueView -const-gather-protocols-file /Users/admin/builder/spi-builder-workspace/.derivedData/Build/Intermediates.noindex/EditValueView.build/Debug-watchos/EditValueView-t.build/Objects-normal/arm64/EditValueView_const_extract_protocols.json -disable-clang-spi -clang-target arm64-apple-watchos27.0 -target-sdk-version 27.0 -target-sdk-name watchos27.0 -in-process-plugin-server-path /Applications/Xcode-27.0.0-Release.Candidate.app/Contents/Developer/Toolchains/XcodeDefault.xctoolchain/usr/lib/swift/host/libSwiftInProcPluginServer.dylib -parse-as-library -o /Users/admin/builder/spi-builder-workspace/.derivedData/Build/Intermediates.noindex/EditValueView.build/Debug-watchos/EditValueView-t.build/Objects-normal/arm64/OptionalType.o -o /Users/admin/builder/spi-builder-workspace/.derivedData/Build/Intermediates.noindex/EditValueView.build/Debug-watchos/EditValueView-t.build/Objects-normal/arm64/EditValueViewController.o -debug-module-path /Users/admin/builder/spi-builder-workspace/.derivedData/Build/Intermediates.noindex/EditValueView.build/Debug-watchos/EditValueView-t.build/Objects-normal/arm64/EditValueView.swiftmodule -index-unit-output-path /EditValueView.build/Debug-watchos/EditValueView-t.build/Objects-normal/arm64/OptionalType.o -index-unit-output-path /EditValueView.build/Debug-watchos/EditValueView-t.build/Objects-normal/arm64/EditValueViewController.o -index-store-path /Users/admin/builder/spi-builder-workspace/.derivedData/Index.noindex/DataStore -index-system-modules
SwiftCompile normal arm64 /Users/admin/builder/spi-builder-workspace/.dependencies/checkouts/EditValueView/Sources/EditValueView/Protocol/OptionalType.swift (in target 'EditValueView' from project 'EditValueView')
cd /Users/admin/builder/spi-builder-workspace/.swiftpm/xcode
builtin-SwiftPerFileCompile OptionalType.swift
SwiftCompile normal arm64 /Users/admin/builder/spi-builder-workspace/.dependencies/checkouts/EditValueView/Sources/EditValueView/UIKit/EditValueViewController.swift (in target 'EditValueView' from project 'EditValueView')
cd /Users/admin/builder/spi-builder-workspace/.swiftpm/xcode
builtin-SwiftPerFileCompile EditValueViewController.swift
SwiftDriverJobDiscovery normal arm64 Compiling Container.swift (in target 'AppContainer' from project 'AppContainer')
SwiftCompile normal arm64 Compiling\ View+.swift,\ DefaultRepresentable.swift /Users/admin/builder/spi-builder-workspace/.dependencies/checkouts/EditValueView/Sources/EditValueView/Extensions/View+.swift /Users/admin/builder/spi-builder-workspace/.dependencies/checkouts/EditValueView/Sources/EditValueView/Protocol/DefaultRepresentable.swift (in target 'EditValueView' from project 'EditValueView')
SwiftCompile normal arm64 /Users/admin/builder/spi-builder-workspace/.dependencies/checkouts/EditValueView/Sources/EditValueView/Extensions/View+.swift (in target 'EditValueView' from project 'EditValueView')
cd /Users/admin/builder/spi-builder-workspace/.swiftpm/xcode
builtin-SwiftPerFileCompile View+.swift
SwiftCompile normal arm64 /Users/admin/builder/spi-builder-workspace/.dependencies/checkouts/EditValueView/Sources/EditValueView/Protocol/DefaultRepresentable.swift (in target 'EditValueView' from project 'EditValueView')
cd /Users/admin/builder/spi-builder-workspace/.swiftpm/xcode
builtin-SwiftPerFileCompile DefaultRepresentable.swift
SwiftCompile normal arm64_32 Compiling\ DateEditorView.swift,\ ImageEditor.swift /Users/admin/builder/spi-builder-workspace/.dependencies/checkouts/EditValueView/Sources/EditValueView/Editors/DateEditorView.swift /Users/admin/builder/spi-builder-workspace/.dependencies/checkouts/EditValueView/Sources/EditValueView/Editors/Image/ImageEditor.swift (in target 'EditValueView' from project 'EditValueView')
/Users/admin/builder/spi-builder-workspace/.dependencies/checkouts/EditValueView/Sources/EditValueView/Editors/DateEditorView.swift:26:13: error: 'DatePicker' is only available in watchOS 10.0 or newer
9 | import SwiftUI
10 |
11 | struct DateEditorView: View {
| `- note: add '@available' attribute to enclosing struct
12 |
13 | let key: String
:
19 | }
20 |
21 | var body: some View {
| `- note: add '@available' attribute to enclosing property
22 | VStack {
23 | Text(value.description)
24 | .frame(maxWidth: .infinity)
25 | .border(.black, width: 0.5)
26 | DatePicker(key, selection: $value)
| |- error: 'DatePicker' is only available in watchOS 10.0 or newer
| `- note: add 'if #available' version check
27 | .datePickerStyle(.graphical)
28 | }
/Users/admin/builder/spi-builder-workspace/.dependencies/checkouts/EditValueView/Sources/EditValueView/Editors/DateEditorView.swift:26:13: error: 'init(_:selection:displayedComponents:)' is only available in watchOS 10.0 or newer
9 | import SwiftUI
10 |
11 | struct DateEditorView: View {
| `- note: add '@available' attribute to enclosing struct
12 |
13 | let key: String
:
19 | }
20 |
21 | var body: some View {
| `- note: add '@available' attribute to enclosing property
22 | VStack {
23 | Text(value.description)
24 | .frame(maxWidth: .infinity)
25 | .border(.black, width: 0.5)
26 | DatePicker(key, selection: $value)
| |- error: 'init(_:selection:displayedComponents:)' is only available in watchOS 10.0 or newer
| `- note: add 'if #available' version check
27 | .datePickerStyle(.graphical)
28 | }
/Users/admin/builder/spi-builder-workspace/.dependencies/checkouts/EditValueView/Sources/EditValueView/Editors/DateEditorView.swift:27:18: error: 'datePickerStyle' is only available in watchOS 10.0 or newer
9 | import SwiftUI
10 |
11 | struct DateEditorView: View {
| `- note: add '@available' attribute to enclosing struct
12 |
13 | let key: String
:
19 | }
20 |
21 | var body: some View {
| `- note: add '@available' attribute to enclosing property
22 | VStack {
23 | Text(value.description)
:
25 | .border(.black, width: 0.5)
26 | DatePicker(key, selection: $value)
27 | .datePickerStyle(.graphical)
| |- error: 'datePickerStyle' is only available in watchOS 10.0 or newer
| `- note: add 'if #available' version check
28 | }
29 | }
SwiftCompile normal arm64_32 /Users/admin/builder/spi-builder-workspace/.dependencies/checkouts/EditValueView/Sources/EditValueView/Editors/DateEditorView.swift (in target 'EditValueView' from project 'EditValueView')
cd /Users/admin/builder/spi-builder-workspace/.swiftpm/xcode
builtin-SwiftPerFileCompile DateEditorView.swift
SwiftCompile normal arm64_32 /Users/admin/builder/spi-builder-workspace/.dependencies/checkouts/EditValueView/Sources/EditValueView/Editors/Image/ImageEditor.swift (in target 'EditValueView' from project 'EditValueView')
cd /Users/admin/builder/spi-builder-workspace/.swiftpm/xcode
builtin-SwiftPerFileCompile ImageEditor.swift
SwiftDriverJobDiscovery normal arm64 Compiling AppContainerError.swift (in target 'AppContainer' from project 'AppContainer')
SwiftCompile normal arm64_32 Compiling\ OptionalType.swift,\ EditValueViewController.swift /Users/admin/builder/spi-builder-workspace/.dependencies/checkouts/EditValueView/Sources/EditValueView/Protocol/OptionalType.swift /Users/admin/builder/spi-builder-workspace/.dependencies/checkouts/EditValueView/Sources/EditValueView/UIKit/EditValueViewController.swift (in target 'EditValueView' from project 'EditValueView')
/Users/admin/builder/spi-builder-workspace/.dependencies/checkouts/EditValueView/Sources/EditValueView/UIKit/EditValueViewController.swift:13:46: error: cannot find type 'UIHostingController' in scope
11 | import SwiftUI
12 |
13 | public class EditValueViewController<Value>: UIHostingController<EditValueView<Value>> {
| `- error: cannot find type 'UIHostingController' in scope
14 |
15 | /// Name of the property to be edited
/Users/admin/builder/spi-builder-workspace/.dependencies/checkouts/EditValueView/Sources/EditValueView/UIKit/EditValueViewController.swift:71:26: error: method does not override any method from its superclass
69 | }
70 |
71 | public override func viewDidLoad() {
| `- error: method does not override any method from its superclass
72 | super.viewDidLoad()
73 |
/Users/admin/builder/spi-builder-workspace/.dependencies/checkouts/EditValueView/Sources/EditValueView/UIKit/EditValueViewController.swift:36:9: error: 'super' cannot be used in class 'EditValueViewController' because it has no superclass
34 | self.key = key
35 |
36 | super.init(rootView: .init(target, key: key, keyPath: keyPath))
| `- error: 'super' cannot be used in class 'EditValueViewController' because it has no superclass
37 |
38 | rootView = rootView
/Users/admin/builder/spi-builder-workspace/.dependencies/checkouts/EditValueView/Sources/EditValueView/UIKit/EditValueViewController.swift:38:9: error: cannot find 'rootView' in scope
36 | super.init(rootView: .init(target, key: key, keyPath: keyPath))
37 |
38 | rootView = rootView
| `- error: cannot find 'rootView' in scope
39 | .onUpdate({ newValue in
40 | self.onUpdate?(newValue)
/Users/admin/builder/spi-builder-workspace/.dependencies/checkouts/EditValueView/Sources/EditValueView/UIKit/EditValueViewController.swift:38:20: error: cannot find 'rootView' in scope
36 | super.init(rootView: .init(target, key: key, keyPath: keyPath))
37 |
38 | rootView = rootView
| `- error: cannot find 'rootView' in scope
39 | .onUpdate({ newValue in
40 | self.onUpdate?(newValue)
/Users/admin/builder/spi-builder-workspace/.dependencies/checkouts/EditValueView/Sources/EditValueView/UIKit/EditValueViewController.swift:55:9: error: 'super' cannot be used in class 'EditValueViewController' because it has no superclass
53 | self.key = key
54 |
55 | super.init(rootView: .init(key: key, value: value))
| `- error: 'super' cannot be used in class 'EditValueViewController' because it has no superclass
56 |
57 | rootView = rootView
/Users/admin/builder/spi-builder-workspace/.dependencies/checkouts/EditValueView/Sources/EditValueView/UIKit/EditValueViewController.swift:57:9: error: cannot find 'rootView' in scope
55 | super.init(rootView: .init(key: key, value: value))
56 |
57 | rootView = rootView
| `- error: cannot find 'rootView' in scope
58 | .onUpdate({ newValue in
59 | self.onUpdate?(newValue)
/Users/admin/builder/spi-builder-workspace/.dependencies/checkouts/EditValueView/Sources/EditValueView/UIKit/EditValueViewController.swift:57:20: error: cannot find 'rootView' in scope
55 | super.init(rootView: .init(key: key, value: value))
56 |
57 | rootView = rootView
| `- error: cannot find 'rootView' in scope
58 | .onUpdate({ newValue in
59 | self.onUpdate?(newValue)
SwiftCompile normal arm64_32 /Users/admin/builder/spi-builder-workspace/.dependencies/checkouts/EditValueView/Sources/EditValueView/Protocol/OptionalType.swift (in target 'EditValueView' from project 'EditValueView')
cd /Users/admin/builder/spi-builder-workspace/.swiftpm/xcode
builtin-SwiftPerFileCompile OptionalType.swift
SwiftCompile normal arm64_32 /Users/admin/builder/spi-builder-workspace/.dependencies/checkouts/EditValueView/Sources/EditValueView/UIKit/EditValueViewController.swift (in target 'EditValueView' from project 'EditValueView')
cd /Users/admin/builder/spi-builder-workspace/.swiftpm/xcode
builtin-SwiftPerFileCompile EditValueViewController.swift
SwiftDriverJobDiscovery normal arm64 Compiling WeakHashTable.swift (in target 'AppContainer' from project 'AppContainer')
SwiftCompile normal arm64_32 Compiling\ EditValueView.swift,\ CaseIterableEditor.swift /Users/admin/builder/spi-builder-workspace/.dependencies/checkouts/EditValueView/Sources/EditValueView/EditValueView.swift /Users/admin/builder/spi-builder-workspace/.dependencies/checkouts/EditValueView/Sources/EditValueView/Editors/CaseIterableEditor.swift (in target 'EditValueView' from project 'EditValueView')
SwiftCompile normal arm64_32 /Users/admin/builder/spi-builder-workspace/.dependencies/checkouts/EditValueView/Sources/EditValueView/EditValueView.swift (in target 'EditValueView' from project 'EditValueView')
cd /Users/admin/builder/spi-builder-workspace/.swiftpm/xcode
builtin-SwiftPerFileCompile EditValueView.swift
SwiftCompile normal arm64_32 /Users/admin/builder/spi-builder-workspace/.dependencies/checkouts/EditValueView/Sources/EditValueView/Editors/CaseIterableEditor.swift (in target 'EditValueView' from project 'EditValueView')
cd /Users/admin/builder/spi-builder-workspace/.swiftpm/xcode
builtin-SwiftPerFileCompile CaseIterableEditor.swift
SwiftDriverJobDiscovery normal arm64 Compiling FileManager.swift (in target 'AppContainer' from project 'AppContainer')
SwiftCompile normal arm64_32 Compiling\ ImagePicker.swift,\ SwiftUIImagePicker.swift /Users/admin/builder/spi-builder-workspace/.dependencies/checkouts/EditValueView/Sources/EditValueView/Editors/Image/Picker/ImagePicker.swift /Users/admin/builder/spi-builder-workspace/.dependencies/checkouts/EditValueView/Sources/EditValueView/Editors/Image/Picker/SwiftUIImagePicker.swift (in target 'EditValueView' from project 'EditValueView')
SwiftCompile normal arm64_32 /Users/admin/builder/spi-builder-workspace/.dependencies/checkouts/EditValueView/Sources/EditValueView/Editors/Image/Picker/ImagePicker.swift (in target 'EditValueView' from project 'EditValueView')
cd /Users/admin/builder/spi-builder-workspace/.swiftpm/xcode
builtin-SwiftPerFileCompile ImagePicker.swift
SwiftCompile normal arm64_32 /Users/admin/builder/spi-builder-workspace/.dependencies/checkouts/EditValueView/Sources/EditValueView/Editors/Image/Picker/SwiftUIImagePicker.swift (in target 'EditValueView' from project 'EditValueView')
cd /Users/admin/builder/spi-builder-workspace/.swiftpm/xcode
builtin-SwiftPerFileCompile SwiftUIImagePicker.swift
SwiftDriverJobDiscovery normal arm64 Compiling OptionalCaseIterable.swift, OptionalNumeric.swift (in target 'EditValueView' from project 'EditValueView')
SwiftCompile normal arm64 Compiling\ Codable+.swift,\ UIImage+.swift /Users/admin/builder/spi-builder-workspace/.dependencies/checkouts/EditValueView/Sources/EditValueView/Extensions/Codable+.swift /Users/admin/builder/spi-builder-workspace/.dependencies/checkouts/EditValueView/Sources/EditValueView/Extensions/UIImage+.swift (in target 'EditValueView' from project 'EditValueView')
SwiftCompile normal arm64 /Users/admin/builder/spi-builder-workspace/.dependencies/checkouts/EditValueView/Sources/EditValueView/Extensions/Codable+.swift (in target 'EditValueView' from project 'EditValueView')
cd /Users/admin/builder/spi-builder-workspace/.swiftpm/xcode
builtin-SwiftPerFileCompile Codable+.swift
SwiftCompile normal arm64 /Users/admin/builder/spi-builder-workspace/.dependencies/checkouts/EditValueView/Sources/EditValueView/Extensions/UIImage+.swift (in target 'EditValueView' from project 'EditValueView')
cd /Users/admin/builder/spi-builder-workspace/.swiftpm/xcode
builtin-SwiftPerFileCompile UIImage+.swift
PruneExplicitPrecompiledModules /Users/admin/builder/spi-builder-workspace/.derivedData/Build/Intermediates.noindex/ExplicitPrecompiledModules
PruneExplicitPrecompiledModules /Users/admin/builder/spi-builder-workspace/.derivedData/Build/Intermediates.noindex/SwiftExplicitPrecompiledModules
PruneExplicitPrecompiledModules /Users/admin/builder/spi-builder-workspace/.derivedData/SDKExplicitPrecompiledModules
2026-09-19 15:37:27.763 xcodebuild[1040:6005] [MT] IDERunDestination: Supported platforms for the buildables in the current scheme is empty.
2026-09-19 15:37:27.863 xcodebuild[1040:6005] [MT] IDERunDestination: Supported platforms for the buildables in the current scheme is empty.
** BUILD FAILED **
The following build commands failed:
SwiftCompile normal arm64 Compiling\ OptionalType.swift,\ EditValueViewController.swift /Users/admin/builder/spi-builder-workspace/.dependencies/checkouts/EditValueView/Sources/EditValueView/Protocol/OptionalType.swift /Users/admin/builder/spi-builder-workspace/.dependencies/checkouts/EditValueView/Sources/EditValueView/UIKit/EditValueViewController.swift (in target 'EditValueView' from project 'EditValueView')
SwiftCompile normal arm64 /Users/admin/builder/spi-builder-workspace/.dependencies/checkouts/EditValueView/Sources/EditValueView/UIKit/EditValueViewController.swift (in target 'EditValueView' from project 'EditValueView')
Building workspace AppContainer with scheme AppContainer-Package
(3 failures)
BUILD FAILURE 6.4 watchOS