Build Information
Failed to build Spices, reference main (c54398), with Swift 6.3 for watchOS using Xcode 26.4 on 24 Aug 2026 20:55:13 UTC.
Build Command
env DEVELOPER_DIR=/Applications/Xcode-26.5.0.app xcrun xcodebuild -IDEClonedSourcePackagesDirPathOverride=$PWD/.dependencies -skipMacroValidation -skipPackagePluginValidation -derivedDataPath $PWD/.derivedData build -scheme Spices -destination generic/platform=watchOSBuild Log
========================================
RunAll
========================================
Builder version: 5.0.2
Interrupt handler set up.
========================================
Checkout
========================================
Clone URL: https://github.com/framna-dk/spices.git
Reference: main
Initialized empty Git repository in /Users/admin/builder/spi-builder-workspace/.git/
From https://github.com/framna-dk/spices
* branch main -> FETCH_HEAD
* [new branch] main -> origin/main
HEAD is now at c543981 Merge pull request #32 from framna-dk/mark-shape/remove-sheet-glas-background
Cloned https://github.com/framna-dk/spices.git
Revision (git rev-parse @):
c54398185340373363f8b2e91c88dd29a2837791
SPI manifest file found: $PWD/.spi.yml
SUCCESS checkout https://github.com/framna-dk/spices.git at main
========================================
Build
========================================
Selected platform: watchOS
Swift version: 6.3
Building package at path: $PWD
https://github.com/framna-dk/spices.git
Command line invocation:
/Applications/Xcode-26.5.0.app/Contents/Developer/usr/bin/xcodebuild -IDEClonedSourcePackagesDirPathOverride=/Users/admin/builder/spi-builder-workspace/.dependencies -resolvePackageDependencies
Resolve Package Graph
Resolve Package Graph
Resolved source packages:
Spices: /Users/admin/builder/spi-builder-workspace
resolved source packages: Spices
2026-08-24 16:54:54.348 xcodebuild[537:3111] [MT] IDERunDestination: Supported platforms for the buildables in the current scheme is empty.
{
"dependencies" : [
],
"manifest_display_name" : "Spices",
"name" : "Spices",
"path" : "/Users/admin/builder/spi-builder-workspace",
"platforms" : [
{
"name" : "ios",
"version" : "15.0"
},
{
"name" : "visionos",
"version" : "1.0"
}
],
"products" : [
{
"name" : "Spices",
"targets" : [
"Spices"
],
"type" : {
"library" : [
"automatic"
]
}
}
],
"targets" : [
{
"c99name" : "SpicesTests",
"module_type" : "SwiftTarget",
"name" : "SpicesTests",
"path" : "Tests/SpicesTests",
"sources" : [
"AnyStorageTests.swift",
"CamelCaseToNaturalTextTests.swift",
"Helpers/UserDefaults+Helpers.swift",
"Mocks/MockEnvironment.swift",
"Mocks/MockSpiceStore.swift",
"Mocks/MockStorage.swift",
"SpiceTests.swift",
"UserDefaultsStorageTests.swift"
],
"target_dependencies" : [
"Spices"
],
"type" : "test"
},
{
"c99name" : "Spices",
"module_type" : "SwiftTarget",
"name" : "Spices",
"path" : "Sources/Spices",
"product_memberships" : [
"Spices"
],
"sources" : [
"Internal/MenuItems/AsyncButtonMenuItem.swift",
"Internal/MenuItems/ButtonMenuItem.swift",
"Internal/MenuItems/ChildSpiceStoreMenuItem.swift",
"Internal/MenuItems/MenuItem.swift",
"Internal/MenuItems/MenuItemProvider.swift",
"Internal/MenuItems/PickerMenuItem.swift",
"Internal/MenuItems/TextFieldMenuItem.swift",
"Internal/MenuItems/ToggleMenuItem.swift",
"Internal/MenuItems/ViewMenuItem.swift",
"Internal/Name.swift",
"Internal/Preparable.swift",
"Internal/Storage/AnyStorage.swift",
"Internal/Storage/Storage.swift",
"Internal/Storage/ThrowingStorage.swift",
"Internal/Storage/UserDefaultsStorage.swift",
"Internal/String+Helpers.swift",
"Internal/UIApplication+Helpers.swift",
"Internal/UIViewController+Helpers.swift",
"Internal/View+RestartOnChange.swift",
"Internal/Views/AsyncButtonMenuItemView.swift",
"Internal/Views/ButtonMenuItemView.swift",
"Internal/Views/ChildSpiceStoreMenuItemView.swift",
"Internal/Views/MenuItemListContent.swift",
"Internal/Views/MenuItemListView.swift",
"Internal/Views/MenuItemView.swift",
"Internal/Views/PickerMenuItemView.swift",
"Internal/Views/TextFieldMenuItemView.swift",
"Internal/Views/ToggleMenuItemView.swift",
"Internal/Views/UserInteraction.swift",
"Internal/Views/View+ConfigureSheetPresentation.swift",
"Internal/Views/View+ErrorAlert.swift",
"Internal/Views/ViewMenuItemView.swift",
"PresentationStyle.swift",
"Spice.swift",
"SpiceEditor.swift",
"SpiceEditorViewController.swift",
"SpiceEditorWindow.swift",
"SpiceStore.swift",
"SpicesTitleProvider.swift",
"View+SpiceEditor.swift"
],
"type" : "library"
}
],
"tools_version" : "6.0"
}
{
"workspace" : {
"name" : "spi-builder-workspace",
"schemes" : [
"Spices"
]
}
}
2026-08-24 16:55:01.917 xcodebuild[654:3955] [MT] IDERunDestination: Supported platforms for the buildables in the current scheme is empty.
Running build ...
env DEVELOPER_DIR=/Applications/Xcode-26.5.0.app xcrun xcodebuild -IDEClonedSourcePackagesDirPathOverride=$PWD/.dependencies -skipMacroValidation -skipPackagePluginValidation -derivedDataPath $PWD/.derivedData build -scheme Spices -destination generic/platform=watchOS
Command line invocation:
/Applications/Xcode-26.5.0.app/Contents/Developer/usr/bin/xcodebuild -IDEClonedSourcePackagesDirPathOverride=/Users/admin/builder/spi-builder-workspace/.dependencies -skipMacroValidation -skipPackagePluginValidation -derivedDataPath /Users/admin/builder/spi-builder-workspace/.derivedData build -scheme Spices -destination generic/platform=watchOS
Resolve Package Graph
Resolved source packages:
Spices: /Users/admin/builder/spi-builder-workspace
ComputePackagePrebuildTargetDependencyGraph
Prepare packages
CreateBuildRequest
SendProjectDescription
CreateBuildOperation
ComputeTargetDependencyGraph
note: Building targets in dependency order
note: Target dependency graph (2 targets)
Target 'Spices' in project 'Spices'
➜ Explicit dependency on target 'Spices' in project 'Spices'
Target 'Spices' in project 'Spices' (no dependencies)
GatherProvisioningInputs
CreateBuildDescription
ExecuteExternalTool /Applications/Xcode-26.5.0.app/Contents/Developer/Toolchains/XcodeDefault.xctoolchain/usr/bin/clang -v -E -dM -isysroot /Applications/Xcode-26.5.0.app/Contents/Developer/Platforms/WatchOS.platform/Developer/SDKs/WatchOS26.5.sdk -x c -c /dev/null
ExecuteExternalTool /Applications/Xcode-26.5.0.app/Contents/Developer/Toolchains/XcodeDefault.xctoolchain/usr/bin/swiftc --version
ExecuteExternalTool /Applications/Xcode-26.5.0.app/Contents/Developer/Toolchains/XcodeDefault.xctoolchain/usr/bin/ld -version_details
ReadFileContents /Applications/Xcode-26.5.0.app/Contents/Developer/Toolchains/XcodeDefault.xctoolchain/usr/share/docc/features.json
Build description signature: 9f0b44ed97cdd0cd32f5d4ed35fa0a5c
Build description path: /Users/admin/builder/spi-builder-workspace/.derivedData/Build/Intermediates.noindex/XCBuildData/9f0b44ed97cdd0cd32f5d4ed35fa0a5c.xcbuilddata
ClangStatCache /Applications/Xcode-26.5.0.app/Contents/Developer/Toolchains/XcodeDefault.xctoolchain/usr/bin/clang-stat-cache /Applications/Xcode-26.5.0.app/Contents/Developer/Platforms/WatchOS.platform/Developer/SDKs/WatchOS26.5.sdk /Users/admin/builder/spi-builder-workspace/.derivedData/SDKStatCaches.noindex/watchos26.5-23T570-688ef53f1462e2c8f657fdc38a81448f7931b973dfc65d9472806dbbc3af9379.sdkstatcache
cd /Users/admin/builder/spi-builder-workspace/.swiftpm/xcode
/Applications/Xcode-26.5.0.app/Contents/Developer/Toolchains/XcodeDefault.xctoolchain/usr/bin/clang-stat-cache /Applications/Xcode-26.5.0.app/Contents/Developer/Platforms/WatchOS.platform/Developer/SDKs/WatchOS26.5.sdk -o /Users/admin/builder/spi-builder-workspace/.derivedData/SDKStatCaches.noindex/watchos26.5-23T570-688ef53f1462e2c8f657fdc38a81448f7931b973dfc65d9472806dbbc3af9379.sdkstatcache
CreateBuildDirectory /Users/admin/builder/spi-builder-workspace/.derivedData/Build/Products
cd /Users/admin/builder/spi-builder-workspace/.swiftpm/xcode
builtin-create-build-directory /Users/admin/builder/spi-builder-workspace/.derivedData/Build/Products
CreateBuildDirectory /Users/admin/builder/spi-builder-workspace/.derivedData/Build/Intermediates.noindex
cd /Users/admin/builder/spi-builder-workspace/.swiftpm/xcode
builtin-create-build-directory /Users/admin/builder/spi-builder-workspace/.derivedData/Build/Intermediates.noindex
CreateBuildDirectory /Users/admin/builder/spi-builder-workspace/.derivedData/Build/Intermediates.noindex/ExplicitPrecompiledModules
cd /Users/admin/builder/spi-builder-workspace/.swiftpm/xcode
builtin-create-build-directory /Users/admin/builder/spi-builder-workspace/.derivedData/Build/Intermediates.noindex/ExplicitPrecompiledModules
CreateBuildDirectory /Users/admin/builder/spi-builder-workspace/.derivedData/Build/Intermediates.noindex/SwiftExplicitPrecompiledModules
cd /Users/admin/builder/spi-builder-workspace/.swiftpm/xcode
builtin-create-build-directory /Users/admin/builder/spi-builder-workspace/.derivedData/Build/Intermediates.noindex/SwiftExplicitPrecompiledModules
CreateBuildDirectory /Users/admin/builder/spi-builder-workspace/.derivedData/Build/Intermediates.noindex/EagerLinkingTBDs/Debug-watchos
cd /Users/admin/builder/spi-builder-workspace/.swiftpm/xcode
builtin-create-build-directory /Users/admin/builder/spi-builder-workspace/.derivedData/Build/Intermediates.noindex/EagerLinkingTBDs/Debug-watchos
CreateBuildDirectory /Users/admin/builder/spi-builder-workspace/.derivedData/Build/Products/Debug-watchos
cd /Users/admin/builder/spi-builder-workspace/.swiftpm/xcode
builtin-create-build-directory /Users/admin/builder/spi-builder-workspace/.derivedData/Build/Products/Debug-watchos
CreateBuildDirectory /Users/admin/builder/spi-builder-workspace/.derivedData/Build/Products/Debug-watchos/PackageFrameworks
cd /Users/admin/builder/spi-builder-workspace/.swiftpm/xcode
builtin-create-build-directory /Users/admin/builder/spi-builder-workspace/.derivedData/Build/Products/Debug-watchos/PackageFrameworks
WriteAuxiliaryFile /Users/admin/builder/spi-builder-workspace/.derivedData/Build/Intermediates.noindex/Spices.build/Debug-watchos/Spices.build/Spices.modulemap (in target 'Spices' from project 'Spices')
cd /Users/admin/builder/spi-builder-workspace
write-file /Users/admin/builder/spi-builder-workspace/.derivedData/Build/Intermediates.noindex/Spices.build/Debug-watchos/Spices.build/Spices.modulemap
WriteAuxiliaryFile /Users/admin/builder/spi-builder-workspace/.derivedData/Build/Intermediates.noindex/Spices.build/Debug-watchos/Spices.build/Spices.DependencyMetadataFileList (in target 'Spices' from project 'Spices')
cd /Users/admin/builder/spi-builder-workspace
write-file /Users/admin/builder/spi-builder-workspace/.derivedData/Build/Intermediates.noindex/Spices.build/Debug-watchos/Spices.build/Spices.DependencyMetadataFileList
WriteAuxiliaryFile /Users/admin/builder/spi-builder-workspace/.derivedData/Build/Intermediates.noindex/Spices.build/Debug-watchos/Spices.build/Spices.DependencyStaticMetadataFileList (in target 'Spices' from project 'Spices')
cd /Users/admin/builder/spi-builder-workspace
write-file /Users/admin/builder/spi-builder-workspace/.derivedData/Build/Intermediates.noindex/Spices.build/Debug-watchos/Spices.build/Spices.DependencyStaticMetadataFileList
WriteAuxiliaryFile /Users/admin/builder/spi-builder-workspace/.derivedData/Build/Intermediates.noindex/Spices.build/Debug-watchos/Spices.build/Objects-normal/armv7k/Spices-OutputFileMap.json (in target 'Spices' from project 'Spices')
cd /Users/admin/builder/spi-builder-workspace
write-file /Users/admin/builder/spi-builder-workspace/.derivedData/Build/Intermediates.noindex/Spices.build/Debug-watchos/Spices.build/Objects-normal/armv7k/Spices-OutputFileMap.json
WriteAuxiliaryFile /Users/admin/builder/spi-builder-workspace/.derivedData/Build/Intermediates.noindex/Spices.build/Debug-watchos/Spices.build/Objects-normal/armv7k/Spices_const_extract_protocols.json (in target 'Spices' from project 'Spices')
cd /Users/admin/builder/spi-builder-workspace
write-file /Users/admin/builder/spi-builder-workspace/.derivedData/Build/Intermediates.noindex/Spices.build/Debug-watchos/Spices.build/Objects-normal/armv7k/Spices_const_extract_protocols.json
WriteAuxiliaryFile /Users/admin/builder/spi-builder-workspace/.derivedData/Build/Intermediates.noindex/Spices.build/Debug-watchos/Spices.build/Objects-normal/armv7k/Spices.SwiftConstValuesFileList (in target 'Spices' from project 'Spices')
cd /Users/admin/builder/spi-builder-workspace
write-file /Users/admin/builder/spi-builder-workspace/.derivedData/Build/Intermediates.noindex/Spices.build/Debug-watchos/Spices.build/Objects-normal/armv7k/Spices.SwiftConstValuesFileList
WriteAuxiliaryFile /Users/admin/builder/spi-builder-workspace/.derivedData/Build/Intermediates.noindex/Spices.build/Debug-watchos/Spices.build/Objects-normal/armv7k/Spices.SwiftFileList (in target 'Spices' from project 'Spices')
cd /Users/admin/builder/spi-builder-workspace
write-file /Users/admin/builder/spi-builder-workspace/.derivedData/Build/Intermediates.noindex/Spices.build/Debug-watchos/Spices.build/Objects-normal/armv7k/Spices.SwiftFileList
WriteAuxiliaryFile /Users/admin/builder/spi-builder-workspace/.derivedData/Build/Intermediates.noindex/Spices.build/Debug-watchos/Spices.build/Objects-normal/arm64_32/Spices-OutputFileMap.json (in target 'Spices' from project 'Spices')
cd /Users/admin/builder/spi-builder-workspace
write-file /Users/admin/builder/spi-builder-workspace/.derivedData/Build/Intermediates.noindex/Spices.build/Debug-watchos/Spices.build/Objects-normal/arm64_32/Spices-OutputFileMap.json
WriteAuxiliaryFile /Users/admin/builder/spi-builder-workspace/.derivedData/Build/Intermediates.noindex/Spices.build/Debug-watchos/Spices.build/Objects-normal/arm64_32/Spices_const_extract_protocols.json (in target 'Spices' from project 'Spices')
cd /Users/admin/builder/spi-builder-workspace
write-file /Users/admin/builder/spi-builder-workspace/.derivedData/Build/Intermediates.noindex/Spices.build/Debug-watchos/Spices.build/Objects-normal/arm64_32/Spices_const_extract_protocols.json
WriteAuxiliaryFile /Users/admin/builder/spi-builder-workspace/.derivedData/Build/Intermediates.noindex/Spices.build/Debug-watchos/Spices.build/Objects-normal/armv7k/Spices.LinkFileList (in target 'Spices' from project 'Spices')
cd /Users/admin/builder/spi-builder-workspace
write-file /Users/admin/builder/spi-builder-workspace/.derivedData/Build/Intermediates.noindex/Spices.build/Debug-watchos/Spices.build/Objects-normal/armv7k/Spices.LinkFileList
WriteAuxiliaryFile /Users/admin/builder/spi-builder-workspace/.derivedData/Build/Intermediates.noindex/Spices.build/Debug-watchos/Spices.build/Objects-normal/arm64_32/Spices.SwiftFileList (in target 'Spices' from project 'Spices')
cd /Users/admin/builder/spi-builder-workspace
write-file /Users/admin/builder/spi-builder-workspace/.derivedData/Build/Intermediates.noindex/Spices.build/Debug-watchos/Spices.build/Objects-normal/arm64_32/Spices.SwiftFileList
WriteAuxiliaryFile /Users/admin/builder/spi-builder-workspace/.derivedData/Build/Intermediates.noindex/Spices.build/Debug-watchos/Spices.build/Objects-normal/arm64_32/Spices.SwiftConstValuesFileList (in target 'Spices' from project 'Spices')
cd /Users/admin/builder/spi-builder-workspace
write-file /Users/admin/builder/spi-builder-workspace/.derivedData/Build/Intermediates.noindex/Spices.build/Debug-watchos/Spices.build/Objects-normal/arm64_32/Spices.SwiftConstValuesFileList
WriteAuxiliaryFile /Users/admin/builder/spi-builder-workspace/.derivedData/Build/Intermediates.noindex/Spices.build/Debug-watchos/Spices.build/Objects-normal/arm64_32/Spices.LinkFileList (in target 'Spices' from project 'Spices')
cd /Users/admin/builder/spi-builder-workspace
write-file /Users/admin/builder/spi-builder-workspace/.derivedData/Build/Intermediates.noindex/Spices.build/Debug-watchos/Spices.build/Objects-normal/arm64_32/Spices.LinkFileList
WriteAuxiliaryFile /Users/admin/builder/spi-builder-workspace/.derivedData/Build/Intermediates.noindex/Spices.build/Debug-watchos/Spices.build/Objects-normal/arm64/Spices_const_extract_protocols.json (in target 'Spices' from project 'Spices')
cd /Users/admin/builder/spi-builder-workspace
write-file /Users/admin/builder/spi-builder-workspace/.derivedData/Build/Intermediates.noindex/Spices.build/Debug-watchos/Spices.build/Objects-normal/arm64/Spices_const_extract_protocols.json
WriteAuxiliaryFile /Users/admin/builder/spi-builder-workspace/.derivedData/Build/Intermediates.noindex/Spices.build/Debug-watchos/Spices.build/Objects-normal/arm64/Spices.SwiftFileList (in target 'Spices' from project 'Spices')
cd /Users/admin/builder/spi-builder-workspace
write-file /Users/admin/builder/spi-builder-workspace/.derivedData/Build/Intermediates.noindex/Spices.build/Debug-watchos/Spices.build/Objects-normal/arm64/Spices.SwiftFileList
WriteAuxiliaryFile /Users/admin/builder/spi-builder-workspace/.derivedData/Build/Intermediates.noindex/Spices.build/Debug-watchos/Spices.build/Objects-normal/arm64/Spices.SwiftConstValuesFileList (in target 'Spices' from project 'Spices')
cd /Users/admin/builder/spi-builder-workspace
write-file /Users/admin/builder/spi-builder-workspace/.derivedData/Build/Intermediates.noindex/Spices.build/Debug-watchos/Spices.build/Objects-normal/arm64/Spices.SwiftConstValuesFileList
WriteAuxiliaryFile /Users/admin/builder/spi-builder-workspace/.derivedData/Build/Intermediates.noindex/Spices.build/Debug-watchos/Spices.build/Objects-normal/arm64/Spices.LinkFileList (in target 'Spices' from project 'Spices')
cd /Users/admin/builder/spi-builder-workspace
write-file /Users/admin/builder/spi-builder-workspace/.derivedData/Build/Intermediates.noindex/Spices.build/Debug-watchos/Spices.build/Objects-normal/arm64/Spices.LinkFileList
WriteAuxiliaryFile /Users/admin/builder/spi-builder-workspace/.derivedData/Build/Intermediates.noindex/Spices.build/Debug-watchos/Spices.build/Objects-normal/arm64/Spices-OutputFileMap.json (in target 'Spices' from project 'Spices')
cd /Users/admin/builder/spi-builder-workspace
write-file /Users/admin/builder/spi-builder-workspace/.derivedData/Build/Intermediates.noindex/Spices.build/Debug-watchos/Spices.build/Objects-normal/arm64/Spices-OutputFileMap.json
Copy /Users/admin/builder/spi-builder-workspace/.derivedData/Build/Intermediates.noindex/GeneratedModuleMaps-watchos/Spices.modulemap /Users/admin/builder/spi-builder-workspace/.derivedData/Build/Intermediates.noindex/Spices.build/Debug-watchos/Spices.build/Spices.modulemap (in target 'Spices' from project 'Spices')
cd /Users/admin/builder/spi-builder-workspace
builtin-copy -exclude .DS_Store -exclude CVS -exclude .svn -exclude .git -exclude .hg -resolve-src-symlinks /Users/admin/builder/spi-builder-workspace/.derivedData/Build/Intermediates.noindex/Spices.build/Debug-watchos/Spices.build/Spices.modulemap /Users/admin/builder/spi-builder-workspace/.derivedData/Build/Intermediates.noindex/GeneratedModuleMaps-watchos
SwiftDriver Spices normal arm64_32 com.apple.xcode.tools.swift.compiler (in target 'Spices' from project 'Spices')
cd /Users/admin/builder/spi-builder-workspace/.swiftpm/xcode
builtin-SwiftDriver -- /Applications/Xcode-26.5.0.app/Contents/Developer/Toolchains/XcodeDefault.xctoolchain/usr/bin/swiftc -module-name Spices -Onone @/Users/admin/builder/spi-builder-workspace/.derivedData/Build/Intermediates.noindex/Spices.build/Debug-watchos/Spices.build/Objects-normal/arm64_32/Spices.SwiftFileList -DSWIFT_PACKAGE -DDEBUG -DSWIFT_MODULE_RESOURCE_BUNDLE_UNAVAILABLE -DXcode -plugin-path /Applications/Xcode-26.5.0.app/Contents/Developer/Toolchains/XcodeDefault.xctoolchain/usr/lib/swift/host/plugins/testing -enable-experimental-feature DebugDescriptionMacro -sdk /Applications/Xcode-26.5.0.app/Contents/Developer/Platforms/WatchOS.platform/Developer/SDKs/WatchOS26.5.sdk -target arm64_32-apple-watchos8.0 -g -module-cache-path /Users/admin/builder/spi-builder-workspace/.derivedData/ModuleCache.noindex -Xfrontend -serialize-debugging-options -profile-coverage-mapping -profile-generate -enable-testing -index-store-path /Users/admin/builder/spi-builder-workspace/.derivedData/Index.noindex/DataStore -Xcc -D_LIBCPP_HARDENING_MODE\=_LIBCPP_HARDENING_MODE_DEBUG -swift-version 6 -I /Users/admin/builder/spi-builder-workspace/.derivedData/Build/Products/Debug-watchos -Isystem /Applications/Xcode-26.5.0.app/Contents/Developer/Platforms/WatchOS.platform/Developer/usr/lib -F /Users/admin/builder/spi-builder-workspace/.derivedData/Build/Products/Debug-watchos -F /Applications/Xcode-26.5.0.app/Contents/Developer/Platforms/WatchOS.platform/Developer/Library/Frameworks -F /Applications/Xcode-26.5.0.app/Contents/Developer/Platforms/WatchOS.platform/Developer/SDKs/WatchOS26.5.sdk/Developer/Library/Frameworks -c -j10 -enable-batch-mode -incremental -Xcc -ivfsstatcache -Xcc /Users/admin/builder/spi-builder-workspace/.derivedData/SDKStatCaches.noindex/watchos26.5-23T570-688ef53f1462e2c8f657fdc38a81448f7931b973dfc65d9472806dbbc3af9379.sdkstatcache -output-file-map /Users/admin/builder/spi-builder-workspace/.derivedData/Build/Intermediates.noindex/Spices.build/Debug-watchos/Spices.build/Objects-normal/arm64_32/Spices-OutputFileMap.json -use-frontend-parseable-output -save-temps -no-color-diagnostics -explicit-module-build -module-cache-path /Users/admin/builder/spi-builder-workspace/.derivedData/Build/Intermediates.noindex/SwiftExplicitPrecompiledModules -clang-scanner-module-cache-path /Users/admin/builder/spi-builder-workspace/.derivedData/ModuleCache.noindex -sdk-module-cache-path /Users/admin/builder/spi-builder-workspace/.derivedData/ModuleCache.noindex -serialize-diagnostics -emit-dependencies -emit-module -emit-module-path /Users/admin/builder/spi-builder-workspace/.derivedData/Build/Intermediates.noindex/Spices.build/Debug-watchos/Spices.build/Objects-normal/arm64_32/Spices.swiftmodule -validate-clang-modules-once -clang-build-session-file /Users/admin/builder/spi-builder-workspace/.derivedData/ModuleCache.noindex/Session.modulevalidation -package-name spi_builder_workspace -Xcc -I/Users/admin/builder/spi-builder-workspace/.derivedData/Build/Intermediates.noindex/Spices.build/Debug-watchos/Spices.build/swift-overrides.hmap -emit-const-values -Xfrontend -const-gather-protocols-file -Xfrontend /Users/admin/builder/spi-builder-workspace/.derivedData/Build/Intermediates.noindex/Spices.build/Debug-watchos/Spices.build/Objects-normal/arm64_32/Spices_const_extract_protocols.json -Xcc -I/Users/admin/builder/spi-builder-workspace/.derivedData/Build/Products/Debug-watchos/include -Xcc -I/Users/admin/builder/spi-builder-workspace/.derivedData/Build/Intermediates.noindex/Spices.build/Debug-watchos/Spices.build/DerivedSources-normal/arm64_32 -Xcc -I/Users/admin/builder/spi-builder-workspace/.derivedData/Build/Intermediates.noindex/Spices.build/Debug-watchos/Spices.build/DerivedSources/arm64_32 -Xcc -I/Users/admin/builder/spi-builder-workspace/.derivedData/Build/Intermediates.noindex/Spices.build/Debug-watchos/Spices.build/DerivedSources -Xcc -DSWIFT_PACKAGE -Xcc -DDEBUG\=1 -emit-objc-header -emit-objc-header-path /Users/admin/builder/spi-builder-workspace/.derivedData/Build/Intermediates.noindex/Spices.build/Debug-watchos/Spices.build/Objects-normal/arm64_32/Spices-Swift.h -working-directory /Users/admin/builder/spi-builder-workspace/.swiftpm/xcode -experimental-emit-module-separately -disable-cmo
SwiftDriver Spices normal armv7k com.apple.xcode.tools.swift.compiler (in target 'Spices' from project 'Spices')
cd /Users/admin/builder/spi-builder-workspace/.swiftpm/xcode
builtin-SwiftDriver -- /Applications/Xcode-26.5.0.app/Contents/Developer/Toolchains/XcodeDefault.xctoolchain/usr/bin/swiftc -module-name Spices -Onone @/Users/admin/builder/spi-builder-workspace/.derivedData/Build/Intermediates.noindex/Spices.build/Debug-watchos/Spices.build/Objects-normal/armv7k/Spices.SwiftFileList -DSWIFT_PACKAGE -DDEBUG -DSWIFT_MODULE_RESOURCE_BUNDLE_UNAVAILABLE -DXcode -plugin-path /Applications/Xcode-26.5.0.app/Contents/Developer/Toolchains/XcodeDefault.xctoolchain/usr/lib/swift/host/plugins/testing -enable-experimental-feature DebugDescriptionMacro -sdk /Applications/Xcode-26.5.0.app/Contents/Developer/Platforms/WatchOS.platform/Developer/SDKs/WatchOS26.5.sdk -target armv7k-apple-watchos8.0 -g -module-cache-path /Users/admin/builder/spi-builder-workspace/.derivedData/ModuleCache.noindex -Xfrontend -serialize-debugging-options -profile-coverage-mapping -profile-generate -enable-testing -index-store-path /Users/admin/builder/spi-builder-workspace/.derivedData/Index.noindex/DataStore -Xcc -D_LIBCPP_HARDENING_MODE\=_LIBCPP_HARDENING_MODE_DEBUG -swift-version 6 -I /Users/admin/builder/spi-builder-workspace/.derivedData/Build/Products/Debug-watchos -Isystem /Applications/Xcode-26.5.0.app/Contents/Developer/Platforms/WatchOS.platform/Developer/usr/lib -F /Users/admin/builder/spi-builder-workspace/.derivedData/Build/Products/Debug-watchos -F /Applications/Xcode-26.5.0.app/Contents/Developer/Platforms/WatchOS.platform/Developer/Library/Frameworks -F /Applications/Xcode-26.5.0.app/Contents/Developer/Platforms/WatchOS.platform/Developer/SDKs/WatchOS26.5.sdk/Developer/Library/Frameworks -c -j10 -enable-batch-mode -incremental -Xcc -ivfsstatcache -Xcc /Users/admin/builder/spi-builder-workspace/.derivedData/SDKStatCaches.noindex/watchos26.5-23T570-688ef53f1462e2c8f657fdc38a81448f7931b973dfc65d9472806dbbc3af9379.sdkstatcache -output-file-map /Users/admin/builder/spi-builder-workspace/.derivedData/Build/Intermediates.noindex/Spices.build/Debug-watchos/Spices.build/Objects-normal/armv7k/Spices-OutputFileMap.json -use-frontend-parseable-output -save-temps -no-color-diagnostics -explicit-module-build -module-cache-path /Users/admin/builder/spi-builder-workspace/.derivedData/Build/Intermediates.noindex/SwiftExplicitPrecompiledModules -clang-scanner-module-cache-path /Users/admin/builder/spi-builder-workspace/.derivedData/ModuleCache.noindex -sdk-module-cache-path /Users/admin/builder/spi-builder-workspace/.derivedData/ModuleCache.noindex -serialize-diagnostics -emit-dependencies -emit-module -emit-module-path /Users/admin/builder/spi-builder-workspace/.derivedData/Build/Intermediates.noindex/Spices.build/Debug-watchos/Spices.build/Objects-normal/armv7k/Spices.swiftmodule -validate-clang-modules-once -clang-build-session-file /Users/admin/builder/spi-builder-workspace/.derivedData/ModuleCache.noindex/Session.modulevalidation -package-name spi_builder_workspace -Xcc -I/Users/admin/builder/spi-builder-workspace/.derivedData/Build/Intermediates.noindex/Spices.build/Debug-watchos/Spices.build/swift-overrides.hmap -emit-const-values -Xfrontend -const-gather-protocols-file -Xfrontend /Users/admin/builder/spi-builder-workspace/.derivedData/Build/Intermediates.noindex/Spices.build/Debug-watchos/Spices.build/Objects-normal/armv7k/Spices_const_extract_protocols.json -Xcc -I/Users/admin/builder/spi-builder-workspace/.derivedData/Build/Products/Debug-watchos/include -Xcc -I/Users/admin/builder/spi-builder-workspace/.derivedData/Build/Intermediates.noindex/Spices.build/Debug-watchos/Spices.build/DerivedSources-normal/armv7k -Xcc -I/Users/admin/builder/spi-builder-workspace/.derivedData/Build/Intermediates.noindex/Spices.build/Debug-watchos/Spices.build/DerivedSources/armv7k -Xcc -I/Users/admin/builder/spi-builder-workspace/.derivedData/Build/Intermediates.noindex/Spices.build/Debug-watchos/Spices.build/DerivedSources -Xcc -DSWIFT_PACKAGE -Xcc -DDEBUG\=1 -emit-objc-header -emit-objc-header-path /Users/admin/builder/spi-builder-workspace/.derivedData/Build/Intermediates.noindex/Spices.build/Debug-watchos/Spices.build/Objects-normal/armv7k/Spices-Swift.h -working-directory /Users/admin/builder/spi-builder-workspace/.swiftpm/xcode -experimental-emit-module-separately -disable-cmo
SwiftDriver Spices normal arm64 com.apple.xcode.tools.swift.compiler (in target 'Spices' from project 'Spices')
cd /Users/admin/builder/spi-builder-workspace/.swiftpm/xcode
builtin-SwiftDriver -- /Applications/Xcode-26.5.0.app/Contents/Developer/Toolchains/XcodeDefault.xctoolchain/usr/bin/swiftc -module-name Spices -Onone @/Users/admin/builder/spi-builder-workspace/.derivedData/Build/Intermediates.noindex/Spices.build/Debug-watchos/Spices.build/Objects-normal/arm64/Spices.SwiftFileList -DSWIFT_PACKAGE -DDEBUG -DSWIFT_MODULE_RESOURCE_BUNDLE_UNAVAILABLE -DXcode -plugin-path /Applications/Xcode-26.5.0.app/Contents/Developer/Toolchains/XcodeDefault.xctoolchain/usr/lib/swift/host/plugins/testing -enable-experimental-feature DebugDescriptionMacro -sdk /Applications/Xcode-26.5.0.app/Contents/Developer/Platforms/WatchOS.platform/Developer/SDKs/WatchOS26.5.sdk -target arm64-apple-watchos8.0 -g -module-cache-path /Users/admin/builder/spi-builder-workspace/.derivedData/ModuleCache.noindex -Xfrontend -serialize-debugging-options -profile-coverage-mapping -profile-generate -enable-testing -index-store-path /Users/admin/builder/spi-builder-workspace/.derivedData/Index.noindex/DataStore -Xcc -D_LIBCPP_HARDENING_MODE\=_LIBCPP_HARDENING_MODE_DEBUG -swift-version 6 -I /Users/admin/builder/spi-builder-workspace/.derivedData/Build/Products/Debug-watchos -Isystem /Applications/Xcode-26.5.0.app/Contents/Developer/Platforms/WatchOS.platform/Developer/usr/lib -F /Users/admin/builder/spi-builder-workspace/.derivedData/Build/Products/Debug-watchos -F /Applications/Xcode-26.5.0.app/Contents/Developer/Platforms/WatchOS.platform/Developer/Library/Frameworks -F /Applications/Xcode-26.5.0.app/Contents/Developer/Platforms/WatchOS.platform/Developer/SDKs/WatchOS26.5.sdk/Developer/Library/Frameworks -c -j10 -enable-batch-mode -incremental -Xcc -ivfsstatcache -Xcc /Users/admin/builder/spi-builder-workspace/.derivedData/SDKStatCaches.noindex/watchos26.5-23T570-688ef53f1462e2c8f657fdc38a81448f7931b973dfc65d9472806dbbc3af9379.sdkstatcache -output-file-map /Users/admin/builder/spi-builder-workspace/.derivedData/Build/Intermediates.noindex/Spices.build/Debug-watchos/Spices.build/Objects-normal/arm64/Spices-OutputFileMap.json -use-frontend-parseable-output -save-temps -no-color-diagnostics -explicit-module-build -module-cache-path /Users/admin/builder/spi-builder-workspace/.derivedData/Build/Intermediates.noindex/SwiftExplicitPrecompiledModules -clang-scanner-module-cache-path /Users/admin/builder/spi-builder-workspace/.derivedData/ModuleCache.noindex -sdk-module-cache-path /Users/admin/builder/spi-builder-workspace/.derivedData/ModuleCache.noindex -serialize-diagnostics -emit-dependencies -emit-module -emit-module-path /Users/admin/builder/spi-builder-workspace/.derivedData/Build/Intermediates.noindex/Spices.build/Debug-watchos/Spices.build/Objects-normal/arm64/Spices.swiftmodule -validate-clang-modules-once -clang-build-session-file /Users/admin/builder/spi-builder-workspace/.derivedData/ModuleCache.noindex/Session.modulevalidation -package-name spi_builder_workspace -Xcc -I/Users/admin/builder/spi-builder-workspace/.derivedData/Build/Intermediates.noindex/Spices.build/Debug-watchos/Spices.build/swift-overrides.hmap -emit-const-values -Xfrontend -const-gather-protocols-file -Xfrontend /Users/admin/builder/spi-builder-workspace/.derivedData/Build/Intermediates.noindex/Spices.build/Debug-watchos/Spices.build/Objects-normal/arm64/Spices_const_extract_protocols.json -Xcc -I/Users/admin/builder/spi-builder-workspace/.derivedData/Build/Products/Debug-watchos/include -Xcc -I/Users/admin/builder/spi-builder-workspace/.derivedData/Build/Intermediates.noindex/Spices.build/Debug-watchos/Spices.build/DerivedSources-normal/arm64 -Xcc -I/Users/admin/builder/spi-builder-workspace/.derivedData/Build/Intermediates.noindex/Spices.build/Debug-watchos/Spices.build/DerivedSources/arm64 -Xcc -I/Users/admin/builder/spi-builder-workspace/.derivedData/Build/Intermediates.noindex/Spices.build/Debug-watchos/Spices.build/DerivedSources -Xcc -DSWIFT_PACKAGE -Xcc -DDEBUG\=1 -emit-objc-header -emit-objc-header-path /Users/admin/builder/spi-builder-workspace/.derivedData/Build/Intermediates.noindex/Spices.build/Debug-watchos/Spices.build/Objects-normal/arm64/Spices-Swift.h -working-directory /Users/admin/builder/spi-builder-workspace/.swiftpm/xcode -experimental-emit-module-separately -disable-cmo
SwiftExplicitDependencyGeneratePcm armv7k /Users/admin/builder/spi-builder-workspace/.derivedData/ModuleCache.noindex/SwiftShims-54O3XTFTGS0DCHGQXX0VXAKIW.pcm
SwiftExplicitDependencyGeneratePcm armv7k /Users/admin/builder/spi-builder-workspace/.derivedData/ModuleCache.noindex/DeveloperToolsSupport-6JPG6I58RYGR77DS3MSWHRILH.pcm
SwiftExplicitDependencyGeneratePcm armv7k /Users/admin/builder/spi-builder-workspace/.derivedData/ModuleCache.noindex/_Builtin_stdbool-3F5M0YH52IF7ISNJDW2IHEQ2A.pcm
SwiftExplicitDependencyGeneratePcm armv7k /Users/admin/builder/spi-builder-workspace/.derivedData/ModuleCache.noindex/_AvailabilityInternal-EFXN1W5VCP6ADN05CH69KOJMD.pcm
SwiftExplicitDependencyGeneratePcm armv7k /Users/admin/builder/spi-builder-workspace/.derivedData/ModuleCache.noindex/_Builtin_float-9MGM9VU0PEMKSTW8BBVNVP7PQ.pcm
SwiftExplicitDependencyGeneratePcm armv7k /Users/admin/builder/spi-builder-workspace/.derivedData/ModuleCache.noindex/_SwiftConcurrencyShims-HF1NBH7P9KULYHML9AVKSA4P.pcm
SwiftExplicitDependencyGeneratePcm armv7k /Users/admin/builder/spi-builder-workspace/.derivedData/ModuleCache.noindex/_Builtin_stddef-6IRMF7QDYT5Q8LMH89XUFJQ69.pcm
SwiftExplicitDependencyGeneratePcm armv7k /Users/admin/builder/spi-builder-workspace/.derivedData/ModuleCache.noindex/ptrauth-D1KUVP5BW8V6YRBE3MNVCBE2E.pcm
SwiftExplicitDependencyGeneratePcm armv7k /Users/admin/builder/spi-builder-workspace/.derivedData/ModuleCache.noindex/_Builtin_stdarg-D4LWD3SLKMEEMR29WTOG26Q5T.pcm
SwiftExplicitDependencyGeneratePcm armv7k /Users/admin/builder/spi-builder-workspace/.derivedData/ModuleCache.noindex/ptrcheck-84CJDWDKWYKE887DNNOFBAKE5.pcm
SwiftExplicitDependencyGeneratePcm arm64 /Users/admin/builder/spi-builder-workspace/.derivedData/ModuleCache.noindex/ptrcheck-B3DWAI23K1VSBZ9B4HQFDUGA9.pcm
SwiftExplicitDependencyGeneratePcm arm64 /Users/admin/builder/spi-builder-workspace/.derivedData/ModuleCache.noindex/_Builtin_stdbool-3K0NS9706ZZKMB26W34N7NRJO.pcm
SwiftExplicitDependencyGeneratePcm arm64_32 /Users/admin/builder/spi-builder-workspace/.derivedData/ModuleCache.noindex/_Builtin_float-BHCK2B2ROVBMZ91A2DBMECP3P.pcm
SwiftExplicitDependencyGeneratePcm arm64 /Users/admin/builder/spi-builder-workspace/.derivedData/ModuleCache.noindex/SwiftShims-BSAA6BK72NLSMMSC85W2FICHH.pcm
SwiftExplicitDependencyGeneratePcm arm64 /Users/admin/builder/spi-builder-workspace/.derivedData/ModuleCache.noindex/_Builtin_float-2WT5Y9SB362ACJMEXFZK7ZNN2.pcm
SwiftExplicitDependencyGeneratePcm arm64 /Users/admin/builder/spi-builder-workspace/.derivedData/ModuleCache.noindex/_SwiftConcurrencyShims-6JV4TIBCO35VV8QOUUP4HYHU8.pcm
SwiftExplicitDependencyGeneratePcm arm64 /Users/admin/builder/spi-builder-workspace/.derivedData/ModuleCache.noindex/_Builtin_stddef-7O9IMW3SKT9J5KMH1DFSCTUT2.pcm
SwiftExplicitDependencyGeneratePcm arm64_32 /Users/admin/builder/spi-builder-workspace/.derivedData/ModuleCache.noindex/_Builtin_stdarg-2846LW51WR3FJYNEE769BGM54.pcm
SwiftExplicitDependencyGeneratePcm arm64_32 /Users/admin/builder/spi-builder-workspace/.derivedData/ModuleCache.noindex/SwiftShims-Y9UOIV5KSIS0KDX5BDVVAMKQ.pcm
SwiftExplicitDependencyGeneratePcm arm64 /Users/admin/builder/spi-builder-workspace/.derivedData/ModuleCache.noindex/_AvailabilityInternal-EOZA7RNZF83GHAFYVNANSPB7K.pcm
SwiftExplicitDependencyGeneratePcm arm64_32 /Users/admin/builder/spi-builder-workspace/.derivedData/ModuleCache.noindex/_Builtin_stddef-44ZBBCAVH9H95PIUL2R06EPNN.pcm
SwiftExplicitDependencyGeneratePcm armv7k /Users/admin/builder/spi-builder-workspace/.derivedData/ModuleCache.noindex/_DarwinFoundation1-ADE3NB165C6L2JTXOQ8OTD6BF.pcm
SwiftExplicitDependencyGeneratePcm arm64_32 /Users/admin/builder/spi-builder-workspace/.derivedData/ModuleCache.noindex/DeveloperToolsSupport-2GO81KTT8NADYY1YLL3E6R3U0.pcm
SwiftExplicitDependencyGeneratePcm arm64_32 /Users/admin/builder/spi-builder-workspace/.derivedData/ModuleCache.noindex/ptrcheck-AUKOWKLJ5LR59DLJDZ0QMNHKP.pcm
SwiftExplicitDependencyGeneratePcm arm64_32 /Users/admin/builder/spi-builder-workspace/.derivedData/ModuleCache.noindex/ptrauth-EIGELRNUEL7SAJU41BKCUDR6K.pcm
SwiftExplicitDependencyGeneratePcm arm64_32 /Users/admin/builder/spi-builder-workspace/.derivedData/ModuleCache.noindex/_SwiftConcurrencyShims-49MSOLZ7F449TZ0TRVKQIVZNP.pcm
SwiftExplicitDependencyGeneratePcm arm64_32 /Users/admin/builder/spi-builder-workspace/.derivedData/ModuleCache.noindex/_Builtin_stdbool-29VZCTHK280GJHA571SXG9ASG.pcm
SwiftExplicitDependencyGeneratePcm arm64 /Users/admin/builder/spi-builder-workspace/.derivedData/ModuleCache.noindex/ptrauth-6RRLJFTMP964BUOH3ZA18NCET.pcm
SwiftExplicitDependencyGeneratePcm arm64 /Users/admin/builder/spi-builder-workspace/.derivedData/ModuleCache.noindex/DeveloperToolsSupport-3Z5QE87KGVW8G2DDTR9K1HB9K.pcm
SwiftExplicitDependencyGeneratePcm arm64_32 /Users/admin/builder/spi-builder-workspace/.derivedData/ModuleCache.noindex/_AvailabilityInternal-DLHW2QV8S38P9IRN7DKDTHEP9.pcm
SwiftExplicitDependencyGeneratePcm arm64 /Users/admin/builder/spi-builder-workspace/.derivedData/ModuleCache.noindex/_DarwinFoundation1-227SNA2OQZAYY2EILOQ4OZWWI.pcm
SwiftExplicitDependencyGeneratePcm arm64 /Users/admin/builder/spi-builder-workspace/.derivedData/ModuleCache.noindex/_Builtin_stdarg-30UO0JZ3BZL3UJMXZ8NY7BG2N.pcm
SwiftExplicitDependencyGeneratePcm armv7k /Users/admin/builder/spi-builder-workspace/.derivedData/ModuleCache.noindex/_DarwinFoundation2-DV4KEW6PHTUWM9UDXVAKG4PHY.pcm
SwiftExplicitDependencyGeneratePcm arm64_32 /Users/admin/builder/spi-builder-workspace/.derivedData/ModuleCache.noindex/_DarwinFoundation1-BH2JKT0EOE6EKNI1RBDKTQWZU.pcm
SwiftExplicitDependencyGeneratePcm armv7k /Users/admin/builder/spi-builder-workspace/.derivedData/ModuleCache.noindex/_Builtin_limits-1Q4YKVDE3QBNIZPTETVUW17T3.pcm
SwiftExplicitDependencyGeneratePcm arm64 /Users/admin/builder/spi-builder-workspace/.derivedData/ModuleCache.noindex/_Builtin_limits-BZZBOTGJQZJ01O3UJXM4TUTUN.pcm
SwiftExplicitDependencyGeneratePcm arm64 /Users/admin/builder/spi-builder-workspace/.derivedData/ModuleCache.noindex/_DarwinFoundation2-AWB6S4FOQZ2F9R5HPQGPXLQM1.pcm
SwiftExplicitDependencyGeneratePcm arm64_32 /Users/admin/builder/spi-builder-workspace/.derivedData/ModuleCache.noindex/_Builtin_limits-6HWMASE09GWITZD3QJ535CHWD.pcm
SwiftExplicitDependencyGeneratePcm arm64_32 /Users/admin/builder/spi-builder-workspace/.derivedData/ModuleCache.noindex/_DarwinFoundation2-9GSSHE2BT8BHCO2O1DDAW0NKJ.pcm
SwiftExplicitDependencyGeneratePcm armv7k /Users/admin/builder/spi-builder-workspace/.derivedData/ModuleCache.noindex/_Builtin_tgmath-BR8NO7JN4VG2HSGONWEURT7Q9.pcm
SwiftExplicitDependencyGeneratePcm armv7k /Users/admin/builder/spi-builder-workspace/.derivedData/ModuleCache.noindex/_Builtin_stdint-4UJPCK27WLNAZ5JG8BDJ95Y7T.pcm
SwiftExplicitDependencyGeneratePcm armv7k /Users/admin/builder/spi-builder-workspace/.derivedData/ModuleCache.noindex/sys_types-A40CZMME078D7VG6FJ9GFAUT1.pcm
SwiftExplicitDependencyGeneratePcm armv7k /Users/admin/builder/spi-builder-workspace/.derivedData/ModuleCache.noindex/_Builtin_stdatomic-32ECWZ72BOH2QGMSIB20D4WTK.pcm
SwiftExplicitDependencyGeneratePcm armv7k /Users/admin/builder/spi-builder-workspace/.derivedData/ModuleCache.noindex/_Builtin_intrinsics-SQ43A7BTU3D7D8JJURJJQW3X.pcm
SwiftExplicitDependencyGeneratePcm armv7k /Users/admin/builder/spi-builder-workspace/.derivedData/ModuleCache.noindex/_DarwinFoundation3-EBKFW3VQLO7I73Z6JO2EF7K9T.pcm
SwiftExplicitDependencyGeneratePcm arm64 /Users/admin/builder/spi-builder-workspace/.derivedData/ModuleCache.noindex/sys_types-44TDJXBNABH6YIBIB1L6UJG2A.pcm
SwiftExplicitDependencyGeneratePcm arm64 /Users/admin/builder/spi-builder-workspace/.derivedData/ModuleCache.noindex/_Builtin_stdint-ZZ44XETV7JCUHQPW9HSEGAW0.pcm
SwiftExplicitDependencyGeneratePcm arm64 /Users/admin/builder/spi-builder-workspace/.derivedData/ModuleCache.noindex/_Builtin_tgmath-52S12NPAFZC0JNVGTPT0KX4GS.pcm
SwiftExplicitDependencyGeneratePcm arm64_32 /Users/admin/builder/spi-builder-workspace/.derivedData/ModuleCache.noindex/_Builtin_tgmath-CLWIHJL0E1YNNKOM2DFNKXLSN.pcm
SwiftExplicitDependencyGeneratePcm arm64_32 /Users/admin/builder/spi-builder-workspace/.derivedData/ModuleCache.noindex/_Builtin_stdint-A5GOZXANJIP53GSEWN310YNNY.pcm
SwiftExplicitDependencyGeneratePcm arm64_32 /Users/admin/builder/spi-builder-workspace/.derivedData/ModuleCache.noindex/sys_types-7PPBQQMP9WOPXZY9PV3O6HWOJ.pcm
SwiftExplicitDependencyGeneratePcm arm64 /Users/admin/builder/spi-builder-workspace/.derivedData/ModuleCache.noindex/_Builtin_intrinsics-9F51UDMJGCH2YPDOXH60OPSS9.pcm
SwiftExplicitDependencyGeneratePcm arm64 /Users/admin/builder/spi-builder-workspace/.derivedData/ModuleCache.noindex/_DarwinFoundation3-DG1LCR8UJOFMAEKZ4QOY33HZX.pcm
SwiftExplicitDependencyGeneratePcm arm64 /Users/admin/builder/spi-builder-workspace/.derivedData/ModuleCache.noindex/_Builtin_stdatomic-4FPXSGJ3807R0A98B7RJ7KO3P.pcm
SwiftExplicitDependencyGeneratePcm arm64_32 /Users/admin/builder/spi-builder-workspace/.derivedData/ModuleCache.noindex/_DarwinFoundation3-86NTIOJMBO32S9WDN64L1LC6L.pcm
SwiftExplicitDependencyGeneratePcm arm64_32 /Users/admin/builder/spi-builder-workspace/.derivedData/ModuleCache.noindex/_Builtin_stdatomic-5U5ITJZ0O5PNT4FRT0VIAZW0S.pcm
SwiftExplicitDependencyGeneratePcm arm64_32 /Users/admin/builder/spi-builder-workspace/.derivedData/ModuleCache.noindex/_Builtin_intrinsics-3R0A4SIF6N104KFIOXPA025L7.pcm
SwiftExplicitDependencyGeneratePcm armv7k /Users/admin/builder/spi-builder-workspace/.derivedData/ModuleCache.noindex/_Builtin_inttypes-8B9XQ9DWPY04NISEJWZ2RW2L6.pcm
SwiftExplicitDependencyGeneratePcm armv7k /Users/admin/builder/spi-builder-workspace/.derivedData/ModuleCache.noindex/Darwin-9PFSQ7LZ2AK01ELYMABKS3GL8.pcm
SwiftExplicitDependencyGeneratePcm armv7k /Users/admin/builder/spi-builder-workspace/.derivedData/ModuleCache.noindex/simd-JDGST7QYHRT2XM5C6FU0I24Q.pcm
SwiftExplicitDependencyGeneratePcm arm64 /Users/admin/builder/spi-builder-workspace/.derivedData/ModuleCache.noindex/_Builtin_inttypes-9RH3ZGRF7L0UFIAA3RWNP3416.pcm
SwiftExplicitDependencyGeneratePcm arm64_32 /Users/admin/builder/spi-builder-workspace/.derivedData/ModuleCache.noindex/_Builtin_inttypes-IK3B20A93OGK2P0MVMMPHD49.pcm
SwiftExplicitDependencyGeneratePcm arm64 /Users/admin/builder/spi-builder-workspace/.derivedData/ModuleCache.noindex/Darwin-16I5UGYPDATFKFISIN5OQGOVM.pcm
SwiftExplicitDependencyGeneratePcm arm64_32 /Users/admin/builder/spi-builder-workspace/.derivedData/ModuleCache.noindex/Darwin-7EOY6B0FYD3NKAS35RMGXP5LK.pcm
SwiftExplicitDependencyGeneratePcm arm64 /Users/admin/builder/spi-builder-workspace/.derivedData/ModuleCache.noindex/simd-4FRD9SUHM7EOTN524JYBMDL9S.pcm
SwiftExplicitDependencyGeneratePcm arm64_32 /Users/admin/builder/spi-builder-workspace/.derivedData/ModuleCache.noindex/simd-1DNCP4NJ53D3H5JQJ5PMHIZO9.pcm
SwiftExplicitDependencyGeneratePcm armv7k /Users/admin/builder/spi-builder-workspace/.derivedData/ModuleCache.noindex/ObjectiveC-E0ZDS99EDVATS2F85SO1ROOW3.pcm
SwiftExplicitDependencyGeneratePcm armv7k /Users/admin/builder/spi-builder-workspace/.derivedData/ModuleCache.noindex/MachO-5AHWAIT8GJXLH4ACAZ0WGYDC9.pcm
SwiftExplicitDependencyGeneratePcm arm64 /Users/admin/builder/spi-builder-workspace/.derivedData/ModuleCache.noindex/ObjectiveC-8UETU9VIN6TLHAJS803FFNIGA.pcm
SwiftExplicitDependencyGeneratePcm arm64 /Users/admin/builder/spi-builder-workspace/.derivedData/ModuleCache.noindex/MachO-5ONAD48ZCP7NZVK80MAC9ZP1V.pcm
SwiftExplicitDependencyGeneratePcm armv7k /Users/admin/builder/spi-builder-workspace/.derivedData/ModuleCache.noindex/os_object-18PXU9H3WOD68TY6MAL1ZLNP9.pcm
SwiftExplicitDependencyGeneratePcm arm64_32 /Users/admin/builder/spi-builder-workspace/.derivedData/ModuleCache.noindex/MachO-AZNX121YHV7UPYG4ADKN4OZAW.pcm
SwiftExplicitDependencyGeneratePcm arm64_32 /Users/admin/builder/spi-builder-workspace/.derivedData/ModuleCache.noindex/ObjectiveC-MY1YPPP48ZKLRCFMRI5GO9R.pcm
SwiftExplicitDependencyGeneratePcm armv7k /Users/admin/builder/spi-builder-workspace/.derivedData/ModuleCache.noindex/Spatial-2F6C1JI8GXHD7TTTYQP4B26ZH.pcm
SwiftExplicitDependencyGeneratePcm armv7k /Users/admin/builder/spi-builder-workspace/.derivedData/ModuleCache.noindex/os_workgroup-BVJ42AVMIW7DCL8N126TAMQWH.pcm
SwiftExplicitDependencyGeneratePcm arm64 /Users/admin/builder/spi-builder-workspace/.derivedData/ModuleCache.noindex/os_object-DJJBVMOS2UUUVOJOUK4V18IDX.pcm
SwiftExplicitDependencyGeneratePcm arm64_32 /Users/admin/builder/spi-builder-workspace/.derivedData/ModuleCache.noindex/os_object-E0CVHB9RT7I5F6HKP5IXA5JJN.pcm
SwiftExplicitDependencyGeneratePcm armv7k /Users/admin/builder/spi-builder-workspace/.derivedData/ModuleCache.noindex/Dispatch-E47IY0S0HQME5O93LIR5ULUJ3.pcm
SwiftExplicitDependencyGeneratePcm arm64 /Users/admin/builder/spi-builder-workspace/.derivedData/ModuleCache.noindex/os_workgroup-B77XM89IDYHHAHLL7HI5JSCBX.pcm
SwiftExplicitDependencyGeneratePcm arm64_32 /Users/admin/builder/spi-builder-workspace/.derivedData/ModuleCache.noindex/os_workgroup-3O8OVEKEFKDEG3VCH3RTEZ94B.pcm
SwiftExplicitDependencyGeneratePcm arm64 /Users/admin/builder/spi-builder-workspace/.derivedData/ModuleCache.noindex/Spatial-9HRB93N5VW6PYLGE8T0EFPCBN.pcm
SwiftExplicitDependencyGeneratePcm armv7k /Users/admin/builder/spi-builder-workspace/.derivedData/ModuleCache.noindex/CoreFoundation-7GHF7X5P6ZD825PTKSHFN9ZI4.pcm
SwiftExplicitDependencyGeneratePcm armv7k /Users/admin/builder/spi-builder-workspace/.derivedData/ModuleCache.noindex/XPC-9DTZ8AF9XTWF42TLLJ49FJTST.pcm
SwiftExplicitDependencyGeneratePcm arm64_32 /Users/admin/builder/spi-builder-workspace/.derivedData/ModuleCache.noindex/Spatial-85VKLU4REP851J02ULVCRFSGO.pcm
SwiftExplicitDependencyGeneratePcm arm64 /Users/admin/builder/spi-builder-workspace/.derivedData/ModuleCache.noindex/Dispatch-VJEF7PUQ9LH822JVM5XG6MK1.pcm
SwiftExplicitDependencyGeneratePcm arm64_32 /Users/admin/builder/spi-builder-workspace/.derivedData/ModuleCache.noindex/Dispatch-1FJ1MI5CEQAKDW1VL40ZXGEZX.pcm
SwiftExplicitDependencyGeneratePcm armv7k /Users/admin/builder/spi-builder-workspace/.derivedData/ModuleCache.noindex/os-99ATW2U7G5N5ZUXXLC3T7KSD7.pcm
SwiftExplicitDependencyGeneratePcm arm64 /Users/admin/builder/spi-builder-workspace/.derivedData/ModuleCache.noindex/XPC-BSDTMJV05ILJA5FSICCCI2OL5.pcm
SwiftExplicitDependencyGeneratePcm arm64 /Users/admin/builder/spi-builder-workspace/.derivedData/ModuleCache.noindex/CoreFoundation-DJJGOYJ4YNQ64CSPYCZOO8QAP.pcm
SwiftExplicitDependencyGeneratePcm arm64_32 /Users/admin/builder/spi-builder-workspace/.derivedData/ModuleCache.noindex/CoreFoundation-2WN2GWDD3XFIB7PUN7AGTCXVV.pcm
SwiftExplicitDependencyGeneratePcm arm64_32 /Users/admin/builder/spi-builder-workspace/.derivedData/ModuleCache.noindex/XPC-OZIOUFM4EDBR3SQ2IFY2FZJ3.pcm
SwiftExplicitDependencyGeneratePcm armv7k /Users/admin/builder/spi-builder-workspace/.derivedData/ModuleCache.noindex/Security-7SE760WZ2OEJ7HFR5VXFCZI9G.pcm
SwiftExplicitDependencyGeneratePcm armv7k /Users/admin/builder/spi-builder-workspace/.derivedData/ModuleCache.noindex/CoreGraphics-4Q20BONXRDLEUPQMDZAPAEFTA.pcm
SwiftExplicitDependencyGeneratePcm arm64 /Users/admin/builder/spi-builder-workspace/.derivedData/ModuleCache.noindex/os-7D8S9K5739H2BVJ8T4L2OULD4.pcm
SwiftExplicitDependencyGeneratePcm arm64_32 /Users/admin/builder/spi-builder-workspace/.derivedData/ModuleCache.noindex/os-AZZ732J76QGJY33B6R5MIFKZA.pcm
SwiftExplicitDependencyGeneratePcm arm64 /Users/admin/builder/spi-builder-workspace/.derivedData/ModuleCache.noindex/CoreGraphics-3MA5R5UK6GBUOC4P4OFE5VS19.pcm
SwiftExplicitDependencyGeneratePcm arm64 /Users/admin/builder/spi-builder-workspace/.derivedData/ModuleCache.noindex/Security-AURWBFXY7JXCFHSY4JJOY36RH.pcm
SwiftExplicitDependencyGeneratePcm armv7k /Users/admin/builder/spi-builder-workspace/.derivedData/ModuleCache.noindex/Foundation-EPSSWBF5ZPDOEQV0Z1H7HHJ2F.pcm
SwiftExplicitDependencyGeneratePcm arm64_32 /Users/admin/builder/spi-builder-workspace/.derivedData/ModuleCache.noindex/CoreGraphics-F524NRJVGDPKYF3PEKGNT518N.pcm
SwiftExplicitDependencyGeneratePcm arm64_32 /Users/admin/builder/spi-builder-workspace/.derivedData/ModuleCache.noindex/Security-7N2K583MEDYU75HOC5BPDGNTH.pcm
SwiftExplicitDependencyGeneratePcm armv7k /Users/admin/builder/spi-builder-workspace/.derivedData/ModuleCache.noindex/CoreText-A4VQNJC2C6N2YU8UC8HRQFWX7.pcm
SwiftExplicitDependencyGeneratePcm armv7k /Users/admin/builder/spi-builder-workspace/.derivedData/ModuleCache.noindex/CoreVideo-2PTN1YIYV7GU2CT9JDP5HZ84J.pcm
SwiftExplicitDependencyGeneratePcm arm64 /Users/admin/builder/spi-builder-workspace/.derivedData/ModuleCache.noindex/Foundation-EK2FWRD3ACYA8LSCWDBUAPYS5.pcm
SwiftExplicitDependencyGeneratePcm arm64_32 /Users/admin/builder/spi-builder-workspace/.derivedData/ModuleCache.noindex/Foundation-83JWXXASQB5K8FJA2ZIQES3E6.pcm
SwiftExplicitDependencyGeneratePcm arm64 /Users/admin/builder/spi-builder-workspace/.derivedData/ModuleCache.noindex/CoreVideo-985TMIA44BSS94Q117Y6639D7.pcm
SwiftExplicitDependencyGeneratePcm arm64 /Users/admin/builder/spi-builder-workspace/.derivedData/ModuleCache.noindex/CoreText-EYJRKUQ27WCB1HTRB56IBRY9B.pcm
SwiftExplicitDependencyGeneratePcm arm64_32 /Users/admin/builder/spi-builder-workspace/.derivedData/ModuleCache.noindex/CoreVideo-7UOSE33Y508V1V3IPWM55SEZC.pcm
SwiftExplicitDependencyGeneratePcm arm64_32 /Users/admin/builder/spi-builder-workspace/.derivedData/ModuleCache.noindex/CoreText-79NY5LWZ8HPESJI0AO0MYLN5D.pcm
SwiftExplicitDependencyGeneratePcm armv7k /Users/admin/builder/spi-builder-workspace/.derivedData/ModuleCache.noindex/CoreData-5HSZ1G42JXRTHENVT7YFVT1WK.pcm
SwiftExplicitDependencyGeneratePcm armv7k /Users/admin/builder/spi-builder-workspace/.derivedData/ModuleCache.noindex/DataDetection-DUB5M90MZ6N494PBECDHCMZXX.pcm
SwiftExplicitDependencyGeneratePcm armv7k /Users/admin/builder/spi-builder-workspace/.derivedData/ModuleCache.noindex/UniformTypeIdentifiers-8VMTNDED00UJYJIL2KOGDB4CP.pcm
SwiftExplicitDependencyGeneratePcm armv7k /Users/admin/builder/spi-builder-workspace/.derivedData/ModuleCache.noindex/UserNotifications-9ZIIM2EAGVHQM48XPIPXYG5QL.pcm
SwiftExplicitDependencyGeneratePcm armv7k /Users/admin/builder/spi-builder-workspace/.derivedData/ModuleCache.noindex/Symbols-DRICWJL55WMAR41Y2XZDHKTX8.pcm
SwiftExplicitDependencyGeneratePcm armv7k /Users/admin/builder/spi-builder-workspace/.derivedData/ModuleCache.noindex/CoreTransferable-CXY0UEA4B9J08H0EEQXPNIKIJ.pcm
SwiftExplicitDependencyGeneratePcm armv7k /Users/admin/builder/spi-builder-workspace/.derivedData/ModuleCache.noindex/Accessibility-5NDLT1NK1CT8W5DEJJL3D2Y53.pcm
SwiftExplicitDependencyGeneratePcm armv7k /Users/admin/builder/spi-builder-workspace/.derivedData/ModuleCache.noindex/OSLog-B6IE36ZR3K4ZDO18PV6KIK4EC.pcm
SwiftExplicitDependencyGeneratePcm armv7k /Users/admin/builder/spi-builder-workspace/.derivedData/ModuleCache.noindex/QuartzCore-A36590MAARDDONY7HJ514X72O.pcm
SwiftExplicitDependencyGeneratePcm armv7k /Users/admin/builder/spi-builder-workspace/.derivedData/ModuleCache.noindex/_LocationEssentials-B6BS189QH44W730A4C9U7FN9H.pcm
SwiftExplicitDependencyGeneratePcm armv7k /Users/admin/builder/spi-builder-workspace/.derivedData/ModuleCache.noindex/UIUtilities-21A195FL0ALQ74WSVKQ9WWTO1.pcm
SwiftExplicitDependencyGeneratePcm armv7k /Users/admin/builder/spi-builder-workspace/.derivedData/ModuleCache.noindex/SceneKit-3PJEP60V8OMJTNHRZ47RV7723.pcm
SwiftExplicitDependencyGeneratePcm arm64_32 /Users/admin/builder/spi-builder-workspace/.derivedData/ModuleCache.noindex/UniformTypeIdentifiers-DXPJZXQJE91T5VU8IBTRGQ22W.pcm
SwiftExplicitDependencyGeneratePcm arm64_32 /Users/admin/builder/spi-builder-workspace/.derivedData/ModuleCache.noindex/Symbols-5HQJBE5PYI2IPZ7PAHAX63AGK.pcm
SwiftExplicitDependencyGeneratePcm arm64_32 /Users/admin/builder/spi-builder-workspace/.derivedData/ModuleCache.noindex/SceneKit-DZKRMK5BXOV0TLACMEA27SHW.pcm
SwiftExplicitDependencyGeneratePcm arm64_32 /Users/admin/builder/spi-builder-workspace/.derivedData/ModuleCache.noindex/DataDetection-660BRTUFP46NFLQACAZMXQDZB.pcm
SwiftExplicitDependencyGeneratePcm arm64_32 /Users/admin/builder/spi-builder-workspace/.derivedData/ModuleCache.noindex/CoreData-14E7KK9ZSVMD3TP8ZW2GV0X4S.pcm
SwiftExplicitDependencyGeneratePcm arm64 /Users/admin/builder/spi-builder-workspace/.derivedData/ModuleCache.noindex/SceneKit-6HYRLALRAOP1AZY7LNZH5YW4P.pcm
SwiftExplicitDependencyGeneratePcm arm64 /Users/admin/builder/spi-builder-workspace/.derivedData/ModuleCache.noindex/UniformTypeIdentifiers-E4TOLLH4NNWUYTNS6P5YENY2U.pcm
SwiftExplicitDependencyGeneratePcm arm64 /Users/admin/builder/spi-builder-workspace/.derivedData/ModuleCache.noindex/OSLog-BGTA5CIZOXOV3QB3D2PVT5DN0.pcm
SwiftExplicitDependencyGeneratePcm arm64 /Users/admin/builder/spi-builder-workspace/.derivedData/ModuleCache.noindex/_LocationEssentials-DSWGD8ZEJ2T3Y469RUJ3X9HQX.pcm
SwiftExplicitDependencyGeneratePcm armv7k /Users/admin/builder/spi-builder-workspace/.derivedData/ModuleCache.noindex/CoreLocation-DUWGZB4JXSDADLSHF1HM6NCT7.pcm
SwiftExplicitDependencyGeneratePcm arm64 /Users/admin/builder/spi-builder-workspace/.derivedData/ModuleCache.noindex/UIUtilities-1QO3USC2GRAXGF6SE42B3HQP1.pcm
SwiftExplicitDependencyGeneratePcm armv7k /Users/admin/builder/spi-builder-workspace/.derivedData/ModuleCache.noindex/UIKit-366AOZ0HZFTSGBQLZEBENHO6K.pcm
SwiftExplicitDependencyGeneratePcm arm64_32 /Users/admin/builder/spi-builder-workspace/.derivedData/ModuleCache.noindex/OSLog-15NEI8TBYNL7NGXG5C7ESCAFJ.pcm
SwiftExplicitDependencyGeneratePcm arm64 /Users/admin/builder/spi-builder-workspace/.derivedData/ModuleCache.noindex/DataDetection-3EK58L9949CR2MZEX1ZGTH50R.pcm
SwiftExplicitDependencyGeneratePcm arm64 /Users/admin/builder/spi-builder-workspace/.derivedData/ModuleCache.noindex/CoreTransferable-A9D9L35UIWR6GL3GRYS68ZDXA.pcm
SwiftExplicitDependencyGeneratePcm arm64 /Users/admin/builder/spi-builder-workspace/.derivedData/ModuleCache.noindex/CoreData-KH2054L0187VNCJO73VAG9O3.pcm
SwiftExplicitDependencyGeneratePcm arm64 /Users/admin/builder/spi-builder-workspace/.derivedData/ModuleCache.noindex/Accessibility-6NVQ8KS1ZT8WH1VMRAAMMHEW6.pcm
SwiftExplicitDependencyGeneratePcm arm64 /Users/admin/builder/spi-builder-workspace/.derivedData/ModuleCache.noindex/CoreLocation-78GSJB7V4F8SP5KDY69F1WWGK.pcm
SwiftExplicitDependencyGeneratePcm arm64 /Users/admin/builder/spi-builder-workspace/.derivedData/ModuleCache.noindex/QuartzCore-576A9DFY3Z78V6WR7Q5C98BU1.pcm
SwiftExplicitDependencyGeneratePcm arm64 /Users/admin/builder/spi-builder-workspace/.derivedData/ModuleCache.noindex/Symbols-8BE6DNRL8LFORV399JKUZ6RM1.pcm
SwiftExplicitDependencyGeneratePcm arm64_32 /Users/admin/builder/spi-builder-workspace/.derivedData/ModuleCache.noindex/UIUtilities-E19SAMDRKGYT98T5FC7RGOWDF.pcm
SwiftExplicitDependencyGeneratePcm arm64_32 /Users/admin/builder/spi-builder-workspace/.derivedData/ModuleCache.noindex/_LocationEssentials-9706A5MOX5KXDOCNJXGJGUFY2.pcm
SwiftExplicitDependencyGeneratePcm arm64_32 /Users/admin/builder/spi-builder-workspace/.derivedData/ModuleCache.noindex/QuartzCore-12USPEGADCHTKDTUZCOAXAM63.pcm
SwiftExplicitDependencyGeneratePcm arm64 /Users/admin/builder/spi-builder-workspace/.derivedData/ModuleCache.noindex/UserNotifications-76B3ZCYYCXK8MRR2RYV6828AT.pcm
SwiftExplicitDependencyGeneratePcm arm64_32 /Users/admin/builder/spi-builder-workspace/.derivedData/ModuleCache.noindex/CoreTransferable-6PBL3PO6Z26Q2BWB0QQ5I7VZX.pcm
SwiftExplicitDependencyGeneratePcm arm64_32 /Users/admin/builder/spi-builder-workspace/.derivedData/ModuleCache.noindex/Accessibility-17K8378OMR05GTGTUM9VDIHIV.pcm
SwiftExplicitDependencyGeneratePcm armv7k /Users/admin/builder/spi-builder-workspace/.derivedData/ModuleCache.noindex/SwiftUICore-2O7CH8TRNGIOERLHAYA5PR5HT.pcm
SwiftExplicitDependencyGeneratePcm arm64_32 /Users/admin/builder/spi-builder-workspace/.derivedData/ModuleCache.noindex/UserNotifications-4FDK30O6696DXAYXRVALE4S01.pcm
SwiftExplicitDependencyGeneratePcm arm64_32 /Users/admin/builder/spi-builder-workspace/.derivedData/ModuleCache.noindex/CoreLocation-GIR83NPBEVL0I6ENJTC7DBH8.pcm
SwiftExplicitDependencyGeneratePcm arm64 /Users/admin/builder/spi-builder-workspace/.derivedData/ModuleCache.noindex/SwiftUICore-9LNO6LEESD9O6WBBN6EGBLDNN.pcm
SwiftExplicitDependencyGeneratePcm arm64 /Users/admin/builder/spi-builder-workspace/.derivedData/ModuleCache.noindex/UIKit-C5I9NHZ0ZNO9H8865LVB1667Z.pcm
SwiftExplicitDependencyGeneratePcm arm64_32 /Users/admin/builder/spi-builder-workspace/.derivedData/ModuleCache.noindex/SwiftUICore-7GKJV7A5WP0EZL149SPH61M31.pcm
SwiftExplicitDependencyGeneratePcm arm64_32 /Users/admin/builder/spi-builder-workspace/.derivedData/ModuleCache.noindex/UIKit-6S0NXV803QSHD7MRFKRAJT7GD.pcm
SwiftExplicitDependencyGeneratePcm armv7k /Users/admin/builder/spi-builder-workspace/.derivedData/ModuleCache.noindex/MapKit-E634KLGDNWR5EZBSPCWIPDC2X.pcm
SwiftExplicitDependencyGeneratePcm armv7k /Users/admin/builder/spi-builder-workspace/.derivedData/ModuleCache.noindex/HomeKit-ATYDK5S907FQGMHV6FSM40OC7.pcm
SwiftExplicitDependencyGeneratePcm armv7k /Users/admin/builder/spi-builder-workspace/.derivedData/ModuleCache.noindex/WatchKit-7L47AZSWKET6ZP7XR50NI4N1H.pcm
SwiftExplicitDependencyGeneratePcm arm64 /Users/admin/builder/spi-builder-workspace/.derivedData/ModuleCache.noindex/MapKit-EDZES24QYIBRWK9AI32W480UY.pcm
SwiftExplicitDependencyGeneratePcm arm64 /Users/admin/builder/spi-builder-workspace/.derivedData/ModuleCache.noindex/HomeKit-3WIXGCOLRTKFPGQP6DP56OPJ5.pcm
SwiftExplicitDependencyGeneratePcm arm64_32 /Users/admin/builder/spi-builder-workspace/.derivedData/ModuleCache.noindex/MapKit-12CEZMJRZNHXTHFMD4Y02O9KK.pcm
SwiftExplicitDependencyGeneratePcm arm64_32 /Users/admin/builder/spi-builder-workspace/.derivedData/ModuleCache.noindex/HomeKit-EMRJRHKDIWFWP77UY7M07RU7Q.pcm
SwiftExplicitDependencyGeneratePcm armv7k /Users/admin/builder/spi-builder-workspace/.derivedData/ModuleCache.noindex/SwiftUI-F31QKG5RH0P9678EUL9I8J2XJ.pcm
SwiftExplicitDependencyGeneratePcm arm64 /Users/admin/builder/spi-builder-workspace/.derivedData/ModuleCache.noindex/WatchKit-17IHUIUIOEW19NIXQ7W20M1X8.pcm
SwiftCompile normal armv7k Compiling\ MenuItemView.swift,\ PickerMenuItemView.swift,\ TextFieldMenuItemView.swift,\ ToggleMenuItemView.swift /Users/admin/builder/spi-builder-workspace/Sources/Spices/Internal/Views/MenuItemView.swift /Users/admin/builder/spi-builder-workspace/Sources/Spices/Internal/Views/PickerMenuItemView.swift /Users/admin/builder/spi-builder-workspace/Sources/Spices/Internal/Views/TextFieldMenuItemView.swift /Users/admin/builder/spi-builder-workspace/Sources/Spices/Internal/Views/ToggleMenuItemView.swift (in target 'Spices' from project 'Spices')
SwiftCompile normal armv7k /Users/admin/builder/spi-builder-workspace/Sources/Spices/Internal/Views/MenuItemView.swift (in target 'Spices' from project 'Spices')
cd /Users/admin/builder/spi-builder-workspace/.swiftpm/xcode
SwiftCompile normal armv7k /Users/admin/builder/spi-builder-workspace/Sources/Spices/Internal/Views/PickerMenuItemView.swift (in target 'Spices' from project 'Spices')
cd /Users/admin/builder/spi-builder-workspace/.swiftpm/xcode
SwiftCompile normal armv7k /Users/admin/builder/spi-builder-workspace/Sources/Spices/Internal/Views/TextFieldMenuItemView.swift (in target 'Spices' from project 'Spices')
cd /Users/admin/builder/spi-builder-workspace/.swiftpm/xcode
SwiftCompile normal armv7k /Users/admin/builder/spi-builder-workspace/Sources/Spices/Internal/Views/ToggleMenuItemView.swift (in target 'Spices' from project 'Spices')
cd /Users/admin/builder/spi-builder-workspace/.swiftpm/xcode
SwiftCompile normal armv7k Compiling\ ButtonMenuItemView.swift,\ ChildSpiceStoreMenuItemView.swift,\ MenuItemListContent.swift,\ MenuItemListView.swift /Users/admin/builder/spi-builder-workspace/Sources/Spices/Internal/Views/ButtonMenuItemView.swift /Users/admin/builder/spi-builder-workspace/Sources/Spices/Internal/Views/ChildSpiceStoreMenuItemView.swift /Users/admin/builder/spi-builder-workspace/Sources/Spices/Internal/Views/MenuItemListContent.swift /Users/admin/builder/spi-builder-workspace/Sources/Spices/Internal/Views/MenuItemListView.swift (in target 'Spices' from project 'Spices')
SwiftCompile normal armv7k /Users/admin/builder/spi-builder-workspace/Sources/Spices/Internal/Views/ButtonMenuItemView.swift (in target 'Spices' from project 'Spices')
cd /Users/admin/builder/spi-builder-workspace/.swiftpm/xcode
SwiftCompile normal armv7k /Users/admin/builder/spi-builder-workspace/Sources/Spices/Internal/Views/ChildSpiceStoreMenuItemView.swift (in target 'Spices' from project 'Spices')
cd /Users/admin/builder/spi-builder-workspace/.swiftpm/xcode
SwiftCompile normal armv7k /Users/admin/builder/spi-builder-workspace/Sources/Spices/Internal/Views/MenuItemListContent.swift (in target 'Spices' from project 'Spices')
cd /Users/admin/builder/spi-builder-workspace/.swiftpm/xcode
SwiftCompile normal armv7k /Users/admin/builder/spi-builder-workspace/Sources/Spices/Internal/Views/MenuItemListView.swift (in target 'Spices' from project 'Spices')
cd /Users/admin/builder/spi-builder-workspace/.swiftpm/xcode
SwiftCompile normal armv7k Compiling\ UIApplication+Helpers.swift,\ UIViewController+Helpers.swift,\ View+RestartOnChange.swift,\ AsyncButtonMenuItemView.swift /Users/admin/builder/spi-builder-workspace/Sources/Spices/Internal/UIApplication+Helpers.swift /Users/admin/builder/spi-builder-workspace/Sources/Spices/Internal/UIViewController+Helpers.swift /Users/admin/builder/spi-builder-workspace/Sources/Spices/Internal/View+RestartOnChange.swift /Users/admin/builder/spi-builder-workspace/Sources/Spices/Internal/Views/AsyncButtonMenuItemView.swift (in target 'Spices' from project 'Spices')
SwiftCompile normal armv7k /Users/admin/builder/spi-builder-workspace/Sources/Spices/Internal/UIApplication+Helpers.swift (in target 'Spices' from project 'Spices')
cd /Users/admin/builder/spi-builder-workspace/.swiftpm/xcode
SwiftCompile normal armv7k /Users/admin/builder/spi-builder-workspace/Sources/Spices/Internal/UIViewController+Helpers.swift (in target 'Spices' from project 'Spices')
cd /Users/admin/builder/spi-builder-workspace/.swiftpm/xcode
SwiftCompile normal armv7k /Users/admin/builder/spi-builder-workspace/Sources/Spices/Internal/View+RestartOnChange.swift (in target 'Spices' from project 'Spices')
cd /Users/admin/builder/spi-builder-workspace/.swiftpm/xcode
SwiftCompile normal armv7k /Users/admin/builder/spi-builder-workspace/Sources/Spices/Internal/Views/AsyncButtonMenuItemView.swift (in target 'Spices' from project 'Spices')
cd /Users/admin/builder/spi-builder-workspace/.swiftpm/xcode
SwiftCompile normal armv7k Compiling\ PresentationStyle.swift,\ Spice.swift,\ SpiceEditor.swift,\ SpiceEditorViewController.swift /Users/admin/builder/spi-builder-workspace/Sources/Spices/PresentationStyle.swift /Users/admin/builder/spi-builder-workspace/Sources/Spices/Spice.swift /Users/admin/builder/spi-builder-workspace/Sources/Spices/SpiceEditor.swift /Users/admin/builder/spi-builder-workspace/Sources/Spices/SpiceEditorViewController.swift (in target 'Spices' from project 'Spices')
SwiftCompile normal armv7k /Users/admin/builder/spi-builder-workspace/Sources/Spices/PresentationStyle.swift (in target 'Spices' from project 'Spices')
cd /Users/admin/builder/spi-builder-workspace/.swiftpm/xcode
SwiftCompile normal armv7k /Users/admin/builder/spi-builder-workspace/Sources/Spices/Spice.swift (in target 'Spices' from project 'Spices')
cd /Users/admin/builder/spi-builder-workspace/.swiftpm/xcode
SwiftCompile normal armv7k /Users/admin/builder/spi-builder-workspace/Sources/Spices/SpiceEditor.swift (in target 'Spices' from project 'Spices')
cd /Users/admin/builder/spi-builder-workspace/.swiftpm/xcode
SwiftCompile normal armv7k /Users/admin/builder/spi-builder-workspace/Sources/Spices/SpiceEditorViewController.swift (in target 'Spices' from project 'Spices')
cd /Users/admin/builder/spi-builder-workspace/.swiftpm/xcode
SwiftCompile normal armv7k Compiling\ UserInteraction.swift,\ View+ConfigureSheetPresentation.swift,\ View+ErrorAlert.swift,\ ViewMenuItemView.swift /Users/admin/builder/spi-builder-workspace/Sources/Spices/Internal/Views/UserInteraction.swift /Users/admin/builder/spi-builder-workspace/Sources/Spices/Internal/Views/View+ConfigureSheetPresentation.swift /Users/admin/builder/spi-builder-workspace/Sources/Spices/Internal/Views/View+ErrorAlert.swift /Users/admin/builder/spi-builder-workspace/Sources/Spices/Internal/Views/ViewMenuItemView.swift (in target 'Spices' from project 'Spices')
SwiftCompile normal armv7k /Users/admin/builder/spi-builder-workspace/Sources/Spices/Internal/Views/UserInteraction.swift (in target 'Spices' from project 'Spices')
cd /Users/admin/builder/spi-builder-workspace/.swiftpm/xcode
SwiftCompile normal armv7k /Users/admin/builder/spi-builder-workspace/Sources/Spices/Internal/Views/View+ConfigureSheetPresentation.swift (in target 'Spices' from project 'Spices')
cd /Users/admin/builder/spi-builder-workspace/.swiftpm/xcode
SwiftCompile normal armv7k /Users/admin/builder/spi-builder-workspace/Sources/Spices/Internal/Views/View+ErrorAlert.swift (in target 'Spices' from project 'Spices')
cd /Users/admin/builder/spi-builder-workspace/.swiftpm/xcode
SwiftCompile normal armv7k /Users/admin/builder/spi-builder-workspace/Sources/Spices/Internal/Views/ViewMenuItemView.swift (in target 'Spices' from project 'Spices')
cd /Users/admin/builder/spi-builder-workspace/.swiftpm/xcode
SwiftCompile normal armv7k Compiling\ SpiceEditorWindow.swift,\ SpiceStore.swift,\ SpicesTitleProvider.swift,\ View+SpiceEditor.swift /Users/admin/builder/spi-builder-workspace/Sources/Spices/SpiceEditorWindow.swift /Users/admin/builder/spi-builder-workspace/Sources/Spices/SpiceStore.swift /Users/admin/builder/spi-builder-workspace/Sources/Spices/SpicesTitleProvider.swift /Users/admin/builder/spi-builder-workspace/Sources/Spices/View+SpiceEditor.swift (in target 'Spices' from project 'Spices')
SwiftCompile normal armv7k /Users/admin/builder/spi-builder-workspace/Sources/Spices/SpiceEditorWindow.swift (in target 'Spices' from project 'Spices')
cd /Users/admin/builder/spi-builder-workspace/.swiftpm/xcode
SwiftCompile normal armv7k /Users/admin/builder/spi-builder-workspace/Sources/Spices/SpiceStore.swift (in target 'Spices' from project 'Spices')
cd /Users/admin/builder/spi-builder-workspace/.swiftpm/xcode
SwiftCompile normal armv7k /Users/admin/builder/spi-builder-workspace/Sources/Spices/SpicesTitleProvider.swift (in target 'Spices' from project 'Spices')
cd /Users/admin/builder/spi-builder-workspace/.swiftpm/xcode
SwiftCompile normal armv7k /Users/admin/builder/spi-builder-workspace/Sources/Spices/View+SpiceEditor.swift (in target 'Spices' from project 'Spices')
cd /Users/admin/builder/spi-builder-workspace/.swiftpm/xcode
SwiftEmitModule normal armv7k Emitting\ module\ for\ Spices (in target 'Spices' from project 'Spices')
Failed frontend command:
/Applications/Xcode-26.5.0.app/Contents/Developer/Toolchains/XcodeDefault.xctoolchain/usr/bin/swift-frontend -frontend -emit-module -experimental-skip-non-inlinable-function-bodies-without-types /Users/admin/builder/spi-builder-workspace/Sources/Spices/Internal/MenuItems/AsyncButtonMenuItem.swift /Users/admin/builder/spi-builder-workspace/Sources/Spices/Internal/MenuItems/ButtonMenuItem.swift /Users/admin/builder/spi-builder-workspace/Sources/Spices/Internal/MenuItems/ChildSpiceStoreMenuItem.swift /Users/admin/builder/spi-builder-workspace/Sources/Spices/Internal/MenuItems/MenuItem.swift /Users/admin/builder/spi-builder-workspace/Sources/Spices/Internal/MenuItems/MenuItemProvider.swift /Users/admin/builder/spi-builder-workspace/Sources/Spices/Internal/MenuItems/PickerMenuItem.swift /Users/admin/builder/spi-builder-workspace/Sources/Spices/Internal/MenuItems/TextFieldMenuItem.swift /Users/admin/builder/spi-builder-workspace/Sources/Spices/Internal/MenuItems/ToggleMenuItem.swift /Users/admin/builder/spi-builder-workspace/Sources/Spices/Internal/MenuItems/ViewMenuItem.swift /Users/admin/builder/spi-builder-workspace/Sources/Spices/Internal/Name.swift /Users/admin/builder/spi-builder-workspace/Sources/Spices/Internal/Preparable.swift /Users/admin/builder/spi-builder-workspace/Sources/Spices/Internal/Storage/AnyStorage.swift /Users/admin/builder/spi-builder-workspace/Sources/Spices/Internal/Storage/Storage.swift /Users/admin/builder/spi-builder-workspace/Sources/Spices/Internal/Storage/ThrowingStorage.swift /Users/admin/builder/spi-builder-workspace/Sources/Spices/Internal/Storage/UserDefaultsStorage.swift /Users/admin/builder/spi-builder-workspace/Sources/Spices/Internal/String+Helpers.swift /Users/admin/builder/spi-builder-workspace/Sources/Spices/Internal/UIApplication+Helpers.swift /Users/admin/builder/spi-builder-workspace/Sources/Spices/Internal/UIViewController+Helpers.swift /Users/admin/builder/spi-builder-workspace/Sources/Spices/Internal/View+RestartOnChange.swift /Users/admin/builder/spi-builder-workspace/Sources/Spices/Internal/Views/AsyncButtonMenuItemView.swift /Users/admin/builder/spi-builder-workspace/Sources/Spices/Internal/Views/ButtonMenuItemView.swift /Users/admin/builder/spi-builder-workspace/Sources/Spices/Internal/Views/ChildSpiceStoreMenuItemView.swift /Users/admin/builder/spi-builder-workspace/Sources/Spices/Internal/Views/MenuItemListContent.swift /Users/admin/builder/spi-builder-workspace/Sources/Spices/Internal/Views/MenuItemListView.swift /Users/admin/builder/spi-builder-workspace/Sources/Spices/Internal/Views/MenuItemView.swift /Users/admin/builder/spi-builder-workspace/Sources/Spices/Internal/Views/PickerMenuItemView.swift /Users/admin/builder/spi-builder-workspace/Sources/Spices/Internal/Views/TextFieldMenuItemView.swift /Users/admin/builder/spi-builder-workspace/Sources/Spices/Internal/Views/ToggleMenuItemView.swift /Users/admin/builder/spi-builder-workspace/Sources/Spices/Internal/Views/UserInteraction.swift /Users/admin/builder/spi-builder-workspace/Sources/Spices/Internal/Views/View+ConfigureSheetPresentation.swift /Users/admin/builder/spi-builder-workspace/Sources/Spices/Internal/Views/View+ErrorAlert.swift /Users/admin/builder/spi-builder-workspace/Sources/Spices/Internal/Views/ViewMenuItemView.swift /Users/admin/builder/spi-builder-workspace/Sources/Spices/PresentationStyle.swift /Users/admin/builder/spi-builder-workspace/Sources/Spices/Spice.swift /Users/admin/builder/spi-builder-workspace/Sources/Spices/SpiceEditor.swift /Users/admin/builder/spi-builder-workspace/Sources/Spices/SpiceEditorViewController.swift /Users/admin/builder/spi-builder-workspace/Sources/Spices/SpiceEditorWindow.swift /Users/admin/builder/spi-builder-workspace/Sources/Spices/SpiceStore.swift /Users/admin/builder/spi-builder-workspace/Sources/Spices/SpicesTitleProvider.swift /Users/admin/builder/spi-builder-workspace/Sources/Spices/View+SpiceEditor.swift -target armv7k-apple-watchos8.0 -module-can-import-version UIKit 9126.5.5 9126.5.5 -load-resolved-plugin /Applications/Xcode-26.5.0.app/Contents/Developer/Platforms/WatchOS.platform/Developer/usr/lib/swift/host/plugins/libFoundationMacros.dylib\#/Applications/Xcode-26.5.0.app/Contents/Developer/Platforms/WatchOS.platform/Developer/usr/bin/swift-plugin-server\#FoundationMacros -load-resolved-plugin /Applications/Xcode-26.5.0.app/Contents/Developer/Platforms/WatchOS.platform/Developer/usr/lib/swift/host/plugins/libObservationMacros.dylib\#/Applications/Xcode-26.5.0.app/Contents/Developer/Platforms/WatchOS.platform/Developer/usr/bin/swift-plugin-server\#ObservationMacros -load-resolved-plugin /Applications/Xcode-26.5.0.app/Contents/Developer/Platforms/WatchOS.platform/Developer/usr/lib/swift/host/plugins/libPreviewsMacros.dylib\#/Applications/Xcode-26.5.0.app/Contents/Developer/Platforms/WatchOS.platform/Developer/usr/bin/swift-plugin-server\#PreviewsMacros -load-resolved-plugin /Applications/Xcode-26.5.0.app/Contents/Developer/Platforms/WatchOS.platform/Developer/usr/lib/swift/host/plugins/libSwiftMacros.dylib\#/Applications/Xcode-26.5.0.app/Contents/Developer/Platforms/WatchOS.platform/Developer/usr/bin/swift-plugin-server\#SwiftMacros -load-resolved-plugin /Applications/Xcode-26.5.0.app/Contents/Developer/Platforms/WatchOS.platform/Developer/usr/lib/swift/host/plugins/libSwiftUIMacros.dylib\#/Applications/Xcode-26.5.0.app/Contents/Developer/Platforms/WatchOS.platform/Developer/usr/bin/swift-plugin-server\#SwiftUIMacros -disable-implicit-swift-modules -Xcc -fno-implicit-modules -Xcc -fno-implicit-module-maps -explicit-swift-module-map-file /Users/admin/builder/spi-builder-workspace/.derivedData/Build/Intermediates.noindex/Spices.build/Debug-watchos/Spices.build/Objects-normal/armv7k/Spices-dependencies-1.json -enable-objc-interop -stack-check -sdk /Applications/Xcode-26.5.0.app/Contents/Developer/Platforms/WatchOS.platform/Developer/SDKs/WatchOS26.5.sdk -I /Users/admin/builder/spi-builder-workspace/.derivedData/Build/Products/Debug-watchos -Isystem /Applications/Xcode-26.5.0.app/Contents/Developer/Platforms/WatchOS.platform/Developer/usr/lib -F /Users/admin/builder/spi-builder-workspace/.derivedData/Build/Products/Debug-watchos -F /Applications/Xcode-26.5.0.app/Contents/Developer/Platforms/WatchOS.platform/Developer/Library/Frameworks -F /Applications/Xcode-26.5.0.app/Contents/Developer/Platforms/WatchOS.platform/Developer/SDKs/WatchOS26.5.sdk/Developer/Library/Frameworks -no-color-diagnostics -Xcc -fno-color-diagnostics -enable-testing -g -debug-info-format\=dwarf -dwarf-version\=4 -module-cache-path /Users/admin/builder/spi-builder-workspace/.derivedData/Build/Intermediates.noindex/SwiftExplicitPrecompiledModules -profile-generate -profile-coverage-mapping -swift-version 6 -Onone -D SWIFT_PACKAGE -D DEBUG -D SWIFT_MODULE_RESOURCE_BUNDLE_UNAVAILABLE -D Xcode -serialize-debugging-options -const-gather-protocols-file /Users/admin/builder/spi-builder-workspace/.derivedData/Build/Intermediates.noindex/Spices.build/Debug-watchos/Spices.build/Objects-normal/armv7k/Spices_const_extract_protocols.json -enable-experimental-feature DebugDescriptionMacro -empty-abi-descriptor -validate-clang-modules-once -clang-build-session-file /Users/admin/builder/spi-builder-workspace/.derivedData/ModuleCache.noindex/Session.modulevalidation -Xcc -working-directory -Xcc /Users/admin/builder/spi-builder-workspace/.swiftpm/xcode -enable-anonymous-context-mangled-names -file-compilation-dir /Users/admin/builder/spi-builder-workspace/.swiftpm/xcode -Xcc -D_LIBCPP_HARDENING_MODE\=_LIBCPP_HARDENING_MODE_DEBUG -Xcc -ivfsstatcache -Xcc /Users/admin/builder/spi-builder-workspace/.derivedData/SDKStatCaches.noindex/watchos26.5-23T570-688ef53f1462e2c8f657fdc38a81448f7931b973dfc65d9472806dbbc3af9379.sdkstatcache -Xcc -I/Users/admin/builder/spi-builder-workspace/.derivedData/Build/Intermediates.noindex/Spices.build/Debug-watchos/Spices.build/swift-overrides.hmap -Xcc -I/Users/admin/builder/spi-builder-workspace/.derivedData/Build/Products/Debug-watchos/include -Xcc -I/Users/admin/builder/spi-builder-workspace/.derivedData/Build/Intermediates.noindex/Spices.build/Debug-watchos/Spices.build/DerivedSources-normal/armv7k -Xcc -I/Users/admin/builder/spi-builder-workspace/.derivedData/Build/Intermediates.noindex/Spices.build/Debug-watchos/Spices.build/DerivedSources/armv7k -Xcc -I/Users/admin/builder/spi-builder-workspace/.derivedData/Build/Intermediates.noindex/Spices.build/Debug-watchos/Spices.build/DerivedSources -Xcc -DSWIFT_PACKAGE -Xcc -DDEBUG\=1 -no-auto-bridging-header-chaining -module-name Spices -package-name spi_builder_workspace -frontend-parseable-output -disable-clang-spi -clang-target armv7k-apple-watchos26.5 -target-sdk-version 26.5 -target-sdk-name watchos26.5 -in-process-plugin-server-path /Applications/Xcode-26.5.0.app/Contents/Developer/Toolchains/XcodeDefault.xctoolchain/usr/lib/swift/host/libSwiftInProcPluginServer.dylib -emit-module-doc-path /Users/admin/builder/spi-builder-workspace/.derivedData/Build/Intermediates.noindex/Spices.build/Debug-watchos/Spices.build/Objects-normal/armv7k/Spices.swiftdoc -emit-module-source-info-path /Users/admin/builder/spi-builder-workspace/.derivedData/Build/Intermediates.noindex/Spices.build/Debug-watchos/Spices.build/Objects-normal/armv7k/Spices.swiftsourceinfo -emit-objc-header-path /Users/admin/builder/spi-builder-workspace/.derivedData/Build/Intermediates.noindex/Spices.build/Debug-watchos/Spices.build/Objects-normal/armv7k/Spices-Swift.h -serialize-diagnostics-path /Users/admin/builder/spi-builder-workspace/.derivedData/Build/Intermediates.noindex/Spices.build/Debug-watchos/Spices.build/Objects-normal/armv7k/Spices-primary-emit-module.dia -emit-dependencies-path /Users/admin/builder/spi-builder-workspace/.derivedData/Build/Intermediates.noindex/Spices.build/Debug-watchos/Spices.build/Objects-normal/armv7k/Spices-primary-emit-module.d -o /Users/admin/builder/spi-builder-workspace/.derivedData/Build/Intermediates.noindex/Spices.build/Debug-watchos/Spices.build/Objects-normal/armv7k/Spices.swiftmodule -emit-abi-descriptor-path /Users/admin/builder/spi-builder-workspace/.derivedData/Build/Intermediates.noindex/Spices.build/Debug-watchos/Spices.build/Objects-normal/armv7k/Spices.abi.json
EmitSwiftModule normal armv7k (in target 'Spices' from project 'Spices')
cd /Users/admin/builder/spi-builder-workspace/.swiftpm/xcode
/Users/admin/builder/spi-builder-workspace/Sources/Spices/Internal/UIApplication+Helpers.swift:25:27: error: 'UIWindow' is unavailable in watchOS
var shp_activeWindow: UIWindow? {
^~~~~~~~
/Applications/Xcode-26.5.0.app/Contents/Developer/Platforms/WatchOS.platform/Developer/SDKs/WatchOS26.5.sdk/System/Library/Frameworks/UIKit.framework/Headers/UIWindow.h:22:12: note: 'UIWindow' has been explicitly marked unavailable here
@interface UIWindow : UIView
^
/Users/admin/builder/spi-builder-workspace/Sources/Spices/Internal/UIApplication+Helpers.swift:4:11: error: 'UIApplication' is unavailable in watchOS
extension UIApplication {
^~~~~~~~~~~~~
/Applications/Xcode-26.5.0.app/Contents/Developer/Platforms/WatchOS.platform/Developer/SDKs/WatchOS26.5.sdk/System/Library/Frameworks/UIKit.framework/Headers/UIApplication.h:85:12: note: 'UIApplication' has been explicitly marked unavailable here
@interface UIApplication : UIResponder
^
/Users/admin/builder/spi-builder-workspace/Sources/Spices/Internal/UIApplication+Helpers.swift:35:37: error: 'UIWindowScene' is unavailable in watchOS
private var shp_preferredScene: UIWindowScene? {
^~~~~~~~~~~~~
/Applications/Xcode-26.5.0.app/Contents/Developer/Platforms/WatchOS.platform/Developer/SDKs/WatchOS26.5.sdk/System/Library/Frameworks/UIKit.framework/Headers/UIWindowScene.h:21:12: note: 'UIWindowScene' has been explicitly marked unavailable here
@interface UIWindowScene : UIScene
^
/Users/admin/builder/spi-builder-workspace/Sources/Spices/Internal/UIApplication+Helpers.swift:33:19: error: 'UIApplication' is unavailable in watchOS
private extension UIApplication {
^~~~~~~~~~~~~
/Applications/Xcode-26.5.0.app/Contents/Developer/Platforms/WatchOS.platform/Developer/SDKs/WatchOS26.5.sdk/System/Library/Frameworks/UIKit.framework/Headers/UIApplication.h:85:12: note: 'UIApplication' has been explicitly marked unavailable here
@interface UIApplication : UIResponder
^
/Users/admin/builder/spi-builder-workspace/Sources/Spices/Internal/UIViewController+Helpers.swift:6:32: error: 'UIViewController' is unavailable in watchOS
var shp_topViewController: UIViewController {
^~~~~~~~~~~~~~~~
/Applications/Xcode-26.5.0.app/Contents/Developer/Platforms/WatchOS.platform/Developer/SDKs/WatchOS26.5.sdk/System/Library/Frameworks/UIKit.framework/Headers/UIViewController.h:102:12: note: 'UIViewController' has been explicitly marked unavailable here
@interface UIViewController : UIResponder <NSCoding, UIAppearanceContainer, UITraitEnvironment, UIContentContainer, UIFocusEnvironment>
^
/Users/admin/builder/spi-builder-workspace/Sources/Spices/Internal/UIViewController+Helpers.swift:4:11: error: 'UIViewController' is unavailable in watchOS
extension UIViewController {
^~~~~~~~~~~~~~~~
/Applications/Xcode-26.5.0.app/Contents/Developer/Platforms/WatchOS.platform/Developer/SDKs/WatchOS26.5.sdk/System/Library/Frameworks/UIKit.framework/Headers/UIViewController.h:102:12: note: 'UIViewController' has been explicitly marked unavailable here
@interface UIViewController : UIResponder <NSCoding, UIAppearanceContainer, UITraitEnvironment, UIContentContainer, UIFocusEnvironment>
^
/Users/admin/builder/spi-builder-workspace/Sources/Spices/SpiceEditorViewController.swift:15:47: error: cannot find type 'UIHostingController' in scope
public final class SpiceEditorViewController: UIHostingController<SpiceEditor> {
^~~~~~~~~~~~~~~~~~~
/Users/admin/builder/spi-builder-workspace/Sources/Spices/SpiceEditorWindow.swift:33:21: error: cannot override 'init' which has been marked unavailable
override public init(windowScene: UIWindowScene) {
^
/Applications/Xcode-26.5.0.app/Contents/Developer/Platforms/WatchOS.platform/Developer/SDKs/WatchOS26.5.sdk/System/Library/Frameworks/UIKit.framework/Headers/UIWindow.h:25:1: note: 'init(windowScene:)' has been explicitly marked unavailable here
- (instancetype)initWithWindowScene:(UIWindowScene *)windowScene NS_DESIGNATED_INITIALIZER API_AVAILABLE(ios(13.0)) API_UNAVAILABLE(watchos);
^
/Users/admin/builder/spi-builder-workspace/Sources/Spices/SpiceEditorWindow.swift:33:21: note: remove 'override' modifier to declare a new 'init'
override public init(windowScene: UIWindowScene) {
~~~~~~~~~ ^
/Users/admin/builder/spi-builder-workspace/Sources/Spices/SpiceEditorWindow.swift:24:66: error: 'UIViewController' is unavailable in watchOS
private static weak var presentedSpicesEditorViewController: UIViewController?
^~~~~~~~~~~~~~~~
/Applications/Xcode-26.5.0.app/Contents/Developer/Platforms/WatchOS.platform/Developer/SDKs/WatchOS26.5.sdk/System/Library/Frameworks/UIKit.framework/Headers/UIViewController.h:102:12: note: 'UIViewController' has been explicitly marked unavailable here
@interface UIViewController : UIResponder <NSCoding, UIAppearanceContainer, UITraitEnvironment, UIContentContainer, UIFocusEnvironment>
^
/Users/admin/builder/spi-builder-workspace/Sources/Spices/SpiceEditorWindow.swift:33:39: error: 'UIWindowScene' is unavailable in watchOS
override public init(windowScene: UIWindowScene) {
^~~~~~~~~~~~~
/Applications/Xcode-26.5.0.app/Contents/Developer/Platforms/WatchOS.platform/Developer/SDKs/WatchOS26.5.sdk/System/Library/Frameworks/UIKit.framework/Headers/UIWindowScene.h:21:12: note: 'UIWindowScene' has been explicitly marked unavailable here
@interface UIWindowScene : UIScene
^
/Users/admin/builder/spi-builder-workspace/Sources/Spices/SpiceEditorWindow.swift:46:30: error: 'UIWindowScene' is unavailable in watchOS
public init(windowScene: UIWindowScene, editing spiceStore: any SpiceStore) {
^~~~~~~~~~~~~
/Applications/Xcode-26.5.0.app/Contents/Developer/Platforms/WatchOS.platform/Developer/SDKs/WatchOS26.5.sdk/System/Library/Frameworks/UIKit.framework/Headers/UIWindowScene.h:21:12: note: 'UIWindowScene' has been explicitly marked unavailable here
@interface UIWindowScene : UIScene
^
/Users/admin/builder/spi-builder-workspace/Sources/Spices/SpiceEditorWindow.swift:60:30: error: 'UIWindowScene' is unavailable in watchOS
public init(windowScene: UIWindowScene, editing spiceStore: any SpiceStore, title: String) {
^~~~~~~~~~~~~
/Applications/Xcode-26.5.0.app/Contents/Developer/Platforms/WatchOS.platform/Developer/SDKs/WatchOS26.5.sdk/System/Library/Frameworks/UIKit.framework/Headers/UIWindowScene.h:21:12: note: 'UIWindowScene' has been explicitly marked unavailable here
@interface UIWindowScene : UIScene
^
/Users/admin/builder/spi-builder-workspace/Sources/Spices/SpiceEditorWindow.swift:72:46: error: 'UIEvent' is unavailable in watchOS
override open func motionEnded(_ motion: UIEvent.EventSubtype, with event: UIEvent?) {
^~~~~~~
/Applications/Xcode-26.5.0.app/Contents/Developer/Platforms/WatchOS.platform/Developer/SDKs/WatchOS26.5.sdk/System/Library/Frameworks/UIKit.framework/Headers/UIEvent.h:62:12: note: 'UIEvent' has been explicitly marked unavailable here
@interface UIEvent : NSObject
^
/Users/admin/builder/spi-builder-workspace/Sources/Spices/SpiceEditorWindow.swift:72:80: error: 'UIEvent' is unavailable in watchOS
override open func motionEnded(_ motion: UIEvent.EventSubtype, with event: UIEvent?) {
^~~~~~~
/Applications/Xcode-26.5.0.app/Contents/Developer/Platforms/WatchOS.platform/Developer/SDKs/WatchOS26.5.sdk/System/Library/Frameworks/UIKit.framework/Headers/UIEvent.h:62:12: note: 'UIEvent' has been explicitly marked unavailable here
@interface UIEvent : NSObject
^
/Users/admin/builder/spi-builder-workspace/Sources/Spices/SpiceEditorWindow.swift:23:31: error: 'UIWindow' is unavailable in watchOS
open class SpiceEditorWindow: UIWindow {
^~~~~~~~
/Applications/Xcode-26.5.0.app/Contents/Developer/Platforms/WatchOS.platform/Developer/SDKs/WatchOS26.5.sdk/System/Library/Frameworks/UIKit.framework/Headers/UIWindow.h:22:12: note: 'UIWindow' has been explicitly marked unavailable here
@interface UIWindow : UIView
^
/Users/admin/builder/spi-builder-workspace/Sources/Spices/View+SpiceEditor.swift:108:37: error: 'UIViewController' is unavailable in watchOS
static weak var viewController: UIViewController?
^~~~~~~~~~~~~~~~
/Applications/Xcode-26.5.0.app/Contents/Developer/Platforms/WatchOS.platform/Developer/SDKs/WatchOS26.5.sdk/System/Library/Frameworks/UIKit.framework/Headers/UIViewController.h:102:12: note: 'UIViewController' has been explicitly marked unavailable here
@interface UIViewController : UIResponder <NSCoding, UIAppearanceContainer, UITraitEnvironment, UIContentContainer, UIFocusEnvironment>
^
/Users/admin/builder/spi-builder-workspace/Sources/Spices/View+SpiceEditor.swift:116:46: error: 'UIEvent' is unavailable in watchOS
override open func motionEnded(_ motion: UIEvent.EventSubtype, with event: UIEvent?) {
^~~~~~~
/Applications/Xcode-26.5.0.app/Contents/Developer/Platforms/WatchOS.platform/Developer/SDKs/WatchOS26.5.sdk/System/Library/Frameworks/UIKit.framework/Headers/UIEvent.h:62:12: note: 'UIEvent' has been explicitly marked unavailable here
@interface UIEvent : NSObject
^
/Users/admin/builder/spi-builder-workspace/Sources/Spices/View+SpiceEditor.swift:116:80: error: 'UIEvent' is unavailable in watchOS
override open func motionEnded(_ motion: UIEvent.EventSubtype, with event: UIEvent?) {
^~~~~~~
/Applications/Xcode-26.5.0.app/Contents/Developer/Platforms/WatchOS.platform/Developer/SDKs/WatchOS26.5.sdk/System/Library/Frameworks/UIKit.framework/Headers/UIEvent.h:62:12: note: 'UIEvent' has been explicitly marked unavailable here
@interface UIEvent : NSObject
^
/Users/admin/builder/spi-builder-workspace/Sources/Spices/View+SpiceEditor.swift:113:11: error: 'UIWindow' is unavailable in watchOS
extension UIWindow {
^~~~~~~~
/Applications/Xcode-26.5.0.app/Contents/Developer/Platforms/WatchOS.platform/Developer/SDKs/WatchOS26.5.sdk/System/Library/Frameworks/UIKit.framework/Headers/UIWindow.h:22:12: note: 'UIWindow' has been explicitly marked unavailable here
@interface UIWindow : UIView
^
SwiftCompile normal armv7k Compiling\ Storage.swift,\ ThrowingStorage.swift,\ UserDefaultsStorage.swift,\ String+Helpers.swift /Users/admin/builder/spi-builder-workspace/Sources/Spices/Internal/Storage/Storage.swift /Users/admin/builder/spi-builder-workspace/Sources/Spices/Internal/Storage/ThrowingStorage.swift /Users/admin/builder/spi-builder-workspace/Sources/Spices/Internal/Storage/UserDefaultsStorage.swift /Users/admin/builder/spi-builder-workspace/Sources/Spices/Internal/String+Helpers.swift (in target 'Spices' from project 'Spices')
SwiftCompile normal armv7k /Users/admin/builder/spi-builder-workspace/Sources/Spices/Internal/Storage/Storage.swift (in target 'Spices' from project 'Spices')
cd /Users/admin/builder/spi-builder-workspace/.swiftpm/xcode
SwiftCompile normal armv7k /Users/admin/builder/spi-builder-workspace/Sources/Spices/Internal/Storage/ThrowingStorage.swift (in target 'Spices' from project 'Spices')
cd /Users/admin/builder/spi-builder-workspace/.swiftpm/xcode
SwiftCompile normal armv7k /Users/admin/builder/spi-builder-workspace/Sources/Spices/Internal/Storage/UserDefaultsStorage.swift (in target 'Spices' from project 'Spices')
cd /Users/admin/builder/spi-builder-workspace/.swiftpm/xcode
SwiftCompile normal armv7k /Users/admin/builder/spi-builder-workspace/Sources/Spices/Internal/String+Helpers.swift (in target 'Spices' from project 'Spices')
cd /Users/admin/builder/spi-builder-workspace/.swiftpm/xcode
SwiftCompile normal armv7k Compiling\ MenuItemProvider.swift,\ PickerMenuItem.swift,\ TextFieldMenuItem.swift,\ ToggleMenuItem.swift /Users/admin/builder/spi-builder-workspace/Sources/Spices/Internal/MenuItems/MenuItemProvider.swift /Users/admin/builder/spi-builder-workspace/Sources/Spices/Internal/MenuItems/PickerMenuItem.swift /Users/admin/builder/spi-builder-workspace/Sources/Spices/Internal/MenuItems/TextFieldMenuItem.swift /Users/admin/builder/spi-builder-workspace/Sources/Spices/Internal/MenuItems/ToggleMenuItem.swift (in target 'Spices' from project 'Spices')
SwiftCompile normal armv7k /Users/admin/builder/spi-builder-workspace/Sources/Spices/Internal/MenuItems/MenuItemProvider.swift (in target 'Spices' from project 'Spices')
cd /Users/admin/builder/spi-builder-workspace/.swiftpm/xcode
SwiftCompile normal armv7k /Users/admin/builder/spi-builder-workspace/Sources/Spices/Internal/MenuItems/PickerMenuItem.swift (in target 'Spices' from project 'Spices')
cd /Users/admin/builder/spi-builder-workspace/.swiftpm/xcode
SwiftCompile normal armv7k /Users/admin/builder/spi-builder-workspace/Sources/Spices/Internal/MenuItems/TextFieldMenuItem.swift (in target 'Spices' from project 'Spices')
cd /Users/admin/builder/spi-builder-workspace/.swiftpm/xcode
SwiftCompile normal armv7k /Users/admin/builder/spi-builder-workspace/Sources/Spices/Internal/MenuItems/ToggleMenuItem.swift (in target 'Spices' from project 'Spices')
cd /Users/admin/builder/spi-builder-workspace/.swiftpm/xcode
SwiftExplicitDependencyGeneratePcm arm64_32 /Users/admin/builder/spi-builder-workspace/.derivedData/ModuleCache.noindex/WatchKit-D66XOXFVU5LFAMA60XKFW15CJ.pcm
SwiftExplicitDependencyGeneratePcm arm64 /Users/admin/builder/spi-builder-workspace/.derivedData/ModuleCache.noindex/SwiftUI-CG6ECLZX98OUCDX22DNETYRI5.pcm
SwiftExplicitDependencyGeneratePcm arm64_32 /Users/admin/builder/spi-builder-workspace/.derivedData/ModuleCache.noindex/SwiftUI-125OTHMG1VS2A2YX0HQ9TNHR.pcm
2026-08-24 16:55:03.288 xcodebuild[661:4018] [MT] IDERunDestination: Supported platforms for the buildables in the current scheme is empty.
** BUILD FAILED **
The following build commands failed:
SwiftEmitModule normal armv7k Emitting\ module\ for\ Spices (in target 'Spices' from project 'Spices')
EmitSwiftModule normal armv7k (in target 'Spices' from project 'Spices')
Building workspace spi-builder-workspace with scheme Spices
(3 failures)
Command line invocation:
/Applications/Xcode-26.5.0.app/Contents/Developer/usr/bin/xcodebuild -IDEClonedSourcePackagesDirPathOverride=/Users/admin/builder/spi-builder-workspace/.dependencies -resolvePackageDependencies
Resolve Package Graph
Resolved source packages:
Spices: /Users/admin/builder/spi-builder-workspace
resolved source packages: Spices
2026-08-24 16:55:10.530 xcodebuild[851:4715] [MT] IDERunDestination: Supported platforms for the buildables in the current scheme is empty.
{
"dependencies" : [
],
"manifest_display_name" : "Spices",
"name" : "Spices",
"path" : "/Users/admin/builder/spi-builder-workspace",
"platforms" : [
{
"name" : "ios",
"version" : "15.0"
},
{
"name" : "visionos",
"version" : "1.0"
}
],
"products" : [
{
"name" : "Spices",
"targets" : [
"Spices"
],
"type" : {
"library" : [
"automatic"
]
}
}
],
"targets" : [
{
"c99name" : "SpicesTests",
"module_type" : "SwiftTarget",
"name" : "SpicesTests",
"path" : "Tests/SpicesTests",
"sources" : [
"AnyStorageTests.swift",
"CamelCaseToNaturalTextTests.swift",
"Helpers/UserDefaults+Helpers.swift",
"Mocks/MockEnvironment.swift",
"Mocks/MockSpiceStore.swift",
"Mocks/MockStorage.swift",
"SpiceTests.swift",
"UserDefaultsStorageTests.swift"
],
"target_dependencies" : [
"Spices"
],
"type" : "test"
},
{
"c99name" : "Spices",
"module_type" : "SwiftTarget",
"name" : "Spices",
"path" : "Sources/Spices",
"product_memberships" : [
"Spices"
],
"sources" : [
"Internal/MenuItems/AsyncButtonMenuItem.swift",
"Internal/MenuItems/ButtonMenuItem.swift",
"Internal/MenuItems/ChildSpiceStoreMenuItem.swift",
"Internal/MenuItems/MenuItem.swift",
"Internal/MenuItems/MenuItemProvider.swift",
"Internal/MenuItems/PickerMenuItem.swift",
"Internal/MenuItems/TextFieldMenuItem.swift",
"Internal/MenuItems/ToggleMenuItem.swift",
"Internal/MenuItems/ViewMenuItem.swift",
"Internal/Name.swift",
"Internal/Preparable.swift",
"Internal/Storage/AnyStorage.swift",
"Internal/Storage/Storage.swift",
"Internal/Storage/ThrowingStorage.swift",
"Internal/Storage/UserDefaultsStorage.swift",
"Internal/String+Helpers.swift",
"Internal/UIApplication+Helpers.swift",
"Internal/UIViewController+Helpers.swift",
"Internal/View+RestartOnChange.swift",
"Internal/Views/AsyncButtonMenuItemView.swift",
"Internal/Views/ButtonMenuItemView.swift",
"Internal/Views/ChildSpiceStoreMenuItemView.swift",
"Internal/Views/MenuItemListContent.swift",
"Internal/Views/MenuItemListView.swift",
"Internal/Views/MenuItemView.swift",
"Internal/Views/PickerMenuItemView.swift",
"Internal/Views/TextFieldMenuItemView.swift",
"Internal/Views/ToggleMenuItemView.swift",
"Internal/Views/UserInteraction.swift",
"Internal/Views/View+ConfigureSheetPresentation.swift",
"Internal/Views/View+ErrorAlert.swift",
"Internal/Views/ViewMenuItemView.swift",
"PresentationStyle.swift",
"Spice.swift",
"SpiceEditor.swift",
"SpiceEditorViewController.swift",
"SpiceEditorWindow.swift",
"SpiceStore.swift",
"SpicesTitleProvider.swift",
"View+SpiceEditor.swift"
],
"type" : "library"
}
],
"tools_version" : "6.0"
}
{
"workspace" : {
"name" : "spi-builder-workspace",
"schemes" : [
"Spices"
]
}
}
2026-08-24 16:55:11.567 xcodebuild[861:4791] [MT] IDERunDestination: Supported platforms for the buildables in the current scheme is empty.
Running build ...
env DEVELOPER_DIR=/Applications/Xcode-26.5.0.app xcrun xcodebuild -IDEClonedSourcePackagesDirPathOverride=$PWD/.dependencies -skipMacroValidation -skipPackagePluginValidation -derivedDataPath $PWD/.derivedData build -scheme Spices -destination generic/platform=watchOS
Command line invocation:
/Applications/Xcode-26.5.0.app/Contents/Developer/usr/bin/xcodebuild -IDEClonedSourcePackagesDirPathOverride=/Users/admin/builder/spi-builder-workspace/.dependencies -skipMacroValidation -skipPackagePluginValidation -derivedDataPath /Users/admin/builder/spi-builder-workspace/.derivedData build -scheme Spices -destination generic/platform=watchOS
Resolve Package Graph
Resolved source packages:
Spices: /Users/admin/builder/spi-builder-workspace
ComputePackagePrebuildTargetDependencyGraph
Prepare packages
CreateBuildRequest
SendProjectDescription
CreateBuildOperation
ComputeTargetDependencyGraph
note: Building targets in dependency order
note: Target dependency graph (2 targets)
Target 'Spices' in project 'Spices'
➜ Explicit dependency on target 'Spices' in project 'Spices'
Target 'Spices' in project 'Spices' (no dependencies)
GatherProvisioningInputs
CreateBuildDescription
ClangStatCache /Applications/Xcode-26.5.0.app/Contents/Developer/Toolchains/XcodeDefault.xctoolchain/usr/bin/clang-stat-cache /Applications/Xcode-26.5.0.app/Contents/Developer/Platforms/WatchOS.platform/Developer/SDKs/WatchOS26.5.sdk /Users/admin/builder/spi-builder-workspace/.derivedData/SDKStatCaches.noindex/watchos26.5-23T570-688ef53f1462e2c8f657fdc38a81448f7931b973dfc65d9472806dbbc3af9379.sdkstatcache
cd /Users/admin/builder/spi-builder-workspace/.swiftpm/xcode
/Applications/Xcode-26.5.0.app/Contents/Developer/Toolchains/XcodeDefault.xctoolchain/usr/bin/clang-stat-cache /Applications/Xcode-26.5.0.app/Contents/Developer/Platforms/WatchOS.platform/Developer/SDKs/WatchOS26.5.sdk -o /Users/admin/builder/spi-builder-workspace/.derivedData/SDKStatCaches.noindex/watchos26.5-23T570-688ef53f1462e2c8f657fdc38a81448f7931b973dfc65d9472806dbbc3af9379.sdkstatcache
SwiftDriver Spices normal armv7k com.apple.xcode.tools.swift.compiler (in target 'Spices' from project 'Spices')
cd /Users/admin/builder/spi-builder-workspace/.swiftpm/xcode
builtin-SwiftDriver -- /Applications/Xcode-26.5.0.app/Contents/Developer/Toolchains/XcodeDefault.xctoolchain/usr/bin/swiftc -module-name Spices -Onone @/Users/admin/builder/spi-builder-workspace/.derivedData/Build/Intermediates.noindex/Spices.build/Debug-watchos/Spices.build/Objects-normal/armv7k/Spices.SwiftFileList -DSWIFT_PACKAGE -DDEBUG -DSWIFT_MODULE_RESOURCE_BUNDLE_UNAVAILABLE -DXcode -plugin-path /Applications/Xcode-26.5.0.app/Contents/Developer/Toolchains/XcodeDefault.xctoolchain/usr/lib/swift/host/plugins/testing -enable-experimental-feature DebugDescriptionMacro -sdk /Applications/Xcode-26.5.0.app/Contents/Developer/Platforms/WatchOS.platform/Developer/SDKs/WatchOS26.5.sdk -target armv7k-apple-watchos8.0 -g -module-cache-path /Users/admin/builder/spi-builder-workspace/.derivedData/ModuleCache.noindex -Xfrontend -serialize-debugging-options -profile-coverage-mapping -profile-generate -enable-testing -index-store-path /Users/admin/builder/spi-builder-workspace/.derivedData/Index.noindex/DataStore -Xcc -D_LIBCPP_HARDENING_MODE\=_LIBCPP_HARDENING_MODE_DEBUG -swift-version 6 -I /Users/admin/builder/spi-builder-workspace/.derivedData/Build/Products/Debug-watchos -Isystem /Applications/Xcode-26.5.0.app/Contents/Developer/Platforms/WatchOS.platform/Developer/usr/lib -F /Users/admin/builder/spi-builder-workspace/.derivedData/Build/Products/Debug-watchos -F /Applications/Xcode-26.5.0.app/Contents/Developer/Platforms/WatchOS.platform/Developer/Library/Frameworks -F /Applications/Xcode-26.5.0.app/Contents/Developer/Platforms/WatchOS.platform/Developer/SDKs/WatchOS26.5.sdk/Developer/Library/Frameworks -c -j10 -enable-batch-mode -incremental -Xcc -ivfsstatcache -Xcc /Users/admin/builder/spi-builder-workspace/.derivedData/SDKStatCaches.noindex/watchos26.5-23T570-688ef53f1462e2c8f657fdc38a81448f7931b973dfc65d9472806dbbc3af9379.sdkstatcache -output-file-map /Users/admin/builder/spi-builder-workspace/.derivedData/Build/Intermediates.noindex/Spices.build/Debug-watchos/Spices.build/Objects-normal/armv7k/Spices-OutputFileMap.json -use-frontend-parseable-output -save-temps -no-color-diagnostics -explicit-module-build -module-cache-path /Users/admin/builder/spi-builder-workspace/.derivedData/Build/Intermediates.noindex/SwiftExplicitPrecompiledModules -clang-scanner-module-cache-path /Users/admin/builder/spi-builder-workspace/.derivedData/ModuleCache.noindex -sdk-module-cache-path /Users/admin/builder/spi-builder-workspace/.derivedData/ModuleCache.noindex -serialize-diagnostics -emit-dependencies -emit-module -emit-module-path /Users/admin/builder/spi-builder-workspace/.derivedData/Build/Intermediates.noindex/Spices.build/Debug-watchos/Spices.build/Objects-normal/armv7k/Spices.swiftmodule -validate-clang-modules-once -clang-build-session-file /Users/admin/builder/spi-builder-workspace/.derivedData/ModuleCache.noindex/Session.modulevalidation -package-name spi_builder_workspace -Xcc -I/Users/admin/builder/spi-builder-workspace/.derivedData/Build/Intermediates.noindex/Spices.build/Debug-watchos/Spices.build/swift-overrides.hmap -emit-const-values -Xfrontend -const-gather-protocols-file -Xfrontend /Users/admin/builder/spi-builder-workspace/.derivedData/Build/Intermediates.noindex/Spices.build/Debug-watchos/Spices.build/Objects-normal/armv7k/Spices_const_extract_protocols.json -Xcc -I/Users/admin/builder/spi-builder-workspace/.derivedData/Build/Products/Debug-watchos/include -Xcc -I/Users/admin/builder/spi-builder-workspace/.derivedData/Build/Intermediates.noindex/Spices.build/Debug-watchos/Spices.build/DerivedSources-normal/armv7k -Xcc -I/Users/admin/builder/spi-builder-workspace/.derivedData/Build/Intermediates.noindex/Spices.build/Debug-watchos/Spices.build/DerivedSources/armv7k -Xcc -I/Users/admin/builder/spi-builder-workspace/.derivedData/Build/Intermediates.noindex/Spices.build/Debug-watchos/Spices.build/DerivedSources -Xcc -DSWIFT_PACKAGE -Xcc -DDEBUG\=1 -emit-objc-header -emit-objc-header-path /Users/admin/builder/spi-builder-workspace/.derivedData/Build/Intermediates.noindex/Spices.build/Debug-watchos/Spices.build/Objects-normal/armv7k/Spices-Swift.h -working-directory /Users/admin/builder/spi-builder-workspace/.swiftpm/xcode -experimental-emit-module-separately -disable-cmo
SwiftDriver Spices normal arm64_32 com.apple.xcode.tools.swift.compiler (in target 'Spices' from project 'Spices')
cd /Users/admin/builder/spi-builder-workspace/.swiftpm/xcode
builtin-SwiftDriver -- /Applications/Xcode-26.5.0.app/Contents/Developer/Toolchains/XcodeDefault.xctoolchain/usr/bin/swiftc -module-name Spices -Onone @/Users/admin/builder/spi-builder-workspace/.derivedData/Build/Intermediates.noindex/Spices.build/Debug-watchos/Spices.build/Objects-normal/arm64_32/Spices.SwiftFileList -DSWIFT_PACKAGE -DDEBUG -DSWIFT_MODULE_RESOURCE_BUNDLE_UNAVAILABLE -DXcode -plugin-path /Applications/Xcode-26.5.0.app/Contents/Developer/Toolchains/XcodeDefault.xctoolchain/usr/lib/swift/host/plugins/testing -enable-experimental-feature DebugDescriptionMacro -sdk /Applications/Xcode-26.5.0.app/Contents/Developer/Platforms/WatchOS.platform/Developer/SDKs/WatchOS26.5.sdk -target arm64_32-apple-watchos8.0 -g -module-cache-path /Users/admin/builder/spi-builder-workspace/.derivedData/ModuleCache.noindex -Xfrontend -serialize-debugging-options -profile-coverage-mapping -profile-generate -enable-testing -index-store-path /Users/admin/builder/spi-builder-workspace/.derivedData/Index.noindex/DataStore -Xcc -D_LIBCPP_HARDENING_MODE\=_LIBCPP_HARDENING_MODE_DEBUG -swift-version 6 -I /Users/admin/builder/spi-builder-workspace/.derivedData/Build/Products/Debug-watchos -Isystem /Applications/Xcode-26.5.0.app/Contents/Developer/Platforms/WatchOS.platform/Developer/usr/lib -F /Users/admin/builder/spi-builder-workspace/.derivedData/Build/Products/Debug-watchos -F /Applications/Xcode-26.5.0.app/Contents/Developer/Platforms/WatchOS.platform/Developer/Library/Frameworks -F /Applications/Xcode-26.5.0.app/Contents/Developer/Platforms/WatchOS.platform/Developer/SDKs/WatchOS26.5.sdk/Developer/Library/Frameworks -c -j10 -enable-batch-mode -incremental -Xcc -ivfsstatcache -Xcc /Users/admin/builder/spi-builder-workspace/.derivedData/SDKStatCaches.noindex/watchos26.5-23T570-688ef53f1462e2c8f657fdc38a81448f7931b973dfc65d9472806dbbc3af9379.sdkstatcache -output-file-map /Users/admin/builder/spi-builder-workspace/.derivedData/Build/Intermediates.noindex/Spices.build/Debug-watchos/Spices.build/Objects-normal/arm64_32/Spices-OutputFileMap.json -use-frontend-parseable-output -save-temps -no-color-diagnostics -explicit-module-build -module-cache-path /Users/admin/builder/spi-builder-workspace/.derivedData/Build/Intermediates.noindex/SwiftExplicitPrecompiledModules -clang-scanner-module-cache-path /Users/admin/builder/spi-builder-workspace/.derivedData/ModuleCache.noindex -sdk-module-cache-path /Users/admin/builder/spi-builder-workspace/.derivedData/ModuleCache.noindex -serialize-diagnostics -emit-dependencies -emit-module -emit-module-path /Users/admin/builder/spi-builder-workspace/.derivedData/Build/Intermediates.noindex/Spices.build/Debug-watchos/Spices.build/Objects-normal/arm64_32/Spices.swiftmodule -validate-clang-modules-once -clang-build-session-file /Users/admin/builder/spi-builder-workspace/.derivedData/ModuleCache.noindex/Session.modulevalidation -package-name spi_builder_workspace -Xcc -I/Users/admin/builder/spi-builder-workspace/.derivedData/Build/Intermediates.noindex/Spices.build/Debug-watchos/Spices.build/swift-overrides.hmap -emit-const-values -Xfrontend -const-gather-protocols-file -Xfrontend /Users/admin/builder/spi-builder-workspace/.derivedData/Build/Intermediates.noindex/Spices.build/Debug-watchos/Spices.build/Objects-normal/arm64_32/Spices_const_extract_protocols.json -Xcc -I/Users/admin/builder/spi-builder-workspace/.derivedData/Build/Products/Debug-watchos/include -Xcc -I/Users/admin/builder/spi-builder-workspace/.derivedData/Build/Intermediates.noindex/Spices.build/Debug-watchos/Spices.build/DerivedSources-normal/arm64_32 -Xcc -I/Users/admin/builder/spi-builder-workspace/.derivedData/Build/Intermediates.noindex/Spices.build/Debug-watchos/Spices.build/DerivedSources/arm64_32 -Xcc -I/Users/admin/builder/spi-builder-workspace/.derivedData/Build/Intermediates.noindex/Spices.build/Debug-watchos/Spices.build/DerivedSources -Xcc -DSWIFT_PACKAGE -Xcc -DDEBUG\=1 -emit-objc-header -emit-objc-header-path /Users/admin/builder/spi-builder-workspace/.derivedData/Build/Intermediates.noindex/Spices.build/Debug-watchos/Spices.build/Objects-normal/arm64_32/Spices-Swift.h -working-directory /Users/admin/builder/spi-builder-workspace/.swiftpm/xcode -experimental-emit-module-separately -disable-cmo
SwiftDriver Spices normal arm64 com.apple.xcode.tools.swift.compiler (in target 'Spices' from project 'Spices')
cd /Users/admin/builder/spi-builder-workspace/.swiftpm/xcode
builtin-SwiftDriver -- /Applications/Xcode-26.5.0.app/Contents/Developer/Toolchains/XcodeDefault.xctoolchain/usr/bin/swiftc -module-name Spices -Onone @/Users/admin/builder/spi-builder-workspace/.derivedData/Build/Intermediates.noindex/Spices.build/Debug-watchos/Spices.build/Objects-normal/arm64/Spices.SwiftFileList -DSWIFT_PACKAGE -DDEBUG -DSWIFT_MODULE_RESOURCE_BUNDLE_UNAVAILABLE -DXcode -plugin-path /Applications/Xcode-26.5.0.app/Contents/Developer/Toolchains/XcodeDefault.xctoolchain/usr/lib/swift/host/plugins/testing -enable-experimental-feature DebugDescriptionMacro -sdk /Applications/Xcode-26.5.0.app/Contents/Developer/Platforms/WatchOS.platform/Developer/SDKs/WatchOS26.5.sdk -target arm64-apple-watchos8.0 -g -module-cache-path /Users/admin/builder/spi-builder-workspace/.derivedData/ModuleCache.noindex -Xfrontend -serialize-debugging-options -profile-coverage-mapping -profile-generate -enable-testing -index-store-path /Users/admin/builder/spi-builder-workspace/.derivedData/Index.noindex/DataStore -Xcc -D_LIBCPP_HARDENING_MODE\=_LIBCPP_HARDENING_MODE_DEBUG -swift-version 6 -I /Users/admin/builder/spi-builder-workspace/.derivedData/Build/Products/Debug-watchos -Isystem /Applications/Xcode-26.5.0.app/Contents/Developer/Platforms/WatchOS.platform/Developer/usr/lib -F /Users/admin/builder/spi-builder-workspace/.derivedData/Build/Products/Debug-watchos -F /Applications/Xcode-26.5.0.app/Contents/Developer/Platforms/WatchOS.platform/Developer/Library/Frameworks -F /Applications/Xcode-26.5.0.app/Contents/Developer/Platforms/WatchOS.platform/Developer/SDKs/WatchOS26.5.sdk/Developer/Library/Frameworks -c -j10 -enable-batch-mode -incremental -Xcc -ivfsstatcache -Xcc /Users/admin/builder/spi-builder-workspace/.derivedData/SDKStatCaches.noindex/watchos26.5-23T570-688ef53f1462e2c8f657fdc38a81448f7931b973dfc65d9472806dbbc3af9379.sdkstatcache -output-file-map /Users/admin/builder/spi-builder-workspace/.derivedData/Build/Intermediates.noindex/Spices.build/Debug-watchos/Spices.build/Objects-normal/arm64/Spices-OutputFileMap.json -use-frontend-parseable-output -save-temps -no-color-diagnostics -explicit-module-build -module-cache-path /Users/admin/builder/spi-builder-workspace/.derivedData/Build/Intermediates.noindex/SwiftExplicitPrecompiledModules -clang-scanner-module-cache-path /Users/admin/builder/spi-builder-workspace/.derivedData/ModuleCache.noindex -sdk-module-cache-path /Users/admin/builder/spi-builder-workspace/.derivedData/ModuleCache.noindex -serialize-diagnostics -emit-dependencies -emit-module -emit-module-path /Users/admin/builder/spi-builder-workspace/.derivedData/Build/Intermediates.noindex/Spices.build/Debug-watchos/Spices.build/Objects-normal/arm64/Spices.swiftmodule -validate-clang-modules-once -clang-build-session-file /Users/admin/builder/spi-builder-workspace/.derivedData/ModuleCache.noindex/Session.modulevalidation -package-name spi_builder_workspace -Xcc -I/Users/admin/builder/spi-builder-workspace/.derivedData/Build/Intermediates.noindex/Spices.build/Debug-watchos/Spices.build/swift-overrides.hmap -emit-const-values -Xfrontend -const-gather-protocols-file -Xfrontend /Users/admin/builder/spi-builder-workspace/.derivedData/Build/Intermediates.noindex/Spices.build/Debug-watchos/Spices.build/Objects-normal/arm64/Spices_const_extract_protocols.json -Xcc -I/Users/admin/builder/spi-builder-workspace/.derivedData/Build/Products/Debug-watchos/include -Xcc -I/Users/admin/builder/spi-builder-workspace/.derivedData/Build/Intermediates.noindex/Spices.build/Debug-watchos/Spices.build/DerivedSources-normal/arm64 -Xcc -I/Users/admin/builder/spi-builder-workspace/.derivedData/Build/Intermediates.noindex/Spices.build/Debug-watchos/Spices.build/DerivedSources/arm64 -Xcc -I/Users/admin/builder/spi-builder-workspace/.derivedData/Build/Intermediates.noindex/Spices.build/Debug-watchos/Spices.build/DerivedSources -Xcc -DSWIFT_PACKAGE -Xcc -DDEBUG\=1 -emit-objc-header -emit-objc-header-path /Users/admin/builder/spi-builder-workspace/.derivedData/Build/Intermediates.noindex/Spices.build/Debug-watchos/Spices.build/Objects-normal/arm64/Spices-Swift.h -working-directory /Users/admin/builder/spi-builder-workspace/.swiftpm/xcode -experimental-emit-module-separately -disable-cmo
SwiftExplicitDependencyGeneratePcm arm64 /Users/admin/builder/spi-builder-workspace/.derivedData/ModuleCache.noindex/SwiftUI-CG6ECLZX98OUCDX22DNETYRI5.pcm
SwiftEmitModule normal armv7k Emitting\ module\ for\ Spices (in target 'Spices' from project 'Spices')
EmitSwiftModule normal armv7k (in target 'Spices' from project 'Spices')
cd /Users/admin/builder/spi-builder-workspace/.swiftpm/xcode
/Users/admin/builder/spi-builder-workspace/Sources/Spices/Internal/UIApplication+Helpers.swift:25:27: error: 'UIWindow' is unavailable in watchOS
var shp_activeWindow: UIWindow? {
^~~~~~~~
/Applications/Xcode-26.5.0.app/Contents/Developer/Platforms/WatchOS.platform/Developer/SDKs/WatchOS26.5.sdk/System/Library/Frameworks/UIKit.framework/Headers/UIWindow.h:22:12: note: 'UIWindow' has been explicitly marked unavailable here
@interface UIWindow : UIView
^
/Users/admin/builder/spi-builder-workspace/Sources/Spices/Internal/UIApplication+Helpers.swift:4:11: error: 'UIApplication' is unavailable in watchOS
extension UIApplication {
^~~~~~~~~~~~~
/Applications/Xcode-26.5.0.app/Contents/Developer/Platforms/WatchOS.platform/Developer/SDKs/WatchOS26.5.sdk/System/Library/Frameworks/UIKit.framework/Headers/UIApplication.h:85:12: note: 'UIApplication' has been explicitly marked unavailable here
@interface UIApplication : UIResponder
^
/Users/admin/builder/spi-builder-workspace/Sources/Spices/Internal/UIApplication+Helpers.swift:35:37: error: 'UIWindowScene' is unavailable in watchOS
private var shp_preferredScene: UIWindowScene? {
^~~~~~~~~~~~~
/Applications/Xcode-26.5.0.app/Contents/Developer/Platforms/WatchOS.platform/Developer/SDKs/WatchOS26.5.sdk/System/Library/Frameworks/UIKit.framework/Headers/UIWindowScene.h:21:12: note: 'UIWindowScene' has been explicitly marked unavailable here
@interface UIWindowScene : UIScene
^
/Users/admin/builder/spi-builder-workspace/Sources/Spices/Internal/UIApplication+Helpers.swift:33:19: error: 'UIApplication' is unavailable in watchOS
private extension UIApplication {
^~~~~~~~~~~~~
/Applications/Xcode-26.5.0.app/Contents/Developer/Platforms/WatchOS.platform/Developer/SDKs/WatchOS26.5.sdk/System/Library/Frameworks/UIKit.framework/Headers/UIApplication.h:85:12: note: 'UIApplication' has been explicitly marked unavailable here
@interface UIApplication : UIResponder
^
/Users/admin/builder/spi-builder-workspace/Sources/Spices/Internal/UIViewController+Helpers.swift:6:32: error: 'UIViewController' is unavailable in watchOS
var shp_topViewController: UIViewController {
^~~~~~~~~~~~~~~~
/Applications/Xcode-26.5.0.app/Contents/Developer/Platforms/WatchOS.platform/Developer/SDKs/WatchOS26.5.sdk/System/Library/Frameworks/UIKit.framework/Headers/UIViewController.h:102:12: note: 'UIViewController' has been explicitly marked unavailable here
@interface UIViewController : UIResponder <NSCoding, UIAppearanceContainer, UITraitEnvironment, UIContentContainer, UIFocusEnvironment>
^
/Users/admin/builder/spi-builder-workspace/Sources/Spices/Internal/UIViewController+Helpers.swift:4:11: error: 'UIViewController' is unavailable in watchOS
extension UIViewController {
^~~~~~~~~~~~~~~~
/Applications/Xcode-26.5.0.app/Contents/Developer/Platforms/WatchOS.platform/Developer/SDKs/WatchOS26.5.sdk/System/Library/Frameworks/UIKit.framework/Headers/UIViewController.h:102:12: note: 'UIViewController' has been explicitly marked unavailable here
@interface UIViewController : UIResponder <NSCoding, UIAppearanceContainer, UITraitEnvironment, UIContentContainer, UIFocusEnvironment>
^
/Users/admin/builder/spi-builder-workspace/Sources/Spices/SpiceEditorViewController.swift:15:47: error: cannot find type 'UIHostingController' in scope
public final class SpiceEditorViewController: UIHostingController<SpiceEditor> {
^~~~~~~~~~~~~~~~~~~
/Users/admin/builder/spi-builder-workspace/Sources/Spices/SpiceEditorWindow.swift:33:21: error: cannot override 'init' which has been marked unavailable
override public init(windowScene: UIWindowScene) {
^
/Applications/Xcode-26.5.0.app/Contents/Developer/Platforms/WatchOS.platform/Developer/SDKs/WatchOS26.5.sdk/System/Library/Frameworks/UIKit.framework/Headers/UIWindow.h:25:1: note: 'init(windowScene:)' has been explicitly marked unavailable here
- (instancetype)initWithWindowScene:(UIWindowScene *)windowScene NS_DESIGNATED_INITIALIZER API_AVAILABLE(ios(13.0)) API_UNAVAILABLE(watchos);
^
/Users/admin/builder/spi-builder-workspace/Sources/Spices/SpiceEditorWindow.swift:33:21: note: remove 'override' modifier to declare a new 'init'
override public init(windowScene: UIWindowScene) {
~~~~~~~~~ ^
/Users/admin/builder/spi-builder-workspace/Sources/Spices/SpiceEditorWindow.swift:24:66: error: 'UIViewController' is unavailable in watchOS
private static weak var presentedSpicesEditorViewController: UIViewController?
^~~~~~~~~~~~~~~~
/Applications/Xcode-26.5.0.app/Contents/Developer/Platforms/WatchOS.platform/Developer/SDKs/WatchOS26.5.sdk/System/Library/Frameworks/UIKit.framework/Headers/UIViewController.h:102:12: note: 'UIViewController' has been explicitly marked unavailable here
@interface UIViewController : UIResponder <NSCoding, UIAppearanceContainer, UITraitEnvironment, UIContentContainer, UIFocusEnvironment>
^
/Users/admin/builder/spi-builder-workspace/Sources/Spices/SpiceEditorWindow.swift:33:39: error: 'UIWindowScene' is unavailable in watchOS
override public init(windowScene: UIWindowScene) {
^~~~~~~~~~~~~
/Applications/Xcode-26.5.0.app/Contents/Developer/Platforms/WatchOS.platform/Developer/SDKs/WatchOS26.5.sdk/System/Library/Frameworks/UIKit.framework/Headers/UIWindowScene.h:21:12: note: 'UIWindowScene' has been explicitly marked unavailable here
@interface UIWindowScene : UIScene
^
/Users/admin/builder/spi-builder-workspace/Sources/Spices/SpiceEditorWindow.swift:46:30: error: 'UIWindowScene' is unavailable in watchOS
public init(windowScene: UIWindowScene, editing spiceStore: any SpiceStore) {
^~~~~~~~~~~~~
/Applications/Xcode-26.5.0.app/Contents/Developer/Platforms/WatchOS.platform/Developer/SDKs/WatchOS26.5.sdk/System/Library/Frameworks/UIKit.framework/Headers/UIWindowScene.h:21:12: note: 'UIWindowScene' has been explicitly marked unavailable here
@interface UIWindowScene : UIScene
^
/Users/admin/builder/spi-builder-workspace/Sources/Spices/SpiceEditorWindow.swift:60:30: error: 'UIWindowScene' is unavailable in watchOS
public init(windowScene: UIWindowScene, editing spiceStore: any SpiceStore, title: String) {
^~~~~~~~~~~~~
/Applications/Xcode-26.5.0.app/Contents/Developer/Platforms/WatchOS.platform/Developer/SDKs/WatchOS26.5.sdk/System/Library/Frameworks/UIKit.framework/Headers/UIWindowScene.h:21:12: note: 'UIWindowScene' has been explicitly marked unavailable here
@interface UIWindowScene : UIScene
^
/Users/admin/builder/spi-builder-workspace/Sources/Spices/SpiceEditorWindow.swift:72:46: error: 'UIEvent' is unavailable in watchOS
override open func motionEnded(_ motion: UIEvent.EventSubtype, with event: UIEvent?) {
^~~~~~~
/Applications/Xcode-26.5.0.app/Contents/Developer/Platforms/WatchOS.platform/Developer/SDKs/WatchOS26.5.sdk/System/Library/Frameworks/UIKit.framework/Headers/UIEvent.h:62:12: note: 'UIEvent' has been explicitly marked unavailable here
@interface UIEvent : NSObject
^
/Users/admin/builder/spi-builder-workspace/Sources/Spices/SpiceEditorWindow.swift:72:80: error: 'UIEvent' is unavailable in watchOS
override open func motionEnded(_ motion: UIEvent.EventSubtype, with event: UIEvent?) {
^~~~~~~
/Applications/Xcode-26.5.0.app/Contents/Developer/Platforms/WatchOS.platform/Developer/SDKs/WatchOS26.5.sdk/System/Library/Frameworks/UIKit.framework/Headers/UIEvent.h:62:12: note: 'UIEvent' has been explicitly marked unavailable here
@interface UIEvent : NSObject
^
/Users/admin/builder/spi-builder-workspace/Sources/Spices/SpiceEditorWindow.swift:23:31: error: 'UIWindow' is unavailable in watchOS
open class SpiceEditorWindow: UIWindow {
^~~~~~~~
/Applications/Xcode-26.5.0.app/Contents/Developer/Platforms/WatchOS.platform/Developer/SDKs/WatchOS26.5.sdk/System/Library/Frameworks/UIKit.framework/Headers/UIWindow.h:22:12: note: 'UIWindow' has been explicitly marked unavailable here
@interface UIWindow : UIView
^
/Users/admin/builder/spi-builder-workspace/Sources/Spices/View+SpiceEditor.swift:108:37: error: 'UIViewController' is unavailable in watchOS
static weak var viewController: UIViewController?
^~~~~~~~~~~~~~~~
/Applications/Xcode-26.5.0.app/Contents/Developer/Platforms/WatchOS.platform/Developer/SDKs/WatchOS26.5.sdk/System/Library/Frameworks/UIKit.framework/Headers/UIViewController.h:102:12: note: 'UIViewController' has been explicitly marked unavailable here
@interface UIViewController : UIResponder <NSCoding, UIAppearanceContainer, UITraitEnvironment, UIContentContainer, UIFocusEnvironment>
^
/Users/admin/builder/spi-builder-workspace/Sources/Spices/View+SpiceEditor.swift:116:46: error: 'UIEvent' is unavailable in watchOS
override open func motionEnded(_ motion: UIEvent.EventSubtype, with event: UIEvent?) {
^~~~~~~
/Applications/Xcode-26.5.0.app/Contents/Developer/Platforms/WatchOS.platform/Developer/SDKs/WatchOS26.5.sdk/System/Library/Frameworks/UIKit.framework/Headers/UIEvent.h:62:12: note: 'UIEvent' has been explicitly marked unavailable here
@interface UIEvent : NSObject
^
/Users/admin/builder/spi-builder-workspace/Sources/Spices/View+SpiceEditor.swift:116:80: error: 'UIEvent' is unavailable in watchOS
override open func motionEnded(_ motion: UIEvent.EventSubtype, with event: UIEvent?) {
^~~~~~~
/Applications/Xcode-26.5.0.app/Contents/Developer/Platforms/WatchOS.platform/Developer/SDKs/WatchOS26.5.sdk/System/Library/Frameworks/UIKit.framework/Headers/UIEvent.h:62:12: note: 'UIEvent' has been explicitly marked unavailable here
@interface UIEvent : NSObject
^
/Users/admin/builder/spi-builder-workspace/Sources/Spices/View+SpiceEditor.swift:113:11: error: 'UIWindow' is unavailable in watchOS
extension UIWindow {
^~~~~~~~
/Applications/Xcode-26.5.0.app/Contents/Developer/Platforms/WatchOS.platform/Developer/SDKs/WatchOS26.5.sdk/System/Library/Frameworks/UIKit.framework/Headers/UIWindow.h:22:12: note: 'UIWindow' has been explicitly marked unavailable here
@interface UIWindow : UIView
^
Failed frontend command:
/Applications/Xcode-26.5.0.app/Contents/Developer/Toolchains/XcodeDefault.xctoolchain/usr/bin/swift-frontend -frontend -emit-module -experimental-skip-non-inlinable-function-bodies-without-types /Users/admin/builder/spi-builder-workspace/Sources/Spices/Internal/MenuItems/AsyncButtonMenuItem.swift /Users/admin/builder/spi-builder-workspace/Sources/Spices/Internal/MenuItems/ButtonMenuItem.swift /Users/admin/builder/spi-builder-workspace/Sources/Spices/Internal/MenuItems/ChildSpiceStoreMenuItem.swift /Users/admin/builder/spi-builder-workspace/Sources/Spices/Internal/MenuItems/MenuItem.swift /Users/admin/builder/spi-builder-workspace/Sources/Spices/Internal/MenuItems/MenuItemProvider.swift /Users/admin/builder/spi-builder-workspace/Sources/Spices/Internal/MenuItems/PickerMenuItem.swift /Users/admin/builder/spi-builder-workspace/Sources/Spices/Internal/MenuItems/TextFieldMenuItem.swift /Users/admin/builder/spi-builder-workspace/Sources/Spices/Internal/MenuItems/ToggleMenuItem.swift /Users/admin/builder/spi-builder-workspace/Sources/Spices/Internal/MenuItems/ViewMenuItem.swift /Users/admin/builder/spi-builder-workspace/Sources/Spices/Internal/Name.swift /Users/admin/builder/spi-builder-workspace/Sources/Spices/Internal/Preparable.swift /Users/admin/builder/spi-builder-workspace/Sources/Spices/Internal/Storage/AnyStorage.swift /Users/admin/builder/spi-builder-workspace/Sources/Spices/Internal/Storage/Storage.swift /Users/admin/builder/spi-builder-workspace/Sources/Spices/Internal/Storage/ThrowingStorage.swift /Users/admin/builder/spi-builder-workspace/Sources/Spices/Internal/Storage/UserDefaultsStorage.swift /Users/admin/builder/spi-builder-workspace/Sources/Spices/Internal/String+Helpers.swift /Users/admin/builder/spi-builder-workspace/Sources/Spices/Internal/UIApplication+Helpers.swift /Users/admin/builder/spi-builder-workspace/Sources/Spices/Internal/UIViewController+Helpers.swift /Users/admin/builder/spi-builder-workspace/Sources/Spices/Internal/View+RestartOnChange.swift /Users/admin/builder/spi-builder-workspace/Sources/Spices/Internal/Views/AsyncButtonMenuItemView.swift /Users/admin/builder/spi-builder-workspace/Sources/Spices/Internal/Views/ButtonMenuItemView.swift /Users/admin/builder/spi-builder-workspace/Sources/Spices/Internal/Views/ChildSpiceStoreMenuItemView.swift /Users/admin/builder/spi-builder-workspace/Sources/Spices/Internal/Views/MenuItemListContent.swift /Users/admin/builder/spi-builder-workspace/Sources/Spices/Internal/Views/MenuItemListView.swift /Users/admin/builder/spi-builder-workspace/Sources/Spices/Internal/Views/MenuItemView.swift /Users/admin/builder/spi-builder-workspace/Sources/Spices/Internal/Views/PickerMenuItemView.swift /Users/admin/builder/spi-builder-workspace/Sources/Spices/Internal/Views/TextFieldMenuItemView.swift /Users/admin/builder/spi-builder-workspace/Sources/Spices/Internal/Views/ToggleMenuItemView.swift /Users/admin/builder/spi-builder-workspace/Sources/Spices/Internal/Views/UserInteraction.swift /Users/admin/builder/spi-builder-workspace/Sources/Spices/Internal/Views/View+ConfigureSheetPresentation.swift /Users/admin/builder/spi-builder-workspace/Sources/Spices/Internal/Views/View+ErrorAlert.swift /Users/admin/builder/spi-builder-workspace/Sources/Spices/Internal/Views/ViewMenuItemView.swift /Users/admin/builder/spi-builder-workspace/Sources/Spices/PresentationStyle.swift /Users/admin/builder/spi-builder-workspace/Sources/Spices/Spice.swift /Users/admin/builder/spi-builder-workspace/Sources/Spices/SpiceEditor.swift /Users/admin/builder/spi-builder-workspace/Sources/Spices/SpiceEditorViewController.swift /Users/admin/builder/spi-builder-workspace/Sources/Spices/SpiceEditorWindow.swift /Users/admin/builder/spi-builder-workspace/Sources/Spices/SpiceStore.swift /Users/admin/builder/spi-builder-workspace/Sources/Spices/SpicesTitleProvider.swift /Users/admin/builder/spi-builder-workspace/Sources/Spices/View+SpiceEditor.swift -target armv7k-apple-watchos8.0 -module-can-import-version UIKit 9126.5.5 9126.5.5 -load-resolved-plugin /Applications/Xcode-26.5.0.app/Contents/Developer/Platforms/WatchOS.platform/Developer/usr/lib/swift/host/plugins/libFoundationMacros.dylib\#/Applications/Xcode-26.5.0.app/Contents/Developer/Platforms/WatchOS.platform/Developer/usr/bin/swift-plugin-server\#FoundationMacros -load-resolved-plugin /Applications/Xcode-26.5.0.app/Contents/Developer/Platforms/WatchOS.platform/Developer/usr/lib/swift/host/plugins/libObservationMacros.dylib\#/Applications/Xcode-26.5.0.app/Contents/Developer/Platforms/WatchOS.platform/Developer/usr/bin/swift-plugin-server\#ObservationMacros -load-resolved-plugin /Applications/Xcode-26.5.0.app/Contents/Developer/Platforms/WatchOS.platform/Developer/usr/lib/swift/host/plugins/libPreviewsMacros.dylib\#/Applications/Xcode-26.5.0.app/Contents/Developer/Platforms/WatchOS.platform/Developer/usr/bin/swift-plugin-server\#PreviewsMacros -load-resolved-plugin /Applications/Xcode-26.5.0.app/Contents/Developer/Platforms/WatchOS.platform/Developer/usr/lib/swift/host/plugins/libSwiftMacros.dylib\#/Applications/Xcode-26.5.0.app/Contents/Developer/Platforms/WatchOS.platform/Developer/usr/bin/swift-plugin-server\#SwiftMacros -load-resolved-plugin /Applications/Xcode-26.5.0.app/Contents/Developer/Platforms/WatchOS.platform/Developer/usr/lib/swift/host/plugins/libSwiftUIMacros.dylib\#/Applications/Xcode-26.5.0.app/Contents/Developer/Platforms/WatchOS.platform/Developer/usr/bin/swift-plugin-server\#SwiftUIMacros -disable-implicit-swift-modules -Xcc -fno-implicit-modules -Xcc -fno-implicit-module-maps -explicit-swift-module-map-file /Users/admin/builder/spi-builder-workspace/.derivedData/Build/Intermediates.noindex/Spices.build/Debug-watchos/Spices.build/Objects-normal/armv7k/Spices-dependencies-2.json -enable-objc-interop -stack-check -sdk /Applications/Xcode-26.5.0.app/Contents/Developer/Platforms/WatchOS.platform/Developer/SDKs/WatchOS26.5.sdk -I /Users/admin/builder/spi-builder-workspace/.derivedData/Build/Products/Debug-watchos -Isystem /Applications/Xcode-26.5.0.app/Contents/Developer/Platforms/WatchOS.platform/Developer/usr/lib -F /Users/admin/builder/spi-builder-workspace/.derivedData/Build/Products/Debug-watchos -F /Applications/Xcode-26.5.0.app/Contents/Developer/Platforms/WatchOS.platform/Developer/Library/Frameworks -F /Applications/Xcode-26.5.0.app/Contents/Developer/Platforms/WatchOS.platform/Developer/SDKs/WatchOS26.5.sdk/Developer/Library/Frameworks -no-color-diagnostics -Xcc -fno-color-diagnostics -enable-testing -g -debug-info-format\=dwarf -dwarf-version\=4 -module-cache-path /Users/admin/builder/spi-builder-workspace/.derivedData/Build/Intermediates.noindex/SwiftExplicitPrecompiledModules -profile-generate -profile-coverage-mapping -swift-version 6 -Onone -D SWIFT_PACKAGE -D DEBUG -D SWIFT_MODULE_RESOURCE_BUNDLE_UNAVAILABLE -D Xcode -serialize-debugging-options -const-gather-protocols-file /Users/admin/builder/spi-builder-workspace/.derivedData/Build/Intermediates.noindex/Spices.build/Debug-watchos/Spices.build/Objects-normal/armv7k/Spices_const_extract_protocols.json -enable-experimental-feature DebugDescriptionMacro -empty-abi-descriptor -validate-clang-modules-once -clang-build-session-file /Users/admin/builder/spi-builder-workspace/.derivedData/ModuleCache.noindex/Session.modulevalidation -Xcc -working-directory -Xcc /Users/admin/builder/spi-builder-workspace/.swiftpm/xcode -enable-anonymous-context-mangled-names -file-compilation-dir /Users/admin/builder/spi-builder-workspace/.swiftpm/xcode -Xcc -D_LIBCPP_HARDENING_MODE\=_LIBCPP_HARDENING_MODE_DEBUG -Xcc -ivfsstatcache -Xcc /Users/admin/builder/spi-builder-workspace/.derivedData/SDKStatCaches.noindex/watchos26.5-23T570-688ef53f1462e2c8f657fdc38a81448f7931b973dfc65d9472806dbbc3af9379.sdkstatcache -Xcc -I/Users/admin/builder/spi-builder-workspace/.derivedData/Build/Intermediates.noindex/Spices.build/Debug-watchos/Spices.build/swift-overrides.hmap -Xcc -I/Users/admin/builder/spi-builder-workspace/.derivedData/Build/Products/Debug-watchos/include -Xcc -I/Users/admin/builder/spi-builder-workspace/.derivedData/Build/Intermediates.noindex/Spices.build/Debug-watchos/Spices.build/DerivedSources-normal/armv7k -Xcc -I/Users/admin/builder/spi-builder-workspace/.derivedData/Build/Intermediates.noindex/Spices.build/Debug-watchos/Spices.build/DerivedSources/armv7k -Xcc -I/Users/admin/builder/spi-builder-workspace/.derivedData/Build/Intermediates.noindex/Spices.build/Debug-watchos/Spices.build/DerivedSources -Xcc -DSWIFT_PACKAGE -Xcc -DDEBUG\=1 -no-auto-bridging-header-chaining -module-name Spices -package-name spi_builder_workspace -frontend-parseable-output -disable-clang-spi -clang-target armv7k-apple-watchos26.5 -target-sdk-version 26.5 -target-sdk-name watchos26.5 -in-process-plugin-server-path /Applications/Xcode-26.5.0.app/Contents/Developer/Toolchains/XcodeDefault.xctoolchain/usr/lib/swift/host/libSwiftInProcPluginServer.dylib -emit-module-doc-path /Users/admin/builder/spi-builder-workspace/.derivedData/Build/Intermediates.noindex/Spices.build/Debug-watchos/Spices.build/Objects-normal/armv7k/Spices.swiftdoc -emit-module-source-info-path /Users/admin/builder/spi-builder-workspace/.derivedData/Build/Intermediates.noindex/Spices.build/Debug-watchos/Spices.build/Objects-normal/armv7k/Spices.swiftsourceinfo -emit-objc-header-path /Users/admin/builder/spi-builder-workspace/.derivedData/Build/Intermediates.noindex/Spices.build/Debug-watchos/Spices.build/Objects-normal/armv7k/Spices-Swift.h -serialize-diagnostics-path /Users/admin/builder/spi-builder-workspace/.derivedData/Build/Intermediates.noindex/Spices.build/Debug-watchos/Spices.build/Objects-normal/armv7k/Spices-primary-emit-module.dia -emit-dependencies-path /Users/admin/builder/spi-builder-workspace/.derivedData/Build/Intermediates.noindex/Spices.build/Debug-watchos/Spices.build/Objects-normal/armv7k/Spices-primary-emit-module.d -o /Users/admin/builder/spi-builder-workspace/.derivedData/Build/Intermediates.noindex/Spices.build/Debug-watchos/Spices.build/Objects-normal/armv7k/Spices.swiftmodule -emit-abi-descriptor-path /Users/admin/builder/spi-builder-workspace/.derivedData/Build/Intermediates.noindex/Spices.build/Debug-watchos/Spices.build/Objects-normal/armv7k/Spices.abi.json
SwiftCompile normal armv7k Compiling\ AsyncButtonMenuItem.swift,\ ButtonMenuItem.swift,\ ChildSpiceStoreMenuItem.swift,\ MenuItem.swift /Users/admin/builder/spi-builder-workspace/Sources/Spices/Internal/MenuItems/AsyncButtonMenuItem.swift /Users/admin/builder/spi-builder-workspace/Sources/Spices/Internal/MenuItems/ButtonMenuItem.swift /Users/admin/builder/spi-builder-workspace/Sources/Spices/Internal/MenuItems/ChildSpiceStoreMenuItem.swift /Users/admin/builder/spi-builder-workspace/Sources/Spices/Internal/MenuItems/MenuItem.swift (in target 'Spices' from project 'Spices')
SwiftCompile normal armv7k /Users/admin/builder/spi-builder-workspace/Sources/Spices/Internal/MenuItems/AsyncButtonMenuItem.swift (in target 'Spices' from project 'Spices')
cd /Users/admin/builder/spi-builder-workspace/.swiftpm/xcode
SwiftCompile normal armv7k /Users/admin/builder/spi-builder-workspace/Sources/Spices/Internal/MenuItems/ButtonMenuItem.swift (in target 'Spices' from project 'Spices')
cd /Users/admin/builder/spi-builder-workspace/.swiftpm/xcode
SwiftCompile normal armv7k /Users/admin/builder/spi-builder-workspace/Sources/Spices/Internal/MenuItems/ChildSpiceStoreMenuItem.swift (in target 'Spices' from project 'Spices')
cd /Users/admin/builder/spi-builder-workspace/.swiftpm/xcode
SwiftCompile normal armv7k /Users/admin/builder/spi-builder-workspace/Sources/Spices/Internal/MenuItems/MenuItem.swift (in target 'Spices' from project 'Spices')
cd /Users/admin/builder/spi-builder-workspace/.swiftpm/xcode
SwiftCompile normal armv7k Compiling\ MenuItemProvider.swift,\ PickerMenuItem.swift,\ TextFieldMenuItem.swift,\ ToggleMenuItem.swift /Users/admin/builder/spi-builder-workspace/Sources/Spices/Internal/MenuItems/MenuItemProvider.swift /Users/admin/builder/spi-builder-workspace/Sources/Spices/Internal/MenuItems/PickerMenuItem.swift /Users/admin/builder/spi-builder-workspace/Sources/Spices/Internal/MenuItems/TextFieldMenuItem.swift /Users/admin/builder/spi-builder-workspace/Sources/Spices/Internal/MenuItems/ToggleMenuItem.swift (in target 'Spices' from project 'Spices')
SwiftCompile normal armv7k /Users/admin/builder/spi-builder-workspace/Sources/Spices/Internal/MenuItems/MenuItemProvider.swift (in target 'Spices' from project 'Spices')
cd /Users/admin/builder/spi-builder-workspace/.swiftpm/xcode
SwiftCompile normal armv7k /Users/admin/builder/spi-builder-workspace/Sources/Spices/Internal/MenuItems/PickerMenuItem.swift (in target 'Spices' from project 'Spices')
cd /Users/admin/builder/spi-builder-workspace/.swiftpm/xcode
SwiftCompile normal armv7k /Users/admin/builder/spi-builder-workspace/Sources/Spices/Internal/MenuItems/TextFieldMenuItem.swift (in target 'Spices' from project 'Spices')
cd /Users/admin/builder/spi-builder-workspace/.swiftpm/xcode
SwiftCompile normal armv7k /Users/admin/builder/spi-builder-workspace/Sources/Spices/Internal/MenuItems/ToggleMenuItem.swift (in target 'Spices' from project 'Spices')
cd /Users/admin/builder/spi-builder-workspace/.swiftpm/xcode
SwiftCompile normal armv7k Compiling\ ViewMenuItem.swift,\ Name.swift,\ Preparable.swift,\ AnyStorage.swift /Users/admin/builder/spi-builder-workspace/Sources/Spices/Internal/MenuItems/ViewMenuItem.swift /Users/admin/builder/spi-builder-workspace/Sources/Spices/Internal/Name.swift /Users/admin/builder/spi-builder-workspace/Sources/Spices/Internal/Preparable.swift /Users/admin/builder/spi-builder-workspace/Sources/Spices/Internal/Storage/AnyStorage.swift (in target 'Spices' from project 'Spices')
SwiftCompile normal armv7k /Users/admin/builder/spi-builder-workspace/Sources/Spices/Internal/MenuItems/ViewMenuItem.swift (in target 'Spices' from project 'Spices')
cd /Users/admin/builder/spi-builder-workspace/.swiftpm/xcode
SwiftCompile normal armv7k /Users/admin/builder/spi-builder-workspace/Sources/Spices/Internal/Name.swift (in target 'Spices' from project 'Spices')
cd /Users/admin/builder/spi-builder-workspace/.swiftpm/xcode
SwiftCompile normal armv7k /Users/admin/builder/spi-builder-workspace/Sources/Spices/Internal/Preparable.swift (in target 'Spices' from project 'Spices')
cd /Users/admin/builder/spi-builder-workspace/.swiftpm/xcode
SwiftCompile normal armv7k /Users/admin/builder/spi-builder-workspace/Sources/Spices/Internal/Storage/AnyStorage.swift (in target 'Spices' from project 'Spices')
cd /Users/admin/builder/spi-builder-workspace/.swiftpm/xcode
SwiftCompile normal armv7k Compiling\ UIApplication+Helpers.swift,\ UIViewController+Helpers.swift,\ View+RestartOnChange.swift,\ AsyncButtonMenuItemView.swift /Users/admin/builder/spi-builder-workspace/Sources/Spices/Internal/UIApplication+Helpers.swift /Users/admin/builder/spi-builder-workspace/Sources/Spices/Internal/UIViewController+Helpers.swift /Users/admin/builder/spi-builder-workspace/Sources/Spices/Internal/View+RestartOnChange.swift /Users/admin/builder/spi-builder-workspace/Sources/Spices/Internal/Views/AsyncButtonMenuItemView.swift (in target 'Spices' from project 'Spices')
SwiftCompile normal armv7k /Users/admin/builder/spi-builder-workspace/Sources/Spices/Internal/UIApplication+Helpers.swift (in target 'Spices' from project 'Spices')
cd /Users/admin/builder/spi-builder-workspace/.swiftpm/xcode
SwiftCompile normal armv7k /Users/admin/builder/spi-builder-workspace/Sources/Spices/Internal/UIViewController+Helpers.swift (in target 'Spices' from project 'Spices')
cd /Users/admin/builder/spi-builder-workspace/.swiftpm/xcode
SwiftCompile normal armv7k /Users/admin/builder/spi-builder-workspace/Sources/Spices/Internal/View+RestartOnChange.swift (in target 'Spices' from project 'Spices')
cd /Users/admin/builder/spi-builder-workspace/.swiftpm/xcode
SwiftCompile normal armv7k /Users/admin/builder/spi-builder-workspace/Sources/Spices/Internal/Views/AsyncButtonMenuItemView.swift (in target 'Spices' from project 'Spices')
cd /Users/admin/builder/spi-builder-workspace/.swiftpm/xcode
SwiftCompile normal armv7k Compiling\ Storage.swift,\ ThrowingStorage.swift,\ UserDefaultsStorage.swift,\ String+Helpers.swift /Users/admin/builder/spi-builder-workspace/Sources/Spices/Internal/Storage/Storage.swift /Users/admin/builder/spi-builder-workspace/Sources/Spices/Internal/Storage/ThrowingStorage.swift /Users/admin/builder/spi-builder-workspace/Sources/Spices/Internal/Storage/UserDefaultsStorage.swift /Users/admin/builder/spi-builder-workspace/Sources/Spices/Internal/String+Helpers.swift (in target 'Spices' from project 'Spices')
SwiftCompile normal armv7k /Users/admin/builder/spi-builder-workspace/Sources/Spices/Internal/Storage/Storage.swift (in target 'Spices' from project 'Spices')
cd /Users/admin/builder/spi-builder-workspace/.swiftpm/xcode
SwiftCompile normal armv7k /Users/admin/builder/spi-builder-workspace/Sources/Spices/Internal/Storage/ThrowingStorage.swift (in target 'Spices' from project 'Spices')
cd /Users/admin/builder/spi-builder-workspace/.swiftpm/xcode
SwiftCompile normal armv7k /Users/admin/builder/spi-builder-workspace/Sources/Spices/Internal/Storage/UserDefaultsStorage.swift (in target 'Spices' from project 'Spices')
cd /Users/admin/builder/spi-builder-workspace/.swiftpm/xcode
SwiftCompile normal armv7k /Users/admin/builder/spi-builder-workspace/Sources/Spices/Internal/String+Helpers.swift (in target 'Spices' from project 'Spices')
cd /Users/admin/builder/spi-builder-workspace/.swiftpm/xcode
SwiftCompile normal armv7k Compiling\ ButtonMenuItemView.swift,\ ChildSpiceStoreMenuItemView.swift,\ MenuItemListContent.swift,\ MenuItemListView.swift /Users/admin/builder/spi-builder-workspace/Sources/Spices/Internal/Views/ButtonMenuItemView.swift /Users/admin/builder/spi-builder-workspace/Sources/Spices/Internal/Views/ChildSpiceStoreMenuItemView.swift /Users/admin/builder/spi-builder-workspace/Sources/Spices/Internal/Views/MenuItemListContent.swift /Users/admin/builder/spi-builder-workspace/Sources/Spices/Internal/Views/MenuItemListView.swift (in target 'Spices' from project 'Spices')
SwiftCompile normal armv7k /Users/admin/builder/spi-builder-workspace/Sources/Spices/Internal/Views/ButtonMenuItemView.swift (in target 'Spices' from project 'Spices')
cd /Users/admin/builder/spi-builder-workspace/.swiftpm/xcode
SwiftCompile normal armv7k /Users/admin/builder/spi-builder-workspace/Sources/Spices/Internal/Views/ChildSpiceStoreMenuItemView.swift (in target 'Spices' from project 'Spices')
cd /Users/admin/builder/spi-builder-workspace/.swiftpm/xcode
SwiftCompile normal armv7k /Users/admin/builder/spi-builder-workspace/Sources/Spices/Internal/Views/MenuItemListContent.swift (in target 'Spices' from project 'Spices')
cd /Users/admin/builder/spi-builder-workspace/.swiftpm/xcode
SwiftCompile normal armv7k /Users/admin/builder/spi-builder-workspace/Sources/Spices/Internal/Views/MenuItemListView.swift (in target 'Spices' from project 'Spices')
cd /Users/admin/builder/spi-builder-workspace/.swiftpm/xcode
SwiftCompile normal armv7k Compiling\ PresentationStyle.swift,\ Spice.swift,\ SpiceEditor.swift,\ SpiceEditorViewController.swift /Users/admin/builder/spi-builder-workspace/Sources/Spices/PresentationStyle.swift /Users/admin/builder/spi-builder-workspace/Sources/Spices/Spice.swift /Users/admin/builder/spi-builder-workspace/Sources/Spices/SpiceEditor.swift /Users/admin/builder/spi-builder-workspace/Sources/Spices/SpiceEditorViewController.swift (in target 'Spices' from project 'Spices')
SwiftCompile normal armv7k /Users/admin/builder/spi-builder-workspace/Sources/Spices/PresentationStyle.swift (in target 'Spices' from project 'Spices')
cd /Users/admin/builder/spi-builder-workspace/.swiftpm/xcode
SwiftCompile normal armv7k /Users/admin/builder/spi-builder-workspace/Sources/Spices/Spice.swift (in target 'Spices' from project 'Spices')
cd /Users/admin/builder/spi-builder-workspace/.swiftpm/xcode
SwiftCompile normal armv7k /Users/admin/builder/spi-builder-workspace/Sources/Spices/SpiceEditor.swift (in target 'Spices' from project 'Spices')
cd /Users/admin/builder/spi-builder-workspace/.swiftpm/xcode
SwiftCompile normal armv7k /Users/admin/builder/spi-builder-workspace/Sources/Spices/SpiceEditorViewController.swift (in target 'Spices' from project 'Spices')
cd /Users/admin/builder/spi-builder-workspace/.swiftpm/xcode
SwiftCompile normal armv7k Compiling\ MenuItemView.swift,\ PickerMenuItemView.swift,\ TextFieldMenuItemView.swift,\ ToggleMenuItemView.swift /Users/admin/builder/spi-builder-workspace/Sources/Spices/Internal/Views/MenuItemView.swift /Users/admin/builder/spi-builder-workspace/Sources/Spices/Internal/Views/PickerMenuItemView.swift /Users/admin/builder/spi-builder-workspace/Sources/Spices/Internal/Views/TextFieldMenuItemView.swift /Users/admin/builder/spi-builder-workspace/Sources/Spices/Internal/Views/ToggleMenuItemView.swift (in target 'Spices' from project 'Spices')
SwiftCompile normal armv7k /Users/admin/builder/spi-builder-workspace/Sources/Spices/Internal/Views/MenuItemView.swift (in target 'Spices' from project 'Spices')
cd /Users/admin/builder/spi-builder-workspace/.swiftpm/xcode
SwiftCompile normal armv7k /Users/admin/builder/spi-builder-workspace/Sources/Spices/Internal/Views/PickerMenuItemView.swift (in target 'Spices' from project 'Spices')
cd /Users/admin/builder/spi-builder-workspace/.swiftpm/xcode
SwiftCompile normal armv7k /Users/admin/builder/spi-builder-workspace/Sources/Spices/Internal/Views/TextFieldMenuItemView.swift (in target 'Spices' from project 'Spices')
cd /Users/admin/builder/spi-builder-workspace/.swiftpm/xcode
SwiftCompile normal armv7k /Users/admin/builder/spi-builder-workspace/Sources/Spices/Internal/Views/ToggleMenuItemView.swift (in target 'Spices' from project 'Spices')
cd /Users/admin/builder/spi-builder-workspace/.swiftpm/xcode
SwiftExplicitDependencyGeneratePcm arm64_32 /Users/admin/builder/spi-builder-workspace/.derivedData/ModuleCache.noindex/SwiftUI-125OTHMG1VS2A2YX0HQ9TNHR.pcm
SwiftEmitModule normal arm64 Emitting\ module\ for\ Spices (in target 'Spices' from project 'Spices')
EmitSwiftModule normal arm64 (in target 'Spices' from project 'Spices')
cd /Users/admin/builder/spi-builder-workspace/.swiftpm/xcode
SwiftEmitModule normal arm64_32 Emitting\ module\ for\ Spices (in target 'Spices' from project 'Spices')
2026-08-24 16:55:12.352 xcodebuild[864:4823] [MT] IDERunDestination: Supported platforms for the buildables in the current scheme is empty.
** BUILD FAILED **
The following build commands failed:
EmitSwiftModule normal armv7k (in target 'Spices' from project 'Spices')
SwiftEmitModule normal armv7k Emitting\ module\ for\ Spices (in target 'Spices' from project 'Spices')
Building workspace spi-builder-workspace with scheme Spices
(3 failures)
BUILD FAILURE 6.3 watchOS