Build Information
Failed to build KadrCaptions, reference v0.12.0 (340d35), with Swift 6.2 for watchOS using Xcode 26.3 on 28 Aug 2026 18:33:00 UTC.
Build Command
env DEVELOPER_DIR=/Applications/Xcode-26.3.0.app xcrun xcodebuild -IDEClonedSourcePackagesDirPathOverride=$PWD/.dependencies -skipMacroValidation -skipPackagePluginValidation -derivedDataPath $PWD/.derivedData build -scheme KadrCaptions -destination generic/platform=watchOSBuild Log
========================================
RunAll
========================================
Builder version: 5.0.2
Interrupt handler set up.
========================================
Checkout
========================================
Clone URL: https://github.com/SteliyanH/kadr-captions.git
Reference: v0.12.0
Initialized empty Git repository in /Users/admin/builder/spi-builder-workspace/.git/
From https://github.com/SteliyanH/kadr-captions
* tag v0.12.0 -> FETCH_HEAD
HEAD is now at 340d35e Merge pull request #64 from SteliyanH/develop
Cloned https://github.com/SteliyanH/kadr-captions.git
Revision (git rev-parse @):
340d35e153a38dd96e75b8bc5ce3ba3f426aa5dc
SPI manifest file found: $PWD/.spi.yml
SUCCESS checkout https://github.com/SteliyanH/kadr-captions.git at v0.12.0
========================================
Build
========================================
Selected platform: watchOS
Swift version: 6.2
Building package at path: $PWD
https://github.com/SteliyanH/kadr-captions.git
Command line invocation:
/Applications/Xcode-26.3.0.app/Contents/Developer/usr/bin/xcodebuild -IDEClonedSourcePackagesDirPathOverride=/Users/admin/builder/spi-builder-workspace/.dependencies -resolvePackageDependencies
Resolve Package Graph
Fetching from https://github.com/SteliyanH/kadr.git
Creating working copy of package ‘kadr’
Checking out 1.0.0 of package ‘kadr’
Resolve Package Graph
Resolved source packages:
Kadr: https://github.com/SteliyanH/kadr.git @ 1.0.0
KadrCaptions: /Users/admin/builder/spi-builder-workspace
resolved source packages: Kadr, KadrCaptions
2026-08-28 14:32:32.158 xcodebuild[538:3097] [MT] IDERunDestination: Supported platforms for the buildables in the current scheme is empty.
{
"dependencies" : [
{
"identity" : "kadr",
"requirement" : {
"range" : [
{
"lower_bound" : "1.0.0",
"upper_bound" : "2.0.0"
}
]
},
"type" : "sourceControl",
"url" : "https://github.com/SteliyanH/kadr.git"
}
],
"manifest_display_name" : "KadrCaptions",
"name" : "KadrCaptions",
"path" : "/Users/admin/builder/spi-builder-workspace",
"platforms" : [
{
"name" : "ios",
"version" : "17.0"
},
{
"name" : "macos",
"version" : "14.0"
},
{
"name" : "tvos",
"version" : "17.0"
},
{
"name" : "visionos",
"version" : "1.0"
}
],
"products" : [
{
"name" : "KadrCaptions",
"targets" : [
"KadrCaptions"
],
"type" : {
"library" : [
"automatic"
]
}
}
],
"targets" : [
{
"c99name" : "KadrCaptionsTests",
"module_type" : "SwiftTarget",
"name" : "KadrCaptionsTests",
"path" : "Tests/KadrCaptionsTests",
"sources" : [
"ASSTests.swift",
"CaptionLoadTests.swift",
"CaptionParseErrorLocalizedTests.swift",
"CaptionTransformsTests.swift",
"EBUTTDTests.swift",
"ITTTests.swift",
"KadrCaptionsTests.swift",
"SRTTests.swift",
"StyledASSTests.swift",
"StyledCaptionBridgeTests.swift",
"StyledVTTTests.swift",
"VTTRegionsTests.swift",
"VTTTests.swift",
"VobSubBitmapTests.swift",
"VobSubTests.swift"
],
"target_dependencies" : [
"KadrCaptions"
],
"type" : "test"
},
{
"c99name" : "KadrCaptions",
"module_type" : "SwiftTarget",
"name" : "KadrCaptions",
"path" : "Sources/KadrCaptions",
"product_dependencies" : [
"Kadr"
],
"product_memberships" : [
"KadrCaptions"
],
"sources" : [
"ASS.swift",
"Caption+Load.swift",
"Caption+Transforms.swift",
"CaptionParseError+LocalizedError.swift",
"CaptionParseError.swift",
"CaptionRegion.swift",
"EBUTTD.swift",
"ITT.swift",
"KadrCaptions.swift",
"SRT.swift",
"StyledASS.swift",
"StyledCaption+Bridge.swift",
"StyledCaption.swift",
"StyledVTT.swift",
"VTT.swift",
"VobSub.swift",
"VobSubBitmap.swift"
],
"type" : "library"
}
],
"tools_version" : "6.0"
}
{
"workspace" : {
"name" : "spi-builder-workspace",
"schemes" : [
"KadrCaptions"
]
}
}
2026-08-28 14:32:50.530 xcodebuild[709:4362] [MT] IDERunDestination: Supported platforms for the buildables in the current scheme is empty.
Running build ...
env DEVELOPER_DIR=/Applications/Xcode-26.3.0.app xcrun xcodebuild -IDEClonedSourcePackagesDirPathOverride=$PWD/.dependencies -skipMacroValidation -skipPackagePluginValidation -derivedDataPath $PWD/.derivedData build -scheme KadrCaptions -destination generic/platform=watchOS
Command line invocation:
/Applications/Xcode-26.3.0.app/Contents/Developer/usr/bin/xcodebuild -IDEClonedSourcePackagesDirPathOverride=/Users/admin/builder/spi-builder-workspace/.dependencies -skipMacroValidation -skipPackagePluginValidation -derivedDataPath /Users/admin/builder/spi-builder-workspace/.derivedData build -scheme KadrCaptions -destination generic/platform=watchOS
Resolve Package Graph
Resolve Package Graph
Resolved source packages:
KadrCaptions: /Users/admin/builder/spi-builder-workspace
Kadr: https://github.com/SteliyanH/kadr.git @ 1.0.0
ComputePackagePrebuildTargetDependencyGraph
Prepare packages
CreateBuildRequest
SendProjectDescription
CreateBuildOperation
ComputeTargetDependencyGraph
note: Building targets in dependency order
note: Target dependency graph (4 targets)
Target 'KadrCaptions' in project 'KadrCaptions'
➜ Explicit dependency on target 'KadrCaptions' in project 'KadrCaptions'
➜ Explicit dependency on target 'Kadr' in project 'Kadr'
Target 'KadrCaptions' in project 'KadrCaptions'
➜ Explicit dependency on target 'Kadr' in project 'Kadr'
Target 'Kadr' in project 'Kadr'
➜ Explicit dependency on target 'Kadr' in project 'Kadr'
Target 'Kadr' in project 'Kadr' (no dependencies)
GatherProvisioningInputs
CreateBuildDescription
ExecuteExternalTool /Applications/Xcode-26.3.0.app/Contents/Developer/Toolchains/XcodeDefault.xctoolchain/usr/bin/clang -v -E -dM -isysroot /Applications/Xcode-26.3.0.app/Contents/Developer/Platforms/WatchOS.platform/Developer/SDKs/WatchOS26.2.sdk -x c -c /dev/null
ExecuteExternalTool /Applications/Xcode-26.3.0.app/Contents/Developer/Toolchains/XcodeDefault.xctoolchain/usr/bin/swiftc --version
ExecuteExternalTool /Applications/Xcode-26.3.0.app/Contents/Developer/Toolchains/XcodeDefault.xctoolchain/usr/bin/ld -version_details
ReadFileContents /Applications/Xcode-26.3.0.app/Contents/Developer/Toolchains/XcodeDefault.xctoolchain/usr/share/docc/features.json
Build description signature: 434fac7d10e2f6437436f7e3b97afe7a
Build description path: /Users/admin/builder/spi-builder-workspace/.derivedData/Build/Intermediates.noindex/XCBuildData/434fac7d10e2f6437436f7e3b97afe7a.xcbuilddata
ClangStatCache /Applications/Xcode-26.3.0.app/Contents/Developer/Toolchains/XcodeDefault.xctoolchain/usr/bin/clang-stat-cache /Applications/Xcode-26.3.0.app/Contents/Developer/Platforms/WatchOS.platform/Developer/SDKs/WatchOS26.2.sdk /Users/admin/builder/spi-builder-workspace/.derivedData/SDKStatCaches.noindex/watchos26.2-23S303-dc75598d0054f22ec865fa860f139d721753b489057de6bda919edfa1c59a62b.sdkstatcache
cd /Users/admin/builder/spi-builder-workspace/.swiftpm/xcode
/Applications/Xcode-26.3.0.app/Contents/Developer/Toolchains/XcodeDefault.xctoolchain/usr/bin/clang-stat-cache /Applications/Xcode-26.3.0.app/Contents/Developer/Platforms/WatchOS.platform/Developer/SDKs/WatchOS26.2.sdk -o /Users/admin/builder/spi-builder-workspace/.derivedData/SDKStatCaches.noindex/watchos26.2-23S303-dc75598d0054f22ec865fa860f139d721753b489057de6bda919edfa1c59a62b.sdkstatcache
CreateBuildDirectory /Users/admin/builder/spi-builder-workspace/.derivedData/Build/Products
cd /Users/admin/builder/spi-builder-workspace/.swiftpm/xcode
builtin-create-build-directory /Users/admin/builder/spi-builder-workspace/.derivedData/Build/Products
CreateBuildDirectory /Users/admin/builder/spi-builder-workspace/.derivedData/Build/Intermediates.noindex
cd /Users/admin/builder/spi-builder-workspace/.swiftpm/xcode
builtin-create-build-directory /Users/admin/builder/spi-builder-workspace/.derivedData/Build/Intermediates.noindex
CreateBuildDirectory /Users/admin/builder/spi-builder-workspace/.derivedData/Build/Intermediates.noindex/SwiftExplicitPrecompiledModules
cd /Users/admin/builder/spi-builder-workspace/.swiftpm/xcode
builtin-create-build-directory /Users/admin/builder/spi-builder-workspace/.derivedData/Build/Intermediates.noindex/SwiftExplicitPrecompiledModules
CreateBuildDirectory /Users/admin/builder/spi-builder-workspace/.derivedData/Build/Products/Debug-watchos
cd /Users/admin/builder/spi-builder-workspace/.swiftpm/xcode
builtin-create-build-directory /Users/admin/builder/spi-builder-workspace/.derivedData/Build/Products/Debug-watchos
CreateBuildDirectory /Users/admin/builder/spi-builder-workspace/.derivedData/Build/Intermediates.noindex/ExplicitPrecompiledModules
cd /Users/admin/builder/spi-builder-workspace/.swiftpm/xcode
builtin-create-build-directory /Users/admin/builder/spi-builder-workspace/.derivedData/Build/Intermediates.noindex/ExplicitPrecompiledModules
CreateBuildDirectory /Users/admin/builder/spi-builder-workspace/.derivedData/Build/Intermediates.noindex/EagerLinkingTBDs/Debug-watchos
cd /Users/admin/builder/spi-builder-workspace/.swiftpm/xcode
builtin-create-build-directory /Users/admin/builder/spi-builder-workspace/.derivedData/Build/Intermediates.noindex/EagerLinkingTBDs/Debug-watchos
CreateBuildDirectory /Users/admin/builder/spi-builder-workspace/.derivedData/Build/Products/Debug-watchos/PackageFrameworks
cd /Users/admin/builder/spi-builder-workspace/.swiftpm/xcode
builtin-create-build-directory /Users/admin/builder/spi-builder-workspace/.derivedData/Build/Products/Debug-watchos/PackageFrameworks
WriteAuxiliaryFile /Users/admin/builder/spi-builder-workspace/.derivedData/Build/Intermediates.noindex/KadrCaptions.build/Debug-watchos/KadrCaptions.build/KadrCaptions.modulemap (in target 'KadrCaptions' from project 'KadrCaptions')
cd /Users/admin/builder/spi-builder-workspace
write-file /Users/admin/builder/spi-builder-workspace/.derivedData/Build/Intermediates.noindex/KadrCaptions.build/Debug-watchos/KadrCaptions.build/KadrCaptions.modulemap
WriteAuxiliaryFile /Users/admin/builder/spi-builder-workspace/.derivedData/Build/Intermediates.noindex/KadrCaptions.build/Debug-watchos/KadrCaptions.build/Objects-normal/arm64_32/KadrCaptions.LinkFileList (in target 'KadrCaptions' from project 'KadrCaptions')
cd /Users/admin/builder/spi-builder-workspace
write-file /Users/admin/builder/spi-builder-workspace/.derivedData/Build/Intermediates.noindex/KadrCaptions.build/Debug-watchos/KadrCaptions.build/Objects-normal/arm64_32/KadrCaptions.LinkFileList
WriteAuxiliaryFile /Users/admin/builder/spi-builder-workspace/.derivedData/Build/Intermediates.noindex/KadrCaptions.build/Debug-watchos/KadrCaptions.build/Objects-normal/arm64_32/KadrCaptions-OutputFileMap.json (in target 'KadrCaptions' from project 'KadrCaptions')
cd /Users/admin/builder/spi-builder-workspace
write-file /Users/admin/builder/spi-builder-workspace/.derivedData/Build/Intermediates.noindex/KadrCaptions.build/Debug-watchos/KadrCaptions.build/Objects-normal/arm64_32/KadrCaptions-OutputFileMap.json
WriteAuxiliaryFile /Users/admin/builder/spi-builder-workspace/.derivedData/Build/Intermediates.noindex/KadrCaptions.build/Debug-watchos/KadrCaptions.build/Objects-normal/arm64/KadrCaptions-OutputFileMap.json (in target 'KadrCaptions' from project 'KadrCaptions')
cd /Users/admin/builder/spi-builder-workspace
write-file /Users/admin/builder/spi-builder-workspace/.derivedData/Build/Intermediates.noindex/KadrCaptions.build/Debug-watchos/KadrCaptions.build/Objects-normal/arm64/KadrCaptions-OutputFileMap.json
WriteAuxiliaryFile /Users/admin/builder/spi-builder-workspace/.derivedData/Build/Intermediates.noindex/KadrCaptions.build/Debug-watchos/KadrCaptions.build/Objects-normal/arm64/KadrCaptions.SwiftFileList (in target 'KadrCaptions' from project 'KadrCaptions')
cd /Users/admin/builder/spi-builder-workspace
write-file /Users/admin/builder/spi-builder-workspace/.derivedData/Build/Intermediates.noindex/KadrCaptions.build/Debug-watchos/KadrCaptions.build/Objects-normal/arm64/KadrCaptions.SwiftFileList
WriteAuxiliaryFile /Users/admin/builder/spi-builder-workspace/.derivedData/Build/Intermediates.noindex/KadrCaptions.build/Debug-watchos/KadrCaptions.build/Objects-normal/arm64_32/KadrCaptions_const_extract_protocols.json (in target 'KadrCaptions' from project 'KadrCaptions')
cd /Users/admin/builder/spi-builder-workspace
write-file /Users/admin/builder/spi-builder-workspace/.derivedData/Build/Intermediates.noindex/KadrCaptions.build/Debug-watchos/KadrCaptions.build/Objects-normal/arm64_32/KadrCaptions_const_extract_protocols.json
WriteAuxiliaryFile /Users/admin/builder/spi-builder-workspace/.derivedData/Build/Intermediates.noindex/KadrCaptions.build/Debug-watchos/KadrCaptions.build/Objects-normal/arm64_32/KadrCaptions.SwiftFileList (in target 'KadrCaptions' from project 'KadrCaptions')
cd /Users/admin/builder/spi-builder-workspace
write-file /Users/admin/builder/spi-builder-workspace/.derivedData/Build/Intermediates.noindex/KadrCaptions.build/Debug-watchos/KadrCaptions.build/Objects-normal/arm64_32/KadrCaptions.SwiftFileList
WriteAuxiliaryFile /Users/admin/builder/spi-builder-workspace/.derivedData/Build/Intermediates.noindex/KadrCaptions.build/Debug-watchos/KadrCaptions.build/Objects-normal/arm64/KadrCaptions_const_extract_protocols.json (in target 'KadrCaptions' from project 'KadrCaptions')
cd /Users/admin/builder/spi-builder-workspace
write-file /Users/admin/builder/spi-builder-workspace/.derivedData/Build/Intermediates.noindex/KadrCaptions.build/Debug-watchos/KadrCaptions.build/Objects-normal/arm64/KadrCaptions_const_extract_protocols.json
WriteAuxiliaryFile /Users/admin/builder/spi-builder-workspace/.derivedData/Build/Intermediates.noindex/KadrCaptions.build/Debug-watchos/KadrCaptions.build/Objects-normal/arm64_32/KadrCaptions.SwiftConstValuesFileList (in target 'KadrCaptions' from project 'KadrCaptions')
cd /Users/admin/builder/spi-builder-workspace
write-file /Users/admin/builder/spi-builder-workspace/.derivedData/Build/Intermediates.noindex/KadrCaptions.build/Debug-watchos/KadrCaptions.build/Objects-normal/arm64_32/KadrCaptions.SwiftConstValuesFileList
WriteAuxiliaryFile /Users/admin/builder/spi-builder-workspace/.derivedData/Build/Intermediates.noindex/KadrCaptions.build/Debug-watchos/KadrCaptions.build/Objects-normal/arm64/KadrCaptions.SwiftConstValuesFileList (in target 'KadrCaptions' from project 'KadrCaptions')
cd /Users/admin/builder/spi-builder-workspace
write-file /Users/admin/builder/spi-builder-workspace/.derivedData/Build/Intermediates.noindex/KadrCaptions.build/Debug-watchos/KadrCaptions.build/Objects-normal/arm64/KadrCaptions.SwiftConstValuesFileList
WriteAuxiliaryFile /Users/admin/builder/spi-builder-workspace/.derivedData/Build/Intermediates.noindex/KadrCaptions.build/Debug-watchos/KadrCaptions.build/Objects-normal/arm64/KadrCaptions.LinkFileList (in target 'KadrCaptions' from project 'KadrCaptions')
cd /Users/admin/builder/spi-builder-workspace
write-file /Users/admin/builder/spi-builder-workspace/.derivedData/Build/Intermediates.noindex/KadrCaptions.build/Debug-watchos/KadrCaptions.build/Objects-normal/arm64/KadrCaptions.LinkFileList
WriteAuxiliaryFile /Users/admin/builder/spi-builder-workspace/.derivedData/Build/Intermediates.noindex/KadrCaptions.build/Debug-watchos/KadrCaptions.build/KadrCaptions.DependencyStaticMetadataFileList (in target 'KadrCaptions' from project 'KadrCaptions')
cd /Users/admin/builder/spi-builder-workspace
write-file /Users/admin/builder/spi-builder-workspace/.derivedData/Build/Intermediates.noindex/KadrCaptions.build/Debug-watchos/KadrCaptions.build/KadrCaptions.DependencyStaticMetadataFileList
WriteAuxiliaryFile /Users/admin/builder/spi-builder-workspace/.derivedData/Build/Intermediates.noindex/KadrCaptions.build/Debug-watchos/KadrCaptions.build/KadrCaptions.DependencyMetadataFileList (in target 'KadrCaptions' from project 'KadrCaptions')
cd /Users/admin/builder/spi-builder-workspace
write-file /Users/admin/builder/spi-builder-workspace/.derivedData/Build/Intermediates.noindex/KadrCaptions.build/Debug-watchos/KadrCaptions.build/KadrCaptions.DependencyMetadataFileList
Copy /Users/admin/builder/spi-builder-workspace/.derivedData/Build/Intermediates.noindex/GeneratedModuleMaps-watchos/KadrCaptions.modulemap /Users/admin/builder/spi-builder-workspace/.derivedData/Build/Intermediates.noindex/KadrCaptions.build/Debug-watchos/KadrCaptions.build/KadrCaptions.modulemap (in target 'KadrCaptions' from project 'KadrCaptions')
cd /Users/admin/builder/spi-builder-workspace
builtin-copy -exclude .DS_Store -exclude CVS -exclude .svn -exclude .git -exclude .hg -resolve-src-symlinks /Users/admin/builder/spi-builder-workspace/.derivedData/Build/Intermediates.noindex/KadrCaptions.build/Debug-watchos/KadrCaptions.build/KadrCaptions.modulemap /Users/admin/builder/spi-builder-workspace/.derivedData/Build/Intermediates.noindex/GeneratedModuleMaps-watchos
WriteAuxiliaryFile /Users/admin/builder/spi-builder-workspace/.derivedData/Build/Intermediates.noindex/Kadr.build/Debug-watchos/Kadr.build/Objects-normal/arm64_32/Kadr-OutputFileMap.json (in target 'Kadr' from project 'Kadr')
cd /Users/admin/builder/spi-builder-workspace/.dependencies/checkouts/kadr
write-file /Users/admin/builder/spi-builder-workspace/.derivedData/Build/Intermediates.noindex/Kadr.build/Debug-watchos/Kadr.build/Objects-normal/arm64_32/Kadr-OutputFileMap.json
WriteAuxiliaryFile /Users/admin/builder/spi-builder-workspace/.derivedData/Build/Intermediates.noindex/Kadr.build/Debug-watchos/Kadr.build/Objects-normal/arm64_32/Kadr.SwiftFileList (in target 'Kadr' from project 'Kadr')
cd /Users/admin/builder/spi-builder-workspace/.dependencies/checkouts/kadr
write-file /Users/admin/builder/spi-builder-workspace/.derivedData/Build/Intermediates.noindex/Kadr.build/Debug-watchos/Kadr.build/Objects-normal/arm64_32/Kadr.SwiftFileList
WriteAuxiliaryFile /Users/admin/builder/spi-builder-workspace/.derivedData/Build/Intermediates.noindex/Kadr.build/Debug-watchos/Kadr.build/Objects-normal/arm64_32/Kadr.LinkFileList (in target 'Kadr' from project 'Kadr')
cd /Users/admin/builder/spi-builder-workspace/.dependencies/checkouts/kadr
write-file /Users/admin/builder/spi-builder-workspace/.derivedData/Build/Intermediates.noindex/Kadr.build/Debug-watchos/Kadr.build/Objects-normal/arm64_32/Kadr.LinkFileList
WriteAuxiliaryFile /Users/admin/builder/spi-builder-workspace/.derivedData/Build/Intermediates.noindex/Kadr.build/Debug-watchos/Kadr.build/Objects-normal/arm64_32/Kadr.SwiftConstValuesFileList (in target 'Kadr' from project 'Kadr')
cd /Users/admin/builder/spi-builder-workspace/.dependencies/checkouts/kadr
write-file /Users/admin/builder/spi-builder-workspace/.derivedData/Build/Intermediates.noindex/Kadr.build/Debug-watchos/Kadr.build/Objects-normal/arm64_32/Kadr.SwiftConstValuesFileList
WriteAuxiliaryFile /Users/admin/builder/spi-builder-workspace/.derivedData/Build/Intermediates.noindex/Kadr.build/Debug-watchos/Kadr.build/Objects-normal/arm64_32/Kadr_const_extract_protocols.json (in target 'Kadr' from project 'Kadr')
cd /Users/admin/builder/spi-builder-workspace/.dependencies/checkouts/kadr
write-file /Users/admin/builder/spi-builder-workspace/.derivedData/Build/Intermediates.noindex/Kadr.build/Debug-watchos/Kadr.build/Objects-normal/arm64_32/Kadr_const_extract_protocols.json
WriteAuxiliaryFile /Users/admin/builder/spi-builder-workspace/.derivedData/Build/Intermediates.noindex/Kadr.build/Debug-watchos/Kadr.build/Objects-normal/arm64/Kadr_const_extract_protocols.json (in target 'Kadr' from project 'Kadr')
cd /Users/admin/builder/spi-builder-workspace/.dependencies/checkouts/kadr
write-file /Users/admin/builder/spi-builder-workspace/.derivedData/Build/Intermediates.noindex/Kadr.build/Debug-watchos/Kadr.build/Objects-normal/arm64/Kadr_const_extract_protocols.json
WriteAuxiliaryFile /Users/admin/builder/spi-builder-workspace/.derivedData/Build/Intermediates.noindex/Kadr.build/Debug-watchos/Kadr.build/Objects-normal/arm64/Kadr.SwiftFileList (in target 'Kadr' from project 'Kadr')
cd /Users/admin/builder/spi-builder-workspace/.dependencies/checkouts/kadr
write-file /Users/admin/builder/spi-builder-workspace/.derivedData/Build/Intermediates.noindex/Kadr.build/Debug-watchos/Kadr.build/Objects-normal/arm64/Kadr.SwiftFileList
WriteAuxiliaryFile /Users/admin/builder/spi-builder-workspace/.derivedData/Build/Intermediates.noindex/Kadr.build/Debug-watchos/Kadr.build/Objects-normal/arm64/Kadr.SwiftConstValuesFileList (in target 'Kadr' from project 'Kadr')
cd /Users/admin/builder/spi-builder-workspace/.dependencies/checkouts/kadr
write-file /Users/admin/builder/spi-builder-workspace/.derivedData/Build/Intermediates.noindex/Kadr.build/Debug-watchos/Kadr.build/Objects-normal/arm64/Kadr.SwiftConstValuesFileList
WriteAuxiliaryFile /Users/admin/builder/spi-builder-workspace/.derivedData/Build/Intermediates.noindex/Kadr.build/Debug-watchos/Kadr.build/Objects-normal/arm64/Kadr.LinkFileList (in target 'Kadr' from project 'Kadr')
cd /Users/admin/builder/spi-builder-workspace/.dependencies/checkouts/kadr
write-file /Users/admin/builder/spi-builder-workspace/.derivedData/Build/Intermediates.noindex/Kadr.build/Debug-watchos/Kadr.build/Objects-normal/arm64/Kadr.LinkFileList
WriteAuxiliaryFile /Users/admin/builder/spi-builder-workspace/.derivedData/Build/Intermediates.noindex/Kadr.build/Debug-watchos/Kadr.build/Kadr.modulemap (in target 'Kadr' from project 'Kadr')
cd /Users/admin/builder/spi-builder-workspace/.dependencies/checkouts/kadr
write-file /Users/admin/builder/spi-builder-workspace/.derivedData/Build/Intermediates.noindex/Kadr.build/Debug-watchos/Kadr.build/Kadr.modulemap
WriteAuxiliaryFile /Users/admin/builder/spi-builder-workspace/.derivedData/Build/Intermediates.noindex/Kadr.build/Debug-watchos/Kadr.build/Objects-normal/arm64/Kadr-OutputFileMap.json (in target 'Kadr' from project 'Kadr')
cd /Users/admin/builder/spi-builder-workspace/.dependencies/checkouts/kadr
write-file /Users/admin/builder/spi-builder-workspace/.derivedData/Build/Intermediates.noindex/Kadr.build/Debug-watchos/Kadr.build/Objects-normal/arm64/Kadr-OutputFileMap.json
WriteAuxiliaryFile /Users/admin/builder/spi-builder-workspace/.derivedData/Build/Intermediates.noindex/Kadr.build/Debug-watchos/Kadr.build/Kadr.DependencyStaticMetadataFileList (in target 'Kadr' from project 'Kadr')
cd /Users/admin/builder/spi-builder-workspace/.dependencies/checkouts/kadr
write-file /Users/admin/builder/spi-builder-workspace/.derivedData/Build/Intermediates.noindex/Kadr.build/Debug-watchos/Kadr.build/Kadr.DependencyStaticMetadataFileList
WriteAuxiliaryFile /Users/admin/builder/spi-builder-workspace/.derivedData/Build/Intermediates.noindex/Kadr.build/Debug-watchos/Kadr.build/Kadr.DependencyMetadataFileList (in target 'Kadr' from project 'Kadr')
cd /Users/admin/builder/spi-builder-workspace/.dependencies/checkouts/kadr
write-file /Users/admin/builder/spi-builder-workspace/.derivedData/Build/Intermediates.noindex/Kadr.build/Debug-watchos/Kadr.build/Kadr.DependencyMetadataFileList
Copy /Users/admin/builder/spi-builder-workspace/.derivedData/Build/Intermediates.noindex/GeneratedModuleMaps-watchos/Kadr.modulemap /Users/admin/builder/spi-builder-workspace/.derivedData/Build/Intermediates.noindex/Kadr.build/Debug-watchos/Kadr.build/Kadr.modulemap (in target 'Kadr' from project 'Kadr')
cd /Users/admin/builder/spi-builder-workspace/.dependencies/checkouts/kadr
builtin-copy -exclude .DS_Store -exclude CVS -exclude .svn -exclude .git -exclude .hg -resolve-src-symlinks /Users/admin/builder/spi-builder-workspace/.derivedData/Build/Intermediates.noindex/Kadr.build/Debug-watchos/Kadr.build/Kadr.modulemap /Users/admin/builder/spi-builder-workspace/.derivedData/Build/Intermediates.noindex/GeneratedModuleMaps-watchos
SwiftDriver Kadr normal arm64_32 com.apple.xcode.tools.swift.compiler (in target 'Kadr' from project 'Kadr')
cd /Users/admin/builder/spi-builder-workspace/.swiftpm/xcode
builtin-SwiftDriver -- /Applications/Xcode-26.3.0.app/Contents/Developer/Toolchains/XcodeDefault.xctoolchain/usr/bin/swiftc -module-name Kadr -Onone -enforce-exclusivity\=checked @/Users/admin/builder/spi-builder-workspace/.derivedData/Build/Intermediates.noindex/Kadr.build/Debug-watchos/Kadr.build/Objects-normal/arm64_32/Kadr.SwiftFileList -DSWIFT_PACKAGE -DDEBUG -DSWIFT_MODULE_RESOURCE_BUNDLE_UNAVAILABLE -DXcode -enable-experimental-feature StrictConcurrency -plugin-path /Applications/Xcode-26.3.0.app/Contents/Developer/Toolchains/XcodeDefault.xctoolchain/usr/lib/swift/host/plugins/testing -enable-experimental-feature DebugDescriptionMacro -sdk /Applications/Xcode-26.3.0.app/Contents/Developer/Platforms/WatchOS.platform/Developer/SDKs/WatchOS26.2.sdk -target arm64_32-apple-watchos10.0 -g -module-cache-path /Users/admin/builder/spi-builder-workspace/.derivedData/ModuleCache.noindex -Xfrontend -serialize-debugging-options -profile-coverage-mapping -profile-generate -enable-testing -suppress-warnings -index-store-path /Users/admin/builder/spi-builder-workspace/.derivedData/Index.noindex/DataStore -Xcc -D_LIBCPP_HARDENING_MODE\=_LIBCPP_HARDENING_MODE_DEBUG -swift-version 6 -I /Users/admin/builder/spi-builder-workspace/.derivedData/Build/Products/Debug-watchos -Isystem /Applications/Xcode-26.3.0.app/Contents/Developer/Platforms/WatchOS.platform/Developer/usr/lib -F /Users/admin/builder/spi-builder-workspace/.derivedData/Build/Products/Debug-watchos -F /Applications/Xcode-26.3.0.app/Contents/Developer/Platforms/WatchOS.platform/Developer/Library/Frameworks -F /Applications/Xcode-26.3.0.app/Contents/Developer/Platforms/WatchOS.platform/Developer/SDKs/WatchOS26.2.sdk/Developer/Library/Frameworks -c -j10 -enable-batch-mode -incremental -Xcc -ivfsstatcache -Xcc /Users/admin/builder/spi-builder-workspace/.derivedData/SDKStatCaches.noindex/watchos26.2-23S303-dc75598d0054f22ec865fa860f139d721753b489057de6bda919edfa1c59a62b.sdkstatcache -output-file-map /Users/admin/builder/spi-builder-workspace/.derivedData/Build/Intermediates.noindex/Kadr.build/Debug-watchos/Kadr.build/Objects-normal/arm64_32/Kadr-OutputFileMap.json -use-frontend-parseable-output -save-temps -no-color-diagnostics -explicit-module-build -module-cache-path /Users/admin/builder/spi-builder-workspace/.derivedData/Build/Intermediates.noindex/SwiftExplicitPrecompiledModules -clang-scanner-module-cache-path /Users/admin/builder/spi-builder-workspace/.derivedData/ModuleCache.noindex -sdk-module-cache-path /Users/admin/builder/spi-builder-workspace/.derivedData/ModuleCache.noindex -serialize-diagnostics -emit-dependencies -emit-module -emit-module-path /Users/admin/builder/spi-builder-workspace/.derivedData/Build/Intermediates.noindex/Kadr.build/Debug-watchos/Kadr.build/Objects-normal/arm64_32/Kadr.swiftmodule -user-module-version 1.0.0 -validate-clang-modules-once -clang-build-session-file /Users/admin/builder/spi-builder-workspace/.derivedData/ModuleCache.noindex/Session.modulevalidation -package-name kadr -Xcc -I/Users/admin/builder/spi-builder-workspace/.derivedData/Build/Intermediates.noindex/Kadr.build/Debug-watchos/Kadr.build/swift-overrides.hmap -emit-const-values -Xfrontend -const-gather-protocols-file -Xfrontend /Users/admin/builder/spi-builder-workspace/.derivedData/Build/Intermediates.noindex/Kadr.build/Debug-watchos/Kadr.build/Objects-normal/arm64_32/Kadr_const_extract_protocols.json -Xcc -I/Users/admin/builder/spi-builder-workspace/.derivedData/Build/Products/Debug-watchos/include -Xcc -I/Users/admin/builder/spi-builder-workspace/.derivedData/Build/Intermediates.noindex/Kadr.build/Debug-watchos/Kadr.build/DerivedSources-normal/arm64_32 -Xcc -I/Users/admin/builder/spi-builder-workspace/.derivedData/Build/Intermediates.noindex/Kadr.build/Debug-watchos/Kadr.build/DerivedSources/arm64_32 -Xcc -I/Users/admin/builder/spi-builder-workspace/.derivedData/Build/Intermediates.noindex/Kadr.build/Debug-watchos/Kadr.build/DerivedSources -Xcc -DSWIFT_PACKAGE -Xcc -DDEBUG\=1 -emit-objc-header -emit-objc-header-path /Users/admin/builder/spi-builder-workspace/.derivedData/Build/Intermediates.noindex/Kadr.build/Debug-watchos/Kadr.build/Objects-normal/arm64_32/Kadr-Swift.h -working-directory /Users/admin/builder/spi-builder-workspace/.swiftpm/xcode -experimental-emit-module-separately -disable-cmo
/Users/admin/builder/spi-builder-workspace/.dependencies/checkouts/kadr/Sources/Kadr/DSL/Video.swift:3:8: error: Unable to find module dependency: 'CoreImage'
import CoreImage
^ (in target 'Kadr' from project 'Kadr')
/Users/admin/builder/spi-builder-workspace/.dependencies/checkouts/kadr/Sources/Kadr/DSL/Video.swift:3:8: note: A dependency of main module 'Kadr'
import CoreImage
^ (in target 'Kadr' from project 'Kadr')
/Users/admin/builder/spi-builder-workspace/.dependencies/checkouts/kadr/Sources/Kadr/DSL/VideoClip.swift:3:8: note: Also imported here
import CoreImage
^ (in target 'Kadr' from project 'Kadr')
/Users/admin/builder/spi-builder-workspace/.dependencies/checkouts/kadr/Sources/Kadr/Engine/Compositor.swift:3:8: note: Also imported here
import CoreImage
^ (in target 'Kadr' from project 'Kadr')
/Users/admin/builder/spi-builder-workspace/.dependencies/checkouts/kadr/Sources/Kadr/Engine/CropCompositor.swift:2:8: note: Also imported here
import CoreImage
^ (in target 'Kadr' from project 'Kadr')
/Users/admin/builder/spi-builder-workspace/.dependencies/checkouts/kadr/Sources/Kadr/Engine/FilterProcessor.swift:2:8: note: Also imported here
import CoreImage
^ (in target 'Kadr' from project 'Kadr')
/Users/admin/builder/spi-builder-workspace/.dependencies/checkouts/kadr/Sources/Kadr/Engine/KadrVideoCompositor.swift:4:8: note: Also imported here
import CoreImage
^ (in target 'Kadr' from project 'Kadr')
/Users/admin/builder/spi-builder-workspace/.dependencies/checkouts/kadr/Sources/Kadr/Engine/MaskCompositor.swift:2:8: note: Also imported here
import CoreImage
^ (in target 'Kadr' from project 'Kadr')
/Users/admin/builder/spi-builder-workspace/.dependencies/checkouts/kadr/Sources/Kadr/Engine/MultiInputCompositor.swift:3:8: note: Also imported here
import CoreImage
^ (in target 'Kadr' from project 'Kadr')
/Users/admin/builder/spi-builder-workspace/.dependencies/checkouts/kadr/Sources/Kadr/Filters/Filter.swift:2:8: note: Also imported here
import CoreImage
^ (in target 'Kadr' from project 'Kadr')
SwiftDriver Kadr normal arm64 com.apple.xcode.tools.swift.compiler (in target 'Kadr' from project 'Kadr')
cd /Users/admin/builder/spi-builder-workspace/.swiftpm/xcode
builtin-SwiftDriver -- /Applications/Xcode-26.3.0.app/Contents/Developer/Toolchains/XcodeDefault.xctoolchain/usr/bin/swiftc -module-name Kadr -Onone -enforce-exclusivity\=checked @/Users/admin/builder/spi-builder-workspace/.derivedData/Build/Intermediates.noindex/Kadr.build/Debug-watchos/Kadr.build/Objects-normal/arm64/Kadr.SwiftFileList -DSWIFT_PACKAGE -DDEBUG -DSWIFT_MODULE_RESOURCE_BUNDLE_UNAVAILABLE -DXcode -enable-experimental-feature StrictConcurrency -plugin-path /Applications/Xcode-26.3.0.app/Contents/Developer/Toolchains/XcodeDefault.xctoolchain/usr/lib/swift/host/plugins/testing -enable-experimental-feature DebugDescriptionMacro -sdk /Applications/Xcode-26.3.0.app/Contents/Developer/Platforms/WatchOS.platform/Developer/SDKs/WatchOS26.2.sdk -target arm64-apple-watchos10.0 -g -module-cache-path /Users/admin/builder/spi-builder-workspace/.derivedData/ModuleCache.noindex -Xfrontend -serialize-debugging-options -profile-coverage-mapping -profile-generate -enable-testing -suppress-warnings -index-store-path /Users/admin/builder/spi-builder-workspace/.derivedData/Index.noindex/DataStore -Xcc -D_LIBCPP_HARDENING_MODE\=_LIBCPP_HARDENING_MODE_DEBUG -swift-version 6 -I /Users/admin/builder/spi-builder-workspace/.derivedData/Build/Products/Debug-watchos -Isystem /Applications/Xcode-26.3.0.app/Contents/Developer/Platforms/WatchOS.platform/Developer/usr/lib -F /Users/admin/builder/spi-builder-workspace/.derivedData/Build/Products/Debug-watchos -F /Applications/Xcode-26.3.0.app/Contents/Developer/Platforms/WatchOS.platform/Developer/Library/Frameworks -F /Applications/Xcode-26.3.0.app/Contents/Developer/Platforms/WatchOS.platform/Developer/SDKs/WatchOS26.2.sdk/Developer/Library/Frameworks -c -j10 -enable-batch-mode -incremental -Xcc -ivfsstatcache -Xcc /Users/admin/builder/spi-builder-workspace/.derivedData/SDKStatCaches.noindex/watchos26.2-23S303-dc75598d0054f22ec865fa860f139d721753b489057de6bda919edfa1c59a62b.sdkstatcache -output-file-map /Users/admin/builder/spi-builder-workspace/.derivedData/Build/Intermediates.noindex/Kadr.build/Debug-watchos/Kadr.build/Objects-normal/arm64/Kadr-OutputFileMap.json -use-frontend-parseable-output -save-temps -no-color-diagnostics -explicit-module-build -module-cache-path /Users/admin/builder/spi-builder-workspace/.derivedData/Build/Intermediates.noindex/SwiftExplicitPrecompiledModules -clang-scanner-module-cache-path /Users/admin/builder/spi-builder-workspace/.derivedData/ModuleCache.noindex -sdk-module-cache-path /Users/admin/builder/spi-builder-workspace/.derivedData/ModuleCache.noindex -serialize-diagnostics -emit-dependencies -emit-module -emit-module-path /Users/admin/builder/spi-builder-workspace/.derivedData/Build/Intermediates.noindex/Kadr.build/Debug-watchos/Kadr.build/Objects-normal/arm64/Kadr.swiftmodule -user-module-version 1.0.0 -validate-clang-modules-once -clang-build-session-file /Users/admin/builder/spi-builder-workspace/.derivedData/ModuleCache.noindex/Session.modulevalidation -package-name kadr -Xcc -I/Users/admin/builder/spi-builder-workspace/.derivedData/Build/Intermediates.noindex/Kadr.build/Debug-watchos/Kadr.build/swift-overrides.hmap -emit-const-values -Xfrontend -const-gather-protocols-file -Xfrontend /Users/admin/builder/spi-builder-workspace/.derivedData/Build/Intermediates.noindex/Kadr.build/Debug-watchos/Kadr.build/Objects-normal/arm64/Kadr_const_extract_protocols.json -Xcc -I/Users/admin/builder/spi-builder-workspace/.derivedData/Build/Products/Debug-watchos/include -Xcc -I/Users/admin/builder/spi-builder-workspace/.derivedData/Build/Intermediates.noindex/Kadr.build/Debug-watchos/Kadr.build/DerivedSources-normal/arm64 -Xcc -I/Users/admin/builder/spi-builder-workspace/.derivedData/Build/Intermediates.noindex/Kadr.build/Debug-watchos/Kadr.build/DerivedSources/arm64 -Xcc -I/Users/admin/builder/spi-builder-workspace/.derivedData/Build/Intermediates.noindex/Kadr.build/Debug-watchos/Kadr.build/DerivedSources -Xcc -DSWIFT_PACKAGE -Xcc -DDEBUG\=1 -emit-objc-header -emit-objc-header-path /Users/admin/builder/spi-builder-workspace/.derivedData/Build/Intermediates.noindex/Kadr.build/Debug-watchos/Kadr.build/Objects-normal/arm64/Kadr-Swift.h -working-directory /Users/admin/builder/spi-builder-workspace/.swiftpm/xcode -experimental-emit-module-separately -disable-cmo
/Users/admin/builder/spi-builder-workspace/.dependencies/checkouts/kadr/Sources/Kadr/DSL/Video.swift:3:8: error: Unable to find module dependency: 'CoreImage'
import CoreImage
^ (in target 'Kadr' from project 'Kadr')
/Users/admin/builder/spi-builder-workspace/.dependencies/checkouts/kadr/Sources/Kadr/DSL/Video.swift:3:8: note: A dependency of main module 'Kadr'
import CoreImage
^ (in target 'Kadr' from project 'Kadr')
/Users/admin/builder/spi-builder-workspace/.dependencies/checkouts/kadr/Sources/Kadr/DSL/VideoClip.swift:3:8: note: Also imported here
import CoreImage
^ (in target 'Kadr' from project 'Kadr')
/Users/admin/builder/spi-builder-workspace/.dependencies/checkouts/kadr/Sources/Kadr/Engine/Compositor.swift:3:8: note: Also imported here
import CoreImage
^ (in target 'Kadr' from project 'Kadr')
/Users/admin/builder/spi-builder-workspace/.dependencies/checkouts/kadr/Sources/Kadr/Engine/CropCompositor.swift:2:8: note: Also imported here
import CoreImage
^ (in target 'Kadr' from project 'Kadr')
/Users/admin/builder/spi-builder-workspace/.dependencies/checkouts/kadr/Sources/Kadr/Engine/FilterProcessor.swift:2:8: note: Also imported here
import CoreImage
^ (in target 'Kadr' from project 'Kadr')
/Users/admin/builder/spi-builder-workspace/.dependencies/checkouts/kadr/Sources/Kadr/Engine/KadrVideoCompositor.swift:4:8: note: Also imported here
import CoreImage
^ (in target 'Kadr' from project 'Kadr')
/Users/admin/builder/spi-builder-workspace/.dependencies/checkouts/kadr/Sources/Kadr/Engine/MaskCompositor.swift:2:8: note: Also imported here
import CoreImage
^ (in target 'Kadr' from project 'Kadr')
/Users/admin/builder/spi-builder-workspace/.dependencies/checkouts/kadr/Sources/Kadr/Engine/MultiInputCompositor.swift:3:8: note: Also imported here
import CoreImage
^ (in target 'Kadr' from project 'Kadr')
/Users/admin/builder/spi-builder-workspace/.dependencies/checkouts/kadr/Sources/Kadr/Filters/Filter.swift:2:8: note: Also imported here
import CoreImage
^ (in target 'Kadr' from project 'Kadr')
2026-08-28 14:32:52.769 xcodebuild[714:4420] [MT] IDERunDestination: Supported platforms for the buildables in the current scheme is empty.
/Users/admin/builder/spi-builder-workspace/.dependencies/checkouts/kadr/Sources/Kadr/DSL/Video.swift:3:8: error: Unable to find module dependency: 'CoreImage'
import CoreImage
^
/Users/admin/builder/spi-builder-workspace/.dependencies/checkouts/kadr/Sources/Kadr/DSL/Video.swift:3:8: error: Unable to find module dependency: 'CoreImage'
import CoreImage
^
/Users/admin/builder/spi-builder-workspace/.dependencies/checkouts/kadr/Sources/Kadr/DSL/Video.swift:3:8: note: a dependency of main module 'Kadr'
import CoreImage
^
/Users/admin/builder/spi-builder-workspace/.dependencies/checkouts/kadr/Sources/Kadr/DSL/Video.swift:3:8: note: a dependency of main module 'Kadr'
import CoreImage
^
/Users/admin/builder/spi-builder-workspace/.dependencies/checkouts/kadr/Sources/Kadr/DSL/VideoClip.swift:3:8: note: also imported here
import CoreImage
^
/Users/admin/builder/spi-builder-workspace/.dependencies/checkouts/kadr/Sources/Kadr/DSL/VideoClip.swift:3:8: note: also imported here
import CoreImage
^
/Users/admin/builder/spi-builder-workspace/.dependencies/checkouts/kadr/Sources/Kadr/Engine/Compositor.swift:3:8: note: also imported here
import CoreImage
^
/Users/admin/builder/spi-builder-workspace/.dependencies/checkouts/kadr/Sources/Kadr/Engine/Compositor.swift:3:8: note: also imported here
import CoreImage
^
/Users/admin/builder/spi-builder-workspace/.dependencies/checkouts/kadr/Sources/Kadr/Engine/CropCompositor.swift:2:8: note: also imported here
import CoreImage
^
/Users/admin/builder/spi-builder-workspace/.dependencies/checkouts/kadr/Sources/Kadr/Engine/CropCompositor.swift:2:8: note: also imported here
import CoreImage
^
/Users/admin/builder/spi-builder-workspace/.dependencies/checkouts/kadr/Sources/Kadr/Engine/FilterProcessor.swift:2:8: note: also imported here
import CoreImage
^
/Users/admin/builder/spi-builder-workspace/.dependencies/checkouts/kadr/Sources/Kadr/Engine/FilterProcessor.swift:2:8: note: also imported here
import CoreImage
^
/Users/admin/builder/spi-builder-workspace/.dependencies/checkouts/kadr/Sources/Kadr/Engine/KadrVideoCompositor.swift:4:8: note: also imported here
import CoreImage
^
/Users/admin/builder/spi-builder-workspace/.dependencies/checkouts/kadr/Sources/Kadr/Engine/KadrVideoCompositor.swift:4:8: note: also imported here
import CoreImage
^
/Users/admin/builder/spi-builder-workspace/.dependencies/checkouts/kadr/Sources/Kadr/Engine/MaskCompositor.swift:2:8: note: also imported here
import CoreImage
^
/Users/admin/builder/spi-builder-workspace/.dependencies/checkouts/kadr/Sources/Kadr/Engine/MaskCompositor.swift:2:8: note: also imported here
import CoreImage
^
/Users/admin/builder/spi-builder-workspace/.dependencies/checkouts/kadr/Sources/Kadr/Engine/MultiInputCompositor.swift:3:8: note: also imported here
import CoreImage
^
/Users/admin/builder/spi-builder-workspace/.dependencies/checkouts/kadr/Sources/Kadr/Engine/MultiInputCompositor.swift:3:8: note: also imported here
import CoreImage
^
/Users/admin/builder/spi-builder-workspace/.dependencies/checkouts/kadr/Sources/Kadr/Filters/Filter.swift:2:8: note: also imported here
import CoreImage
^
/Users/admin/builder/spi-builder-workspace/.dependencies/checkouts/kadr/Sources/Kadr/Filters/Filter.swift:2:8: note: also imported here
import CoreImage
^
** BUILD FAILED **
The following build commands failed:
SwiftDriver Kadr normal arm64_32 com.apple.xcode.tools.swift.compiler (in target 'Kadr' from project 'Kadr')
SwiftDriver Kadr normal arm64 com.apple.xcode.tools.swift.compiler (in target 'Kadr' from project 'Kadr')
Building workspace spi-builder-workspace with scheme KadrCaptions
(3 failures)
Command line invocation:
/Applications/Xcode-26.3.0.app/Contents/Developer/usr/bin/xcodebuild -IDEClonedSourcePackagesDirPathOverride=/Users/admin/builder/spi-builder-workspace/.dependencies -resolvePackageDependencies
Resolve Package Graph
Resolved source packages:
KadrCaptions: /Users/admin/builder/spi-builder-workspace
Kadr: https://github.com/SteliyanH/kadr.git @ 1.0.0
resolved source packages: KadrCaptions, Kadr
2026-08-28 14:32:57.395 xcodebuild[744:4730] [MT] IDERunDestination: Supported platforms for the buildables in the current scheme is empty.
{
"dependencies" : [
{
"identity" : "kadr",
"requirement" : {
"range" : [
{
"lower_bound" : "1.0.0",
"upper_bound" : "2.0.0"
}
]
},
"type" : "sourceControl",
"url" : "https://github.com/SteliyanH/kadr.git"
}
],
"manifest_display_name" : "KadrCaptions",
"name" : "KadrCaptions",
"path" : "/Users/admin/builder/spi-builder-workspace",
"platforms" : [
{
"name" : "ios",
"version" : "17.0"
},
{
"name" : "macos",
"version" : "14.0"
},
{
"name" : "tvos",
"version" : "17.0"
},
{
"name" : "visionos",
"version" : "1.0"
}
],
"products" : [
{
"name" : "KadrCaptions",
"targets" : [
"KadrCaptions"
],
"type" : {
"library" : [
"automatic"
]
}
}
],
"targets" : [
{
"c99name" : "KadrCaptionsTests",
"module_type" : "SwiftTarget",
"name" : "KadrCaptionsTests",
"path" : "Tests/KadrCaptionsTests",
"sources" : [
"ASSTests.swift",
"CaptionLoadTests.swift",
"CaptionParseErrorLocalizedTests.swift",
"CaptionTransformsTests.swift",
"EBUTTDTests.swift",
"ITTTests.swift",
"KadrCaptionsTests.swift",
"SRTTests.swift",
"StyledASSTests.swift",
"StyledCaptionBridgeTests.swift",
"StyledVTTTests.swift",
"VTTRegionsTests.swift",
"VTTTests.swift",
"VobSubBitmapTests.swift",
"VobSubTests.swift"
],
"target_dependencies" : [
"KadrCaptions"
],
"type" : "test"
},
{
"c99name" : "KadrCaptions",
"module_type" : "SwiftTarget",
"name" : "KadrCaptions",
"path" : "Sources/KadrCaptions",
"product_dependencies" : [
"Kadr"
],
"product_memberships" : [
"KadrCaptions"
],
"sources" : [
"ASS.swift",
"Caption+Load.swift",
"Caption+Transforms.swift",
"CaptionParseError+LocalizedError.swift",
"CaptionParseError.swift",
"CaptionRegion.swift",
"EBUTTD.swift",
"ITT.swift",
"KadrCaptions.swift",
"SRT.swift",
"StyledASS.swift",
"StyledCaption+Bridge.swift",
"StyledCaption.swift",
"StyledVTT.swift",
"VTT.swift",
"VobSub.swift",
"VobSubBitmap.swift"
],
"type" : "library"
}
],
"tools_version" : "6.0"
}
{
"workspace" : {
"name" : "spi-builder-workspace",
"schemes" : [
"KadrCaptions"
]
}
}
2026-08-28 14:32:58.529 xcodebuild[755:4810] [MT] IDERunDestination: Supported platforms for the buildables in the current scheme is empty.
Running build ...
env DEVELOPER_DIR=/Applications/Xcode-26.3.0.app xcrun xcodebuild -IDEClonedSourcePackagesDirPathOverride=$PWD/.dependencies -skipMacroValidation -skipPackagePluginValidation -derivedDataPath $PWD/.derivedData build -scheme KadrCaptions -destination generic/platform=watchOS
Command line invocation:
/Applications/Xcode-26.3.0.app/Contents/Developer/usr/bin/xcodebuild -IDEClonedSourcePackagesDirPathOverride=/Users/admin/builder/spi-builder-workspace/.dependencies -skipMacroValidation -skipPackagePluginValidation -derivedDataPath /Users/admin/builder/spi-builder-workspace/.derivedData build -scheme KadrCaptions -destination generic/platform=watchOS
Resolve Package Graph
Resolved source packages:
KadrCaptions: /Users/admin/builder/spi-builder-workspace
Kadr: https://github.com/SteliyanH/kadr.git @ 1.0.0
ComputePackagePrebuildTargetDependencyGraph
Prepare packages
CreateBuildRequest
SendProjectDescription
CreateBuildOperation
ComputeTargetDependencyGraph
note: Building targets in dependency order
note: Target dependency graph (4 targets)
Target 'KadrCaptions' in project 'KadrCaptions'
➜ Explicit dependency on target 'KadrCaptions' in project 'KadrCaptions'
➜ Explicit dependency on target 'Kadr' in project 'Kadr'
Target 'KadrCaptions' in project 'KadrCaptions'
➜ Explicit dependency on target 'Kadr' in project 'Kadr'
Target 'Kadr' in project 'Kadr'
➜ Explicit dependency on target 'Kadr' in project 'Kadr'
Target 'Kadr' in project 'Kadr' (no dependencies)
GatherProvisioningInputs
CreateBuildDescription
ClangStatCache /Applications/Xcode-26.3.0.app/Contents/Developer/Toolchains/XcodeDefault.xctoolchain/usr/bin/clang-stat-cache /Applications/Xcode-26.3.0.app/Contents/Developer/Platforms/WatchOS.platform/Developer/SDKs/WatchOS26.2.sdk /Users/admin/builder/spi-builder-workspace/.derivedData/SDKStatCaches.noindex/watchos26.2-23S303-dc75598d0054f22ec865fa860f139d721753b489057de6bda919edfa1c59a62b.sdkstatcache
cd /Users/admin/builder/spi-builder-workspace/.swiftpm/xcode
/Applications/Xcode-26.3.0.app/Contents/Developer/Toolchains/XcodeDefault.xctoolchain/usr/bin/clang-stat-cache /Applications/Xcode-26.3.0.app/Contents/Developer/Platforms/WatchOS.platform/Developer/SDKs/WatchOS26.2.sdk -o /Users/admin/builder/spi-builder-workspace/.derivedData/SDKStatCaches.noindex/watchos26.2-23S303-dc75598d0054f22ec865fa860f139d721753b489057de6bda919edfa1c59a62b.sdkstatcache
SwiftDriver Kadr normal arm64_32 com.apple.xcode.tools.swift.compiler (in target 'Kadr' from project 'Kadr')
cd /Users/admin/builder/spi-builder-workspace/.swiftpm/xcode
builtin-SwiftDriver -- /Applications/Xcode-26.3.0.app/Contents/Developer/Toolchains/XcodeDefault.xctoolchain/usr/bin/swiftc -module-name Kadr -Onone -enforce-exclusivity\=checked @/Users/admin/builder/spi-builder-workspace/.derivedData/Build/Intermediates.noindex/Kadr.build/Debug-watchos/Kadr.build/Objects-normal/arm64_32/Kadr.SwiftFileList -DSWIFT_PACKAGE -DDEBUG -DSWIFT_MODULE_RESOURCE_BUNDLE_UNAVAILABLE -DXcode -enable-experimental-feature StrictConcurrency -plugin-path /Applications/Xcode-26.3.0.app/Contents/Developer/Toolchains/XcodeDefault.xctoolchain/usr/lib/swift/host/plugins/testing -enable-experimental-feature DebugDescriptionMacro -sdk /Applications/Xcode-26.3.0.app/Contents/Developer/Platforms/WatchOS.platform/Developer/SDKs/WatchOS26.2.sdk -target arm64_32-apple-watchos10.0 -g -module-cache-path /Users/admin/builder/spi-builder-workspace/.derivedData/ModuleCache.noindex -Xfrontend -serialize-debugging-options -profile-coverage-mapping -profile-generate -enable-testing -suppress-warnings -index-store-path /Users/admin/builder/spi-builder-workspace/.derivedData/Index.noindex/DataStore -Xcc -D_LIBCPP_HARDENING_MODE\=_LIBCPP_HARDENING_MODE_DEBUG -swift-version 6 -I /Users/admin/builder/spi-builder-workspace/.derivedData/Build/Products/Debug-watchos -Isystem /Applications/Xcode-26.3.0.app/Contents/Developer/Platforms/WatchOS.platform/Developer/usr/lib -F /Users/admin/builder/spi-builder-workspace/.derivedData/Build/Products/Debug-watchos -F /Applications/Xcode-26.3.0.app/Contents/Developer/Platforms/WatchOS.platform/Developer/Library/Frameworks -F /Applications/Xcode-26.3.0.app/Contents/Developer/Platforms/WatchOS.platform/Developer/SDKs/WatchOS26.2.sdk/Developer/Library/Frameworks -c -j10 -enable-batch-mode -incremental -Xcc -ivfsstatcache -Xcc /Users/admin/builder/spi-builder-workspace/.derivedData/SDKStatCaches.noindex/watchos26.2-23S303-dc75598d0054f22ec865fa860f139d721753b489057de6bda919edfa1c59a62b.sdkstatcache -output-file-map /Users/admin/builder/spi-builder-workspace/.derivedData/Build/Intermediates.noindex/Kadr.build/Debug-watchos/Kadr.build/Objects-normal/arm64_32/Kadr-OutputFileMap.json -use-frontend-parseable-output -save-temps -no-color-diagnostics -explicit-module-build -module-cache-path /Users/admin/builder/spi-builder-workspace/.derivedData/Build/Intermediates.noindex/SwiftExplicitPrecompiledModules -clang-scanner-module-cache-path /Users/admin/builder/spi-builder-workspace/.derivedData/ModuleCache.noindex -sdk-module-cache-path /Users/admin/builder/spi-builder-workspace/.derivedData/ModuleCache.noindex -serialize-diagnostics -emit-dependencies -emit-module -emit-module-path /Users/admin/builder/spi-builder-workspace/.derivedData/Build/Intermediates.noindex/Kadr.build/Debug-watchos/Kadr.build/Objects-normal/arm64_32/Kadr.swiftmodule -user-module-version 1.0.0 -validate-clang-modules-once -clang-build-session-file /Users/admin/builder/spi-builder-workspace/.derivedData/ModuleCache.noindex/Session.modulevalidation -package-name kadr -Xcc -I/Users/admin/builder/spi-builder-workspace/.derivedData/Build/Intermediates.noindex/Kadr.build/Debug-watchos/Kadr.build/swift-overrides.hmap -emit-const-values -Xfrontend -const-gather-protocols-file -Xfrontend /Users/admin/builder/spi-builder-workspace/.derivedData/Build/Intermediates.noindex/Kadr.build/Debug-watchos/Kadr.build/Objects-normal/arm64_32/Kadr_const_extract_protocols.json -Xcc -I/Users/admin/builder/spi-builder-workspace/.derivedData/Build/Products/Debug-watchos/include -Xcc -I/Users/admin/builder/spi-builder-workspace/.derivedData/Build/Intermediates.noindex/Kadr.build/Debug-watchos/Kadr.build/DerivedSources-normal/arm64_32 -Xcc -I/Users/admin/builder/spi-builder-workspace/.derivedData/Build/Intermediates.noindex/Kadr.build/Debug-watchos/Kadr.build/DerivedSources/arm64_32 -Xcc -I/Users/admin/builder/spi-builder-workspace/.derivedData/Build/Intermediates.noindex/Kadr.build/Debug-watchos/Kadr.build/DerivedSources -Xcc -DSWIFT_PACKAGE -Xcc -DDEBUG\=1 -emit-objc-header -emit-objc-header-path /Users/admin/builder/spi-builder-workspace/.derivedData/Build/Intermediates.noindex/Kadr.build/Debug-watchos/Kadr.build/Objects-normal/arm64_32/Kadr-Swift.h -working-directory /Users/admin/builder/spi-builder-workspace/.swiftpm/xcode -experimental-emit-module-separately -disable-cmo
/Users/admin/builder/spi-builder-workspace/.dependencies/checkouts/kadr/Sources/Kadr/DSL/Video.swift:3:8: error: Unable to find module dependency: 'CoreImage'
import CoreImage
^ (in target 'Kadr' from project 'Kadr')
/Users/admin/builder/spi-builder-workspace/.dependencies/checkouts/kadr/Sources/Kadr/DSL/Video.swift:3:8: note: A dependency of main module 'Kadr'
import CoreImage
^ (in target 'Kadr' from project 'Kadr')
/Users/admin/builder/spi-builder-workspace/.dependencies/checkouts/kadr/Sources/Kadr/DSL/VideoClip.swift:3:8: note: Also imported here
import CoreImage
^ (in target 'Kadr' from project 'Kadr')
/Users/admin/builder/spi-builder-workspace/.dependencies/checkouts/kadr/Sources/Kadr/Engine/Compositor.swift:3:8: note: Also imported here
import CoreImage
^ (in target 'Kadr' from project 'Kadr')
/Users/admin/builder/spi-builder-workspace/.dependencies/checkouts/kadr/Sources/Kadr/Engine/CropCompositor.swift:2:8: note: Also imported here
import CoreImage
^ (in target 'Kadr' from project 'Kadr')
/Users/admin/builder/spi-builder-workspace/.dependencies/checkouts/kadr/Sources/Kadr/Engine/FilterProcessor.swift:2:8: note: Also imported here
import CoreImage
^ (in target 'Kadr' from project 'Kadr')
/Users/admin/builder/spi-builder-workspace/.dependencies/checkouts/kadr/Sources/Kadr/Engine/KadrVideoCompositor.swift:4:8: note: Also imported here
import CoreImage
^ (in target 'Kadr' from project 'Kadr')
/Users/admin/builder/spi-builder-workspace/.dependencies/checkouts/kadr/Sources/Kadr/Engine/MaskCompositor.swift:2:8: note: Also imported here
import CoreImage
^ (in target 'Kadr' from project 'Kadr')
/Users/admin/builder/spi-builder-workspace/.dependencies/checkouts/kadr/Sources/Kadr/Engine/MultiInputCompositor.swift:3:8: note: Also imported here
import CoreImage
^ (in target 'Kadr' from project 'Kadr')
/Users/admin/builder/spi-builder-workspace/.dependencies/checkouts/kadr/Sources/Kadr/Filters/Filter.swift:2:8: note: Also imported here
import CoreImage
^ (in target 'Kadr' from project 'Kadr')
SwiftDriver Kadr normal arm64 com.apple.xcode.tools.swift.compiler (in target 'Kadr' from project 'Kadr')
cd /Users/admin/builder/spi-builder-workspace/.swiftpm/xcode
builtin-SwiftDriver -- /Applications/Xcode-26.3.0.app/Contents/Developer/Toolchains/XcodeDefault.xctoolchain/usr/bin/swiftc -module-name Kadr -Onone -enforce-exclusivity\=checked @/Users/admin/builder/spi-builder-workspace/.derivedData/Build/Intermediates.noindex/Kadr.build/Debug-watchos/Kadr.build/Objects-normal/arm64/Kadr.SwiftFileList -DSWIFT_PACKAGE -DDEBUG -DSWIFT_MODULE_RESOURCE_BUNDLE_UNAVAILABLE -DXcode -enable-experimental-feature StrictConcurrency -plugin-path /Applications/Xcode-26.3.0.app/Contents/Developer/Toolchains/XcodeDefault.xctoolchain/usr/lib/swift/host/plugins/testing -enable-experimental-feature DebugDescriptionMacro -sdk /Applications/Xcode-26.3.0.app/Contents/Developer/Platforms/WatchOS.platform/Developer/SDKs/WatchOS26.2.sdk -target arm64-apple-watchos10.0 -g -module-cache-path /Users/admin/builder/spi-builder-workspace/.derivedData/ModuleCache.noindex -Xfrontend -serialize-debugging-options -profile-coverage-mapping -profile-generate -enable-testing -suppress-warnings -index-store-path /Users/admin/builder/spi-builder-workspace/.derivedData/Index.noindex/DataStore -Xcc -D_LIBCPP_HARDENING_MODE\=_LIBCPP_HARDENING_MODE_DEBUG -swift-version 6 -I /Users/admin/builder/spi-builder-workspace/.derivedData/Build/Products/Debug-watchos -Isystem /Applications/Xcode-26.3.0.app/Contents/Developer/Platforms/WatchOS.platform/Developer/usr/lib -F /Users/admin/builder/spi-builder-workspace/.derivedData/Build/Products/Debug-watchos -F /Applications/Xcode-26.3.0.app/Contents/Developer/Platforms/WatchOS.platform/Developer/Library/Frameworks -F /Applications/Xcode-26.3.0.app/Contents/Developer/Platforms/WatchOS.platform/Developer/SDKs/WatchOS26.2.sdk/Developer/Library/Frameworks -c -j10 -enable-batch-mode -incremental -Xcc -ivfsstatcache -Xcc /Users/admin/builder/spi-builder-workspace/.derivedData/SDKStatCaches.noindex/watchos26.2-23S303-dc75598d0054f22ec865fa860f139d721753b489057de6bda919edfa1c59a62b.sdkstatcache -output-file-map /Users/admin/builder/spi-builder-workspace/.derivedData/Build/Intermediates.noindex/Kadr.build/Debug-watchos/Kadr.build/Objects-normal/arm64/Kadr-OutputFileMap.json -use-frontend-parseable-output -save-temps -no-color-diagnostics -explicit-module-build -module-cache-path /Users/admin/builder/spi-builder-workspace/.derivedData/Build/Intermediates.noindex/SwiftExplicitPrecompiledModules -clang-scanner-module-cache-path /Users/admin/builder/spi-builder-workspace/.derivedData/ModuleCache.noindex -sdk-module-cache-path /Users/admin/builder/spi-builder-workspace/.derivedData/ModuleCache.noindex -serialize-diagnostics -emit-dependencies -emit-module -emit-module-path /Users/admin/builder/spi-builder-workspace/.derivedData/Build/Intermediates.noindex/Kadr.build/Debug-watchos/Kadr.build/Objects-normal/arm64/Kadr.swiftmodule -user-module-version 1.0.0 -validate-clang-modules-once -clang-build-session-file /Users/admin/builder/spi-builder-workspace/.derivedData/ModuleCache.noindex/Session.modulevalidation -package-name kadr -Xcc -I/Users/admin/builder/spi-builder-workspace/.derivedData/Build/Intermediates.noindex/Kadr.build/Debug-watchos/Kadr.build/swift-overrides.hmap -emit-const-values -Xfrontend -const-gather-protocols-file -Xfrontend /Users/admin/builder/spi-builder-workspace/.derivedData/Build/Intermediates.noindex/Kadr.build/Debug-watchos/Kadr.build/Objects-normal/arm64/Kadr_const_extract_protocols.json -Xcc -I/Users/admin/builder/spi-builder-workspace/.derivedData/Build/Products/Debug-watchos/include -Xcc -I/Users/admin/builder/spi-builder-workspace/.derivedData/Build/Intermediates.noindex/Kadr.build/Debug-watchos/Kadr.build/DerivedSources-normal/arm64 -Xcc -I/Users/admin/builder/spi-builder-workspace/.derivedData/Build/Intermediates.noindex/Kadr.build/Debug-watchos/Kadr.build/DerivedSources/arm64 -Xcc -I/Users/admin/builder/spi-builder-workspace/.derivedData/Build/Intermediates.noindex/Kadr.build/Debug-watchos/Kadr.build/DerivedSources -Xcc -DSWIFT_PACKAGE -Xcc -DDEBUG\=1 -emit-objc-header -emit-objc-header-path /Users/admin/builder/spi-builder-workspace/.derivedData/Build/Intermediates.noindex/Kadr.build/Debug-watchos/Kadr.build/Objects-normal/arm64/Kadr-Swift.h -working-directory /Users/admin/builder/spi-builder-workspace/.swiftpm/xcode -experimental-emit-module-separately -disable-cmo
/Users/admin/builder/spi-builder-workspace/.dependencies/checkouts/kadr/Sources/Kadr/DSL/Video.swift:3:8: error: Unable to find module dependency: 'CoreImage'
import CoreImage
^ (in target 'Kadr' from project 'Kadr')
/Users/admin/builder/spi-builder-workspace/.dependencies/checkouts/kadr/Sources/Kadr/DSL/Video.swift:3:8: note: A dependency of main module 'Kadr'
import CoreImage
^ (in target 'Kadr' from project 'Kadr')
/Users/admin/builder/spi-builder-workspace/.dependencies/checkouts/kadr/Sources/Kadr/DSL/VideoClip.swift:3:8: note: Also imported here
import CoreImage
^ (in target 'Kadr' from project 'Kadr')
/Users/admin/builder/spi-builder-workspace/.dependencies/checkouts/kadr/Sources/Kadr/Engine/Compositor.swift:3:8: note: Also imported here
import CoreImage
^ (in target 'Kadr' from project 'Kadr')
/Users/admin/builder/spi-builder-workspace/.dependencies/checkouts/kadr/Sources/Kadr/Engine/CropCompositor.swift:2:8: note: Also imported here
import CoreImage
^ (in target 'Kadr' from project 'Kadr')
/Users/admin/builder/spi-builder-workspace/.dependencies/checkouts/kadr/Sources/Kadr/Engine/FilterProcessor.swift:2:8: note: Also imported here
import CoreImage
^ (in target 'Kadr' from project 'Kadr')
/Users/admin/builder/spi-builder-workspace/.dependencies/checkouts/kadr/Sources/Kadr/Engine/KadrVideoCompositor.swift:4:8: note: Also imported here
import CoreImage
^ (in target 'Kadr' from project 'Kadr')
/Users/admin/builder/spi-builder-workspace/.dependencies/checkouts/kadr/Sources/Kadr/Engine/MaskCompositor.swift:2:8: note: Also imported here
import CoreImage
^ (in target 'Kadr' from project 'Kadr')
/Users/admin/builder/spi-builder-workspace/.dependencies/checkouts/kadr/Sources/Kadr/Engine/MultiInputCompositor.swift:3:8: note: Also imported here
import CoreImage
^ (in target 'Kadr' from project 'Kadr')
/Users/admin/builder/spi-builder-workspace/.dependencies/checkouts/kadr/Sources/Kadr/Filters/Filter.swift:2:8: note: Also imported here
import CoreImage
^ (in target 'Kadr' from project 'Kadr')
2026-08-28 14:32:59.438 xcodebuild[760:4852] [MT] IDERunDestination: Supported platforms for the buildables in the current scheme is empty.
/Users/admin/builder/spi-builder-workspace/.dependencies/checkouts/kadr/Sources/Kadr/DSL/Video.swift:3:8: error: Unable to find module dependency: 'CoreImage'
import CoreImage
^
/Users/admin/builder/spi-builder-workspace/.dependencies/checkouts/kadr/Sources/Kadr/DSL/Video.swift:3:8: note: a dependency of main module 'Kadr'
import CoreImage
^
/Users/admin/builder/spi-builder-workspace/.dependencies/checkouts/kadr/Sources/Kadr/DSL/VideoClip.swift:3:8: note: also imported here
import CoreImage
^
/Users/admin/builder/spi-builder-workspace/.dependencies/checkouts/kadr/Sources/Kadr/Engine/Compositor.swift:3:8: note: also imported here
import CoreImage
^
/Users/admin/builder/spi-builder-workspace/.dependencies/checkouts/kadr/Sources/Kadr/Engine/CropCompositor.swift:2:8: note: also imported here
import CoreImage
^
/Users/admin/builder/spi-builder-workspace/.dependencies/checkouts/kadr/Sources/Kadr/Engine/FilterProcessor.swift:2:8: note: also imported here
import CoreImage
^
/Users/admin/builder/spi-builder-workspace/.dependencies/checkouts/kadr/Sources/Kadr/Engine/KadrVideoCompositor.swift:4:8: note: also imported here
import CoreImage
^
/Users/admin/builder/spi-builder-workspace/.dependencies/checkouts/kadr/Sources/Kadr/Engine/MaskCompositor.swift:2:8: note: also imported here
import CoreImage
^
/Users/admin/builder/spi-builder-workspace/.dependencies/checkouts/kadr/Sources/Kadr/Engine/MultiInputCompositor.swift:3:8: note: also imported here
import CoreImage
^
/Users/admin/builder/spi-builder-workspace/.dependencies/checkouts/kadr/Sources/Kadr/Filters/Filter.swift:2:8: note: also imported here
import CoreImage
^
/Users/admin/builder/spi-builder-workspace/.dependencies/checkouts/kadr/Sources/Kadr/DSL/Video.swift:3:8: error: Unable to find module dependency: 'CoreImage'
import CoreImage
^
/Users/admin/builder/spi-builder-workspace/.dependencies/checkouts/kadr/Sources/Kadr/DSL/Video.swift:3:8: note: a dependency of main module 'Kadr'
import CoreImage
^
/Users/admin/builder/spi-builder-workspace/.dependencies/checkouts/kadr/Sources/Kadr/DSL/VideoClip.swift:3:8: note: also imported here
import CoreImage
^
/Users/admin/builder/spi-builder-workspace/.dependencies/checkouts/kadr/Sources/Kadr/Engine/Compositor.swift:3:8: note: also imported here
import CoreImage
^
/Users/admin/builder/spi-builder-workspace/.dependencies/checkouts/kadr/Sources/Kadr/Engine/CropCompositor.swift:2:8: note: also imported here
import CoreImage
^
/Users/admin/builder/spi-builder-workspace/.dependencies/checkouts/kadr/Sources/Kadr/Engine/FilterProcessor.swift:2:8: note: also imported here
import CoreImage
^
/Users/admin/builder/spi-builder-workspace/.dependencies/checkouts/kadr/Sources/Kadr/Engine/KadrVideoCompositor.swift:4:8: note: also imported here
import CoreImage
^
/Users/admin/builder/spi-builder-workspace/.dependencies/checkouts/kadr/Sources/Kadr/Engine/MaskCompositor.swift:2:8: note: also imported here
import CoreImage
^
/Users/admin/builder/spi-builder-workspace/.dependencies/checkouts/kadr/Sources/Kadr/Engine/MultiInputCompositor.swift:3:8: note: also imported here
import CoreImage
^
/Users/admin/builder/spi-builder-workspace/.dependencies/checkouts/kadr/Sources/Kadr/Filters/Filter.swift:2:8: note: also imported here
import CoreImage
^
** BUILD FAILED **
The following build commands failed:
SwiftDriver Kadr normal arm64_32 com.apple.xcode.tools.swift.compiler (in target 'Kadr' from project 'Kadr')
SwiftDriver Kadr normal arm64 com.apple.xcode.tools.swift.compiler (in target 'Kadr' from project 'Kadr')
Building workspace spi-builder-workspace with scheme KadrCaptions
(3 failures)
BUILD FAILURE 6.2 watchOS