The Swift Package Index logo.Swift Package Index

Build Information

Failed to build Placement, reference 1.8.0 (792ec6), with Swift 6.4 for watchOS using Xcode 27.0 on 21 Sep 2026 19:11:26 UTC.

Build Command

env DEVELOPER_DIR=/Applications/Xcode-27.0.0-Release.Candidate.app xcrun xcodebuild -IDEClonedSourcePackagesDirPathOverride=$PWD/.dependencies -skipMacroValidation -skipPackagePluginValidation -derivedDataPath $PWD/.derivedData build -scheme Placement -destination generic/platform=watchOS

Build Log

========================================
RunAll
========================================
Builder version: 5.1.0
Interrupt handler set up.
========================================
Checkout
========================================
Clone URL: https://github.com/sampettersson/Placement.git
Reference: 1.8.0
Initialized empty Git repository in /Users/admin/builder/spi-builder-workspace/.git/
From https://github.com/sampettersson/Placement
 * tag               1.8.0      -> FETCH_HEAD
HEAD is now at 792ec68 Upgrade deps and add @retroactive to tests
Cloned https://github.com/sampettersson/Placement.git
Revision (git rev-parse @):
792ec6847951f991486cd5d8c5a203666abea334
SUCCESS checkout https://github.com/sampettersson/Placement.git at 1.8.0
========================================
Build
========================================
Selected platform:         watchOS
Swift version:             6.4
Building package at path:  $PWD
https://github.com/sampettersson/Placement.git
Command line invocation:
    /Applications/Xcode-27.0.0-Release.Candidate.app/Contents/Developer/usr/bin/xcodebuild -IDEClonedSourcePackagesDirPathOverride=/Users/admin/builder/spi-builder-workspace/.dependencies -resolvePackageDependencies
Resolve Package Graph
Fetching from https://github.com/nalexn/ViewInspector.git
Creating working copy of package ‘ViewInspector’
Checking out 0.10.1 of package ‘ViewInspector’
Resolved source packages:
  ViewInspector: https://github.com/nalexn/ViewInspector.git @ 0.10.1
resolved source packages: ViewInspector
{
  "dependencies" : [
  ],
  "manifest_display_name" : "Placement",
  "name" : "Placement",
  "path" : "/Users/admin/builder/spi-builder-workspace",
  "platforms" : [
    {
      "name" : "ios",
      "version" : "14.0"
    },
    {
      "name" : "maccatalyst",
      "version" : "14.0"
    },
    {
      "name" : "tvos",
      "version" : "14.0"
    },
    {
      "name" : "visionos",
      "version" : "1.0"
    }
  ],
  "products" : [
    {
      "name" : "Placement",
      "targets" : [
        "Placement"
      ],
      "type" : {
        "library" : [
          "automatic"
        ]
      }
    }
  ],
  "targets" : [
    {
      "c99name" : "Placement",
      "module_type" : "SwiftTarget",
      "name" : "Placement",
      "path" : "Sources/Placement",
      "product_memberships" : [
        "Placement"
      ],
      "sources" : [
        "Animatable/AnyAnimatableData.swift",
        "LayoutProperties/PlacementLayoutProperties.swift",
        "LayoutProperties/PlacementLayoutValueKey.swift",
        "LayoutProtocol/AnyPlacementLayout.swift",
        "LayoutProtocol/PlacementLayout+DefaultImplementations.swift",
        "LayoutProtocol/PlacementLayout.swift",
        "LayoutProtocol/PlacementLayoutNative.swift",
        "Layouting/Coordinator.swift",
        "Layouting/ExplicitAlignmentModifier.swift",
        "Layouting/FrameChangePlacer.swift",
        "Layouting/LayoutChildSizingView.swift",
        "Layouting/LayoutPlacement.swift",
        "Layouting/LayoutSizeModifier.swift",
        "Layouting/LayoutSizingView.swift",
        "Layouting/Layouter.swift",
        "Layouting/PlacementIntrinsicSizeReader.swift",
        "Layouting/PlacementKeyboardAvoidingModifier.swift",
        "Layouting/PlacementModifier.swift",
        "Layouting/PlacementShouldAdjustToKeyboard.swift",
        "PlacementThatFits/PlacementThatFits.swift",
        "PlacementThatFits/PlacementThatFitsChildModifier.swift",
        "PlacementThatFits/PlacementThatFitsCoordinator.swift",
        "PlacementThatFits/PlacementThatFitsLayout.swift",
        "PlacementThatFits/PlacementThatFitsVariadicRoot.swift",
        "Sizing/PlacementProposedViewSize.swift",
        "Sizing/PlacementViewDimensions.swift",
        "Sizing/ProposedSize.swift",
        "Spacing/PlacementViewSpacing.swift",
        "Subview/PlacementLayoutSubview.swift",
        "Subview/PlacementLayoutSubviews.swift"
      ],
      "type" : "library"
    }
  ],
  "tools_version" : "5.9"
}
{
  "project" : {
    "configurations" : [
      "Debug",
      "Release"
    ],
    "name" : "Placement",
    "schemes" : [
      "Placement",
      "PlacementDemo",
      "PlacementTests"
    ],
    "targets" : [
      "PlacementDemo",
      "Placement",
      "PlacementTests"
    ]
  }
}
{
  "workspace" : {
    "name" : "Placement",
    "schemes" : [
      "Placement"
    ]
  }
}
2026-09-21 15:11:14.977 xcodebuild[667:4315] [MT] IDERunDestination: Supported platforms for the buildables in the current scheme is empty.
Running build ...
env DEVELOPER_DIR=/Applications/Xcode-27.0.0-Release.Candidate.app xcrun xcodebuild -IDEClonedSourcePackagesDirPathOverride=$PWD/.dependencies -skipMacroValidation -skipPackagePluginValidation -derivedDataPath $PWD/.derivedData build -scheme Placement -destination generic/platform=watchOS
Command line invocation:
    /Applications/Xcode-27.0.0-Release.Candidate.app/Contents/Developer/usr/bin/xcodebuild -IDEClonedSourcePackagesDirPathOverride=/Users/admin/builder/spi-builder-workspace/.dependencies -skipMacroValidation -skipPackagePluginValidation -derivedDataPath /Users/admin/builder/spi-builder-workspace/.derivedData build -scheme Placement -destination generic/platform=watchOS
Resolve Package Graph
Resolved source packages:
  Placement: /Users/admin/builder/spi-builder-workspace
ComputePackagePrebuildTargetDependencyGraph
Prepare packages
CreateBuildRequest
SendProjectDescription
CreateBuildOperation
ComputeTargetDependencyGraph
note: Building targets in dependency order
note: Target dependency graph (2 targets)
    Target 'Placement-product' in project 'Placement'
        ➜ Explicit dependency on target 'Placement' in project 'Placement'
    Target 'Placement' in project 'Placement' (no dependencies)
GatherProvisioningInputs
CreateBuildDescription
ExecuteExternalTool /Applications/Xcode-27.0.0-Release.Candidate.app/Contents/Developer/Toolchains/XcodeDefault.xctoolchain/usr/bin/clang -v -E -dM -isysroot /Applications/Xcode-27.0.0-Release.Candidate.app/Contents/Developer/Platforms/WatchOS.platform/Developer/SDKs/WatchOS27.0.sdk -x c -c /dev/null
ExecuteExternalTool /Applications/Xcode-27.0.0-Release.Candidate.app/Contents/Developer/Toolchains/XcodeDefault.xctoolchain/usr/bin/swiftc --version
ExecuteExternalTool /Applications/Xcode-27.0.0-Release.Candidate.app/Contents/Developer/Toolchains/XcodeDefault.xctoolchain/usr/bin/ld -version_details
Build description signature: 570c587efc10a9c0033ea25cc48afc48
Build description path: /Users/admin/builder/spi-builder-workspace/.derivedData/Build/Intermediates.noindex/XCBuildData/570c587efc10a9c0033ea25cc48afc48.xcbuilddata
CreateBuildDirectory /Users/admin/builder/spi-builder-workspace/.derivedData/ModuleCache.noindex
    cd /Users/admin/builder/spi-builder-workspace/.swiftpm/xcode
    builtin-create-build-directory /Users/admin/builder/spi-builder-workspace/.derivedData/ModuleCache.noindex
CreateBuildDirectory /Users/admin/builder/spi-builder-workspace/.derivedData/SDKExplicitPrecompiledModules
    cd /Users/admin/builder/spi-builder-workspace/.swiftpm/xcode
    builtin-create-build-directory /Users/admin/builder/spi-builder-workspace/.derivedData/SDKExplicitPrecompiledModules
CreateBuildDirectory /Users/admin/builder/spi-builder-workspace/.derivedData/CompilationCache.noindex
    cd /Users/admin/builder/spi-builder-workspace/.swiftpm/xcode
    builtin-create-build-directory /Users/admin/builder/spi-builder-workspace/.derivedData/CompilationCache.noindex
CreateBuildDirectory /Users/admin/builder/spi-builder-workspace/.derivedData/Build/Products
    cd /Users/admin/builder/spi-builder-workspace/.swiftpm/xcode
    builtin-create-build-directory /Users/admin/builder/spi-builder-workspace/.derivedData/Build/Products
CreateBuildDirectory /Users/admin/builder/spi-builder-workspace/.derivedData/Build/Intermediates.noindex
    cd /Users/admin/builder/spi-builder-workspace/.swiftpm/xcode
    builtin-create-build-directory /Users/admin/builder/spi-builder-workspace/.derivedData/Build/Intermediates.noindex
ClangStatCache /Applications/Xcode-27.0.0-Release.Candidate.app/Contents/Developer/Toolchains/XcodeDefault.xctoolchain/usr/bin/clang-stat-cache /Applications/Xcode-27.0.0-Release.Candidate.app/Contents/Developer/Platforms/WatchOS.platform/Developer/SDKs/WatchOS27.0.sdk /Users/admin/builder/spi-builder-workspace/.derivedData/SDKStatCaches.noindex/watchos27.0-24R360-e829b21a6f8c9b70876ba0858053c04477534ef55a1706bf4c1112bbb242f0a2.sdkstatcache
    cd /Users/admin/builder/spi-builder-workspace/.swiftpm/xcode
    /Applications/Xcode-27.0.0-Release.Candidate.app/Contents/Developer/Toolchains/XcodeDefault.xctoolchain/usr/bin/clang-stat-cache /Applications/Xcode-27.0.0-Release.Candidate.app/Contents/Developer/Platforms/WatchOS.platform/Developer/SDKs/WatchOS27.0.sdk -o /Users/admin/builder/spi-builder-workspace/.derivedData/SDKStatCaches.noindex/watchos27.0-24R360-e829b21a6f8c9b70876ba0858053c04477534ef55a1706bf4c1112bbb242f0a2.sdkstatcache
CreateBuildDirectory /Users/admin/builder/spi-builder-workspace/.derivedData/Build/Intermediates.noindex/SwiftExplicitPrecompiledModules
    cd /Users/admin/builder/spi-builder-workspace/.swiftpm/xcode
    builtin-create-build-directory /Users/admin/builder/spi-builder-workspace/.derivedData/Build/Intermediates.noindex/SwiftExplicitPrecompiledModules
CreateBuildDirectory /Users/admin/builder/spi-builder-workspace/.derivedData/Build/Intermediates.noindex/PrecompiledHeaders
    cd /Users/admin/builder/spi-builder-workspace/.swiftpm/xcode
    builtin-create-build-directory /Users/admin/builder/spi-builder-workspace/.derivedData/Build/Intermediates.noindex/PrecompiledHeaders
CreateBuildDirectory /Users/admin/builder/spi-builder-workspace/.derivedData/Build/Intermediates.noindex/ExplicitPrecompiledModules
    cd /Users/admin/builder/spi-builder-workspace/.swiftpm/xcode
    builtin-create-build-directory /Users/admin/builder/spi-builder-workspace/.derivedData/Build/Intermediates.noindex/ExplicitPrecompiledModules
CreateBuildDirectory /Users/admin/builder/spi-builder-workspace/.derivedData/Build/Products/Debug-watchos
    cd /Users/admin/builder/spi-builder-workspace/.swiftpm/xcode
    builtin-create-build-directory /Users/admin/builder/spi-builder-workspace/.derivedData/Build/Products/Debug-watchos
CreateBuildDirectory /Users/admin/builder/spi-builder-workspace/.derivedData/Build/Intermediates.noindex/EagerLinkingTBDs/Debug-watchos
    cd /Users/admin/builder/spi-builder-workspace/.swiftpm/xcode
    builtin-create-build-directory /Users/admin/builder/spi-builder-workspace/.derivedData/Build/Intermediates.noindex/EagerLinkingTBDs/Debug-watchos
CreateBuildDirectory /Users/admin/builder/spi-builder-workspace/.derivedData/Build/Products/Debug-watchos/PackageFrameworks
    cd /Users/admin/builder/spi-builder-workspace/.swiftpm/xcode
    builtin-create-build-directory /Users/admin/builder/spi-builder-workspace/.derivedData/Build/Products/Debug-watchos/PackageFrameworks
WriteAuxiliaryFile /Users/admin/builder/spi-builder-workspace/.derivedData/Build/Intermediates.noindex/Placement.build/Debug-watchos/Placement-t.build/Placement.DependencyStaticMetadataFileList (in target 'Placement' from project 'Placement')
    cd /Users/admin/builder/spi-builder-workspace
    write-file /Users/admin/builder/spi-builder-workspace/.derivedData/Build/Intermediates.noindex/Placement.build/Debug-watchos/Placement-t.build/Placement.DependencyStaticMetadataFileList
WriteAuxiliaryFile /Users/admin/builder/spi-builder-workspace/.derivedData/Build/Intermediates.noindex/Placement.build/Debug-watchos/Placement-t.build/Placement.modulemap (in target 'Placement' from project 'Placement')
    cd /Users/admin/builder/spi-builder-workspace
    write-file /Users/admin/builder/spi-builder-workspace/.derivedData/Build/Intermediates.noindex/Placement.build/Debug-watchos/Placement-t.build/Placement.modulemap
WriteAuxiliaryFile /Users/admin/builder/spi-builder-workspace/.derivedData/Build/Intermediates.noindex/Placement.build/Debug-watchos/Placement-t.build/Placement.DependencyMetadataFileList (in target 'Placement' from project 'Placement')
    cd /Users/admin/builder/spi-builder-workspace
    write-file /Users/admin/builder/spi-builder-workspace/.derivedData/Build/Intermediates.noindex/Placement.build/Debug-watchos/Placement-t.build/Placement.DependencyMetadataFileList
WriteAuxiliaryFile /Users/admin/builder/spi-builder-workspace/.derivedData/Build/Intermediates.noindex/Placement.build/Debug-watchos/Placement-t.build/Objects-normal/arm64_32/Placement-OutputFileMap.json (in target 'Placement' from project 'Placement')
    cd /Users/admin/builder/spi-builder-workspace
    write-file /Users/admin/builder/spi-builder-workspace/.derivedData/Build/Intermediates.noindex/Placement.build/Debug-watchos/Placement-t.build/Objects-normal/arm64_32/Placement-OutputFileMap.json
WriteAuxiliaryFile /Users/admin/builder/spi-builder-workspace/.derivedData/Build/Intermediates.noindex/Placement.build/Debug-watchos/Placement-t.build/Objects-normal/arm64_32/Placement.SwiftFileList (in target 'Placement' from project 'Placement')
    cd /Users/admin/builder/spi-builder-workspace
    write-file /Users/admin/builder/spi-builder-workspace/.derivedData/Build/Intermediates.noindex/Placement.build/Debug-watchos/Placement-t.build/Objects-normal/arm64_32/Placement.SwiftFileList
WriteAuxiliaryFile /Users/admin/builder/spi-builder-workspace/.derivedData/Build/Intermediates.noindex/Placement.build/Debug-watchos/Placement-t.build/Objects-normal/arm64_32/Placement.SwiftConstValuesFileList (in target 'Placement' from project 'Placement')
    cd /Users/admin/builder/spi-builder-workspace
    write-file /Users/admin/builder/spi-builder-workspace/.derivedData/Build/Intermediates.noindex/Placement.build/Debug-watchos/Placement-t.build/Objects-normal/arm64_32/Placement.SwiftConstValuesFileList
WriteAuxiliaryFile /Users/admin/builder/spi-builder-workspace/.derivedData/Build/Intermediates.noindex/Placement.build/Debug-watchos/Placement-t.build/Objects-normal/arm64_32/Placement.LinkFileList (in target 'Placement' from project 'Placement')
    cd /Users/admin/builder/spi-builder-workspace
    write-file /Users/admin/builder/spi-builder-workspace/.derivedData/Build/Intermediates.noindex/Placement.build/Debug-watchos/Placement-t.build/Objects-normal/arm64_32/Placement.LinkFileList
WriteAuxiliaryFile /Users/admin/builder/spi-builder-workspace/.derivedData/Build/Intermediates.noindex/Placement.build/Debug-watchos/Placement-t.build/Objects-normal/arm64_32/Placement_const_extract_protocols.json (in target 'Placement' from project 'Placement')
    cd /Users/admin/builder/spi-builder-workspace
    write-file /Users/admin/builder/spi-builder-workspace/.derivedData/Build/Intermediates.noindex/Placement.build/Debug-watchos/Placement-t.build/Objects-normal/arm64_32/Placement_const_extract_protocols.json
WriteAuxiliaryFile /Users/admin/builder/spi-builder-workspace/.derivedData/Build/Intermediates.noindex/Placement.build/Debug-watchos/Placement-t.build/Objects-normal/arm64/Placement_const_extract_protocols.json (in target 'Placement' from project 'Placement')
    cd /Users/admin/builder/spi-builder-workspace
    write-file /Users/admin/builder/spi-builder-workspace/.derivedData/Build/Intermediates.noindex/Placement.build/Debug-watchos/Placement-t.build/Objects-normal/arm64/Placement_const_extract_protocols.json
WriteAuxiliaryFile /Users/admin/builder/spi-builder-workspace/.derivedData/Build/Intermediates.noindex/Placement.build/Debug-watchos/Placement-t.build/Objects-normal/arm64/Placement.SwiftFileList (in target 'Placement' from project 'Placement')
    cd /Users/admin/builder/spi-builder-workspace
    write-file /Users/admin/builder/spi-builder-workspace/.derivedData/Build/Intermediates.noindex/Placement.build/Debug-watchos/Placement-t.build/Objects-normal/arm64/Placement.SwiftFileList
WriteAuxiliaryFile /Users/admin/builder/spi-builder-workspace/.derivedData/Build/Intermediates.noindex/Placement.build/Debug-watchos/Placement-t.build/Objects-normal/arm64/Placement.SwiftConstValuesFileList (in target 'Placement' from project 'Placement')
    cd /Users/admin/builder/spi-builder-workspace
    write-file /Users/admin/builder/spi-builder-workspace/.derivedData/Build/Intermediates.noindex/Placement.build/Debug-watchos/Placement-t.build/Objects-normal/arm64/Placement.SwiftConstValuesFileList
WriteAuxiliaryFile /Users/admin/builder/spi-builder-workspace/.derivedData/Build/Intermediates.noindex/Placement.build/Debug-watchos/Placement-t.build/Objects-normal/arm64/Placement.LinkFileList (in target 'Placement' from project 'Placement')
    cd /Users/admin/builder/spi-builder-workspace
    write-file /Users/admin/builder/spi-builder-workspace/.derivedData/Build/Intermediates.noindex/Placement.build/Debug-watchos/Placement-t.build/Objects-normal/arm64/Placement.LinkFileList
WriteAuxiliaryFile /Users/admin/builder/spi-builder-workspace/.derivedData/Build/Intermediates.noindex/Placement.build/Debug-watchos/Placement-t.build/Objects-normal/arm64/Placement-OutputFileMap.json (in target 'Placement' from project 'Placement')
    cd /Users/admin/builder/spi-builder-workspace
    write-file /Users/admin/builder/spi-builder-workspace/.derivedData/Build/Intermediates.noindex/Placement.build/Debug-watchos/Placement-t.build/Objects-normal/arm64/Placement-OutputFileMap.json
Copy /Users/admin/builder/spi-builder-workspace/.derivedData/Build/Intermediates.noindex/GeneratedModuleMaps-watchos/Placement.modulemap /Users/admin/builder/spi-builder-workspace/.derivedData/Build/Intermediates.noindex/Placement.build/Debug-watchos/Placement-t.build/Placement.modulemap (in target 'Placement' from project 'Placement')
    cd /Users/admin/builder/spi-builder-workspace
    builtin-copy -exclude .DS_Store -exclude CVS -exclude .svn -exclude .git -exclude .hg -resolve-src-symlinks /Users/admin/builder/spi-builder-workspace/.derivedData/Build/Intermediates.noindex/Placement.build/Debug-watchos/Placement-t.build/Placement.modulemap /Users/admin/builder/spi-builder-workspace/.derivedData/Build/Intermediates.noindex/GeneratedModuleMaps-watchos
SwiftDriver Placement normal arm64_32 com.apple.xcode.tools.swift.compiler (in target 'Placement' from project 'Placement')
    cd /Users/admin/builder/spi-builder-workspace/.swiftpm/xcode
    builtin-SwiftDriver -- /Applications/Xcode-27.0.0-Release.Candidate.app/Contents/Developer/Toolchains/XcodeDefault.xctoolchain/usr/bin/swiftc -parse-as-library -module-name Placement -Onone @/Users/admin/builder/spi-builder-workspace/.derivedData/Build/Intermediates.noindex/Placement.build/Debug-watchos/Placement-t.build/Objects-normal/arm64_32/Placement.SwiftFileList -DSWIFT_PACKAGE -DDEBUG -DSWIFT_MODULE_RESOURCE_BUNDLE_UNAVAILABLE -DXcode -plugin-path /Applications/Xcode-27.0.0-Release.Candidate.app/Contents/Developer/Toolchains/XcodeDefault.xctoolchain/usr/lib/swift/host/plugins/testing -enable-experimental-feature DebugDescriptionMacro -sdk /Applications/Xcode-27.0.0-Release.Candidate.app/Contents/Developer/Platforms/WatchOS.platform/Developer/SDKs/WatchOS27.0.sdk -target arm64_32-apple-watchos9.0 -g -module-cache-path /Users/admin/builder/spi-builder-workspace/.derivedData/ModuleCache.noindex -Xfrontend -serialize-debugging-options -enable-testing -index-store-path /Users/admin/builder/spi-builder-workspace/.derivedData/Index.noindex/DataStore -Xcc -D_LIBCPP_HARDENING_MODE\=_LIBCPP_HARDENING_MODE_DEBUG -swift-version 5 -I /Users/admin/builder/spi-builder-workspace/.derivedData/Build/Products/Debug-watchos -Isystem /Applications/Xcode-27.0.0-Release.Candidate.app/Contents/Developer/Platforms/WatchOS.platform/Developer/usr/lib -F /Users/admin/builder/spi-builder-workspace/.derivedData/Build/Products/Debug-watchos -F /Applications/Xcode-27.0.0-Release.Candidate.app/Contents/Developer/Platforms/WatchOS.platform/Developer/Library/Frameworks -F /Applications/Xcode-27.0.0-Release.Candidate.app/Contents/Developer/Platforms/WatchOS.platform/Developer/SDKs/WatchOS27.0.sdk/Developer/Library/Frameworks -c -j10 -enable-batch-mode -incremental -Xcc -ivfsstatcache -Xcc /Users/admin/builder/spi-builder-workspace/.derivedData/SDKStatCaches.noindex/watchos27.0-24R360-e829b21a6f8c9b70876ba0858053c04477534ef55a1706bf4c1112bbb242f0a2.sdkstatcache -output-file-map /Users/admin/builder/spi-builder-workspace/.derivedData/Build/Intermediates.noindex/Placement.build/Debug-watchos/Placement-t.build/Objects-normal/arm64_32/Placement-OutputFileMap.json -save-temps -no-color-diagnostics -explicit-module-build -module-cache-path /Users/admin/builder/spi-builder-workspace/.derivedData/Build/Intermediates.noindex/SwiftExplicitPrecompiledModules -clang-scanner-module-cache-path /Users/admin/builder/spi-builder-workspace/.derivedData/ModuleCache.noindex -sdk-module-cache-path /Users/admin/builder/spi-builder-workspace/.derivedData/SDKExplicitPrecompiledModules -emit-dependencies -emit-module -emit-module-path /Users/admin/builder/spi-builder-workspace/.derivedData/Build/Intermediates.noindex/Placement.build/Debug-watchos/Placement-t.build/Objects-normal/arm64_32/Placement.swiftmodule -serialize-diagnostics -dependency-scan-serialize-diagnostics-path /Users/admin/builder/spi-builder-workspace/.derivedData/Build/Intermediates.noindex/Placement.build/Debug-watchos/Placement-t.build/Objects-normal/arm64_32/Placement-dependency-scan.dia -validate-clang-modules-once -clang-build-session-file /Users/admin/builder/spi-builder-workspace/.derivedData/ModuleCache.noindex/Session.modulevalidation -Xcc -fmodules-prune-interval\=86400 -Xcc -fmodules-prune-after\=345600 -package-name spi_builder_workspace -emit-const-values -const-gather-protocols-list /Users/admin/builder/spi-builder-workspace/.derivedData/Build/Intermediates.noindex/Placement.build/Debug-watchos/Placement-t.build/Objects-normal/arm64_32/Placement_const_extract_protocols.json -Xcc -I/Users/admin/builder/spi-builder-workspace/.derivedData/Build/Products/Debug-watchos/include -Xcc -I/Users/admin/builder/spi-builder-workspace/.derivedData/Build/Intermediates.noindex/Placement.build/Debug-watchos/Placement-t.build/DerivedSources-normal/arm64_32 -Xcc -I/Users/admin/builder/spi-builder-workspace/.derivedData/Build/Intermediates.noindex/Placement.build/Debug-watchos/Placement-t.build/DerivedSources/arm64_32 -Xcc -I/Users/admin/builder/spi-builder-workspace/.derivedData/Build/Intermediates.noindex/Placement.build/Debug-watchos/Placement-t.build/DerivedSources -Xcc -DSWIFT_PACKAGE -Xcc -DDEBUG\=1 -emit-objc-header -emit-objc-header-path /Users/admin/builder/spi-builder-workspace/.derivedData/Build/Intermediates.noindex/Placement.build/Debug-watchos/Placement-t.build/Objects-normal/arm64_32/Placement-Swift.h -working-directory /Users/admin/builder/spi-builder-workspace/.swiftpm/xcode -experimental-emit-module-separately -disable-cmo
SwiftDriver Placement normal arm64 com.apple.xcode.tools.swift.compiler (in target 'Placement' from project 'Placement')
    cd /Users/admin/builder/spi-builder-workspace/.swiftpm/xcode
    builtin-SwiftDriver -- /Applications/Xcode-27.0.0-Release.Candidate.app/Contents/Developer/Toolchains/XcodeDefault.xctoolchain/usr/bin/swiftc -parse-as-library -module-name Placement -Onone @/Users/admin/builder/spi-builder-workspace/.derivedData/Build/Intermediates.noindex/Placement.build/Debug-watchos/Placement-t.build/Objects-normal/arm64/Placement.SwiftFileList -DSWIFT_PACKAGE -DDEBUG -DSWIFT_MODULE_RESOURCE_BUNDLE_UNAVAILABLE -DXcode -plugin-path /Applications/Xcode-27.0.0-Release.Candidate.app/Contents/Developer/Toolchains/XcodeDefault.xctoolchain/usr/lib/swift/host/plugins/testing -enable-experimental-feature DebugDescriptionMacro -sdk /Applications/Xcode-27.0.0-Release.Candidate.app/Contents/Developer/Platforms/WatchOS.platform/Developer/SDKs/WatchOS27.0.sdk -target arm64-apple-watchos9.0 -g -module-cache-path /Users/admin/builder/spi-builder-workspace/.derivedData/ModuleCache.noindex -Xfrontend -serialize-debugging-options -enable-testing -index-store-path /Users/admin/builder/spi-builder-workspace/.derivedData/Index.noindex/DataStore -Xcc -D_LIBCPP_HARDENING_MODE\=_LIBCPP_HARDENING_MODE_DEBUG -swift-version 5 -I /Users/admin/builder/spi-builder-workspace/.derivedData/Build/Products/Debug-watchos -Isystem /Applications/Xcode-27.0.0-Release.Candidate.app/Contents/Developer/Platforms/WatchOS.platform/Developer/usr/lib -F /Users/admin/builder/spi-builder-workspace/.derivedData/Build/Products/Debug-watchos -F /Applications/Xcode-27.0.0-Release.Candidate.app/Contents/Developer/Platforms/WatchOS.platform/Developer/Library/Frameworks -F /Applications/Xcode-27.0.0-Release.Candidate.app/Contents/Developer/Platforms/WatchOS.platform/Developer/SDKs/WatchOS27.0.sdk/Developer/Library/Frameworks -c -j10 -enable-batch-mode -incremental -Xcc -ivfsstatcache -Xcc /Users/admin/builder/spi-builder-workspace/.derivedData/SDKStatCaches.noindex/watchos27.0-24R360-e829b21a6f8c9b70876ba0858053c04477534ef55a1706bf4c1112bbb242f0a2.sdkstatcache -output-file-map /Users/admin/builder/spi-builder-workspace/.derivedData/Build/Intermediates.noindex/Placement.build/Debug-watchos/Placement-t.build/Objects-normal/arm64/Placement-OutputFileMap.json -save-temps -no-color-diagnostics -explicit-module-build -module-cache-path /Users/admin/builder/spi-builder-workspace/.derivedData/Build/Intermediates.noindex/SwiftExplicitPrecompiledModules -clang-scanner-module-cache-path /Users/admin/builder/spi-builder-workspace/.derivedData/ModuleCache.noindex -sdk-module-cache-path /Users/admin/builder/spi-builder-workspace/.derivedData/SDKExplicitPrecompiledModules -emit-dependencies -emit-module -emit-module-path /Users/admin/builder/spi-builder-workspace/.derivedData/Build/Intermediates.noindex/Placement.build/Debug-watchos/Placement-t.build/Objects-normal/arm64/Placement.swiftmodule -serialize-diagnostics -dependency-scan-serialize-diagnostics-path /Users/admin/builder/spi-builder-workspace/.derivedData/Build/Intermediates.noindex/Placement.build/Debug-watchos/Placement-t.build/Objects-normal/arm64/Placement-dependency-scan.dia -validate-clang-modules-once -clang-build-session-file /Users/admin/builder/spi-builder-workspace/.derivedData/ModuleCache.noindex/Session.modulevalidation -Xcc -fmodules-prune-interval\=86400 -Xcc -fmodules-prune-after\=345600 -package-name spi_builder_workspace -emit-const-values -const-gather-protocols-list /Users/admin/builder/spi-builder-workspace/.derivedData/Build/Intermediates.noindex/Placement.build/Debug-watchos/Placement-t.build/Objects-normal/arm64/Placement_const_extract_protocols.json -Xcc -I/Users/admin/builder/spi-builder-workspace/.derivedData/Build/Products/Debug-watchos/include -Xcc -I/Users/admin/builder/spi-builder-workspace/.derivedData/Build/Intermediates.noindex/Placement.build/Debug-watchos/Placement-t.build/DerivedSources-normal/arm64 -Xcc -I/Users/admin/builder/spi-builder-workspace/.derivedData/Build/Intermediates.noindex/Placement.build/Debug-watchos/Placement-t.build/DerivedSources/arm64 -Xcc -I/Users/admin/builder/spi-builder-workspace/.derivedData/Build/Intermediates.noindex/Placement.build/Debug-watchos/Placement-t.build/DerivedSources -Xcc -DSWIFT_PACKAGE -Xcc -DDEBUG\=1 -emit-objc-header -emit-objc-header-path /Users/admin/builder/spi-builder-workspace/.derivedData/Build/Intermediates.noindex/Placement.build/Debug-watchos/Placement-t.build/Objects-normal/arm64/Placement-Swift.h -working-directory /Users/admin/builder/spi-builder-workspace/.swiftpm/xcode -experimental-emit-module-separately -disable-cmo
SwiftExplicitDependencyGeneratePcm arm64 /Users/admin/builder/spi-builder-workspace/.derivedData/SDKExplicitPrecompiledModules/_AvailabilityInternal-BUNV3UXM65NT37THI4W1AM0SF.pcm
SwiftExplicitDependencyGeneratePcm arm64 /Users/admin/builder/spi-builder-workspace/.derivedData/SDKExplicitPrecompiledModules/_SwiftConcurrencyShims-659N52XSKR5F0QSB880BH2FJR.pcm
SwiftExplicitDependencyGeneratePcm arm64 /Users/admin/builder/spi-builder-workspace/.derivedData/SDKExplicitPrecompiledModules/_Builtin_stdarg-A7UU8LE6MP85SM26YO7PBZNUQ.pcm
SwiftExplicitDependencyGeneratePcm arm64 /Users/admin/builder/spi-builder-workspace/.derivedData/SDKExplicitPrecompiledModules/ptrcheck-AIF0NDOYZ8ORBNHQAQR5NNB8M.pcm
SwiftExplicitDependencyGeneratePcm arm64 /Users/admin/builder/spi-builder-workspace/.derivedData/SDKExplicitPrecompiledModules/_Builtin_float-C0CW5Q4HGBQYKE77TC42IAFB5.pcm
SwiftExplicitDependencyGeneratePcm arm64 /Users/admin/builder/spi-builder-workspace/.derivedData/SDKExplicitPrecompiledModules/ptrauth-3TZ9WJCGLYD25HQPWH4968ONX.pcm
SwiftExplicitDependencyGeneratePcm arm64 /Users/admin/builder/spi-builder-workspace/.derivedData/SDKExplicitPrecompiledModules/_Builtin_stdbool-83J96QSOFE9VX04AAS6310UAE.pcm
SwiftExplicitDependencyGeneratePcm arm64_32 /Users/admin/builder/spi-builder-workspace/.derivedData/SDKExplicitPrecompiledModules/ptrauth-BFXF358ME5AK535N5A9Z766WU.pcm
SwiftExplicitDependencyGeneratePcm arm64_32 /Users/admin/builder/spi-builder-workspace/.derivedData/SDKExplicitPrecompiledModules/ptrcheck-7ELIH9BTIGVKX3UBITM9N72WD.pcm
SwiftExplicitDependencyGeneratePcm arm64_32 /Users/admin/builder/spi-builder-workspace/.derivedData/SDKExplicitPrecompiledModules/_Builtin_stddef-H44EFHQX6XSS5MZ7QP6YJZ76.pcm
SwiftExplicitDependencyGeneratePcm arm64_32 /Users/admin/builder/spi-builder-workspace/.derivedData/SDKExplicitPrecompiledModules/_Builtin_stdarg-D305JG44A2WPI6CJY37X3QJE8.pcm
SwiftExplicitDependencyGeneratePcm arm64_32 /Users/admin/builder/spi-builder-workspace/.derivedData/SDKExplicitPrecompiledModules/_Builtin_stdbool-A967K8W8YUYEC9SN52KJ7OO88.pcm
SwiftExplicitDependencyGeneratePcm arm64_32 /Users/admin/builder/spi-builder-workspace/.derivedData/SDKExplicitPrecompiledModules/_SwiftConcurrencyShims-6RTBPQ03V7BM9SPRK8SUE055H.pcm
SwiftExplicitDependencyGeneratePcm arm64_32 /Users/admin/builder/spi-builder-workspace/.derivedData/SDKExplicitPrecompiledModules/SwiftShims-9CQQGWTSNTN9EB5NSHDWUJICH.pcm
SwiftExplicitDependencyGeneratePcm arm64_32 /Users/admin/builder/spi-builder-workspace/.derivedData/SDKExplicitPrecompiledModules/_AvailabilityInternal-244WAN3Z1QBT7PIA64EZEFY1R.pcm
SwiftExplicitDependencyGeneratePcm arm64_32 /Users/admin/builder/spi-builder-workspace/.derivedData/SDKExplicitPrecompiledModules/_Builtin_float-6KO8O3PEWRCA4WC6PPLOYO6WJ.pcm
SwiftExplicitDependencyGeneratePcm arm64_32 /Users/admin/builder/spi-builder-workspace/.derivedData/SDKExplicitPrecompiledModules/DeveloperToolsSupport-DZU5G1OCMNWU0AQRULIFHUJ1Z.pcm
SwiftExplicitDependencyGeneratePcm arm64 /Users/admin/builder/spi-builder-workspace/.derivedData/SDKExplicitPrecompiledModules/SwiftShims-4MXFZPV6FEB0XBYXCGPWAMQGL.pcm
SwiftExplicitDependencyGeneratePcm arm64 /Users/admin/builder/spi-builder-workspace/.derivedData/SDKExplicitPrecompiledModules/_Builtin_stddef-1FU30Y8SWFB7OUUHMJQH5J6FM.pcm
SwiftExplicitDependencyGeneratePcm arm64 /Users/admin/builder/spi-builder-workspace/.derivedData/SDKExplicitPrecompiledModules/DeveloperToolsSupport-E7CNISCB36UE8XQ9IOHK9XDX1.pcm
SwiftExplicitDependencyGeneratePcm arm64 /Users/admin/builder/spi-builder-workspace/.derivedData/SDKExplicitPrecompiledModules/_DarwinFoundation1-7SPX3MD0HMP55E4OLNCPNDQ53.pcm
SwiftExplicitDependencyGeneratePcm arm64_32 /Users/admin/builder/spi-builder-workspace/.derivedData/SDKExplicitPrecompiledModules/_DarwinFoundation1-2GWF9RFMPLQW4PDHS3NARVI3G.pcm
SwiftExplicitDependencyGeneratePcm arm64 /Users/admin/builder/spi-builder-workspace/.derivedData/SDKExplicitPrecompiledModules/_Builtin_limits-9GWPA2B0H20DYUNYHYCWKABJG.pcm
SwiftExplicitDependencyGeneratePcm arm64 /Users/admin/builder/spi-builder-workspace/.derivedData/SDKExplicitPrecompiledModules/_DarwinFoundation2-D0XAPJU49S5E9XMKYOFGSTB1Q.pcm
SwiftExplicitDependencyGeneratePcm arm64_32 /Users/admin/builder/spi-builder-workspace/.derivedData/SDKExplicitPrecompiledModules/_Builtin_limits-3VKBU2AFTD65PAJZ5CJ3LHFM2.pcm
SwiftExplicitDependencyGeneratePcm arm64_32 /Users/admin/builder/spi-builder-workspace/.derivedData/SDKExplicitPrecompiledModules/_DarwinFoundation2-9MY8GOSYRO0M9MKNXF6D3MBNK.pcm
SwiftExplicitDependencyGeneratePcm arm64 /Users/admin/builder/spi-builder-workspace/.derivedData/SDKExplicitPrecompiledModules/string_h-E6PRXK75PHIPCZFWOFCQ3QBMK.pcm
SwiftExplicitDependencyGeneratePcm arm64 /Users/admin/builder/spi-builder-workspace/.derivedData/SDKExplicitPrecompiledModules/sys_types-2KXQLI78OUCDP779AE68GZJ2.pcm
SwiftExplicitDependencyGeneratePcm arm64 /Users/admin/builder/spi-builder-workspace/.derivedData/SDKExplicitPrecompiledModules/_Builtin_tgmath-8NQ96OZ0YHXEC24JI95P01UF8.pcm
SwiftExplicitDependencyGeneratePcm arm64 /Users/admin/builder/spi-builder-workspace/.derivedData/SDKExplicitPrecompiledModules/_Builtin_stdint-8XMILLJZEGRN2XG7XZUXZ5RLX.pcm
SwiftExplicitDependencyGeneratePcm arm64_32 /Users/admin/builder/spi-builder-workspace/.derivedData/SDKExplicitPrecompiledModules/string_h-BFVLUQUSBZWYMLCU9QI7VZALW.pcm
SwiftExplicitDependencyGeneratePcm arm64_32 /Users/admin/builder/spi-builder-workspace/.derivedData/SDKExplicitPrecompiledModules/_Builtin_tgmath-23PGCKURCQILXMK0MYZRYDCOU.pcm
SwiftExplicitDependencyGeneratePcm arm64_32 /Users/admin/builder/spi-builder-workspace/.derivedData/SDKExplicitPrecompiledModules/sys_types-8TLLMW08ZJWDGIIPKOYFGHHZW.pcm
SwiftExplicitDependencyGeneratePcm arm64_32 /Users/admin/builder/spi-builder-workspace/.derivedData/SDKExplicitPrecompiledModules/_Builtin_stdint-1HMXWI3V0V4TXHRWZOMZGZ80Y.pcm
SwiftExplicitDependencyGeneratePcm arm64 /Users/admin/builder/spi-builder-workspace/.derivedData/SDKExplicitPrecompiledModules/_DarwinFoundation3-B97LRG0E9GON2NUE65TVG81HU.pcm
SwiftExplicitDependencyGeneratePcm arm64 /Users/admin/builder/spi-builder-workspace/.derivedData/SDKExplicitPrecompiledModules/_Builtin_stdatomic-7JEFA3KBJJJN6TKJWY3OG1VG5.pcm
SwiftExplicitDependencyGeneratePcm arm64 /Users/admin/builder/spi-builder-workspace/.derivedData/SDKExplicitPrecompiledModules/_Builtin_intrinsics-75960HIPCIYA06IUW8FIIPQT.pcm
SwiftExplicitDependencyGeneratePcm arm64_32 /Users/admin/builder/spi-builder-workspace/.derivedData/SDKExplicitPrecompiledModules/_DarwinFoundation3-3DUTYQDQSD9HUAAVY947NMWOI.pcm
SwiftExplicitDependencyGeneratePcm arm64_32 /Users/admin/builder/spi-builder-workspace/.derivedData/SDKExplicitPrecompiledModules/_Builtin_stdatomic-1TY035TURL76BF2U98PZPPZRX.pcm
SwiftExplicitDependencyGeneratePcm arm64_32 /Users/admin/builder/spi-builder-workspace/.derivedData/SDKExplicitPrecompiledModules/_Builtin_intrinsics-196IIAKDQVU42DLOZP9OQCV76.pcm
SwiftExplicitDependencyGeneratePcm arm64 /Users/admin/builder/spi-builder-workspace/.derivedData/SDKExplicitPrecompiledModules/_Builtin_inttypes-3UQSCM7WNM9EK4HZML8TY5J3D.pcm
SwiftExplicitDependencyGeneratePcm arm64_32 /Users/admin/builder/spi-builder-workspace/.derivedData/SDKExplicitPrecompiledModules/_Builtin_inttypes-D2KPCR4PEX9AQA33NGLUT5SBR.pcm
SwiftExplicitDependencyGeneratePcm arm64 /Users/admin/builder/spi-builder-workspace/.derivedData/SDKExplicitPrecompiledModules/Darwin-3984OXKFNSPE77NT743WK8SEX.pcm
SwiftExplicitDependencyGeneratePcm arm64_32 /Users/admin/builder/spi-builder-workspace/.derivedData/SDKExplicitPrecompiledModules/Darwin-3FVT1SKLN2ZQ5RVOABMTQBB34.pcm
SwiftExplicitDependencyGeneratePcm arm64 /Users/admin/builder/spi-builder-workspace/.derivedData/SDKExplicitPrecompiledModules/simd-EH08NODU6574T74ZKU61VP9BW.pcm
SwiftExplicitDependencyGeneratePcm arm64_32 /Users/admin/builder/spi-builder-workspace/.derivedData/SDKExplicitPrecompiledModules/simd-21UNWYOBUZI1LVSQ99S1XBLMO.pcm
SwiftExplicitDependencyGeneratePcm arm64_32 /Users/admin/builder/spi-builder-workspace/.derivedData/SDKExplicitPrecompiledModules/ObjectiveC-6IJNELR2E80E7LUKESVCP2KET.pcm
SwiftExplicitDependencyGeneratePcm arm64_32 /Users/admin/builder/spi-builder-workspace/.derivedData/SDKExplicitPrecompiledModules/MachO-56838ZJ0NC1EBAJ0O6O8QMPDX.pcm
SwiftExplicitDependencyGeneratePcm arm64 /Users/admin/builder/spi-builder-workspace/.derivedData/SDKExplicitPrecompiledModules/ObjectiveC-72IVD3VS2RS8Q28D9PIMY0KQP.pcm
SwiftExplicitDependencyGeneratePcm arm64 /Users/admin/builder/spi-builder-workspace/.derivedData/SDKExplicitPrecompiledModules/MachO-2U90NNSAQILBNBPS1SA4F8TYP.pcm
SwiftExplicitDependencyGeneratePcm arm64 /Users/admin/builder/spi-builder-workspace/.derivedData/SDKExplicitPrecompiledModules/os_object-3SDKD7F87FTZ26OON37DRYT6O.pcm
SwiftExplicitDependencyGeneratePcm arm64_32 /Users/admin/builder/spi-builder-workspace/.derivedData/SDKExplicitPrecompiledModules/os_object-5YWTC6L4756IWSTPGXS5NM0D0.pcm
SwiftExplicitDependencyGeneratePcm arm64_32 /Users/admin/builder/spi-builder-workspace/.derivedData/SDKExplicitPrecompiledModules/os_workgroup-5JHTPDMNBUNHLJI8LPHKQK1JK.pcm
SwiftExplicitDependencyGeneratePcm arm64 /Users/admin/builder/spi-builder-workspace/.derivedData/SDKExplicitPrecompiledModules/os_workgroup-89GG5G7YC2D0ZTK6AZXXQ20DH.pcm
SwiftExplicitDependencyGeneratePcm arm64 /Users/admin/builder/spi-builder-workspace/.derivedData/SDKExplicitPrecompiledModules/Spatial-44FJGYXFAT2AQAW9Z6T7YS02U.pcm
SwiftExplicitDependencyGeneratePcm arm64_32 /Users/admin/builder/spi-builder-workspace/.derivedData/SDKExplicitPrecompiledModules/Spatial-CWVWNML3T0NXVHZDKVLD3X1YZ.pcm
SwiftExplicitDependencyGeneratePcm arm64_32 /Users/admin/builder/spi-builder-workspace/.derivedData/SDKExplicitPrecompiledModules/Dispatch-2P62F1T4XV63S4P99TUDTOK2Q.pcm
SwiftExplicitDependencyGeneratePcm arm64 /Users/admin/builder/spi-builder-workspace/.derivedData/SDKExplicitPrecompiledModules/Dispatch-1NLJOVAK60XP0DUB05XA59EIM.pcm
SwiftExplicitDependencyGeneratePcm arm64_32 /Users/admin/builder/spi-builder-workspace/.derivedData/SDKExplicitPrecompiledModules/CoreFoundation-8E6Y4BA3EXYKUGJ24GT9LGV3N.pcm
SwiftExplicitDependencyGeneratePcm arm64_32 /Users/admin/builder/spi-builder-workspace/.derivedData/SDKExplicitPrecompiledModules/XPC-81Y45QFY96XYYFCW2GT6FY8S4.pcm
SwiftExplicitDependencyGeneratePcm arm64 /Users/admin/builder/spi-builder-workspace/.derivedData/SDKExplicitPrecompiledModules/XPC-40DR0X1DHKGCV4J1IOLFS8MOU.pcm
SwiftExplicitDependencyGeneratePcm arm64 /Users/admin/builder/spi-builder-workspace/.derivedData/SDKExplicitPrecompiledModules/CoreFoundation-8T2L24YC5NU7WO6WQJWRY7W08.pcm
SwiftExplicitDependencyGeneratePcm arm64 /Users/admin/builder/spi-builder-workspace/.derivedData/SDKExplicitPrecompiledModules/os-5DIL6Z9LFIGLMZAHM7X2T5435.pcm
SwiftExplicitDependencyGeneratePcm arm64_32 /Users/admin/builder/spi-builder-workspace/.derivedData/SDKExplicitPrecompiledModules/os-E5IGB442IA6SBB25TTCOLK2OC.pcm
SwiftExplicitDependencyGeneratePcm arm64 /Users/admin/builder/spi-builder-workspace/.derivedData/SDKExplicitPrecompiledModules/CoreGraphics-DWNZ73GEH98SBJXZ7DEXB420K.pcm
SwiftExplicitDependencyGeneratePcm arm64 /Users/admin/builder/spi-builder-workspace/.derivedData/SDKExplicitPrecompiledModules/Security-6RZ6YBRU8WCUHRFFRVUK5WKMM.pcm
SwiftExplicitDependencyGeneratePcm arm64 /Users/admin/builder/spi-builder-workspace/.derivedData/SDKExplicitPrecompiledModules/CoreAudioTypes-A9MF7N5LT63G21HNFVM6BT14B.pcm
SwiftExplicitDependencyGeneratePcm arm64_32 /Users/admin/builder/spi-builder-workspace/.derivedData/SDKExplicitPrecompiledModules/Security-D7TOWF88VWF67TB9HAFP5UWB1.pcm
SwiftExplicitDependencyGeneratePcm arm64_32 /Users/admin/builder/spi-builder-workspace/.derivedData/SDKExplicitPrecompiledModules/CoreAudioTypes-9GVB1DHA32M46R4A9NWSI3I2K.pcm
SwiftExplicitDependencyGeneratePcm arm64_32 /Users/admin/builder/spi-builder-workspace/.derivedData/SDKExplicitPrecompiledModules/CoreGraphics-9FDXYX6BKBUT6TJ2VF819E7T5.pcm
SwiftExplicitDependencyGeneratePcm arm64_32 /Users/admin/builder/spi-builder-workspace/.derivedData/SDKExplicitPrecompiledModules/CoreAudio-5W6MX6OUPWBMUR8VD5LHT1PZF.pcm
SwiftExplicitDependencyGeneratePcm arm64 /Users/admin/builder/spi-builder-workspace/.derivedData/SDKExplicitPrecompiledModules/CoreAudio-1B79RJJTP71GE6UY9WLESAN3C.pcm
SwiftExplicitDependencyGeneratePcm arm64 /Users/admin/builder/spi-builder-workspace/.derivedData/SDKExplicitPrecompiledModules/Foundation-DLBKUSGXN8QHAT8W0OARR9S8A.pcm
SwiftExplicitDependencyGeneratePcm arm64_32 /Users/admin/builder/spi-builder-workspace/.derivedData/SDKExplicitPrecompiledModules/Foundation-BJ2VQGI3OGR34500MEQ1VKHPH.pcm
SwiftExplicitDependencyGeneratePcm arm64 /Users/admin/builder/spi-builder-workspace/.derivedData/SDKExplicitPrecompiledModules/CoreText-970YJN6NIYGK1316L35Z0O8QT.pcm
SwiftExplicitDependencyGeneratePcm arm64 /Users/admin/builder/spi-builder-workspace/.derivedData/SDKExplicitPrecompiledModules/CoreVideo-8MRR5MNWUOAW2DBPGUQ8FKK4.pcm
SwiftExplicitDependencyGeneratePcm arm64_32 /Users/admin/builder/spi-builder-workspace/.derivedData/SDKExplicitPrecompiledModules/CoreText-C9X2REPZN2V5BSU4G80FCETDR.pcm
SwiftExplicitDependencyGeneratePcm arm64_32 /Users/admin/builder/spi-builder-workspace/.derivedData/SDKExplicitPrecompiledModules/CoreVideo-2P8HI0403J99LBDPKNFJ5D4DL.pcm
SwiftExplicitDependencyGeneratePcm arm64 /Users/admin/builder/spi-builder-workspace/.derivedData/SDKExplicitPrecompiledModules/CoreMedia-1AJVCUZNAO74KIKMFVFUUHWDI.pcm
SwiftExplicitDependencyGeneratePcm arm64_32 /Users/admin/builder/spi-builder-workspace/.derivedData/SDKExplicitPrecompiledModules/CoreMedia-AO387T8CHWTTZODD1DGT0UAFA.pcm
SwiftExplicitDependencyGeneratePcm arm64 /Users/admin/builder/spi-builder-workspace/.derivedData/SDKExplicitPrecompiledModules/QuartzCore-94KFMWNOU7ZLUZNB4T5DLZC9D.pcm
SwiftExplicitDependencyGeneratePcm arm64 /Users/admin/builder/spi-builder-workspace/.derivedData/SDKExplicitPrecompiledModules/CoreTransferable-9PPG3SLJ55T4LITIFYX2M0NOZ.pcm
SwiftExplicitDependencyGeneratePcm arm64 /Users/admin/builder/spi-builder-workspace/.derivedData/SDKExplicitPrecompiledModules/OSLog-B7VGO357Y3GJG35TST7DKDSI3.pcm
SwiftExplicitDependencyGeneratePcm arm64 /Users/admin/builder/spi-builder-workspace/.derivedData/SDKExplicitPrecompiledModules/CoreData-9JFJC4UET8BAO5IPV2JU6W9V8.pcm
SwiftExplicitDependencyGeneratePcm arm64 /Users/admin/builder/spi-builder-workspace/.derivedData/SDKExplicitPrecompiledModules/SceneKit-5HZKIL7XETTTD8TOHYPN8JKRJ.pcm
SwiftExplicitDependencyGeneratePcm arm64 /Users/admin/builder/spi-builder-workspace/.derivedData/SDKExplicitPrecompiledModules/UIUtilities-IR7RNW23VAUKYI9MLCS9NL9A.pcm
SwiftExplicitDependencyGeneratePcm arm64 /Users/admin/builder/spi-builder-workspace/.derivedData/SDKExplicitPrecompiledModules/DataDetection-7BNVI1SZW5ISQL5SX4WL2X7I5.pcm
SwiftExplicitDependencyGeneratePcm arm64 /Users/admin/builder/spi-builder-workspace/.derivedData/SDKExplicitPrecompiledModules/_LocationEssentials-5ZZDGDXB6HLQUC72SJW7YJ7MK.pcm
SwiftExplicitDependencyGeneratePcm arm64 /Users/admin/builder/spi-builder-workspace/.derivedData/SDKExplicitPrecompiledModules/UniformTypeIdentifiers-8L08Q8DQJV8C4AW84YVGFGTRN.pcm
SwiftExplicitDependencyGeneratePcm arm64 /Users/admin/builder/spi-builder-workspace/.derivedData/SDKExplicitPrecompiledModules/UserNotifications-ARAH8MEQ0C2L0FBO39HITJMAO.pcm
SwiftExplicitDependencyGeneratePcm arm64_32 /Users/admin/builder/spi-builder-workspace/.derivedData/SDKExplicitPrecompiledModules/CoreData-7AU1AFQWUH88EAPDKVMLJPKVD.pcm
SwiftExplicitDependencyGeneratePcm arm64_32 /Users/admin/builder/spi-builder-workspace/.derivedData/SDKExplicitPrecompiledModules/Accessibility-F385OMZ5GYBUY5O4QAJB4NRII.pcm
SwiftExplicitDependencyGeneratePcm arm64_32 /Users/admin/builder/spi-builder-workspace/.derivedData/SDKExplicitPrecompiledModules/Symbols-1H97WMG76HU94F5VGJR19PXFY.pcm
SwiftExplicitDependencyGeneratePcm arm64_32 /Users/admin/builder/spi-builder-workspace/.derivedData/SDKExplicitPrecompiledModules/DataDetection-U9BF7WHFVA6BZGFXXXP272PS.pcm
SwiftExplicitDependencyGeneratePcm arm64_32 /Users/admin/builder/spi-builder-workspace/.derivedData/SDKExplicitPrecompiledModules/OSLog-D9AVFY0KWO7RVBIQ73CBIJVCN.pcm
SwiftExplicitDependencyGeneratePcm arm64_32 /Users/admin/builder/spi-builder-workspace/.derivedData/SDKExplicitPrecompiledModules/CoreTransferable-5D4IR6X37682FPHJ5CBPTKQV6.pcm
SwiftExplicitDependencyGeneratePcm arm64_32 /Users/admin/builder/spi-builder-workspace/.derivedData/SDKExplicitPrecompiledModules/SceneKit-DKNLHKM5FJBQ79LSNMSSMBUBR.pcm
SwiftExplicitDependencyGeneratePcm arm64_32 /Users/admin/builder/spi-builder-workspace/.derivedData/SDKExplicitPrecompiledModules/UserNotifications-6TBN8TEAKO014N1T2QD926XED.pcm
SwiftExplicitDependencyGeneratePcm arm64 /Users/admin/builder/spi-builder-workspace/.derivedData/SDKExplicitPrecompiledModules/SwiftUICore-C1DST1IX2Z0PTH5SJJZ1IULRB.pcm
SwiftExplicitDependencyGeneratePcm arm64_32 /Users/admin/builder/spi-builder-workspace/.derivedData/SDKExplicitPrecompiledModules/UniformTypeIdentifiers-CJZ3NTHPSBH4XWX5EVOG56UZS.pcm
SwiftExplicitDependencyGeneratePcm arm64_32 /Users/admin/builder/spi-builder-workspace/.derivedData/SDKExplicitPrecompiledModules/UIUtilities-9YFVNIMRC5HRVOIARNWHP1E3H.pcm
SwiftExplicitDependencyGeneratePcm arm64 /Users/admin/builder/spi-builder-workspace/.derivedData/SDKExplicitPrecompiledModules/CoreLocation-ACKJ9K7ABI14F97Y46Y6SRR17.pcm
SwiftExplicitDependencyGeneratePcm arm64 /Users/admin/builder/spi-builder-workspace/.derivedData/SDKExplicitPrecompiledModules/Accessibility-27QMG6ZQ1NKYTNBYFPM1XKNFC.pcm
SwiftExplicitDependencyGeneratePcm arm64_32 /Users/admin/builder/spi-builder-workspace/.derivedData/SDKExplicitPrecompiledModules/_LocationEssentials-AQ1OL9QKC3LQLY5CNSRM1HB53.pcm
SwiftExplicitDependencyGeneratePcm arm64_32 /Users/admin/builder/spi-builder-workspace/.derivedData/SDKExplicitPrecompiledModules/QuartzCore-6375NPYACK5NYVHPMC1QQ8MC2.pcm
SwiftExplicitDependencyGeneratePcm arm64 /Users/admin/builder/spi-builder-workspace/.derivedData/SDKExplicitPrecompiledModules/Symbols-3EFABTJ9L5PQDJ7RQCYQWEJMM.pcm
SwiftExplicitDependencyGeneratePcm arm64_32 /Users/admin/builder/spi-builder-workspace/.derivedData/SDKExplicitPrecompiledModules/CoreLocation-8XU5YMYM4P11RQMYCQAG65ITK.pcm
SwiftExplicitDependencyGeneratePcm arm64 /Users/admin/builder/spi-builder-workspace/.derivedData/SDKExplicitPrecompiledModules/CoreMotion-6RD5K48QT1F4L9CATNFD2O7YB.pcm
SwiftExplicitDependencyGeneratePcm arm64_32 /Users/admin/builder/spi-builder-workspace/.derivedData/SDKExplicitPrecompiledModules/SwiftUICore-3Q7WLRD8MR9R3NGIPUBQCP6F6.pcm
SwiftExplicitDependencyGeneratePcm arm64_32 /Users/admin/builder/spi-builder-workspace/.derivedData/SDKExplicitPrecompiledModules/CoreMotion-1XGTVTE5PP32UHME8AC63TL6.pcm
SwiftExplicitDependencyGeneratePcm arm64 /Users/admin/builder/spi-builder-workspace/.derivedData/SDKExplicitPrecompiledModules/UIKit-27R3P1YMV4C6JLDT661G3MRIA.pcm
SwiftExplicitDependencyGeneratePcm arm64_32 /Users/admin/builder/spi-builder-workspace/.derivedData/SDKExplicitPrecompiledModules/UIKit-6PPV7YPZ89CZPHYAP072QH8B6.pcm
SwiftExplicitDependencyGeneratePcm arm64 /Users/admin/builder/spi-builder-workspace/.derivedData/SDKExplicitPrecompiledModules/MapKit-EJJWC7IL56MPLQMI93GJRE5OG.pcm
SwiftExplicitDependencyGeneratePcm arm64 /Users/admin/builder/spi-builder-workspace/.derivedData/SDKExplicitPrecompiledModules/HomeKit-DTS1N4AWILAL1URZ5IOXV5221.pcm
SwiftExplicitDependencyGeneratePcm arm64_32 /Users/admin/builder/spi-builder-workspace/.derivedData/SDKExplicitPrecompiledModules/HomeKit-DUDZOMSN3UK8GNTNBNMPIWJRN.pcm
SwiftExplicitDependencyGeneratePcm arm64_32 /Users/admin/builder/spi-builder-workspace/.derivedData/SDKExplicitPrecompiledModules/MapKit-CWGB4YMP1VX1NYQN5FULFD5DR.pcm
SwiftExplicitDependencyGeneratePcm arm64 /Users/admin/builder/spi-builder-workspace/.derivedData/SDKExplicitPrecompiledModules/WatchKit-3VT3K8YON6FJ6OWSUFJMFMP8J.pcm
SwiftExplicitDependencyGeneratePcm arm64_32 /Users/admin/builder/spi-builder-workspace/.derivedData/SDKExplicitPrecompiledModules/WatchKit-FHF6WTKLC2APGK3LA2XJ6516.pcm
SwiftExplicitDependencyGeneratePcm arm64 /Users/admin/builder/spi-builder-workspace/.derivedData/SDKExplicitPrecompiledModules/SwiftUI-APXDH8ULYLM6FD17YRA73TULO.pcm
SwiftExplicitDependencyGeneratePcm arm64_32 /Users/admin/builder/spi-builder-workspace/.derivedData/SDKExplicitPrecompiledModules/SwiftUI-9AYG9OCT5VOJK7V4MX1WYR86T.pcm
SwiftEmitModule normal arm64 Emitting\ module\ for\ Placement (in target 'Placement' from project 'Placement')
/Users/admin/builder/spi-builder-workspace/Sources/Placement/Layouting/Coordinator.swift:172:52: error: cannot find type 'UIHostingController' in scope
170 |     }
171 |
172 |     func makeHostingController(id: AnyHashable) -> UIHostingController<AnyView> {
    |                                                    `- error: cannot find type 'UIHostingController' in scope
173 |         if let hostingController = self.hostingControllers[id] {
174 |             return hostingController
/Users/admin/builder/spi-builder-workspace/Sources/Placement/Layouting/Coordinator.swift:186:50: error: cannot find type 'UIHostingController' in scope
184 |     public var transaction = Transaction()
185 |     public var placementsCoordinator = PlacementsCoordinator()
186 |     public var hostingControllers: [AnyHashable: UIHostingController<AnyView>] = [:]
    |                                                  `- error: cannot find type 'UIHostingController' in scope
187 | }
188 |
/Users/admin/builder/spi-builder-workspace/Sources/Placement/Layouting/FrameChangePlacer.swift:25:36: error: 'UIViewController' is unavailable in watchOS
23 |     }
24 |
25 |     var containedInViewController: UIViewController? = nil
   |                                    `- error: 'UIViewController' is unavailable in watchOS
26 |
27 |     override func didMoveToSuperview() {
/Applications/Xcode-27.0.0-Release.Candidate.app/Contents/Developer/Platforms/WatchOS.platform/Developer/SDKs/WatchOS27.0.sdk/System/Library/Frameworks/UIKit.framework/Headers/UIViewController.h:104:12: note: 'UIViewController' has been explicitly marked unavailable here
102 |
103 | UIKIT_EXTERN API_AVAILABLE(ios(2.0)) API_UNAVAILABLE(watchos) NS_SWIFT_UI_ACTOR
104 | @interface UIViewController : UIResponder <NSCoding, UIAppearanceContainer, UITraitEnvironment, UIContentContainer, UIFocusEnvironment>
    |            `- note: 'UIViewController' has been explicitly marked unavailable here
105 |
106 | /*
/Users/admin/builder/spi-builder-workspace/Sources/Placement/Layouting/FrameChangePlacer.swift:11:50: error: 'UIView' is unavailable in watchOS
 9 | import SwiftUI
10 |
11 | class FrameChangePlacerView<L: PlacementLayout>: UIView {
   |                                                  `- error: 'UIView' is unavailable in watchOS
12 |     var coordinator: Coordinator<L>
13 |     var children: _VariadicView.Children
/Applications/Xcode-27.0.0-Release.Candidate.app/Contents/Developer/Platforms/WatchOS.platform/Developer/SDKs/WatchOS27.0.sdk/System/Library/Frameworks/UIKit.framework/Headers/UIView.h:152:12: note: 'UIView' has been explicitly marked unavailable here
150 |
151 | UIKIT_EXTERN API_AVAILABLE(ios(2.0)) API_UNAVAILABLE(watchos) NS_SWIFT_UI_ACTOR
152 | @interface UIView : UIResponder <NSCoding, UIAppearance, UIAppearanceContainer, UIDynamicItem, UITraitEnvironment, UICoordinateSpace, UIFocusItem, UIFocusItemContainer, CALayerDelegate>
    |            `- note: 'UIView' has been explicitly marked unavailable here
153 |
154 | @property(class, nonatomic, readonly) Class layerClass;                        // default is [CALayer class]. Used when creating the underlying layer for the view.
/Users/admin/builder/spi-builder-workspace/Sources/Placement/Layouting/FrameChangePlacer.swift:49:38: error: 'UIViewController' is unavailable in watchOS
47 |
48 | extension UIResponder {
49 |     public var parentViewController: UIViewController? {
   |                                      `- error: 'UIViewController' is unavailable in watchOS
50 |         return next as? UIViewController ?? next?.parentViewController
51 |     }
/Applications/Xcode-27.0.0-Release.Candidate.app/Contents/Developer/Platforms/WatchOS.platform/Developer/SDKs/WatchOS27.0.sdk/System/Library/Frameworks/UIKit.framework/Headers/UIViewController.h:104:12: note: 'UIViewController' has been explicitly marked unavailable here
102 |
103 | UIKIT_EXTERN API_AVAILABLE(ios(2.0)) API_UNAVAILABLE(watchos) NS_SWIFT_UI_ACTOR
104 | @interface UIViewController : UIResponder <NSCoding, UIAppearanceContainer, UITraitEnvironment, UIContentContainer, UIFocusEnvironment>
    |            `- note: 'UIViewController' has been explicitly marked unavailable here
105 |
106 | /*
/Users/admin/builder/spi-builder-workspace/Sources/Placement/Layouting/FrameChangePlacer.swift:48:11: error: 'UIResponder' is unavailable in watchOS
46 | }
47 |
48 | extension UIResponder {
   |           `- error: 'UIResponder' is unavailable in watchOS
49 |     public var parentViewController: UIViewController? {
50 |         return next as? UIViewController ?? next?.parentViewController
/Applications/Xcode-27.0.0-Release.Candidate.app/Contents/Developer/Platforms/WatchOS.platform/Developer/SDKs/WatchOS27.0.sdk/System/Library/Frameworks/UIKit.framework/Headers/UIResponder.h:82:12: note: 'UIResponder' has been explicitly marked unavailable here
 80 |
 81 | UIKIT_EXTERN API_AVAILABLE(ios(2.0)) API_UNAVAILABLE(watchos) NS_SWIFT_UI_ACTOR
 82 | @interface UIResponder : NSObject <UIResponderStandardEditActions>
    |            `- note: 'UIResponder' has been explicitly marked unavailable here
 83 |
 84 | @property(nonatomic, readonly, nullable) UIResponder *nextResponder;
/Users/admin/builder/spi-builder-workspace/Sources/Placement/Layouting/FrameChangePlacer.swift:60:30: error: cannot find type 'Context' in scope
58 |     @Binding var keyboardFrame: CGRect
59 |
60 |     func makeUIView(context: Context) -> FrameChangePlacerView<L> {
   |                              `- error: cannot find type 'Context' in scope
61 |         FrameChangePlacerView(coordinator: coordinator, children: children)
62 |     }
/Users/admin/builder/spi-builder-workspace/Sources/Placement/Layouting/FrameChangePlacer.swift:64:68: error: cannot find type 'Context' in scope
62 |     }
63 |
64 |     func updateUIView(_ uiView: FrameChangePlacerView<L>, context: Context) {
   |                                                                    `- error: cannot find type 'Context' in scope
65 |     }
66 |
/Users/admin/builder/spi-builder-workspace/Sources/Placement/Layouting/FrameChangePlacer.swift:54:47: error: cannot find type 'UIViewRepresentable' in scope
52 | }
53 |
54 | struct FrameChangePlacer<L: PlacementLayout>: UIViewRepresentable {
   |                                               `- error: cannot find type 'UIViewRepresentable' in scope
55 |     @EnvironmentObject var coordinator: Coordinator<L>
56 |     var children: _VariadicView.Children
/Users/admin/builder/spi-builder-workspace/Sources/Placement/Layouting/LayoutChildSizingView.swift:4:61: error: 'UIView' is unavailable in watchOS
 2 | import SwiftUI
 3 |
 4 | class PlacementLayoutChildSizingUIView<L: PlacementLayout>: UIView {
   |                                                             `- error: 'UIView' is unavailable in watchOS
 5 |     override var intrinsicContentSize: CGSize {
 6 |         .zero
/Applications/Xcode-27.0.0-Release.Candidate.app/Contents/Developer/Platforms/WatchOS.platform/Developer/SDKs/WatchOS27.0.sdk/System/Library/Frameworks/UIKit.framework/Headers/UIView.h:152:12: note: 'UIView' has been explicitly marked unavailable here
150 |
151 | UIKIT_EXTERN API_AVAILABLE(ios(2.0)) API_UNAVAILABLE(watchos) NS_SWIFT_UI_ACTOR
152 | @interface UIView : UIResponder <NSCoding, UIAppearance, UIAppearanceContainer, UIDynamicItem, UITraitEnvironment, UICoordinateSpace, UIFocusItem, UIFocusItemContainer, CALayerDelegate>
    |            `- note: 'UIView' has been explicitly marked unavailable here
153 |
154 | @property(class, nonatomic, readonly) Class layerClass;                        // default is [CALayer class]. Used when creating the underlying layer for the view.
/Users/admin/builder/spi-builder-workspace/Sources/Placement/Layouting/LayoutChildSizingView.swift:18:30: error: cannot find type 'Context' in scope
16 |     var children: _VariadicView.Children
17 |
18 |     func makeUIView(context: Context) -> PlacementLayoutChildSizingUIView<L> {
   |                              `- error: cannot find type 'Context' in scope
19 |         let view = PlacementLayoutChildSizingUIView<L>(frame: .zero)
20 |         return view
/Users/admin/builder/spi-builder-workspace/Sources/Placement/Layouting/LayoutChildSizingView.swift:23:79: error: cannot find type 'Context' in scope
21 |     }
22 |
23 |     func updateUIView(_ uiView: PlacementLayoutChildSizingUIView<L>, context: Context) {
   |                                                                               `- error: cannot find type 'Context' in scope
24 |     }
25 |
/Users/admin/builder/spi-builder-workspace/Sources/Placement/Layouting/LayoutChildSizingView.swift:10:51: error: cannot find type 'UIViewRepresentable' in scope
 8 | }
 9 |
10 | struct LayoutChildSizingView<L: PlacementLayout>: UIViewRepresentable {
   |                                                   `- error: cannot find type 'UIViewRepresentable' in scope
11 |     @EnvironmentObject var placementsCoordinator: PlacementsCoordinator
12 |     @EnvironmentObject var coordinator: Coordinator<L>
/Users/admin/builder/spi-builder-workspace/Sources/Placement/Layouting/LayoutSizingView.swift:4:33: error: 'UIView' is unavailable in watchOS
 2 | import SwiftUI
 3 |
 4 | class PlacementLayoutContainer: UIView {
   |                                 `- error: 'UIView' is unavailable in watchOS
 5 |     override var intrinsicContentSize: CGSize {
 6 |         .zero
/Applications/Xcode-27.0.0-Release.Candidate.app/Contents/Developer/Platforms/WatchOS.platform/Developer/SDKs/WatchOS27.0.sdk/System/Library/Frameworks/UIKit.framework/Headers/UIView.h:152:12: note: 'UIView' has been explicitly marked unavailable here
150 |
151 | UIKIT_EXTERN API_AVAILABLE(ios(2.0)) API_UNAVAILABLE(watchos) NS_SWIFT_UI_ACTOR
152 | @interface UIView : UIResponder <NSCoding, UIAppearance, UIAppearanceContainer, UIDynamicItem, UITraitEnvironment, UICoordinateSpace, UIFocusItem, UIFocusItemContainer, CALayerDelegate>
    |            `- note: 'UIView' has been explicitly marked unavailable here
153 |
154 | @property(class, nonatomic, readonly) Class layerClass;                        // default is [CALayer class]. Used when creating the underlying layer for the view.
/Users/admin/builder/spi-builder-workspace/Sources/Placement/Layouting/LayoutSizingView.swift:17:30: error: cannot find type 'Context' in scope
15 |     @Binding var keyboardFrame: CGRect
16 |
17 |     func makeUIView(context: Context) -> PlacementLayoutContainer {
   |                              `- error: cannot find type 'Context' in scope
18 |         let view = PlacementLayoutContainer()
19 |         return view
/Users/admin/builder/spi-builder-workspace/Sources/Placement/Layouting/LayoutSizingView.swift:22:68: error: cannot find type 'Context' in scope
20 |     }
21 |
22 |     func updateUIView(_ uiView: PlacementLayoutContainer, context: Context) {}
   |                                                                    `- error: cannot find type 'Context' in scope
23 |
24 |     func _overrideSizeThatFits(
/Users/admin/builder/spi-builder-workspace/Sources/Placement/Layouting/LayoutSizingView.swift:10:46: error: cannot find type 'UIViewRepresentable' in scope
 8 | }
 9 |
10 | struct LayoutSizingView<L: PlacementLayout>: UIViewRepresentable {
   |                                              `- error: cannot find type 'UIViewRepresentable' in scope
11 |     @EnvironmentObject var coordinator: Coordinator<L>
12 |     var layout: L
/Users/admin/builder/spi-builder-workspace/Sources/Placement/Layouting/PlacementKeyboardAvoidingModifier.swift:108:30: error: cannot find type 'Context' in scope
106 |     }
107 |
108 |     func makeUIView(context: Context) -> some UIView {
    |                              `- error: cannot find type 'Context' in scope
109 |         UIView()
110 |     }
/Users/admin/builder/spi-builder-workspace/Sources/Placement/Layouting/PlacementKeyboardAvoidingModifier.swift:108:47: error: 'UIView' is unavailable in watchOS
106 |     }
107 |
108 |     func makeUIView(context: Context) -> some UIView {
    |                                               `- error: 'UIView' is unavailable in watchOS
109 |         UIView()
110 |     }
/Applications/Xcode-27.0.0-Release.Candidate.app/Contents/Developer/Platforms/WatchOS.platform/Developer/SDKs/WatchOS27.0.sdk/System/Library/Frameworks/UIKit.framework/Headers/UIView.h:152:12: note: 'UIView' has been explicitly marked unavailable here
150 |
151 | UIKIT_EXTERN API_AVAILABLE(ios(2.0)) API_UNAVAILABLE(watchos) NS_SWIFT_UI_ACTOR
152 | @interface UIView : UIResponder <NSCoding, UIAppearance, UIAppearanceContainer, UIDynamicItem, UITraitEnvironment, UICoordinateSpace, UIFocusItem, UIFocusItemContainer, CALayerDelegate>
    |            `- note: 'UIView' has been explicitly marked unavailable here
153 |
154 | @property(class, nonatomic, readonly) Class layerClass;                        // default is [CALayer class]. Used when creating the underlying layer for the view.
/Users/admin/builder/spi-builder-workspace/Sources/Placement/Layouting/PlacementKeyboardAvoidingModifier.swift:112:33: error: cannot find type 'UIViewType' in scope
110 |     }
111 |
112 |     func updateUIView(_ uiView: UIViewType, context: Context) {
    |                                 `- error: cannot find type 'UIViewType' in scope
113 |         context.coordinator.shouldAdjust = placementShouldAdjustToKeyboard
114 |         context.coordinator.coordinator = coordinator
/Users/admin/builder/spi-builder-workspace/Sources/Placement/Layouting/PlacementKeyboardAvoidingModifier.swift:112:54: error: cannot find type 'Context' in scope
110 |     }
111 |
112 |     func updateUIView(_ uiView: UIViewType, context: Context) {
    |                                                      `- error: cannot find type 'Context' in scope
113 |         context.coordinator.shouldAdjust = placementShouldAdjustToKeyboard
114 |         context.coordinator.coordinator = coordinator
/Users/admin/builder/spi-builder-workspace/Sources/Placement/Layouting/PlacementKeyboardAvoidingModifier.swift:30:50: error: cannot find type 'UIViewRepresentable' in scope
 28 | }
 29 |
 30 | struct KeyboardAvoidingView<L: PlacementLayout>: UIViewRepresentable {
    |                                                  `- error: cannot find type 'UIViewRepresentable' in scope
 31 |     @Environment(\.placementShouldAdjustToKeyboard) var placementShouldAdjustToKeyboard
 32 |     @EnvironmentObject var coordinator: Coordinator<L>
Failed frontend command:
SwiftCompile normal arm64 (in target 'Placement' from project 'Placement')
    cd /Users/admin/builder/spi-builder-workspace/.swiftpm/xcode

/Applications/Xcode-27.0.0-Release.Candidate.app/Contents/Developer/Toolchains/XcodeDefault.xctoolchain/usr/bin/swift-frontend -frontend -emit-module -experimental-skip-non-inlinable-function-bodies-without-types /Users/admin/builder/spi-builder-workspace/Sources/Placement/Animatable/AnyAnimatableData.swift /Users/admin/builder/spi-builder-workspace/Sources/Placement/LayoutProperties/PlacementLayoutProperties.swift /Users/admin/builder/spi-builder-workspace/Sources/Placement/LayoutProperties/PlacementLayoutValueKey.swift /Users/admin/builder/spi-builder-workspace/Sources/Placement/LayoutProtocol/AnyPlacementLayout.swift /Users/admin/builder/spi-builder-workspace/Sources/Placement/LayoutProtocol/PlacementLayout+DefaultImplementations.swift /Users/admin/builder/spi-builder-workspace/Sources/Placement/LayoutProtocol/PlacementLayout.swift /Users/admin/builder/spi-builder-workspace/Sources/Placement/LayoutProtocol/PlacementLayoutNative.swift /Users/admin/builder/spi-builder-workspace/Sources/Placement/Layouting/Coordinator.swift /Users/admin/builder/spi-builder-workspace/Sources/Placement/Layouting/ExplicitAlignmentModifier.swift /Users/admin/builder/spi-builder-workspace/Sources/Placement/Layouting/FrameChangePlacer.swift /Users/admin/builder/spi-builder-workspace/Sources/Placement/Layouting/LayoutChildSizingView.swift /Users/admin/builder/spi-builder-workspace/Sources/Placement/Layouting/LayoutPlacement.swift /Users/admin/builder/spi-builder-workspace/Sources/Placement/Layouting/LayoutSizeModifier.swift /Users/admin/builder/spi-builder-workspace/Sources/Placement/Layouting/LayoutSizingView.swift /Users/admin/builder/spi-builder-workspace/Sources/Placement/Layouting/Layouter.swift /Users/admin/builder/spi-builder-workspace/Sources/Placement/Layouting/PlacementIntrinsicSizeReader.swift /Users/admin/builder/spi-builder-workspace/Sources/Placement/Layouting/PlacementKeyboardAvoidingModifier.swift /Users/admin/builder/spi-builder-workspace/Sources/Placement/Layouting/PlacementModifier.swift /Users/admin/builder/spi-builder-workspace/Sources/Placement/Layouting/PlacementShouldAdjustToKeyboard.swift /Users/admin/builder/spi-builder-workspace/Sources/Placement/PlacementThatFits/PlacementThatFits.swift /Users/admin/builder/spi-builder-workspace/Sources/Placement/PlacementThatFits/PlacementThatFitsChildModifier.swift /Users/admin/builder/spi-builder-workspace/Sources/Placement/PlacementThatFits/PlacementThatFitsCoordinator.swift /Users/admin/builder/spi-builder-workspace/Sources/Placement/PlacementThatFits/PlacementThatFitsLayout.swift /Users/admin/builder/spi-builder-workspace/Sources/Placement/PlacementThatFits/PlacementThatFitsVariadicRoot.swift /Users/admin/builder/spi-builder-workspace/Sources/Placement/Sizing/PlacementProposedViewSize.swift /Users/admin/builder/spi-builder-workspace/Sources/Placement/Sizing/PlacementViewDimensions.swift /Users/admin/builder/spi-builder-workspace/Sources/Placement/Sizing/ProposedSize.swift /Users/admin/builder/spi-builder-workspace/Sources/Placement/Spacing/PlacementViewSpacing.swift /Users/admin/builder/spi-builder-workspace/Sources/Placement/Subview/PlacementLayoutSubview.swift /Users/admin/builder/spi-builder-workspace/Sources/Placement/Subview/PlacementLayoutSubviews.swift -target arm64-apple-watchos9.0 -disable-cross-import-overlay-search -load-resolved-plugin /Applications/Xcode-27.0.0-Release.Candidate.app/Contents/Developer/Platforms/WatchOS.platform/Developer/usr/lib/swift/host/plugins/libFoundationMacros.dylib\#/Applications/Xcode-27.0.0-Release.Candidate.app/Contents/Developer/Platforms/WatchOS.platform/Developer/usr/bin/swift-plugin-server\#FoundationMacros -load-resolved-plugin /Applications/Xcode-27.0.0-Release.Candidate.app/Contents/Developer/Platforms/WatchOS.platform/Developer/usr/lib/swift/host/plugins/libObservationMacros.dylib\#/Applications/Xcode-27.0.0-Release.Candidate.app/Contents/Developer/Platforms/WatchOS.platform/Developer/usr/bin/swift-plugin-server\#ObservationMacros -load-resolved-plugin /Applications/Xcode-27.0.0-Release.Candidate.app/Contents/Developer/Platforms/WatchOS.platform/Developer/usr/lib/swift/host/plugins/libPreviewsMacros.dylib\#/Applications/Xcode-27.0.0-Release.Candidate.app/Contents/Developer/Platforms/WatchOS.platform/Developer/usr/bin/swift-plugin-server\#PreviewsMacros -load-resolved-plugin /Applications/Xcode-27.0.0-Release.Candidate.app/Contents/Developer/Platforms/WatchOS.platform/Developer/usr/lib/swift/host/plugins/libSwiftMacros.dylib\#/Applications/Xcode-27.0.0-Release.Candidate.app/Contents/Developer/Platforms/WatchOS.platform/Developer/usr/bin/swift-plugin-server\#SwiftMacros -load-resolved-plugin /Applications/Xcode-27.0.0-Release.Candidate.app/Contents/Developer/Platforms/WatchOS.platform/Developer/usr/lib/swift/host/plugins/libSwiftUIMacros.dylib\#/Applications/Xcode-27.0.0-Release.Candidate.app/Contents/Developer/Platforms/WatchOS.platform/Developer/usr/bin/swift-plugin-server\#SwiftUIMacros -disable-implicit-swift-modules -Xcc -fno-implicit-modules -Xcc -fno-implicit-module-maps -explicit-swift-module-map-file /Users/admin/builder/spi-builder-workspace/.derivedData/Build/Intermediates.noindex/Placement.build/Debug-watchos/Placement-t.build/Objects-normal/arm64/Placement-dependencies-1.json -Xllvm -aarch64-use-tbi -enable-objc-interop -stack-check -sdk /Applications/Xcode-27.0.0-Release.Candidate.app/Contents/Developer/Platforms/WatchOS.platform/Developer/SDKs/WatchOS27.0.sdk -I /Users/admin/builder/spi-builder-workspace/.derivedData/Build/Products/Debug-watchos -Isystem /Applications/Xcode-27.0.0-Release.Candidate.app/Contents/Developer/Platforms/WatchOS.platform/Developer/usr/lib -F /Users/admin/builder/spi-builder-workspace/.derivedData/Build/Products/Debug-watchos -F /Applications/Xcode-27.0.0-Release.Candidate.app/Contents/Developer/Platforms/WatchOS.platform/Developer/Library/Frameworks -F /Applications/Xcode-27.0.0-Release.Candidate.app/Contents/Developer/Platforms/WatchOS.platform/Developer/SDKs/WatchOS27.0.sdk/Developer/Library/Frameworks -module-cache-path /Users/admin/builder/spi-builder-workspace/.derivedData/Build/Intermediates.noindex/SwiftExplicitPrecompiledModules -no-color-diagnostics -Xcc -fno-color-diagnostics -enable-testing -g -debug-info-format\=dwarf -dwarf-version\=4 -swift-version 5 -Onone -D SWIFT_PACKAGE -D DEBUG -D SWIFT_MODULE_RESOURCE_BUNDLE_UNAVAILABLE -D Xcode -serialize-debugging-options -enable-experimental-feature DebugDescriptionMacro -empty-abi-descriptor -validate-clang-modules-once -clang-build-session-file /Users/admin/builder/spi-builder-workspace/.derivedData/ModuleCache.noindex/Session.modulevalidation -Xcc -working-directory -Xcc /Users/admin/builder/spi-builder-workspace/.swiftpm/xcode -enable-anonymous-context-mangled-names -file-compilation-dir /Users/admin/builder/spi-builder-workspace/.swiftpm/xcode -Xcc -D_LIBCPP_HARDENING_MODE\=_LIBCPP_HARDENING_MODE_DEBUG -Xcc -ivfsstatcache -Xcc /Users/admin/builder/spi-builder-workspace/.derivedData/SDKStatCaches.noindex/watchos27.0-24R360-e829b21a6f8c9b70876ba0858053c04477534ef55a1706bf4c1112bbb242f0a2.sdkstatcache -Xcc -fmodules-prune-interval\=86400 -Xcc -fmodules-prune-after\=345600 -Xcc -I/Users/admin/builder/spi-builder-workspace/.derivedData/Build/Products/Debug-watchos/include -Xcc -I/Users/admin/builder/spi-builder-workspace/.derivedData/Build/Intermediates.noindex/Placement.build/Debug-watchos/Placement-t.build/DerivedSources-normal/arm64 -Xcc -I/Users/admin/builder/spi-builder-workspace/.derivedData/Build/Intermediates.noindex/Placement.build/Debug-watchos/Placement-t.build/DerivedSources/arm64 -Xcc -I/Users/admin/builder/spi-builder-workspace/.derivedData/Build/Intermediates.noindex/Placement.build/Debug-watchos/Placement-t.build/DerivedSources -Xcc -DSWIFT_PACKAGE -Xcc -DDEBUG\=1 -no-auto-bridging-header-chaining -module-name Placement -package-name spi_builder_workspace -const-gather-protocols-file /Users/admin/builder/spi-builder-workspace/.derivedData/Build/Intermediates.noindex/Placement.build/Debug-watchos/Placement-t.build/Objects-normal/arm64/Placement_const_extract_protocols.json -disable-clang-spi -clang-target arm64-apple-watchos27.0 -target-sdk-version 27.0 -target-sdk-name watchos27.0 -in-process-plugin-server-path /Applications/Xcode-27.0.0-Release.Candidate.app/Contents/Developer/Toolchains/XcodeDefault.xctoolchain/usr/lib/swift/host/libSwiftInProcPluginServer.dylib -emit-module-doc-path /Users/admin/builder/spi-builder-workspace/.derivedData/Build/Intermediates.noindex/Placement.build/Debug-watchos/Placement-t.build/Objects-normal/arm64/Placement.swiftdoc -emit-module-source-info-path /Users/admin/builder/spi-builder-workspace/.derivedData/Build/Intermediates.noindex/Placement.build/Debug-watchos/Placement-t.build/Objects-normal/arm64/Placement.swiftsourceinfo -emit-objc-header-path /Users/admin/builder/spi-builder-workspace/.derivedData/Build/Intermediates.noindex/Placement.build/Debug-watchos/Placement-t.build/Objects-normal/arm64/Placement-Swift.h -serialize-diagnostics-path /Users/admin/builder/spi-builder-workspace/.derivedData/Build/Intermediates.noindex/Placement.build/Debug-watchos/Placement-t.build/Objects-normal/arm64/Placement-primary-emit-module.dia -emit-dependencies-path /Users/admin/builder/spi-builder-workspace/.derivedData/Build/Intermediates.noindex/Placement.build/Debug-watchos/Placement-t.build/Objects-normal/arm64/Placement-primary-emit-module.d -parse-as-library -o /Users/admin/builder/spi-builder-workspace/.derivedData/Build/Intermediates.noindex/Placement.build/Debug-watchos/Placement-t.build/Objects-normal/arm64/Placement.swiftmodule -emit-abi-descriptor-path /Users/admin/builder/spi-builder-workspace/.derivedData/Build/Intermediates.noindex/Placement.build/Debug-watchos/Placement-t.build/Objects-normal/arm64/Placement.abi.json
SwiftCompile normal arm64 Compiling\ PlacementThatFitsCoordinator.swift,\ PlacementThatFitsLayout.swift,\ PlacementThatFitsVariadicRoot.swift /Users/admin/builder/spi-builder-workspace/Sources/Placement/PlacementThatFits/PlacementThatFitsCoordinator.swift /Users/admin/builder/spi-builder-workspace/Sources/Placement/PlacementThatFits/PlacementThatFitsLayout.swift /Users/admin/builder/spi-builder-workspace/Sources/Placement/PlacementThatFits/PlacementThatFitsVariadicRoot.swift (in target 'Placement' from project 'Placement')
SwiftCompile normal arm64 /Users/admin/builder/spi-builder-workspace/Sources/Placement/PlacementThatFits/PlacementThatFitsCoordinator.swift (in target 'Placement' from project 'Placement')
    cd /Users/admin/builder/spi-builder-workspace/.swiftpm/xcode
    builtin-SwiftPerFileCompile PlacementThatFitsCoordinator.swift
SwiftCompile normal arm64 /Users/admin/builder/spi-builder-workspace/Sources/Placement/PlacementThatFits/PlacementThatFitsLayout.swift (in target 'Placement' from project 'Placement')
    cd /Users/admin/builder/spi-builder-workspace/.swiftpm/xcode
    builtin-SwiftPerFileCompile PlacementThatFitsLayout.swift
SwiftCompile normal arm64 /Users/admin/builder/spi-builder-workspace/Sources/Placement/PlacementThatFits/PlacementThatFitsVariadicRoot.swift (in target 'Placement' from project 'Placement')
    cd /Users/admin/builder/spi-builder-workspace/.swiftpm/xcode
    builtin-SwiftPerFileCompile PlacementThatFitsVariadicRoot.swift
SwiftCompile normal arm64 Compiling\ PlacementProposedViewSize.swift,\ PlacementViewDimensions.swift,\ ProposedSize.swift /Users/admin/builder/spi-builder-workspace/Sources/Placement/Sizing/PlacementProposedViewSize.swift /Users/admin/builder/spi-builder-workspace/Sources/Placement/Sizing/PlacementViewDimensions.swift /Users/admin/builder/spi-builder-workspace/Sources/Placement/Sizing/ProposedSize.swift (in target 'Placement' from project 'Placement')
SwiftCompile normal arm64 /Users/admin/builder/spi-builder-workspace/Sources/Placement/Sizing/PlacementProposedViewSize.swift (in target 'Placement' from project 'Placement')
    cd /Users/admin/builder/spi-builder-workspace/.swiftpm/xcode
    builtin-SwiftPerFileCompile PlacementProposedViewSize.swift
SwiftCompile normal arm64 /Users/admin/builder/spi-builder-workspace/Sources/Placement/Sizing/PlacementViewDimensions.swift (in target 'Placement' from project 'Placement')
    cd /Users/admin/builder/spi-builder-workspace/.swiftpm/xcode
    builtin-SwiftPerFileCompile PlacementViewDimensions.swift
SwiftCompile normal arm64 /Users/admin/builder/spi-builder-workspace/Sources/Placement/Sizing/ProposedSize.swift (in target 'Placement' from project 'Placement')
    cd /Users/admin/builder/spi-builder-workspace/.swiftpm/xcode
    builtin-SwiftPerFileCompile ProposedSize.swift
SwiftCompile normal arm64 Compiling\ PlacementViewSpacing.swift,\ PlacementLayoutSubview.swift,\ PlacementLayoutSubviews.swift /Users/admin/builder/spi-builder-workspace/Sources/Placement/Spacing/PlacementViewSpacing.swift /Users/admin/builder/spi-builder-workspace/Sources/Placement/Subview/PlacementLayoutSubview.swift /Users/admin/builder/spi-builder-workspace/Sources/Placement/Subview/PlacementLayoutSubviews.swift (in target 'Placement' from project 'Placement')
SwiftCompile normal arm64 /Users/admin/builder/spi-builder-workspace/Sources/Placement/Spacing/PlacementViewSpacing.swift (in target 'Placement' from project 'Placement')
    cd /Users/admin/builder/spi-builder-workspace/.swiftpm/xcode
    builtin-SwiftPerFileCompile PlacementViewSpacing.swift
SwiftCompile normal arm64 /Users/admin/builder/spi-builder-workspace/Sources/Placement/Subview/PlacementLayoutSubview.swift (in target 'Placement' from project 'Placement')
    cd /Users/admin/builder/spi-builder-workspace/.swiftpm/xcode
    builtin-SwiftPerFileCompile PlacementLayoutSubview.swift
SwiftCompile normal arm64 /Users/admin/builder/spi-builder-workspace/Sources/Placement/Subview/PlacementLayoutSubviews.swift (in target 'Placement' from project 'Placement')
    cd /Users/admin/builder/spi-builder-workspace/.swiftpm/xcode
    builtin-SwiftPerFileCompile PlacementLayoutSubviews.swift
SwiftCompile normal arm64 Compiling\ PlacementIntrinsicSizeReader.swift,\ PlacementKeyboardAvoidingModifier.swift,\ PlacementModifier.swift /Users/admin/builder/spi-builder-workspace/Sources/Placement/Layouting/PlacementIntrinsicSizeReader.swift /Users/admin/builder/spi-builder-workspace/Sources/Placement/Layouting/PlacementKeyboardAvoidingModifier.swift /Users/admin/builder/spi-builder-workspace/Sources/Placement/Layouting/PlacementModifier.swift (in target 'Placement' from project 'Placement')
/Users/admin/builder/spi-builder-workspace/Sources/Placement/Layouting/PlacementIntrinsicSizeReader.swift:35:12: warning: 'animation' was deprecated in watchOS 8.0: Use withAnimation or animation(_:value:) instead. [#DeprecatedDeclaration]
33 |                 value: [id: proxy.size]
34 |             )
35 |         }).animation(nil)
   |            `- warning: 'animation' was deprecated in watchOS 8.0: Use withAnimation or animation(_:value:) instead. [#DeprecatedDeclaration]
36 |     }
37 | }
/Users/admin/builder/spi-builder-workspace/Sources/Placement/Layouting/PlacementKeyboardAvoidingModifier.swift:108:30: error: cannot find type 'Context' in scope
106 |     }
107 |
108 |     func makeUIView(context: Context) -> some UIView {
    |                              `- error: cannot find type 'Context' in scope
109 |         UIView()
110 |     }
/Users/admin/builder/spi-builder-workspace/Sources/Placement/Layouting/PlacementKeyboardAvoidingModifier.swift:108:47: error: 'UIView' is unavailable in watchOS
106 |     }
107 |
108 |     func makeUIView(context: Context) -> some UIView {
    |                                               `- error: 'UIView' is unavailable in watchOS
109 |         UIView()
110 |     }
/Applications/Xcode-27.0.0-Release.Candidate.app/Contents/Developer/Platforms/WatchOS.platform/Developer/SDKs/WatchOS27.0.sdk/System/Library/Frameworks/UIKit.framework/Headers/UIView.h:152:12: note: 'UIView' has been explicitly marked unavailable here
150 |
151 | UIKIT_EXTERN API_AVAILABLE(ios(2.0)) API_UNAVAILABLE(watchos) NS_SWIFT_UI_ACTOR
152 | @interface UIView : UIResponder <NSCoding, UIAppearance, UIAppearanceContainer, UIDynamicItem, UITraitEnvironment, UICoordinateSpace, UIFocusItem, UIFocusItemContainer, CALayerDelegate>
    |            `- note: 'UIView' has been explicitly marked unavailable here
153 |
154 | @property(class, nonatomic, readonly) Class layerClass;                        // default is [CALayer class]. Used when creating the underlying layer for the view.
/Users/admin/builder/spi-builder-workspace/Sources/Placement/Layouting/PlacementKeyboardAvoidingModifier.swift:112:33: error: cannot find type 'UIViewType' in scope
110 |     }
111 |
112 |     func updateUIView(_ uiView: UIViewType, context: Context) {
    |                                 `- error: cannot find type 'UIViewType' in scope
113 |         context.coordinator.shouldAdjust = placementShouldAdjustToKeyboard
114 |         context.coordinator.coordinator = coordinator
/Users/admin/builder/spi-builder-workspace/Sources/Placement/Layouting/PlacementKeyboardAvoidingModifier.swift:112:54: error: cannot find type 'Context' in scope
110 |     }
111 |
112 |     func updateUIView(_ uiView: UIViewType, context: Context) {
    |                                                      `- error: cannot find type 'Context' in scope
113 |         context.coordinator.shouldAdjust = placementShouldAdjustToKeyboard
114 |         context.coordinator.coordinator = coordinator
/Users/admin/builder/spi-builder-workspace/Sources/Placement/Layouting/PlacementKeyboardAvoidingModifier.swift:30:50: error: cannot find type 'UIViewRepresentable' in scope
 28 | }
 29 |
 30 | struct KeyboardAvoidingView<L: PlacementLayout>: UIViewRepresentable {
    |                                                  `- error: cannot find type 'UIViewRepresentable' in scope
 31 |     @Environment(\.placementShouldAdjustToKeyboard) var placementShouldAdjustToKeyboard
 32 |     @EnvironmentObject var coordinator: Coordinator<L>
/Users/admin/builder/spi-builder-workspace/Sources/Placement/Layouting/PlacementKeyboardAvoidingModifier.swift:101:9: error: generic parameter 'L' could not be inferred
 99 |
100 |     func makeCoordinator() -> KeyboardCoordinator {
101 |         Coordinator(
    |         |- error: generic parameter 'L' could not be inferred
    |         `- note: explicitly specify the generic arguments to fix this issue
102 |             shouldAdjust: placementShouldAdjustToKeyboard,
103 |             coordinator: coordinator,
/Users/admin/builder/spi-builder-workspace/Sources/Placement/Layouting/Coordinator.swift:9:19: note: 'L' declared as parameter to type 'Coordinator'
  7 | }
  8 |
  9 | class Coordinator<L: PlacementLayout>: ObservableObject {
    |                   `- note: 'L' declared as parameter to type 'Coordinator'
 10 |     var keyboardFrame: CGRect = .zero
 11 |     var globalFrame: CGRect? = nil
/Users/admin/builder/spi-builder-workspace/Sources/Placement/Layouting/PlacementKeyboardAvoidingModifier.swift:101:20: error: argument passed to call that takes no arguments
 99 |
100 |     func makeCoordinator() -> KeyboardCoordinator {
101 |         Coordinator(
    |                    `- error: argument passed to call that takes no arguments
102 |             shouldAdjust: placementShouldAdjustToKeyboard,
103 |             coordinator: coordinator,
/Users/admin/builder/spi-builder-workspace/Sources/Placement/Layouting/PlacementKeyboardAvoidingModifier.swift:101:9: error: cannot convert return expression of type 'Coordinator<L>' to return type 'KeyboardAvoidingView<L>.KeyboardCoordinator'
 99 |
100 |     func makeCoordinator() -> KeyboardCoordinator {
101 |         Coordinator(
    |         `- error: cannot convert return expression of type 'Coordinator<L>' to return type 'KeyboardAvoidingView<L>.KeyboardCoordinator'
102 |             shouldAdjust: placementShouldAdjustToKeyboard,
103 |             coordinator: coordinator,
/Users/admin/builder/spi-builder-workspace/Sources/Placement/Layouting/PlacementKeyboardAvoidingModifier.swift:109:9: error: 'UIView' is unavailable in watchOS
107 |
108 |     func makeUIView(context: Context) -> some UIView {
109 |         UIView()
    |         `- error: 'UIView' is unavailable in watchOS
110 |     }
111 |
/Applications/Xcode-27.0.0-Release.Candidate.app/Contents/Developer/Platforms/WatchOS.platform/Developer/SDKs/WatchOS27.0.sdk/System/Library/Frameworks/UIKit.framework/Headers/UIView.h:152:12: note: 'UIView' has been explicitly marked unavailable here
150 |
151 | UIKIT_EXTERN API_AVAILABLE(ios(2.0)) API_UNAVAILABLE(watchos) NS_SWIFT_UI_ACTOR
152 | @interface UIView : UIResponder <NSCoding, UIAppearance, UIAppearanceContainer, UIDynamicItem, UITraitEnvironment, UICoordinateSpace, UIFocusItem, UIFocusItemContainer, CALayerDelegate>
    |            `- note: 'UIView' has been explicitly marked unavailable here
153 |
154 | @property(class, nonatomic, readonly) Class layerClass;                        // default is [CALayer class]. Used when creating the underlying layer for the view.
/Users/admin/builder/spi-builder-workspace/Sources/Placement/Layouting/PlacementKeyboardAvoidingModifier.swift:109:9: error: 'init()' is unavailable in watchOS
107 |
108 |     func makeUIView(context: Context) -> some UIView {
109 |         UIView()
    |         `- error: 'init()' is unavailable in watchOS
110 |     }
111 |
/Applications/Xcode-27.0.0-Release.Candidate.app/Contents/Developer/Platforms/WatchOS.platform/Developer/SDKs/WatchOS27.0.sdk/System/Library/Frameworks/UIKit.framework/Headers/UIView.h:158:1: note: 'init()' has been explicitly marked unavailable here
156 | - (instancetype)initWithFrame:(CGRect)frame NS_DESIGNATED_INITIALIZER;
157 | - (nullable instancetype)initWithCoder:(NSCoder *)coder NS_DESIGNATED_INITIALIZER;
158 | - (instancetype)init API_AVAILABLE(ios(2.0), tvos(9.0), visionos(1.0)) API_UNAVAILABLE(watchos);
    | `- note: 'init()' has been explicitly marked unavailable here
159 |
160 | @property(nonatomic,getter=isUserInteractionEnabled) BOOL userInteractionEnabled;  // default is YES. if set to NO, user events (touch, keys) are ignored and removed from the event queue.
/Users/admin/builder/spi-builder-workspace/Sources/Placement/Layouting/PlacementKeyboardAvoidingModifier.swift:127:18: error: value of type 'KeyboardAvoidingView<L>' has no member 'allowsHitTesting'
125 |             .background(
126 |               KeyboardAvoidingView<L>(keyboardFrame: $keyboardFrame)
127 |                 .allowsHitTesting(false)
    |                  `- error: value of type 'KeyboardAvoidingView<L>' has no member 'allowsHitTesting'
128 |             )
129 |     }
SwiftCompile normal arm64 /Users/admin/builder/spi-builder-workspace/Sources/Placement/Layouting/PlacementIntrinsicSizeReader.swift (in target 'Placement' from project 'Placement')
    cd /Users/admin/builder/spi-builder-workspace/.swiftpm/xcode
    builtin-SwiftPerFileCompile PlacementIntrinsicSizeReader.swift
SwiftCompile normal arm64 /Users/admin/builder/spi-builder-workspace/Sources/Placement/Layouting/PlacementKeyboardAvoidingModifier.swift (in target 'Placement' from project 'Placement')
    cd /Users/admin/builder/spi-builder-workspace/.swiftpm/xcode
    builtin-SwiftPerFileCompile PlacementKeyboardAvoidingModifier.swift
SwiftCompile normal arm64 /Users/admin/builder/spi-builder-workspace/Sources/Placement/Layouting/PlacementModifier.swift (in target 'Placement' from project 'Placement')
    cd /Users/admin/builder/spi-builder-workspace/.swiftpm/xcode
    builtin-SwiftPerFileCompile PlacementModifier.swift
SwiftCompile normal arm64 Compiling\ PlacementShouldAdjustToKeyboard.swift,\ PlacementThatFits.swift,\ PlacementThatFitsChildModifier.swift /Users/admin/builder/spi-builder-workspace/Sources/Placement/Layouting/PlacementShouldAdjustToKeyboard.swift /Users/admin/builder/spi-builder-workspace/Sources/Placement/PlacementThatFits/PlacementThatFits.swift /Users/admin/builder/spi-builder-workspace/Sources/Placement/PlacementThatFits/PlacementThatFitsChildModifier.swift (in target 'Placement' from project 'Placement')
SwiftCompile normal arm64 /Users/admin/builder/spi-builder-workspace/Sources/Placement/Layouting/PlacementShouldAdjustToKeyboard.swift (in target 'Placement' from project 'Placement')
    cd /Users/admin/builder/spi-builder-workspace/.swiftpm/xcode
    builtin-SwiftPerFileCompile PlacementShouldAdjustToKeyboard.swift
SwiftCompile normal arm64 /Users/admin/builder/spi-builder-workspace/Sources/Placement/PlacementThatFits/PlacementThatFits.swift (in target 'Placement' from project 'Placement')
    cd /Users/admin/builder/spi-builder-workspace/.swiftpm/xcode
    builtin-SwiftPerFileCompile PlacementThatFits.swift
SwiftCompile normal arm64 /Users/admin/builder/spi-builder-workspace/Sources/Placement/PlacementThatFits/PlacementThatFitsChildModifier.swift (in target 'Placement' from project 'Placement')
    cd /Users/admin/builder/spi-builder-workspace/.swiftpm/xcode
    builtin-SwiftPerFileCompile PlacementThatFitsChildModifier.swift
SwiftCompile normal arm64 Compiling\ FrameChangePlacer.swift,\ LayoutChildSizingView.swift,\ LayoutPlacement.swift /Users/admin/builder/spi-builder-workspace/Sources/Placement/Layouting/FrameChangePlacer.swift /Users/admin/builder/spi-builder-workspace/Sources/Placement/Layouting/LayoutChildSizingView.swift /Users/admin/builder/spi-builder-workspace/Sources/Placement/Layouting/LayoutPlacement.swift (in target 'Placement' from project 'Placement')
/Users/admin/builder/spi-builder-workspace/Sources/Placement/Layouting/FrameChangePlacer.swift:25:36: error: 'UIViewController' is unavailable in watchOS
23 |     }
24 |
25 |     var containedInViewController: UIViewController? = nil
   |                                    `- error: 'UIViewController' is unavailable in watchOS
26 |
27 |     override func didMoveToSuperview() {
/Applications/Xcode-27.0.0-Release.Candidate.app/Contents/Developer/Platforms/WatchOS.platform/Developer/SDKs/WatchOS27.0.sdk/System/Library/Frameworks/UIKit.framework/Headers/UIViewController.h:104:12: note: 'UIViewController' has been explicitly marked unavailable here
102 |
103 | UIKIT_EXTERN API_AVAILABLE(ios(2.0)) API_UNAVAILABLE(watchos) NS_SWIFT_UI_ACTOR
104 | @interface UIViewController : UIResponder <NSCoding, UIAppearanceContainer, UITraitEnvironment, UIContentContainer, UIFocusEnvironment>
    |            `- note: 'UIViewController' has been explicitly marked unavailable here
105 |
106 | /*
/Users/admin/builder/spi-builder-workspace/Sources/Placement/Layouting/FrameChangePlacer.swift:11:50: error: 'UIView' is unavailable in watchOS
 9 | import SwiftUI
10 |
11 | class FrameChangePlacerView<L: PlacementLayout>: UIView {
   |                                                  `- error: 'UIView' is unavailable in watchOS
12 |     var coordinator: Coordinator<L>
13 |     var children: _VariadicView.Children
/Applications/Xcode-27.0.0-Release.Candidate.app/Contents/Developer/Platforms/WatchOS.platform/Developer/SDKs/WatchOS27.0.sdk/System/Library/Frameworks/UIKit.framework/Headers/UIView.h:152:12: note: 'UIView' has been explicitly marked unavailable here
150 |
151 | UIKIT_EXTERN API_AVAILABLE(ios(2.0)) API_UNAVAILABLE(watchos) NS_SWIFT_UI_ACTOR
152 | @interface UIView : UIResponder <NSCoding, UIAppearance, UIAppearanceContainer, UIDynamicItem, UITraitEnvironment, UICoordinateSpace, UIFocusItem, UIFocusItemContainer, CALayerDelegate>
    |            `- note: 'UIView' has been explicitly marked unavailable here
153 |
154 | @property(class, nonatomic, readonly) Class layerClass;                        // default is [CALayer class]. Used when creating the underlying layer for the view.
/Users/admin/builder/spi-builder-workspace/Sources/Placement/Layouting/FrameChangePlacer.swift:49:38: error: 'UIViewController' is unavailable in watchOS
47 |
48 | extension UIResponder {
49 |     public var parentViewController: UIViewController? {
   |                                      `- error: 'UIViewController' is unavailable in watchOS
50 |         return next as? UIViewController ?? next?.parentViewController
51 |     }
/Applications/Xcode-27.0.0-Release.Candidate.app/Contents/Developer/Platforms/WatchOS.platform/Developer/SDKs/WatchOS27.0.sdk/System/Library/Frameworks/UIKit.framework/Headers/UIViewController.h:104:12: note: 'UIViewController' has been explicitly marked unavailable here
102 |
103 | UIKIT_EXTERN API_AVAILABLE(ios(2.0)) API_UNAVAILABLE(watchos) NS_SWIFT_UI_ACTOR
104 | @interface UIViewController : UIResponder <NSCoding, UIAppearanceContainer, UITraitEnvironment, UIContentContainer, UIFocusEnvironment>
    |            `- note: 'UIViewController' has been explicitly marked unavailable here
105 |
106 | /*
/Users/admin/builder/spi-builder-workspace/Sources/Placement/Layouting/FrameChangePlacer.swift:48:11: error: 'UIResponder' is unavailable in watchOS
46 | }
47 |
48 | extension UIResponder {
   |           `- error: 'UIResponder' is unavailable in watchOS
49 |     public var parentViewController: UIViewController? {
50 |         return next as? UIViewController ?? next?.parentViewController
/Applications/Xcode-27.0.0-Release.Candidate.app/Contents/Developer/Platforms/WatchOS.platform/Developer/SDKs/WatchOS27.0.sdk/System/Library/Frameworks/UIKit.framework/Headers/UIResponder.h:82:12: note: 'UIResponder' has been explicitly marked unavailable here
 80 |
 81 | UIKIT_EXTERN API_AVAILABLE(ios(2.0)) API_UNAVAILABLE(watchos) NS_SWIFT_UI_ACTOR
 82 | @interface UIResponder : NSObject <UIResponderStandardEditActions>
    |            `- note: 'UIResponder' has been explicitly marked unavailable here
 83 |
 84 | @property(nonatomic, readonly, nullable) UIResponder *nextResponder;
/Users/admin/builder/spi-builder-workspace/Sources/Placement/Layouting/FrameChangePlacer.swift:60:30: error: cannot find type 'Context' in scope
58 |     @Binding var keyboardFrame: CGRect
59 |
60 |     func makeUIView(context: Context) -> FrameChangePlacerView<L> {
   |                              `- error: cannot find type 'Context' in scope
61 |         FrameChangePlacerView(coordinator: coordinator, children: children)
62 |     }
/Users/admin/builder/spi-builder-workspace/Sources/Placement/Layouting/FrameChangePlacer.swift:64:68: error: cannot find type 'Context' in scope
62 |     }
63 |
64 |     func updateUIView(_ uiView: FrameChangePlacerView<L>, context: Context) {
   |                                                                    `- error: cannot find type 'Context' in scope
65 |     }
66 |
/Users/admin/builder/spi-builder-workspace/Sources/Placement/Layouting/FrameChangePlacer.swift:54:47: error: cannot find type 'UIViewRepresentable' in scope
52 | }
53 |
54 | struct FrameChangePlacer<L: PlacementLayout>: UIViewRepresentable {
   |                                               `- error: cannot find type 'UIViewRepresentable' in scope
55 |     @EnvironmentObject var coordinator: Coordinator<L>
56 |     var children: _VariadicView.Children
/Users/admin/builder/spi-builder-workspace/Sources/Placement/Layouting/FrameChangePlacer.swift:50:25: error: 'UIViewController' is unavailable in watchOS
48 | extension UIResponder {
49 |     public var parentViewController: UIViewController? {
50 |         return next as? UIViewController ?? next?.parentViewController
   |                         `- error: 'UIViewController' is unavailable in watchOS
51 |     }
52 | }
/Applications/Xcode-27.0.0-Release.Candidate.app/Contents/Developer/Platforms/WatchOS.platform/Developer/SDKs/WatchOS27.0.sdk/System/Library/Frameworks/UIKit.framework/Headers/UIViewController.h:104:12: note: 'UIViewController' has been explicitly marked unavailable here
102 |
103 | UIKIT_EXTERN API_AVAILABLE(ios(2.0)) API_UNAVAILABLE(watchos) NS_SWIFT_UI_ACTOR
104 | @interface UIViewController : UIResponder <NSCoding, UIAppearanceContainer, UITraitEnvironment, UIContentContainer, UIFocusEnvironment>
    |            `- note: 'UIViewController' has been explicitly marked unavailable here
105 |
106 | /*
/Users/admin/builder/spi-builder-workspace/Sources/Placement/Layouting/LayoutChildSizingView.swift:4:61: error: 'UIView' is unavailable in watchOS
 2 | import SwiftUI
 3 |
 4 | class PlacementLayoutChildSizingUIView<L: PlacementLayout>: UIView {
   |                                                             `- error: 'UIView' is unavailable in watchOS
 5 |     override var intrinsicContentSize: CGSize {
 6 |         .zero
/Applications/Xcode-27.0.0-Release.Candidate.app/Contents/Developer/Platforms/WatchOS.platform/Developer/SDKs/WatchOS27.0.sdk/System/Library/Frameworks/UIKit.framework/Headers/UIView.h:152:12: note: 'UIView' has been explicitly marked unavailable here
150 |
151 | UIKIT_EXTERN API_AVAILABLE(ios(2.0)) API_UNAVAILABLE(watchos) NS_SWIFT_UI_ACTOR
152 | @interface UIView : UIResponder <NSCoding, UIAppearance, UIAppearanceContainer, UIDynamicItem, UITraitEnvironment, UICoordinateSpace, UIFocusItem, UIFocusItemContainer, CALayerDelegate>
    |            `- note: 'UIView' has been explicitly marked unavailable here
153 |
154 | @property(class, nonatomic, readonly) Class layerClass;                        // default is [CALayer class]. Used when creating the underlying layer for the view.
/Users/admin/builder/spi-builder-workspace/Sources/Placement/Layouting/LayoutChildSizingView.swift:18:30: error: cannot find type 'Context' in scope
16 |     var children: _VariadicView.Children
17 |
18 |     func makeUIView(context: Context) -> PlacementLayoutChildSizingUIView<L> {
   |                              `- error: cannot find type 'Context' in scope
19 |         let view = PlacementLayoutChildSizingUIView<L>(frame: .zero)
20 |         return view
/Users/admin/builder/spi-builder-workspace/Sources/Placement/Layouting/LayoutChildSizingView.swift:23:79: error: cannot find type 'Context' in scope
21 |     }
22 |
23 |     func updateUIView(_ uiView: PlacementLayoutChildSizingUIView<L>, context: Context) {
   |                                                                               `- error: cannot find type 'Context' in scope
24 |     }
25 |
SwiftCompile normal arm64 /Users/admin/builder/spi-builder-workspace/Sources/Placement/Layouting/FrameChangePlacer.swift (in target 'Placement' from project 'Placement')
    cd /Users/admin/builder/spi-builder-workspace/.swiftpm/xcode
    builtin-SwiftPerFileCompile FrameChangePlacer.swift
SwiftCompile normal arm64 /Users/admin/builder/spi-builder-workspace/Sources/Placement/Layouting/LayoutChildSizingView.swift (in target 'Placement' from project 'Placement')
    cd /Users/admin/builder/spi-builder-workspace/.swiftpm/xcode
    builtin-SwiftPerFileCompile LayoutChildSizingView.swift
SwiftCompile normal arm64 /Users/admin/builder/spi-builder-workspace/Sources/Placement/Layouting/LayoutPlacement.swift (in target 'Placement' from project 'Placement')
    cd /Users/admin/builder/spi-builder-workspace/.swiftpm/xcode
    builtin-SwiftPerFileCompile LayoutPlacement.swift
SwiftCompile normal arm64 Compiling\ AnyAnimatableData.swift,\ PlacementLayoutProperties.swift,\ PlacementLayoutValueKey.swift /Users/admin/builder/spi-builder-workspace/Sources/Placement/Animatable/AnyAnimatableData.swift /Users/admin/builder/spi-builder-workspace/Sources/Placement/LayoutProperties/PlacementLayoutProperties.swift /Users/admin/builder/spi-builder-workspace/Sources/Placement/LayoutProperties/PlacementLayoutValueKey.swift (in target 'Placement' from project 'Placement')
SwiftCompile normal arm64 /Users/admin/builder/spi-builder-workspace/Sources/Placement/Animatable/AnyAnimatableData.swift (in target 'Placement' from project 'Placement')
    cd /Users/admin/builder/spi-builder-workspace/.swiftpm/xcode
    builtin-SwiftPerFileCompile AnyAnimatableData.swift
SwiftCompile normal arm64 /Users/admin/builder/spi-builder-workspace/Sources/Placement/LayoutProperties/PlacementLayoutProperties.swift (in target 'Placement' from project 'Placement')
    cd /Users/admin/builder/spi-builder-workspace/.swiftpm/xcode
    builtin-SwiftPerFileCompile PlacementLayoutProperties.swift
SwiftCompile normal arm64 /Users/admin/builder/spi-builder-workspace/Sources/Placement/LayoutProperties/PlacementLayoutValueKey.swift (in target 'Placement' from project 'Placement')
    cd /Users/admin/builder/spi-builder-workspace/.swiftpm/xcode
    builtin-SwiftPerFileCompile PlacementLayoutValueKey.swift
SwiftCompile normal arm64 Compiling\ AnyPlacementLayout.swift,\ PlacementLayout+DefaultImplementations.swift,\ PlacementLayout.swift /Users/admin/builder/spi-builder-workspace/Sources/Placement/LayoutProtocol/AnyPlacementLayout.swift /Users/admin/builder/spi-builder-workspace/Sources/Placement/LayoutProtocol/PlacementLayout+DefaultImplementations.swift /Users/admin/builder/spi-builder-workspace/Sources/Placement/LayoutProtocol/PlacementLayout.swift (in target 'Placement' from project 'Placement')
SwiftCompile normal arm64 /Users/admin/builder/spi-builder-workspace/Sources/Placement/LayoutProtocol/AnyPlacementLayout.swift (in target 'Placement' from project 'Placement')
    cd /Users/admin/builder/spi-builder-workspace/.swiftpm/xcode
    builtin-SwiftPerFileCompile AnyPlacementLayout.swift
SwiftCompile normal arm64 /Users/admin/builder/spi-builder-workspace/Sources/Placement/LayoutProtocol/PlacementLayout+DefaultImplementations.swift (in target 'Placement' from project 'Placement')
    cd /Users/admin/builder/spi-builder-workspace/.swiftpm/xcode
    builtin-SwiftPerFileCompile PlacementLayout+DefaultImplementations.swift
SwiftCompile normal arm64 /Users/admin/builder/spi-builder-workspace/Sources/Placement/LayoutProtocol/PlacementLayout.swift (in target 'Placement' from project 'Placement')
    cd /Users/admin/builder/spi-builder-workspace/.swiftpm/xcode
    builtin-SwiftPerFileCompile PlacementLayout.swift
SwiftCompile normal arm64 Compiling\ PlacementLayoutNative.swift,\ Coordinator.swift,\ ExplicitAlignmentModifier.swift /Users/admin/builder/spi-builder-workspace/Sources/Placement/LayoutProtocol/PlacementLayoutNative.swift /Users/admin/builder/spi-builder-workspace/Sources/Placement/Layouting/Coordinator.swift /Users/admin/builder/spi-builder-workspace/Sources/Placement/Layouting/ExplicitAlignmentModifier.swift (in target 'Placement' from project 'Placement')
/Users/admin/builder/spi-builder-workspace/Sources/Placement/Layouting/Coordinator.swift:172:52: error: cannot find type 'UIHostingController' in scope
170 |     }
171 |
172 |     func makeHostingController(id: AnyHashable) -> UIHostingController<AnyView> {
    |                                                    `- error: cannot find type 'UIHostingController' in scope
173 |         if let hostingController = self.hostingControllers[id] {
174 |             return hostingController
/Users/admin/builder/spi-builder-workspace/Sources/Placement/Layouting/Coordinator.swift:186:50: error: cannot find type 'UIHostingController' in scope
184 |     public var transaction = Transaction()
185 |     public var placementsCoordinator = PlacementsCoordinator()
186 |     public var hostingControllers: [AnyHashable: UIHostingController<AnyView>] = [:]
    |                                                  `- error: cannot find type 'UIHostingController' in scope
187 | }
188 |
SwiftCompile normal arm64 /Users/admin/builder/spi-builder-workspace/Sources/Placement/LayoutProtocol/PlacementLayoutNative.swift (in target 'Placement' from project 'Placement')
    cd /Users/admin/builder/spi-builder-workspace/.swiftpm/xcode
    builtin-SwiftPerFileCompile PlacementLayoutNative.swift
SwiftCompile normal arm64 /Users/admin/builder/spi-builder-workspace/Sources/Placement/Layouting/Coordinator.swift (in target 'Placement' from project 'Placement')
    cd /Users/admin/builder/spi-builder-workspace/.swiftpm/xcode
    builtin-SwiftPerFileCompile Coordinator.swift
SwiftCompile normal arm64 /Users/admin/builder/spi-builder-workspace/Sources/Placement/Layouting/ExplicitAlignmentModifier.swift (in target 'Placement' from project 'Placement')
    cd /Users/admin/builder/spi-builder-workspace/.swiftpm/xcode
    builtin-SwiftPerFileCompile ExplicitAlignmentModifier.swift
SwiftEmitModule normal arm64_32 Emitting\ module\ for\ Placement (in target 'Placement' from project 'Placement')
SwiftCompile normal arm64_32 (in target 'Placement' from project 'Placement')
    cd /Users/admin/builder/spi-builder-workspace/.swiftpm/xcode

PruneExplicitPrecompiledModules /Users/admin/builder/spi-builder-workspace/.derivedData/Build/Intermediates.noindex/ExplicitPrecompiledModules
PruneExplicitPrecompiledModules /Users/admin/builder/spi-builder-workspace/.derivedData/SDKExplicitPrecompiledModules
PruneExplicitPrecompiledModules /Users/admin/builder/spi-builder-workspace/.derivedData/Build/Intermediates.noindex/SwiftExplicitPrecompiledModules
2026-09-21 15:11:16.626 xcodebuild[676:4381] [MT] IDERunDestination: Supported platforms for the buildables in the current scheme is empty.
** BUILD FAILED **
The following build commands failed:
	SwiftCompile normal arm64 (in target 'Placement' from project 'Placement')
	SwiftEmitModule normal arm64 Emitting\ module\ for\ Placement (in target 'Placement' from project 'Placement')
	Building workspace Placement with scheme Placement
(3 failures)
Command line invocation:
    /Applications/Xcode-27.0.0-Release.Candidate.app/Contents/Developer/usr/bin/xcodebuild -IDEClonedSourcePackagesDirPathOverride=/Users/admin/builder/spi-builder-workspace/.dependencies -resolvePackageDependencies
Resolve Package Graph
Resolved source packages:
  Placement: /Users/admin/builder/spi-builder-workspace
resolved source packages: Placement
2026-09-21 15:11:23.468 xcodebuild[822:4946] [MT] IDERunDestination: Supported platforms for the buildables in the current scheme is empty.
{
  "dependencies" : [
  ],
  "manifest_display_name" : "Placement",
  "name" : "Placement",
  "path" : "/Users/admin/builder/spi-builder-workspace",
  "platforms" : [
    {
      "name" : "ios",
      "version" : "14.0"
    },
    {
      "name" : "maccatalyst",
      "version" : "14.0"
    },
    {
      "name" : "tvos",
      "version" : "14.0"
    },
    {
      "name" : "visionos",
      "version" : "1.0"
    }
  ],
  "products" : [
    {
      "name" : "Placement",
      "targets" : [
        "Placement"
      ],
      "type" : {
        "library" : [
          "automatic"
        ]
      }
    }
  ],
  "targets" : [
    {
      "c99name" : "Placement",
      "module_type" : "SwiftTarget",
      "name" : "Placement",
      "path" : "Sources/Placement",
      "product_memberships" : [
        "Placement"
      ],
      "sources" : [
        "Animatable/AnyAnimatableData.swift",
        "LayoutProperties/PlacementLayoutProperties.swift",
        "LayoutProperties/PlacementLayoutValueKey.swift",
        "LayoutProtocol/AnyPlacementLayout.swift",
        "LayoutProtocol/PlacementLayout+DefaultImplementations.swift",
        "LayoutProtocol/PlacementLayout.swift",
        "LayoutProtocol/PlacementLayoutNative.swift",
        "Layouting/Coordinator.swift",
        "Layouting/ExplicitAlignmentModifier.swift",
        "Layouting/FrameChangePlacer.swift",
        "Layouting/LayoutChildSizingView.swift",
        "Layouting/LayoutPlacement.swift",
        "Layouting/LayoutSizeModifier.swift",
        "Layouting/LayoutSizingView.swift",
        "Layouting/Layouter.swift",
        "Layouting/PlacementIntrinsicSizeReader.swift",
        "Layouting/PlacementKeyboardAvoidingModifier.swift",
        "Layouting/PlacementModifier.swift",
        "Layouting/PlacementShouldAdjustToKeyboard.swift",
        "PlacementThatFits/PlacementThatFits.swift",
        "PlacementThatFits/PlacementThatFitsChildModifier.swift",
        "PlacementThatFits/PlacementThatFitsCoordinator.swift",
        "PlacementThatFits/PlacementThatFitsLayout.swift",
        "PlacementThatFits/PlacementThatFitsVariadicRoot.swift",
        "Sizing/PlacementProposedViewSize.swift",
        "Sizing/PlacementViewDimensions.swift",
        "Sizing/ProposedSize.swift",
        "Spacing/PlacementViewSpacing.swift",
        "Subview/PlacementLayoutSubview.swift",
        "Subview/PlacementLayoutSubviews.swift"
      ],
      "type" : "library"
    }
  ],
  "tools_version" : "5.9"
}
{
  "workspace" : {
    "name" : "Placement",
    "schemes" : [
      "Placement"
    ]
  }
}
2026-09-21 15:11:24.605 xcodebuild[830:5015] [MT] IDERunDestination: Supported platforms for the buildables in the current scheme is empty.
Running build ...
env DEVELOPER_DIR=/Applications/Xcode-27.0.0-Release.Candidate.app xcrun xcodebuild -IDEClonedSourcePackagesDirPathOverride=$PWD/.dependencies -skipMacroValidation -skipPackagePluginValidation -derivedDataPath $PWD/.derivedData build -scheme Placement -destination generic/platform=watchOS
Command line invocation:
    /Applications/Xcode-27.0.0-Release.Candidate.app/Contents/Developer/usr/bin/xcodebuild -IDEClonedSourcePackagesDirPathOverride=/Users/admin/builder/spi-builder-workspace/.dependencies -skipMacroValidation -skipPackagePluginValidation -derivedDataPath /Users/admin/builder/spi-builder-workspace/.derivedData build -scheme Placement -destination generic/platform=watchOS
Resolve Package Graph
Resolved source packages:
  Placement: /Users/admin/builder/spi-builder-workspace
ComputePackagePrebuildTargetDependencyGraph
Prepare packages
CreateBuildRequest
SendProjectDescription
CreateBuildOperation
ComputeTargetDependencyGraph
note: Building targets in dependency order
note: Target dependency graph (2 targets)
    Target 'Placement-product' in project 'Placement'
        ➜ Explicit dependency on target 'Placement' in project 'Placement'
    Target 'Placement' in project 'Placement' (no dependencies)
GatherProvisioningInputs
CreateBuildDescription
ClangStatCache /Applications/Xcode-27.0.0-Release.Candidate.app/Contents/Developer/Toolchains/XcodeDefault.xctoolchain/usr/bin/clang-stat-cache /Applications/Xcode-27.0.0-Release.Candidate.app/Contents/Developer/Platforms/WatchOS.platform/Developer/SDKs/WatchOS27.0.sdk /Users/admin/builder/spi-builder-workspace/.derivedData/SDKStatCaches.noindex/watchos27.0-24R360-e829b21a6f8c9b70876ba0858053c04477534ef55a1706bf4c1112bbb242f0a2.sdkstatcache
    cd /Users/admin/builder/spi-builder-workspace/.swiftpm/xcode
    /Applications/Xcode-27.0.0-Release.Candidate.app/Contents/Developer/Toolchains/XcodeDefault.xctoolchain/usr/bin/clang-stat-cache /Applications/Xcode-27.0.0-Release.Candidate.app/Contents/Developer/Platforms/WatchOS.platform/Developer/SDKs/WatchOS27.0.sdk -o /Users/admin/builder/spi-builder-workspace/.derivedData/SDKStatCaches.noindex/watchos27.0-24R360-e829b21a6f8c9b70876ba0858053c04477534ef55a1706bf4c1112bbb242f0a2.sdkstatcache
SwiftDriver Placement normal arm64 com.apple.xcode.tools.swift.compiler (in target 'Placement' from project 'Placement')
    cd /Users/admin/builder/spi-builder-workspace/.swiftpm/xcode
    builtin-SwiftDriver -- /Applications/Xcode-27.0.0-Release.Candidate.app/Contents/Developer/Toolchains/XcodeDefault.xctoolchain/usr/bin/swiftc -parse-as-library -module-name Placement -Onone @/Users/admin/builder/spi-builder-workspace/.derivedData/Build/Intermediates.noindex/Placement.build/Debug-watchos/Placement-t.build/Objects-normal/arm64/Placement.SwiftFileList -DSWIFT_PACKAGE -DDEBUG -DSWIFT_MODULE_RESOURCE_BUNDLE_UNAVAILABLE -DXcode -plugin-path /Applications/Xcode-27.0.0-Release.Candidate.app/Contents/Developer/Toolchains/XcodeDefault.xctoolchain/usr/lib/swift/host/plugins/testing -enable-experimental-feature DebugDescriptionMacro -sdk /Applications/Xcode-27.0.0-Release.Candidate.app/Contents/Developer/Platforms/WatchOS.platform/Developer/SDKs/WatchOS27.0.sdk -target arm64-apple-watchos9.0 -g -module-cache-path /Users/admin/builder/spi-builder-workspace/.derivedData/ModuleCache.noindex -Xfrontend -serialize-debugging-options -enable-testing -index-store-path /Users/admin/builder/spi-builder-workspace/.derivedData/Index.noindex/DataStore -Xcc -D_LIBCPP_HARDENING_MODE\=_LIBCPP_HARDENING_MODE_DEBUG -swift-version 5 -I /Users/admin/builder/spi-builder-workspace/.derivedData/Build/Products/Debug-watchos -Isystem /Applications/Xcode-27.0.0-Release.Candidate.app/Contents/Developer/Platforms/WatchOS.platform/Developer/usr/lib -F /Users/admin/builder/spi-builder-workspace/.derivedData/Build/Products/Debug-watchos -F /Applications/Xcode-27.0.0-Release.Candidate.app/Contents/Developer/Platforms/WatchOS.platform/Developer/Library/Frameworks -F /Applications/Xcode-27.0.0-Release.Candidate.app/Contents/Developer/Platforms/WatchOS.platform/Developer/SDKs/WatchOS27.0.sdk/Developer/Library/Frameworks -c -j10 -enable-batch-mode -incremental -Xcc -ivfsstatcache -Xcc /Users/admin/builder/spi-builder-workspace/.derivedData/SDKStatCaches.noindex/watchos27.0-24R360-e829b21a6f8c9b70876ba0858053c04477534ef55a1706bf4c1112bbb242f0a2.sdkstatcache -output-file-map /Users/admin/builder/spi-builder-workspace/.derivedData/Build/Intermediates.noindex/Placement.build/Debug-watchos/Placement-t.build/Objects-normal/arm64/Placement-OutputFileMap.json -save-temps -no-color-diagnostics -explicit-module-build -module-cache-path /Users/admin/builder/spi-builder-workspace/.derivedData/Build/Intermediates.noindex/SwiftExplicitPrecompiledModules -clang-scanner-module-cache-path /Users/admin/builder/spi-builder-workspace/.derivedData/ModuleCache.noindex -sdk-module-cache-path /Users/admin/builder/spi-builder-workspace/.derivedData/SDKExplicitPrecompiledModules -emit-dependencies -emit-module -emit-module-path /Users/admin/builder/spi-builder-workspace/.derivedData/Build/Intermediates.noindex/Placement.build/Debug-watchos/Placement-t.build/Objects-normal/arm64/Placement.swiftmodule -serialize-diagnostics -dependency-scan-serialize-diagnostics-path /Users/admin/builder/spi-builder-workspace/.derivedData/Build/Intermediates.noindex/Placement.build/Debug-watchos/Placement-t.build/Objects-normal/arm64/Placement-dependency-scan.dia -validate-clang-modules-once -clang-build-session-file /Users/admin/builder/spi-builder-workspace/.derivedData/ModuleCache.noindex/Session.modulevalidation -Xcc -fmodules-prune-interval\=86400 -Xcc -fmodules-prune-after\=345600 -package-name spi_builder_workspace -emit-const-values -const-gather-protocols-list /Users/admin/builder/spi-builder-workspace/.derivedData/Build/Intermediates.noindex/Placement.build/Debug-watchos/Placement-t.build/Objects-normal/arm64/Placement_const_extract_protocols.json -Xcc -I/Users/admin/builder/spi-builder-workspace/.derivedData/Build/Products/Debug-watchos/include -Xcc -I/Users/admin/builder/spi-builder-workspace/.derivedData/Build/Intermediates.noindex/Placement.build/Debug-watchos/Placement-t.build/DerivedSources-normal/arm64 -Xcc -I/Users/admin/builder/spi-builder-workspace/.derivedData/Build/Intermediates.noindex/Placement.build/Debug-watchos/Placement-t.build/DerivedSources/arm64 -Xcc -I/Users/admin/builder/spi-builder-workspace/.derivedData/Build/Intermediates.noindex/Placement.build/Debug-watchos/Placement-t.build/DerivedSources -Xcc -DSWIFT_PACKAGE -Xcc -DDEBUG\=1 -emit-objc-header -emit-objc-header-path /Users/admin/builder/spi-builder-workspace/.derivedData/Build/Intermediates.noindex/Placement.build/Debug-watchos/Placement-t.build/Objects-normal/arm64/Placement-Swift.h -working-directory /Users/admin/builder/spi-builder-workspace/.swiftpm/xcode -experimental-emit-module-separately -disable-cmo
SwiftDriver Placement normal arm64_32 com.apple.xcode.tools.swift.compiler (in target 'Placement' from project 'Placement')
    cd /Users/admin/builder/spi-builder-workspace/.swiftpm/xcode
    builtin-SwiftDriver -- /Applications/Xcode-27.0.0-Release.Candidate.app/Contents/Developer/Toolchains/XcodeDefault.xctoolchain/usr/bin/swiftc -parse-as-library -module-name Placement -Onone @/Users/admin/builder/spi-builder-workspace/.derivedData/Build/Intermediates.noindex/Placement.build/Debug-watchos/Placement-t.build/Objects-normal/arm64_32/Placement.SwiftFileList -DSWIFT_PACKAGE -DDEBUG -DSWIFT_MODULE_RESOURCE_BUNDLE_UNAVAILABLE -DXcode -plugin-path /Applications/Xcode-27.0.0-Release.Candidate.app/Contents/Developer/Toolchains/XcodeDefault.xctoolchain/usr/lib/swift/host/plugins/testing -enable-experimental-feature DebugDescriptionMacro -sdk /Applications/Xcode-27.0.0-Release.Candidate.app/Contents/Developer/Platforms/WatchOS.platform/Developer/SDKs/WatchOS27.0.sdk -target arm64_32-apple-watchos9.0 -g -module-cache-path /Users/admin/builder/spi-builder-workspace/.derivedData/ModuleCache.noindex -Xfrontend -serialize-debugging-options -enable-testing -index-store-path /Users/admin/builder/spi-builder-workspace/.derivedData/Index.noindex/DataStore -Xcc -D_LIBCPP_HARDENING_MODE\=_LIBCPP_HARDENING_MODE_DEBUG -swift-version 5 -I /Users/admin/builder/spi-builder-workspace/.derivedData/Build/Products/Debug-watchos -Isystem /Applications/Xcode-27.0.0-Release.Candidate.app/Contents/Developer/Platforms/WatchOS.platform/Developer/usr/lib -F /Users/admin/builder/spi-builder-workspace/.derivedData/Build/Products/Debug-watchos -F /Applications/Xcode-27.0.0-Release.Candidate.app/Contents/Developer/Platforms/WatchOS.platform/Developer/Library/Frameworks -F /Applications/Xcode-27.0.0-Release.Candidate.app/Contents/Developer/Platforms/WatchOS.platform/Developer/SDKs/WatchOS27.0.sdk/Developer/Library/Frameworks -c -j10 -enable-batch-mode -incremental -Xcc -ivfsstatcache -Xcc /Users/admin/builder/spi-builder-workspace/.derivedData/SDKStatCaches.noindex/watchos27.0-24R360-e829b21a6f8c9b70876ba0858053c04477534ef55a1706bf4c1112bbb242f0a2.sdkstatcache -output-file-map /Users/admin/builder/spi-builder-workspace/.derivedData/Build/Intermediates.noindex/Placement.build/Debug-watchos/Placement-t.build/Objects-normal/arm64_32/Placement-OutputFileMap.json -save-temps -no-color-diagnostics -explicit-module-build -module-cache-path /Users/admin/builder/spi-builder-workspace/.derivedData/Build/Intermediates.noindex/SwiftExplicitPrecompiledModules -clang-scanner-module-cache-path /Users/admin/builder/spi-builder-workspace/.derivedData/ModuleCache.noindex -sdk-module-cache-path /Users/admin/builder/spi-builder-workspace/.derivedData/SDKExplicitPrecompiledModules -emit-dependencies -emit-module -emit-module-path /Users/admin/builder/spi-builder-workspace/.derivedData/Build/Intermediates.noindex/Placement.build/Debug-watchos/Placement-t.build/Objects-normal/arm64_32/Placement.swiftmodule -serialize-diagnostics -dependency-scan-serialize-diagnostics-path /Users/admin/builder/spi-builder-workspace/.derivedData/Build/Intermediates.noindex/Placement.build/Debug-watchos/Placement-t.build/Objects-normal/arm64_32/Placement-dependency-scan.dia -validate-clang-modules-once -clang-build-session-file /Users/admin/builder/spi-builder-workspace/.derivedData/ModuleCache.noindex/Session.modulevalidation -Xcc -fmodules-prune-interval\=86400 -Xcc -fmodules-prune-after\=345600 -package-name spi_builder_workspace -emit-const-values -const-gather-protocols-list /Users/admin/builder/spi-builder-workspace/.derivedData/Build/Intermediates.noindex/Placement.build/Debug-watchos/Placement-t.build/Objects-normal/arm64_32/Placement_const_extract_protocols.json -Xcc -I/Users/admin/builder/spi-builder-workspace/.derivedData/Build/Products/Debug-watchos/include -Xcc -I/Users/admin/builder/spi-builder-workspace/.derivedData/Build/Intermediates.noindex/Placement.build/Debug-watchos/Placement-t.build/DerivedSources-normal/arm64_32 -Xcc -I/Users/admin/builder/spi-builder-workspace/.derivedData/Build/Intermediates.noindex/Placement.build/Debug-watchos/Placement-t.build/DerivedSources/arm64_32 -Xcc -I/Users/admin/builder/spi-builder-workspace/.derivedData/Build/Intermediates.noindex/Placement.build/Debug-watchos/Placement-t.build/DerivedSources -Xcc -DSWIFT_PACKAGE -Xcc -DDEBUG\=1 -emit-objc-header -emit-objc-header-path /Users/admin/builder/spi-builder-workspace/.derivedData/Build/Intermediates.noindex/Placement.build/Debug-watchos/Placement-t.build/Objects-normal/arm64_32/Placement-Swift.h -working-directory /Users/admin/builder/spi-builder-workspace/.swiftpm/xcode -experimental-emit-module-separately -disable-cmo
SwiftEmitModule normal arm64_32 Emitting\ module\ for\ Placement (in target 'Placement' from project 'Placement')
/Users/admin/builder/spi-builder-workspace/Sources/Placement/Layouting/Coordinator.swift:172:52: error: cannot find type 'UIHostingController' in scope
170 |     }
171 |
172 |     func makeHostingController(id: AnyHashable) -> UIHostingController<AnyView> {
    |                                                    `- error: cannot find type 'UIHostingController' in scope
173 |         if let hostingController = self.hostingControllers[id] {
174 |             return hostingController
/Users/admin/builder/spi-builder-workspace/Sources/Placement/Layouting/Coordinator.swift:186:50: error: cannot find type 'UIHostingController' in scope
184 |     public var transaction = Transaction()
185 |     public var placementsCoordinator = PlacementsCoordinator()
186 |     public var hostingControllers: [AnyHashable: UIHostingController<AnyView>] = [:]
    |                                                  `- error: cannot find type 'UIHostingController' in scope
187 | }
188 |
/Users/admin/builder/spi-builder-workspace/Sources/Placement/Layouting/FrameChangePlacer.swift:25:36: error: 'UIViewController' is unavailable in watchOS
23 |     }
24 |
25 |     var containedInViewController: UIViewController? = nil
   |                                    `- error: 'UIViewController' is unavailable in watchOS
26 |
27 |     override func didMoveToSuperview() {
/Applications/Xcode-27.0.0-Release.Candidate.app/Contents/Developer/Platforms/WatchOS.platform/Developer/SDKs/WatchOS27.0.sdk/System/Library/Frameworks/UIKit.framework/Headers/UIViewController.h:104:12: note: 'UIViewController' has been explicitly marked unavailable here
102 |
103 | UIKIT_EXTERN API_AVAILABLE(ios(2.0)) API_UNAVAILABLE(watchos) NS_SWIFT_UI_ACTOR
104 | @interface UIViewController : UIResponder <NSCoding, UIAppearanceContainer, UITraitEnvironment, UIContentContainer, UIFocusEnvironment>
    |            `- note: 'UIViewController' has been explicitly marked unavailable here
105 |
106 | /*
/Users/admin/builder/spi-builder-workspace/Sources/Placement/Layouting/FrameChangePlacer.swift:11:50: error: 'UIView' is unavailable in watchOS
 9 | import SwiftUI
10 |
11 | class FrameChangePlacerView<L: PlacementLayout>: UIView {
   |                                                  `- error: 'UIView' is unavailable in watchOS
12 |     var coordinator: Coordinator<L>
13 |     var children: _VariadicView.Children
/Applications/Xcode-27.0.0-Release.Candidate.app/Contents/Developer/Platforms/WatchOS.platform/Developer/SDKs/WatchOS27.0.sdk/System/Library/Frameworks/UIKit.framework/Headers/UIView.h:152:12: note: 'UIView' has been explicitly marked unavailable here
150 |
151 | UIKIT_EXTERN API_AVAILABLE(ios(2.0)) API_UNAVAILABLE(watchos) NS_SWIFT_UI_ACTOR
152 | @interface UIView : UIResponder <NSCoding, UIAppearance, UIAppearanceContainer, UIDynamicItem, UITraitEnvironment, UICoordinateSpace, UIFocusItem, UIFocusItemContainer, CALayerDelegate>
    |            `- note: 'UIView' has been explicitly marked unavailable here
153 |
154 | @property(class, nonatomic, readonly) Class layerClass;                        // default is [CALayer class]. Used when creating the underlying layer for the view.
/Users/admin/builder/spi-builder-workspace/Sources/Placement/Layouting/FrameChangePlacer.swift:49:38: error: 'UIViewController' is unavailable in watchOS
47 |
48 | extension UIResponder {
49 |     public var parentViewController: UIViewController? {
   |                                      `- error: 'UIViewController' is unavailable in watchOS
50 |         return next as? UIViewController ?? next?.parentViewController
51 |     }
/Applications/Xcode-27.0.0-Release.Candidate.app/Contents/Developer/Platforms/WatchOS.platform/Developer/SDKs/WatchOS27.0.sdk/System/Library/Frameworks/UIKit.framework/Headers/UIViewController.h:104:12: note: 'UIViewController' has been explicitly marked unavailable here
102 |
103 | UIKIT_EXTERN API_AVAILABLE(ios(2.0)) API_UNAVAILABLE(watchos) NS_SWIFT_UI_ACTOR
104 | @interface UIViewController : UIResponder <NSCoding, UIAppearanceContainer, UITraitEnvironment, UIContentContainer, UIFocusEnvironment>
    |            `- note: 'UIViewController' has been explicitly marked unavailable here
105 |
106 | /*
/Users/admin/builder/spi-builder-workspace/Sources/Placement/Layouting/FrameChangePlacer.swift:48:11: error: 'UIResponder' is unavailable in watchOS
46 | }
47 |
48 | extension UIResponder {
   |           `- error: 'UIResponder' is unavailable in watchOS
49 |     public var parentViewController: UIViewController? {
50 |         return next as? UIViewController ?? next?.parentViewController
/Applications/Xcode-27.0.0-Release.Candidate.app/Contents/Developer/Platforms/WatchOS.platform/Developer/SDKs/WatchOS27.0.sdk/System/Library/Frameworks/UIKit.framework/Headers/UIResponder.h:82:12: note: 'UIResponder' has been explicitly marked unavailable here
 80 |
 81 | UIKIT_EXTERN API_AVAILABLE(ios(2.0)) API_UNAVAILABLE(watchos) NS_SWIFT_UI_ACTOR
 82 | @interface UIResponder : NSObject <UIResponderStandardEditActions>
    |            `- note: 'UIResponder' has been explicitly marked unavailable here
 83 |
 84 | @property(nonatomic, readonly, nullable) UIResponder *nextResponder;
/Users/admin/builder/spi-builder-workspace/Sources/Placement/Layouting/FrameChangePlacer.swift:60:30: error: cannot find type 'Context' in scope
58 |     @Binding var keyboardFrame: CGRect
59 |
60 |     func makeUIView(context: Context) -> FrameChangePlacerView<L> {
   |                              `- error: cannot find type 'Context' in scope
61 |         FrameChangePlacerView(coordinator: coordinator, children: children)
62 |     }
/Users/admin/builder/spi-builder-workspace/Sources/Placement/Layouting/FrameChangePlacer.swift:64:68: error: cannot find type 'Context' in scope
62 |     }
63 |
64 |     func updateUIView(_ uiView: FrameChangePlacerView<L>, context: Context) {
   |                                                                    `- error: cannot find type 'Context' in scope
65 |     }
66 |
/Users/admin/builder/spi-builder-workspace/Sources/Placement/Layouting/FrameChangePlacer.swift:54:47: error: cannot find type 'UIViewRepresentable' in scope
52 | }
53 |
54 | struct FrameChangePlacer<L: PlacementLayout>: UIViewRepresentable {
   |                                               `- error: cannot find type 'UIViewRepresentable' in scope
55 |     @EnvironmentObject var coordinator: Coordinator<L>
56 |     var children: _VariadicView.Children
/Users/admin/builder/spi-builder-workspace/Sources/Placement/Layouting/LayoutChildSizingView.swift:4:61: error: 'UIView' is unavailable in watchOS
 2 | import SwiftUI
 3 |
 4 | class PlacementLayoutChildSizingUIView<L: PlacementLayout>: UIView {
   |                                                             `- error: 'UIView' is unavailable in watchOS
 5 |     override var intrinsicContentSize: CGSize {
 6 |         .zero
/Applications/Xcode-27.0.0-Release.Candidate.app/Contents/Developer/Platforms/WatchOS.platform/Developer/SDKs/WatchOS27.0.sdk/System/Library/Frameworks/UIKit.framework/Headers/UIView.h:152:12: note: 'UIView' has been explicitly marked unavailable here
150 |
151 | UIKIT_EXTERN API_AVAILABLE(ios(2.0)) API_UNAVAILABLE(watchos) NS_SWIFT_UI_ACTOR
152 | @interface UIView : UIResponder <NSCoding, UIAppearance, UIAppearanceContainer, UIDynamicItem, UITraitEnvironment, UICoordinateSpace, UIFocusItem, UIFocusItemContainer, CALayerDelegate>
    |            `- note: 'UIView' has been explicitly marked unavailable here
153 |
154 | @property(class, nonatomic, readonly) Class layerClass;                        // default is [CALayer class]. Used when creating the underlying layer for the view.
/Users/admin/builder/spi-builder-workspace/Sources/Placement/Layouting/LayoutChildSizingView.swift:18:30: error: cannot find type 'Context' in scope
16 |     var children: _VariadicView.Children
17 |
18 |     func makeUIView(context: Context) -> PlacementLayoutChildSizingUIView<L> {
   |                              `- error: cannot find type 'Context' in scope
19 |         let view = PlacementLayoutChildSizingUIView<L>(frame: .zero)
20 |         return view
/Users/admin/builder/spi-builder-workspace/Sources/Placement/Layouting/LayoutChildSizingView.swift:23:79: error: cannot find type 'Context' in scope
21 |     }
22 |
23 |     func updateUIView(_ uiView: PlacementLayoutChildSizingUIView<L>, context: Context) {
   |                                                                               `- error: cannot find type 'Context' in scope
24 |     }
25 |
/Users/admin/builder/spi-builder-workspace/Sources/Placement/Layouting/LayoutChildSizingView.swift:10:51: error: cannot find type 'UIViewRepresentable' in scope
 8 | }
 9 |
10 | struct LayoutChildSizingView<L: PlacementLayout>: UIViewRepresentable {
   |                                                   `- error: cannot find type 'UIViewRepresentable' in scope
11 |     @EnvironmentObject var placementsCoordinator: PlacementsCoordinator
12 |     @EnvironmentObject var coordinator: Coordinator<L>
/Users/admin/builder/spi-builder-workspace/Sources/Placement/Layouting/LayoutSizingView.swift:4:33: error: 'UIView' is unavailable in watchOS
 2 | import SwiftUI
 3 |
 4 | class PlacementLayoutContainer: UIView {
   |                                 `- error: 'UIView' is unavailable in watchOS
 5 |     override var intrinsicContentSize: CGSize {
 6 |         .zero
/Applications/Xcode-27.0.0-Release.Candidate.app/Contents/Developer/Platforms/WatchOS.platform/Developer/SDKs/WatchOS27.0.sdk/System/Library/Frameworks/UIKit.framework/Headers/UIView.h:152:12: note: 'UIView' has been explicitly marked unavailable here
150 |
151 | UIKIT_EXTERN API_AVAILABLE(ios(2.0)) API_UNAVAILABLE(watchos) NS_SWIFT_UI_ACTOR
152 | @interface UIView : UIResponder <NSCoding, UIAppearance, UIAppearanceContainer, UIDynamicItem, UITraitEnvironment, UICoordinateSpace, UIFocusItem, UIFocusItemContainer, CALayerDelegate>
    |            `- note: 'UIView' has been explicitly marked unavailable here
153 |
154 | @property(class, nonatomic, readonly) Class layerClass;                        // default is [CALayer class]. Used when creating the underlying layer for the view.
/Users/admin/builder/spi-builder-workspace/Sources/Placement/Layouting/LayoutSizingView.swift:17:30: error: cannot find type 'Context' in scope
15 |     @Binding var keyboardFrame: CGRect
16 |
17 |     func makeUIView(context: Context) -> PlacementLayoutContainer {
   |                              `- error: cannot find type 'Context' in scope
18 |         let view = PlacementLayoutContainer()
19 |         return view
/Users/admin/builder/spi-builder-workspace/Sources/Placement/Layouting/LayoutSizingView.swift:22:68: error: cannot find type 'Context' in scope
20 |     }
21 |
22 |     func updateUIView(_ uiView: PlacementLayoutContainer, context: Context) {}
   |                                                                    `- error: cannot find type 'Context' in scope
23 |
24 |     func _overrideSizeThatFits(
/Users/admin/builder/spi-builder-workspace/Sources/Placement/Layouting/LayoutSizingView.swift:10:46: error: cannot find type 'UIViewRepresentable' in scope
 8 | }
 9 |
10 | struct LayoutSizingView<L: PlacementLayout>: UIViewRepresentable {
   |                                              `- error: cannot find type 'UIViewRepresentable' in scope
11 |     @EnvironmentObject var coordinator: Coordinator<L>
12 |     var layout: L
/Users/admin/builder/spi-builder-workspace/Sources/Placement/Layouting/PlacementKeyboardAvoidingModifier.swift:108:30: error: cannot find type 'Context' in scope
106 |     }
107 |
108 |     func makeUIView(context: Context) -> some UIView {
    |                              `- error: cannot find type 'Context' in scope
109 |         UIView()
110 |     }
/Users/admin/builder/spi-builder-workspace/Sources/Placement/Layouting/PlacementKeyboardAvoidingModifier.swift:108:47: error: 'UIView' is unavailable in watchOS
106 |     }
107 |
108 |     func makeUIView(context: Context) -> some UIView {
    |                                               `- error: 'UIView' is unavailable in watchOS
109 |         UIView()
110 |     }
/Applications/Xcode-27.0.0-Release.Candidate.app/Contents/Developer/Platforms/WatchOS.platform/Developer/SDKs/WatchOS27.0.sdk/System/Library/Frameworks/UIKit.framework/Headers/UIView.h:152:12: note: 'UIView' has been explicitly marked unavailable here
150 |
151 | UIKIT_EXTERN API_AVAILABLE(ios(2.0)) API_UNAVAILABLE(watchos) NS_SWIFT_UI_ACTOR
152 | @interface UIView : UIResponder <NSCoding, UIAppearance, UIAppearanceContainer, UIDynamicItem, UITraitEnvironment, UICoordinateSpace, UIFocusItem, UIFocusItemContainer, CALayerDelegate>
    |            `- note: 'UIView' has been explicitly marked unavailable here
153 |
154 | @property(class, nonatomic, readonly) Class layerClass;                        // default is [CALayer class]. Used when creating the underlying layer for the view.
/Users/admin/builder/spi-builder-workspace/Sources/Placement/Layouting/PlacementKeyboardAvoidingModifier.swift:112:33: error: cannot find type 'UIViewType' in scope
110 |     }
111 |
112 |     func updateUIView(_ uiView: UIViewType, context: Context) {
    |                                 `- error: cannot find type 'UIViewType' in scope
113 |         context.coordinator.shouldAdjust = placementShouldAdjustToKeyboard
114 |         context.coordinator.coordinator = coordinator
/Users/admin/builder/spi-builder-workspace/Sources/Placement/Layouting/PlacementKeyboardAvoidingModifier.swift:112:54: error: cannot find type 'Context' in scope
110 |     }
111 |
112 |     func updateUIView(_ uiView: UIViewType, context: Context) {
    |                                                      `- error: cannot find type 'Context' in scope
113 |         context.coordinator.shouldAdjust = placementShouldAdjustToKeyboard
114 |         context.coordinator.coordinator = coordinator
/Users/admin/builder/spi-builder-workspace/Sources/Placement/Layouting/PlacementKeyboardAvoidingModifier.swift:30:50: error: cannot find type 'UIViewRepresentable' in scope
 28 | }
 29 |
 30 | struct KeyboardAvoidingView<L: PlacementLayout>: UIViewRepresentable {
    |                                                  `- error: cannot find type 'UIViewRepresentable' in scope
 31 |     @Environment(\.placementShouldAdjustToKeyboard) var placementShouldAdjustToKeyboard
 32 |     @EnvironmentObject var coordinator: Coordinator<L>
Failed frontend command:
SwiftCompile normal arm64_32 (in target 'Placement' from project 'Placement')
    cd /Users/admin/builder/spi-builder-workspace/.swiftpm/xcode

/Applications/Xcode-27.0.0-Release.Candidate.app/Contents/Developer/Toolchains/XcodeDefault.xctoolchain/usr/bin/swift-frontend -frontend -emit-module -experimental-skip-non-inlinable-function-bodies-without-types /Users/admin/builder/spi-builder-workspace/Sources/Placement/Animatable/AnyAnimatableData.swift /Users/admin/builder/spi-builder-workspace/Sources/Placement/LayoutProperties/PlacementLayoutProperties.swift /Users/admin/builder/spi-builder-workspace/Sources/Placement/LayoutProperties/PlacementLayoutValueKey.swift /Users/admin/builder/spi-builder-workspace/Sources/Placement/LayoutProtocol/AnyPlacementLayout.swift /Users/admin/builder/spi-builder-workspace/Sources/Placement/LayoutProtocol/PlacementLayout+DefaultImplementations.swift /Users/admin/builder/spi-builder-workspace/Sources/Placement/LayoutProtocol/PlacementLayout.swift /Users/admin/builder/spi-builder-workspace/Sources/Placement/LayoutProtocol/PlacementLayoutNative.swift /Users/admin/builder/spi-builder-workspace/Sources/Placement/Layouting/Coordinator.swift /Users/admin/builder/spi-builder-workspace/Sources/Placement/Layouting/ExplicitAlignmentModifier.swift /Users/admin/builder/spi-builder-workspace/Sources/Placement/Layouting/FrameChangePlacer.swift /Users/admin/builder/spi-builder-workspace/Sources/Placement/Layouting/LayoutChildSizingView.swift /Users/admin/builder/spi-builder-workspace/Sources/Placement/Layouting/LayoutPlacement.swift /Users/admin/builder/spi-builder-workspace/Sources/Placement/Layouting/LayoutSizeModifier.swift /Users/admin/builder/spi-builder-workspace/Sources/Placement/Layouting/LayoutSizingView.swift /Users/admin/builder/spi-builder-workspace/Sources/Placement/Layouting/Layouter.swift /Users/admin/builder/spi-builder-workspace/Sources/Placement/Layouting/PlacementIntrinsicSizeReader.swift /Users/admin/builder/spi-builder-workspace/Sources/Placement/Layouting/PlacementKeyboardAvoidingModifier.swift /Users/admin/builder/spi-builder-workspace/Sources/Placement/Layouting/PlacementModifier.swift /Users/admin/builder/spi-builder-workspace/Sources/Placement/Layouting/PlacementShouldAdjustToKeyboard.swift /Users/admin/builder/spi-builder-workspace/Sources/Placement/PlacementThatFits/PlacementThatFits.swift /Users/admin/builder/spi-builder-workspace/Sources/Placement/PlacementThatFits/PlacementThatFitsChildModifier.swift /Users/admin/builder/spi-builder-workspace/Sources/Placement/PlacementThatFits/PlacementThatFitsCoordinator.swift /Users/admin/builder/spi-builder-workspace/Sources/Placement/PlacementThatFits/PlacementThatFitsLayout.swift /Users/admin/builder/spi-builder-workspace/Sources/Placement/PlacementThatFits/PlacementThatFitsVariadicRoot.swift /Users/admin/builder/spi-builder-workspace/Sources/Placement/Sizing/PlacementProposedViewSize.swift /Users/admin/builder/spi-builder-workspace/Sources/Placement/Sizing/PlacementViewDimensions.swift /Users/admin/builder/spi-builder-workspace/Sources/Placement/Sizing/ProposedSize.swift /Users/admin/builder/spi-builder-workspace/Sources/Placement/Spacing/PlacementViewSpacing.swift /Users/admin/builder/spi-builder-workspace/Sources/Placement/Subview/PlacementLayoutSubview.swift /Users/admin/builder/spi-builder-workspace/Sources/Placement/Subview/PlacementLayoutSubviews.swift -target arm64_32-apple-watchos9.0 -disable-cross-import-overlay-search -load-resolved-plugin /Applications/Xcode-27.0.0-Release.Candidate.app/Contents/Developer/Platforms/WatchOS.platform/Developer/usr/lib/swift/host/plugins/libFoundationMacros.dylib\#/Applications/Xcode-27.0.0-Release.Candidate.app/Contents/Developer/Platforms/WatchOS.platform/Developer/usr/bin/swift-plugin-server\#FoundationMacros -load-resolved-plugin /Applications/Xcode-27.0.0-Release.Candidate.app/Contents/Developer/Platforms/WatchOS.platform/Developer/usr/lib/swift/host/plugins/libObservationMacros.dylib\#/Applications/Xcode-27.0.0-Release.Candidate.app/Contents/Developer/Platforms/WatchOS.platform/Developer/usr/bin/swift-plugin-server\#ObservationMacros -load-resolved-plugin /Applications/Xcode-27.0.0-Release.Candidate.app/Contents/Developer/Platforms/WatchOS.platform/Developer/usr/lib/swift/host/plugins/libPreviewsMacros.dylib\#/Applications/Xcode-27.0.0-Release.Candidate.app/Contents/Developer/Platforms/WatchOS.platform/Developer/usr/bin/swift-plugin-server\#PreviewsMacros -load-resolved-plugin /Applications/Xcode-27.0.0-Release.Candidate.app/Contents/Developer/Platforms/WatchOS.platform/Developer/usr/lib/swift/host/plugins/libSwiftMacros.dylib\#/Applications/Xcode-27.0.0-Release.Candidate.app/Contents/Developer/Platforms/WatchOS.platform/Developer/usr/bin/swift-plugin-server\#SwiftMacros -load-resolved-plugin /Applications/Xcode-27.0.0-Release.Candidate.app/Contents/Developer/Platforms/WatchOS.platform/Developer/usr/lib/swift/host/plugins/libSwiftUIMacros.dylib\#/Applications/Xcode-27.0.0-Release.Candidate.app/Contents/Developer/Platforms/WatchOS.platform/Developer/usr/bin/swift-plugin-server\#SwiftUIMacros -disable-implicit-swift-modules -Xcc -fno-implicit-modules -Xcc -fno-implicit-module-maps -explicit-swift-module-map-file /Users/admin/builder/spi-builder-workspace/.derivedData/Build/Intermediates.noindex/Placement.build/Debug-watchos/Placement-t.build/Objects-normal/arm64_32/Placement-dependencies-1.json -enable-objc-interop -sdk /Applications/Xcode-27.0.0-Release.Candidate.app/Contents/Developer/Platforms/WatchOS.platform/Developer/SDKs/WatchOS27.0.sdk -I /Users/admin/builder/spi-builder-workspace/.derivedData/Build/Products/Debug-watchos -Isystem /Applications/Xcode-27.0.0-Release.Candidate.app/Contents/Developer/Platforms/WatchOS.platform/Developer/usr/lib -F /Users/admin/builder/spi-builder-workspace/.derivedData/Build/Products/Debug-watchos -F /Applications/Xcode-27.0.0-Release.Candidate.app/Contents/Developer/Platforms/WatchOS.platform/Developer/Library/Frameworks -F /Applications/Xcode-27.0.0-Release.Candidate.app/Contents/Developer/Platforms/WatchOS.platform/Developer/SDKs/WatchOS27.0.sdk/Developer/Library/Frameworks -module-cache-path /Users/admin/builder/spi-builder-workspace/.derivedData/Build/Intermediates.noindex/SwiftExplicitPrecompiledModules -no-color-diagnostics -Xcc -fno-color-diagnostics -enable-testing -g -debug-info-format\=dwarf -dwarf-version\=4 -swift-version 5 -Onone -D SWIFT_PACKAGE -D DEBUG -D SWIFT_MODULE_RESOURCE_BUNDLE_UNAVAILABLE -D Xcode -serialize-debugging-options -enable-experimental-feature DebugDescriptionMacro -empty-abi-descriptor -validate-clang-modules-once -clang-build-session-file /Users/admin/builder/spi-builder-workspace/.derivedData/ModuleCache.noindex/Session.modulevalidation -Xcc -working-directory -Xcc /Users/admin/builder/spi-builder-workspace/.swiftpm/xcode -enable-anonymous-context-mangled-names -file-compilation-dir /Users/admin/builder/spi-builder-workspace/.swiftpm/xcode -Xcc -D_LIBCPP_HARDENING_MODE\=_LIBCPP_HARDENING_MODE_DEBUG -Xcc -ivfsstatcache -Xcc /Users/admin/builder/spi-builder-workspace/.derivedData/SDKStatCaches.noindex/watchos27.0-24R360-e829b21a6f8c9b70876ba0858053c04477534ef55a1706bf4c1112bbb242f0a2.sdkstatcache -Xcc -fmodules-prune-interval\=86400 -Xcc -fmodules-prune-after\=345600 -Xcc -I/Users/admin/builder/spi-builder-workspace/.derivedData/Build/Products/Debug-watchos/include -Xcc -I/Users/admin/builder/spi-builder-workspace/.derivedData/Build/Intermediates.noindex/Placement.build/Debug-watchos/Placement-t.build/DerivedSources-normal/arm64_32 -Xcc -I/Users/admin/builder/spi-builder-workspace/.derivedData/Build/Intermediates.noindex/Placement.build/Debug-watchos/Placement-t.build/DerivedSources/arm64_32 -Xcc -I/Users/admin/builder/spi-builder-workspace/.derivedData/Build/Intermediates.noindex/Placement.build/Debug-watchos/Placement-t.build/DerivedSources -Xcc -DSWIFT_PACKAGE -Xcc -DDEBUG\=1 -no-auto-bridging-header-chaining -module-name Placement -package-name spi_builder_workspace -const-gather-protocols-file /Users/admin/builder/spi-builder-workspace/.derivedData/Build/Intermediates.noindex/Placement.build/Debug-watchos/Placement-t.build/Objects-normal/arm64_32/Placement_const_extract_protocols.json -disable-clang-spi -clang-target arm64_32-apple-watchos27.0 -target-sdk-version 27.0 -target-sdk-name watchos27.0 -in-process-plugin-server-path /Applications/Xcode-27.0.0-Release.Candidate.app/Contents/Developer/Toolchains/XcodeDefault.xctoolchain/usr/lib/swift/host/libSwiftInProcPluginServer.dylib -emit-module-doc-path /Users/admin/builder/spi-builder-workspace/.derivedData/Build/Intermediates.noindex/Placement.build/Debug-watchos/Placement-t.build/Objects-normal/arm64_32/Placement.swiftdoc -emit-module-source-info-path /Users/admin/builder/spi-builder-workspace/.derivedData/Build/Intermediates.noindex/Placement.build/Debug-watchos/Placement-t.build/Objects-normal/arm64_32/Placement.swiftsourceinfo -emit-objc-header-path /Users/admin/builder/spi-builder-workspace/.derivedData/Build/Intermediates.noindex/Placement.build/Debug-watchos/Placement-t.build/Objects-normal/arm64_32/Placement-Swift.h -serialize-diagnostics-path /Users/admin/builder/spi-builder-workspace/.derivedData/Build/Intermediates.noindex/Placement.build/Debug-watchos/Placement-t.build/Objects-normal/arm64_32/Placement-primary-emit-module.dia -emit-dependencies-path /Users/admin/builder/spi-builder-workspace/.derivedData/Build/Intermediates.noindex/Placement.build/Debug-watchos/Placement-t.build/Objects-normal/arm64_32/Placement-primary-emit-module.d -parse-as-library -o /Users/admin/builder/spi-builder-workspace/.derivedData/Build/Intermediates.noindex/Placement.build/Debug-watchos/Placement-t.build/Objects-normal/arm64_32/Placement.swiftmodule -emit-abi-descriptor-path /Users/admin/builder/spi-builder-workspace/.derivedData/Build/Intermediates.noindex/Placement.build/Debug-watchos/Placement-t.build/Objects-normal/arm64_32/Placement.abi.json
SwiftCompile normal arm64_32 Compiling\ PlacementLayoutNative.swift,\ Coordinator.swift,\ ExplicitAlignmentModifier.swift /Users/admin/builder/spi-builder-workspace/Sources/Placement/LayoutProtocol/PlacementLayoutNative.swift /Users/admin/builder/spi-builder-workspace/Sources/Placement/Layouting/Coordinator.swift /Users/admin/builder/spi-builder-workspace/Sources/Placement/Layouting/ExplicitAlignmentModifier.swift (in target 'Placement' from project 'Placement')
SwiftCompile normal arm64_32 /Users/admin/builder/spi-builder-workspace/Sources/Placement/LayoutProtocol/PlacementLayoutNative.swift (in target 'Placement' from project 'Placement')
    cd /Users/admin/builder/spi-builder-workspace/.swiftpm/xcode
    builtin-SwiftPerFileCompile PlacementLayoutNative.swift
SwiftCompile normal arm64_32 /Users/admin/builder/spi-builder-workspace/Sources/Placement/Layouting/Coordinator.swift (in target 'Placement' from project 'Placement')
    cd /Users/admin/builder/spi-builder-workspace/.swiftpm/xcode
    builtin-SwiftPerFileCompile Coordinator.swift
SwiftCompile normal arm64_32 /Users/admin/builder/spi-builder-workspace/Sources/Placement/Layouting/ExplicitAlignmentModifier.swift (in target 'Placement' from project 'Placement')
    cd /Users/admin/builder/spi-builder-workspace/.swiftpm/xcode
    builtin-SwiftPerFileCompile ExplicitAlignmentModifier.swift
/Users/admin/builder/spi-builder-workspace/Sources/Placement/Layouting/Coordinator.swift:172:52: error: cannot find type 'UIHostingController' in scope
170 |     }
171 |
172 |     func makeHostingController(id: AnyHashable) -> UIHostingController<AnyView> {
    |                                                    `- error: cannot find type 'UIHostingController' in scope
173 |         if let hostingController = self.hostingControllers[id] {
174 |             return hostingController
/Users/admin/builder/spi-builder-workspace/Sources/Placement/Layouting/Coordinator.swift:186:50: error: cannot find type 'UIHostingController' in scope
184 |     public var transaction = Transaction()
185 |     public var placementsCoordinator = PlacementsCoordinator()
186 |     public var hostingControllers: [AnyHashable: UIHostingController<AnyView>] = [:]
    |                                                  `- error: cannot find type 'UIHostingController' in scope
187 | }
188 |
SwiftCompile normal arm64_32 Compiling\ PlacementIntrinsicSizeReader.swift,\ PlacementKeyboardAvoidingModifier.swift,\ PlacementModifier.swift /Users/admin/builder/spi-builder-workspace/Sources/Placement/Layouting/PlacementIntrinsicSizeReader.swift /Users/admin/builder/spi-builder-workspace/Sources/Placement/Layouting/PlacementKeyboardAvoidingModifier.swift /Users/admin/builder/spi-builder-workspace/Sources/Placement/Layouting/PlacementModifier.swift (in target 'Placement' from project 'Placement')
/Users/admin/builder/spi-builder-workspace/Sources/Placement/Layouting/PlacementIntrinsicSizeReader.swift:35:12: warning: 'animation' was deprecated in watchOS 8.0: Use withAnimation or animation(_:value:) instead. [#DeprecatedDeclaration]
33 |                 value: [id: proxy.size]
34 |             )
35 |         }).animation(nil)
   |            `- warning: 'animation' was deprecated in watchOS 8.0: Use withAnimation or animation(_:value:) instead. [#DeprecatedDeclaration]
36 |     }
37 | }
/Users/admin/builder/spi-builder-workspace/Sources/Placement/Layouting/PlacementKeyboardAvoidingModifier.swift:108:30: error: cannot find type 'Context' in scope
106 |     }
107 |
108 |     func makeUIView(context: Context) -> some UIView {
    |                              `- error: cannot find type 'Context' in scope
109 |         UIView()
110 |     }
/Users/admin/builder/spi-builder-workspace/Sources/Placement/Layouting/PlacementKeyboardAvoidingModifier.swift:108:47: error: 'UIView' is unavailable in watchOS
106 |     }
107 |
108 |     func makeUIView(context: Context) -> some UIView {
    |                                               `- error: 'UIView' is unavailable in watchOS
109 |         UIView()
110 |     }
/Applications/Xcode-27.0.0-Release.Candidate.app/Contents/Developer/Platforms/WatchOS.platform/Developer/SDKs/WatchOS27.0.sdk/System/Library/Frameworks/UIKit.framework/Headers/UIView.h:152:12: note: 'UIView' has been explicitly marked unavailable here
150 |
151 | UIKIT_EXTERN API_AVAILABLE(ios(2.0)) API_UNAVAILABLE(watchos) NS_SWIFT_UI_ACTOR
152 | @interface UIView : UIResponder <NSCoding, UIAppearance, UIAppearanceContainer, UIDynamicItem, UITraitEnvironment, UICoordinateSpace, UIFocusItem, UIFocusItemContainer, CALayerDelegate>
    |            `- note: 'UIView' has been explicitly marked unavailable here
153 |
154 | @property(class, nonatomic, readonly) Class layerClass;                        // default is [CALayer class]. Used when creating the underlying layer for the view.
/Users/admin/builder/spi-builder-workspace/Sources/Placement/Layouting/PlacementKeyboardAvoidingModifier.swift:112:33: error: cannot find type 'UIViewType' in scope
110 |     }
111 |
112 |     func updateUIView(_ uiView: UIViewType, context: Context) {
    |                                 `- error: cannot find type 'UIViewType' in scope
113 |         context.coordinator.shouldAdjust = placementShouldAdjustToKeyboard
114 |         context.coordinator.coordinator = coordinator
/Users/admin/builder/spi-builder-workspace/Sources/Placement/Layouting/PlacementKeyboardAvoidingModifier.swift:112:54: error: cannot find type 'Context' in scope
110 |     }
111 |
112 |     func updateUIView(_ uiView: UIViewType, context: Context) {
    |                                                      `- error: cannot find type 'Context' in scope
113 |         context.coordinator.shouldAdjust = placementShouldAdjustToKeyboard
114 |         context.coordinator.coordinator = coordinator
/Users/admin/builder/spi-builder-workspace/Sources/Placement/Layouting/PlacementKeyboardAvoidingModifier.swift:30:50: error: cannot find type 'UIViewRepresentable' in scope
 28 | }
 29 |
 30 | struct KeyboardAvoidingView<L: PlacementLayout>: UIViewRepresentable {
    |                                                  `- error: cannot find type 'UIViewRepresentable' in scope
 31 |     @Environment(\.placementShouldAdjustToKeyboard) var placementShouldAdjustToKeyboard
 32 |     @EnvironmentObject var coordinator: Coordinator<L>
/Users/admin/builder/spi-builder-workspace/Sources/Placement/Layouting/PlacementKeyboardAvoidingModifier.swift:101:9: error: generic parameter 'L' could not be inferred
 99 |
100 |     func makeCoordinator() -> KeyboardCoordinator {
101 |         Coordinator(
    |         |- error: generic parameter 'L' could not be inferred
    |         `- note: explicitly specify the generic arguments to fix this issue
102 |             shouldAdjust: placementShouldAdjustToKeyboard,
103 |             coordinator: coordinator,
/Users/admin/builder/spi-builder-workspace/Sources/Placement/Layouting/Coordinator.swift:9:19: note: 'L' declared as parameter to type 'Coordinator'
  7 | }
  8 |
  9 | class Coordinator<L: PlacementLayout>: ObservableObject {
    |                   `- note: 'L' declared as parameter to type 'Coordinator'
 10 |     var keyboardFrame: CGRect = .zero
 11 |     var globalFrame: CGRect? = nil
/Users/admin/builder/spi-builder-workspace/Sources/Placement/Layouting/PlacementKeyboardAvoidingModifier.swift:101:20: error: argument passed to call that takes no arguments
 99 |
100 |     func makeCoordinator() -> KeyboardCoordinator {
101 |         Coordinator(
    |                    `- error: argument passed to call that takes no arguments
102 |             shouldAdjust: placementShouldAdjustToKeyboard,
103 |             coordinator: coordinator,
/Users/admin/builder/spi-builder-workspace/Sources/Placement/Layouting/PlacementKeyboardAvoidingModifier.swift:101:9: error: cannot convert return expression of type 'Coordinator<L>' to return type 'KeyboardAvoidingView<L>.KeyboardCoordinator'
 99 |
100 |     func makeCoordinator() -> KeyboardCoordinator {
101 |         Coordinator(
    |         `- error: cannot convert return expression of type 'Coordinator<L>' to return type 'KeyboardAvoidingView<L>.KeyboardCoordinator'
102 |             shouldAdjust: placementShouldAdjustToKeyboard,
103 |             coordinator: coordinator,
/Users/admin/builder/spi-builder-workspace/Sources/Placement/Layouting/PlacementKeyboardAvoidingModifier.swift:109:9: error: 'UIView' is unavailable in watchOS
107 |
108 |     func makeUIView(context: Context) -> some UIView {
109 |         UIView()
    |         `- error: 'UIView' is unavailable in watchOS
110 |     }
111 |
/Applications/Xcode-27.0.0-Release.Candidate.app/Contents/Developer/Platforms/WatchOS.platform/Developer/SDKs/WatchOS27.0.sdk/System/Library/Frameworks/UIKit.framework/Headers/UIView.h:152:12: note: 'UIView' has been explicitly marked unavailable here
150 |
151 | UIKIT_EXTERN API_AVAILABLE(ios(2.0)) API_UNAVAILABLE(watchos) NS_SWIFT_UI_ACTOR
152 | @interface UIView : UIResponder <NSCoding, UIAppearance, UIAppearanceContainer, UIDynamicItem, UITraitEnvironment, UICoordinateSpace, UIFocusItem, UIFocusItemContainer, CALayerDelegate>
    |            `- note: 'UIView' has been explicitly marked unavailable here
153 |
154 | @property(class, nonatomic, readonly) Class layerClass;                        // default is [CALayer class]. Used when creating the underlying layer for the view.
/Users/admin/builder/spi-builder-workspace/Sources/Placement/Layouting/PlacementKeyboardAvoidingModifier.swift:109:9: error: 'init()' is unavailable in watchOS
107 |
108 |     func makeUIView(context: Context) -> some UIView {
109 |         UIView()
    |         `- error: 'init()' is unavailable in watchOS
110 |     }
111 |
/Applications/Xcode-27.0.0-Release.Candidate.app/Contents/Developer/Platforms/WatchOS.platform/Developer/SDKs/WatchOS27.0.sdk/System/Library/Frameworks/UIKit.framework/Headers/UIView.h:158:1: note: 'init()' has been explicitly marked unavailable here
156 | - (instancetype)initWithFrame:(CGRect)frame NS_DESIGNATED_INITIALIZER;
157 | - (nullable instancetype)initWithCoder:(NSCoder *)coder NS_DESIGNATED_INITIALIZER;
158 | - (instancetype)init API_AVAILABLE(ios(2.0), tvos(9.0), visionos(1.0)) API_UNAVAILABLE(watchos);
    | `- note: 'init()' has been explicitly marked unavailable here
159 |
160 | @property(nonatomic,getter=isUserInteractionEnabled) BOOL userInteractionEnabled;  // default is YES. if set to NO, user events (touch, keys) are ignored and removed from the event queue.
/Users/admin/builder/spi-builder-workspace/Sources/Placement/Layouting/PlacementKeyboardAvoidingModifier.swift:127:18: error: value of type 'KeyboardAvoidingView<L>' has no member 'allowsHitTesting'
125 |             .background(
126 |               KeyboardAvoidingView<L>(keyboardFrame: $keyboardFrame)
127 |                 .allowsHitTesting(false)
    |                  `- error: value of type 'KeyboardAvoidingView<L>' has no member 'allowsHitTesting'
128 |             )
129 |     }
SwiftCompile normal arm64_32 /Users/admin/builder/spi-builder-workspace/Sources/Placement/Layouting/PlacementIntrinsicSizeReader.swift (in target 'Placement' from project 'Placement')
    cd /Users/admin/builder/spi-builder-workspace/.swiftpm/xcode
    builtin-SwiftPerFileCompile PlacementIntrinsicSizeReader.swift
SwiftCompile normal arm64_32 /Users/admin/builder/spi-builder-workspace/Sources/Placement/Layouting/PlacementKeyboardAvoidingModifier.swift (in target 'Placement' from project 'Placement')
    cd /Users/admin/builder/spi-builder-workspace/.swiftpm/xcode
    builtin-SwiftPerFileCompile PlacementKeyboardAvoidingModifier.swift
SwiftCompile normal arm64_32 /Users/admin/builder/spi-builder-workspace/Sources/Placement/Layouting/PlacementModifier.swift (in target 'Placement' from project 'Placement')
    cd /Users/admin/builder/spi-builder-workspace/.swiftpm/xcode
    builtin-SwiftPerFileCompile PlacementModifier.swift
SwiftCompile normal arm64_32 Compiling\ FrameChangePlacer.swift,\ LayoutChildSizingView.swift,\ LayoutPlacement.swift /Users/admin/builder/spi-builder-workspace/Sources/Placement/Layouting/FrameChangePlacer.swift /Users/admin/builder/spi-builder-workspace/Sources/Placement/Layouting/LayoutChildSizingView.swift /Users/admin/builder/spi-builder-workspace/Sources/Placement/Layouting/LayoutPlacement.swift (in target 'Placement' from project 'Placement')
/Users/admin/builder/spi-builder-workspace/Sources/Placement/Layouting/FrameChangePlacer.swift:25:36: error: 'UIViewController' is unavailable in watchOS
23 |     }
24 |
25 |     var containedInViewController: UIViewController? = nil
   |                                    `- error: 'UIViewController' is unavailable in watchOS
26 |
27 |     override func didMoveToSuperview() {
/Applications/Xcode-27.0.0-Release.Candidate.app/Contents/Developer/Platforms/WatchOS.platform/Developer/SDKs/WatchOS27.0.sdk/System/Library/Frameworks/UIKit.framework/Headers/UIViewController.h:104:12: note: 'UIViewController' has been explicitly marked unavailable here
102 |
103 | UIKIT_EXTERN API_AVAILABLE(ios(2.0)) API_UNAVAILABLE(watchos) NS_SWIFT_UI_ACTOR
104 | @interface UIViewController : UIResponder <NSCoding, UIAppearanceContainer, UITraitEnvironment, UIContentContainer, UIFocusEnvironment>
    |            `- note: 'UIViewController' has been explicitly marked unavailable here
105 |
106 | /*
/Users/admin/builder/spi-builder-workspace/Sources/Placement/Layouting/FrameChangePlacer.swift:11:50: error: 'UIView' is unavailable in watchOS
 9 | import SwiftUI
10 |
11 | class FrameChangePlacerView<L: PlacementLayout>: UIView {
   |                                                  `- error: 'UIView' is unavailable in watchOS
12 |     var coordinator: Coordinator<L>
13 |     var children: _VariadicView.Children
/Applications/Xcode-27.0.0-Release.Candidate.app/Contents/Developer/Platforms/WatchOS.platform/Developer/SDKs/WatchOS27.0.sdk/System/Library/Frameworks/UIKit.framework/Headers/UIView.h:152:12: note: 'UIView' has been explicitly marked unavailable here
150 |
151 | UIKIT_EXTERN API_AVAILABLE(ios(2.0)) API_UNAVAILABLE(watchos) NS_SWIFT_UI_ACTOR
152 | @interface UIView : UIResponder <NSCoding, UIAppearance, UIAppearanceContainer, UIDynamicItem, UITraitEnvironment, UICoordinateSpace, UIFocusItem, UIFocusItemContainer, CALayerDelegate>
    |            `- note: 'UIView' has been explicitly marked unavailable here
153 |
154 | @property(class, nonatomic, readonly) Class layerClass;                        // default is [CALayer class]. Used when creating the underlying layer for the view.
/Users/admin/builder/spi-builder-workspace/Sources/Placement/Layouting/FrameChangePlacer.swift:49:38: error: 'UIViewController' is unavailable in watchOS
47 |
48 | extension UIResponder {
49 |     public var parentViewController: UIViewController? {
   |                                      `- error: 'UIViewController' is unavailable in watchOS
50 |         return next as? UIViewController ?? next?.parentViewController
51 |     }
/Applications/Xcode-27.0.0-Release.Candidate.app/Contents/Developer/Platforms/WatchOS.platform/Developer/SDKs/WatchOS27.0.sdk/System/Library/Frameworks/UIKit.framework/Headers/UIViewController.h:104:12: note: 'UIViewController' has been explicitly marked unavailable here
102 |
103 | UIKIT_EXTERN API_AVAILABLE(ios(2.0)) API_UNAVAILABLE(watchos) NS_SWIFT_UI_ACTOR
104 | @interface UIViewController : UIResponder <NSCoding, UIAppearanceContainer, UITraitEnvironment, UIContentContainer, UIFocusEnvironment>
    |            `- note: 'UIViewController' has been explicitly marked unavailable here
105 |
106 | /*
/Users/admin/builder/spi-builder-workspace/Sources/Placement/Layouting/FrameChangePlacer.swift:48:11: error: 'UIResponder' is unavailable in watchOS
46 | }
47 |
48 | extension UIResponder {
   |           `- error: 'UIResponder' is unavailable in watchOS
49 |     public var parentViewController: UIViewController? {
50 |         return next as? UIViewController ?? next?.parentViewController
/Applications/Xcode-27.0.0-Release.Candidate.app/Contents/Developer/Platforms/WatchOS.platform/Developer/SDKs/WatchOS27.0.sdk/System/Library/Frameworks/UIKit.framework/Headers/UIResponder.h:82:12: note: 'UIResponder' has been explicitly marked unavailable here
 80 |
 81 | UIKIT_EXTERN API_AVAILABLE(ios(2.0)) API_UNAVAILABLE(watchos) NS_SWIFT_UI_ACTOR
 82 | @interface UIResponder : NSObject <UIResponderStandardEditActions>
    |            `- note: 'UIResponder' has been explicitly marked unavailable here
 83 |
 84 | @property(nonatomic, readonly, nullable) UIResponder *nextResponder;
/Users/admin/builder/spi-builder-workspace/Sources/Placement/Layouting/FrameChangePlacer.swift:60:30: error: cannot find type 'Context' in scope
58 |     @Binding var keyboardFrame: CGRect
59 |
60 |     func makeUIView(context: Context) -> FrameChangePlacerView<L> {
   |                              `- error: cannot find type 'Context' in scope
61 |         FrameChangePlacerView(coordinator: coordinator, children: children)
62 |     }
/Users/admin/builder/spi-builder-workspace/Sources/Placement/Layouting/FrameChangePlacer.swift:64:68: error: cannot find type 'Context' in scope
62 |     }
63 |
64 |     func updateUIView(_ uiView: FrameChangePlacerView<L>, context: Context) {
   |                                                                    `- error: cannot find type 'Context' in scope
65 |     }
66 |
/Users/admin/builder/spi-builder-workspace/Sources/Placement/Layouting/FrameChangePlacer.swift:54:47: error: cannot find type 'UIViewRepresentable' in scope
52 | }
53 |
54 | struct FrameChangePlacer<L: PlacementLayout>: UIViewRepresentable {
   |                                               `- error: cannot find type 'UIViewRepresentable' in scope
55 |     @EnvironmentObject var coordinator: Coordinator<L>
56 |     var children: _VariadicView.Children
/Users/admin/builder/spi-builder-workspace/Sources/Placement/Layouting/FrameChangePlacer.swift:50:25: error: 'UIViewController' is unavailable in watchOS
48 | extension UIResponder {
49 |     public var parentViewController: UIViewController? {
50 |         return next as? UIViewController ?? next?.parentViewController
   |                         `- error: 'UIViewController' is unavailable in watchOS
51 |     }
52 | }
/Applications/Xcode-27.0.0-Release.Candidate.app/Contents/Developer/Platforms/WatchOS.platform/Developer/SDKs/WatchOS27.0.sdk/System/Library/Frameworks/UIKit.framework/Headers/UIViewController.h:104:12: note: 'UIViewController' has been explicitly marked unavailable here
102 |
103 | UIKIT_EXTERN API_AVAILABLE(ios(2.0)) API_UNAVAILABLE(watchos) NS_SWIFT_UI_ACTOR
104 | @interface UIViewController : UIResponder <NSCoding, UIAppearanceContainer, UITraitEnvironment, UIContentContainer, UIFocusEnvironment>
    |            `- note: 'UIViewController' has been explicitly marked unavailable here
105 |
106 | /*
/Users/admin/builder/spi-builder-workspace/Sources/Placement/Layouting/LayoutChildSizingView.swift:4:61: error: 'UIView' is unavailable in watchOS
 2 | import SwiftUI
 3 |
 4 | class PlacementLayoutChildSizingUIView<L: PlacementLayout>: UIView {
   |                                                             `- error: 'UIView' is unavailable in watchOS
 5 |     override var intrinsicContentSize: CGSize {
 6 |         .zero
/Applications/Xcode-27.0.0-Release.Candidate.app/Contents/Developer/Platforms/WatchOS.platform/Developer/SDKs/WatchOS27.0.sdk/System/Library/Frameworks/UIKit.framework/Headers/UIView.h:152:12: note: 'UIView' has been explicitly marked unavailable here
150 |
151 | UIKIT_EXTERN API_AVAILABLE(ios(2.0)) API_UNAVAILABLE(watchos) NS_SWIFT_UI_ACTOR
152 | @interface UIView : UIResponder <NSCoding, UIAppearance, UIAppearanceContainer, UIDynamicItem, UITraitEnvironment, UICoordinateSpace, UIFocusItem, UIFocusItemContainer, CALayerDelegate>
    |            `- note: 'UIView' has been explicitly marked unavailable here
153 |
154 | @property(class, nonatomic, readonly) Class layerClass;                        // default is [CALayer class]. Used when creating the underlying layer for the view.
/Users/admin/builder/spi-builder-workspace/Sources/Placement/Layouting/LayoutChildSizingView.swift:18:30: error: cannot find type 'Context' in scope
16 |     var children: _VariadicView.Children
17 |
18 |     func makeUIView(context: Context) -> PlacementLayoutChildSizingUIView<L> {
   |                              `- error: cannot find type 'Context' in scope
19 |         let view = PlacementLayoutChildSizingUIView<L>(frame: .zero)
20 |         return view
/Users/admin/builder/spi-builder-workspace/Sources/Placement/Layouting/LayoutChildSizingView.swift:23:79: error: cannot find type 'Context' in scope
21 |     }
22 |
23 |     func updateUIView(_ uiView: PlacementLayoutChildSizingUIView<L>, context: Context) {
   |                                                                               `- error: cannot find type 'Context' in scope
24 |     }
25 |
SwiftCompile normal arm64_32 /Users/admin/builder/spi-builder-workspace/Sources/Placement/Layouting/FrameChangePlacer.swift (in target 'Placement' from project 'Placement')
    cd /Users/admin/builder/spi-builder-workspace/.swiftpm/xcode
    builtin-SwiftPerFileCompile FrameChangePlacer.swift
SwiftCompile normal arm64_32 /Users/admin/builder/spi-builder-workspace/Sources/Placement/Layouting/LayoutChildSizingView.swift (in target 'Placement' from project 'Placement')
    cd /Users/admin/builder/spi-builder-workspace/.swiftpm/xcode
    builtin-SwiftPerFileCompile LayoutChildSizingView.swift
SwiftCompile normal arm64_32 /Users/admin/builder/spi-builder-workspace/Sources/Placement/Layouting/LayoutPlacement.swift (in target 'Placement' from project 'Placement')
    cd /Users/admin/builder/spi-builder-workspace/.swiftpm/xcode
    builtin-SwiftPerFileCompile LayoutPlacement.swift
SwiftCompile normal arm64_32 Compiling\ AnyAnimatableData.swift,\ PlacementLayoutProperties.swift,\ PlacementLayoutValueKey.swift /Users/admin/builder/spi-builder-workspace/Sources/Placement/Animatable/AnyAnimatableData.swift /Users/admin/builder/spi-builder-workspace/Sources/Placement/LayoutProperties/PlacementLayoutProperties.swift /Users/admin/builder/spi-builder-workspace/Sources/Placement/LayoutProperties/PlacementLayoutValueKey.swift (in target 'Placement' from project 'Placement')
SwiftCompile normal arm64_32 /Users/admin/builder/spi-builder-workspace/Sources/Placement/Animatable/AnyAnimatableData.swift (in target 'Placement' from project 'Placement')
    cd /Users/admin/builder/spi-builder-workspace/.swiftpm/xcode
    builtin-SwiftPerFileCompile AnyAnimatableData.swift
SwiftCompile normal arm64_32 /Users/admin/builder/spi-builder-workspace/Sources/Placement/LayoutProperties/PlacementLayoutProperties.swift (in target 'Placement' from project 'Placement')
    cd /Users/admin/builder/spi-builder-workspace/.swiftpm/xcode
    builtin-SwiftPerFileCompile PlacementLayoutProperties.swift
SwiftCompile normal arm64_32 /Users/admin/builder/spi-builder-workspace/Sources/Placement/LayoutProperties/PlacementLayoutValueKey.swift (in target 'Placement' from project 'Placement')
    cd /Users/admin/builder/spi-builder-workspace/.swiftpm/xcode
    builtin-SwiftPerFileCompile PlacementLayoutValueKey.swift
SwiftCompile normal arm64_32 Compiling\ PlacementShouldAdjustToKeyboard.swift,\ PlacementThatFits.swift,\ PlacementThatFitsChildModifier.swift /Users/admin/builder/spi-builder-workspace/Sources/Placement/Layouting/PlacementShouldAdjustToKeyboard.swift /Users/admin/builder/spi-builder-workspace/Sources/Placement/PlacementThatFits/PlacementThatFits.swift /Users/admin/builder/spi-builder-workspace/Sources/Placement/PlacementThatFits/PlacementThatFitsChildModifier.swift (in target 'Placement' from project 'Placement')
SwiftCompile normal arm64_32 /Users/admin/builder/spi-builder-workspace/Sources/Placement/Layouting/PlacementShouldAdjustToKeyboard.swift (in target 'Placement' from project 'Placement')
    cd /Users/admin/builder/spi-builder-workspace/.swiftpm/xcode
    builtin-SwiftPerFileCompile PlacementShouldAdjustToKeyboard.swift
SwiftCompile normal arm64_32 /Users/admin/builder/spi-builder-workspace/Sources/Placement/PlacementThatFits/PlacementThatFits.swift (in target 'Placement' from project 'Placement')
    cd /Users/admin/builder/spi-builder-workspace/.swiftpm/xcode
    builtin-SwiftPerFileCompile PlacementThatFits.swift
SwiftCompile normal arm64_32 /Users/admin/builder/spi-builder-workspace/Sources/Placement/PlacementThatFits/PlacementThatFitsChildModifier.swift (in target 'Placement' from project 'Placement')
    cd /Users/admin/builder/spi-builder-workspace/.swiftpm/xcode
    builtin-SwiftPerFileCompile PlacementThatFitsChildModifier.swift
SwiftCompile normal arm64_32 Compiling\ PlacementViewSpacing.swift,\ PlacementLayoutSubview.swift,\ PlacementLayoutSubviews.swift /Users/admin/builder/spi-builder-workspace/Sources/Placement/Spacing/PlacementViewSpacing.swift /Users/admin/builder/spi-builder-workspace/Sources/Placement/Subview/PlacementLayoutSubview.swift /Users/admin/builder/spi-builder-workspace/Sources/Placement/Subview/PlacementLayoutSubviews.swift (in target 'Placement' from project 'Placement')
SwiftCompile normal arm64_32 /Users/admin/builder/spi-builder-workspace/Sources/Placement/Spacing/PlacementViewSpacing.swift (in target 'Placement' from project 'Placement')
    cd /Users/admin/builder/spi-builder-workspace/.swiftpm/xcode
    builtin-SwiftPerFileCompile PlacementViewSpacing.swift
SwiftCompile normal arm64_32 /Users/admin/builder/spi-builder-workspace/Sources/Placement/Subview/PlacementLayoutSubview.swift (in target 'Placement' from project 'Placement')
    cd /Users/admin/builder/spi-builder-workspace/.swiftpm/xcode
    builtin-SwiftPerFileCompile PlacementLayoutSubview.swift
SwiftCompile normal arm64_32 /Users/admin/builder/spi-builder-workspace/Sources/Placement/Subview/PlacementLayoutSubviews.swift (in target 'Placement' from project 'Placement')
    cd /Users/admin/builder/spi-builder-workspace/.swiftpm/xcode
    builtin-SwiftPerFileCompile PlacementLayoutSubviews.swift
SwiftCompile normal arm64_32 Compiling\ LayoutSizeModifier.swift,\ LayoutSizingView.swift,\ Layouter.swift /Users/admin/builder/spi-builder-workspace/Sources/Placement/Layouting/LayoutSizeModifier.swift /Users/admin/builder/spi-builder-workspace/Sources/Placement/Layouting/LayoutSizingView.swift /Users/admin/builder/spi-builder-workspace/Sources/Placement/Layouting/Layouter.swift (in target 'Placement' from project 'Placement')
/Users/admin/builder/spi-builder-workspace/Sources/Placement/Layouting/LayoutSizeModifier.swift:39:10: error: value of type 'LayoutSizingView<L>' has no member 'transaction'
37 |             keyboardFrame: $keyboardFrame
38 |         )
39 |         .transaction({ transaction in
   |          `- error: value of type 'LayoutSizingView<L>' has no member 'transaction'
40 |             coordinator.transaction = transaction
41 |         })
/Users/admin/builder/spi-builder-workspace/Sources/Placement/Layouting/LayoutSizingView.swift:4:33: error: 'UIView' is unavailable in watchOS
 2 | import SwiftUI
 3 |
 4 | class PlacementLayoutContainer: UIView {
   |                                 `- error: 'UIView' is unavailable in watchOS
 5 |     override var intrinsicContentSize: CGSize {
 6 |         .zero
/Applications/Xcode-27.0.0-Release.Candidate.app/Contents/Developer/Platforms/WatchOS.platform/Developer/SDKs/WatchOS27.0.sdk/System/Library/Frameworks/UIKit.framework/Headers/UIView.h:152:12: note: 'UIView' has been explicitly marked unavailable here
150 |
151 | UIKIT_EXTERN API_AVAILABLE(ios(2.0)) API_UNAVAILABLE(watchos) NS_SWIFT_UI_ACTOR
152 | @interface UIView : UIResponder <NSCoding, UIAppearance, UIAppearanceContainer, UIDynamicItem, UITraitEnvironment, UICoordinateSpace, UIFocusItem, UIFocusItemContainer, CALayerDelegate>
    |            `- note: 'UIView' has been explicitly marked unavailable here
153 |
154 | @property(class, nonatomic, readonly) Class layerClass;                        // default is [CALayer class]. Used when creating the underlying layer for the view.
/Users/admin/builder/spi-builder-workspace/Sources/Placement/Layouting/LayoutSizingView.swift:17:30: error: cannot find type 'Context' in scope
15 |     @Binding var keyboardFrame: CGRect
16 |
17 |     func makeUIView(context: Context) -> PlacementLayoutContainer {
   |                              `- error: cannot find type 'Context' in scope
18 |         let view = PlacementLayoutContainer()
19 |         return view
/Users/admin/builder/spi-builder-workspace/Sources/Placement/Layouting/LayoutSizingView.swift:22:68: error: cannot find type 'Context' in scope
20 |     }
21 |
22 |     func updateUIView(_ uiView: PlacementLayoutContainer, context: Context) {}
   |                                                                    `- error: cannot find type 'Context' in scope
23 |
24 |     func _overrideSizeThatFits(
/Users/admin/builder/spi-builder-workspace/Sources/Placement/Layouting/LayoutSizingView.swift:10:46: error: cannot find type 'UIViewRepresentable' in scope
 8 | }
 9 |
10 | struct LayoutSizingView<L: PlacementLayout>: UIViewRepresentable {
   |                                              `- error: cannot find type 'UIViewRepresentable' in scope
11 |     @EnvironmentObject var coordinator: Coordinator<L>
12 |     var layout: L
SwiftCompile normal arm64_32 /Users/admin/builder/spi-builder-workspace/Sources/Placement/Layouting/LayoutSizeModifier.swift (in target 'Placement' from project 'Placement')
    cd /Users/admin/builder/spi-builder-workspace/.swiftpm/xcode
    builtin-SwiftPerFileCompile LayoutSizeModifier.swift
SwiftCompile normal arm64_32 /Users/admin/builder/spi-builder-workspace/Sources/Placement/Layouting/LayoutSizingView.swift (in target 'Placement' from project 'Placement')
    cd /Users/admin/builder/spi-builder-workspace/.swiftpm/xcode
    builtin-SwiftPerFileCompile LayoutSizingView.swift
SwiftCompile normal arm64_32 /Users/admin/builder/spi-builder-workspace/Sources/Placement/Layouting/Layouter.swift (in target 'Placement' from project 'Placement')
    cd /Users/admin/builder/spi-builder-workspace/.swiftpm/xcode
    builtin-SwiftPerFileCompile Layouter.swift
SwiftCompile normal arm64_32 Compiling\ PlacementThatFitsCoordinator.swift,\ PlacementThatFitsLayout.swift,\ PlacementThatFitsVariadicRoot.swift /Users/admin/builder/spi-builder-workspace/Sources/Placement/PlacementThatFits/PlacementThatFitsCoordinator.swift /Users/admin/builder/spi-builder-workspace/Sources/Placement/PlacementThatFits/PlacementThatFitsLayout.swift /Users/admin/builder/spi-builder-workspace/Sources/Placement/PlacementThatFits/PlacementThatFitsVariadicRoot.swift (in target 'Placement' from project 'Placement')
SwiftCompile normal arm64_32 /Users/admin/builder/spi-builder-workspace/Sources/Placement/PlacementThatFits/PlacementThatFitsCoordinator.swift (in target 'Placement' from project 'Placement')
    cd /Users/admin/builder/spi-builder-workspace/.swiftpm/xcode
    builtin-SwiftPerFileCompile PlacementThatFitsCoordinator.swift
SwiftCompile normal arm64_32 /Users/admin/builder/spi-builder-workspace/Sources/Placement/PlacementThatFits/PlacementThatFitsLayout.swift (in target 'Placement' from project 'Placement')
    cd /Users/admin/builder/spi-builder-workspace/.swiftpm/xcode
    builtin-SwiftPerFileCompile PlacementThatFitsLayout.swift
SwiftCompile normal arm64_32 /Users/admin/builder/spi-builder-workspace/Sources/Placement/PlacementThatFits/PlacementThatFitsVariadicRoot.swift (in target 'Placement' from project 'Placement')
    cd /Users/admin/builder/spi-builder-workspace/.swiftpm/xcode
    builtin-SwiftPerFileCompile PlacementThatFitsVariadicRoot.swift
SwiftCompile normal arm64_32 Compiling\ AnyPlacementLayout.swift,\ PlacementLayout+DefaultImplementations.swift,\ PlacementLayout.swift /Users/admin/builder/spi-builder-workspace/Sources/Placement/LayoutProtocol/AnyPlacementLayout.swift /Users/admin/builder/spi-builder-workspace/Sources/Placement/LayoutProtocol/PlacementLayout+DefaultImplementations.swift /Users/admin/builder/spi-builder-workspace/Sources/Placement/LayoutProtocol/PlacementLayout.swift (in target 'Placement' from project 'Placement')
SwiftCompile normal arm64_32 /Users/admin/builder/spi-builder-workspace/Sources/Placement/LayoutProtocol/AnyPlacementLayout.swift (in target 'Placement' from project 'Placement')
    cd /Users/admin/builder/spi-builder-workspace/.swiftpm/xcode
    builtin-SwiftPerFileCompile AnyPlacementLayout.swift
SwiftCompile normal arm64_32 /Users/admin/builder/spi-builder-workspace/Sources/Placement/LayoutProtocol/PlacementLayout+DefaultImplementations.swift (in target 'Placement' from project 'Placement')
    cd /Users/admin/builder/spi-builder-workspace/.swiftpm/xcode
    builtin-SwiftPerFileCompile PlacementLayout+DefaultImplementations.swift
SwiftCompile normal arm64_32 /Users/admin/builder/spi-builder-workspace/Sources/Placement/LayoutProtocol/PlacementLayout.swift (in target 'Placement' from project 'Placement')
    cd /Users/admin/builder/spi-builder-workspace/.swiftpm/xcode
    builtin-SwiftPerFileCompile PlacementLayout.swift
SwiftEmitModule normal arm64 Emitting\ module\ for\ Placement (in target 'Placement' from project 'Placement')
SwiftCompile normal arm64 (in target 'Placement' from project 'Placement')
    cd /Users/admin/builder/spi-builder-workspace/.swiftpm/xcode

PruneExplicitPrecompiledModules /Users/admin/builder/spi-builder-workspace/.derivedData/Build/Intermediates.noindex/ExplicitPrecompiledModules
PruneExplicitPrecompiledModules /Users/admin/builder/spi-builder-workspace/.derivedData/SDKExplicitPrecompiledModules
PruneExplicitPrecompiledModules /Users/admin/builder/spi-builder-workspace/.derivedData/Build/Intermediates.noindex/SwiftExplicitPrecompiledModules
2026-09-21 15:11:25.536 xcodebuild[831:5042] [MT] IDERunDestination: Supported platforms for the buildables in the current scheme is empty.
** BUILD FAILED **
The following build commands failed:
	SwiftCompile normal arm64_32 (in target 'Placement' from project 'Placement')
	SwiftEmitModule normal arm64_32 Emitting\ module\ for\ Placement (in target 'Placement' from project 'Placement')
	Building workspace Placement with scheme Placement
(3 failures)
BUILD FAILURE 6.4 watchOS