The Swift Package Index logo.Swift Package Index

Build Information

Failed to build swift-icecast-kit, reference 0.3.1 (ce64a4), with Swift 6.2 for Wasm on 24 Jun 2026 19:54:23 UTC.

Build Command

bash -c docker run --pull=always --rm -v "checkouts-53886770-0":/host -w "$PWD" -e JAVA_HOME="/root/.sdkman/candidates/java/current" -e SPI_BUILD="1" -e SPI_PROCESSING="1" registry.gitlab.com/swiftpackageindex/spi-images:wasm-6.2-latest swift build --swift-sdk swift-6.2-RELEASE_wasm 2>&1

Build Log

========================================
RunAll
========================================
Builder version: 4071e0796c748d991a0123890d2f0ecadc8fcc8c
Interrupt handler set up.
========================================
Checkout
========================================
Clone URL: https://github.com/atelier-socle/swift-icecast-kit.git
Reference: 0.3.1
Initialized empty Git repository in /host/spi-builder-workspace/.git/
hint: Using 'master' as the name for the initial branch. This default branch name
hint: is subject to change. To configure the initial branch name to use in all
hint: of your new repositories, which will suppress this warning, call:
hint:
hint: 	git config --global init.defaultBranch <name>
hint:
hint: Names commonly chosen instead of 'master' are 'main', 'trunk' and
hint: 'development'. The just-created branch can be renamed via this command:
hint:
hint: 	git branch -m <name>
From https://github.com/atelier-socle/swift-icecast-kit
 * tag               0.3.1      -> FETCH_HEAD
HEAD is now at ce64a4b chore(ci): add Swift 6.3 matrix, bump GitHub Actions to node24
Cloned https://github.com/atelier-socle/swift-icecast-kit.git
Revision (git rev-parse @):
ce64a4b8df9b57368e6f14cd83be363f6234c8ff
SUCCESS checkout https://github.com/atelier-socle/swift-icecast-kit.git at 0.3.1
========================================
Build
========================================
Selected platform:         wasm
Swift version:             6.2
Building package at path:  $PWD
https://github.com/atelier-socle/swift-icecast-kit.git
Running build ...
bash -c docker run --pull=always --rm -v "checkouts-53886770-0":/host -w "$PWD" -e JAVA_HOME="/root/.sdkman/candidates/java/current" -e SPI_BUILD="1" -e SPI_PROCESSING="1" registry.gitlab.com/swiftpackageindex/spi-images:wasm-6.2-latest swift build --swift-sdk swift-6.2-RELEASE_wasm 2>&1
wasm-6.2-latest: Pulling from swiftpackageindex/spi-images
Digest: sha256:7f35f7a63421c3ef050c9375efcbb60196c0ee099fe4e9f14f3ceef5fa7b1aa5
Status: Image is up to date for registry.gitlab.com/swiftpackageindex/spi-images:wasm-6.2-latest
Fetching https://github.com/apple/swift-argument-parser.git
Fetching https://github.com/apple/swift-crypto.git
Fetching https://github.com/swiftlang/swift-docc-plugin.git
[1/2299] Fetching swift-docc-plugin
[2300/20248] Fetching swift-docc-plugin, swift-argument-parser
[20249/38009] Fetching swift-docc-plugin, swift-argument-parser, swift-crypto
Fetched https://github.com/swiftlang/swift-docc-plugin.git from cache (1.30s)
Fetched https://github.com/apple/swift-argument-parser.git from cache (1.31s)
Fetched https://github.com/apple/swift-crypto.git from cache (1.31s)
Computing version for https://github.com/swiftlang/swift-docc-plugin.git
Computed https://github.com/swiftlang/swift-docc-plugin.git at 1.5.0 (2.19s)
Fetching https://github.com/swiftlang/swift-docc-symbolkit
[1/3748] Fetching swift-docc-symbolkit
Fetched https://github.com/swiftlang/swift-docc-symbolkit from cache (0.47s)
Computing version for https://github.com/swiftlang/swift-docc-symbolkit
Computed https://github.com/swiftlang/swift-docc-symbolkit at 1.0.0 (0.67s)
Computing version for https://github.com/apple/swift-argument-parser.git
Computed https://github.com/apple/swift-argument-parser.git at 1.8.2 (0.15s)
Computing version for https://github.com/apple/swift-crypto.git
Computed https://github.com/apple/swift-crypto.git at 3.15.1 (0.43s)
Fetching https://github.com/apple/swift-asn1.git
[1/1905] Fetching swift-asn1
Fetched https://github.com/apple/swift-asn1.git from cache (0.38s)
Computing version for https://github.com/apple/swift-asn1.git
Computed https://github.com/apple/swift-asn1.git at 1.7.1 (1.25s)
Creating working copy for https://github.com/apple/swift-asn1.git
Working copy of https://github.com/apple/swift-asn1.git resolved at 1.7.1
Creating working copy for https://github.com/apple/swift-argument-parser.git
Working copy of https://github.com/apple/swift-argument-parser.git resolved at 1.8.2
Creating working copy for https://github.com/apple/swift-crypto.git
Working copy of https://github.com/apple/swift-crypto.git resolved at 3.15.1
Creating working copy for https://github.com/swiftlang/swift-docc-symbolkit
Working copy of https://github.com/swiftlang/swift-docc-symbolkit resolved at 1.0.0
Creating working copy for https://github.com/swiftlang/swift-docc-plugin.git
Working copy of https://github.com/swiftlang/swift-docc-plugin.git resolved at 1.5.0
[1/1] Compiling plugin Swift-DocC Preview
[2/2] Compiling plugin Swift-DocC
[3/3] Compiling plugin GenerateManual
[4/4] Compiling plugin GenerateDoccReference
Building for debugging...
[4/17] Write sources
[9/17] Write swift-version-24593BA9C3E375BF.txt
error: emit-module command failed with exit code 1 (use -v to see invocation)
[11/79] Emitting module IcecastKit
/host/spi-builder-workspace/Sources/IcecastKit/Authentication/AuthCrypto.swift:9:12: error: no such module 'Crypto'
 7 |     import CryptoKit
 8 | #else
 9 |     import Crypto
   |            `- error: no such module 'Crypto'
10 | #endif
11 |
[12/87] Emitting module ArgumentParserToolInfo
[13/87] Compiling ArgumentParserToolInfo ToolInfo.swift
[14/88] Wrapping AST for ArgumentParserToolInfo for debugging
[16/135] Emitting module ArgumentParser
[17/141] Compiling ArgumentParser UniqueNamesValidator.swift
/host/spi-builder-workspace/Sources/IcecastKit/Authentication/AuthCrypto.swift:9:12: error: no such module 'Crypto'
 7 |     import CryptoKit
 8 | #else
 9 |     import Crypto
   |            `- error: no such module 'Crypto'
10 | #endif
11 |
[18/141] Compiling IcecastKit ProbeTargetQuality.swift
/host/spi-builder-workspace/Sources/IcecastKit/Authentication/AuthCrypto.swift:9:12: error: no such module 'Crypto'
 7 |     import CryptoKit
 8 | #else
 9 |     import Crypto
   |            `- error: no such module 'Crypto'
10 | #endif
11 |
[19/141] Compiling IcecastKit HTTPRequestBuilder.swift
/host/spi-builder-workspace/Sources/IcecastKit/Authentication/AuthCrypto.swift:9:12: error: no such module 'Crypto'
 7 |     import CryptoKit
 8 | #else
 9 |     import Crypto
   |            `- error: no such module 'Crypto'
10 | #endif
11 |
[20/141] Compiling IcecastKit HTTPResponseParser.swift
/host/spi-builder-workspace/Sources/IcecastKit/Authentication/AuthCrypto.swift:9:12: error: no such module 'Crypto'
 7 |     import CryptoKit
 8 | #else
 9 |     import Crypto
   |            `- error: no such module 'Crypto'
10 | #endif
11 |
[21/141] Compiling IcecastKit IcecastProtocol.swift
/host/spi-builder-workspace/Sources/IcecastKit/Authentication/AuthCrypto.swift:9:12: error: no such module 'Crypto'
 7 |     import CryptoKit
 8 | #else
 9 |     import Crypto
   |            `- error: no such module 'Crypto'
10 | #endif
11 |
[22/141] Compiling IcecastKit ProtocolNegotiator.swift
/host/spi-builder-workspace/Sources/IcecastKit/Authentication/AuthCrypto.swift:9:12: error: no such module 'Crypto'
 7 |     import CryptoKit
 8 | #else
 9 |     import Crypto
   |            `- error: no such module 'Crypto'
10 | #endif
11 |
[23/141] Compiling IcecastKit ShoutcastProtocol.swift
/host/spi-builder-workspace/Sources/IcecastKit/Authentication/AuthCrypto.swift:9:12: error: no such module 'Crypto'
 7 |     import CryptoKit
 8 | #else
 9 |     import Crypto
   |            `- error: no such module 'Crypto'
10 | #endif
11 |
[24/141] Compiling IcecastKit ConnectionQuality.swift
/host/spi-builder-workspace/Sources/IcecastKit/Authentication/AuthCrypto.swift:9:12: error: no such module 'Crypto'
 7 |     import CryptoKit
 8 | #else
 9 |     import Crypto
   |            `- error: no such module 'Crypto'
10 | #endif
11 |
[25/141] Compiling ArgumentParser ParserError.swift
/host/spi-builder-workspace/Sources/IcecastKit/Authentication/AuthCrypto.swift:9:12: error: no such module 'Crypto'
 7 |     import CryptoKit
 8 | #else
 9 |     import Crypto
   |            `- error: no such module 'Crypto'
10 | #endif
11 |
[26/141] Compiling ArgumentParser SplitArguments.swift
/host/spi-builder-workspace/Sources/IcecastKit/Authentication/AuthCrypto.swift:9:12: error: no such module 'Crypto'
 7 |     import CryptoKit
 8 | #else
 9 |     import Crypto
   |            `- error: no such module 'Crypto'
10 | #endif
11 |
[27/141] Compiling ArgumentParser DumpHelpGenerator.swift
/host/spi-builder-workspace/Sources/IcecastKit/Authentication/AuthCrypto.swift:9:12: error: no such module 'Crypto'
 7 |     import CryptoKit
 8 | #else
 9 |     import Crypto
   |            `- error: no such module 'Crypto'
10 | #endif
11 |
[28/141] Compiling ArgumentParser AsyncCompletionsValidator.swift
/host/spi-builder-workspace/Sources/IcecastKit/Authentication/AuthCrypto.swift:9:12: error: no such module 'Crypto'
 7 |     import CryptoKit
 8 | #else
 9 |     import Crypto
   |            `- error: no such module 'Crypto'
10 | #endif
11 |
[29/141] Compiling ArgumentParser CodingKeyValidator.swift
/host/spi-builder-workspace/Sources/IcecastKit/Authentication/AuthCrypto.swift:9:12: error: no such module 'Crypto'
 7 |     import CryptoKit
 8 | #else
 9 |     import Crypto
   |            `- error: no such module 'Crypto'
10 | #endif
11 |
[30/141] Compiling ArgumentParser NonsenseFlagsValidator.swift
/host/spi-builder-workspace/Sources/IcecastKit/Authentication/AuthCrypto.swift:9:12: error: no such module 'Crypto'
 7 |     import CryptoKit
 8 | #else
 9 |     import Crypto
   |            `- error: no such module 'Crypto'
10 | #endif
11 |
[31/141] Compiling ArgumentParser ParsableArgumentsValidation.swift
/host/spi-builder-workspace/Sources/IcecastKit/Authentication/AuthCrypto.swift:9:12: error: no such module 'Crypto'
 7 |     import CryptoKit
 8 | #else
 9 |     import Crypto
   |            `- error: no such module 'Crypto'
10 | #endif
11 |
[32/141] Compiling ArgumentParser PositionalArgumentsValidator.swift
/host/spi-builder-workspace/Sources/IcecastKit/Authentication/AuthCrypto.swift:9:12: error: no such module 'Crypto'
 7 |     import CryptoKit
 8 | #else
 9 |     import Crypto
   |            `- error: no such module 'Crypto'
10 | #endif
11 |
[33/141] Compiling ArgumentParser BashCompletionsGenerator.swift
/host/spi-builder-workspace/Sources/IcecastKit/Authentication/AuthCrypto.swift:9:12: error: no such module 'Crypto'
 7 |     import CryptoKit
 8 | #else
 9 |     import Crypto
   |            `- error: no such module 'Crypto'
10 | #endif
11 |
[34/141] Compiling ArgumentParser CompletionsGenerator.swift
/host/spi-builder-workspace/Sources/IcecastKit/Authentication/AuthCrypto.swift:9:12: error: no such module 'Crypto'
 7 |     import CryptoKit
 8 | #else
 9 |     import Crypto
   |            `- error: no such module 'Crypto'
10 | #endif
11 |
[35/141] Compiling ArgumentParser FishCompletionsGenerator.swift
/host/spi-builder-workspace/Sources/IcecastKit/Authentication/AuthCrypto.swift:9:12: error: no such module 'Crypto'
 7 |     import CryptoKit
 8 | #else
 9 |     import Crypto
   |            `- error: no such module 'Crypto'
10 | #endif
11 |
[36/141] Compiling ArgumentParser ZshCompletionsGenerator.swift
/host/spi-builder-workspace/Sources/IcecastKit/Authentication/AuthCrypto.swift:9:12: error: no such module 'Crypto'
 7 |     import CryptoKit
 8 | #else
 9 |     import Crypto
   |            `- error: no such module 'Crypto'
10 | #endif
11 |
[37/141] Compiling ArgumentParser Argument.swift
/host/spi-builder-workspace/Sources/IcecastKit/Authentication/AuthCrypto.swift:9:12: error: no such module 'Crypto'
 7 |     import CryptoKit
 8 | #else
 9 |     import Crypto
   |            `- error: no such module 'Crypto'
10 | #endif
11 |
[38/141] Compiling ArgumentParser ArgumentDiscussion.swift
/host/spi-builder-workspace/Sources/IcecastKit/Authentication/AuthCrypto.swift:9:12: error: no such module 'Crypto'
 7 |     import CryptoKit
 8 | #else
 9 |     import Crypto
   |            `- error: no such module 'Crypto'
10 | #endif
11 |
[39/141] Compiling ArgumentParser ArgumentHelp.swift
/host/spi-builder-workspace/Sources/IcecastKit/Authentication/AuthCrypto.swift:9:12: error: no such module 'Crypto'
 7 |     import CryptoKit
 8 | #else
 9 |     import Crypto
   |            `- error: no such module 'Crypto'
10 | #endif
11 |
[40/141] Compiling ArgumentParser ArgumentVisibility.swift
/host/spi-builder-workspace/Sources/IcecastKit/Authentication/AuthCrypto.swift:9:12: error: no such module 'Crypto'
 7 |     import CryptoKit
 8 | #else
 9 |     import Crypto
   |            `- error: no such module 'Crypto'
10 | #endif
11 |
[41/141] Compiling ArgumentParser CompletionKind.swift
/host/spi-builder-workspace/Sources/IcecastKit/Authentication/AuthCrypto.swift:9:12: error: no such module 'Crypto'
 7 |     import CryptoKit
 8 | #else
 9 |     import Crypto
   |            `- error: no such module 'Crypto'
10 | #endif
11 |
[42/141] Compiling ArgumentParser EnumerableFlag.swift
/host/spi-builder-workspace/Sources/IcecastKit/Authentication/AuthCrypto.swift:9:12: error: no such module 'Crypto'
 7 |     import CryptoKit
 8 | #else
 9 |     import Crypto
   |            `- error: no such module 'Crypto'
10 | #endif
11 |
[43/141] Compiling ArgumentParser ExpressibleByArgument.swift
/host/spi-builder-workspace/Sources/IcecastKit/Authentication/AuthCrypto.swift:9:12: error: no such module 'Crypto'
 7 |     import CryptoKit
 8 | #else
 9 |     import Crypto
   |            `- error: no such module 'Crypto'
10 | #endif
11 |
[44/141] Compiling ArgumentParser ParsableArguments.swift
/host/spi-builder-workspace/Sources/IcecastKit/Authentication/AuthCrypto.swift:9:12: error: no such module 'Crypto'
 7 |     import CryptoKit
 8 | #else
 9 |     import Crypto
   |            `- error: no such module 'Crypto'
10 | #endif
11 |
[45/141] Compiling ArgumentParser ParsableCommand.swift
/host/spi-builder-workspace/Sources/IcecastKit/Authentication/AuthCrypto.swift:9:12: error: no such module 'Crypto'
 7 |     import CryptoKit
 8 | #else
 9 |     import Crypto
   |            `- error: no such module 'Crypto'
10 | #endif
11 |
[46/141] Compiling ArgumentParser ArgumentDecoder.swift
/host/spi-builder-workspace/Sources/IcecastKit/Authentication/AuthCrypto.swift:9:12: error: no such module 'Crypto'
 7 |     import CryptoKit
 8 | #else
 9 |     import Crypto
   |            `- error: no such module 'Crypto'
10 | #endif
11 |
[47/141] Compiling ArgumentParser ArgumentDefinition.swift
/host/spi-builder-workspace/Sources/IcecastKit/Authentication/AuthCrypto.swift:9:12: error: no such module 'Crypto'
 7 |     import CryptoKit
 8 | #else
 9 |     import Crypto
   |            `- error: no such module 'Crypto'
10 | #endif
11 |
[48/141] Compiling ArgumentParser ArgumentSet.swift
/host/spi-builder-workspace/Sources/IcecastKit/Authentication/AuthCrypto.swift:9:12: error: no such module 'Crypto'
 7 |     import CryptoKit
 8 | #else
 9 |     import Crypto
   |            `- error: no such module 'Crypto'
10 | #endif
11 |
[49/141] Compiling ArgumentParser CommandParser.swift
/host/spi-builder-workspace/Sources/IcecastKit/Authentication/AuthCrypto.swift:9:12: error: no such module 'Crypto'
 7 |     import CryptoKit
 8 | #else
 9 |     import Crypto
   |            `- error: no such module 'Crypto'
10 | #endif
11 |
[50/141] Compiling ArgumentParser HelpGenerator.swift
/host/spi-builder-workspace/Sources/IcecastKit/Authentication/AuthCrypto.swift:9:12: error: no such module 'Crypto'
 7 |     import CryptoKit
 8 | #else
 9 |     import Crypto
   |            `- error: no such module 'Crypto'
10 | #endif
11 |
[51/141] Compiling ArgumentParser MessageInfo.swift
/host/spi-builder-workspace/Sources/IcecastKit/Authentication/AuthCrypto.swift:9:12: error: no such module 'Crypto'
 7 |     import CryptoKit
 8 | #else
 9 |     import Crypto
   |            `- error: no such module 'Crypto'
10 | #endif
11 |
[52/141] Compiling ArgumentParser UsageGenerator.swift
/host/spi-builder-workspace/Sources/IcecastKit/Authentication/AuthCrypto.swift:9:12: error: no such module 'Crypto'
 7 |     import CryptoKit
 8 | #else
 9 |     import Crypto
   |            `- error: no such module 'Crypto'
10 | #endif
11 |
[53/141] Compiling ArgumentParser CollectionExtensions.swift
/host/spi-builder-workspace/Sources/IcecastKit/Authentication/AuthCrypto.swift:9:12: error: no such module 'Crypto'
 7 |     import CryptoKit
 8 | #else
 9 |     import Crypto
   |            `- error: no such module 'Crypto'
10 | #endif
11 |
[54/141] Compiling ArgumentParser Foundation.swift
/host/spi-builder-workspace/Sources/IcecastKit/Authentication/AuthCrypto.swift:9:12: error: no such module 'Crypto'
 7 |     import CryptoKit
 8 | #else
 9 |     import Crypto
   |            `- error: no such module 'Crypto'
10 | #endif
11 |
[55/141] Compiling ArgumentParser Name.swift
/host/spi-builder-workspace/Sources/IcecastKit/Authentication/AuthCrypto.swift:9:12: error: no such module 'Crypto'
 7 |     import CryptoKit
 8 | #else
 9 |     import Crypto
   |            `- error: no such module 'Crypto'
10 | #endif
11 |
[56/141] Compiling ArgumentParser Parsed.swift
/host/spi-builder-workspace/Sources/IcecastKit/Authentication/AuthCrypto.swift:9:12: error: no such module 'Crypto'
 7 |     import CryptoKit
 8 | #else
 9 |     import Crypto
   |            `- error: no such module 'Crypto'
10 | #endif
11 |
[57/141] Compiling ArgumentParser ParsedValues.swift
/host/spi-builder-workspace/Sources/IcecastKit/Authentication/AuthCrypto.swift:9:12: error: no such module 'Crypto'
 7 |     import CryptoKit
 8 | #else
 9 |     import Crypto
   |            `- error: no such module 'Crypto'
10 | #endif
11 |
[58/141] Compiling ArgumentParser Errors.swift
/host/spi-builder-workspace/Sources/IcecastKit/Authentication/AuthCrypto.swift:9:12: error: no such module 'Crypto'
 7 |     import CryptoKit
 8 | #else
 9 |     import Crypto
   |            `- error: no such module 'Crypto'
10 | #endif
11 |
[59/141] Compiling ArgumentParser Flag.swift
/host/spi-builder-workspace/Sources/IcecastKit/Authentication/AuthCrypto.swift:9:12: error: no such module 'Crypto'
 7 |     import CryptoKit
 8 | #else
 9 |     import Crypto
   |            `- error: no such module 'Crypto'
10 | #endif
11 |
[60/141] Compiling ArgumentParser NameSpecification.swift
/host/spi-builder-workspace/Sources/IcecastKit/Authentication/AuthCrypto.swift:9:12: error: no such module 'Crypto'
 7 |     import CryptoKit
 8 | #else
 9 |     import Crypto
   |            `- error: no such module 'Crypto'
10 | #endif
11 |
[61/141] Compiling ArgumentParser Option.swift
/host/spi-builder-workspace/Sources/IcecastKit/Authentication/AuthCrypto.swift:9:12: error: no such module 'Crypto'
 7 |     import CryptoKit
 8 | #else
 9 |     import Crypto
   |            `- error: no such module 'Crypto'
10 | #endif
11 |
[62/141] Compiling ArgumentParser OptionGroup.swift
/host/spi-builder-workspace/Sources/IcecastKit/Authentication/AuthCrypto.swift:9:12: error: no such module 'Crypto'
 7 |     import CryptoKit
 8 | #else
 9 |     import Crypto
   |            `- error: no such module 'Crypto'
10 | #endif
11 |
[63/141] Compiling ArgumentParser ParentCommand.swift
/host/spi-builder-workspace/Sources/IcecastKit/Authentication/AuthCrypto.swift:9:12: error: no such module 'Crypto'
 7 |     import CryptoKit
 8 | #else
 9 |     import Crypto
   |            `- error: no such module 'Crypto'
10 | #endif
11 |
[64/141] Compiling ArgumentParser AsyncParsableCommand.swift
/host/spi-builder-workspace/Sources/IcecastKit/Authentication/AuthCrypto.swift:9:12: error: no such module 'Crypto'
 7 |     import CryptoKit
 8 | #else
 9 |     import Crypto
   |            `- error: no such module 'Crypto'
10 | #endif
11 |
[65/141] Compiling ArgumentParser CommandConfiguration.swift
/host/spi-builder-workspace/Sources/IcecastKit/Authentication/AuthCrypto.swift:9:12: error: no such module 'Crypto'
 7 |     import CryptoKit
 8 | #else
 9 |     import Crypto
   |            `- error: no such module 'Crypto'
10 | #endif
11 |
[66/141] Compiling ArgumentParser CommandGroup.swift
/host/spi-builder-workspace/Sources/IcecastKit/Authentication/AuthCrypto.swift:9:12: error: no such module 'Crypto'
 7 |     import CryptoKit
 8 | #else
 9 |     import Crypto
   |            `- error: no such module 'Crypto'
10 | #endif
11 |
[67/141] Compiling ArgumentParser InputKey.swift
/host/spi-builder-workspace/Sources/IcecastKit/Authentication/AuthCrypto.swift:9:12: error: no such module 'Crypto'
 7 |     import CryptoKit
 8 | #else
 9 |     import Crypto
   |            `- error: no such module 'Crypto'
10 | #endif
11 |
[68/141] Compiling ArgumentParser InputOrigin.swift
/host/spi-builder-workspace/Sources/IcecastKit/Authentication/AuthCrypto.swift:9:12: error: no such module 'Crypto'
 7 |     import CryptoKit
 8 | #else
 9 |     import Crypto
   |            `- error: no such module 'Crypto'
10 | #endif
11 |
[69/141] Compiling ArgumentParser Mutex.swift
/host/spi-builder-workspace/Sources/IcecastKit/Authentication/AuthCrypto.swift:9:12: error: no such module 'Crypto'
 7 |     import CryptoKit
 8 | #else
 9 |     import Crypto
   |            `- error: no such module 'Crypto'
10 | #endif
11 |
[70/141] Compiling ArgumentParser Platform.swift
/host/spi-builder-workspace/Sources/IcecastKit/Authentication/AuthCrypto.swift:9:12: error: no such module 'Crypto'
 7 |     import CryptoKit
 8 | #else
 9 |     import Crypto
   |            `- error: no such module 'Crypto'
10 | #endif
11 |
[71/141] Compiling ArgumentParser SequenceExtensions.swift
/host/spi-builder-workspace/Sources/IcecastKit/Authentication/AuthCrypto.swift:9:12: error: no such module 'Crypto'
 7 |     import CryptoKit
 8 | #else
 9 |     import Crypto
   |            `- error: no such module 'Crypto'
10 | #endif
11 |
[72/141] Compiling ArgumentParser StringExtensions.swift
/host/spi-builder-workspace/Sources/IcecastKit/Authentication/AuthCrypto.swift:9:12: error: no such module 'Crypto'
 7 |     import CryptoKit
 8 | #else
 9 |     import Crypto
   |            `- error: no such module 'Crypto'
10 | #endif
11 |
[73/141] Compiling ArgumentParser SwiftExtensions.swift
/host/spi-builder-workspace/Sources/IcecastKit/Authentication/AuthCrypto.swift:9:12: error: no such module 'Crypto'
 7 |     import CryptoKit
 8 | #else
 9 |     import Crypto
   |            `- error: no such module 'Crypto'
10 | #endif
11 |
[74/141] Compiling ArgumentParser Tree.swift
/host/spi-builder-workspace/Sources/IcecastKit/Authentication/AuthCrypto.swift:9:12: error: no such module 'Crypto'
 7 |     import CryptoKit
 8 | #else
 9 |     import Crypto
   |            `- error: no such module 'Crypto'
10 | #endif
11 |
[75/141] Compiling ArgumentParser HelpCommand.swift
/host/spi-builder-workspace/Sources/IcecastKit/Authentication/AuthCrypto.swift:9:12: error: no such module 'Crypto'
 7 |     import CryptoKit
 8 | #else
 9 |     import Crypto
   |            `- error: no such module 'Crypto'
10 | #endif
11 |
[76/141] Compiling IcecastKit ICYStreamDemuxer.swift
/host/spi-builder-workspace/Sources/IcecastKit/Authentication/AuthCrypto.swift:9:12: error: no such module 'Crypto'
 7 |     import CryptoKit
 8 | #else
 9 |     import Crypto
   |            `- error: no such module 'Crypto'
10 | #endif
11 |
[77/141] Compiling IcecastKit IcecastRelay.swift
/host/spi-builder-workspace/Sources/IcecastKit/Authentication/AuthCrypto.swift:9:12: error: no such module 'Crypto'
 7 |     import CryptoKit
 8 | #else
 9 |     import Crypto
   |            `- error: no such module 'Crypto'
10 | #endif
11 |
[78/141] Compiling IcecastKit IcecastRelayConfiguration.swift
/host/spi-builder-workspace/Sources/IcecastKit/Authentication/AuthCrypto.swift:9:12: error: no such module 'Crypto'
 7 |     import CryptoKit
 8 | #else
 9 |     import Crypto
   |            `- error: no such module 'Crypto'
10 | #endif
11 |
[79/141] Compiling IcecastKit ListenerHTTPClient.swift
/host/spi-builder-workspace/Sources/IcecastKit/Authentication/AuthCrypto.swift:9:12: error: no such module 'Crypto'
 7 |     import CryptoKit
 8 | #else
 9 |     import Crypto
   |            `- error: no such module 'Crypto'
10 | #endif
11 |
[80/141] Compiling IcecastKit NWTransportConnection.swift
/host/spi-builder-workspace/Sources/IcecastKit/Authentication/AuthCrypto.swift:9:12: error: no such module 'Crypto'
 7 |     import CryptoKit
 8 | #else
 9 |     import Crypto
   |            `- error: no such module 'Crypto'
10 | #endif
11 |
[81/141] Compiling IcecastKit POSIXTransportConnection.swift
/host/spi-builder-workspace/Sources/IcecastKit/Authentication/AuthCrypto.swift:9:12: error: no such module 'Crypto'
 7 |     import CryptoKit
 8 | #else
 9 |     import Crypto
   |            `- error: no such module 'Crypto'
10 | #endif
11 |
[82/141] Compiling IcecastKit TransportConnection.swift
/host/spi-builder-workspace/Sources/IcecastKit/Authentication/AuthCrypto.swift:9:12: error: no such module 'Crypto'
 7 |     import CryptoKit
 8 | #else
 9 |     import Crypto
   |            `- error: no such module 'Crypto'
10 | #endif
11 |
[83/141] Compiling IcecastKit TransportConnectionFactory.swift
/host/spi-builder-workspace/Sources/IcecastKit/Authentication/AuthCrypto.swift:9:12: error: no such module 'Crypto'
 7 |     import CryptoKit
 8 | #else
 9 |     import Crypto
   |            `- error: no such module 'Crypto'
10 | #endif
11 |
BUILD FAILURE 6.2 wasm