Build Information
Failed to build PJSIP, reference main (deccf2), with Swift 6.1 for watchOS using Xcode 16.3 on 13 Oct 2026 16:49:13 UTC.
Build Command
env DEVELOPER_DIR=/Applications/Xcode-16.3.0.app xcrun xcodebuild -IDEClonedSourcePackagesDirPathOverride=$PWD/.dependencies -skipMacroValidation -skipPackagePluginValidation -derivedDataPath $PWD/.derivedData build -scheme PJSIP -destination generic/platform=watchOSBuild Log
========================================
RunAll
========================================
Builder version: 5.1.2
Interrupt handler set up.
========================================
Checkout
========================================
Clone URL: https://github.com/laconicman/swift-pjsip.git
Reference: main
Initialized empty Git repository in /Users/admin/builder/spi-builder-workspace/.git/
From https://github.com/laconicman/swift-pjsip
* branch main -> FETCH_HEAD
* [new branch] main -> origin/main
HEAD is now at deccf2c docs: warn that "darwin" means the opposite in pjmedia
Cloned https://github.com/laconicman/swift-pjsip.git
Revision (git rev-parse @):
deccf2ca78b2231c93671c9729f96aefa0511210
SUCCESS checkout https://github.com/laconicman/swift-pjsip.git at main
========================================
Build
========================================
Selected platform: watchOS
Swift version: 6.1
Building package at path: $PWD
https://github.com/laconicman/swift-pjsip.git
https://github.com/laconicman/swift-pjsip.git
{
"dependencies" : [
],
"manifest_display_name" : "PJSIP",
"name" : "PJSIP",
"path" : "/Users/admin/builder/spi-builder-workspace",
"platforms" : [
{
"name" : "ios",
"version" : "15.0"
}
],
"products" : [
{
"name" : "PJSIP",
"targets" : [
"PJSIP"
],
"type" : {
"library" : [
"automatic"
]
}
}
],
"targets" : [
{
"c99name" : "PJSIP",
"module_type" : "BinaryTarget",
"name" : "PJSIP",
"path" : "remote/archive/PJSIP.xcframework-2.17.0-bd69054a6.zip",
"product_memberships" : [
"PJSIP"
],
"sources" : [
],
"type" : "binary"
}
],
"tools_version" : "5.9"
}
Command line invocation:
/Applications/Xcode-16.3.0.app/Contents/Developer/usr/bin/xcodebuild -IDEClonedSourcePackagesDirPathOverride=/Users/admin/builder/spi-builder-workspace/.dependencies -resolvePackageDependencies
Resolve Package Graph
Resolve Package Graph
Resolved source packages:
PJSIP: /Users/admin/builder/spi-builder-workspace
resolved source packages: PJSIP
{
"dependencies" : [
],
"manifest_display_name" : "PJSIP",
"name" : "PJSIP",
"path" : "/Users/admin/builder/spi-builder-workspace",
"platforms" : [
{
"name" : "ios",
"version" : "15.0"
}
],
"products" : [
{
"name" : "PJSIP",
"targets" : [
"PJSIP"
],
"type" : {
"library" : [
"automatic"
]
}
}
],
"targets" : [
{
"c99name" : "PJSIP",
"module_type" : "BinaryTarget",
"name" : "PJSIP",
"path" : "remote/archive/PJSIP.xcframework-2.17.0-bd69054a6.zip",
"product_memberships" : [
"PJSIP"
],
"sources" : [
],
"type" : "binary"
}
],
"tools_version" : "5.9"
}
{
"workspace" : {
"name" : "spi-builder-workspace",
"schemes" : [
"PJSIP"
]
}
}
Running build ...
env DEVELOPER_DIR=/Applications/Xcode-16.3.0.app xcrun xcodebuild -IDEClonedSourcePackagesDirPathOverride=$PWD/.dependencies -skipMacroValidation -skipPackagePluginValidation -derivedDataPath $PWD/.derivedData build -scheme PJSIP -destination generic/platform=watchOS OTHER_SWIFT_FLAGS=-stats-output-dir .stats -strict-concurrency=complete -enable-upcoming-feature StrictConcurrency -enable-upcoming-feature DisableOutwardActorInference -enable-upcoming-feature GlobalActorIsolatedTypesUsability -enable-upcoming-feature InferSendableFromCaptures
Command line invocation:
/Applications/Xcode-16.3.0.app/Contents/Developer/usr/bin/xcodebuild -IDEClonedSourcePackagesDirPathOverride=/Users/admin/builder/spi-builder-workspace/.dependencies -skipMacroValidation -skipPackagePluginValidation -derivedDataPath /Users/admin/builder/spi-builder-workspace/.derivedData build -scheme PJSIP -destination generic/platform=watchOS "OTHER_SWIFT_FLAGS=-stats-output-dir .stats -strict-concurrency=complete -enable-upcoming-feature StrictConcurrency -enable-upcoming-feature DisableOutwardActorInference -enable-upcoming-feature GlobalActorIsolatedTypesUsability -enable-upcoming-feature InferSendableFromCaptures"
Build settings from command line:
OTHER_SWIFT_FLAGS = -stats-output-dir .stats -strict-concurrency=complete -enable-upcoming-feature StrictConcurrency -enable-upcoming-feature DisableOutwardActorInference -enable-upcoming-feature GlobalActorIsolatedTypesUsability -enable-upcoming-feature InferSendableFromCaptures
Resolve Package Graph
Resolved source packages:
PJSIP: /Users/admin/builder/spi-builder-workspace
ComputePackagePrebuildTargetDependencyGraph
Prepare packages
CreateBuildRequest
SendProjectDescription
CreateBuildOperation
ComputeTargetDependencyGraph
note: Building targets in dependency order
note: Target dependency graph (1 target)
Target 'PJSIP' in project 'PJSIP' (no dependencies)
GatherProvisioningInputs
CreateBuildDescription
ExecuteExternalTool /Applications/Xcode-16.3.0.app/Contents/Developer/Toolchains/XcodeDefault.xctoolchain/usr/bin/clang -v -E -dM -isysroot /Applications/Xcode-16.3.0.app/Contents/Developer/Platforms/WatchOS.platform/Developer/SDKs/WatchOS11.4.sdk -x c -c /dev/null
Build description signature: ad709bcc7cf01b034e8e1809cd724b30
Build description path: /Users/admin/builder/spi-builder-workspace/.derivedData/Build/Intermediates.noindex/XCBuildData/ad709bcc7cf01b034e8e1809cd724b30.xcbuilddata
/Users/admin/builder/spi-builder-workspace/.dependencies/artifacts/spi-builder-workspace/PJSIP/PJSIP.xcframework:1:1: error: While building for watchOS, no library for this platform was found in '/Users/admin/builder/spi-builder-workspace/.dependencies/artifacts/spi-builder-workspace/PJSIP/PJSIP.xcframework'. (in target 'PJSIP' from project 'PJSIP')
** BUILD FAILED **
The following build commands failed:
Building workspace spi-builder-workspace with scheme PJSIP
(1 failure)
Command line invocation:
/Applications/Xcode-16.3.0.app/Contents/Developer/usr/bin/xcodebuild -IDEClonedSourcePackagesDirPathOverride=/Users/admin/builder/spi-builder-workspace/.dependencies -resolvePackageDependencies
Resolve Package Graph
Resolved source packages:
PJSIP: /Users/admin/builder/spi-builder-workspace
resolved source packages: PJSIP
{
"dependencies" : [
],
"manifest_display_name" : "PJSIP",
"name" : "PJSIP",
"path" : "/Users/admin/builder/spi-builder-workspace",
"platforms" : [
{
"name" : "ios",
"version" : "15.0"
}
],
"products" : [
{
"name" : "PJSIP",
"targets" : [
"PJSIP"
],
"type" : {
"library" : [
"automatic"
]
}
}
],
"targets" : [
{
"c99name" : "PJSIP",
"module_type" : "BinaryTarget",
"name" : "PJSIP",
"path" : "remote/archive/PJSIP.xcframework-2.17.0-bd69054a6.zip",
"product_memberships" : [
"PJSIP"
],
"sources" : [
],
"type" : "binary"
}
],
"tools_version" : "5.9"
}
{
"workspace" : {
"name" : "spi-builder-workspace",
"schemes" : [
"PJSIP"
]
}
}
Running build ...
env DEVELOPER_DIR=/Applications/Xcode-16.3.0.app xcrun xcodebuild -IDEClonedSourcePackagesDirPathOverride=$PWD/.dependencies -skipMacroValidation -skipPackagePluginValidation -derivedDataPath $PWD/.derivedData build -scheme PJSIP -destination generic/platform=watchOS
Command line invocation:
/Applications/Xcode-16.3.0.app/Contents/Developer/usr/bin/xcodebuild -IDEClonedSourcePackagesDirPathOverride=/Users/admin/builder/spi-builder-workspace/.dependencies -skipMacroValidation -skipPackagePluginValidation -derivedDataPath /Users/admin/builder/spi-builder-workspace/.derivedData build -scheme PJSIP -destination generic/platform=watchOS
Resolve Package Graph
Resolved source packages:
PJSIP: /Users/admin/builder/spi-builder-workspace
ComputePackagePrebuildTargetDependencyGraph
Prepare packages
CreateBuildRequest
SendProjectDescription
CreateBuildOperation
ComputeTargetDependencyGraph
note: Building targets in dependency order
note: Target dependency graph (1 target)
Target 'PJSIP' in project 'PJSIP' (no dependencies)
GatherProvisioningInputs
CreateBuildDescription
ExecuteExternalTool /Applications/Xcode-16.3.0.app/Contents/Developer/Toolchains/XcodeDefault.xctoolchain/usr/bin/clang -v -E -dM -isysroot /Applications/Xcode-16.3.0.app/Contents/Developer/Platforms/WatchOS.platform/Developer/SDKs/WatchOS11.4.sdk -x c -c /dev/null
Build description signature: 69e2aee97abff40466c3541441351a09
Build description path: /Users/admin/builder/spi-builder-workspace/.derivedData/Build/Intermediates.noindex/XCBuildData/69e2aee97abff40466c3541441351a09.xcbuilddata
/Users/admin/builder/spi-builder-workspace/.dependencies/artifacts/spi-builder-workspace/PJSIP/PJSIP.xcframework:1:1: error: While building for watchOS, no library for this platform was found in '/Users/admin/builder/spi-builder-workspace/.dependencies/artifacts/spi-builder-workspace/PJSIP/PJSIP.xcframework'. (in target 'PJSIP' from project 'PJSIP')
** BUILD FAILED **
The following build commands failed:
Building workspace spi-builder-workspace with scheme PJSIP
(1 failure)
BUILD FAILURE 6.1 watchOS