The Swift Package Index logo.Swift Package Index

Build Information

Failed to build AppKitUI, reference main (d2f4d5), with Swift 6.4 for macOS (Xcode) using Xcode 27.0 on 24 Sep 2026 21:15:20 UTC.

Build Command

env DEVELOPER_DIR=/Applications/Xcode-27.0.0-Release.Candidate.app xcrun xcodebuild -IDEClonedSourcePackagesDirPathOverride=$PWD/.dependencies -skipMacroValidation -skipPackagePluginValidation -derivedDataPath $PWD/.derivedData build -scheme AppKitUI -destination platform=macOS,arch=arm64

Build Log

SwiftExplicitDependencyGeneratePcm arm64 /Users/admin/builder/spi-builder-workspace/.derivedData/SDKExplicitPrecompiledModules/libDER-5RCYOD0PCUUY2UGMBNE9LI8N9.pcm
SwiftExplicitDependencyGeneratePcm arm64 /Users/admin/builder/spi-builder-workspace/.derivedData/SDKExplicitPrecompiledModules/_Builtin_stdatomic-8LN7S35C6I48KJOCW7VPXX04X.pcm
SwiftExplicitDependencyGeneratePcm arm64 /Users/admin/builder/spi-builder-workspace/.derivedData/SDKExplicitPrecompiledModules/_Builtin_inttypes-1U6AP9A8AJ4G9WD98E9RHLGTJ.pcm
SwiftExplicitDependencyGeneratePcm arm64 /Users/admin/builder/spi-builder-workspace/.derivedData/SDKExplicitPrecompiledModules/Darwin-1RAAWNGKQM8YGHV0YJNNN5YDY.pcm
SwiftExplicitDependencyGeneratePcm arm64 /Users/admin/builder/spi-builder-workspace/.derivedData/SDKExplicitPrecompiledModules/simd-A9TKR8OE9APRJ1RNS7F0OBY4Q.pcm
SwiftExplicitDependencyGeneratePcm arm64 /Users/admin/builder/spi-builder-workspace/.derivedData/SDKExplicitPrecompiledModules/libkern-22MDXN9G35RPO3OLKX9B2PN16.pcm
SwiftExplicitDependencyGeneratePcm arm64 /Users/admin/builder/spi-builder-workspace/.derivedData/SDKExplicitPrecompiledModules/CUPS-45MNISAOHSEBD6VQA5G0MXN9H.pcm
SwiftExplicitDependencyGeneratePcm arm64 /Users/admin/builder/spi-builder-workspace/.derivedData/SDKExplicitPrecompiledModules/launch-2XAORMJNLLVS0OVKC1M0752GY.pcm
SwiftExplicitDependencyGeneratePcm arm64 /Users/admin/builder/spi-builder-workspace/.derivedData/SDKExplicitPrecompiledModules/MachO-AWTJ65TFR7TMST2NUE6ZCC1SL.pcm
SwiftExplicitDependencyGeneratePcm arm64 /Users/admin/builder/spi-builder-workspace/.derivedData/SDKExplicitPrecompiledModules/ObjectiveC-B89IQP2TC4CFSWOUMTUZRI1VZ.pcm
SwiftExplicitDependencyGeneratePcm arm64 /Users/admin/builder/spi-builder-workspace/.derivedData/SDKExplicitPrecompiledModules/Spatial-2JNOU2HNJ0Q174XCFCD0GCOUQ.pcm
SwiftExplicitDependencyGeneratePcm arm64 /Users/admin/builder/spi-builder-workspace/.derivedData/SDKExplicitPrecompiledModules/os_object-3KLCCI03OX6OQTLJ92KQH2KIO.pcm
SwiftExplicitDependencyGeneratePcm arm64 /Users/admin/builder/spi-builder-workspace/.derivedData/SDKExplicitPrecompiledModules/os_workgroup-10SJ5M8R2OB4BG1TPFL9SZMKV.pcm
SwiftExplicitDependencyGeneratePcm arm64 /Users/admin/builder/spi-builder-workspace/.derivedData/SDKExplicitPrecompiledModules/Dispatch-NAMWF9KN29KC7Z5OS3TTTAE8.pcm
SwiftExplicitDependencyGeneratePcm arm64 /Users/admin/builder/spi-builder-workspace/.derivedData/SDKExplicitPrecompiledModules/dnssd-5V92N9LLMCLZ0RRCJ1W0WH553.pcm
SwiftExplicitDependencyGeneratePcm arm64 /Users/admin/builder/spi-builder-workspace/.derivedData/SDKExplicitPrecompiledModules/XPC-E1MSAZG4ZNL24S2WK6K6Y7GWW.pcm
SwiftExplicitDependencyGeneratePcm arm64 /Users/admin/builder/spi-builder-workspace/.derivedData/SDKExplicitPrecompiledModules/CoreFoundation-4ZIITQ30SOGUQE8KJAB99ZV0Q.pcm
SwiftExplicitDependencyGeneratePcm arm64 /Users/admin/builder/spi-builder-workspace/.derivedData/SDKExplicitPrecompiledModules/os-BYOEVK2GEMB4Q8WWHGZGREA00.pcm
SwiftExplicitDependencyGeneratePcm arm64 /Users/admin/builder/spi-builder-workspace/.derivedData/SDKExplicitPrecompiledModules/ColorSync-BBCIZDDQ6O3QECFAWJQ6RU4ZJ.pcm
SwiftExplicitDependencyGeneratePcm arm64 /Users/admin/builder/spi-builder-workspace/.derivedData/SDKExplicitPrecompiledModules/IOKit-6H3X691EDBH124EYTC2PEOP5T.pcm
SwiftExplicitDependencyGeneratePcm arm64 /Users/admin/builder/spi-builder-workspace/.derivedData/SDKExplicitPrecompiledModules/Security-ESPJ7FP0YAY1EL3VXBGY9MCZ8.pcm
SwiftExplicitDependencyGeneratePcm arm64 /Users/admin/builder/spi-builder-workspace/.derivedData/SDKExplicitPrecompiledModules/CFNetwork-CVHS5CT20191MFYXQIEDWSRGJ.pcm
SwiftExplicitDependencyGeneratePcm arm64 /Users/admin/builder/spi-builder-workspace/.derivedData/SDKExplicitPrecompiledModules/CoreAudioTypes-EEH2XZ47XX4YM3FOOISUYVRQE.pcm
SwiftExplicitDependencyGeneratePcm arm64 /Users/admin/builder/spi-builder-workspace/.derivedData/SDKExplicitPrecompiledModules/DiskArbitration-ZNZZU7T0SYELB0DAR56WQF0R.pcm
SwiftExplicitDependencyGeneratePcm arm64 /Users/admin/builder/spi-builder-workspace/.derivedData/SDKExplicitPrecompiledModules/CoreGraphics-5TRMNDB7ZP6FFMRNSZCWEOZMD.pcm
SwiftExplicitDependencyGeneratePcm arm64 /Users/admin/builder/spi-builder-workspace/.derivedData/SDKExplicitPrecompiledModules/CoreServices-CGCGY0FOMEQGSNMO3HQSC09XU.pcm
SwiftExplicitDependencyGeneratePcm arm64 /Users/admin/builder/spi-builder-workspace/.derivedData/SDKExplicitPrecompiledModules/ImageIO-88YNP2EU498GB5YXIFJ9ANNYW.pcm
SwiftExplicitDependencyGeneratePcm arm64 /Users/admin/builder/spi-builder-workspace/.derivedData/SDKExplicitPrecompiledModules/CoreText-C1WSF2HWGIKVJ2XHWBKXQBSEY.pcm
SwiftExplicitDependencyGeneratePcm arm64 /Users/admin/builder/spi-builder-workspace/.derivedData/SDKExplicitPrecompiledModules/Foundation-44WR0NU86C67CV5BW8W1MGKNG.pcm
SwiftExplicitDependencyGeneratePcm arm64 /Users/admin/builder/spi-builder-workspace/.derivedData/SDKExplicitPrecompiledModules/UniformTypeIdentifiers-5LG8RE3Q01MBLZVRR3FFHHL5H.pcm
SwiftExplicitDependencyGeneratePcm arm64 /Users/admin/builder/spi-builder-workspace/.derivedData/SDKExplicitPrecompiledModules/DataDetection-5GDUUWT6YIA10PE5D9A8SXWZ9.pcm
SwiftExplicitDependencyGeneratePcm arm64 /Users/admin/builder/spi-builder-workspace/.derivedData/SDKExplicitPrecompiledModules/Network-DNJ6CH9B8OJ51G462QPX58B5X.pcm
SwiftExplicitDependencyGeneratePcm arm64 /Users/admin/builder/spi-builder-workspace/.derivedData/SDKExplicitPrecompiledModules/OSLog-1GSRGGGEESVJH9OULZA91RAA3.pcm
SwiftExplicitDependencyGeneratePcm arm64 /Users/admin/builder/spi-builder-workspace/.derivedData/SDKExplicitPrecompiledModules/ApplicationServices-ALXSS633FQY42UMJSLR6MNLSK.pcm
SwiftExplicitDependencyGeneratePcm arm64 /Users/admin/builder/spi-builder-workspace/.derivedData/SDKExplicitPrecompiledModules/CoreAudio-8XPVZMQXZVBU162UQPW77JTL1.pcm
SwiftExplicitDependencyGeneratePcm arm64 /Users/admin/builder/spi-builder-workspace/.derivedData/SDKExplicitPrecompiledModules/IOSurface-1TUG4NQVIPJF59WSUNATZ447F.pcm
SwiftExplicitDependencyGeneratePcm arm64 /Users/admin/builder/spi-builder-workspace/.derivedData/SDKExplicitPrecompiledModules/Accessibility-6F38G4T85MOHD9AA2EH4U2PJS.pcm
SwiftExplicitDependencyGeneratePcm arm64 /Users/admin/builder/spi-builder-workspace/.derivedData/SDKExplicitPrecompiledModules/CoreTransferable-2HJ1Z8HJBPECRD89AVJ0X7S63.pcm
SwiftExplicitDependencyGeneratePcm arm64 /Users/admin/builder/spi-builder-workspace/.derivedData/SDKExplicitPrecompiledModules/Symbols-2NFSQR6R0R96WH1KKGBXW1J.pcm
SwiftExplicitDependencyGeneratePcm arm64 /Users/admin/builder/spi-builder-workspace/.derivedData/SDKExplicitPrecompiledModules/JavaScriptCore-E3CCS97D24U12V9SQB1H9K5YE.pcm
SwiftExplicitDependencyGeneratePcm arm64 /Users/admin/builder/spi-builder-workspace/.derivedData/SDKExplicitPrecompiledModules/CoreData-4EPJ39F9L3QQ9486B5AMG5G6J.pcm
SwiftExplicitDependencyGeneratePcm arm64 /Users/admin/builder/spi-builder-workspace/.derivedData/SDKExplicitPrecompiledModules/Metal-KM8CI04R5X5OUWMGRMNZE4KP.pcm
SwiftExplicitDependencyGeneratePcm arm64 /Users/admin/builder/spi-builder-workspace/.derivedData/SDKExplicitPrecompiledModules/OpenGL-FXV81CD8YS42YTVJKJH1VLGA.pcm
SwiftExplicitDependencyGeneratePcm arm64 /Users/admin/builder/spi-builder-workspace/.derivedData/SDKExplicitPrecompiledModules/Carbon-2ONS33PR0M3OUK9U5ST5BLH43.pcm
SwiftExplicitDependencyGeneratePcm arm64 /Users/admin/builder/spi-builder-workspace/.derivedData/SDKExplicitPrecompiledModules/CoreVideo-11TKSDKW0L2K02H4B9ZHWLM3B.pcm
SwiftExplicitDependencyGeneratePcm arm64 /Users/admin/builder/spi-builder-workspace/.derivedData/SDKExplicitPrecompiledModules/QuartzCore-AP21NXF3BYPWOG416U3DI6QME.pcm
SwiftExplicitDependencyGeneratePcm arm64 /Users/admin/builder/spi-builder-workspace/.derivedData/SDKExplicitPrecompiledModules/CoreImage-AKYY8VSFWQ6KIIXG3EQJ7PW5T.pcm
SwiftExplicitDependencyGeneratePcm arm64 /Users/admin/builder/spi-builder-workspace/.derivedData/SDKExplicitPrecompiledModules/CoreMedia-699WGYGEEF2LGFEEGSCM9Y1UF.pcm
SwiftExplicitDependencyGeneratePcm arm64 /Users/admin/builder/spi-builder-workspace/.derivedData/SDKExplicitPrecompiledModules/SwiftUICore-ESLJM4CVIQEQNCRTK6KPAF1I7.pcm
SwiftExplicitDependencyGeneratePcm arm64 /Users/admin/builder/spi-builder-workspace/.derivedData/SDKExplicitPrecompiledModules/AppKit-C2WRQ26QXORUMMNQB0M8H4QYD.pcm
SwiftExplicitDependencyGeneratePcm arm64 /Users/admin/builder/spi-builder-workspace/.derivedData/SDKExplicitPrecompiledModules/WebKit-BULFI2S46IKD55LJG2JRB0DL8.pcm
SwiftExplicitDependencyGeneratePcm arm64 /Users/admin/builder/spi-builder-workspace/.derivedData/SDKExplicitPrecompiledModules/SwiftUI-5IEOINZEJ69OCDVRMHPS5W4XI.pcm
SwiftExplicitDependencyGeneratePcm arm64 /Users/admin/builder/spi-builder-workspace/.derivedData/SDKExplicitPrecompiledModules/Cocoa-C4EM04F55Q09X00LN45U96140.pcm
SwiftExplicitDependencyGeneratePcm arm64 /Users/admin/builder/spi-builder-workspace/.derivedData/SDKExplicitPrecompiledModules/PDFKit-AWSEOF2QGVITRGFIK1WYUB7T5.pcm
SwiftEmitModule normal arm64 Emitting\ module\ for\ AppKitUI (in target 'AppKitUI' from project 'AppKitUI')
SwiftCompile normal arm64 (in target 'AppKitUI' from project 'AppKitUI')
    cd /Users/admin/builder/spi-builder-workspace/.swiftpm/xcode

/Users/admin/builder/spi-builder-workspace/Sources/AppKitUI/custom-controls/AUIPageControl/AUIPageControl+SwiftUI.swift:158:3: error: generic struct 'VStack' requires that 'NSView' conform to 'View'
156 | 		}
157 |
158 | 		Spacer()
    |   `- error: generic struct 'VStack' requires that 'NSView' conform to 'View'
159 | 	}
160 | 	.padding()
SwiftUI.TupleContent:2:11: note: requirement from conditional conformance of 'TupleContent<AUIPageControlUI, AUIPageControlUI, HStack<TupleView<(some View, some View, Button<Text>)>>, AUIPageControlUI, Divider, HStack<TupleView<(some View, some View, Toggle<Text>)>>, NSView>' to 'View'
1 | @available(iOS 26.0, macOS 26.0, tvOS 26.0, watchOS 26.0, *)
2 | extension TupleContent : View where repeat each Content : View {
  |           `- note: requirement from conditional conformance of 'TupleContent<AUIPageControlUI, AUIPageControlUI, HStack<TupleView<(some View, some View, Button<Text>)>>, AUIPageControlUI, Divider, HStack<TupleView<(some View, some View, Toggle<Text>)>>, NSView>' to 'View'
3 |     nonisolated public static func _makeView(view: _GraphValue<TupleContent<repeat each Content>>, inputs: _ViewInputs) -> _ViewOutputs
4 |     nonisolated public static func _makeViewList(view: _GraphValue<TupleContent<repeat each Content>>, inputs: _ViewListInputs) -> _ViewListOutputs
SwiftCompile normal arm64 Compiling\ AppKitUI+SplitView.swift,\ AppKitUI+Stack.swift,\ AppKitUI+TabView.swift,\ AppKitUI+ViewSwitcher.swift,\ AppKitUI+ZStack.swift,\ AppKitUI+TokenField.swift,\ NSTokenField+appkitui.swift,\ Array+extensions.swift,\ CATransaction+extensions.swift,\ DesignTime+PreviewBackport.swift,\ FlowCollectionView.swift,\ NSColor+extensions.swift,\ NSCopying+extensions.swift /Users/admin/builder/spi-builder-workspace/Sources/AppKitUI/structure/AppKitUI+SplitView.swift /Users/admin/builder/spi-builder-workspace/Sources/AppKitUI/structure/AppKitUI+Stack.swift /Users/admin/builder/spi-builder-workspace/Sources/AppKitUI/structure/AppKitUI+TabView.swift /Users/admin/builder/spi-builder-workspace/Sources/AppKitUI/structure/AppKitUI+ViewSwitcher.swift /Users/admin/builder/spi-builder-workspace/Sources/AppKitUI/structure/AppKitUI+ZStack.swift /Users/admin/builder/spi-builder-workspace/Sources/AppKitUI/tokenfield/AppKitUI+TokenField.swift /Users/admin/builder/spi-builder-workspace/Sources/AppKitUI/tokenfield/NSTokenField+appkitui.swift /Users/admin/builder/spi-builder-workspace/Sources/AppKitUI/utils/Array+extensions.swift /Users/admin/builder/spi-builder-workspace/Sources/AppKitUI/utils/CATransaction+extensions.swift /Users/admin/builder/spi-builder-workspace/Sources/AppKitUI/utils/DesignTime+PreviewBackport.swift /Users/admin/builder/spi-builder-workspace/Sources/AppKitUI/utils/FlowCollectionView.swift /Users/admin/builder/spi-builder-workspace/Sources/AppKitUI/utils/NSColor+extensions.swift /Users/admin/builder/spi-builder-workspace/Sources/AppKitUI/utils/NSCopying+extensions.swift (in target 'AppKitUI' from project 'AppKitUI')
/Users/admin/builder/spi-builder-workspace/Sources/AppKitUI/custom-controls/AUIPageControl/AUIPageControl+SwiftUI.swift:158:3: error: generic struct 'VStack' requires that 'NSView' conform to 'View'
156 | 		}
157 |
158 | 		Spacer()
    |   `- error: generic struct 'VStack' requires that 'NSView' conform to 'View'
159 | 	}
160 | 	.padding()
SwiftUI.TupleContent:2:11: note: requirement from conditional conformance of 'TupleContent<AUIPageControlUI, AUIPageControlUI, HStack<TupleView<(some View, some View, Button<Text>)>>, AUIPageControlUI, Divider, HStack<TupleView<(some View, some View, Toggle<Text>)>>, NSView>' to 'View'
1 | @available(iOS 26.0, macOS 26.0, tvOS 26.0, watchOS 26.0, *)
2 | extension TupleContent : View where repeat each Content : View {
  |           `- note: requirement from conditional conformance of 'TupleContent<AUIPageControlUI, AUIPageControlUI, HStack<TupleView<(some View, some View, Button<Text>)>>, AUIPageControlUI, Divider, HStack<TupleView<(some View, some View, Toggle<Text>)>>, NSView>' to 'View'
3 |     nonisolated public static func _makeView(view: _GraphValue<TupleContent<repeat each Content>>, inputs: _ViewInputs) -> _ViewOutputs
4 |     nonisolated public static func _makeViewList(view: _GraphValue<TupleContent<repeat each Content>>, inputs: _ViewListInputs) -> _ViewListOutputs
SwiftCompile normal arm64 /Users/admin/builder/spi-builder-workspace/Sources/AppKitUI/structure/AppKitUI+SplitView.swift (in target 'AppKitUI' from project 'AppKitUI')
    cd /Users/admin/builder/spi-builder-workspace/.swiftpm/xcode
    builtin-SwiftPerFileCompile AppKitUI+SplitView.swift
SwiftCompile normal arm64 /Users/admin/builder/spi-builder-workspace/Sources/AppKitUI/structure/AppKitUI+Stack.swift (in target 'AppKitUI' from project 'AppKitUI')
    cd /Users/admin/builder/spi-builder-workspace/.swiftpm/xcode
    builtin-SwiftPerFileCompile AppKitUI+Stack.swift
SwiftCompile normal arm64 /Users/admin/builder/spi-builder-workspace/Sources/AppKitUI/structure/AppKitUI+TabView.swift (in target 'AppKitUI' from project 'AppKitUI')
    cd /Users/admin/builder/spi-builder-workspace/.swiftpm/xcode
    builtin-SwiftPerFileCompile AppKitUI+TabView.swift
SwiftCompile normal arm64 /Users/admin/builder/spi-builder-workspace/Sources/AppKitUI/structure/AppKitUI+ViewSwitcher.swift (in target 'AppKitUI' from project 'AppKitUI')
    cd /Users/admin/builder/spi-builder-workspace/.swiftpm/xcode
    builtin-SwiftPerFileCompile AppKitUI+ViewSwitcher.swift
SwiftCompile normal arm64 /Users/admin/builder/spi-builder-workspace/Sources/AppKitUI/structure/AppKitUI+ZStack.swift (in target 'AppKitUI' from project 'AppKitUI')
    cd /Users/admin/builder/spi-builder-workspace/.swiftpm/xcode
    builtin-SwiftPerFileCompile AppKitUI+ZStack.swift
SwiftCompile normal arm64 /Users/admin/builder/spi-builder-workspace/Sources/AppKitUI/tokenfield/AppKitUI+TokenField.swift (in target 'AppKitUI' from project 'AppKitUI')
    cd /Users/admin/builder/spi-builder-workspace/.swiftpm/xcode
    builtin-SwiftPerFileCompile AppKitUI+TokenField.swift
SwiftCompile normal arm64 /Users/admin/builder/spi-builder-workspace/Sources/AppKitUI/tokenfield/NSTokenField+appkitui.swift (in target 'AppKitUI' from project 'AppKitUI')
    cd /Users/admin/builder/spi-builder-workspace/.swiftpm/xcode
    builtin-SwiftPerFileCompile NSTokenField+appkitui.swift
SwiftCompile normal arm64 /Users/admin/builder/spi-builder-workspace/Sources/AppKitUI/utils/Array+extensions.swift (in target 'AppKitUI' from project 'AppKitUI')
    cd /Users/admin/builder/spi-builder-workspace/.swiftpm/xcode
    builtin-SwiftPerFileCompile Array+extensions.swift
SwiftCompile normal arm64 /Users/admin/builder/spi-builder-workspace/Sources/AppKitUI/utils/CATransaction+extensions.swift (in target 'AppKitUI' from project 'AppKitUI')
    cd /Users/admin/builder/spi-builder-workspace/.swiftpm/xcode
    builtin-SwiftPerFileCompile CATransaction+extensions.swift
SwiftCompile normal arm64 /Users/admin/builder/spi-builder-workspace/Sources/AppKitUI/utils/DesignTime+PreviewBackport.swift (in target 'AppKitUI' from project 'AppKitUI')
    cd /Users/admin/builder/spi-builder-workspace/.swiftpm/xcode
    builtin-SwiftPerFileCompile DesignTime+PreviewBackport.swift
SwiftCompile normal arm64 /Users/admin/builder/spi-builder-workspace/Sources/AppKitUI/utils/FlowCollectionView.swift (in target 'AppKitUI' from project 'AppKitUI')
    cd /Users/admin/builder/spi-builder-workspace/.swiftpm/xcode
    builtin-SwiftPerFileCompile FlowCollectionView.swift
SwiftCompile normal arm64 /Users/admin/builder/spi-builder-workspace/Sources/AppKitUI/utils/NSColor+extensions.swift (in target 'AppKitUI' from project 'AppKitUI')
    cd /Users/admin/builder/spi-builder-workspace/.swiftpm/xcode
    builtin-SwiftPerFileCompile NSColor+extensions.swift
SwiftCompile normal arm64 /Users/admin/builder/spi-builder-workspace/Sources/AppKitUI/utils/NSCopying+extensions.swift (in target 'AppKitUI' from project 'AppKitUI')
    cd /Users/admin/builder/spi-builder-workspace/.swiftpm/xcode
    builtin-SwiftPerFileCompile NSCopying+extensions.swift
SwiftCompile normal arm64 Compiling\ NSImage+extensions.swift,\ NSLayoutConstraint+extensions.swift,\ NSObject+arbitraryValues.swift,\ NSObject+associated.swift,\ NSRange+extensions.swift,\ NSView+extensions.swift,\ OSLogger.swift,\ Optional+extensions.swift,\ Range+extensions.swift,\ ReentryChecker.swift,\ ScrollableTextView.swift,\ ViewAppearanceObservation.swift,\ global.swift /Users/admin/builder/spi-builder-workspace/Sources/AppKitUI/utils/NSImage+extensions.swift /Users/admin/builder/spi-builder-workspace/Sources/AppKitUI/utils/NSLayoutConstraint+extensions.swift /Users/admin/builder/spi-builder-workspace/Sources/AppKitUI/utils/NSObject+arbitraryValues.swift /Users/admin/builder/spi-builder-workspace/Sources/AppKitUI/utils/NSObject+associated.swift /Users/admin/builder/spi-builder-workspace/Sources/AppKitUI/utils/NSRange+extensions.swift /Users/admin/builder/spi-builder-workspace/Sources/AppKitUI/utils/NSView+extensions.swift /Users/admin/builder/spi-builder-workspace/Sources/AppKitUI/utils/OSLogger.swift /Users/admin/builder/spi-builder-workspace/Sources/AppKitUI/utils/Optional+extensions.swift /Users/admin/builder/spi-builder-workspace/Sources/AppKitUI/utils/Range+extensions.swift /Users/admin/builder/spi-builder-workspace/Sources/AppKitUI/utils/ReentryChecker.swift /Users/admin/builder/spi-builder-workspace/Sources/AppKitUI/utils/ScrollableTextView.swift /Users/admin/builder/spi-builder-workspace/Sources/AppKitUI/utils/ViewAppearanceObservation.swift /Users/admin/builder/spi-builder-workspace/Sources/AppKitUI/utils/global.swift (in target 'AppKitUI' from project 'AppKitUI')
/Users/admin/builder/spi-builder-workspace/Sources/AppKitUI/utils/NSView+extensions.swift:44:28: warning: 'current' was deprecated in macOS 12.0: Use -performAsCurrentDrawingAppearance: to temporarily set the drawing appearance, or +currentDrawingAppearance to access the currently drawing appearance. [#DeprecatedDeclaration]
42 | 	/// Perform a block using the effective appearance for the view
43 | 	@inlinable func usingEffectiveAppearance(_ block: () -> Void) {
44 | 		let saved = NSAppearance.current
   |                            `- warning: 'current' was deprecated in macOS 12.0: Use -performAsCurrentDrawingAppearance: to temporarily set the drawing appearance, or +currentDrawingAppearance to access the currently drawing appearance. [#DeprecatedDeclaration]
45 | 		defer { NSAppearance.current = saved }
46 | 		NSAppearance.current = self.effectiveAppearance
/Users/admin/builder/spi-builder-workspace/Sources/AppKitUI/utils/NSView+extensions.swift:45:24: warning: 'current' was deprecated in macOS 12.0: Use -performAsCurrentDrawingAppearance: to temporarily set the drawing appearance, or +currentDrawingAppearance to access the currently drawing appearance. [#DeprecatedDeclaration]
43 | 	@inlinable func usingEffectiveAppearance(_ block: () -> Void) {
44 | 		let saved = NSAppearance.current
45 | 		defer { NSAppearance.current = saved }
   |                        `- warning: 'current' was deprecated in macOS 12.0: Use -performAsCurrentDrawingAppearance: to temporarily set the drawing appearance, or +currentDrawingAppearance to access the currently drawing appearance. [#DeprecatedDeclaration]
46 | 		NSAppearance.current = self.effectiveAppearance
47 | 		block()
/Users/admin/builder/spi-builder-workspace/Sources/AppKitUI/utils/NSView+extensions.swift:46:16: warning: 'current' was deprecated in macOS 12.0: Use -performAsCurrentDrawingAppearance: to temporarily set the drawing appearance, or +currentDrawingAppearance to access the currently drawing appearance. [#DeprecatedDeclaration]
44 | 		let saved = NSAppearance.current
45 | 		defer { NSAppearance.current = saved }
46 | 		NSAppearance.current = self.effectiveAppearance
   |                `- warning: 'current' was deprecated in macOS 12.0: Use -performAsCurrentDrawingAppearance: to temporarily set the drawing appearance, or +currentDrawingAppearance to access the currently drawing appearance. [#DeprecatedDeclaration]
47 | 		block()
48 | 	}
[#DeprecatedDeclaration]: <https://docs.swift.org/compiler/documentation/diagnostics/deprecated-declaration>
SwiftCompile normal arm64 /Users/admin/builder/spi-builder-workspace/Sources/AppKitUI/utils/NSImage+extensions.swift (in target 'AppKitUI' from project 'AppKitUI')
    cd /Users/admin/builder/spi-builder-workspace/.swiftpm/xcode
    builtin-SwiftPerFileCompile NSImage+extensions.swift
SwiftCompile normal arm64 /Users/admin/builder/spi-builder-workspace/Sources/AppKitUI/utils/NSLayoutConstraint+extensions.swift (in target 'AppKitUI' from project 'AppKitUI')
    cd /Users/admin/builder/spi-builder-workspace/.swiftpm/xcode
    builtin-SwiftPerFileCompile NSLayoutConstraint+extensions.swift
SwiftCompile normal arm64 /Users/admin/builder/spi-builder-workspace/Sources/AppKitUI/utils/NSObject+arbitraryValues.swift (in target 'AppKitUI' from project 'AppKitUI')
    cd /Users/admin/builder/spi-builder-workspace/.swiftpm/xcode
    builtin-SwiftPerFileCompile NSObject+arbitraryValues.swift
SwiftCompile normal arm64 /Users/admin/builder/spi-builder-workspace/Sources/AppKitUI/utils/NSObject+associated.swift (in target 'AppKitUI' from project 'AppKitUI')
    cd /Users/admin/builder/spi-builder-workspace/.swiftpm/xcode
    builtin-SwiftPerFileCompile NSObject+associated.swift
SwiftCompile normal arm64 /Users/admin/builder/spi-builder-workspace/Sources/AppKitUI/utils/NSRange+extensions.swift (in target 'AppKitUI' from project 'AppKitUI')
    cd /Users/admin/builder/spi-builder-workspace/.swiftpm/xcode
    builtin-SwiftPerFileCompile NSRange+extensions.swift
SwiftCompile normal arm64 /Users/admin/builder/spi-builder-workspace/Sources/AppKitUI/utils/NSView+extensions.swift (in target 'AppKitUI' from project 'AppKitUI')
    cd /Users/admin/builder/spi-builder-workspace/.swiftpm/xcode
    builtin-SwiftPerFileCompile NSView+extensions.swift
SwiftCompile normal arm64 /Users/admin/builder/spi-builder-workspace/Sources/AppKitUI/utils/OSLogger.swift (in target 'AppKitUI' from project 'AppKitUI')
    cd /Users/admin/builder/spi-builder-workspace/.swiftpm/xcode
    builtin-SwiftPerFileCompile OSLogger.swift
SwiftCompile normal arm64 /Users/admin/builder/spi-builder-workspace/Sources/AppKitUI/utils/Optional+extensions.swift (in target 'AppKitUI' from project 'AppKitUI')
    cd /Users/admin/builder/spi-builder-workspace/.swiftpm/xcode
    builtin-SwiftPerFileCompile Optional+extensions.swift
SwiftCompile normal arm64 /Users/admin/builder/spi-builder-workspace/Sources/AppKitUI/utils/Range+extensions.swift (in target 'AppKitUI' from project 'AppKitUI')
    cd /Users/admin/builder/spi-builder-workspace/.swiftpm/xcode
    builtin-SwiftPerFileCompile Range+extensions.swift
SwiftCompile normal arm64 /Users/admin/builder/spi-builder-workspace/Sources/AppKitUI/utils/ReentryChecker.swift (in target 'AppKitUI' from project 'AppKitUI')
    cd /Users/admin/builder/spi-builder-workspace/.swiftpm/xcode
    builtin-SwiftPerFileCompile ReentryChecker.swift
SwiftCompile normal arm64 /Users/admin/builder/spi-builder-workspace/Sources/AppKitUI/utils/ScrollableTextView.swift (in target 'AppKitUI' from project 'AppKitUI')
    cd /Users/admin/builder/spi-builder-workspace/.swiftpm/xcode
    builtin-SwiftPerFileCompile ScrollableTextView.swift
SwiftCompile normal arm64 /Users/admin/builder/spi-builder-workspace/Sources/AppKitUI/utils/ViewAppearanceObservation.swift (in target 'AppKitUI' from project 'AppKitUI')
    cd /Users/admin/builder/spi-builder-workspace/.swiftpm/xcode
    builtin-SwiftPerFileCompile ViewAppearanceObservation.swift
SwiftCompile normal arm64 /Users/admin/builder/spi-builder-workspace/Sources/AppKitUI/utils/global.swift (in target 'AppKitUI' from project 'AppKitUI')
    cd /Users/admin/builder/spi-builder-workspace/.swiftpm/xcode
    builtin-SwiftPerFileCompile global.swift
SwiftCompile normal arm64 Compiling\ NSOpenPanel+appkitui.swift,\ NSSavePanel+appkitui.swift,\ AppKitUI+Capsule.swift,\ AppKitUI+Circle.swift,\ AppKitUI+Ellipse.swift,\ AppKitUI+Rectangle.swift,\ AppKitUI+Shape.swift,\ AppKitUI+Disclosure.swift,\ AppKitUI+Flow.swift,\ AppKitUI+GlassEffect.swift,\ AppKitUI+GlassEffectContainer.swift,\ AppKitUI+HidingView.swift,\ AppKitUI+ScrollView.swift /Users/admin/builder/spi-builder-workspace/Sources/AppKitUI/panel/NSOpenPanel+appkitui.swift /Users/admin/builder/spi-builder-workspace/Sources/AppKitUI/panel/NSSavePanel+appkitui.swift /Users/admin/builder/spi-builder-workspace/Sources/AppKitUI/shape/AppKitUI+Capsule.swift /Users/admin/builder/spi-builder-workspace/Sources/AppKitUI/shape/AppKitUI+Circle.swift /Users/admin/builder/spi-builder-workspace/Sources/AppKitUI/shape/AppKitUI+Ellipse.swift /Users/admin/builder/spi-builder-workspace/Sources/AppKitUI/shape/AppKitUI+Rectangle.swift /Users/admin/builder/spi-builder-workspace/Sources/AppKitUI/shape/AppKitUI+Shape.swift /Users/admin/builder/spi-builder-workspace/Sources/AppKitUI/structure/AppKitUI+Disclosure.swift /Users/admin/builder/spi-builder-workspace/Sources/AppKitUI/structure/AppKitUI+Flow.swift /Users/admin/builder/spi-builder-workspace/Sources/AppKitUI/structure/AppKitUI+GlassEffect.swift /Users/admin/builder/spi-builder-workspace/Sources/AppKitUI/structure/AppKitUI+GlassEffectContainer.swift /Users/admin/builder/spi-builder-workspace/Sources/AppKitUI/structure/AppKitUI+HidingView.swift /Users/admin/builder/spi-builder-workspace/Sources/AppKitUI/structure/AppKitUI+ScrollView.swift (in target 'AppKitUI' from project 'AppKitUI')
/Users/admin/builder/spi-builder-workspace/Sources/AppKitUI/custom-controls/AUIPageControl/AUIPageControl+SwiftUI.swift:158:3: error: generic struct 'VStack' requires that 'NSView' conform to 'View'
156 | 		}
157 |
158 | 		Spacer()
    |   `- error: generic struct 'VStack' requires that 'NSView' conform to 'View'
159 | 	}
160 | 	.padding()
SwiftUI.TupleContent:2:11: note: requirement from conditional conformance of 'TupleContent<AUIPageControlUI, AUIPageControlUI, HStack<TupleView<(some View, some View, Button<Text>)>>, AUIPageControlUI, Divider, HStack<TupleView<(some View, some View, Toggle<Text>)>>, NSView>' to 'View'
1 | @available(iOS 26.0, macOS 26.0, tvOS 26.0, watchOS 26.0, *)
2 | extension TupleContent : View where repeat each Content : View {
  |           `- note: requirement from conditional conformance of 'TupleContent<AUIPageControlUI, AUIPageControlUI, HStack<TupleView<(some View, some View, Button<Text>)>>, AUIPageControlUI, Divider, HStack<TupleView<(some View, some View, Toggle<Text>)>>, NSView>' to 'View'
3 |     nonisolated public static func _makeView(view: _GraphValue<TupleContent<repeat each Content>>, inputs: _ViewInputs) -> _ViewOutputs
4 |     nonisolated public static func _makeViewList(view: _GraphValue<TupleContent<repeat each Content>>, inputs: _ViewListInputs) -> _ViewListOutputs
/Users/admin/builder/spi-builder-workspace/Sources/AppKitUI/custom-controls/AUIPageControl/AUIPageControl+SwiftUI.swift:158:3: error: initializer 'init(alignment:spacing:content:)' requires that 'NSView' conform to 'View'
156 | 		}
157 |
158 | 		Spacer()
    |   `- error: initializer 'init(alignment:spacing:content:)' requires that 'NSView' conform to 'View'
159 | 	}
160 | 	.padding()
SwiftUI.TupleContent:2:11: note: requirement from conditional conformance of 'TupleContent<AUIPageControlUI, AUIPageControlUI, HStack<TupleView<(some View, some View, Button<Text>)>>, AUIPageControlUI, Divider, HStack<TupleView<(some View, some View, Toggle<Text>)>>, NSView>' to 'View'
1 | @available(iOS 26.0, macOS 26.0, tvOS 26.0, watchOS 26.0, *)
2 | extension TupleContent : View where repeat each Content : View {
  |           `- note: requirement from conditional conformance of 'TupleContent<AUIPageControlUI, AUIPageControlUI, HStack<TupleView<(some View, some View, Button<Text>)>>, AUIPageControlUI, Divider, HStack<TupleView<(some View, some View, Toggle<Text>)>>, NSView>' to 'View'
3 |     nonisolated public static func _makeView(view: _GraphValue<TupleContent<repeat each Content>>, inputs: _ViewInputs) -> _ViewOutputs
4 |     nonisolated public static func _makeViewList(view: _GraphValue<TupleContent<repeat each Content>>, inputs: _ViewListInputs) -> _ViewListOutputs
/Users/admin/builder/spi-builder-workspace/Sources/AppKitUI/panel/NSOpenPanel+appkitui.swift:178:14: warning: 'allowedFileTypes' was deprecated in macOS 12.0: Use -allowedContentTypes instead [#DeprecatedDeclaration]
176 | 		let strs = self.allowedContentTypes.compactMap { $0 as? String }
177 | 		if strs.count > 0 {
178 | 			openPanel.allowedFileTypes = strs
    |              `- warning: 'allowedFileTypes' was deprecated in macOS 12.0: Use -allowedContentTypes instead [#DeprecatedDeclaration]
179 | 		}
180 |
SwiftCompile normal arm64 /Users/admin/builder/spi-builder-workspace/Sources/AppKitUI/panel/NSOpenPanel+appkitui.swift (in target 'AppKitUI' from project 'AppKitUI')
    cd /Users/admin/builder/spi-builder-workspace/.swiftpm/xcode
    builtin-SwiftPerFileCompile NSOpenPanel+appkitui.swift
SwiftCompile normal arm64 /Users/admin/builder/spi-builder-workspace/Sources/AppKitUI/panel/NSSavePanel+appkitui.swift (in target 'AppKitUI' from project 'AppKitUI')
    cd /Users/admin/builder/spi-builder-workspace/.swiftpm/xcode
    builtin-SwiftPerFileCompile NSSavePanel+appkitui.swift
SwiftCompile normal arm64 /Users/admin/builder/spi-builder-workspace/Sources/AppKitUI/shape/AppKitUI+Capsule.swift (in target 'AppKitUI' from project 'AppKitUI')
    cd /Users/admin/builder/spi-builder-workspace/.swiftpm/xcode
    builtin-SwiftPerFileCompile AppKitUI+Capsule.swift
SwiftCompile normal arm64 /Users/admin/builder/spi-builder-workspace/Sources/AppKitUI/shape/AppKitUI+Circle.swift (in target 'AppKitUI' from project 'AppKitUI')
    cd /Users/admin/builder/spi-builder-workspace/.swiftpm/xcode
    builtin-SwiftPerFileCompile AppKitUI+Circle.swift
SwiftCompile normal arm64 /Users/admin/builder/spi-builder-workspace/Sources/AppKitUI/shape/AppKitUI+Ellipse.swift (in target 'AppKitUI' from project 'AppKitUI')
    cd /Users/admin/builder/spi-builder-workspace/.swiftpm/xcode
    builtin-SwiftPerFileCompile AppKitUI+Ellipse.swift
SwiftCompile normal arm64 /Users/admin/builder/spi-builder-workspace/Sources/AppKitUI/shape/AppKitUI+Rectangle.swift (in target 'AppKitUI' from project 'AppKitUI')
    cd /Users/admin/builder/spi-builder-workspace/.swiftpm/xcode
    builtin-SwiftPerFileCompile AppKitUI+Rectangle.swift
SwiftCompile normal arm64 /Users/admin/builder/spi-builder-workspace/Sources/AppKitUI/shape/AppKitUI+Shape.swift (in target 'AppKitUI' from project 'AppKitUI')
    cd /Users/admin/builder/spi-builder-workspace/.swiftpm/xcode
    builtin-SwiftPerFileCompile AppKitUI+Shape.swift
SwiftCompile normal arm64 /Users/admin/builder/spi-builder-workspace/Sources/AppKitUI/structure/AppKitUI+Disclosure.swift (in target 'AppKitUI' from project 'AppKitUI')
    cd /Users/admin/builder/spi-builder-workspace/.swiftpm/xcode
    builtin-SwiftPerFileCompile AppKitUI+Disclosure.swift
SwiftCompile normal arm64 /Users/admin/builder/spi-builder-workspace/Sources/AppKitUI/structure/AppKitUI+Flow.swift (in target 'AppKitUI' from project 'AppKitUI')
    cd /Users/admin/builder/spi-builder-workspace/.swiftpm/xcode
    builtin-SwiftPerFileCompile AppKitUI+Flow.swift
SwiftCompile normal arm64 /Users/admin/builder/spi-builder-workspace/Sources/AppKitUI/structure/AppKitUI+GlassEffect.swift (in target 'AppKitUI' from project 'AppKitUI')
    cd /Users/admin/builder/spi-builder-workspace/.swiftpm/xcode
    builtin-SwiftPerFileCompile AppKitUI+GlassEffect.swift
SwiftCompile normal arm64 /Users/admin/builder/spi-builder-workspace/Sources/AppKitUI/structure/AppKitUI+GlassEffectContainer.swift (in target 'AppKitUI' from project 'AppKitUI')
    cd /Users/admin/builder/spi-builder-workspace/.swiftpm/xcode
    builtin-SwiftPerFileCompile AppKitUI+GlassEffectContainer.swift
SwiftCompile normal arm64 /Users/admin/builder/spi-builder-workspace/Sources/AppKitUI/structure/AppKitUI+HidingView.swift (in target 'AppKitUI' from project 'AppKitUI')
    cd /Users/admin/builder/spi-builder-workspace/.swiftpm/xcode
    builtin-SwiftPerFileCompile AppKitUI+HidingView.swift
SwiftCompile normal arm64 /Users/admin/builder/spi-builder-workspace/Sources/AppKitUI/structure/AppKitUI+ScrollView.swift (in target 'AppKitUI' from project 'AppKitUI')
    cd /Users/admin/builder/spi-builder-workspace/.swiftpm/xcode
    builtin-SwiftPerFileCompile AppKitUI+ScrollView.swift
SwiftCompile normal arm64 Compiling\ NSWindow+appkitui.swift,\ NumberFormatter+appkitui.swift,\ Bind+Aggregator.swift,\ Bind+OneWayTransform.swift,\ Bind+Transformers.swift,\ Bind+TwoWayTransform.swift,\ Bind.swift,\ Bindable.swift,\ DelayingCall.swift,\ AppKitUI+ComboButton.swift,\ AppKitUI+LinkButton.swift,\ AppKitUI+TransparentButton.swift,\ NSButton+appkitui.swift /Users/admin/builder/spi-builder-workspace/Sources/AppKitUI/NSWindow+appkitui.swift /Users/admin/builder/spi-builder-workspace/Sources/AppKitUI/NumberFormatter+appkitui.swift /Users/admin/builder/spi-builder-workspace/Sources/AppKitUI/bind/Bind+Aggregator.swift /Users/admin/builder/spi-builder-workspace/Sources/AppKitUI/bind/Bind+OneWayTransform.swift /Users/admin/builder/spi-builder-workspace/Sources/AppKitUI/bind/Bind+Transformers.swift /Users/admin/builder/spi-builder-workspace/Sources/AppKitUI/bind/Bind+TwoWayTransform.swift /Users/admin/builder/spi-builder-workspace/Sources/AppKitUI/bind/Bind.swift /Users/admin/builder/spi-builder-workspace/Sources/AppKitUI/bind/Bindable.swift /Users/admin/builder/spi-builder-workspace/Sources/AppKitUI/bind/DelayingCall.swift /Users/admin/builder/spi-builder-workspace/Sources/AppKitUI/button/AppKitUI+ComboButton.swift /Users/admin/builder/spi-builder-workspace/Sources/AppKitUI/button/AppKitUI+LinkButton.swift /Users/admin/builder/spi-builder-workspace/Sources/AppKitUI/button/AppKitUI+TransparentButton.swift /Users/admin/builder/spi-builder-workspace/Sources/AppKitUI/button/NSButton+appkitui.swift (in target 'AppKitUI' from project 'AppKitUI')
/Users/admin/builder/spi-builder-workspace/Sources/AppKitUI/custom-controls/AUIPageControl/AUIPageControl+SwiftUI.swift:158:3: error: generic struct 'VStack' requires that 'NSView' conform to 'View'
156 | 		}
157 |
158 | 		Spacer()
    |   `- error: generic struct 'VStack' requires that 'NSView' conform to 'View'
159 | 	}
160 | 	.padding()
SwiftUI.TupleContent:2:11: note: requirement from conditional conformance of 'TupleContent<AUIPageControlUI, AUIPageControlUI, HStack<TupleView<(some View, some View, Button<Text>)>>, AUIPageControlUI, Divider, HStack<TupleView<(some View, some View, Toggle<Text>)>>, NSView>' to 'View'
1 | @available(iOS 26.0, macOS 26.0, tvOS 26.0, watchOS 26.0, *)
2 | extension TupleContent : View where repeat each Content : View {
  |           `- note: requirement from conditional conformance of 'TupleContent<AUIPageControlUI, AUIPageControlUI, HStack<TupleView<(some View, some View, Button<Text>)>>, AUIPageControlUI, Divider, HStack<TupleView<(some View, some View, Toggle<Text>)>>, NSView>' to 'View'
3 |     nonisolated public static func _makeView(view: _GraphValue<TupleContent<repeat each Content>>, inputs: _ViewInputs) -> _ViewOutputs
4 |     nonisolated public static func _makeViewList(view: _GraphValue<TupleContent<repeat each Content>>, inputs: _ViewListInputs) -> _ViewListOutputs
/Users/admin/builder/spi-builder-workspace/Sources/AppKitUI/custom-controls/AUIPageControl/AUIPageControl+SwiftUI.swift:158:3: error: initializer 'init(alignment:spacing:content:)' requires that 'NSView' conform to 'View'
156 | 		}
157 |
158 | 		Spacer()
    |   `- error: initializer 'init(alignment:spacing:content:)' requires that 'NSView' conform to 'View'
159 | 	}
160 | 	.padding()
SwiftUI.TupleContent:2:11: note: requirement from conditional conformance of 'TupleContent<AUIPageControlUI, AUIPageControlUI, HStack<TupleView<(some View, some View, Button<Text>)>>, AUIPageControlUI, Divider, HStack<TupleView<(some View, some View, Toggle<Text>)>>, NSView>' to 'View'
1 | @available(iOS 26.0, macOS 26.0, tvOS 26.0, watchOS 26.0, *)
2 | extension TupleContent : View where repeat each Content : View {
  |           `- note: requirement from conditional conformance of 'TupleContent<AUIPageControlUI, AUIPageControlUI, HStack<TupleView<(some View, some View, Button<Text>)>>, AUIPageControlUI, Divider, HStack<TupleView<(some View, some View, Toggle<Text>)>>, NSView>' to 'View'
3 |     nonisolated public static func _makeView(view: _GraphValue<TupleContent<repeat each Content>>, inputs: _ViewInputs) -> _ViewOutputs
4 |     nonisolated public static func _makeViewList(view: _GraphValue<TupleContent<repeat each Content>>, inputs: _ViewListInputs) -> _ViewListOutputs
SwiftCompile normal arm64 /Users/admin/builder/spi-builder-workspace/Sources/AppKitUI/NSWindow+appkitui.swift (in target 'AppKitUI' from project 'AppKitUI')
    cd /Users/admin/builder/spi-builder-workspace/.swiftpm/xcode
    builtin-SwiftPerFileCompile NSWindow+appkitui.swift
SwiftCompile normal arm64 /Users/admin/builder/spi-builder-workspace/Sources/AppKitUI/NumberFormatter+appkitui.swift (in target 'AppKitUI' from project 'AppKitUI')
    cd /Users/admin/builder/spi-builder-workspace/.swiftpm/xcode
    builtin-SwiftPerFileCompile NumberFormatter+appkitui.swift
SwiftCompile normal arm64 /Users/admin/builder/spi-builder-workspace/Sources/AppKitUI/bind/Bind+Aggregator.swift (in target 'AppKitUI' from project 'AppKitUI')
    cd /Users/admin/builder/spi-builder-workspace/.swiftpm/xcode
    builtin-SwiftPerFileCompile Bind+Aggregator.swift
SwiftCompile normal arm64 /Users/admin/builder/spi-builder-workspace/Sources/AppKitUI/bind/Bind+OneWayTransform.swift (in target 'AppKitUI' from project 'AppKitUI')
    cd /Users/admin/builder/spi-builder-workspace/.swiftpm/xcode
    builtin-SwiftPerFileCompile Bind+OneWayTransform.swift
SwiftCompile normal arm64 /Users/admin/builder/spi-builder-workspace/Sources/AppKitUI/bind/Bind+Transformers.swift (in target 'AppKitUI' from project 'AppKitUI')
    cd /Users/admin/builder/spi-builder-workspace/.swiftpm/xcode
    builtin-SwiftPerFileCompile Bind+Transformers.swift
SwiftCompile normal arm64 /Users/admin/builder/spi-builder-workspace/Sources/AppKitUI/bind/Bind+TwoWayTransform.swift (in target 'AppKitUI' from project 'AppKitUI')
    cd /Users/admin/builder/spi-builder-workspace/.swiftpm/xcode
    builtin-SwiftPerFileCompile Bind+TwoWayTransform.swift
SwiftCompile normal arm64 /Users/admin/builder/spi-builder-workspace/Sources/AppKitUI/bind/Bind.swift (in target 'AppKitUI' from project 'AppKitUI')
    cd /Users/admin/builder/spi-builder-workspace/.swiftpm/xcode
    builtin-SwiftPerFileCompile Bind.swift
SwiftCompile normal arm64 /Users/admin/builder/spi-builder-workspace/Sources/AppKitUI/bind/Bindable.swift (in target 'AppKitUI' from project 'AppKitUI')
    cd /Users/admin/builder/spi-builder-workspace/.swiftpm/xcode
    builtin-SwiftPerFileCompile Bindable.swift
SwiftCompile normal arm64 /Users/admin/builder/spi-builder-workspace/Sources/AppKitUI/bind/DelayingCall.swift (in target 'AppKitUI' from project 'AppKitUI')
    cd /Users/admin/builder/spi-builder-workspace/.swiftpm/xcode
    builtin-SwiftPerFileCompile DelayingCall.swift
SwiftCompile normal arm64 /Users/admin/builder/spi-builder-workspace/Sources/AppKitUI/button/AppKitUI+ComboButton.swift (in target 'AppKitUI' from project 'AppKitUI')
    cd /Users/admin/builder/spi-builder-workspace/.swiftpm/xcode
    builtin-SwiftPerFileCompile AppKitUI+ComboButton.swift
SwiftCompile normal arm64 /Users/admin/builder/spi-builder-workspace/Sources/AppKitUI/button/AppKitUI+LinkButton.swift (in target 'AppKitUI' from project 'AppKitUI')
    cd /Users/admin/builder/spi-builder-workspace/.swiftpm/xcode
    builtin-SwiftPerFileCompile AppKitUI+LinkButton.swift
SwiftCompile normal arm64 /Users/admin/builder/spi-builder-workspace/Sources/AppKitUI/button/AppKitUI+TransparentButton.swift (in target 'AppKitUI' from project 'AppKitUI')
    cd /Users/admin/builder/spi-builder-workspace/.swiftpm/xcode
    builtin-SwiftPerFileCompile AppKitUI+TransparentButton.swift
SwiftCompile normal arm64 /Users/admin/builder/spi-builder-workspace/Sources/AppKitUI/button/NSButton+appkitui.swift (in target 'AppKitUI' from project 'AppKitUI')
    cd /Users/admin/builder/spi-builder-workspace/.swiftpm/xcode
    builtin-SwiftPerFileCompile NSButton+appkitui.swift
SwiftCompile normal arm64 Compiling\ AppKitUI+FillStyle+Image.swift,\ AppKitUI+FillStyle+Stripes.swift,\ AppKitUI+FillStyle.swift,\ NSImage+appkitui.swift,\ NSImageView+appkitui.swift,\ NSMenu+appkitui.swift,\ NSMenuItem+appkitui.swift,\ NSMenuItem+palette.swift,\ NSMenuItem+view.swift,\ AppKitUI+Alert.swift,\ AppKitUI+Popover.swift,\ AppKitUI+Sheet.swift,\ NSAlert+appkitui.swift /Users/admin/builder/spi-builder-workspace/Sources/AppKitUI/fill/AppKitUI+FillStyle+Image.swift /Users/admin/builder/spi-builder-workspace/Sources/AppKitUI/fill/AppKitUI+FillStyle+Stripes.swift /Users/admin/builder/spi-builder-workspace/Sources/AppKitUI/fill/AppKitUI+FillStyle.swift /Users/admin/builder/spi-builder-workspace/Sources/AppKitUI/image/NSImage+appkitui.swift /Users/admin/builder/spi-builder-workspace/Sources/AppKitUI/image/NSImageView+appkitui.swift /Users/admin/builder/spi-builder-workspace/Sources/AppKitUI/menu/NSMenu+appkitui.swift /Users/admin/builder/spi-builder-workspace/Sources/AppKitUI/menu/NSMenuItem+appkitui.swift /Users/admin/builder/spi-builder-workspace/Sources/AppKitUI/menu/NSMenuItem+palette.swift /Users/admin/builder/spi-builder-workspace/Sources/AppKitUI/menu/NSMenuItem+view.swift /Users/admin/builder/spi-builder-workspace/Sources/AppKitUI/panel/AppKitUI+Alert.swift /Users/admin/builder/spi-builder-workspace/Sources/AppKitUI/panel/AppKitUI+Popover.swift /Users/admin/builder/spi-builder-workspace/Sources/AppKitUI/panel/AppKitUI+Sheet.swift /Users/admin/builder/spi-builder-workspace/Sources/AppKitUI/panel/NSAlert+appkitui.swift (in target 'AppKitUI' from project 'AppKitUI')
/Users/admin/builder/spi-builder-workspace/Sources/AppKitUI/custom-controls/AUIPageControl/AUIPageControl+SwiftUI.swift:158:3: error: generic struct 'VStack' requires that 'NSView' conform to 'View'
156 | 		}
157 |
158 | 		Spacer()
    |   `- error: generic struct 'VStack' requires that 'NSView' conform to 'View'
159 | 	}
160 | 	.padding()
SwiftUI.TupleContent:2:11: note: requirement from conditional conformance of 'TupleContent<AUIPageControlUI, AUIPageControlUI, HStack<TupleView<(some View, some View, Button<Text>)>>, AUIPageControlUI, Divider, HStack<TupleView<(some View, some View, Toggle<Text>)>>, NSView>' to 'View'
1 | @available(iOS 26.0, macOS 26.0, tvOS 26.0, watchOS 26.0, *)
2 | extension TupleContent : View where repeat each Content : View {
  |           `- note: requirement from conditional conformance of 'TupleContent<AUIPageControlUI, AUIPageControlUI, HStack<TupleView<(some View, some View, Button<Text>)>>, AUIPageControlUI, Divider, HStack<TupleView<(some View, some View, Toggle<Text>)>>, NSView>' to 'View'
3 |     nonisolated public static func _makeView(view: _GraphValue<TupleContent<repeat each Content>>, inputs: _ViewInputs) -> _ViewOutputs
4 |     nonisolated public static func _makeViewList(view: _GraphValue<TupleContent<repeat each Content>>, inputs: _ViewListInputs) -> _ViewListOutputs
/Users/admin/builder/spi-builder-workspace/Sources/AppKitUI/custom-controls/AUIPageControl/AUIPageControl+SwiftUI.swift:158:3: error: initializer 'init(alignment:spacing:content:)' requires that 'NSView' conform to 'View'
156 | 		}
157 |
158 | 		Spacer()
    |   `- error: initializer 'init(alignment:spacing:content:)' requires that 'NSView' conform to 'View'
159 | 	}
160 | 	.padding()
SwiftUI.TupleContent:2:11: note: requirement from conditional conformance of 'TupleContent<AUIPageControlUI, AUIPageControlUI, HStack<TupleView<(some View, some View, Button<Text>)>>, AUIPageControlUI, Divider, HStack<TupleView<(some View, some View, Toggle<Text>)>>, NSView>' to 'View'
1 | @available(iOS 26.0, macOS 26.0, tvOS 26.0, watchOS 26.0, *)
2 | extension TupleContent : View where repeat each Content : View {
  |           `- note: requirement from conditional conformance of 'TupleContent<AUIPageControlUI, AUIPageControlUI, HStack<TupleView<(some View, some View, Button<Text>)>>, AUIPageControlUI, Divider, HStack<TupleView<(some View, some View, Toggle<Text>)>>, NSView>' to 'View'
3 |     nonisolated public static func _makeView(view: _GraphValue<TupleContent<repeat each Content>>, inputs: _ViewInputs) -> _ViewOutputs
4 |     nonisolated public static func _makeViewList(view: _GraphValue<TupleContent<repeat each Content>>, inputs: _ViewListInputs) -> _ViewListOutputs
Failed frontend command:
/Applications/Xcode-27.0.0-Release.Candidate.app/Contents/Developer/Toolchains/XcodeDefault.xctoolchain/usr/bin/swift-frontend -frontend -c -filelist /Users/admin/builder/spi-builder-workspace/.derivedData/Build/Intermediates.noindex/AppKitUI.build/Debug/AppKitUI-t.build/Objects-normal/arm64/sources-1 -primary-file /Users/admin/builder/spi-builder-workspace/Sources/AppKitUI/fill/AppKitUI+FillStyle+Image.swift -primary-file /Users/admin/builder/spi-builder-workspace/Sources/AppKitUI/fill/AppKitUI+FillStyle+Stripes.swift -primary-file /Users/admin/builder/spi-builder-workspace/Sources/AppKitUI/fill/AppKitUI+FillStyle.swift -primary-file /Users/admin/builder/spi-builder-workspace/Sources/AppKitUI/image/NSImage+appkitui.swift -primary-file /Users/admin/builder/spi-builder-workspace/Sources/AppKitUI/image/NSImageView+appkitui.swift -primary-file /Users/admin/builder/spi-builder-workspace/Sources/AppKitUI/menu/NSMenu+appkitui.swift -primary-file /Users/admin/builder/spi-builder-workspace/Sources/AppKitUI/menu/NSMenuItem+appkitui.swift -primary-file /Users/admin/builder/spi-builder-workspace/Sources/AppKitUI/menu/NSMenuItem+palette.swift -primary-file /Users/admin/builder/spi-builder-workspace/Sources/AppKitUI/menu/NSMenuItem+view.swift -primary-file /Users/admin/builder/spi-builder-workspace/Sources/AppKitUI/panel/AppKitUI+Alert.swift -primary-file /Users/admin/builder/spi-builder-workspace/Sources/AppKitUI/panel/AppKitUI+Popover.swift -primary-file /Users/admin/builder/spi-builder-workspace/Sources/AppKitUI/panel/AppKitUI+Sheet.swift -primary-file /Users/admin/builder/spi-builder-workspace/Sources/AppKitUI/panel/NSAlert+appkitui.swift -supplementary-output-file-map /Users/admin/builder/spi-builder-workspace/.derivedData/Build/Intermediates.noindex/AppKitUI.build/Debug/AppKitUI-t.build/Objects-normal/arm64/supplementaryOutputs-7 -target arm64-apple-macos12.0 -disable-cross-import-overlay-search -swift-module-cross-import WebKit /Applications/Xcode-27.0.0-Release.Candidate.app/Contents/Developer/Platforms/MacOSX.platform/Developer/SDKs/MacOSX.sdk/System/Cryptexes/OS/System/Library/Frameworks/WebKit.framework/Modules/WebKit.swiftcrossimport/SwiftUI.swiftoverlay -swift-module-cross-import WebKit /Applications/Xcode-27.0.0-Release.Candidate.app/Contents/Developer/Platforms/MacOSX.platform/Developer/SDKs/MacOSX27.0.sdk/System/Library/Frameworks/WebKit.framework/Modules/WebKit.swiftcrossimport/SwiftUI.swiftoverlay -load-resolved-plugin /Applications/Xcode-27.0.0-Release.Candidate.app/Contents/Developer/Platforms/MacOSX.platform/Developer/usr/lib/swift/host/plugins/libFoundationMacros.dylib\#/Applications/Xcode-27.0.0-Release.Candidate.app/Contents/Developer/Platforms/MacOSX.platform/Developer/usr/bin/swift-plugin-server\#FoundationMacros -load-resolved-plugin /Applications/Xcode-27.0.0-Release.Candidate.app/Contents/Developer/Platforms/MacOSX.platform/Developer/usr/lib/swift/host/plugins/libObservationMacros.dylib\#/Applications/Xcode-27.0.0-Release.Candidate.app/Contents/Developer/Platforms/MacOSX.platform/Developer/usr/bin/swift-plugin-server\#ObservationMacros -load-resolved-plugin /Applications/Xcode-27.0.0-Release.Candidate.app/Contents/Developer/Platforms/MacOSX.platform/Developer/usr/lib/swift/host/plugins/libPreviewsMacros.dylib\#/Applications/Xcode-27.0.0-Release.Candidate.app/Contents/Developer/Platforms/MacOSX.platform/Developer/usr/bin/swift-plugin-server\#PreviewsMacros -load-resolved-plugin /Applications/Xcode-27.0.0-Release.Candidate.app/Contents/Developer/Platforms/MacOSX.platform/Developer/usr/lib/swift/host/plugins/libSwiftMacros.dylib\#/Applications/Xcode-27.0.0-Release.Candidate.app/Contents/Developer/Platforms/MacOSX.platform/Developer/usr/bin/swift-plugin-server\#SwiftMacros -load-resolved-plugin /Applications/Xcode-27.0.0-Release.Candidate.app/Contents/Developer/Platforms/MacOSX.platform/Developer/usr/lib/swift/host/plugins/libSwiftUIMacros.dylib\#/Applications/Xcode-27.0.0-Release.Candidate.app/Contents/Developer/Platforms/MacOSX.platform/Developer/usr/bin/swift-plugin-server\#SwiftUIMacros -disable-implicit-swift-modules -Xcc -fno-implicit-modules -Xcc -fno-implicit-module-maps -explicit-swift-module-map-file /Users/admin/builder/spi-builder-workspace/.derivedData/Build/Intermediates.noindex/AppKitUI.build/Debug/AppKitUI-t.build/Objects-normal/arm64/AppKitUI-dependencies-1.json -Xllvm -aarch64-use-tbi -enable-objc-interop -stack-check -sdk /Applications/Xcode-27.0.0-Release.Candidate.app/Contents/Developer/Platforms/MacOSX.platform/Developer/SDKs/MacOSX27.0.sdk -I /Users/admin/builder/spi-builder-workspace/.derivedData/Build/Products/Debug -Isystem /Applications/Xcode-27.0.0-Release.Candidate.app/Contents/Developer/Platforms/MacOSX.platform/Developer/usr/lib -F /Users/admin/builder/spi-builder-workspace/.derivedData/Build/Products/Debug -F /Applications/Xcode-27.0.0-Release.Candidate.app/Contents/Developer/Platforms/MacOSX.platform/Developer/Library/Frameworks -module-cache-path /Users/admin/builder/spi-builder-workspace/.derivedData/Build/Intermediates.noindex/SwiftExplicitPrecompiledModules -no-color-diagnostics -Xcc -fno-color-diagnostics -enable-testing -g -debug-info-format\=dwarf -dwarf-version\=4 -profile-generate -profile-coverage-mapping -swift-version 5 -Onone -D SWIFT_PACKAGE -D DEBUG -D SWIFT_MODULE_RESOURCE_BUNDLE_UNAVAILABLE -D Xcode -serialize-debugging-options -enable-experimental-feature DebugDescriptionMacro -empty-abi-descriptor -validate-clang-modules-once -clang-build-session-file /Users/admin/builder/spi-builder-workspace/.derivedData/ModuleCache.noindex/Session.modulevalidation -Xcc -working-directory -Xcc /Users/admin/builder/spi-builder-workspace/.swiftpm/xcode -enable-anonymous-context-mangled-names -file-compilation-dir /Users/admin/builder/spi-builder-workspace/.swiftpm/xcode -Xcc -D_LIBCPP_HARDENING_MODE\=_LIBCPP_HARDENING_MODE_DEBUG -Xcc -ivfsstatcache -Xcc /Users/admin/builder/spi-builder-workspace/.derivedData/SDKStatCaches.noindex/macosx27.0-26A425-e829b21a6f8c9b70876ba0858053c0446a22442a12e9d48fe1a705f55a1adfc4.sdkstatcache -Xcc -fmodules-prune-interval\=86400 -Xcc -fmodules-prune-after\=345600 -Xcc -I/Users/admin/builder/spi-builder-workspace/.derivedData/Build/Products/Debug/include -Xcc -I/Users/admin/builder/spi-builder-workspace/.derivedData/Build/Intermediates.noindex/AppKitUI.build/Debug/AppKitUI-t.build/DerivedSources-normal/arm64 -Xcc -I/Users/admin/builder/spi-builder-workspace/.derivedData/Build/Intermediates.noindex/AppKitUI.build/Debug/AppKitUI-t.build/DerivedSources/arm64 -Xcc -I/Users/admin/builder/spi-builder-workspace/.derivedData/Build/Intermediates.noindex/AppKitUI.build/Debug/AppKitUI-t.build/DerivedSources -Xcc -DSWIFT_PACKAGE -Xcc -DDEBUG\=1 -no-auto-bridging-header-chaining -module-name AppKitUI -package-name spi_builder_workspace -const-gather-protocols-file /Users/admin/builder/spi-builder-workspace/.derivedData/Build/Intermediates.noindex/AppKitUI.build/Debug/AppKitUI-t.build/Objects-normal/arm64/AppKitUI_const_extract_protocols.json -disable-clang-spi -clang-target arm64-apple-macos27.0 -target-sdk-version 27.0 -target-sdk-name macosx27.0 -in-process-plugin-server-path /Applications/Xcode-27.0.0-Release.Candidate.app/Contents/Developer/Toolchains/XcodeDefault.xctoolchain/usr/lib/swift/host/libSwiftInProcPluginServer.dylib -parse-as-library -o /Users/admin/builder/spi-builder-workspace/.derivedData/Build/Intermediates.noindex/AppKitUI.build/Debug/AppKitUI-t.build/Objects-normal/arm64/AppKitUI+FillStyle+Image.o -o /Users/admin/builder/spi-builder-workspace/.derivedData/Build/Intermediates.noindex/AppKitUI.build/Debug/AppKitUI-t.build/Objects-normal/arm64/AppKitUI+FillStyle+Stripes.o -o /Users/admin/builder/spi-builder-workspace/.derivedData/Build/Intermediates.noindex/AppKitUI.build/Debug/AppKitUI-t.build/Objects-normal/arm64/AppKitUI+FillStyle.o -o /Users/admin/builder/spi-builder-workspace/.derivedData/Build/Intermediates.noindex/AppKitUI.build/Debug/AppKitUI-t.build/Objects-normal/arm64/NSImage+appkitui.o -o /Users/admin/builder/spi-builder-workspace/.derivedData/Build/Intermediates.noindex/AppKitUI.build/Debug/AppKitUI-t.build/Objects-normal/arm64/NSImageView+appkitui.o -o /Users/admin/builder/spi-builder-workspace/.derivedData/Build/Intermediates.noindex/AppKitUI.build/Debug/AppKitUI-t.build/Objects-normal/arm64/NSMenu+appkitui.o -o /Users/admin/builder/spi-builder-workspace/.derivedData/Build/Intermediates.noindex/AppKitUI.build/Debug/AppKitUI-t.build/Objects-normal/arm64/NSMenuItem+appkitui.o -o /Users/admin/builder/spi-builder-workspace/.derivedData/Build/Intermediates.noindex/AppKitUI.build/Debug/AppKitUI-t.build/Objects-normal/arm64/NSMenuItem+palette.o -o /Users/admin/builder/spi-builder-workspace/.derivedData/Build/Intermediates.noindex/AppKitUI.build/Debug/AppKitUI-t.build/Objects-normal/arm64/NSMenuItem+view.o -o /Users/admin/builder/spi-builder-workspace/.derivedData/Build/Intermediates.noindex/AppKitUI.build/Debug/AppKitUI-t.build/Objects-normal/arm64/AppKitUI+Alert.o -o /Users/admin/builder/spi-builder-workspace/.derivedData/Build/Intermediates.noindex/AppKitUI.build/Debug/AppKitUI-t.build/Objects-normal/arm64/AppKitUI+Popover.o -o /Users/admin/builder/spi-builder-workspace/.derivedData/Build/Intermediates.noindex/AppKitUI.build/Debug/AppKitUI-t.build/Objects-normal/arm64/AppKitUI+Sheet.o -o /Users/admin/builder/spi-builder-workspace/.derivedData/Build/Intermediates.noindex/AppKitUI.build/Debug/AppKitUI-t.build/Objects-normal/arm64/NSAlert+appkitui.o -debug-module-path /Users/admin/builder/spi-builder-workspace/.derivedData/Build/Intermediates.noindex/AppKitUI.build/Debug/AppKitUI-t.build/Objects-normal/arm64/AppKitUI.swiftmodule -index-unit-output-path /AppKitUI.build/Debug/AppKitUI-t.build/Objects-normal/arm64/AppKitUI+FillStyle+Image.o -index-unit-output-path /AppKitUI.build/Debug/AppKitUI-t.build/Objects-normal/arm64/AppKitUI+FillStyle+Stripes.o -index-unit-output-path /AppKitUI.build/Debug/AppKitUI-t.build/Objects-normal/arm64/AppKitUI+FillStyle.o -index-unit-output-path /AppKitUI.build/Debug/AppKitUI-t.build/Objects-normal/arm64/NSImage+appkitui.o -index-unit-output-path /AppKitUI.build/Debug/AppKitUI-t.build/Objects-normal/arm64/NSImageView+appkitui.o -index-unit-output-path /AppKitUI.build/Debug/AppKitUI-t.build/Objects-normal/arm64/NSMenu+appkitui.o -index-unit-output-path /AppKitUI.build/Debug/AppKitUI-t.build/Objects-normal/arm64/NSMenuItem+appkitui.o -index-unit-output-path /AppKitUI.build/Debug/AppKitUI-t.build/Objects-normal/arm64/NSMenuItem+palette.o -index-unit-output-path /AppKitUI.build/Debug/AppKitUI-t.build/Objects-normal/arm64/NSMenuItem+view.o -index-unit-output-path /AppKitUI.build/Debug/AppKitUI-t.build/Objects-normal/arm64/AppKitUI+Alert.o -index-unit-output-path /AppKitUI.build/Debug/AppKitUI-t.build/Objects-normal/arm64/AppKitUI+Popover.o -index-unit-output-path /AppKitUI.build/Debug/AppKitUI-t.build/Objects-normal/arm64/AppKitUI+Sheet.o -index-unit-output-path /AppKitUI.build/Debug/AppKitUI-t.build/Objects-normal/arm64/NSAlert+appkitui.o -index-store-path /Users/admin/builder/spi-builder-workspace/.derivedData/Index.noindex/DataStore -index-system-modules
SwiftCompile normal arm64 /Users/admin/builder/spi-builder-workspace/Sources/AppKitUI/fill/AppKitUI+FillStyle+Image.swift (in target 'AppKitUI' from project 'AppKitUI')
    cd /Users/admin/builder/spi-builder-workspace/.swiftpm/xcode
    builtin-SwiftPerFileCompile AppKitUI+FillStyle+Image.swift
SwiftCompile normal arm64 /Users/admin/builder/spi-builder-workspace/Sources/AppKitUI/fill/AppKitUI+FillStyle+Stripes.swift (in target 'AppKitUI' from project 'AppKitUI')
    cd /Users/admin/builder/spi-builder-workspace/.swiftpm/xcode
    builtin-SwiftPerFileCompile AppKitUI+FillStyle+Stripes.swift
SwiftCompile normal arm64 /Users/admin/builder/spi-builder-workspace/Sources/AppKitUI/fill/AppKitUI+FillStyle.swift (in target 'AppKitUI' from project 'AppKitUI')
    cd /Users/admin/builder/spi-builder-workspace/.swiftpm/xcode
    builtin-SwiftPerFileCompile AppKitUI+FillStyle.swift
SwiftCompile normal arm64 /Users/admin/builder/spi-builder-workspace/Sources/AppKitUI/image/NSImage+appkitui.swift (in target 'AppKitUI' from project 'AppKitUI')
    cd /Users/admin/builder/spi-builder-workspace/.swiftpm/xcode
    builtin-SwiftPerFileCompile NSImage+appkitui.swift
SwiftCompile normal arm64 /Users/admin/builder/spi-builder-workspace/Sources/AppKitUI/image/NSImageView+appkitui.swift (in target 'AppKitUI' from project 'AppKitUI')
    cd /Users/admin/builder/spi-builder-workspace/.swiftpm/xcode
    builtin-SwiftPerFileCompile NSImageView+appkitui.swift
SwiftCompile normal arm64 /Users/admin/builder/spi-builder-workspace/Sources/AppKitUI/menu/NSMenu+appkitui.swift (in target 'AppKitUI' from project 'AppKitUI')
    cd /Users/admin/builder/spi-builder-workspace/.swiftpm/xcode
    builtin-SwiftPerFileCompile NSMenu+appkitui.swift
SwiftCompile normal arm64 /Users/admin/builder/spi-builder-workspace/Sources/AppKitUI/menu/NSMenuItem+appkitui.swift (in target 'AppKitUI' from project 'AppKitUI')
    cd /Users/admin/builder/spi-builder-workspace/.swiftpm/xcode
    builtin-SwiftPerFileCompile NSMenuItem+appkitui.swift
SwiftCompile normal arm64 /Users/admin/builder/spi-builder-workspace/Sources/AppKitUI/menu/NSMenuItem+palette.swift (in target 'AppKitUI' from project 'AppKitUI')
    cd /Users/admin/builder/spi-builder-workspace/.swiftpm/xcode
    builtin-SwiftPerFileCompile NSMenuItem+palette.swift
SwiftCompile normal arm64 /Users/admin/builder/spi-builder-workspace/Sources/AppKitUI/menu/NSMenuItem+view.swift (in target 'AppKitUI' from project 'AppKitUI')
    cd /Users/admin/builder/spi-builder-workspace/.swiftpm/xcode
    builtin-SwiftPerFileCompile NSMenuItem+view.swift
SwiftCompile normal arm64 /Users/admin/builder/spi-builder-workspace/Sources/AppKitUI/panel/AppKitUI+Alert.swift (in target 'AppKitUI' from project 'AppKitUI')
    cd /Users/admin/builder/spi-builder-workspace/.swiftpm/xcode
    builtin-SwiftPerFileCompile AppKitUI+Alert.swift
SwiftCompile normal arm64 /Users/admin/builder/spi-builder-workspace/Sources/AppKitUI/panel/AppKitUI+Popover.swift (in target 'AppKitUI' from project 'AppKitUI')
    cd /Users/admin/builder/spi-builder-workspace/.swiftpm/xcode
    builtin-SwiftPerFileCompile AppKitUI+Popover.swift
SwiftCompile normal arm64 /Users/admin/builder/spi-builder-workspace/Sources/AppKitUI/panel/AppKitUI+Sheet.swift (in target 'AppKitUI' from project 'AppKitUI')
    cd /Users/admin/builder/spi-builder-workspace/.swiftpm/xcode
    builtin-SwiftPerFileCompile AppKitUI+Sheet.swift
SwiftCompile normal arm64 /Users/admin/builder/spi-builder-workspace/Sources/AppKitUI/panel/NSAlert+appkitui.swift (in target 'AppKitUI' from project 'AppKitUI')
    cd /Users/admin/builder/spi-builder-workspace/.swiftpm/xcode
    builtin-SwiftPerFileCompile NSAlert+appkitui.swift
SwiftCompile normal arm64 Compiling\ NSStackView+appkitui.swift,\ NSStepper+appkitui.swift,\ NSSwitch+appkitui.swift,\ NSTextField+appkitui.swift,\ NSView+accessibility.swift,\ NSView+appearance.swift,\ NSView+appkitui.swift,\ NSView+constraints.swift,\ NSView+filters.swift,\ NSView+gestures.swift,\ NSView+mask.swift,\ NSViewController+extensions.swift,\ NSVisualEffectView+appkitui.swift /Users/admin/builder/spi-builder-workspace/Sources/AppKitUI/NSStackView+appkitui.swift /Users/admin/builder/spi-builder-workspace/Sources/AppKitUI/NSStepper+appkitui.swift /Users/admin/builder/spi-builder-workspace/Sources/AppKitUI/NSSwitch+appkitui.swift /Users/admin/builder/spi-builder-workspace/Sources/AppKitUI/NSTextField+appkitui.swift /Users/admin/builder/spi-builder-workspace/Sources/AppKitUI/NSView+accessibility.swift /Users/admin/builder/spi-builder-workspace/Sources/AppKitUI/NSView+appearance.swift /Users/admin/builder/spi-builder-workspace/Sources/AppKitUI/NSView+appkitui.swift /Users/admin/builder/spi-builder-workspace/Sources/AppKitUI/NSView+constraints.swift /Users/admin/builder/spi-builder-workspace/Sources/AppKitUI/NSView+filters.swift /Users/admin/builder/spi-builder-workspace/Sources/AppKitUI/NSView+gestures.swift /Users/admin/builder/spi-builder-workspace/Sources/AppKitUI/NSView+mask.swift /Users/admin/builder/spi-builder-workspace/Sources/AppKitUI/NSViewController+extensions.swift /Users/admin/builder/spi-builder-workspace/Sources/AppKitUI/NSVisualEffectView+appkitui.swift (in target 'AppKitUI' from project 'AppKitUI')
/Users/admin/builder/spi-builder-workspace/Sources/AppKitUI/custom-controls/AUIPageControl/AUIPageControl+SwiftUI.swift:158:3: error: generic struct 'VStack' requires that 'NSView' conform to 'View'
156 | 		}
157 |
158 | 		Spacer()
    |   `- error: generic struct 'VStack' requires that 'NSView' conform to 'View'
159 | 	}
160 | 	.padding()
SwiftUI.TupleContent:2:11: note: requirement from conditional conformance of 'TupleContent<AUIPageControlUI, AUIPageControlUI, HStack<TupleView<(some View, some View, Button<Text>)>>, AUIPageControlUI, Divider, HStack<TupleView<(some View, some View, Toggle<Text>)>>, NSView>' to 'View'
1 | @available(iOS 26.0, macOS 26.0, tvOS 26.0, watchOS 26.0, *)
2 | extension TupleContent : View where repeat each Content : View {
  |           `- note: requirement from conditional conformance of 'TupleContent<AUIPageControlUI, AUIPageControlUI, HStack<TupleView<(some View, some View, Button<Text>)>>, AUIPageControlUI, Divider, HStack<TupleView<(some View, some View, Toggle<Text>)>>, NSView>' to 'View'
3 |     nonisolated public static func _makeView(view: _GraphValue<TupleContent<repeat each Content>>, inputs: _ViewInputs) -> _ViewOutputs
4 |     nonisolated public static func _makeViewList(view: _GraphValue<TupleContent<repeat each Content>>, inputs: _ViewListInputs) -> _ViewListOutputs
/Users/admin/builder/spi-builder-workspace/Sources/AppKitUI/custom-controls/AUIPageControl/AUIPageControl+SwiftUI.swift:158:3: error: initializer 'init(alignment:spacing:content:)' requires that 'NSView' conform to 'View'
156 | 		}
157 |
158 | 		Spacer()
    |   `- error: initializer 'init(alignment:spacing:content:)' requires that 'NSView' conform to 'View'
159 | 	}
160 | 	.padding()
SwiftUI.TupleContent:2:11: note: requirement from conditional conformance of 'TupleContent<AUIPageControlUI, AUIPageControlUI, HStack<TupleView<(some View, some View, Button<Text>)>>, AUIPageControlUI, Divider, HStack<TupleView<(some View, some View, Toggle<Text>)>>, NSView>' to 'View'
1 | @available(iOS 26.0, macOS 26.0, tvOS 26.0, watchOS 26.0, *)
2 | extension TupleContent : View where repeat each Content : View {
  |           `- note: requirement from conditional conformance of 'TupleContent<AUIPageControlUI, AUIPageControlUI, HStack<TupleView<(some View, some View, Button<Text>)>>, AUIPageControlUI, Divider, HStack<TupleView<(some View, some View, Toggle<Text>)>>, NSView>' to 'View'
3 |     nonisolated public static func _makeView(view: _GraphValue<TupleContent<repeat each Content>>, inputs: _ViewInputs) -> _ViewOutputs
4 |     nonisolated public static func _makeViewList(view: _GraphValue<TupleContent<repeat each Content>>, inputs: _ViewListInputs) -> _ViewListOutputs
SwiftCompile normal arm64 /Users/admin/builder/spi-builder-workspace/Sources/AppKitUI/NSStackView+appkitui.swift (in target 'AppKitUI' from project 'AppKitUI')
    cd /Users/admin/builder/spi-builder-workspace/.swiftpm/xcode
    builtin-SwiftPerFileCompile NSStackView+appkitui.swift
SwiftCompile normal arm64 /Users/admin/builder/spi-builder-workspace/Sources/AppKitUI/NSStepper+appkitui.swift (in target 'AppKitUI' from project 'AppKitUI')
    cd /Users/admin/builder/spi-builder-workspace/.swiftpm/xcode
    builtin-SwiftPerFileCompile NSStepper+appkitui.swift
SwiftCompile normal arm64 /Users/admin/builder/spi-builder-workspace/Sources/AppKitUI/NSSwitch+appkitui.swift (in target 'AppKitUI' from project 'AppKitUI')
    cd /Users/admin/builder/spi-builder-workspace/.swiftpm/xcode
    builtin-SwiftPerFileCompile NSSwitch+appkitui.swift
SwiftCompile normal arm64 /Users/admin/builder/spi-builder-workspace/Sources/AppKitUI/NSTextField+appkitui.swift (in target 'AppKitUI' from project 'AppKitUI')
    cd /Users/admin/builder/spi-builder-workspace/.swiftpm/xcode
    builtin-SwiftPerFileCompile NSTextField+appkitui.swift
SwiftCompile normal arm64 /Users/admin/builder/spi-builder-workspace/Sources/AppKitUI/NSView+accessibility.swift (in target 'AppKitUI' from project 'AppKitUI')
    cd /Users/admin/builder/spi-builder-workspace/.swiftpm/xcode
    builtin-SwiftPerFileCompile NSView+accessibility.swift
SwiftCompile normal arm64 /Users/admin/builder/spi-builder-workspace/Sources/AppKitUI/NSView+appearance.swift (in target 'AppKitUI' from project 'AppKitUI')
    cd /Users/admin/builder/spi-builder-workspace/.swiftpm/xcode
    builtin-SwiftPerFileCompile NSView+appearance.swift
SwiftCompile normal arm64 /Users/admin/builder/spi-builder-workspace/Sources/AppKitUI/NSView+appkitui.swift (in target 'AppKitUI' from project 'AppKitUI')
    cd /Users/admin/builder/spi-builder-workspace/.swiftpm/xcode
    builtin-SwiftPerFileCompile NSView+appkitui.swift
SwiftCompile normal arm64 /Users/admin/builder/spi-builder-workspace/Sources/AppKitUI/NSView+constraints.swift (in target 'AppKitUI' from project 'AppKitUI')
    cd /Users/admin/builder/spi-builder-workspace/.swiftpm/xcode
    builtin-SwiftPerFileCompile NSView+constraints.swift
SwiftCompile normal arm64 /Users/admin/builder/spi-builder-workspace/Sources/AppKitUI/NSView+filters.swift (in target 'AppKitUI' from project 'AppKitUI')
    cd /Users/admin/builder/spi-builder-workspace/.swiftpm/xcode
    builtin-SwiftPerFileCompile NSView+filters.swift
SwiftCompile normal arm64 /Users/admin/builder/spi-builder-workspace/Sources/AppKitUI/NSView+gestures.swift (in target 'AppKitUI' from project 'AppKitUI')
    cd /Users/admin/builder/spi-builder-workspace/.swiftpm/xcode
    builtin-SwiftPerFileCompile NSView+gestures.swift
SwiftCompile normal arm64 /Users/admin/builder/spi-builder-workspace/Sources/AppKitUI/NSView+mask.swift (in target 'AppKitUI' from project 'AppKitUI')
    cd /Users/admin/builder/spi-builder-workspace/.swiftpm/xcode
    builtin-SwiftPerFileCompile NSView+mask.swift
SwiftCompile normal arm64 /Users/admin/builder/spi-builder-workspace/Sources/AppKitUI/NSViewController+extensions.swift (in target 'AppKitUI' from project 'AppKitUI')
    cd /Users/admin/builder/spi-builder-workspace/.swiftpm/xcode
    builtin-SwiftPerFileCompile NSViewController+extensions.swift
SwiftCompile normal arm64 /Users/admin/builder/spi-builder-workspace/Sources/AppKitUI/NSVisualEffectView+appkitui.swift (in target 'AppKitUI' from project 'AppKitUI')
    cd /Users/admin/builder/spi-builder-workspace/.swiftpm/xcode
    builtin-SwiftPerFileCompile NSVisualEffectView+appkitui.swift
SwiftCompile normal arm64 Compiling\ NSFont+appkitui.swift,\ NSGlassEffectContainerView+appkitui.swift,\ NSGlassEffectView+appkitui.swift,\ NSGraphicsContent+appkitui.swift,\ NSGridView+Row+appkitui.swift,\ NSGridView+appkitui.swift,\ NSLevelIndicator+appkitui.swift,\ NSPathControl+appkitui.swift,\ NSPopUpButton+appkitui.swift,\ NSProgressIndicator+appkitui.swift,\ NSSearchField+appkitui.swift,\ NSSecureTextField+appkitui.swift,\ NSSegmentedControl+appkitui.swift,\ NSSlider+appkitui.swift /Users/admin/builder/spi-builder-workspace/Sources/AppKitUI/NSFont+appkitui.swift /Users/admin/builder/spi-builder-workspace/Sources/AppKitUI/NSGlassEffectContainerView+appkitui.swift /Users/admin/builder/spi-builder-workspace/Sources/AppKitUI/NSGlassEffectView+appkitui.swift /Users/admin/builder/spi-builder-workspace/Sources/AppKitUI/NSGraphicsContent+appkitui.swift /Users/admin/builder/spi-builder-workspace/Sources/AppKitUI/NSGridView+Row+appkitui.swift /Users/admin/builder/spi-builder-workspace/Sources/AppKitUI/NSGridView+appkitui.swift /Users/admin/builder/spi-builder-workspace/Sources/AppKitUI/NSLevelIndicator+appkitui.swift /Users/admin/builder/spi-builder-workspace/Sources/AppKitUI/NSPathControl+appkitui.swift /Users/admin/builder/spi-builder-workspace/Sources/AppKitUI/NSPopUpButton+appkitui.swift /Users/admin/builder/spi-builder-workspace/Sources/AppKitUI/NSProgressIndicator+appkitui.swift /Users/admin/builder/spi-builder-workspace/Sources/AppKitUI/NSSearchField+appkitui.swift /Users/admin/builder/spi-builder-workspace/Sources/AppKitUI/NSSecureTextField+appkitui.swift /Users/admin/builder/spi-builder-workspace/Sources/AppKitUI/NSSegmentedControl+appkitui.swift /Users/admin/builder/spi-builder-workspace/Sources/AppKitUI/NSSlider+appkitui.swift (in target 'AppKitUI' from project 'AppKitUI')
/Users/admin/builder/spi-builder-workspace/Sources/AppKitUI/custom-controls/AUIPageControl/AUIPageControl+SwiftUI.swift:158:3: error: generic struct 'VStack' requires that 'NSView' conform to 'View'
156 | 		}
157 |
158 | 		Spacer()
    |   `- error: generic struct 'VStack' requires that 'NSView' conform to 'View'
159 | 	}
160 | 	.padding()
SwiftUI.TupleContent:2:11: note: requirement from conditional conformance of 'TupleContent<AUIPageControlUI, AUIPageControlUI, HStack<TupleView<(some View, some View, Button<Text>)>>, AUIPageControlUI, Divider, HStack<TupleView<(some View, some View, Toggle<Text>)>>, NSView>' to 'View'
1 | @available(iOS 26.0, macOS 26.0, tvOS 26.0, watchOS 26.0, *)
2 | extension TupleContent : View where repeat each Content : View {
  |           `- note: requirement from conditional conformance of 'TupleContent<AUIPageControlUI, AUIPageControlUI, HStack<TupleView<(some View, some View, Button<Text>)>>, AUIPageControlUI, Divider, HStack<TupleView<(some View, some View, Toggle<Text>)>>, NSView>' to 'View'
3 |     nonisolated public static func _makeView(view: _GraphValue<TupleContent<repeat each Content>>, inputs: _ViewInputs) -> _ViewOutputs
4 |     nonisolated public static func _makeViewList(view: _GraphValue<TupleContent<repeat each Content>>, inputs: _ViewListInputs) -> _ViewListOutputs
SwiftCompile normal arm64 /Users/admin/builder/spi-builder-workspace/Sources/AppKitUI/NSFont+appkitui.swift (in target 'AppKitUI' from project 'AppKitUI')
    cd /Users/admin/builder/spi-builder-workspace/.swiftpm/xcode
    builtin-SwiftPerFileCompile NSFont+appkitui.swift
SwiftCompile normal arm64 /Users/admin/builder/spi-builder-workspace/Sources/AppKitUI/NSGlassEffectContainerView+appkitui.swift (in target 'AppKitUI' from project 'AppKitUI')
    cd /Users/admin/builder/spi-builder-workspace/.swiftpm/xcode
    builtin-SwiftPerFileCompile NSGlassEffectContainerView+appkitui.swift
SwiftCompile normal arm64 /Users/admin/builder/spi-builder-workspace/Sources/AppKitUI/NSGlassEffectView+appkitui.swift (in target 'AppKitUI' from project 'AppKitUI')
    cd /Users/admin/builder/spi-builder-workspace/.swiftpm/xcode
    builtin-SwiftPerFileCompile NSGlassEffectView+appkitui.swift
SwiftCompile normal arm64 /Users/admin/builder/spi-builder-workspace/Sources/AppKitUI/NSGraphicsContent+appkitui.swift (in target 'AppKitUI' from project 'AppKitUI')
    cd /Users/admin/builder/spi-builder-workspace/.swiftpm/xcode
    builtin-SwiftPerFileCompile NSGraphicsContent+appkitui.swift
SwiftCompile normal arm64 /Users/admin/builder/spi-builder-workspace/Sources/AppKitUI/NSGridView+Row+appkitui.swift (in target 'AppKitUI' from project 'AppKitUI')
    cd /Users/admin/builder/spi-builder-workspace/.swiftpm/xcode
    builtin-SwiftPerFileCompile NSGridView+Row+appkitui.swift
SwiftCompile normal arm64 /Users/admin/builder/spi-builder-workspace/Sources/AppKitUI/NSGridView+appkitui.swift (in target 'AppKitUI' from project 'AppKitUI')
    cd /Users/admin/builder/spi-builder-workspace/.swiftpm/xcode
    builtin-SwiftPerFileCompile NSGridView+appkitui.swift
SwiftCompile normal arm64 /Users/admin/builder/spi-builder-workspace/Sources/AppKitUI/NSLevelIndicator+appkitui.swift (in target 'AppKitUI' from project 'AppKitUI')
    cd /Users/admin/builder/spi-builder-workspace/.swiftpm/xcode
    builtin-SwiftPerFileCompile NSLevelIndicator+appkitui.swift
SwiftCompile normal arm64 /Users/admin/builder/spi-builder-workspace/Sources/AppKitUI/NSPathControl+appkitui.swift (in target 'AppKitUI' from project 'AppKitUI')
    cd /Users/admin/builder/spi-builder-workspace/.swiftpm/xcode
    builtin-SwiftPerFileCompile NSPathControl+appkitui.swift
SwiftCompile normal arm64 /Users/admin/builder/spi-builder-workspace/Sources/AppKitUI/NSPopUpButton+appkitui.swift (in target 'AppKitUI' from project 'AppKitUI')
    cd /Users/admin/builder/spi-builder-workspace/.swiftpm/xcode
    builtin-SwiftPerFileCompile NSPopUpButton+appkitui.swift
SwiftCompile normal arm64 /Users/admin/builder/spi-builder-workspace/Sources/AppKitUI/NSProgressIndicator+appkitui.swift (in target 'AppKitUI' from project 'AppKitUI')
    cd /Users/admin/builder/spi-builder-workspace/.swiftpm/xcode
    builtin-SwiftPerFileCompile NSProgressIndicator+appkitui.swift
SwiftCompile normal arm64 /Users/admin/builder/spi-builder-workspace/Sources/AppKitUI/NSSearchField+appkitui.swift (in target 'AppKitUI' from project 'AppKitUI')
    cd /Users/admin/builder/spi-builder-workspace/.swiftpm/xcode
    builtin-SwiftPerFileCompile NSSearchField+appkitui.swift
SwiftCompile normal arm64 /Users/admin/builder/spi-builder-workspace/Sources/AppKitUI/NSSecureTextField+appkitui.swift (in target 'AppKitUI' from project 'AppKitUI')
    cd /Users/admin/builder/spi-builder-workspace/.swiftpm/xcode
    builtin-SwiftPerFileCompile NSSecureTextField+appkitui.swift
SwiftCompile normal arm64 /Users/admin/builder/spi-builder-workspace/Sources/AppKitUI/NSSegmentedControl+appkitui.swift (in target 'AppKitUI' from project 'AppKitUI')
    cd /Users/admin/builder/spi-builder-workspace/.swiftpm/xcode
    builtin-SwiftPerFileCompile NSSegmentedControl+appkitui.swift
SwiftCompile normal arm64 /Users/admin/builder/spi-builder-workspace/Sources/AppKitUI/NSSlider+appkitui.swift (in target 'AppKitUI' from project 'AppKitUI')
    cd /Users/admin/builder/spi-builder-workspace/.swiftpm/xcode
    builtin-SwiftPerFileCompile NSSlider+appkitui.swift
SwiftCompile normal arm64 Compiling\ AppKitUI+ColorSelector.swift,\ AppKitUI+ContentUnavailable.swift,\ AppKitUI+Divider.swift,\ AppKitUI+DragInfo.swift,\ AppKitUI+DropView.swift,\ AppKitUI+IndexValues.swift,\ AppKitUI+LayoutContainer.swift,\ AppKitUI+List.swift,\ AppKitUI+NumberStepper.swift,\ AppKitUI+PDFView.swift,\ AppKitUI+ResolvableColor.swift,\ AppKitUI+SpacerView.swift,\ AppKitUI+Switch.swift,\ AppKitUI+TargetAction.swift /Users/admin/builder/spi-builder-workspace/Sources/AppKitUI/AppKitUI+ColorSelector.swift /Users/admin/builder/spi-builder-workspace/Sources/AppKitUI/AppKitUI+ContentUnavailable.swift /Users/admin/builder/spi-builder-workspace/Sources/AppKitUI/AppKitUI+Divider.swift /Users/admin/builder/spi-builder-workspace/Sources/AppKitUI/AppKitUI+DragInfo.swift /Users/admin/builder/spi-builder-workspace/Sources/AppKitUI/AppKitUI+DropView.swift /Users/admin/builder/spi-builder-workspace/Sources/AppKitUI/AppKitUI+IndexValues.swift /Users/admin/builder/spi-builder-workspace/Sources/AppKitUI/AppKitUI+LayoutContainer.swift /Users/admin/builder/spi-builder-workspace/Sources/AppKitUI/AppKitUI+List.swift /Users/admin/builder/spi-builder-workspace/Sources/AppKitUI/AppKitUI+NumberStepper.swift /Users/admin/builder/spi-builder-workspace/Sources/AppKitUI/AppKitUI+PDFView.swift /Users/admin/builder/spi-builder-workspace/Sources/AppKitUI/AppKitUI+ResolvableColor.swift /Users/admin/builder/spi-builder-workspace/Sources/AppKitUI/AppKitUI+SpacerView.swift /Users/admin/builder/spi-builder-workspace/Sources/AppKitUI/AppKitUI+Switch.swift /Users/admin/builder/spi-builder-workspace/Sources/AppKitUI/AppKitUI+TargetAction.swift (in target 'AppKitUI' from project 'AppKitUI')
/Users/admin/builder/spi-builder-workspace/Sources/AppKitUI/custom-controls/AUIPageControl/AUIPageControl+SwiftUI.swift:158:3: error: generic struct 'VStack' requires that 'NSView' conform to 'View'
156 | 		}
157 |
158 | 		Spacer()
    |   `- error: generic struct 'VStack' requires that 'NSView' conform to 'View'
159 | 	}
160 | 	.padding()
SwiftUI.TupleContent:2:11: note: requirement from conditional conformance of 'TupleContent<AUIPageControlUI, AUIPageControlUI, HStack<TupleView<(some View, some View, Button<Text>)>>, AUIPageControlUI, Divider, HStack<TupleView<(some View, some View, Toggle<Text>)>>, NSView>' to 'View'
1 | @available(iOS 26.0, macOS 26.0, tvOS 26.0, watchOS 26.0, *)
2 | extension TupleContent : View where repeat each Content : View {
  |           `- note: requirement from conditional conformance of 'TupleContent<AUIPageControlUI, AUIPageControlUI, HStack<TupleView<(some View, some View, Button<Text>)>>, AUIPageControlUI, Divider, HStack<TupleView<(some View, some View, Toggle<Text>)>>, NSView>' to 'View'
3 |     nonisolated public static func _makeView(view: _GraphValue<TupleContent<repeat each Content>>, inputs: _ViewInputs) -> _ViewOutputs
4 |     nonisolated public static func _makeViewList(view: _GraphValue<TupleContent<repeat each Content>>, inputs: _ViewListInputs) -> _ViewListOutputs
SwiftCompile normal arm64 /Users/admin/builder/spi-builder-workspace/Sources/AppKitUI/AppKitUI+ColorSelector.swift (in target 'AppKitUI' from project 'AppKitUI')
    cd /Users/admin/builder/spi-builder-workspace/.swiftpm/xcode
    builtin-SwiftPerFileCompile AppKitUI+ColorSelector.swift
SwiftCompile normal arm64 /Users/admin/builder/spi-builder-workspace/Sources/AppKitUI/AppKitUI+ContentUnavailable.swift (in target 'AppKitUI' from project 'AppKitUI')
    cd /Users/admin/builder/spi-builder-workspace/.swiftpm/xcode
    builtin-SwiftPerFileCompile AppKitUI+ContentUnavailable.swift
SwiftCompile normal arm64 /Users/admin/builder/spi-builder-workspace/Sources/AppKitUI/AppKitUI+Divider.swift (in target 'AppKitUI' from project 'AppKitUI')
    cd /Users/admin/builder/spi-builder-workspace/.swiftpm/xcode
    builtin-SwiftPerFileCompile AppKitUI+Divider.swift
SwiftCompile normal arm64 /Users/admin/builder/spi-builder-workspace/Sources/AppKitUI/AppKitUI+DragInfo.swift (in target 'AppKitUI' from project 'AppKitUI')
    cd /Users/admin/builder/spi-builder-workspace/.swiftpm/xcode
    builtin-SwiftPerFileCompile AppKitUI+DragInfo.swift
SwiftCompile normal arm64 /Users/admin/builder/spi-builder-workspace/Sources/AppKitUI/AppKitUI+DropView.swift (in target 'AppKitUI' from project 'AppKitUI')
    cd /Users/admin/builder/spi-builder-workspace/.swiftpm/xcode
    builtin-SwiftPerFileCompile AppKitUI+DropView.swift
SwiftCompile normal arm64 /Users/admin/builder/spi-builder-workspace/Sources/AppKitUI/AppKitUI+IndexValues.swift (in target 'AppKitUI' from project 'AppKitUI')
    cd /Users/admin/builder/spi-builder-workspace/.swiftpm/xcode
    builtin-SwiftPerFileCompile AppKitUI+IndexValues.swift
SwiftCompile normal arm64 /Users/admin/builder/spi-builder-workspace/Sources/AppKitUI/AppKitUI+LayoutContainer.swift (in target 'AppKitUI' from project 'AppKitUI')
    cd /Users/admin/builder/spi-builder-workspace/.swiftpm/xcode
    builtin-SwiftPerFileCompile AppKitUI+LayoutContainer.swift
SwiftCompile normal arm64 /Users/admin/builder/spi-builder-workspace/Sources/AppKitUI/AppKitUI+List.swift (in target 'AppKitUI' from project 'AppKitUI')
    cd /Users/admin/builder/spi-builder-workspace/.swiftpm/xcode
    builtin-SwiftPerFileCompile AppKitUI+List.swift
SwiftCompile normal arm64 /Users/admin/builder/spi-builder-workspace/Sources/AppKitUI/AppKitUI+NumberStepper.swift (in target 'AppKitUI' from project 'AppKitUI')
    cd /Users/admin/builder/spi-builder-workspace/.swiftpm/xcode
    builtin-SwiftPerFileCompile AppKitUI+NumberStepper.swift
SwiftCompile normal arm64 /Users/admin/builder/spi-builder-workspace/Sources/AppKitUI/AppKitUI+PDFView.swift (in target 'AppKitUI' from project 'AppKitUI')
    cd /Users/admin/builder/spi-builder-workspace/.swiftpm/xcode
    builtin-SwiftPerFileCompile AppKitUI+PDFView.swift
SwiftCompile normal arm64 /Users/admin/builder/spi-builder-workspace/Sources/AppKitUI/AppKitUI+ResolvableColor.swift (in target 'AppKitUI' from project 'AppKitUI')
    cd /Users/admin/builder/spi-builder-workspace/.swiftpm/xcode
    builtin-SwiftPerFileCompile AppKitUI+ResolvableColor.swift
SwiftCompile normal arm64 /Users/admin/builder/spi-builder-workspace/Sources/AppKitUI/AppKitUI+SpacerView.swift (in target 'AppKitUI' from project 'AppKitUI')
    cd /Users/admin/builder/spi-builder-workspace/.swiftpm/xcode
    builtin-SwiftPerFileCompile AppKitUI+SpacerView.swift
SwiftCompile normal arm64 /Users/admin/builder/spi-builder-workspace/Sources/AppKitUI/AppKitUI+Switch.swift (in target 'AppKitUI' from project 'AppKitUI')
    cd /Users/admin/builder/spi-builder-workspace/.swiftpm/xcode
    builtin-SwiftPerFileCompile AppKitUI+Switch.swift
SwiftCompile normal arm64 /Users/admin/builder/spi-builder-workspace/Sources/AppKitUI/AppKitUI+TargetAction.swift (in target 'AppKitUI' from project 'AppKitUI')
    cd /Users/admin/builder/spi-builder-workspace/.swiftpm/xcode
    builtin-SwiftPerFileCompile AppKitUI+TargetAction.swift
SwiftCompile normal arm64 Compiling\ AppKitUI+TextView.swift,\ AppKitUI+UserInterfaceIdentifier.swift,\ AppKitUI+ViewBodyGenerator.swift,\ AppKitUI+ViewController.swift,\ AppKitUI+WebView.swift,\ AppKitUI.swift,\ NSBackgroundExtensionView+appkitui.swift,\ NSBox+appkitui.swift,\ NSColor+appkitui.swift,\ NSColorWell+appkitui.swift,\ NSComboBox+appkitui.swift,\ NSComboButton+appkitui.swift,\ NSControl+appkitui.swift,\ NSDateControl+appkitui.swift /Users/admin/builder/spi-builder-workspace/Sources/AppKitUI/AppKitUI+TextView.swift /Users/admin/builder/spi-builder-workspace/Sources/AppKitUI/AppKitUI+UserInterfaceIdentifier.swift /Users/admin/builder/spi-builder-workspace/Sources/AppKitUI/AppKitUI+ViewBodyGenerator.swift /Users/admin/builder/spi-builder-workspace/Sources/AppKitUI/AppKitUI+ViewController.swift /Users/admin/builder/spi-builder-workspace/Sources/AppKitUI/AppKitUI+WebView.swift /Users/admin/builder/spi-builder-workspace/Sources/AppKitUI/AppKitUI.swift /Users/admin/builder/spi-builder-workspace/Sources/AppKitUI/NSBackgroundExtensionView+appkitui.swift /Users/admin/builder/spi-builder-workspace/Sources/AppKitUI/NSBox+appkitui.swift /Users/admin/builder/spi-builder-workspace/Sources/AppKitUI/NSColor+appkitui.swift /Users/admin/builder/spi-builder-workspace/Sources/AppKitUI/NSColorWell+appkitui.swift /Users/admin/builder/spi-builder-workspace/Sources/AppKitUI/NSComboBox+appkitui.swift /Users/admin/builder/spi-builder-workspace/Sources/AppKitUI/NSComboButton+appkitui.swift /Users/admin/builder/spi-builder-workspace/Sources/AppKitUI/NSControl+appkitui.swift /Users/admin/builder/spi-builder-workspace/Sources/AppKitUI/NSDateControl+appkitui.swift (in target 'AppKitUI' from project 'AppKitUI')
/Users/admin/builder/spi-builder-workspace/Sources/AppKitUI/custom-controls/AUIPageControl/AUIPageControl+SwiftUI.swift:158:3: error: generic struct 'VStack' requires that 'NSView' conform to 'View'
156 | 		}
157 |
158 | 		Spacer()
    |   `- error: generic struct 'VStack' requires that 'NSView' conform to 'View'
159 | 	}
160 | 	.padding()
SwiftUI.TupleContent:2:11: note: requirement from conditional conformance of 'TupleContent<AUIPageControlUI, AUIPageControlUI, HStack<TupleView<(some View, some View, Button<Text>)>>, AUIPageControlUI, Divider, HStack<TupleView<(some View, some View, Toggle<Text>)>>, NSView>' to 'View'
1 | @available(iOS 26.0, macOS 26.0, tvOS 26.0, watchOS 26.0, *)
2 | extension TupleContent : View where repeat each Content : View {
  |           `- note: requirement from conditional conformance of 'TupleContent<AUIPageControlUI, AUIPageControlUI, HStack<TupleView<(some View, some View, Button<Text>)>>, AUIPageControlUI, Divider, HStack<TupleView<(some View, some View, Toggle<Text>)>>, NSView>' to 'View'
3 |     nonisolated public static func _makeView(view: _GraphValue<TupleContent<repeat each Content>>, inputs: _ViewInputs) -> _ViewOutputs
4 |     nonisolated public static func _makeViewList(view: _GraphValue<TupleContent<repeat each Content>>, inputs: _ViewListInputs) -> _ViewListOutputs
/Users/admin/builder/spi-builder-workspace/Sources/AppKitUI/custom-controls/AUIPageControl/AUIPageControl+SwiftUI.swift:158:3: error: initializer 'init(alignment:spacing:content:)' requires that 'NSView' conform to 'View'
156 | 		}
157 |
158 | 		Spacer()
    |   `- error: initializer 'init(alignment:spacing:content:)' requires that 'NSView' conform to 'View'
159 | 	}
160 | 	.padding()
SwiftUI.TupleContent:2:11: note: requirement from conditional conformance of 'TupleContent<AUIPageControlUI, AUIPageControlUI, HStack<TupleView<(some View, some View, Button<Text>)>>, AUIPageControlUI, Divider, HStack<TupleView<(some View, some View, Toggle<Text>)>>, NSView>' to 'View'
1 | @available(iOS 26.0, macOS 26.0, tvOS 26.0, watchOS 26.0, *)
2 | extension TupleContent : View where repeat each Content : View {
  |           `- note: requirement from conditional conformance of 'TupleContent<AUIPageControlUI, AUIPageControlUI, HStack<TupleView<(some View, some View, Button<Text>)>>, AUIPageControlUI, Divider, HStack<TupleView<(some View, some View, Toggle<Text>)>>, NSView>' to 'View'
3 |     nonisolated public static func _makeView(view: _GraphValue<TupleContent<repeat each Content>>, inputs: _ViewInputs) -> _ViewOutputs
4 |     nonisolated public static func _makeViewList(view: _GraphValue<TupleContent<repeat each Content>>, inputs: _ViewListInputs) -> _ViewListOutputs
/Users/admin/builder/spi-builder-workspace/Sources/AppKitUI/NSColor+appkitui.swift:71:27: warning: 'current' was deprecated in macOS 12.0: Use -performAsCurrentDrawingAppearance: to temporarily set the drawing appearance, or +currentDrawingAppearance to access the currently drawing appearance. [#DeprecatedDeclaration]
 69 | 		// (capturing `result` inside a block doesn't work the way we need).
 70 | 		if #available(macOS 10.14, *) {
 71 | 			let old = NSAppearance.current
    |                           `- warning: 'current' was deprecated in macOS 12.0: Use -performAsCurrentDrawingAppearance: to temporarily set the drawing appearance, or +currentDrawingAppearance to access the currently drawing appearance. [#DeprecatedDeclaration]
 72 | 			NSAppearance.current = self.effectiveAppearance
 73 | 			defer { NSAppearance.current = old }
/Users/admin/builder/spi-builder-workspace/Sources/AppKitUI/NSColor+appkitui.swift:72:17: warning: 'current' was deprecated in macOS 12.0: Use -performAsCurrentDrawingAppearance: to temporarily set the drawing appearance, or +currentDrawingAppearance to access the currently drawing appearance. [#DeprecatedDeclaration]
 70 | 		if #available(macOS 10.14, *) {
 71 | 			let old = NSAppearance.current
 72 | 			NSAppearance.current = self.effectiveAppearance
    |                 `- warning: 'current' was deprecated in macOS 12.0: Use -performAsCurrentDrawingAppearance: to temporarily set the drawing appearance, or +currentDrawingAppearance to access the currently drawing appearance. [#DeprecatedDeclaration]
 73 | 			defer { NSAppearance.current = old }
 74 | 			return block()
SwiftCompile normal arm64 /Users/admin/builder/spi-builder-workspace/Sources/AppKitUI/AppKitUI+TextView.swift (in target 'AppKitUI' from project 'AppKitUI')
    cd /Users/admin/builder/spi-builder-workspace/.swiftpm/xcode
    builtin-SwiftPerFileCompile AppKitUI+TextView.swift
SwiftCompile normal arm64 /Users/admin/builder/spi-builder-workspace/Sources/AppKitUI/AppKitUI+UserInterfaceIdentifier.swift (in target 'AppKitUI' from project 'AppKitUI')
    cd /Users/admin/builder/spi-builder-workspace/.swiftpm/xcode
    builtin-SwiftPerFileCompile AppKitUI+UserInterfaceIdentifier.swift
SwiftCompile normal arm64 /Users/admin/builder/spi-builder-workspace/Sources/AppKitUI/AppKitUI+ViewBodyGenerator.swift (in target 'AppKitUI' from project 'AppKitUI')
    cd /Users/admin/builder/spi-builder-workspace/.swiftpm/xcode
    builtin-SwiftPerFileCompile AppKitUI+ViewBodyGenerator.swift
SwiftCompile normal arm64 /Users/admin/builder/spi-builder-workspace/Sources/AppKitUI/AppKitUI+ViewController.swift (in target 'AppKitUI' from project 'AppKitUI')
    cd /Users/admin/builder/spi-builder-workspace/.swiftpm/xcode
    builtin-SwiftPerFileCompile AppKitUI+ViewController.swift
SwiftCompile normal arm64 /Users/admin/builder/spi-builder-workspace/Sources/AppKitUI/AppKitUI+WebView.swift (in target 'AppKitUI' from project 'AppKitUI')
    cd /Users/admin/builder/spi-builder-workspace/.swiftpm/xcode
    builtin-SwiftPerFileCompile AppKitUI+WebView.swift
SwiftCompile normal arm64 /Users/admin/builder/spi-builder-workspace/Sources/AppKitUI/AppKitUI.swift (in target 'AppKitUI' from project 'AppKitUI')
    cd /Users/admin/builder/spi-builder-workspace/.swiftpm/xcode
    builtin-SwiftPerFileCompile AppKitUI.swift
SwiftCompile normal arm64 /Users/admin/builder/spi-builder-workspace/Sources/AppKitUI/NSBackgroundExtensionView+appkitui.swift (in target 'AppKitUI' from project 'AppKitUI')
    cd /Users/admin/builder/spi-builder-workspace/.swiftpm/xcode
    builtin-SwiftPerFileCompile NSBackgroundExtensionView+appkitui.swift
SwiftCompile normal arm64 /Users/admin/builder/spi-builder-workspace/Sources/AppKitUI/NSBox+appkitui.swift (in target 'AppKitUI' from project 'AppKitUI')
    cd /Users/admin/builder/spi-builder-workspace/.swiftpm/xcode
    builtin-SwiftPerFileCompile NSBox+appkitui.swift
SwiftCompile normal arm64 /Users/admin/builder/spi-builder-workspace/Sources/AppKitUI/NSColor+appkitui.swift (in target 'AppKitUI' from project 'AppKitUI')
    cd /Users/admin/builder/spi-builder-workspace/.swiftpm/xcode
    builtin-SwiftPerFileCompile NSColor+appkitui.swift
SwiftCompile normal arm64 /Users/admin/builder/spi-builder-workspace/Sources/AppKitUI/NSColorWell+appkitui.swift (in target 'AppKitUI' from project 'AppKitUI')
    cd /Users/admin/builder/spi-builder-workspace/.swiftpm/xcode
    builtin-SwiftPerFileCompile NSColorWell+appkitui.swift
SwiftCompile normal arm64 /Users/admin/builder/spi-builder-workspace/Sources/AppKitUI/NSComboBox+appkitui.swift (in target 'AppKitUI' from project 'AppKitUI')
    cd /Users/admin/builder/spi-builder-workspace/.swiftpm/xcode
    builtin-SwiftPerFileCompile NSComboBox+appkitui.swift
SwiftCompile normal arm64 /Users/admin/builder/spi-builder-workspace/Sources/AppKitUI/NSComboButton+appkitui.swift (in target 'AppKitUI' from project 'AppKitUI')
    cd /Users/admin/builder/spi-builder-workspace/.swiftpm/xcode
    builtin-SwiftPerFileCompile NSComboButton+appkitui.swift
SwiftCompile normal arm64 /Users/admin/builder/spi-builder-workspace/Sources/AppKitUI/NSControl+appkitui.swift (in target 'AppKitUI' from project 'AppKitUI')
    cd /Users/admin/builder/spi-builder-workspace/.swiftpm/xcode
    builtin-SwiftPerFileCompile NSControl+appkitui.swift
SwiftCompile normal arm64 /Users/admin/builder/spi-builder-workspace/Sources/AppKitUI/NSDateControl+appkitui.swift (in target 'AppKitUI' from project 'AppKitUI')
    cd /Users/admin/builder/spi-builder-workspace/.swiftpm/xcode
    builtin-SwiftPerFileCompile NSDateControl+appkitui.swift
SwiftCompile normal arm64 Compiling\ NSButton+checkbox.swift,\ NSButton+radio.swift,\ AUIPageControl+SwiftUI.swift,\ AUIPageControl.swift,\ PageControlIndicatorView.swift,\ PageControlIndicatorsView.swift,\ PageImageView.swift,\ WindowedContent.swift,\ AppKitUI+Image.swift,\ AppKitUI+PaddedTextField.swift,\ AppKitUI+FillStyle+Checkerboard.swift,\ AppKitUI+FillStyle+Color.swift,\ AppKitUI+FillStyle+Gradient.swift /Users/admin/builder/spi-builder-workspace/Sources/AppKitUI/button/NSButton+checkbox.swift /Users/admin/builder/spi-builder-workspace/Sources/AppKitUI/button/NSButton+radio.swift /Users/admin/builder/spi-builder-workspace/Sources/AppKitUI/custom-controls/AUIPageControl/AUIPageControl+SwiftUI.swift /Users/admin/builder/spi-builder-workspace/Sources/AppKitUI/custom-controls/AUIPageControl/AUIPageControl.swift /Users/admin/builder/spi-builder-workspace/Sources/AppKitUI/custom-controls/AUIPageControl/private/PageControlIndicatorView.swift /Users/admin/builder/spi-builder-workspace/Sources/AppKitUI/custom-controls/AUIPageControl/private/PageControlIndicatorsView.swift /Users/admin/builder/spi-builder-workspace/Sources/AppKitUI/custom-controls/AUIPageControl/private/PageImageView.swift /Users/admin/builder/spi-builder-workspace/Sources/AppKitUI/custom-controls/AUIPageControl/private/WindowedContent.swift /Users/admin/builder/spi-builder-workspace/Sources/AppKitUI/custom-controls/AppKitUI+Image.swift /Users/admin/builder/spi-builder-workspace/Sources/AppKitUI/custom-controls/AppKitUI+PaddedTextField.swift /Users/admin/builder/spi-builder-workspace/Sources/AppKitUI/fill/AppKitUI+FillStyle+Checkerboard.swift /Users/admin/builder/spi-builder-workspace/Sources/AppKitUI/fill/AppKitUI+FillStyle+Color.swift /Users/admin/builder/spi-builder-workspace/Sources/AppKitUI/fill/AppKitUI+FillStyle+Gradient.swift (in target 'AppKitUI' from project 'AppKitUI')
SwiftCompile normal arm64 /Users/admin/builder/spi-builder-workspace/Sources/AppKitUI/button/NSButton+checkbox.swift (in target 'AppKitUI' from project 'AppKitUI')
    cd /Users/admin/builder/spi-builder-workspace/.swiftpm/xcode
    builtin-SwiftPerFileCompile NSButton+checkbox.swift
SwiftCompile normal arm64 /Users/admin/builder/spi-builder-workspace/Sources/AppKitUI/button/NSButton+radio.swift (in target 'AppKitUI' from project 'AppKitUI')
    cd /Users/admin/builder/spi-builder-workspace/.swiftpm/xcode
    builtin-SwiftPerFileCompile NSButton+radio.swift
SwiftCompile normal arm64 /Users/admin/builder/spi-builder-workspace/Sources/AppKitUI/custom-controls/AUIPageControl/AUIPageControl+SwiftUI.swift (in target 'AppKitUI' from project 'AppKitUI')
    cd /Users/admin/builder/spi-builder-workspace/.swiftpm/xcode
    builtin-SwiftPerFileCompile AUIPageControl+SwiftUI.swift
SwiftCompile normal arm64 /Users/admin/builder/spi-builder-workspace/Sources/AppKitUI/custom-controls/AUIPageControl/AUIPageControl.swift (in target 'AppKitUI' from project 'AppKitUI')
    cd /Users/admin/builder/spi-builder-workspace/.swiftpm/xcode
    builtin-SwiftPerFileCompile AUIPageControl.swift
SwiftCompile normal arm64 /Users/admin/builder/spi-builder-workspace/Sources/AppKitUI/custom-controls/AUIPageControl/private/PageControlIndicatorView.swift (in target 'AppKitUI' from project 'AppKitUI')
    cd /Users/admin/builder/spi-builder-workspace/.swiftpm/xcode
    builtin-SwiftPerFileCompile PageControlIndicatorView.swift
SwiftCompile normal arm64 /Users/admin/builder/spi-builder-workspace/Sources/AppKitUI/custom-controls/AUIPageControl/private/PageControlIndicatorsView.swift (in target 'AppKitUI' from project 'AppKitUI')
    cd /Users/admin/builder/spi-builder-workspace/.swiftpm/xcode
    builtin-SwiftPerFileCompile PageControlIndicatorsView.swift
SwiftCompile normal arm64 /Users/admin/builder/spi-builder-workspace/Sources/AppKitUI/custom-controls/AUIPageControl/private/PageImageView.swift (in target 'AppKitUI' from project 'AppKitUI')
    cd /Users/admin/builder/spi-builder-workspace/.swiftpm/xcode
    builtin-SwiftPerFileCompile PageImageView.swift
SwiftCompile normal arm64 /Users/admin/builder/spi-builder-workspace/Sources/AppKitUI/custom-controls/AUIPageControl/private/WindowedContent.swift (in target 'AppKitUI' from project 'AppKitUI')
    cd /Users/admin/builder/spi-builder-workspace/.swiftpm/xcode
    builtin-SwiftPerFileCompile WindowedContent.swift
SwiftCompile normal arm64 /Users/admin/builder/spi-builder-workspace/Sources/AppKitUI/custom-controls/AppKitUI+Image.swift (in target 'AppKitUI' from project 'AppKitUI')
    cd /Users/admin/builder/spi-builder-workspace/.swiftpm/xcode
    builtin-SwiftPerFileCompile AppKitUI+Image.swift
SwiftCompile normal arm64 /Users/admin/builder/spi-builder-workspace/Sources/AppKitUI/custom-controls/AppKitUI+PaddedTextField.swift (in target 'AppKitUI' from project 'AppKitUI')
    cd /Users/admin/builder/spi-builder-workspace/.swiftpm/xcode
    builtin-SwiftPerFileCompile AppKitUI+PaddedTextField.swift
SwiftCompile normal arm64 /Users/admin/builder/spi-builder-workspace/Sources/AppKitUI/fill/AppKitUI+FillStyle+Checkerboard.swift (in target 'AppKitUI' from project 'AppKitUI')
    cd /Users/admin/builder/spi-builder-workspace/.swiftpm/xcode
    builtin-SwiftPerFileCompile AppKitUI+FillStyle+Checkerboard.swift
SwiftCompile normal arm64 /Users/admin/builder/spi-builder-workspace/Sources/AppKitUI/fill/AppKitUI+FillStyle+Color.swift (in target 'AppKitUI' from project 'AppKitUI')
    cd /Users/admin/builder/spi-builder-workspace/.swiftpm/xcode
    builtin-SwiftPerFileCompile AppKitUI+FillStyle+Color.swift
SwiftCompile normal arm64 /Users/admin/builder/spi-builder-workspace/Sources/AppKitUI/fill/AppKitUI+FillStyle+Gradient.swift (in target 'AppKitUI' from project 'AppKitUI')
    cd /Users/admin/builder/spi-builder-workspace/.swiftpm/xcode
    builtin-SwiftPerFileCompile AppKitUI+FillStyle+Gradient.swift
SwiftDriverJobDiscovery normal arm64 Compiling NSImage+extensions.swift, NSLayoutConstraint+extensions.swift, NSObject+arbitraryValues.swift, NSObject+associated.swift, NSRange+extensions.swift, NSView+extensions.swift, OSLogger.swift, Optional+extensions.swift, Range+extensions.swift, ReentryChecker.swift, ScrollableTextView.swift, ViewAppearanceObservation.swift, global.swift (in target 'AppKitUI' from project 'AppKitUI')
PruneExplicitPrecompiledModules /Users/admin/builder/spi-builder-workspace/.derivedData/SDKExplicitPrecompiledModules
PruneExplicitPrecompiledModules /Users/admin/builder/spi-builder-workspace/.derivedData/Build/Intermediates.noindex/SwiftExplicitPrecompiledModules
PruneExplicitPrecompiledModules /Users/admin/builder/spi-builder-workspace/.derivedData/Build/Intermediates.noindex/ExplicitPrecompiledModules
2026-09-24 17:14:58.400 xcodebuild[627:3896] [MT] IDERunDestination: Supported platforms for the buildables in the current scheme is empty.
2026-09-24 17:14:58.504 xcodebuild[627:3896] [MT] IDERunDestination: Supported platforms for the buildables in the current scheme is empty.
--- xcodebuild: WARNING: Using the first of multiple matching destinations:
{ platform:macOS, arch:arm64, id:94d45efb4bc00eb5c58b5ce6d8296c9fad667815, name:My Mac }
{ platform:macOS, arch:arm64, variant:Mac Catalyst, id:94d45efb4bc00eb5c58b5ce6d8296c9fad667815, name:My Mac }
{ platform:macOS, arch:arm64, variant:DriverKit, id:94d45efb4bc00eb5c58b5ce6d8296c9fad667815, name:My Mac }
{ platform:macOS, arch:arm64, variant:Designed for [iPad,iPhone], id:94d45efb4bc00eb5c58b5ce6d8296c9fad667815, name:My Mac }
** BUILD FAILED **
The following build commands failed:
	SwiftCompile normal arm64 Compiling\ AppKitUI+FillStyle+Image.swift,\ AppKitUI+FillStyle+Stripes.swift,\ AppKitUI+FillStyle.swift,\ NSImage+appkitui.swift,\ NSImageView+appkitui.swift,\ NSMenu+appkitui.swift,\ NSMenuItem+appkitui.swift,\ NSMenuItem+palette.swift,\ NSMenuItem+view.swift,\ AppKitUI+Alert.swift,\ AppKitUI+Popover.swift,\ AppKitUI+Sheet.swift,\ NSAlert+appkitui.swift /Users/admin/builder/spi-builder-workspace/Sources/AppKitUI/fill/AppKitUI+FillStyle+Image.swift /Users/admin/builder/spi-builder-workspace/Sources/AppKitUI/fill/AppKitUI+FillStyle+Stripes.swift /Users/admin/builder/spi-builder-workspace/Sources/AppKitUI/fill/AppKitUI+FillStyle.swift /Users/admin/builder/spi-builder-workspace/Sources/AppKitUI/image/NSImage+appkitui.swift /Users/admin/builder/spi-builder-workspace/Sources/AppKitUI/image/NSImageView+appkitui.swift /Users/admin/builder/spi-builder-workspace/Sources/AppKitUI/menu/NSMenu+appkitui.swift /Users/admin/builder/spi-builder-workspace/Sources/AppKitUI/menu/NSMenuItem+appkitui.swift /Users/admin/builder/spi-builder-workspace/Sources/AppKitUI/menu/NSMenuItem+palette.swift /Users/admin/builder/spi-builder-workspace/Sources/AppKitUI/menu/NSMenuItem+view.swift /Users/admin/builder/spi-builder-workspace/Sources/AppKitUI/panel/AppKitUI+Alert.swift /Users/admin/builder/spi-builder-workspace/Sources/AppKitUI/panel/AppKitUI+Popover.swift /Users/admin/builder/spi-builder-workspace/Sources/AppKitUI/panel/AppKitUI+Sheet.swift /Users/admin/builder/spi-builder-workspace/Sources/AppKitUI/panel/NSAlert+appkitui.swift (in target 'AppKitUI' from project 'AppKitUI')
	SwiftCompile normal arm64 /Users/admin/builder/spi-builder-workspace/Sources/AppKitUI/fill/AppKitUI+FillStyle+Stripes.swift (in target 'AppKitUI' from project 'AppKitUI')
	Building workspace AppKitUI with scheme AppKitUI
(3 failures)
Command line invocation:
    /Applications/Xcode-27.0.0-Release.Candidate.app/Contents/Developer/usr/bin/xcodebuild -IDEClonedSourcePackagesDirPathOverride=/Users/admin/builder/spi-builder-workspace/.dependencies -resolvePackageDependencies
Resolve Package Graph
Resolved source packages:
  AppKitUI: /Users/admin/builder/spi-builder-workspace
resolved source packages: AppKitUI
2026-09-24 17:15:12.686 xcodebuild[791:4704] [MT] IDERunDestination: Supported platforms for the buildables in the current scheme is empty.
2026-09-24 17:15:12.789 xcodebuild[791:4704] [MT] IDERunDestination: Supported platforms for the buildables in the current scheme is empty.
{
  "dependencies" : [
  ],
  "manifest_display_name" : "AppKitUI",
  "name" : "AppKitUI",
  "path" : "/Users/admin/builder/spi-builder-workspace",
  "platforms" : [
    {
      "name" : "macos",
      "version" : "10.13"
    }
  ],
  "products" : [
    {
      "name" : "AppKitUI",
      "targets" : [
        "AppKitUI"
      ],
      "type" : {
        "library" : [
          "automatic"
        ]
      }
    }
  ],
  "targets" : [
    {
      "c99name" : "AppKitUITests",
      "module_type" : "SwiftTarget",
      "name" : "AppKitUITests",
      "path" : "Tests/AppKitUITests",
      "sources" : [
        "AppKitUITests.swift"
      ],
      "target_dependencies" : [
        "AppKitUI"
      ],
      "type" : "test"
    },
    {
      "c99name" : "AppKitUI",
      "module_type" : "SwiftTarget",
      "name" : "AppKitUI",
      "path" : "Sources/AppKitUI",
      "product_memberships" : [
        "AppKitUI"
      ],
      "sources" : [
        "AppKitUI+ColorSelector.swift",
        "AppKitUI+ContentUnavailable.swift",
        "AppKitUI+Divider.swift",
        "AppKitUI+DragInfo.swift",
        "AppKitUI+DropView.swift",
        "AppKitUI+IndexValues.swift",
        "AppKitUI+LayoutContainer.swift",
        "AppKitUI+List.swift",
        "AppKitUI+NumberStepper.swift",
        "AppKitUI+PDFView.swift",
        "AppKitUI+ResolvableColor.swift",
        "AppKitUI+SpacerView.swift",
        "AppKitUI+Switch.swift",
        "AppKitUI+TargetAction.swift",
        "AppKitUI+TextView.swift",
        "AppKitUI+UserInterfaceIdentifier.swift",
        "AppKitUI+ViewBodyGenerator.swift",
        "AppKitUI+ViewController.swift",
        "AppKitUI+WebView.swift",
        "AppKitUI.swift",
        "NSBackgroundExtensionView+appkitui.swift",
        "NSBox+appkitui.swift",
        "NSColor+appkitui.swift",
        "NSColorWell+appkitui.swift",
        "NSComboBox+appkitui.swift",
        "NSComboButton+appkitui.swift",
        "NSControl+appkitui.swift",
        "NSDateControl+appkitui.swift",
        "NSFont+appkitui.swift",
        "NSGlassEffectContainerView+appkitui.swift",
        "NSGlassEffectView+appkitui.swift",
        "NSGraphicsContent+appkitui.swift",
        "NSGridView+Row+appkitui.swift",
        "NSGridView+appkitui.swift",
        "NSLevelIndicator+appkitui.swift",
        "NSPathControl+appkitui.swift",
        "NSPopUpButton+appkitui.swift",
        "NSProgressIndicator+appkitui.swift",
        "NSSearchField+appkitui.swift",
        "NSSecureTextField+appkitui.swift",
        "NSSegmentedControl+appkitui.swift",
        "NSSlider+appkitui.swift",
        "NSStackView+appkitui.swift",
        "NSStepper+appkitui.swift",
        "NSSwitch+appkitui.swift",
        "NSTextField+appkitui.swift",
        "NSView+accessibility.swift",
        "NSView+appearance.swift",
        "NSView+appkitui.swift",
        "NSView+constraints.swift",
        "NSView+filters.swift",
        "NSView+gestures.swift",
        "NSView+mask.swift",
        "NSViewController+extensions.swift",
        "NSVisualEffectView+appkitui.swift",
        "NSWindow+appkitui.swift",
        "NumberFormatter+appkitui.swift",
        "bind/Bind+Aggregator.swift",
        "bind/Bind+OneWayTransform.swift",
        "bind/Bind+Transformers.swift",
        "bind/Bind+TwoWayTransform.swift",
        "bind/Bind.swift",
        "bind/Bindable.swift",
        "bind/DelayingCall.swift",
        "button/AppKitUI+ComboButton.swift",
        "button/AppKitUI+LinkButton.swift",
        "button/AppKitUI+TransparentButton.swift",
        "button/NSButton+appkitui.swift",
        "button/NSButton+checkbox.swift",
        "button/NSButton+radio.swift",
        "custom-controls/AUIPageControl/AUIPageControl+SwiftUI.swift",
        "custom-controls/AUIPageControl/AUIPageControl.swift",
        "custom-controls/AUIPageControl/private/PageControlIndicatorView.swift",
        "custom-controls/AUIPageControl/private/PageControlIndicatorsView.swift",
        "custom-controls/AUIPageControl/private/PageImageView.swift",
        "custom-controls/AUIPageControl/private/WindowedContent.swift",
        "custom-controls/AppKitUI+Image.swift",
        "custom-controls/AppKitUI+PaddedTextField.swift",
        "fill/AppKitUI+FillStyle+Checkerboard.swift",
        "fill/AppKitUI+FillStyle+Color.swift",
        "fill/AppKitUI+FillStyle+Gradient.swift",
        "fill/AppKitUI+FillStyle+Image.swift",
        "fill/AppKitUI+FillStyle+Stripes.swift",
        "fill/AppKitUI+FillStyle.swift",
        "image/NSImage+appkitui.swift",
        "image/NSImageView+appkitui.swift",
        "menu/NSMenu+appkitui.swift",
        "menu/NSMenuItem+appkitui.swift",
        "menu/NSMenuItem+palette.swift",
        "menu/NSMenuItem+view.swift",
        "panel/AppKitUI+Alert.swift",
        "panel/AppKitUI+Popover.swift",
        "panel/AppKitUI+Sheet.swift",
        "panel/NSAlert+appkitui.swift",
        "panel/NSOpenPanel+appkitui.swift",
        "panel/NSSavePanel+appkitui.swift",
        "shape/AppKitUI+Capsule.swift",
        "shape/AppKitUI+Circle.swift",
        "shape/AppKitUI+Ellipse.swift",
        "shape/AppKitUI+Rectangle.swift",
        "shape/AppKitUI+Shape.swift",
        "structure/AppKitUI+Disclosure.swift",
        "structure/AppKitUI+Flow.swift",
        "structure/AppKitUI+GlassEffect.swift",
        "structure/AppKitUI+GlassEffectContainer.swift",
        "structure/AppKitUI+HidingView.swift",
        "structure/AppKitUI+ScrollView.swift",
        "structure/AppKitUI+SplitView.swift",
        "structure/AppKitUI+Stack.swift",
        "structure/AppKitUI+TabView.swift",
        "structure/AppKitUI+ViewSwitcher.swift",
        "structure/AppKitUI+ZStack.swift",
        "tokenfield/AppKitUI+TokenField.swift",
        "tokenfield/NSTokenField+appkitui.swift",
        "utils/Array+extensions.swift",
        "utils/CATransaction+extensions.swift",
        "utils/DesignTime+PreviewBackport.swift",
        "utils/FlowCollectionView.swift",
        "utils/NSColor+extensions.swift",
        "utils/NSCopying+extensions.swift",
        "utils/NSImage+extensions.swift",
        "utils/NSLayoutConstraint+extensions.swift",
        "utils/NSObject+arbitraryValues.swift",
        "utils/NSObject+associated.swift",
        "utils/NSRange+extensions.swift",
        "utils/NSView+extensions.swift",
        "utils/OSLogger.swift",
        "utils/Optional+extensions.swift",
        "utils/Range+extensions.swift",
        "utils/ReentryChecker.swift",
        "utils/ScrollableTextView.swift",
        "utils/ViewAppearanceObservation.swift",
        "utils/global.swift"
      ],
      "type" : "library"
    }
  ],
  "tools_version" : "5.9"
}
{
  "workspace" : {
    "name" : "AppKitUI",
    "schemes" : [
      "AppKitUI"
    ]
  }
}
2026-09-24 17:15:13.937 xcodebuild[799:4773] [MT] IDERunDestination: Supported platforms for the buildables in the current scheme is empty.
2026-09-24 17:15:14.040 xcodebuild[799:4773] [MT] IDERunDestination: Supported platforms for the buildables in the current scheme is empty.
Running build ...
env DEVELOPER_DIR=/Applications/Xcode-27.0.0-Release.Candidate.app xcrun xcodebuild -IDEClonedSourcePackagesDirPathOverride=$PWD/.dependencies -skipMacroValidation -skipPackagePluginValidation -derivedDataPath $PWD/.derivedData build -scheme AppKitUI -destination platform=macOS,arch=arm64
Command line invocation:
    /Applications/Xcode-27.0.0-Release.Candidate.app/Contents/Developer/usr/bin/xcodebuild -IDEClonedSourcePackagesDirPathOverride=/Users/admin/builder/spi-builder-workspace/.dependencies -skipMacroValidation -skipPackagePluginValidation -derivedDataPath /Users/admin/builder/spi-builder-workspace/.derivedData build -scheme AppKitUI -destination platform=macOS,arch=arm64
Resolve Package Graph
Resolved source packages:
  AppKitUI: /Users/admin/builder/spi-builder-workspace
ComputePackagePrebuildTargetDependencyGraph
Prepare packages
CreateBuildRequest
SendProjectDescription
CreateBuildOperation
ComputeTargetDependencyGraph
note: Building targets in dependency order
note: Target dependency graph (2 targets)
    Target 'AppKitUI-product' in project 'AppKitUI'
        ➜ Explicit dependency on target 'AppKitUI' in project 'AppKitUI'
    Target 'AppKitUI' in project 'AppKitUI' (no dependencies)
GatherProvisioningInputs
CreateBuildDescription
ClangStatCache /Applications/Xcode-27.0.0-Release.Candidate.app/Contents/Developer/Toolchains/XcodeDefault.xctoolchain/usr/bin/clang-stat-cache /Applications/Xcode-27.0.0-Release.Candidate.app/Contents/Developer/Platforms/MacOSX.platform/Developer/SDKs/MacOSX27.0.sdk /Users/admin/builder/spi-builder-workspace/.derivedData/SDKStatCaches.noindex/macosx27.0-26A425-e829b21a6f8c9b70876ba0858053c0446a22442a12e9d48fe1a705f55a1adfc4.sdkstatcache
    cd /Users/admin/builder/spi-builder-workspace/.swiftpm/xcode
    /Applications/Xcode-27.0.0-Release.Candidate.app/Contents/Developer/Toolchains/XcodeDefault.xctoolchain/usr/bin/clang-stat-cache /Applications/Xcode-27.0.0-Release.Candidate.app/Contents/Developer/Platforms/MacOSX.platform/Developer/SDKs/MacOSX27.0.sdk -o /Users/admin/builder/spi-builder-workspace/.derivedData/SDKStatCaches.noindex/macosx27.0-26A425-e829b21a6f8c9b70876ba0858053c0446a22442a12e9d48fe1a705f55a1adfc4.sdkstatcache
SwiftDriver AppKitUI normal arm64 com.apple.xcode.tools.swift.compiler (in target 'AppKitUI' from project 'AppKitUI')
    cd /Users/admin/builder/spi-builder-workspace/.swiftpm/xcode
    builtin-SwiftDriver -- /Applications/Xcode-27.0.0-Release.Candidate.app/Contents/Developer/Toolchains/XcodeDefault.xctoolchain/usr/bin/swiftc -parse-as-library -module-name AppKitUI -Onone @/Users/admin/builder/spi-builder-workspace/.derivedData/Build/Intermediates.noindex/AppKitUI.build/Debug/AppKitUI-t.build/Objects-normal/arm64/AppKitUI.SwiftFileList -DSWIFT_PACKAGE -DDEBUG -DSWIFT_MODULE_RESOURCE_BUNDLE_UNAVAILABLE -DXcode -plugin-path /Applications/Xcode-27.0.0-Release.Candidate.app/Contents/Developer/Toolchains/XcodeDefault.xctoolchain/usr/lib/swift/host/plugins/testing -enable-experimental-feature DebugDescriptionMacro -sdk /Applications/Xcode-27.0.0-Release.Candidate.app/Contents/Developer/Platforms/MacOSX.platform/Developer/SDKs/MacOSX27.0.sdk -target arm64-apple-macos12.0 -g -module-cache-path /Users/admin/builder/spi-builder-workspace/.derivedData/ModuleCache.noindex -Xfrontend -serialize-debugging-options -profile-coverage-mapping -profile-generate -enable-testing -index-store-path /Users/admin/builder/spi-builder-workspace/.derivedData/Index.noindex/DataStore -Xcc -D_LIBCPP_HARDENING_MODE\=_LIBCPP_HARDENING_MODE_DEBUG -swift-version 5 -I /Users/admin/builder/spi-builder-workspace/.derivedData/Build/Products/Debug -Isystem /Applications/Xcode-27.0.0-Release.Candidate.app/Contents/Developer/Platforms/MacOSX.platform/Developer/usr/lib -F /Users/admin/builder/spi-builder-workspace/.derivedData/Build/Products/Debug -F /Applications/Xcode-27.0.0-Release.Candidate.app/Contents/Developer/Platforms/MacOSX.platform/Developer/Library/Frameworks -c -j10 -enable-batch-mode -incremental -Xcc -ivfsstatcache -Xcc /Users/admin/builder/spi-builder-workspace/.derivedData/SDKStatCaches.noindex/macosx27.0-26A425-e829b21a6f8c9b70876ba0858053c0446a22442a12e9d48fe1a705f55a1adfc4.sdkstatcache -output-file-map /Users/admin/builder/spi-builder-workspace/.derivedData/Build/Intermediates.noindex/AppKitUI.build/Debug/AppKitUI-t.build/Objects-normal/arm64/AppKitUI-OutputFileMap.json -save-temps -no-color-diagnostics -explicit-module-build -module-cache-path /Users/admin/builder/spi-builder-workspace/.derivedData/Build/Intermediates.noindex/SwiftExplicitPrecompiledModules -clang-scanner-module-cache-path /Users/admin/builder/spi-builder-workspace/.derivedData/ModuleCache.noindex -sdk-module-cache-path /Users/admin/builder/spi-builder-workspace/.derivedData/SDKExplicitPrecompiledModules -emit-dependencies -emit-module -emit-module-path /Users/admin/builder/spi-builder-workspace/.derivedData/Build/Intermediates.noindex/AppKitUI.build/Debug/AppKitUI-t.build/Objects-normal/arm64/AppKitUI.swiftmodule -serialize-diagnostics -dependency-scan-serialize-diagnostics-path /Users/admin/builder/spi-builder-workspace/.derivedData/Build/Intermediates.noindex/AppKitUI.build/Debug/AppKitUI-t.build/Objects-normal/arm64/AppKitUI-dependency-scan.dia -validate-clang-modules-once -clang-build-session-file /Users/admin/builder/spi-builder-workspace/.derivedData/ModuleCache.noindex/Session.modulevalidation -Xcc -fmodules-prune-interval\=86400 -Xcc -fmodules-prune-after\=345600 -package-name spi_builder_workspace -emit-const-values -const-gather-protocols-list /Users/admin/builder/spi-builder-workspace/.derivedData/Build/Intermediates.noindex/AppKitUI.build/Debug/AppKitUI-t.build/Objects-normal/arm64/AppKitUI_const_extract_protocols.json -Xcc -I/Users/admin/builder/spi-builder-workspace/.derivedData/Build/Products/Debug/include -Xcc -I/Users/admin/builder/spi-builder-workspace/.derivedData/Build/Intermediates.noindex/AppKitUI.build/Debug/AppKitUI-t.build/DerivedSources-normal/arm64 -Xcc -I/Users/admin/builder/spi-builder-workspace/.derivedData/Build/Intermediates.noindex/AppKitUI.build/Debug/AppKitUI-t.build/DerivedSources/arm64 -Xcc -I/Users/admin/builder/spi-builder-workspace/.derivedData/Build/Intermediates.noindex/AppKitUI.build/Debug/AppKitUI-t.build/DerivedSources -Xcc -DSWIFT_PACKAGE -Xcc -DDEBUG\=1 -emit-objc-header -emit-objc-header-path /Users/admin/builder/spi-builder-workspace/.derivedData/Build/Intermediates.noindex/AppKitUI.build/Debug/AppKitUI-t.build/Objects-normal/arm64/AppKitUI-Swift.h -working-directory /Users/admin/builder/spi-builder-workspace/.swiftpm/xcode -experimental-emit-module-separately -disable-cmo
SwiftCompile normal arm64 Compiling\ NSComboBox+appkitui.swift,\ NSComboButton+appkitui.swift,\ NSControl+appkitui.swift,\ NSDateControl+appkitui.swift,\ NSFont+appkitui.swift,\ NSGlassEffectContainerView+appkitui.swift,\ NSGlassEffectView+appkitui.swift,\ NSGraphicsContent+appkitui.swift,\ NSGridView+Row+appkitui.swift,\ NSGridView+appkitui.swift,\ NSLevelIndicator+appkitui.swift,\ NSPathControl+appkitui.swift /Users/admin/builder/spi-builder-workspace/Sources/AppKitUI/NSComboBox+appkitui.swift /Users/admin/builder/spi-builder-workspace/Sources/AppKitUI/NSComboButton+appkitui.swift /Users/admin/builder/spi-builder-workspace/Sources/AppKitUI/NSControl+appkitui.swift /Users/admin/builder/spi-builder-workspace/Sources/AppKitUI/NSDateControl+appkitui.swift /Users/admin/builder/spi-builder-workspace/Sources/AppKitUI/NSFont+appkitui.swift /Users/admin/builder/spi-builder-workspace/Sources/AppKitUI/NSGlassEffectContainerView+appkitui.swift /Users/admin/builder/spi-builder-workspace/Sources/AppKitUI/NSGlassEffectView+appkitui.swift /Users/admin/builder/spi-builder-workspace/Sources/AppKitUI/NSGraphicsContent+appkitui.swift /Users/admin/builder/spi-builder-workspace/Sources/AppKitUI/NSGridView+Row+appkitui.swift /Users/admin/builder/spi-builder-workspace/Sources/AppKitUI/NSGridView+appkitui.swift /Users/admin/builder/spi-builder-workspace/Sources/AppKitUI/NSLevelIndicator+appkitui.swift /Users/admin/builder/spi-builder-workspace/Sources/AppKitUI/NSPathControl+appkitui.swift (in target 'AppKitUI' from project 'AppKitUI')
SwiftCompile normal arm64 /Users/admin/builder/spi-builder-workspace/Sources/AppKitUI/NSComboBox+appkitui.swift (in target 'AppKitUI' from project 'AppKitUI')
    cd /Users/admin/builder/spi-builder-workspace/.swiftpm/xcode
    builtin-SwiftPerFileCompile NSComboBox+appkitui.swift
SwiftCompile normal arm64 /Users/admin/builder/spi-builder-workspace/Sources/AppKitUI/NSComboButton+appkitui.swift (in target 'AppKitUI' from project 'AppKitUI')
    cd /Users/admin/builder/spi-builder-workspace/.swiftpm/xcode
    builtin-SwiftPerFileCompile NSComboButton+appkitui.swift
SwiftCompile normal arm64 /Users/admin/builder/spi-builder-workspace/Sources/AppKitUI/NSControl+appkitui.swift (in target 'AppKitUI' from project 'AppKitUI')
    cd /Users/admin/builder/spi-builder-workspace/.swiftpm/xcode
    builtin-SwiftPerFileCompile NSControl+appkitui.swift
SwiftCompile normal arm64 /Users/admin/builder/spi-builder-workspace/Sources/AppKitUI/NSDateControl+appkitui.swift (in target 'AppKitUI' from project 'AppKitUI')
    cd /Users/admin/builder/spi-builder-workspace/.swiftpm/xcode
    builtin-SwiftPerFileCompile NSDateControl+appkitui.swift
SwiftCompile normal arm64 /Users/admin/builder/spi-builder-workspace/Sources/AppKitUI/NSFont+appkitui.swift (in target 'AppKitUI' from project 'AppKitUI')
    cd /Users/admin/builder/spi-builder-workspace/.swiftpm/xcode
    builtin-SwiftPerFileCompile NSFont+appkitui.swift
SwiftCompile normal arm64 /Users/admin/builder/spi-builder-workspace/Sources/AppKitUI/NSGlassEffectContainerView+appkitui.swift (in target 'AppKitUI' from project 'AppKitUI')
    cd /Users/admin/builder/spi-builder-workspace/.swiftpm/xcode
    builtin-SwiftPerFileCompile NSGlassEffectContainerView+appkitui.swift
SwiftCompile normal arm64 /Users/admin/builder/spi-builder-workspace/Sources/AppKitUI/NSGlassEffectView+appkitui.swift (in target 'AppKitUI' from project 'AppKitUI')
    cd /Users/admin/builder/spi-builder-workspace/.swiftpm/xcode
    builtin-SwiftPerFileCompile NSGlassEffectView+appkitui.swift
SwiftCompile normal arm64 /Users/admin/builder/spi-builder-workspace/Sources/AppKitUI/NSGraphicsContent+appkitui.swift (in target 'AppKitUI' from project 'AppKitUI')
    cd /Users/admin/builder/spi-builder-workspace/.swiftpm/xcode
    builtin-SwiftPerFileCompile NSGraphicsContent+appkitui.swift
SwiftCompile normal arm64 /Users/admin/builder/spi-builder-workspace/Sources/AppKitUI/NSGridView+Row+appkitui.swift (in target 'AppKitUI' from project 'AppKitUI')
    cd /Users/admin/builder/spi-builder-workspace/.swiftpm/xcode
    builtin-SwiftPerFileCompile NSGridView+Row+appkitui.swift
SwiftCompile normal arm64 /Users/admin/builder/spi-builder-workspace/Sources/AppKitUI/NSGridView+appkitui.swift (in target 'AppKitUI' from project 'AppKitUI')
    cd /Users/admin/builder/spi-builder-workspace/.swiftpm/xcode
    builtin-SwiftPerFileCompile NSGridView+appkitui.swift
SwiftCompile normal arm64 /Users/admin/builder/spi-builder-workspace/Sources/AppKitUI/NSLevelIndicator+appkitui.swift (in target 'AppKitUI' from project 'AppKitUI')
    cd /Users/admin/builder/spi-builder-workspace/.swiftpm/xcode
    builtin-SwiftPerFileCompile NSLevelIndicator+appkitui.swift
SwiftCompile normal arm64 /Users/admin/builder/spi-builder-workspace/Sources/AppKitUI/NSPathControl+appkitui.swift (in target 'AppKitUI' from project 'AppKitUI')
    cd /Users/admin/builder/spi-builder-workspace/.swiftpm/xcode
    builtin-SwiftPerFileCompile NSPathControl+appkitui.swift
/Users/admin/builder/spi-builder-workspace/Sources/AppKitUI/custom-controls/AUIPageControl/AUIPageControl+SwiftUI.swift:158:3: error: generic struct 'VStack' requires that 'NSView' conform to 'View'
156 | 		}
157 |
158 | 		Spacer()
    |   `- error: generic struct 'VStack' requires that 'NSView' conform to 'View'
159 | 	}
160 | 	.padding()
SwiftUI.TupleContent:2:11: note: requirement from conditional conformance of 'TupleContent<AUIPageControlUI, AUIPageControlUI, HStack<TupleView<(some View, some View, Button<Text>)>>, AUIPageControlUI, Divider, HStack<TupleView<(some View, some View, Toggle<Text>)>>, NSView>' to 'View'
1 | @available(iOS 26.0, macOS 26.0, tvOS 26.0, watchOS 26.0, *)
2 | extension TupleContent : View where repeat each Content : View {
  |           `- note: requirement from conditional conformance of 'TupleContent<AUIPageControlUI, AUIPageControlUI, HStack<TupleView<(some View, some View, Button<Text>)>>, AUIPageControlUI, Divider, HStack<TupleView<(some View, some View, Toggle<Text>)>>, NSView>' to 'View'
3 |     nonisolated public static func _makeView(view: _GraphValue<TupleContent<repeat each Content>>, inputs: _ViewInputs) -> _ViewOutputs
4 |     nonisolated public static func _makeViewList(view: _GraphValue<TupleContent<repeat each Content>>, inputs: _ViewListInputs) -> _ViewListOutputs
SwiftCompile normal arm64 Compiling\ AppKitUI+Switch.swift,\ AppKitUI+TargetAction.swift,\ AppKitUI+TextView.swift,\ AppKitUI+UserInterfaceIdentifier.swift,\ AppKitUI+ViewBodyGenerator.swift,\ AppKitUI+ViewController.swift,\ AppKitUI+WebView.swift,\ AppKitUI.swift,\ NSBackgroundExtensionView+appkitui.swift,\ NSBox+appkitui.swift,\ NSColor+appkitui.swift,\ NSColorWell+appkitui.swift /Users/admin/builder/spi-builder-workspace/Sources/AppKitUI/AppKitUI+Switch.swift /Users/admin/builder/spi-builder-workspace/Sources/AppKitUI/AppKitUI+TargetAction.swift /Users/admin/builder/spi-builder-workspace/Sources/AppKitUI/AppKitUI+TextView.swift /Users/admin/builder/spi-builder-workspace/Sources/AppKitUI/AppKitUI+UserInterfaceIdentifier.swift /Users/admin/builder/spi-builder-workspace/Sources/AppKitUI/AppKitUI+ViewBodyGenerator.swift /Users/admin/builder/spi-builder-workspace/Sources/AppKitUI/AppKitUI+ViewController.swift /Users/admin/builder/spi-builder-workspace/Sources/AppKitUI/AppKitUI+WebView.swift /Users/admin/builder/spi-builder-workspace/Sources/AppKitUI/AppKitUI.swift /Users/admin/builder/spi-builder-workspace/Sources/AppKitUI/NSBackgroundExtensionView+appkitui.swift /Users/admin/builder/spi-builder-workspace/Sources/AppKitUI/NSBox+appkitui.swift /Users/admin/builder/spi-builder-workspace/Sources/AppKitUI/NSColor+appkitui.swift /Users/admin/builder/spi-builder-workspace/Sources/AppKitUI/NSColorWell+appkitui.swift (in target 'AppKitUI' from project 'AppKitUI')
SwiftCompile normal arm64 /Users/admin/builder/spi-builder-workspace/Sources/AppKitUI/AppKitUI+Switch.swift (in target 'AppKitUI' from project 'AppKitUI')
    cd /Users/admin/builder/spi-builder-workspace/.swiftpm/xcode
    builtin-SwiftPerFileCompile AppKitUI+Switch.swift
SwiftCompile normal arm64 /Users/admin/builder/spi-builder-workspace/Sources/AppKitUI/AppKitUI+TargetAction.swift (in target 'AppKitUI' from project 'AppKitUI')
    cd /Users/admin/builder/spi-builder-workspace/.swiftpm/xcode
    builtin-SwiftPerFileCompile AppKitUI+TargetAction.swift
SwiftCompile normal arm64 /Users/admin/builder/spi-builder-workspace/Sources/AppKitUI/AppKitUI+TextView.swift (in target 'AppKitUI' from project 'AppKitUI')
    cd /Users/admin/builder/spi-builder-workspace/.swiftpm/xcode
    builtin-SwiftPerFileCompile AppKitUI+TextView.swift
SwiftCompile normal arm64 /Users/admin/builder/spi-builder-workspace/Sources/AppKitUI/AppKitUI+UserInterfaceIdentifier.swift (in target 'AppKitUI' from project 'AppKitUI')
    cd /Users/admin/builder/spi-builder-workspace/.swiftpm/xcode
    builtin-SwiftPerFileCompile AppKitUI+UserInterfaceIdentifier.swift
SwiftCompile normal arm64 /Users/admin/builder/spi-builder-workspace/Sources/AppKitUI/AppKitUI+ViewBodyGenerator.swift (in target 'AppKitUI' from project 'AppKitUI')
    cd /Users/admin/builder/spi-builder-workspace/.swiftpm/xcode
    builtin-SwiftPerFileCompile AppKitUI+ViewBodyGenerator.swift
SwiftCompile normal arm64 /Users/admin/builder/spi-builder-workspace/Sources/AppKitUI/AppKitUI+ViewController.swift (in target 'AppKitUI' from project 'AppKitUI')
    cd /Users/admin/builder/spi-builder-workspace/.swiftpm/xcode
    builtin-SwiftPerFileCompile AppKitUI+ViewController.swift
SwiftCompile normal arm64 /Users/admin/builder/spi-builder-workspace/Sources/AppKitUI/AppKitUI+WebView.swift (in target 'AppKitUI' from project 'AppKitUI')
    cd /Users/admin/builder/spi-builder-workspace/.swiftpm/xcode
    builtin-SwiftPerFileCompile AppKitUI+WebView.swift
SwiftCompile normal arm64 /Users/admin/builder/spi-builder-workspace/Sources/AppKitUI/AppKitUI.swift (in target 'AppKitUI' from project 'AppKitUI')
    cd /Users/admin/builder/spi-builder-workspace/.swiftpm/xcode
    builtin-SwiftPerFileCompile AppKitUI.swift
SwiftCompile normal arm64 /Users/admin/builder/spi-builder-workspace/Sources/AppKitUI/NSBackgroundExtensionView+appkitui.swift (in target 'AppKitUI' from project 'AppKitUI')
    cd /Users/admin/builder/spi-builder-workspace/.swiftpm/xcode
    builtin-SwiftPerFileCompile NSBackgroundExtensionView+appkitui.swift
SwiftCompile normal arm64 /Users/admin/builder/spi-builder-workspace/Sources/AppKitUI/NSBox+appkitui.swift (in target 'AppKitUI' from project 'AppKitUI')
    cd /Users/admin/builder/spi-builder-workspace/.swiftpm/xcode
    builtin-SwiftPerFileCompile NSBox+appkitui.swift
SwiftCompile normal arm64 /Users/admin/builder/spi-builder-workspace/Sources/AppKitUI/NSColor+appkitui.swift (in target 'AppKitUI' from project 'AppKitUI')
    cd /Users/admin/builder/spi-builder-workspace/.swiftpm/xcode
    builtin-SwiftPerFileCompile NSColor+appkitui.swift
SwiftCompile normal arm64 /Users/admin/builder/spi-builder-workspace/Sources/AppKitUI/NSColorWell+appkitui.swift (in target 'AppKitUI' from project 'AppKitUI')
    cd /Users/admin/builder/spi-builder-workspace/.swiftpm/xcode
    builtin-SwiftPerFileCompile NSColorWell+appkitui.swift
/Users/admin/builder/spi-builder-workspace/Sources/AppKitUI/custom-controls/AUIPageControl/AUIPageControl+SwiftUI.swift:158:3: error: generic struct 'VStack' requires that 'NSView' conform to 'View'
156 | 		}
157 |
158 | 		Spacer()
    |   `- error: generic struct 'VStack' requires that 'NSView' conform to 'View'
159 | 	}
160 | 	.padding()
SwiftUI.TupleContent:2:11: note: requirement from conditional conformance of 'TupleContent<AUIPageControlUI, AUIPageControlUI, HStack<TupleView<(some View, some View, Button<Text>)>>, AUIPageControlUI, Divider, HStack<TupleView<(some View, some View, Toggle<Text>)>>, NSView>' to 'View'
1 | @available(iOS 26.0, macOS 26.0, tvOS 26.0, watchOS 26.0, *)
2 | extension TupleContent : View where repeat each Content : View {
  |           `- note: requirement from conditional conformance of 'TupleContent<AUIPageControlUI, AUIPageControlUI, HStack<TupleView<(some View, some View, Button<Text>)>>, AUIPageControlUI, Divider, HStack<TupleView<(some View, some View, Toggle<Text>)>>, NSView>' to 'View'
3 |     nonisolated public static func _makeView(view: _GraphValue<TupleContent<repeat each Content>>, inputs: _ViewInputs) -> _ViewOutputs
4 |     nonisolated public static func _makeViewList(view: _GraphValue<TupleContent<repeat each Content>>, inputs: _ViewListInputs) -> _ViewListOutputs
/Users/admin/builder/spi-builder-workspace/Sources/AppKitUI/custom-controls/AUIPageControl/AUIPageControl+SwiftUI.swift:158:3: error: initializer 'init(alignment:spacing:content:)' requires that 'NSView' conform to 'View'
156 | 		}
157 |
158 | 		Spacer()
    |   `- error: initializer 'init(alignment:spacing:content:)' requires that 'NSView' conform to 'View'
159 | 	}
160 | 	.padding()
SwiftUI.TupleContent:2:11: note: requirement from conditional conformance of 'TupleContent<AUIPageControlUI, AUIPageControlUI, HStack<TupleView<(some View, some View, Button<Text>)>>, AUIPageControlUI, Divider, HStack<TupleView<(some View, some View, Toggle<Text>)>>, NSView>' to 'View'
1 | @available(iOS 26.0, macOS 26.0, tvOS 26.0, watchOS 26.0, *)
2 | extension TupleContent : View where repeat each Content : View {
  |           `- note: requirement from conditional conformance of 'TupleContent<AUIPageControlUI, AUIPageControlUI, HStack<TupleView<(some View, some View, Button<Text>)>>, AUIPageControlUI, Divider, HStack<TupleView<(some View, some View, Toggle<Text>)>>, NSView>' to 'View'
3 |     nonisolated public static func _makeView(view: _GraphValue<TupleContent<repeat each Content>>, inputs: _ViewInputs) -> _ViewOutputs
4 |     nonisolated public static func _makeViewList(view: _GraphValue<TupleContent<repeat each Content>>, inputs: _ViewListInputs) -> _ViewListOutputs
/Users/admin/builder/spi-builder-workspace/Sources/AppKitUI/NSColor+appkitui.swift:71:27: warning: 'current' was deprecated in macOS 12.0: Use -performAsCurrentDrawingAppearance: to temporarily set the drawing appearance, or +currentDrawingAppearance to access the currently drawing appearance. [#DeprecatedDeclaration]
 69 | 		// (capturing `result` inside a block doesn't work the way we need).
 70 | 		if #available(macOS 10.14, *) {
 71 | 			let old = NSAppearance.current
    |                           `- warning: 'current' was deprecated in macOS 12.0: Use -performAsCurrentDrawingAppearance: to temporarily set the drawing appearance, or +currentDrawingAppearance to access the currently drawing appearance. [#DeprecatedDeclaration]
 72 | 			NSAppearance.current = self.effectiveAppearance
 73 | 			defer { NSAppearance.current = old }
/Users/admin/builder/spi-builder-workspace/Sources/AppKitUI/NSColor+appkitui.swift:72:17: warning: 'current' was deprecated in macOS 12.0: Use -performAsCurrentDrawingAppearance: to temporarily set the drawing appearance, or +currentDrawingAppearance to access the currently drawing appearance. [#DeprecatedDeclaration]
 70 | 		if #available(macOS 10.14, *) {
 71 | 			let old = NSAppearance.current
 72 | 			NSAppearance.current = self.effectiveAppearance
    |                 `- warning: 'current' was deprecated in macOS 12.0: Use -performAsCurrentDrawingAppearance: to temporarily set the drawing appearance, or +currentDrawingAppearance to access the currently drawing appearance. [#DeprecatedDeclaration]
 73 | 			defer { NSAppearance.current = old }
 74 | 			return block()
SwiftCompile normal arm64 Compiling\ AppKitUI+ColorSelector.swift,\ AppKitUI+ContentUnavailable.swift,\ AppKitUI+Divider.swift,\ AppKitUI+DragInfo.swift,\ AppKitUI+DropView.swift,\ AppKitUI+IndexValues.swift,\ AppKitUI+LayoutContainer.swift,\ AppKitUI+List.swift,\ AppKitUI+NumberStepper.swift,\ AppKitUI+PDFView.swift,\ AppKitUI+ResolvableColor.swift,\ AppKitUI+SpacerView.swift /Users/admin/builder/spi-builder-workspace/Sources/AppKitUI/AppKitUI+ColorSelector.swift /Users/admin/builder/spi-builder-workspace/Sources/AppKitUI/AppKitUI+ContentUnavailable.swift /Users/admin/builder/spi-builder-workspace/Sources/AppKitUI/AppKitUI+Divider.swift /Users/admin/builder/spi-builder-workspace/Sources/AppKitUI/AppKitUI+DragInfo.swift /Users/admin/builder/spi-builder-workspace/Sources/AppKitUI/AppKitUI+DropView.swift /Users/admin/builder/spi-builder-workspace/Sources/AppKitUI/AppKitUI+IndexValues.swift /Users/admin/builder/spi-builder-workspace/Sources/AppKitUI/AppKitUI+LayoutContainer.swift /Users/admin/builder/spi-builder-workspace/Sources/AppKitUI/AppKitUI+List.swift /Users/admin/builder/spi-builder-workspace/Sources/AppKitUI/AppKitUI+NumberStepper.swift /Users/admin/builder/spi-builder-workspace/Sources/AppKitUI/AppKitUI+PDFView.swift /Users/admin/builder/spi-builder-workspace/Sources/AppKitUI/AppKitUI+ResolvableColor.swift /Users/admin/builder/spi-builder-workspace/Sources/AppKitUI/AppKitUI+SpacerView.swift (in target 'AppKitUI' from project 'AppKitUI')
/Users/admin/builder/spi-builder-workspace/Sources/AppKitUI/custom-controls/AUIPageControl/AUIPageControl+SwiftUI.swift:158:3: error: generic struct 'VStack' requires that 'NSView' conform to 'View'
156 | 		}
157 |
158 | 		Spacer()
    |   `- error: generic struct 'VStack' requires that 'NSView' conform to 'View'
159 | 	}
160 | 	.padding()
SwiftUI.TupleContent:2:11: note: requirement from conditional conformance of 'TupleContent<AUIPageControlUI, AUIPageControlUI, HStack<TupleView<(some View, some View, Button<Text>)>>, AUIPageControlUI, Divider, HStack<TupleView<(some View, some View, Toggle<Text>)>>, NSView>' to 'View'
1 | @available(iOS 26.0, macOS 26.0, tvOS 26.0, watchOS 26.0, *)
2 | extension TupleContent : View where repeat each Content : View {
  |           `- note: requirement from conditional conformance of 'TupleContent<AUIPageControlUI, AUIPageControlUI, HStack<TupleView<(some View, some View, Button<Text>)>>, AUIPageControlUI, Divider, HStack<TupleView<(some View, some View, Toggle<Text>)>>, NSView>' to 'View'
3 |     nonisolated public static func _makeView(view: _GraphValue<TupleContent<repeat each Content>>, inputs: _ViewInputs) -> _ViewOutputs
4 |     nonisolated public static func _makeViewList(view: _GraphValue<TupleContent<repeat each Content>>, inputs: _ViewListInputs) -> _ViewListOutputs
SwiftCompile normal arm64 /Users/admin/builder/spi-builder-workspace/Sources/AppKitUI/AppKitUI+ColorSelector.swift (in target 'AppKitUI' from project 'AppKitUI')
    cd /Users/admin/builder/spi-builder-workspace/.swiftpm/xcode
    builtin-SwiftPerFileCompile AppKitUI+ColorSelector.swift
SwiftCompile normal arm64 /Users/admin/builder/spi-builder-workspace/Sources/AppKitUI/AppKitUI+ContentUnavailable.swift (in target 'AppKitUI' from project 'AppKitUI')
    cd /Users/admin/builder/spi-builder-workspace/.swiftpm/xcode
    builtin-SwiftPerFileCompile AppKitUI+ContentUnavailable.swift
SwiftCompile normal arm64 /Users/admin/builder/spi-builder-workspace/Sources/AppKitUI/AppKitUI+Divider.swift (in target 'AppKitUI' from project 'AppKitUI')
    cd /Users/admin/builder/spi-builder-workspace/.swiftpm/xcode
    builtin-SwiftPerFileCompile AppKitUI+Divider.swift
SwiftCompile normal arm64 /Users/admin/builder/spi-builder-workspace/Sources/AppKitUI/AppKitUI+DragInfo.swift (in target 'AppKitUI' from project 'AppKitUI')
    cd /Users/admin/builder/spi-builder-workspace/.swiftpm/xcode
    builtin-SwiftPerFileCompile AppKitUI+DragInfo.swift
SwiftCompile normal arm64 /Users/admin/builder/spi-builder-workspace/Sources/AppKitUI/AppKitUI+DropView.swift (in target 'AppKitUI' from project 'AppKitUI')
    cd /Users/admin/builder/spi-builder-workspace/.swiftpm/xcode
    builtin-SwiftPerFileCompile AppKitUI+DropView.swift
SwiftCompile normal arm64 /Users/admin/builder/spi-builder-workspace/Sources/AppKitUI/AppKitUI+IndexValues.swift (in target 'AppKitUI' from project 'AppKitUI')
    cd /Users/admin/builder/spi-builder-workspace/.swiftpm/xcode
    builtin-SwiftPerFileCompile AppKitUI+IndexValues.swift
SwiftCompile normal arm64 /Users/admin/builder/spi-builder-workspace/Sources/AppKitUI/AppKitUI+LayoutContainer.swift (in target 'AppKitUI' from project 'AppKitUI')
    cd /Users/admin/builder/spi-builder-workspace/.swiftpm/xcode
    builtin-SwiftPerFileCompile AppKitUI+LayoutContainer.swift
SwiftCompile normal arm64 /Users/admin/builder/spi-builder-workspace/Sources/AppKitUI/AppKitUI+List.swift (in target 'AppKitUI' from project 'AppKitUI')
    cd /Users/admin/builder/spi-builder-workspace/.swiftpm/xcode
    builtin-SwiftPerFileCompile AppKitUI+List.swift
SwiftCompile normal arm64 /Users/admin/builder/spi-builder-workspace/Sources/AppKitUI/AppKitUI+NumberStepper.swift (in target 'AppKitUI' from project 'AppKitUI')
    cd /Users/admin/builder/spi-builder-workspace/.swiftpm/xcode
    builtin-SwiftPerFileCompile AppKitUI+NumberStepper.swift
SwiftCompile normal arm64 /Users/admin/builder/spi-builder-workspace/Sources/AppKitUI/AppKitUI+PDFView.swift (in target 'AppKitUI' from project 'AppKitUI')
    cd /Users/admin/builder/spi-builder-workspace/.swiftpm/xcode
    builtin-SwiftPerFileCompile AppKitUI+PDFView.swift
SwiftCompile normal arm64 /Users/admin/builder/spi-builder-workspace/Sources/AppKitUI/AppKitUI+ResolvableColor.swift (in target 'AppKitUI' from project 'AppKitUI')
    cd /Users/admin/builder/spi-builder-workspace/.swiftpm/xcode
    builtin-SwiftPerFileCompile AppKitUI+ResolvableColor.swift
SwiftCompile normal arm64 /Users/admin/builder/spi-builder-workspace/Sources/AppKitUI/AppKitUI+SpacerView.swift (in target 'AppKitUI' from project 'AppKitUI')
    cd /Users/admin/builder/spi-builder-workspace/.swiftpm/xcode
    builtin-SwiftPerFileCompile AppKitUI+SpacerView.swift
SwiftCompile normal arm64 Compiling\ NSView+appkitui.swift,\ NSView+constraints.swift,\ NSView+filters.swift,\ NSView+gestures.swift,\ NSView+mask.swift,\ NSViewController+extensions.swift,\ NSVisualEffectView+appkitui.swift,\ NSWindow+appkitui.swift,\ NumberFormatter+appkitui.swift,\ Bind+Aggregator.swift,\ Bind+OneWayTransform.swift,\ Bind+Transformers.swift /Users/admin/builder/spi-builder-workspace/Sources/AppKitUI/NSView+appkitui.swift /Users/admin/builder/spi-builder-workspace/Sources/AppKitUI/NSView+constraints.swift /Users/admin/builder/spi-builder-workspace/Sources/AppKitUI/NSView+filters.swift /Users/admin/builder/spi-builder-workspace/Sources/AppKitUI/NSView+gestures.swift /Users/admin/builder/spi-builder-workspace/Sources/AppKitUI/NSView+mask.swift /Users/admin/builder/spi-builder-workspace/Sources/AppKitUI/NSViewController+extensions.swift /Users/admin/builder/spi-builder-workspace/Sources/AppKitUI/NSVisualEffectView+appkitui.swift /Users/admin/builder/spi-builder-workspace/Sources/AppKitUI/NSWindow+appkitui.swift /Users/admin/builder/spi-builder-workspace/Sources/AppKitUI/NumberFormatter+appkitui.swift /Users/admin/builder/spi-builder-workspace/Sources/AppKitUI/bind/Bind+Aggregator.swift /Users/admin/builder/spi-builder-workspace/Sources/AppKitUI/bind/Bind+OneWayTransform.swift /Users/admin/builder/spi-builder-workspace/Sources/AppKitUI/bind/Bind+Transformers.swift (in target 'AppKitUI' from project 'AppKitUI')
/Users/admin/builder/spi-builder-workspace/Sources/AppKitUI/custom-controls/AUIPageControl/AUIPageControl+SwiftUI.swift:158:3: error: generic struct 'VStack' requires that 'NSView' conform to 'View'
156 | 		}
157 |
158 | 		Spacer()
    |   `- error: generic struct 'VStack' requires that 'NSView' conform to 'View'
159 | 	}
160 | 	.padding()
SwiftUI.TupleContent:2:11: note: requirement from conditional conformance of 'TupleContent<AUIPageControlUI, AUIPageControlUI, HStack<TupleView<(some View, some View, Button<Text>)>>, AUIPageControlUI, Divider, HStack<TupleView<(some View, some View, Toggle<Text>)>>, NSView>' to 'View'
1 | @available(iOS 26.0, macOS 26.0, tvOS 26.0, watchOS 26.0, *)
2 | extension TupleContent : View where repeat each Content : View {
  |           `- note: requirement from conditional conformance of 'TupleContent<AUIPageControlUI, AUIPageControlUI, HStack<TupleView<(some View, some View, Button<Text>)>>, AUIPageControlUI, Divider, HStack<TupleView<(some View, some View, Toggle<Text>)>>, NSView>' to 'View'
3 |     nonisolated public static func _makeView(view: _GraphValue<TupleContent<repeat each Content>>, inputs: _ViewInputs) -> _ViewOutputs
4 |     nonisolated public static func _makeViewList(view: _GraphValue<TupleContent<repeat each Content>>, inputs: _ViewListInputs) -> _ViewListOutputs
/Users/admin/builder/spi-builder-workspace/Sources/AppKitUI/custom-controls/AUIPageControl/AUIPageControl+SwiftUI.swift:158:3: error: initializer 'init(alignment:spacing:content:)' requires that 'NSView' conform to 'View'
156 | 		}
157 |
158 | 		Spacer()
    |   `- error: initializer 'init(alignment:spacing:content:)' requires that 'NSView' conform to 'View'
159 | 	}
160 | 	.padding()
SwiftUI.TupleContent:2:11: note: requirement from conditional conformance of 'TupleContent<AUIPageControlUI, AUIPageControlUI, HStack<TupleView<(some View, some View, Button<Text>)>>, AUIPageControlUI, Divider, HStack<TupleView<(some View, some View, Toggle<Text>)>>, NSView>' to 'View'
1 | @available(iOS 26.0, macOS 26.0, tvOS 26.0, watchOS 26.0, *)
2 | extension TupleContent : View where repeat each Content : View {
  |           `- note: requirement from conditional conformance of 'TupleContent<AUIPageControlUI, AUIPageControlUI, HStack<TupleView<(some View, some View, Button<Text>)>>, AUIPageControlUI, Divider, HStack<TupleView<(some View, some View, Toggle<Text>)>>, NSView>' to 'View'
3 |     nonisolated public static func _makeView(view: _GraphValue<TupleContent<repeat each Content>>, inputs: _ViewInputs) -> _ViewOutputs
4 |     nonisolated public static func _makeViewList(view: _GraphValue<TupleContent<repeat each Content>>, inputs: _ViewListInputs) -> _ViewListOutputs
SwiftCompile normal arm64 /Users/admin/builder/spi-builder-workspace/Sources/AppKitUI/NSView+appkitui.swift (in target 'AppKitUI' from project 'AppKitUI')
    cd /Users/admin/builder/spi-builder-workspace/.swiftpm/xcode
    builtin-SwiftPerFileCompile NSView+appkitui.swift
SwiftCompile normal arm64 /Users/admin/builder/spi-builder-workspace/Sources/AppKitUI/NSView+constraints.swift (in target 'AppKitUI' from project 'AppKitUI')
    cd /Users/admin/builder/spi-builder-workspace/.swiftpm/xcode
    builtin-SwiftPerFileCompile NSView+constraints.swift
SwiftCompile normal arm64 /Users/admin/builder/spi-builder-workspace/Sources/AppKitUI/NSView+filters.swift (in target 'AppKitUI' from project 'AppKitUI')
    cd /Users/admin/builder/spi-builder-workspace/.swiftpm/xcode
    builtin-SwiftPerFileCompile NSView+filters.swift
SwiftCompile normal arm64 /Users/admin/builder/spi-builder-workspace/Sources/AppKitUI/NSView+gestures.swift (in target 'AppKitUI' from project 'AppKitUI')
    cd /Users/admin/builder/spi-builder-workspace/.swiftpm/xcode
    builtin-SwiftPerFileCompile NSView+gestures.swift
SwiftCompile normal arm64 /Users/admin/builder/spi-builder-workspace/Sources/AppKitUI/NSView+mask.swift (in target 'AppKitUI' from project 'AppKitUI')
    cd /Users/admin/builder/spi-builder-workspace/.swiftpm/xcode
    builtin-SwiftPerFileCompile NSView+mask.swift
SwiftCompile normal arm64 /Users/admin/builder/spi-builder-workspace/Sources/AppKitUI/NSViewController+extensions.swift (in target 'AppKitUI' from project 'AppKitUI')
    cd /Users/admin/builder/spi-builder-workspace/.swiftpm/xcode
    builtin-SwiftPerFileCompile NSViewController+extensions.swift
SwiftCompile normal arm64 /Users/admin/builder/spi-builder-workspace/Sources/AppKitUI/NSVisualEffectView+appkitui.swift (in target 'AppKitUI' from project 'AppKitUI')
    cd /Users/admin/builder/spi-builder-workspace/.swiftpm/xcode
    builtin-SwiftPerFileCompile NSVisualEffectView+appkitui.swift
SwiftCompile normal arm64 /Users/admin/builder/spi-builder-workspace/Sources/AppKitUI/NSWindow+appkitui.swift (in target 'AppKitUI' from project 'AppKitUI')
    cd /Users/admin/builder/spi-builder-workspace/.swiftpm/xcode
    builtin-SwiftPerFileCompile NSWindow+appkitui.swift
SwiftCompile normal arm64 /Users/admin/builder/spi-builder-workspace/Sources/AppKitUI/NumberFormatter+appkitui.swift (in target 'AppKitUI' from project 'AppKitUI')
    cd /Users/admin/builder/spi-builder-workspace/.swiftpm/xcode
    builtin-SwiftPerFileCompile NumberFormatter+appkitui.swift
SwiftCompile normal arm64 /Users/admin/builder/spi-builder-workspace/Sources/AppKitUI/bind/Bind+Aggregator.swift (in target 'AppKitUI' from project 'AppKitUI')
    cd /Users/admin/builder/spi-builder-workspace/.swiftpm/xcode
    builtin-SwiftPerFileCompile Bind+Aggregator.swift
SwiftCompile normal arm64 /Users/admin/builder/spi-builder-workspace/Sources/AppKitUI/bind/Bind+OneWayTransform.swift (in target 'AppKitUI' from project 'AppKitUI')
    cd /Users/admin/builder/spi-builder-workspace/.swiftpm/xcode
    builtin-SwiftPerFileCompile Bind+OneWayTransform.swift
SwiftCompile normal arm64 /Users/admin/builder/spi-builder-workspace/Sources/AppKitUI/bind/Bind+Transformers.swift (in target 'AppKitUI' from project 'AppKitUI')
    cd /Users/admin/builder/spi-builder-workspace/.swiftpm/xcode
    builtin-SwiftPerFileCompile Bind+Transformers.swift
SwiftCompile normal arm64 Compiling\ NSPopUpButton+appkitui.swift,\ NSProgressIndicator+appkitui.swift,\ NSSearchField+appkitui.swift,\ NSSecureTextField+appkitui.swift,\ NSSegmentedControl+appkitui.swift,\ NSSlider+appkitui.swift,\ NSStackView+appkitui.swift,\ NSStepper+appkitui.swift,\ NSSwitch+appkitui.swift,\ NSTextField+appkitui.swift,\ NSView+accessibility.swift,\ NSView+appearance.swift /Users/admin/builder/spi-builder-workspace/Sources/AppKitUI/NSPopUpButton+appkitui.swift /Users/admin/builder/spi-builder-workspace/Sources/AppKitUI/NSProgressIndicator+appkitui.swift /Users/admin/builder/spi-builder-workspace/Sources/AppKitUI/NSSearchField+appkitui.swift /Users/admin/builder/spi-builder-workspace/Sources/AppKitUI/NSSecureTextField+appkitui.swift /Users/admin/builder/spi-builder-workspace/Sources/AppKitUI/NSSegmentedControl+appkitui.swift /Users/admin/builder/spi-builder-workspace/Sources/AppKitUI/NSSlider+appkitui.swift /Users/admin/builder/spi-builder-workspace/Sources/AppKitUI/NSStackView+appkitui.swift /Users/admin/builder/spi-builder-workspace/Sources/AppKitUI/NSStepper+appkitui.swift /Users/admin/builder/spi-builder-workspace/Sources/AppKitUI/NSSwitch+appkitui.swift /Users/admin/builder/spi-builder-workspace/Sources/AppKitUI/NSTextField+appkitui.swift /Users/admin/builder/spi-builder-workspace/Sources/AppKitUI/NSView+accessibility.swift /Users/admin/builder/spi-builder-workspace/Sources/AppKitUI/NSView+appearance.swift (in target 'AppKitUI' from project 'AppKitUI')
/Users/admin/builder/spi-builder-workspace/Sources/AppKitUI/custom-controls/AUIPageControl/AUIPageControl+SwiftUI.swift:158:3: error: generic struct 'VStack' requires that 'NSView' conform to 'View'
156 | 		}
157 |
158 | 		Spacer()
    |   `- error: generic struct 'VStack' requires that 'NSView' conform to 'View'
159 | 	}
160 | 	.padding()
SwiftUI.TupleContent:2:11: note: requirement from conditional conformance of 'TupleContent<AUIPageControlUI, AUIPageControlUI, HStack<TupleView<(some View, some View, Button<Text>)>>, AUIPageControlUI, Divider, HStack<TupleView<(some View, some View, Toggle<Text>)>>, NSView>' to 'View'
1 | @available(iOS 26.0, macOS 26.0, tvOS 26.0, watchOS 26.0, *)
2 | extension TupleContent : View where repeat each Content : View {
  |           `- note: requirement from conditional conformance of 'TupleContent<AUIPageControlUI, AUIPageControlUI, HStack<TupleView<(some View, some View, Button<Text>)>>, AUIPageControlUI, Divider, HStack<TupleView<(some View, some View, Toggle<Text>)>>, NSView>' to 'View'
3 |     nonisolated public static func _makeView(view: _GraphValue<TupleContent<repeat each Content>>, inputs: _ViewInputs) -> _ViewOutputs
4 |     nonisolated public static func _makeViewList(view: _GraphValue<TupleContent<repeat each Content>>, inputs: _ViewListInputs) -> _ViewListOutputs
SwiftCompile normal arm64 /Users/admin/builder/spi-builder-workspace/Sources/AppKitUI/NSPopUpButton+appkitui.swift (in target 'AppKitUI' from project 'AppKitUI')
    cd /Users/admin/builder/spi-builder-workspace/.swiftpm/xcode
    builtin-SwiftPerFileCompile NSPopUpButton+appkitui.swift
SwiftCompile normal arm64 /Users/admin/builder/spi-builder-workspace/Sources/AppKitUI/NSProgressIndicator+appkitui.swift (in target 'AppKitUI' from project 'AppKitUI')
    cd /Users/admin/builder/spi-builder-workspace/.swiftpm/xcode
    builtin-SwiftPerFileCompile NSProgressIndicator+appkitui.swift
SwiftCompile normal arm64 /Users/admin/builder/spi-builder-workspace/Sources/AppKitUI/NSSearchField+appkitui.swift (in target 'AppKitUI' from project 'AppKitUI')
    cd /Users/admin/builder/spi-builder-workspace/.swiftpm/xcode
    builtin-SwiftPerFileCompile NSSearchField+appkitui.swift
SwiftCompile normal arm64 /Users/admin/builder/spi-builder-workspace/Sources/AppKitUI/NSSecureTextField+appkitui.swift (in target 'AppKitUI' from project 'AppKitUI')
    cd /Users/admin/builder/spi-builder-workspace/.swiftpm/xcode
    builtin-SwiftPerFileCompile NSSecureTextField+appkitui.swift
SwiftCompile normal arm64 /Users/admin/builder/spi-builder-workspace/Sources/AppKitUI/NSSegmentedControl+appkitui.swift (in target 'AppKitUI' from project 'AppKitUI')
    cd /Users/admin/builder/spi-builder-workspace/.swiftpm/xcode
    builtin-SwiftPerFileCompile NSSegmentedControl+appkitui.swift
SwiftCompile normal arm64 /Users/admin/builder/spi-builder-workspace/Sources/AppKitUI/NSSlider+appkitui.swift (in target 'AppKitUI' from project 'AppKitUI')
    cd /Users/admin/builder/spi-builder-workspace/.swiftpm/xcode
    builtin-SwiftPerFileCompile NSSlider+appkitui.swift
SwiftCompile normal arm64 /Users/admin/builder/spi-builder-workspace/Sources/AppKitUI/NSStackView+appkitui.swift (in target 'AppKitUI' from project 'AppKitUI')
    cd /Users/admin/builder/spi-builder-workspace/.swiftpm/xcode
    builtin-SwiftPerFileCompile NSStackView+appkitui.swift
SwiftCompile normal arm64 /Users/admin/builder/spi-builder-workspace/Sources/AppKitUI/NSStepper+appkitui.swift (in target 'AppKitUI' from project 'AppKitUI')
    cd /Users/admin/builder/spi-builder-workspace/.swiftpm/xcode
    builtin-SwiftPerFileCompile NSStepper+appkitui.swift
SwiftCompile normal arm64 /Users/admin/builder/spi-builder-workspace/Sources/AppKitUI/NSSwitch+appkitui.swift (in target 'AppKitUI' from project 'AppKitUI')
    cd /Users/admin/builder/spi-builder-workspace/.swiftpm/xcode
    builtin-SwiftPerFileCompile NSSwitch+appkitui.swift
SwiftCompile normal arm64 /Users/admin/builder/spi-builder-workspace/Sources/AppKitUI/NSTextField+appkitui.swift (in target 'AppKitUI' from project 'AppKitUI')
    cd /Users/admin/builder/spi-builder-workspace/.swiftpm/xcode
    builtin-SwiftPerFileCompile NSTextField+appkitui.swift
SwiftCompile normal arm64 /Users/admin/builder/spi-builder-workspace/Sources/AppKitUI/NSView+accessibility.swift (in target 'AppKitUI' from project 'AppKitUI')
    cd /Users/admin/builder/spi-builder-workspace/.swiftpm/xcode
    builtin-SwiftPerFileCompile NSView+accessibility.swift
SwiftCompile normal arm64 /Users/admin/builder/spi-builder-workspace/Sources/AppKitUI/NSView+appearance.swift (in target 'AppKitUI' from project 'AppKitUI')
    cd /Users/admin/builder/spi-builder-workspace/.swiftpm/xcode
    builtin-SwiftPerFileCompile NSView+appearance.swift
SwiftCompile normal arm64 Compiling\ PageControlIndicatorView.swift,\ PageControlIndicatorsView.swift,\ PageImageView.swift,\ WindowedContent.swift,\ AppKitUI+Image.swift,\ AppKitUI+PaddedTextField.swift,\ AppKitUI+FillStyle+Checkerboard.swift,\ AppKitUI+FillStyle+Color.swift,\ AppKitUI+FillStyle+Gradient.swift,\ AppKitUI+FillStyle+Image.swift,\ AppKitUI+FillStyle+Stripes.swift,\ AppKitUI+FillStyle.swift /Users/admin/builder/spi-builder-workspace/Sources/AppKitUI/custom-controls/AUIPageControl/private/PageControlIndicatorView.swift /Users/admin/builder/spi-builder-workspace/Sources/AppKitUI/custom-controls/AUIPageControl/private/PageControlIndicatorsView.swift /Users/admin/builder/spi-builder-workspace/Sources/AppKitUI/custom-controls/AUIPageControl/private/PageImageView.swift /Users/admin/builder/spi-builder-workspace/Sources/AppKitUI/custom-controls/AUIPageControl/private/WindowedContent.swift /Users/admin/builder/spi-builder-workspace/Sources/AppKitUI/custom-controls/AppKitUI+Image.swift /Users/admin/builder/spi-builder-workspace/Sources/AppKitUI/custom-controls/AppKitUI+PaddedTextField.swift /Users/admin/builder/spi-builder-workspace/Sources/AppKitUI/fill/AppKitUI+FillStyle+Checkerboard.swift /Users/admin/builder/spi-builder-workspace/Sources/AppKitUI/fill/AppKitUI+FillStyle+Color.swift /Users/admin/builder/spi-builder-workspace/Sources/AppKitUI/fill/AppKitUI+FillStyle+Gradient.swift /Users/admin/builder/spi-builder-workspace/Sources/AppKitUI/fill/AppKitUI+FillStyle+Image.swift /Users/admin/builder/spi-builder-workspace/Sources/AppKitUI/fill/AppKitUI+FillStyle+Stripes.swift /Users/admin/builder/spi-builder-workspace/Sources/AppKitUI/fill/AppKitUI+FillStyle.swift (in target 'AppKitUI' from project 'AppKitUI')
/Users/admin/builder/spi-builder-workspace/Sources/AppKitUI/custom-controls/AUIPageControl/AUIPageControl+SwiftUI.swift:158:3: error: generic struct 'VStack' requires that 'NSView' conform to 'View'
156 | 		}
157 |
158 | 		Spacer()
    |   `- error: generic struct 'VStack' requires that 'NSView' conform to 'View'
159 | 	}
160 | 	.padding()
SwiftUI.TupleContent:2:11: note: requirement from conditional conformance of 'TupleContent<AUIPageControlUI, AUIPageControlUI, HStack<TupleView<(some View, some View, Button<Text>)>>, AUIPageControlUI, Divider, HStack<TupleView<(some View, some View, Toggle<Text>)>>, NSView>' to 'View'
1 | @available(iOS 26.0, macOS 26.0, tvOS 26.0, watchOS 26.0, *)
2 | extension TupleContent : View where repeat each Content : View {
  |           `- note: requirement from conditional conformance of 'TupleContent<AUIPageControlUI, AUIPageControlUI, HStack<TupleView<(some View, some View, Button<Text>)>>, AUIPageControlUI, Divider, HStack<TupleView<(some View, some View, Toggle<Text>)>>, NSView>' to 'View'
3 |     nonisolated public static func _makeView(view: _GraphValue<TupleContent<repeat each Content>>, inputs: _ViewInputs) -> _ViewOutputs
4 |     nonisolated public static func _makeViewList(view: _GraphValue<TupleContent<repeat each Content>>, inputs: _ViewListInputs) -> _ViewListOutputs
SwiftCompile normal arm64 /Users/admin/builder/spi-builder-workspace/Sources/AppKitUI/custom-controls/AUIPageControl/private/PageControlIndicatorView.swift (in target 'AppKitUI' from project 'AppKitUI')
    cd /Users/admin/builder/spi-builder-workspace/.swiftpm/xcode
    builtin-SwiftPerFileCompile PageControlIndicatorView.swift
SwiftCompile normal arm64 /Users/admin/builder/spi-builder-workspace/Sources/AppKitUI/custom-controls/AUIPageControl/private/PageControlIndicatorsView.swift (in target 'AppKitUI' from project 'AppKitUI')
    cd /Users/admin/builder/spi-builder-workspace/.swiftpm/xcode
    builtin-SwiftPerFileCompile PageControlIndicatorsView.swift
SwiftCompile normal arm64 /Users/admin/builder/spi-builder-workspace/Sources/AppKitUI/custom-controls/AUIPageControl/private/PageImageView.swift (in target 'AppKitUI' from project 'AppKitUI')
    cd /Users/admin/builder/spi-builder-workspace/.swiftpm/xcode
    builtin-SwiftPerFileCompile PageImageView.swift
SwiftCompile normal arm64 /Users/admin/builder/spi-builder-workspace/Sources/AppKitUI/custom-controls/AUIPageControl/private/WindowedContent.swift (in target 'AppKitUI' from project 'AppKitUI')
    cd /Users/admin/builder/spi-builder-workspace/.swiftpm/xcode
    builtin-SwiftPerFileCompile WindowedContent.swift
SwiftCompile normal arm64 /Users/admin/builder/spi-builder-workspace/Sources/AppKitUI/custom-controls/AppKitUI+Image.swift (in target 'AppKitUI' from project 'AppKitUI')
    cd /Users/admin/builder/spi-builder-workspace/.swiftpm/xcode
    builtin-SwiftPerFileCompile AppKitUI+Image.swift
SwiftCompile normal arm64 /Users/admin/builder/spi-builder-workspace/Sources/AppKitUI/custom-controls/AppKitUI+PaddedTextField.swift (in target 'AppKitUI' from project 'AppKitUI')
    cd /Users/admin/builder/spi-builder-workspace/.swiftpm/xcode
    builtin-SwiftPerFileCompile AppKitUI+PaddedTextField.swift
SwiftCompile normal arm64 /Users/admin/builder/spi-builder-workspace/Sources/AppKitUI/fill/AppKitUI+FillStyle+Checkerboard.swift (in target 'AppKitUI' from project 'AppKitUI')
    cd /Users/admin/builder/spi-builder-workspace/.swiftpm/xcode
    builtin-SwiftPerFileCompile AppKitUI+FillStyle+Checkerboard.swift
SwiftCompile normal arm64 /Users/admin/builder/spi-builder-workspace/Sources/AppKitUI/fill/AppKitUI+FillStyle+Color.swift (in target 'AppKitUI' from project 'AppKitUI')
    cd /Users/admin/builder/spi-builder-workspace/.swiftpm/xcode
    builtin-SwiftPerFileCompile AppKitUI+FillStyle+Color.swift
SwiftCompile normal arm64 /Users/admin/builder/spi-builder-workspace/Sources/AppKitUI/fill/AppKitUI+FillStyle+Gradient.swift (in target 'AppKitUI' from project 'AppKitUI')
    cd /Users/admin/builder/spi-builder-workspace/.swiftpm/xcode
    builtin-SwiftPerFileCompile AppKitUI+FillStyle+Gradient.swift
SwiftCompile normal arm64 /Users/admin/builder/spi-builder-workspace/Sources/AppKitUI/fill/AppKitUI+FillStyle+Image.swift (in target 'AppKitUI' from project 'AppKitUI')
    cd /Users/admin/builder/spi-builder-workspace/.swiftpm/xcode
    builtin-SwiftPerFileCompile AppKitUI+FillStyle+Image.swift
SwiftCompile normal arm64 /Users/admin/builder/spi-builder-workspace/Sources/AppKitUI/fill/AppKitUI+FillStyle+Stripes.swift (in target 'AppKitUI' from project 'AppKitUI')
    cd /Users/admin/builder/spi-builder-workspace/.swiftpm/xcode
    builtin-SwiftPerFileCompile AppKitUI+FillStyle+Stripes.swift
SwiftCompile normal arm64 /Users/admin/builder/spi-builder-workspace/Sources/AppKitUI/fill/AppKitUI+FillStyle.swift (in target 'AppKitUI' from project 'AppKitUI')
    cd /Users/admin/builder/spi-builder-workspace/.swiftpm/xcode
    builtin-SwiftPerFileCompile AppKitUI+FillStyle.swift
SwiftCompile normal arm64 Compiling\ AppKitUI+Stack.swift,\ AppKitUI+TabView.swift,\ AppKitUI+ViewSwitcher.swift,\ AppKitUI+ZStack.swift,\ AppKitUI+TokenField.swift,\ NSTokenField+appkitui.swift,\ Array+extensions.swift,\ CATransaction+extensions.swift,\ DesignTime+PreviewBackport.swift,\ FlowCollectionView.swift,\ NSColor+extensions.swift,\ NSCopying+extensions.swift /Users/admin/builder/spi-builder-workspace/Sources/AppKitUI/structure/AppKitUI+Stack.swift /Users/admin/builder/spi-builder-workspace/Sources/AppKitUI/structure/AppKitUI+TabView.swift /Users/admin/builder/spi-builder-workspace/Sources/AppKitUI/structure/AppKitUI+ViewSwitcher.swift /Users/admin/builder/spi-builder-workspace/Sources/AppKitUI/structure/AppKitUI+ZStack.swift /Users/admin/builder/spi-builder-workspace/Sources/AppKitUI/tokenfield/AppKitUI+TokenField.swift /Users/admin/builder/spi-builder-workspace/Sources/AppKitUI/tokenfield/NSTokenField+appkitui.swift /Users/admin/builder/spi-builder-workspace/Sources/AppKitUI/utils/Array+extensions.swift /Users/admin/builder/spi-builder-workspace/Sources/AppKitUI/utils/CATransaction+extensions.swift /Users/admin/builder/spi-builder-workspace/Sources/AppKitUI/utils/DesignTime+PreviewBackport.swift /Users/admin/builder/spi-builder-workspace/Sources/AppKitUI/utils/FlowCollectionView.swift /Users/admin/builder/spi-builder-workspace/Sources/AppKitUI/utils/NSColor+extensions.swift /Users/admin/builder/spi-builder-workspace/Sources/AppKitUI/utils/NSCopying+extensions.swift (in target 'AppKitUI' from project 'AppKitUI')
/Users/admin/builder/spi-builder-workspace/Sources/AppKitUI/custom-controls/AUIPageControl/AUIPageControl+SwiftUI.swift:158:3: error: generic struct 'VStack' requires that 'NSView' conform to 'View'
156 | 		}
157 |
158 | 		Spacer()
    |   `- error: generic struct 'VStack' requires that 'NSView' conform to 'View'
159 | 	}
160 | 	.padding()
SwiftUI.TupleContent:2:11: note: requirement from conditional conformance of 'TupleContent<AUIPageControlUI, AUIPageControlUI, HStack<TupleView<(some View, some View, Button<Text>)>>, AUIPageControlUI, Divider, HStack<TupleView<(some View, some View, Toggle<Text>)>>, NSView>' to 'View'
1 | @available(iOS 26.0, macOS 26.0, tvOS 26.0, watchOS 26.0, *)
2 | extension TupleContent : View where repeat each Content : View {
  |           `- note: requirement from conditional conformance of 'TupleContent<AUIPageControlUI, AUIPageControlUI, HStack<TupleView<(some View, some View, Button<Text>)>>, AUIPageControlUI, Divider, HStack<TupleView<(some View, some View, Toggle<Text>)>>, NSView>' to 'View'
3 |     nonisolated public static func _makeView(view: _GraphValue<TupleContent<repeat each Content>>, inputs: _ViewInputs) -> _ViewOutputs
4 |     nonisolated public static func _makeViewList(view: _GraphValue<TupleContent<repeat each Content>>, inputs: _ViewListInputs) -> _ViewListOutputs
SwiftCompile normal arm64 /Users/admin/builder/spi-builder-workspace/Sources/AppKitUI/structure/AppKitUI+Stack.swift (in target 'AppKitUI' from project 'AppKitUI')
    cd /Users/admin/builder/spi-builder-workspace/.swiftpm/xcode
    builtin-SwiftPerFileCompile AppKitUI+Stack.swift
SwiftCompile normal arm64 /Users/admin/builder/spi-builder-workspace/Sources/AppKitUI/structure/AppKitUI+TabView.swift (in target 'AppKitUI' from project 'AppKitUI')
    cd /Users/admin/builder/spi-builder-workspace/.swiftpm/xcode
    builtin-SwiftPerFileCompile AppKitUI+TabView.swift
SwiftCompile normal arm64 /Users/admin/builder/spi-builder-workspace/Sources/AppKitUI/structure/AppKitUI+ViewSwitcher.swift (in target 'AppKitUI' from project 'AppKitUI')
    cd /Users/admin/builder/spi-builder-workspace/.swiftpm/xcode
    builtin-SwiftPerFileCompile AppKitUI+ViewSwitcher.swift
SwiftCompile normal arm64 /Users/admin/builder/spi-builder-workspace/Sources/AppKitUI/structure/AppKitUI+ZStack.swift (in target 'AppKitUI' from project 'AppKitUI')
    cd /Users/admin/builder/spi-builder-workspace/.swiftpm/xcode
    builtin-SwiftPerFileCompile AppKitUI+ZStack.swift
SwiftCompile normal arm64 /Users/admin/builder/spi-builder-workspace/Sources/AppKitUI/tokenfield/AppKitUI+TokenField.swift (in target 'AppKitUI' from project 'AppKitUI')
    cd /Users/admin/builder/spi-builder-workspace/.swiftpm/xcode
    builtin-SwiftPerFileCompile AppKitUI+TokenField.swift
SwiftCompile normal arm64 /Users/admin/builder/spi-builder-workspace/Sources/AppKitUI/tokenfield/NSTokenField+appkitui.swift (in target 'AppKitUI' from project 'AppKitUI')
    cd /Users/admin/builder/spi-builder-workspace/.swiftpm/xcode
    builtin-SwiftPerFileCompile NSTokenField+appkitui.swift
SwiftCompile normal arm64 /Users/admin/builder/spi-builder-workspace/Sources/AppKitUI/utils/Array+extensions.swift (in target 'AppKitUI' from project 'AppKitUI')
    cd /Users/admin/builder/spi-builder-workspace/.swiftpm/xcode
    builtin-SwiftPerFileCompile Array+extensions.swift
SwiftCompile normal arm64 /Users/admin/builder/spi-builder-workspace/Sources/AppKitUI/utils/CATransaction+extensions.swift (in target 'AppKitUI' from project 'AppKitUI')
    cd /Users/admin/builder/spi-builder-workspace/.swiftpm/xcode
    builtin-SwiftPerFileCompile CATransaction+extensions.swift
SwiftCompile normal arm64 /Users/admin/builder/spi-builder-workspace/Sources/AppKitUI/utils/DesignTime+PreviewBackport.swift (in target 'AppKitUI' from project 'AppKitUI')
    cd /Users/admin/builder/spi-builder-workspace/.swiftpm/xcode
    builtin-SwiftPerFileCompile DesignTime+PreviewBackport.swift
SwiftCompile normal arm64 /Users/admin/builder/spi-builder-workspace/Sources/AppKitUI/utils/FlowCollectionView.swift (in target 'AppKitUI' from project 'AppKitUI')
    cd /Users/admin/builder/spi-builder-workspace/.swiftpm/xcode
    builtin-SwiftPerFileCompile FlowCollectionView.swift
SwiftCompile normal arm64 /Users/admin/builder/spi-builder-workspace/Sources/AppKitUI/utils/NSColor+extensions.swift (in target 'AppKitUI' from project 'AppKitUI')
    cd /Users/admin/builder/spi-builder-workspace/.swiftpm/xcode
    builtin-SwiftPerFileCompile NSColor+extensions.swift
SwiftCompile normal arm64 /Users/admin/builder/spi-builder-workspace/Sources/AppKitUI/utils/NSCopying+extensions.swift (in target 'AppKitUI' from project 'AppKitUI')
    cd /Users/admin/builder/spi-builder-workspace/.swiftpm/xcode
    builtin-SwiftPerFileCompile NSCopying+extensions.swift
SwiftCompile normal arm64 Compiling\ Bind+TwoWayTransform.swift,\ Bind.swift,\ Bindable.swift,\ DelayingCall.swift,\ AppKitUI+ComboButton.swift,\ AppKitUI+LinkButton.swift,\ AppKitUI+TransparentButton.swift,\ NSButton+appkitui.swift,\ NSButton+checkbox.swift,\ NSButton+radio.swift,\ AUIPageControl+SwiftUI.swift,\ AUIPageControl.swift /Users/admin/builder/spi-builder-workspace/Sources/AppKitUI/bind/Bind+TwoWayTransform.swift /Users/admin/builder/spi-builder-workspace/Sources/AppKitUI/bind/Bind.swift /Users/admin/builder/spi-builder-workspace/Sources/AppKitUI/bind/Bindable.swift /Users/admin/builder/spi-builder-workspace/Sources/AppKitUI/bind/DelayingCall.swift /Users/admin/builder/spi-builder-workspace/Sources/AppKitUI/button/AppKitUI+ComboButton.swift /Users/admin/builder/spi-builder-workspace/Sources/AppKitUI/button/AppKitUI+LinkButton.swift /Users/admin/builder/spi-builder-workspace/Sources/AppKitUI/button/AppKitUI+TransparentButton.swift /Users/admin/builder/spi-builder-workspace/Sources/AppKitUI/button/NSButton+appkitui.swift /Users/admin/builder/spi-builder-workspace/Sources/AppKitUI/button/NSButton+checkbox.swift /Users/admin/builder/spi-builder-workspace/Sources/AppKitUI/button/NSButton+radio.swift /Users/admin/builder/spi-builder-workspace/Sources/AppKitUI/custom-controls/AUIPageControl/AUIPageControl+SwiftUI.swift /Users/admin/builder/spi-builder-workspace/Sources/AppKitUI/custom-controls/AUIPageControl/AUIPageControl.swift (in target 'AppKitUI' from project 'AppKitUI')
/Users/admin/builder/spi-builder-workspace/Sources/AppKitUI/custom-controls/AUIPageControl/AUIPageControl+SwiftUI.swift:158:3: error: generic struct 'VStack' requires that 'NSView' conform to 'View'
156 | 		}
157 |
158 | 		Spacer()
    |   `- error: generic struct 'VStack' requires that 'NSView' conform to 'View'
159 | 	}
160 | 	.padding()
SwiftUI.TupleContent:2:11: note: requirement from conditional conformance of 'TupleContent<AUIPageControlUI, AUIPageControlUI, HStack<TupleView<(some View, some View, Button<Text>)>>, AUIPageControlUI, Divider, HStack<TupleView<(some View, some View, Toggle<Text>)>>, NSView>' to 'View'
1 | @available(iOS 26.0, macOS 26.0, tvOS 26.0, watchOS 26.0, *)
2 | extension TupleContent : View where repeat each Content : View {
  |           `- note: requirement from conditional conformance of 'TupleContent<AUIPageControlUI, AUIPageControlUI, HStack<TupleView<(some View, some View, Button<Text>)>>, AUIPageControlUI, Divider, HStack<TupleView<(some View, some View, Toggle<Text>)>>, NSView>' to 'View'
3 |     nonisolated public static func _makeView(view: _GraphValue<TupleContent<repeat each Content>>, inputs: _ViewInputs) -> _ViewOutputs
4 |     nonisolated public static func _makeViewList(view: _GraphValue<TupleContent<repeat each Content>>, inputs: _ViewListInputs) -> _ViewListOutputs
SwiftCompile normal arm64 /Users/admin/builder/spi-builder-workspace/Sources/AppKitUI/bind/Bind+TwoWayTransform.swift (in target 'AppKitUI' from project 'AppKitUI')
    cd /Users/admin/builder/spi-builder-workspace/.swiftpm/xcode
    builtin-SwiftPerFileCompile Bind+TwoWayTransform.swift
SwiftCompile normal arm64 /Users/admin/builder/spi-builder-workspace/Sources/AppKitUI/bind/Bind.swift (in target 'AppKitUI' from project 'AppKitUI')
    cd /Users/admin/builder/spi-builder-workspace/.swiftpm/xcode
    builtin-SwiftPerFileCompile Bind.swift
SwiftCompile normal arm64 /Users/admin/builder/spi-builder-workspace/Sources/AppKitUI/bind/Bindable.swift (in target 'AppKitUI' from project 'AppKitUI')
    cd /Users/admin/builder/spi-builder-workspace/.swiftpm/xcode
    builtin-SwiftPerFileCompile Bindable.swift
SwiftCompile normal arm64 /Users/admin/builder/spi-builder-workspace/Sources/AppKitUI/bind/DelayingCall.swift (in target 'AppKitUI' from project 'AppKitUI')
    cd /Users/admin/builder/spi-builder-workspace/.swiftpm/xcode
    builtin-SwiftPerFileCompile DelayingCall.swift
SwiftCompile normal arm64 /Users/admin/builder/spi-builder-workspace/Sources/AppKitUI/button/AppKitUI+ComboButton.swift (in target 'AppKitUI' from project 'AppKitUI')
    cd /Users/admin/builder/spi-builder-workspace/.swiftpm/xcode
    builtin-SwiftPerFileCompile AppKitUI+ComboButton.swift
SwiftCompile normal arm64 /Users/admin/builder/spi-builder-workspace/Sources/AppKitUI/button/AppKitUI+LinkButton.swift (in target 'AppKitUI' from project 'AppKitUI')
    cd /Users/admin/builder/spi-builder-workspace/.swiftpm/xcode
    builtin-SwiftPerFileCompile AppKitUI+LinkButton.swift
SwiftCompile normal arm64 /Users/admin/builder/spi-builder-workspace/Sources/AppKitUI/button/AppKitUI+TransparentButton.swift (in target 'AppKitUI' from project 'AppKitUI')
    cd /Users/admin/builder/spi-builder-workspace/.swiftpm/xcode
    builtin-SwiftPerFileCompile AppKitUI+TransparentButton.swift
SwiftCompile normal arm64 /Users/admin/builder/spi-builder-workspace/Sources/AppKitUI/button/NSButton+appkitui.swift (in target 'AppKitUI' from project 'AppKitUI')
    cd /Users/admin/builder/spi-builder-workspace/.swiftpm/xcode
    builtin-SwiftPerFileCompile NSButton+appkitui.swift
SwiftCompile normal arm64 /Users/admin/builder/spi-builder-workspace/Sources/AppKitUI/button/NSButton+checkbox.swift (in target 'AppKitUI' from project 'AppKitUI')
    cd /Users/admin/builder/spi-builder-workspace/.swiftpm/xcode
    builtin-SwiftPerFileCompile NSButton+checkbox.swift
SwiftCompile normal arm64 /Users/admin/builder/spi-builder-workspace/Sources/AppKitUI/button/NSButton+radio.swift (in target 'AppKitUI' from project 'AppKitUI')
    cd /Users/admin/builder/spi-builder-workspace/.swiftpm/xcode
    builtin-SwiftPerFileCompile NSButton+radio.swift
SwiftCompile normal arm64 /Users/admin/builder/spi-builder-workspace/Sources/AppKitUI/custom-controls/AUIPageControl/AUIPageControl+SwiftUI.swift (in target 'AppKitUI' from project 'AppKitUI')
    cd /Users/admin/builder/spi-builder-workspace/.swiftpm/xcode
    builtin-SwiftPerFileCompile AUIPageControl+SwiftUI.swift
SwiftCompile normal arm64 /Users/admin/builder/spi-builder-workspace/Sources/AppKitUI/custom-controls/AUIPageControl/AUIPageControl.swift (in target 'AppKitUI' from project 'AppKitUI')
    cd /Users/admin/builder/spi-builder-workspace/.swiftpm/xcode
    builtin-SwiftPerFileCompile AUIPageControl.swift
SwiftEmitModule normal arm64 Emitting\ module\ for\ AppKitUI (in target 'AppKitUI' from project 'AppKitUI')
/Users/admin/builder/spi-builder-workspace/Sources/AppKitUI/custom-controls/AUIPageControl/AUIPageControl+SwiftUI.swift:158:3: error: generic struct 'VStack' requires that 'NSView' conform to 'View'
156 | 		}
157 |
158 | 		Spacer()
    |   `- error: generic struct 'VStack' requires that 'NSView' conform to 'View'
159 | 	}
160 | 	.padding()
SwiftUI.TupleContent:2:11: note: requirement from conditional conformance of 'TupleContent<AUIPageControlUI, AUIPageControlUI, HStack<TupleView<(some View, some View, Button<Text>)>>, AUIPageControlUI, Divider, HStack<TupleView<(some View, some View, Toggle<Text>)>>, NSView>' to 'View'
1 | @available(iOS 26.0, macOS 26.0, tvOS 26.0, watchOS 26.0, *)
2 | extension TupleContent : View where repeat each Content : View {
  |           `- note: requirement from conditional conformance of 'TupleContent<AUIPageControlUI, AUIPageControlUI, HStack<TupleView<(some View, some View, Button<Text>)>>, AUIPageControlUI, Divider, HStack<TupleView<(some View, some View, Toggle<Text>)>>, NSView>' to 'View'
3 |     nonisolated public static func _makeView(view: _GraphValue<TupleContent<repeat each Content>>, inputs: _ViewInputs) -> _ViewOutputs
4 |     nonisolated public static func _makeViewList(view: _GraphValue<TupleContent<repeat each Content>>, inputs: _ViewListInputs) -> _ViewListOutputs
SwiftCompile normal arm64 (in target 'AppKitUI' from project 'AppKitUI')
    cd /Users/admin/builder/spi-builder-workspace/.swiftpm/xcode

SwiftCompile normal arm64 Compiling\ AppKitUI+Capsule.swift,\ AppKitUI+Circle.swift,\ AppKitUI+Ellipse.swift,\ AppKitUI+Rectangle.swift,\ AppKitUI+Shape.swift,\ AppKitUI+Disclosure.swift,\ AppKitUI+Flow.swift,\ AppKitUI+GlassEffect.swift,\ AppKitUI+GlassEffectContainer.swift,\ AppKitUI+HidingView.swift,\ AppKitUI+ScrollView.swift,\ AppKitUI+SplitView.swift /Users/admin/builder/spi-builder-workspace/Sources/AppKitUI/shape/AppKitUI+Capsule.swift /Users/admin/builder/spi-builder-workspace/Sources/AppKitUI/shape/AppKitUI+Circle.swift /Users/admin/builder/spi-builder-workspace/Sources/AppKitUI/shape/AppKitUI+Ellipse.swift /Users/admin/builder/spi-builder-workspace/Sources/AppKitUI/shape/AppKitUI+Rectangle.swift /Users/admin/builder/spi-builder-workspace/Sources/AppKitUI/shape/AppKitUI+Shape.swift /Users/admin/builder/spi-builder-workspace/Sources/AppKitUI/structure/AppKitUI+Disclosure.swift /Users/admin/builder/spi-builder-workspace/Sources/AppKitUI/structure/AppKitUI+Flow.swift /Users/admin/builder/spi-builder-workspace/Sources/AppKitUI/structure/AppKitUI+GlassEffect.swift /Users/admin/builder/spi-builder-workspace/Sources/AppKitUI/structure/AppKitUI+GlassEffectContainer.swift /Users/admin/builder/spi-builder-workspace/Sources/AppKitUI/structure/AppKitUI+HidingView.swift /Users/admin/builder/spi-builder-workspace/Sources/AppKitUI/structure/AppKitUI+ScrollView.swift /Users/admin/builder/spi-builder-workspace/Sources/AppKitUI/structure/AppKitUI+SplitView.swift (in target 'AppKitUI' from project 'AppKitUI')
/Users/admin/builder/spi-builder-workspace/Sources/AppKitUI/custom-controls/AUIPageControl/AUIPageControl+SwiftUI.swift:158:3: error: generic struct 'VStack' requires that 'NSView' conform to 'View'
156 | 		}
157 |
158 | 		Spacer()
    |   `- error: generic struct 'VStack' requires that 'NSView' conform to 'View'
159 | 	}
160 | 	.padding()
SwiftUI.TupleContent:2:11: note: requirement from conditional conformance of 'TupleContent<AUIPageControlUI, AUIPageControlUI, HStack<TupleView<(some View, some View, Button<Text>)>>, AUIPageControlUI, Divider, HStack<TupleView<(some View, some View, Toggle<Text>)>>, NSView>' to 'View'
1 | @available(iOS 26.0, macOS 26.0, tvOS 26.0, watchOS 26.0, *)
2 | extension TupleContent : View where repeat each Content : View {
  |           `- note: requirement from conditional conformance of 'TupleContent<AUIPageControlUI, AUIPageControlUI, HStack<TupleView<(some View, some View, Button<Text>)>>, AUIPageControlUI, Divider, HStack<TupleView<(some View, some View, Toggle<Text>)>>, NSView>' to 'View'
3 |     nonisolated public static func _makeView(view: _GraphValue<TupleContent<repeat each Content>>, inputs: _ViewInputs) -> _ViewOutputs
4 |     nonisolated public static func _makeViewList(view: _GraphValue<TupleContent<repeat each Content>>, inputs: _ViewListInputs) -> _ViewListOutputs
/Users/admin/builder/spi-builder-workspace/Sources/AppKitUI/custom-controls/AUIPageControl/AUIPageControl+SwiftUI.swift:158:3: error: initializer 'init(alignment:spacing:content:)' requires that 'NSView' conform to 'View'
156 | 		}
157 |
158 | 		Spacer()
    |   `- error: initializer 'init(alignment:spacing:content:)' requires that 'NSView' conform to 'View'
159 | 	}
160 | 	.padding()
SwiftUI.TupleContent:2:11: note: requirement from conditional conformance of 'TupleContent<AUIPageControlUI, AUIPageControlUI, HStack<TupleView<(some View, some View, Button<Text>)>>, AUIPageControlUI, Divider, HStack<TupleView<(some View, some View, Toggle<Text>)>>, NSView>' to 'View'
1 | @available(iOS 26.0, macOS 26.0, tvOS 26.0, watchOS 26.0, *)
2 | extension TupleContent : View where repeat each Content : View {
  |           `- note: requirement from conditional conformance of 'TupleContent<AUIPageControlUI, AUIPageControlUI, HStack<TupleView<(some View, some View, Button<Text>)>>, AUIPageControlUI, Divider, HStack<TupleView<(some View, some View, Toggle<Text>)>>, NSView>' to 'View'
3 |     nonisolated public static func _makeView(view: _GraphValue<TupleContent<repeat each Content>>, inputs: _ViewInputs) -> _ViewOutputs
4 |     nonisolated public static func _makeViewList(view: _GraphValue<TupleContent<repeat each Content>>, inputs: _ViewListInputs) -> _ViewListOutputs
Failed frontend command:
/Applications/Xcode-27.0.0-Release.Candidate.app/Contents/Developer/Toolchains/XcodeDefault.xctoolchain/usr/bin/swift-frontend -frontend -c -filelist /Users/admin/builder/spi-builder-workspace/.derivedData/Build/Intermediates.noindex/AppKitUI.build/Debug/AppKitUI-t.build/Objects-normal/arm64/sources-1 -primary-file /Users/admin/builder/spi-builder-workspace/Sources/AppKitUI/shape/AppKitUI+Capsule.swift -primary-file /Users/admin/builder/spi-builder-workspace/Sources/AppKitUI/shape/AppKitUI+Circle.swift -primary-file /Users/admin/builder/spi-builder-workspace/Sources/AppKitUI/shape/AppKitUI+Ellipse.swift -primary-file /Users/admin/builder/spi-builder-workspace/Sources/AppKitUI/shape/AppKitUI+Rectangle.swift -primary-file /Users/admin/builder/spi-builder-workspace/Sources/AppKitUI/shape/AppKitUI+Shape.swift -primary-file /Users/admin/builder/spi-builder-workspace/Sources/AppKitUI/structure/AppKitUI+Disclosure.swift -primary-file /Users/admin/builder/spi-builder-workspace/Sources/AppKitUI/structure/AppKitUI+Flow.swift -primary-file /Users/admin/builder/spi-builder-workspace/Sources/AppKitUI/structure/AppKitUI+GlassEffect.swift -primary-file /Users/admin/builder/spi-builder-workspace/Sources/AppKitUI/structure/AppKitUI+GlassEffectContainer.swift -primary-file /Users/admin/builder/spi-builder-workspace/Sources/AppKitUI/structure/AppKitUI+HidingView.swift -primary-file /Users/admin/builder/spi-builder-workspace/Sources/AppKitUI/structure/AppKitUI+ScrollView.swift -primary-file /Users/admin/builder/spi-builder-workspace/Sources/AppKitUI/structure/AppKitUI+SplitView.swift -supplementary-output-file-map /Users/admin/builder/spi-builder-workspace/.derivedData/Build/Intermediates.noindex/AppKitUI.build/Debug/AppKitUI-t.build/Objects-normal/arm64/supplementaryOutputs-9 -target arm64-apple-macos12.0 -disable-cross-import-overlay-search -swift-module-cross-import WebKit /Applications/Xcode-27.0.0-Release.Candidate.app/Contents/Developer/Platforms/MacOSX.platform/Developer/SDKs/MacOSX.sdk/System/Cryptexes/OS/System/Library/Frameworks/WebKit.framework/Modules/WebKit.swiftcrossimport/SwiftUI.swiftoverlay -swift-module-cross-import WebKit /Applications/Xcode-27.0.0-Release.Candidate.app/Contents/Developer/Platforms/MacOSX.platform/Developer/SDKs/MacOSX27.0.sdk/System/Library/Frameworks/WebKit.framework/Modules/WebKit.swiftcrossimport/SwiftUI.swiftoverlay -load-resolved-plugin /Applications/Xcode-27.0.0-Release.Candidate.app/Contents/Developer/Platforms/MacOSX.platform/Developer/usr/lib/swift/host/plugins/libFoundationMacros.dylib\#/Applications/Xcode-27.0.0-Release.Candidate.app/Contents/Developer/Platforms/MacOSX.platform/Developer/usr/bin/swift-plugin-server\#FoundationMacros -load-resolved-plugin /Applications/Xcode-27.0.0-Release.Candidate.app/Contents/Developer/Platforms/MacOSX.platform/Developer/usr/lib/swift/host/plugins/libObservationMacros.dylib\#/Applications/Xcode-27.0.0-Release.Candidate.app/Contents/Developer/Platforms/MacOSX.platform/Developer/usr/bin/swift-plugin-server\#ObservationMacros -load-resolved-plugin /Applications/Xcode-27.0.0-Release.Candidate.app/Contents/Developer/Platforms/MacOSX.platform/Developer/usr/lib/swift/host/plugins/libPreviewsMacros.dylib\#/Applications/Xcode-27.0.0-Release.Candidate.app/Contents/Developer/Platforms/MacOSX.platform/Developer/usr/bin/swift-plugin-server\#PreviewsMacros -load-resolved-plugin /Applications/Xcode-27.0.0-Release.Candidate.app/Contents/Developer/Platforms/MacOSX.platform/Developer/usr/lib/swift/host/plugins/libSwiftMacros.dylib\#/Applications/Xcode-27.0.0-Release.Candidate.app/Contents/Developer/Platforms/MacOSX.platform/Developer/usr/bin/swift-plugin-server\#SwiftMacros -load-resolved-plugin /Applications/Xcode-27.0.0-Release.Candidate.app/Contents/Developer/Platforms/MacOSX.platform/Developer/usr/lib/swift/host/plugins/libSwiftUIMacros.dylib\#/Applications/Xcode-27.0.0-Release.Candidate.app/Contents/Developer/Platforms/MacOSX.platform/Developer/usr/bin/swift-plugin-server\#SwiftUIMacros -disable-implicit-swift-modules -Xcc -fno-implicit-modules -Xcc -fno-implicit-module-maps -explicit-swift-module-map-file /Users/admin/builder/spi-builder-workspace/.derivedData/Build/Intermediates.noindex/AppKitUI.build/Debug/AppKitUI-t.build/Objects-normal/arm64/AppKitUI-dependencies-1.json -Xllvm -aarch64-use-tbi -enable-objc-interop -stack-check -sdk /Applications/Xcode-27.0.0-Release.Candidate.app/Contents/Developer/Platforms/MacOSX.platform/Developer/SDKs/MacOSX27.0.sdk -I /Users/admin/builder/spi-builder-workspace/.derivedData/Build/Products/Debug -Isystem /Applications/Xcode-27.0.0-Release.Candidate.app/Contents/Developer/Platforms/MacOSX.platform/Developer/usr/lib -F /Users/admin/builder/spi-builder-workspace/.derivedData/Build/Products/Debug -F /Applications/Xcode-27.0.0-Release.Candidate.app/Contents/Developer/Platforms/MacOSX.platform/Developer/Library/Frameworks -module-cache-path /Users/admin/builder/spi-builder-workspace/.derivedData/Build/Intermediates.noindex/SwiftExplicitPrecompiledModules -no-color-diagnostics -Xcc -fno-color-diagnostics -enable-testing -g -debug-info-format\=dwarf -dwarf-version\=4 -profile-generate -profile-coverage-mapping -swift-version 5 -Onone -D SWIFT_PACKAGE -D DEBUG -D SWIFT_MODULE_RESOURCE_BUNDLE_UNAVAILABLE -D Xcode -serialize-debugging-options -enable-experimental-feature DebugDescriptionMacro -empty-abi-descriptor -validate-clang-modules-once -clang-build-session-file /Users/admin/builder/spi-builder-workspace/.derivedData/ModuleCache.noindex/Session.modulevalidation -Xcc -working-directory -Xcc /Users/admin/builder/spi-builder-workspace/.swiftpm/xcode -enable-anonymous-context-mangled-names -file-compilation-dir /Users/admin/builder/spi-builder-workspace/.swiftpm/xcode -Xcc -D_LIBCPP_HARDENING_MODE\=_LIBCPP_HARDENING_MODE_DEBUG -Xcc -ivfsstatcache -Xcc /Users/admin/builder/spi-builder-workspace/.derivedData/SDKStatCaches.noindex/macosx27.0-26A425-e829b21a6f8c9b70876ba0858053c0446a22442a12e9d48fe1a705f55a1adfc4.sdkstatcache -Xcc -fmodules-prune-interval\=86400 -Xcc -fmodules-prune-after\=345600 -Xcc -I/Users/admin/builder/spi-builder-workspace/.derivedData/Build/Products/Debug/include -Xcc -I/Users/admin/builder/spi-builder-workspace/.derivedData/Build/Intermediates.noindex/AppKitUI.build/Debug/AppKitUI-t.build/DerivedSources-normal/arm64 -Xcc -I/Users/admin/builder/spi-builder-workspace/.derivedData/Build/Intermediates.noindex/AppKitUI.build/Debug/AppKitUI-t.build/DerivedSources/arm64 -Xcc -I/Users/admin/builder/spi-builder-workspace/.derivedData/Build/Intermediates.noindex/AppKitUI.build/Debug/AppKitUI-t.build/DerivedSources -Xcc -DSWIFT_PACKAGE -Xcc -DDEBUG\=1 -no-auto-bridging-header-chaining -module-name AppKitUI -package-name spi_builder_workspace -const-gather-protocols-file /Users/admin/builder/spi-builder-workspace/.derivedData/Build/Intermediates.noindex/AppKitUI.build/Debug/AppKitUI-t.build/Objects-normal/arm64/AppKitUI_const_extract_protocols.json -disable-clang-spi -clang-target arm64-apple-macos27.0 -target-sdk-version 27.0 -target-sdk-name macosx27.0 -in-process-plugin-server-path /Applications/Xcode-27.0.0-Release.Candidate.app/Contents/Developer/Toolchains/XcodeDefault.xctoolchain/usr/lib/swift/host/libSwiftInProcPluginServer.dylib -parse-as-library -o /Users/admin/builder/spi-builder-workspace/.derivedData/Build/Intermediates.noindex/AppKitUI.build/Debug/AppKitUI-t.build/Objects-normal/arm64/AppKitUI+Capsule.o -o /Users/admin/builder/spi-builder-workspace/.derivedData/Build/Intermediates.noindex/AppKitUI.build/Debug/AppKitUI-t.build/Objects-normal/arm64/AppKitUI+Circle.o -o /Users/admin/builder/spi-builder-workspace/.derivedData/Build/Intermediates.noindex/AppKitUI.build/Debug/AppKitUI-t.build/Objects-normal/arm64/AppKitUI+Ellipse.o -o /Users/admin/builder/spi-builder-workspace/.derivedData/Build/Intermediates.noindex/AppKitUI.build/Debug/AppKitUI-t.build/Objects-normal/arm64/AppKitUI+Rectangle.o -o /Users/admin/builder/spi-builder-workspace/.derivedData/Build/Intermediates.noindex/AppKitUI.build/Debug/AppKitUI-t.build/Objects-normal/arm64/AppKitUI+Shape.o -o /Users/admin/builder/spi-builder-workspace/.derivedData/Build/Intermediates.noindex/AppKitUI.build/Debug/AppKitUI-t.build/Objects-normal/arm64/AppKitUI+Disclosure.o -o /Users/admin/builder/spi-builder-workspace/.derivedData/Build/Intermediates.noindex/AppKitUI.build/Debug/AppKitUI-t.build/Objects-normal/arm64/AppKitUI+Flow.o -o /Users/admin/builder/spi-builder-workspace/.derivedData/Build/Intermediates.noindex/AppKitUI.build/Debug/AppKitUI-t.build/Objects-normal/arm64/AppKitUI+GlassEffect.o -o /Users/admin/builder/spi-builder-workspace/.derivedData/Build/Intermediates.noindex/AppKitUI.build/Debug/AppKitUI-t.build/Objects-normal/arm64/AppKitUI+GlassEffectContainer.o -o /Users/admin/builder/spi-builder-workspace/.derivedData/Build/Intermediates.noindex/AppKitUI.build/Debug/AppKitUI-t.build/Objects-normal/arm64/AppKitUI+HidingView.o -o /Users/admin/builder/spi-builder-workspace/.derivedData/Build/Intermediates.noindex/AppKitUI.build/Debug/AppKitUI-t.build/Objects-normal/arm64/AppKitUI+ScrollView.o -o /Users/admin/builder/spi-builder-workspace/.derivedData/Build/Intermediates.noindex/AppKitUI.build/Debug/AppKitUI-t.build/Objects-normal/arm64/AppKitUI+SplitView.o -debug-module-path /Users/admin/builder/spi-builder-workspace/.derivedData/Build/Intermediates.noindex/AppKitUI.build/Debug/AppKitUI-t.build/Objects-normal/arm64/AppKitUI.swiftmodule -index-unit-output-path /AppKitUI.build/Debug/AppKitUI-t.build/Objects-normal/arm64/AppKitUI+Capsule.o -index-unit-output-path /AppKitUI.build/Debug/AppKitUI-t.build/Objects-normal/arm64/AppKitUI+Circle.o -index-unit-output-path /AppKitUI.build/Debug/AppKitUI-t.build/Objects-normal/arm64/AppKitUI+Ellipse.o -index-unit-output-path /AppKitUI.build/Debug/AppKitUI-t.build/Objects-normal/arm64/AppKitUI+Rectangle.o -index-unit-output-path /AppKitUI.build/Debug/AppKitUI-t.build/Objects-normal/arm64/AppKitUI+Shape.o -index-unit-output-path /AppKitUI.build/Debug/AppKitUI-t.build/Objects-normal/arm64/AppKitUI+Disclosure.o -index-unit-output-path /AppKitUI.build/Debug/AppKitUI-t.build/Objects-normal/arm64/AppKitUI+Flow.o -index-unit-output-path /AppKitUI.build/Debug/AppKitUI-t.build/Objects-normal/arm64/AppKitUI+GlassEffect.o -index-unit-output-path /AppKitUI.build/Debug/AppKitUI-t.build/Objects-normal/arm64/AppKitUI+GlassEffectContainer.o -index-unit-output-path /AppKitUI.build/Debug/AppKitUI-t.build/Objects-normal/arm64/AppKitUI+HidingView.o -index-unit-output-path /AppKitUI.build/Debug/AppKitUI-t.build/Objects-normal/arm64/AppKitUI+ScrollView.o -index-unit-output-path /AppKitUI.build/Debug/AppKitUI-t.build/Objects-normal/arm64/AppKitUI+SplitView.o -index-store-path /Users/admin/builder/spi-builder-workspace/.derivedData/Index.noindex/DataStore -index-system-modules
SwiftCompile normal arm64 /Users/admin/builder/spi-builder-workspace/Sources/AppKitUI/shape/AppKitUI+Capsule.swift (in target 'AppKitUI' from project 'AppKitUI')
    cd /Users/admin/builder/spi-builder-workspace/.swiftpm/xcode
    builtin-SwiftPerFileCompile AppKitUI+Capsule.swift
SwiftCompile normal arm64 /Users/admin/builder/spi-builder-workspace/Sources/AppKitUI/shape/AppKitUI+Circle.swift (in target 'AppKitUI' from project 'AppKitUI')
    cd /Users/admin/builder/spi-builder-workspace/.swiftpm/xcode
    builtin-SwiftPerFileCompile AppKitUI+Circle.swift
SwiftCompile normal arm64 /Users/admin/builder/spi-builder-workspace/Sources/AppKitUI/shape/AppKitUI+Ellipse.swift (in target 'AppKitUI' from project 'AppKitUI')
    cd /Users/admin/builder/spi-builder-workspace/.swiftpm/xcode
    builtin-SwiftPerFileCompile AppKitUI+Ellipse.swift
SwiftCompile normal arm64 /Users/admin/builder/spi-builder-workspace/Sources/AppKitUI/shape/AppKitUI+Rectangle.swift (in target 'AppKitUI' from project 'AppKitUI')
    cd /Users/admin/builder/spi-builder-workspace/.swiftpm/xcode
    builtin-SwiftPerFileCompile AppKitUI+Rectangle.swift
SwiftCompile normal arm64 /Users/admin/builder/spi-builder-workspace/Sources/AppKitUI/shape/AppKitUI+Shape.swift (in target 'AppKitUI' from project 'AppKitUI')
    cd /Users/admin/builder/spi-builder-workspace/.swiftpm/xcode
    builtin-SwiftPerFileCompile AppKitUI+Shape.swift
SwiftCompile normal arm64 /Users/admin/builder/spi-builder-workspace/Sources/AppKitUI/structure/AppKitUI+Disclosure.swift (in target 'AppKitUI' from project 'AppKitUI')
    cd /Users/admin/builder/spi-builder-workspace/.swiftpm/xcode
    builtin-SwiftPerFileCompile AppKitUI+Disclosure.swift
SwiftCompile normal arm64 /Users/admin/builder/spi-builder-workspace/Sources/AppKitUI/structure/AppKitUI+Flow.swift (in target 'AppKitUI' from project 'AppKitUI')
    cd /Users/admin/builder/spi-builder-workspace/.swiftpm/xcode
    builtin-SwiftPerFileCompile AppKitUI+Flow.swift
SwiftCompile normal arm64 /Users/admin/builder/spi-builder-workspace/Sources/AppKitUI/structure/AppKitUI+GlassEffect.swift (in target 'AppKitUI' from project 'AppKitUI')
    cd /Users/admin/builder/spi-builder-workspace/.swiftpm/xcode
    builtin-SwiftPerFileCompile AppKitUI+GlassEffect.swift
SwiftCompile normal arm64 /Users/admin/builder/spi-builder-workspace/Sources/AppKitUI/structure/AppKitUI+GlassEffectContainer.swift (in target 'AppKitUI' from project 'AppKitUI')
    cd /Users/admin/builder/spi-builder-workspace/.swiftpm/xcode
    builtin-SwiftPerFileCompile AppKitUI+GlassEffectContainer.swift
SwiftCompile normal arm64 /Users/admin/builder/spi-builder-workspace/Sources/AppKitUI/structure/AppKitUI+HidingView.swift (in target 'AppKitUI' from project 'AppKitUI')
    cd /Users/admin/builder/spi-builder-workspace/.swiftpm/xcode
    builtin-SwiftPerFileCompile AppKitUI+HidingView.swift
SwiftCompile normal arm64 /Users/admin/builder/spi-builder-workspace/Sources/AppKitUI/structure/AppKitUI+ScrollView.swift (in target 'AppKitUI' from project 'AppKitUI')
    cd /Users/admin/builder/spi-builder-workspace/.swiftpm/xcode
    builtin-SwiftPerFileCompile AppKitUI+ScrollView.swift
SwiftCompile normal arm64 /Users/admin/builder/spi-builder-workspace/Sources/AppKitUI/structure/AppKitUI+SplitView.swift (in target 'AppKitUI' from project 'AppKitUI')
    cd /Users/admin/builder/spi-builder-workspace/.swiftpm/xcode
    builtin-SwiftPerFileCompile AppKitUI+SplitView.swift
SwiftCompile normal arm64 Compiling\ NSImage+appkitui.swift,\ NSImageView+appkitui.swift,\ NSMenu+appkitui.swift,\ NSMenuItem+appkitui.swift,\ NSMenuItem+palette.swift,\ NSMenuItem+view.swift,\ AppKitUI+Alert.swift,\ AppKitUI+Popover.swift,\ AppKitUI+Sheet.swift,\ NSAlert+appkitui.swift,\ NSOpenPanel+appkitui.swift,\ NSSavePanel+appkitui.swift /Users/admin/builder/spi-builder-workspace/Sources/AppKitUI/image/NSImage+appkitui.swift /Users/admin/builder/spi-builder-workspace/Sources/AppKitUI/image/NSImageView+appkitui.swift /Users/admin/builder/spi-builder-workspace/Sources/AppKitUI/menu/NSMenu+appkitui.swift /Users/admin/builder/spi-builder-workspace/Sources/AppKitUI/menu/NSMenuItem+appkitui.swift /Users/admin/builder/spi-builder-workspace/Sources/AppKitUI/menu/NSMenuItem+palette.swift /Users/admin/builder/spi-builder-workspace/Sources/AppKitUI/menu/NSMenuItem+view.swift /Users/admin/builder/spi-builder-workspace/Sources/AppKitUI/panel/AppKitUI+Alert.swift /Users/admin/builder/spi-builder-workspace/Sources/AppKitUI/panel/AppKitUI+Popover.swift /Users/admin/builder/spi-builder-workspace/Sources/AppKitUI/panel/AppKitUI+Sheet.swift /Users/admin/builder/spi-builder-workspace/Sources/AppKitUI/panel/NSAlert+appkitui.swift /Users/admin/builder/spi-builder-workspace/Sources/AppKitUI/panel/NSOpenPanel+appkitui.swift /Users/admin/builder/spi-builder-workspace/Sources/AppKitUI/panel/NSSavePanel+appkitui.swift (in target 'AppKitUI' from project 'AppKitUI')
SwiftCompile normal arm64 /Users/admin/builder/spi-builder-workspace/Sources/AppKitUI/image/NSImage+appkitui.swift (in target 'AppKitUI' from project 'AppKitUI')
    cd /Users/admin/builder/spi-builder-workspace/.swiftpm/xcode
    builtin-SwiftPerFileCompile NSImage+appkitui.swift
SwiftCompile normal arm64 /Users/admin/builder/spi-builder-workspace/Sources/AppKitUI/image/NSImageView+appkitui.swift (in target 'AppKitUI' from project 'AppKitUI')
    cd /Users/admin/builder/spi-builder-workspace/.swiftpm/xcode
    builtin-SwiftPerFileCompile NSImageView+appkitui.swift
SwiftCompile normal arm64 /Users/admin/builder/spi-builder-workspace/Sources/AppKitUI/menu/NSMenu+appkitui.swift (in target 'AppKitUI' from project 'AppKitUI')
    cd /Users/admin/builder/spi-builder-workspace/.swiftpm/xcode
    builtin-SwiftPerFileCompile NSMenu+appkitui.swift
SwiftCompile normal arm64 /Users/admin/builder/spi-builder-workspace/Sources/AppKitUI/menu/NSMenuItem+appkitui.swift (in target 'AppKitUI' from project 'AppKitUI')
    cd /Users/admin/builder/spi-builder-workspace/.swiftpm/xcode
    builtin-SwiftPerFileCompile NSMenuItem+appkitui.swift
SwiftCompile normal arm64 /Users/admin/builder/spi-builder-workspace/Sources/AppKitUI/menu/NSMenuItem+palette.swift (in target 'AppKitUI' from project 'AppKitUI')
    cd /Users/admin/builder/spi-builder-workspace/.swiftpm/xcode
    builtin-SwiftPerFileCompile NSMenuItem+palette.swift
SwiftCompile normal arm64 /Users/admin/builder/spi-builder-workspace/Sources/AppKitUI/menu/NSMenuItem+view.swift (in target 'AppKitUI' from project 'AppKitUI')
    cd /Users/admin/builder/spi-builder-workspace/.swiftpm/xcode
    builtin-SwiftPerFileCompile NSMenuItem+view.swift
SwiftCompile normal arm64 /Users/admin/builder/spi-builder-workspace/Sources/AppKitUI/panel/AppKitUI+Alert.swift (in target 'AppKitUI' from project 'AppKitUI')
    cd /Users/admin/builder/spi-builder-workspace/.swiftpm/xcode
    builtin-SwiftPerFileCompile AppKitUI+Alert.swift
SwiftCompile normal arm64 /Users/admin/builder/spi-builder-workspace/Sources/AppKitUI/panel/AppKitUI+Popover.swift (in target 'AppKitUI' from project 'AppKitUI')
    cd /Users/admin/builder/spi-builder-workspace/.swiftpm/xcode
    builtin-SwiftPerFileCompile AppKitUI+Popover.swift
SwiftCompile normal arm64 /Users/admin/builder/spi-builder-workspace/Sources/AppKitUI/panel/AppKitUI+Sheet.swift (in target 'AppKitUI' from project 'AppKitUI')
    cd /Users/admin/builder/spi-builder-workspace/.swiftpm/xcode
    builtin-SwiftPerFileCompile AppKitUI+Sheet.swift
SwiftCompile normal arm64 /Users/admin/builder/spi-builder-workspace/Sources/AppKitUI/panel/NSAlert+appkitui.swift (in target 'AppKitUI' from project 'AppKitUI')
    cd /Users/admin/builder/spi-builder-workspace/.swiftpm/xcode
    builtin-SwiftPerFileCompile NSAlert+appkitui.swift
SwiftCompile normal arm64 /Users/admin/builder/spi-builder-workspace/Sources/AppKitUI/panel/NSOpenPanel+appkitui.swift (in target 'AppKitUI' from project 'AppKitUI')
    cd /Users/admin/builder/spi-builder-workspace/.swiftpm/xcode
    builtin-SwiftPerFileCompile NSOpenPanel+appkitui.swift
SwiftCompile normal arm64 /Users/admin/builder/spi-builder-workspace/Sources/AppKitUI/panel/NSSavePanel+appkitui.swift (in target 'AppKitUI' from project 'AppKitUI')
    cd /Users/admin/builder/spi-builder-workspace/.swiftpm/xcode
    builtin-SwiftPerFileCompile NSSavePanel+appkitui.swift
PruneExplicitPrecompiledModules /Users/admin/builder/spi-builder-workspace/.derivedData/Build/Intermediates.noindex/SwiftExplicitPrecompiledModules
PruneExplicitPrecompiledModules /Users/admin/builder/spi-builder-workspace/.derivedData/SDKExplicitPrecompiledModules
PruneExplicitPrecompiledModules /Users/admin/builder/spi-builder-workspace/.derivedData/Build/Intermediates.noindex/ExplicitPrecompiledModules
2026-09-24 17:15:14.930 xcodebuild[800:4798] [MT] IDERunDestination: Supported platforms for the buildables in the current scheme is empty.
2026-09-24 17:15:15.031 xcodebuild[800:4798] [MT] IDERunDestination: Supported platforms for the buildables in the current scheme is empty.
--- xcodebuild: WARNING: Using the first of multiple matching destinations:
{ platform:macOS, arch:arm64, id:94d45efb4bc00eb5c58b5ce6d8296c9fad667815, name:My Mac }
{ platform:macOS, arch:arm64, variant:Mac Catalyst, id:94d45efb4bc00eb5c58b5ce6d8296c9fad667815, name:My Mac }
{ platform:macOS, arch:arm64, variant:DriverKit, id:94d45efb4bc00eb5c58b5ce6d8296c9fad667815, name:My Mac }
{ platform:macOS, arch:arm64, variant:Designed for [iPad,iPhone], id:94d45efb4bc00eb5c58b5ce6d8296c9fad667815, name:My Mac }
** BUILD FAILED **
The following build commands failed:
	SwiftCompile normal arm64 Compiling\ AppKitUI+Capsule.swift,\ AppKitUI+Circle.swift,\ AppKitUI+Ellipse.swift,\ AppKitUI+Rectangle.swift,\ AppKitUI+Shape.swift,\ AppKitUI+Disclosure.swift,\ AppKitUI+Flow.swift,\ AppKitUI+GlassEffect.swift,\ AppKitUI+GlassEffectContainer.swift,\ AppKitUI+HidingView.swift,\ AppKitUI+ScrollView.swift,\ AppKitUI+SplitView.swift /Users/admin/builder/spi-builder-workspace/Sources/AppKitUI/shape/AppKitUI+Capsule.swift /Users/admin/builder/spi-builder-workspace/Sources/AppKitUI/shape/AppKitUI+Circle.swift /Users/admin/builder/spi-builder-workspace/Sources/AppKitUI/shape/AppKitUI+Ellipse.swift /Users/admin/builder/spi-builder-workspace/Sources/AppKitUI/shape/AppKitUI+Rectangle.swift /Users/admin/builder/spi-builder-workspace/Sources/AppKitUI/shape/AppKitUI+Shape.swift /Users/admin/builder/spi-builder-workspace/Sources/AppKitUI/structure/AppKitUI+Disclosure.swift /Users/admin/builder/spi-builder-workspace/Sources/AppKitUI/structure/AppKitUI+Flow.swift /Users/admin/builder/spi-builder-workspace/Sources/AppKitUI/structure/AppKitUI+GlassEffect.swift /Users/admin/builder/spi-builder-workspace/Sources/AppKitUI/structure/AppKitUI+GlassEffectContainer.swift /Users/admin/builder/spi-builder-workspace/Sources/AppKitUI/structure/AppKitUI+HidingView.swift /Users/admin/builder/spi-builder-workspace/Sources/AppKitUI/structure/AppKitUI+ScrollView.swift /Users/admin/builder/spi-builder-workspace/Sources/AppKitUI/structure/AppKitUI+SplitView.swift (in target 'AppKitUI' from project 'AppKitUI')
	SwiftCompile normal arm64 /Users/admin/builder/spi-builder-workspace/Sources/AppKitUI/shape/AppKitUI+Capsule.swift (in target 'AppKitUI' from project 'AppKitUI')
	Building workspace AppKitUI with scheme AppKitUI
(3 failures)
BUILD FAILURE 6.4 macosXcodebuild