Build Information
Failed to build swift-markdown-kit, reference v0.0.20 (bb243e), with Swift 6.1 for watchOS using Xcode 16.3 on 30 Sep 2026 18:00:40 UTC.
Build Command
env DEVELOPER_DIR=/Applications/Xcode-16.3.0.app xcrun xcodebuild -IDEClonedSourcePackagesDirPathOverride=$PWD/.dependencies -skipMacroValidation -skipPackagePluginValidation -derivedDataPath $PWD/.derivedData build -scheme swift-markdown-kit -destination generic/platform=watchOSBuild Log
========================================
RunAll
========================================
Builder version: 5.1.1
Interrupt handler set up.
========================================
Checkout
========================================
Clone URL: https://github.com/cellgit/swift-markdown-kit.git
Reference: v0.0.20
Initialized empty Git repository in /Users/admin/builder/spi-builder-workspace/.git/
From https://github.com/cellgit/swift-markdown-kit
* tag v0.0.20 -> FETCH_HEAD
HEAD is now at bb243e4 Update to SwiftMarkdownKit 0.0.20
Cloned https://github.com/cellgit/swift-markdown-kit.git
Revision (git rev-parse @):
bb243e48a59619ffd2954276e14ca205672267a2
SUCCESS checkout https://github.com/cellgit/swift-markdown-kit.git at v0.0.20
========================================
Build
========================================
Selected platform: watchOS
Swift version: 6.1
Building package at path: $PWD
https://github.com/cellgit/swift-markdown-kit.git
https://github.com/cellgit/swift-markdown-kit.git
{
"dependencies" : [
],
"manifest_display_name" : "swift-markdown-kit",
"name" : "swift-markdown-kit",
"path" : "/Users/admin/builder/spi-builder-workspace",
"platforms" : [
{
"name" : "ios",
"version" : "17.0"
},
{
"name" : "maccatalyst",
"version" : "17.0"
}
],
"products" : [
{
"name" : "SwiftMarkdownKit",
"targets" : [
"SwiftMarkdownKit"
],
"type" : {
"library" : [
"automatic"
]
}
}
],
"targets" : [
{
"c99name" : "SwiftMarkdownKit",
"module_type" : "BinaryTarget",
"name" : "SwiftMarkdownKit",
"path" : "remote/archive/SwiftMarkdownKit-0.0.20.xcframework.zip",
"product_memberships" : [
"SwiftMarkdownKit"
],
"sources" : [
],
"type" : "binary"
}
],
"tools_version" : "5.9"
}
Command line invocation:
/Applications/Xcode-16.3.0.app/Contents/Developer/usr/bin/xcodebuild -IDEClonedSourcePackagesDirPathOverride=/Users/admin/builder/spi-builder-workspace/.dependencies -resolvePackageDependencies
Resolve Package Graph
Resolve Package Graph
Resolved source packages:
swift-markdown-kit: /Users/admin/builder/spi-builder-workspace
resolved source packages: swift-markdown-kit
{
"dependencies" : [
],
"manifest_display_name" : "swift-markdown-kit",
"name" : "swift-markdown-kit",
"path" : "/Users/admin/builder/spi-builder-workspace",
"platforms" : [
{
"name" : "ios",
"version" : "17.0"
},
{
"name" : "maccatalyst",
"version" : "17.0"
}
],
"products" : [
{
"name" : "SwiftMarkdownKit",
"targets" : [
"SwiftMarkdownKit"
],
"type" : {
"library" : [
"automatic"
]
}
}
],
"targets" : [
{
"c99name" : "SwiftMarkdownKit",
"module_type" : "BinaryTarget",
"name" : "SwiftMarkdownKit",
"path" : "remote/archive/SwiftMarkdownKit-0.0.20.xcframework.zip",
"product_memberships" : [
"SwiftMarkdownKit"
],
"sources" : [
],
"type" : "binary"
}
],
"tools_version" : "5.9"
}
{
"workspace" : {
"name" : "spi-builder-workspace",
"schemes" : [
"swift-markdown-kit"
]
}
}
Running build ...
env DEVELOPER_DIR=/Applications/Xcode-16.3.0.app xcrun xcodebuild -IDEClonedSourcePackagesDirPathOverride=$PWD/.dependencies -skipMacroValidation -skipPackagePluginValidation -derivedDataPath $PWD/.derivedData build -scheme swift-markdown-kit -destination generic/platform=watchOS OTHER_SWIFT_FLAGS=-stats-output-dir .stats -strict-concurrency=complete -enable-upcoming-feature StrictConcurrency -enable-upcoming-feature DisableOutwardActorInference -enable-upcoming-feature GlobalActorIsolatedTypesUsability -enable-upcoming-feature InferSendableFromCaptures
Command line invocation:
/Applications/Xcode-16.3.0.app/Contents/Developer/usr/bin/xcodebuild -IDEClonedSourcePackagesDirPathOverride=/Users/admin/builder/spi-builder-workspace/.dependencies -skipMacroValidation -skipPackagePluginValidation -derivedDataPath /Users/admin/builder/spi-builder-workspace/.derivedData build -scheme swift-markdown-kit -destination generic/platform=watchOS "OTHER_SWIFT_FLAGS=-stats-output-dir .stats -strict-concurrency=complete -enable-upcoming-feature StrictConcurrency -enable-upcoming-feature DisableOutwardActorInference -enable-upcoming-feature GlobalActorIsolatedTypesUsability -enable-upcoming-feature InferSendableFromCaptures"
Build settings from command line:
OTHER_SWIFT_FLAGS = -stats-output-dir .stats -strict-concurrency=complete -enable-upcoming-feature StrictConcurrency -enable-upcoming-feature DisableOutwardActorInference -enable-upcoming-feature GlobalActorIsolatedTypesUsability -enable-upcoming-feature InferSendableFromCaptures
Resolve Package Graph
Resolved source packages:
swift-markdown-kit: /Users/admin/builder/spi-builder-workspace
ComputePackagePrebuildTargetDependencyGraph
Prepare packages
CreateBuildRequest
SendProjectDescription
CreateBuildOperation
ComputeTargetDependencyGraph
note: Building targets in dependency order
note: Target dependency graph (1 target)
Target 'SwiftMarkdownKit' in project 'swift-markdown-kit' (no dependencies)
GatherProvisioningInputs
CreateBuildDescription
ExecuteExternalTool /Applications/Xcode-16.3.0.app/Contents/Developer/Toolchains/XcodeDefault.xctoolchain/usr/bin/clang -v -E -dM -isysroot /Applications/Xcode-16.3.0.app/Contents/Developer/Platforms/WatchOS.platform/Developer/SDKs/WatchOS11.4.sdk -x c -c /dev/null
Build description signature: c320e13b9094ce70fbbb95011cb36927
Build description path: /Users/admin/builder/spi-builder-workspace/.derivedData/Build/Intermediates.noindex/XCBuildData/c320e13b9094ce70fbbb95011cb36927.xcbuilddata
/Users/admin/builder/spi-builder-workspace/.dependencies/artifacts/spi-builder-workspace/SwiftMarkdownKit/SwiftMarkdownKit.xcframework:1:1: error: While building for watchOS, no library for this platform was found in '/Users/admin/builder/spi-builder-workspace/.dependencies/artifacts/spi-builder-workspace/SwiftMarkdownKit/SwiftMarkdownKit.xcframework'. (in target 'SwiftMarkdownKit' from project 'swift-markdown-kit')
** BUILD FAILED **
The following build commands failed:
Building workspace spi-builder-workspace with scheme swift-markdown-kit
(1 failure)
Command line invocation:
/Applications/Xcode-16.3.0.app/Contents/Developer/usr/bin/xcodebuild -IDEClonedSourcePackagesDirPathOverride=/Users/admin/builder/spi-builder-workspace/.dependencies -resolvePackageDependencies
Resolve Package Graph
Resolved source packages:
swift-markdown-kit: /Users/admin/builder/spi-builder-workspace
resolved source packages: swift-markdown-kit
{
"dependencies" : [
],
"manifest_display_name" : "swift-markdown-kit",
"name" : "swift-markdown-kit",
"path" : "/Users/admin/builder/spi-builder-workspace",
"platforms" : [
{
"name" : "ios",
"version" : "17.0"
},
{
"name" : "maccatalyst",
"version" : "17.0"
}
],
"products" : [
{
"name" : "SwiftMarkdownKit",
"targets" : [
"SwiftMarkdownKit"
],
"type" : {
"library" : [
"automatic"
]
}
}
],
"targets" : [
{
"c99name" : "SwiftMarkdownKit",
"module_type" : "BinaryTarget",
"name" : "SwiftMarkdownKit",
"path" : "remote/archive/SwiftMarkdownKit-0.0.20.xcframework.zip",
"product_memberships" : [
"SwiftMarkdownKit"
],
"sources" : [
],
"type" : "binary"
}
],
"tools_version" : "5.9"
}
{
"workspace" : {
"name" : "spi-builder-workspace",
"schemes" : [
"swift-markdown-kit"
]
}
}
Running build ...
env DEVELOPER_DIR=/Applications/Xcode-16.3.0.app xcrun xcodebuild -IDEClonedSourcePackagesDirPathOverride=$PWD/.dependencies -skipMacroValidation -skipPackagePluginValidation -derivedDataPath $PWD/.derivedData build -scheme swift-markdown-kit -destination generic/platform=watchOS
Command line invocation:
/Applications/Xcode-16.3.0.app/Contents/Developer/usr/bin/xcodebuild -IDEClonedSourcePackagesDirPathOverride=/Users/admin/builder/spi-builder-workspace/.dependencies -skipMacroValidation -skipPackagePluginValidation -derivedDataPath /Users/admin/builder/spi-builder-workspace/.derivedData build -scheme swift-markdown-kit -destination generic/platform=watchOS
Resolve Package Graph
Resolved source packages:
swift-markdown-kit: /Users/admin/builder/spi-builder-workspace
ComputePackagePrebuildTargetDependencyGraph
Prepare packages
CreateBuildRequest
SendProjectDescription
CreateBuildOperation
ComputeTargetDependencyGraph
note: Building targets in dependency order
note: Target dependency graph (1 target)
Target 'SwiftMarkdownKit' in project 'swift-markdown-kit' (no dependencies)
GatherProvisioningInputs
CreateBuildDescription
ExecuteExternalTool /Applications/Xcode-16.3.0.app/Contents/Developer/Toolchains/XcodeDefault.xctoolchain/usr/bin/clang -v -E -dM -isysroot /Applications/Xcode-16.3.0.app/Contents/Developer/Platforms/WatchOS.platform/Developer/SDKs/WatchOS11.4.sdk -x c -c /dev/null
Build description signature: 92a5d5f1fa107db9f8ac4ab6e1556035
Build description path: /Users/admin/builder/spi-builder-workspace/.derivedData/Build/Intermediates.noindex/XCBuildData/92a5d5f1fa107db9f8ac4ab6e1556035.xcbuilddata
/Users/admin/builder/spi-builder-workspace/.dependencies/artifacts/spi-builder-workspace/SwiftMarkdownKit/SwiftMarkdownKit.xcframework:1:1: error: While building for watchOS, no library for this platform was found in '/Users/admin/builder/spi-builder-workspace/.dependencies/artifacts/spi-builder-workspace/SwiftMarkdownKit/SwiftMarkdownKit.xcframework'. (in target 'SwiftMarkdownKit' from project 'swift-markdown-kit')
** BUILD FAILED **
The following build commands failed:
Building workspace spi-builder-workspace with scheme swift-markdown-kit
(1 failure)
BUILD FAILURE 6.1 watchOS