Build Information
Failed to build FTAPIKit, reference 3.0.0 (c50741), with Swift 6.2 for Wasm on 7 Sep 2026 16:24:48 UTC.
Build Command
bash -c docker run --pull=always --rm -v "checkouts-54344849-1":/host -w "$PWD" -e JAVA_HOME="/root/.sdkman/candidates/java/current" -e SPI_BUILD="1" -e SPI_PROCESSING="1" registry.gitlab.com/saguaro1/spi-images:wasm-6.2-latest swift build --swift-sdk swift-6.2-RELEASE_wasm 2>&1Build Log
========================================
RunAll
========================================
Builder version: 5.0.2
Interrupt handler set up.
========================================
Checkout
========================================
Clone URL: https://github.com/futuredapp/FTAPIKit.git
Reference: 3.0.0
Initialized empty Git repository in /host/spi-builder-workspace/.git/
hint: Using 'master' as the name for the initial branch. This default branch name
hint: is subject to change. To configure the initial branch name to use in all
hint: of your new repositories, which will suppress this warning, call:
hint:
hint: git config --global init.defaultBranch <name>
hint:
hint: Names commonly chosen instead of 'master' are 'main', 'trunk' and
hint: 'development'. The just-created branch can be renamed via this command:
hint:
hint: git branch -m <name>
From https://github.com/futuredapp/FTAPIKit
* tag 3.0.0 -> FETCH_HEAD
HEAD is now at c50741a Merge pull request #117 from futuredapp/feature/sendable-endpoint
Cloned https://github.com/futuredapp/FTAPIKit.git
Revision (git rev-parse @):
c50741a75879f2d1e78676e881b5a2a9d3427206
SUCCESS checkout https://github.com/futuredapp/FTAPIKit.git at 3.0.0
========================================
Build
========================================
Selected platform: wasm
Swift version: 6.2
Building package at path: $PWD
https://github.com/futuredapp/FTAPIKit.git
Running build ...
bash -c docker run --pull=always --rm -v "checkouts-54344849-1":/host -w "$PWD" -e JAVA_HOME="/root/.sdkman/candidates/java/current" -e SPI_BUILD="1" -e SPI_PROCESSING="1" registry.gitlab.com/saguaro1/spi-images:wasm-6.2-latest swift build --swift-sdk swift-6.2-RELEASE_wasm 2>&1
wasm-6.2-latest: Pulling from saguaro1/spi-images
Digest: sha256:70428a4f4110aef5b17a27427e965f31cf3855e8cf1dfdc416ed61c780337965
Status: Image is up to date for registry.gitlab.com/saguaro1/spi-images:wasm-6.2-latest
Building for debugging...
[0/2] Write sources
[1/2] Write swift-version-24593BA9C3E375BF.txt
[3/18] Compiling FTAPIKit HTTPMethod.swift
/host/spi-builder-workspace/Sources/FTAPIKit/OutputStream+Write.swift:2:8: error: no such module 'os'
1 | import Foundation
2 | import os
| `- error: no such module 'os'
3 |
4 | extension Stream {
[4/18] Compiling FTAPIKit MultipartBodyPart.swift
/host/spi-builder-workspace/Sources/FTAPIKit/OutputStream+Write.swift:2:8: error: no such module 'os'
1 | import Foundation
2 | import os
| `- error: no such module 'os'
3 |
4 | extension Stream {
[5/18] Compiling FTAPIKit URLQuery.swift
/host/spi-builder-workspace/Sources/FTAPIKit/OutputStream+Write.swift:2:8: error: no such module 'os'
1 | import Foundation
2 | import os
| `- error: no such module 'os'
3 |
4 | extension Stream {
[6/18] Compiling FTAPIKit URLRequestBuilder.swift
/host/spi-builder-workspace/Sources/FTAPIKit/OutputStream+Write.swift:2:8: error: no such module 'os'
1 | import Foundation
2 | import os
| `- error: no such module 'os'
3 |
4 | extension Stream {
[7/18] Compiling FTAPIKit MultipartFormData.swift
/host/spi-builder-workspace/Sources/FTAPIKit/OutputStream+Write.swift:2:8: error: no such module 'os'
1 | import Foundation
2 | import os
| `- error: no such module 'os'
3 |
4 | extension Stream {
[8/18] Compiling FTAPIKit NetworkObserver.swift
/host/spi-builder-workspace/Sources/FTAPIKit/OutputStream+Write.swift:2:8: error: no such module 'os'
1 | import Foundation
2 | import os
| `- error: no such module 'os'
3 |
4 | extension Stream {
[9/18] Compiling FTAPIKit OutputStream+Write.swift
/host/spi-builder-workspace/Sources/FTAPIKit/OutputStream+Write.swift:2:8: error: no such module 'os'
1 | import Foundation
2 | import os
| `- error: no such module 'os'
3 |
4 | extension Stream {
[10/18] Compiling FTAPIKit RequestConfiguring.swift
/host/spi-builder-workspace/Sources/FTAPIKit/OutputStream+Write.swift:2:8: error: no such module 'os'
1 | import Foundation
2 | import os
| `- error: no such module 'os'
3 |
4 | extension Stream {
[11/18] Compiling FTAPIKit URL+MIME.swift
/host/spi-builder-workspace/Sources/FTAPIKit/OutputStream+Write.swift:2:8: error: no such module 'os'
1 | import Foundation
2 | import os
| `- error: no such module 'os'
3 |
4 | extension Stream {
[12/18] Compiling FTAPIKit URL+Query.swift
/host/spi-builder-workspace/Sources/FTAPIKit/OutputStream+Write.swift:2:8: error: no such module 'os'
1 | import Foundation
2 | import os
| `- error: no such module 'os'
3 |
4 | extension Stream {
[13/18] Compiling FTAPIKit APIError+Standard.swift
/host/spi-builder-workspace/Sources/FTAPIKit/OutputStream+Write.swift:2:8: error: no such module 'os'
1 | import Foundation
2 | import os
| `- error: no such module 'os'
3 |
4 | extension Stream {
[14/18] Compiling FTAPIKit APIError.swift
/host/spi-builder-workspace/Sources/FTAPIKit/OutputStream+Write.swift:2:8: error: no such module 'os'
1 | import Foundation
2 | import os
| `- error: no such module 'os'
3 |
4 | extension Stream {
[15/18] Compiling FTAPIKit CharacterSet+URLQuery.swift
/host/spi-builder-workspace/Sources/FTAPIKit/OutputStream+Write.swift:2:8: error: no such module 'os'
1 | import Foundation
2 | import os
| `- error: no such module 'os'
3 |
4 | extension Stream {
error: emit-module command failed with exit code 1 (use -v to see invocation)
[16/20] Emitting module FTAPIKit
/host/spi-builder-workspace/Sources/FTAPIKit/OutputStream+Write.swift:2:8: error: no such module 'os'
1 | import Foundation
2 | import os
| `- error: no such module 'os'
3 |
4 | extension Stream {
[17/20] Compiling FTAPIKit Coding.swift
/host/spi-builder-workspace/Sources/FTAPIKit/OutputStream+Write.swift:2:8: error: no such module 'os'
1 | import Foundation
2 | import os
| `- error: no such module 'os'
3 |
4 | extension Stream {
[18/20] Compiling FTAPIKit Endpoint.swift
/host/spi-builder-workspace/Sources/FTAPIKit/OutputStream+Write.swift:2:8: error: no such module 'os'
1 | import Foundation
2 | import os
| `- error: no such module 'os'
3 |
4 | extension Stream {
[19/20] Compiling FTAPIKit URLServer+Async.swift
/host/spi-builder-workspace/Sources/FTAPIKit/OutputStream+Write.swift:2:8: error: no such module 'os'
1 | import Foundation
2 | import os
| `- error: no such module 'os'
3 |
4 | extension Stream {
[20/20] Compiling FTAPIKit URLServer.swift
/host/spi-builder-workspace/Sources/FTAPIKit/OutputStream+Write.swift:2:8: error: no such module 'os'
1 | import Foundation
2 | import os
| `- error: no such module 'os'
3 |
4 | extension Stream {
BUILD FAILURE 6.2 wasm