The Swift Package Index logo.Swift Package Index

Build Information

Failed to build KeyVine, reference main (6cc7f7), with Swift 6.2 for tvOS using Xcode 26.3 on 4 Jul 2026 15:13:11 UTC.

Build Command

No build command. This typically means the build failed at an early stage where we determine the build command.

Build Log

========================================
RunAll
========================================
Builder version: undefined version: run 'make version' to update
Interrupt handler set up.
========================================
Checkout
========================================
Clone URL: https://github.com/ptsochantaris/key-vine.git
Reference: main
Initialized empty Git repository in /Users/admin/builder/spi-builder-workspace/.git/
From https://github.com/ptsochantaris/key-vine
 * branch            main       -> FETCH_HEAD
 * [new branch]      main       -> origin/main
HEAD is now at 6cc7f75 Updated to Swift 6.3, fixed some documentation issues, added tests
Cloned https://github.com/ptsochantaris/key-vine.git
Revision (git rev-parse @):
6cc7f7538f6cec9c3026ae96128ce3eae6add58d
SPI manifest file found: $PWD/.spi.yml
SUCCESS checkout https://github.com/ptsochantaris/key-vine.git at main
========================================
Build
========================================
Selected platform:         tvOS
Swift version:             6.2
Building package at path:  $PWD
https://github.com/ptsochantaris/key-vine.git
Command line invocation:
    /Applications/Xcode-26.3.0.app/Contents/Developer/usr/bin/xcodebuild -IDEClonedSourcePackagesDirPathOverride=/Users/admin/builder/spi-builder-workspace/.dependencies -resolvePackageDependencies
Resolve Package Graph
package 'spi-builder-workspace' is using Swift tools version 6.3.0 but the installed version is 6.2.4
Resolved source packages:
  spi-builder-workspace: (null)
2026-07-04 11:13:10.193 xcodebuild[538:3093] Writing error result bundle to /var/folders/xq/y_g06wb113726d38xsyx71_h0000gn/T/ResultBundle_2026-04-07_11-13-0010.xcresult
xcodebuild: error: Could not resolve package dependencies:
  package 'spi-builder-workspace' is using Swift tools version 6.3.0 but the installed version is 6.2.4
Command line invocation:
    /Applications/Xcode-26.3.0.app/Contents/Developer/usr/bin/xcodebuild -IDEClonedSourcePackagesDirPathOverride=/Users/admin/builder/spi-builder-workspace/.dependencies -resolvePackageDependencies
Resolve Package Graph
package 'spi-builder-workspace' is using Swift tools version 6.3.0 but the installed version is 6.2.4
Resolved source packages:
  spi-builder-workspace: (null)
2026-07-04 11:13:11.064 xcodebuild[600:3634] Writing error result bundle to /var/folders/xq/y_g06wb113726d38xsyx71_h0000gn/T/ResultBundle_2026-04-07_11-13-0011.xcresult
xcodebuild: error: Could not resolve package dependencies:
  package 'spi-builder-workspace' is using Swift tools version 6.3.0 but the installed version is 6.2.4
BUILD FAILURE 6.2 tvOS