Build Information
Failed to build MessageKit, reference 3.1.0 (b32f02), with Swift 6.4 for tvOS using Xcode 27.0 on 22 Sep 2026 00:07:32 UTC.
Build Command
env DEVELOPER_DIR=/Applications/Xcode-27.0.0-Release.Candidate.app xcrun xcodebuild -IDEClonedSourcePackagesDirPathOverride=$PWD/.dependencies -skipMacroValidation -skipPackagePluginValidation -derivedDataPath $PWD/.derivedData build -scheme MessageKit -destination generic/platform=tvOSBuild Log
cd /Users/admin/builder/spi-builder-workspace
builtin-copy -exclude .DS_Store -exclude CVS -exclude .svn -exclude .git -exclude .hg -resolve-src-symlinks /Users/admin/builder/spi-builder-workspace/Sources/MessageKit/Assets/MessageKitAssets.bundle/Images/bubble_outlined_tail_v2.png /Users/admin/builder/spi-builder-workspace/.derivedData/Build/Products/Debug-appletvos/MessageKit_MessageKit.bundle
CpResource /Users/admin/builder/spi-builder-workspace/.derivedData/Build/Products/Debug-appletvos/MessageKit_MessageKit.bundle/bubble_outlined_tail_v1@3x.png /Users/admin/builder/spi-builder-workspace/Sources/MessageKit/Assets/MessageKitAssets.bundle/Images/bubble_outlined_tail_v1@3x.png (in target 'MessageKit_MessageKit' from project 'MessageKit')
cd /Users/admin/builder/spi-builder-workspace
builtin-copy -exclude .DS_Store -exclude CVS -exclude .svn -exclude .git -exclude .hg -resolve-src-symlinks /Users/admin/builder/spi-builder-workspace/Sources/MessageKit/Assets/MessageKitAssets.bundle/Images/bubble_outlined_tail_v1@3x.png /Users/admin/builder/spi-builder-workspace/.derivedData/Build/Products/Debug-appletvos/MessageKit_MessageKit.bundle
CpResource /Users/admin/builder/spi-builder-workspace/.derivedData/Build/Products/Debug-appletvos/MessageKit_MessageKit.bundle/bubble_outlined_tail_v1@2x.png /Users/admin/builder/spi-builder-workspace/Sources/MessageKit/Assets/MessageKitAssets.bundle/Images/bubble_outlined_tail_v1@2x.png (in target 'MessageKit_MessageKit' from project 'MessageKit')
cd /Users/admin/builder/spi-builder-workspace
builtin-copy -exclude .DS_Store -exclude CVS -exclude .svn -exclude .git -exclude .hg -resolve-src-symlinks /Users/admin/builder/spi-builder-workspace/Sources/MessageKit/Assets/MessageKitAssets.bundle/Images/bubble_outlined_tail_v1@2x.png /Users/admin/builder/spi-builder-workspace/.derivedData/Build/Products/Debug-appletvos/MessageKit_MessageKit.bundle
CpResource /Users/admin/builder/spi-builder-workspace/.derivedData/Build/Products/Debug-appletvos/MessageKit_MessageKit.bundle/bubble_outlined_tail_v1.png /Users/admin/builder/spi-builder-workspace/Sources/MessageKit/Assets/MessageKitAssets.bundle/Images/bubble_outlined_tail_v1.png (in target 'MessageKit_MessageKit' from project 'MessageKit')
cd /Users/admin/builder/spi-builder-workspace
builtin-copy -exclude .DS_Store -exclude CVS -exclude .svn -exclude .git -exclude .hg -resolve-src-symlinks /Users/admin/builder/spi-builder-workspace/Sources/MessageKit/Assets/MessageKitAssets.bundle/Images/bubble_outlined_tail_v1.png /Users/admin/builder/spi-builder-workspace/.derivedData/Build/Products/Debug-appletvos/MessageKit_MessageKit.bundle
CpResource /Users/admin/builder/spi-builder-workspace/.derivedData/Build/Products/Debug-appletvos/MessageKit_MessageKit.bundle/bubble_outlined@3x.png /Users/admin/builder/spi-builder-workspace/Sources/MessageKit/Assets/MessageKitAssets.bundle/Images/bubble_outlined@3x.png (in target 'MessageKit_MessageKit' from project 'MessageKit')
cd /Users/admin/builder/spi-builder-workspace
builtin-copy -exclude .DS_Store -exclude CVS -exclude .svn -exclude .git -exclude .hg -resolve-src-symlinks /Users/admin/builder/spi-builder-workspace/Sources/MessageKit/Assets/MessageKitAssets.bundle/Images/bubble_outlined@3x.png /Users/admin/builder/spi-builder-workspace/.derivedData/Build/Products/Debug-appletvos/MessageKit_MessageKit.bundle
CpResource /Users/admin/builder/spi-builder-workspace/.derivedData/Build/Products/Debug-appletvos/MessageKit_MessageKit.bundle/bubble_outlined@2x.png /Users/admin/builder/spi-builder-workspace/Sources/MessageKit/Assets/MessageKitAssets.bundle/Images/bubble_outlined@2x.png (in target 'MessageKit_MessageKit' from project 'MessageKit')
cd /Users/admin/builder/spi-builder-workspace
builtin-copy -exclude .DS_Store -exclude CVS -exclude .svn -exclude .git -exclude .hg -resolve-src-symlinks /Users/admin/builder/spi-builder-workspace/Sources/MessageKit/Assets/MessageKitAssets.bundle/Images/bubble_outlined@2x.png /Users/admin/builder/spi-builder-workspace/.derivedData/Build/Products/Debug-appletvos/MessageKit_MessageKit.bundle
CpResource /Users/admin/builder/spi-builder-workspace/.derivedData/Build/Products/Debug-appletvos/MessageKit_MessageKit.bundle/bubble_outlined.png /Users/admin/builder/spi-builder-workspace/Sources/MessageKit/Assets/MessageKitAssets.bundle/Images/bubble_outlined.png (in target 'MessageKit_MessageKit' from project 'MessageKit')
cd /Users/admin/builder/spi-builder-workspace
builtin-copy -exclude .DS_Store -exclude CVS -exclude .svn -exclude .git -exclude .hg -resolve-src-symlinks /Users/admin/builder/spi-builder-workspace/Sources/MessageKit/Assets/MessageKitAssets.bundle/Images/bubble_outlined.png /Users/admin/builder/spi-builder-workspace/.derivedData/Build/Products/Debug-appletvos/MessageKit_MessageKit.bundle
CpResource /Users/admin/builder/spi-builder-workspace/.derivedData/Build/Products/Debug-appletvos/MessageKit_MessageKit.bundle/bubble_full_tail_v2@3x.png /Users/admin/builder/spi-builder-workspace/Sources/MessageKit/Assets/MessageKitAssets.bundle/Images/bubble_full_tail_v2@3x.png (in target 'MessageKit_MessageKit' from project 'MessageKit')
cd /Users/admin/builder/spi-builder-workspace
builtin-copy -exclude .DS_Store -exclude CVS -exclude .svn -exclude .git -exclude .hg -resolve-src-symlinks /Users/admin/builder/spi-builder-workspace/Sources/MessageKit/Assets/MessageKitAssets.bundle/Images/bubble_full_tail_v2@3x.png /Users/admin/builder/spi-builder-workspace/.derivedData/Build/Products/Debug-appletvos/MessageKit_MessageKit.bundle
CpResource /Users/admin/builder/spi-builder-workspace/.derivedData/Build/Products/Debug-appletvos/MessageKit_MessageKit.bundle/bubble_full_tail_v2@2x.png /Users/admin/builder/spi-builder-workspace/Sources/MessageKit/Assets/MessageKitAssets.bundle/Images/bubble_full_tail_v2@2x.png (in target 'MessageKit_MessageKit' from project 'MessageKit')
cd /Users/admin/builder/spi-builder-workspace
builtin-copy -exclude .DS_Store -exclude CVS -exclude .svn -exclude .git -exclude .hg -resolve-src-symlinks /Users/admin/builder/spi-builder-workspace/Sources/MessageKit/Assets/MessageKitAssets.bundle/Images/bubble_full_tail_v2@2x.png /Users/admin/builder/spi-builder-workspace/.derivedData/Build/Products/Debug-appletvos/MessageKit_MessageKit.bundle
CpResource /Users/admin/builder/spi-builder-workspace/.derivedData/Build/Products/Debug-appletvos/MessageKit_MessageKit.bundle/bubble_full_tail_v2.png /Users/admin/builder/spi-builder-workspace/Sources/MessageKit/Assets/MessageKitAssets.bundle/Images/bubble_full_tail_v2.png (in target 'MessageKit_MessageKit' from project 'MessageKit')
cd /Users/admin/builder/spi-builder-workspace
builtin-copy -exclude .DS_Store -exclude CVS -exclude .svn -exclude .git -exclude .hg -resolve-src-symlinks /Users/admin/builder/spi-builder-workspace/Sources/MessageKit/Assets/MessageKitAssets.bundle/Images/bubble_full_tail_v2.png /Users/admin/builder/spi-builder-workspace/.derivedData/Build/Products/Debug-appletvos/MessageKit_MessageKit.bundle
CpResource /Users/admin/builder/spi-builder-workspace/.derivedData/Build/Products/Debug-appletvos/MessageKit_MessageKit.bundle/bubble_full_tail_v1@2x.png /Users/admin/builder/spi-builder-workspace/Sources/MessageKit/Assets/MessageKitAssets.bundle/Images/bubble_full_tail_v1@2x.png (in target 'MessageKit_MessageKit' from project 'MessageKit')
cd /Users/admin/builder/spi-builder-workspace
builtin-copy -exclude .DS_Store -exclude CVS -exclude .svn -exclude .git -exclude .hg -resolve-src-symlinks /Users/admin/builder/spi-builder-workspace/Sources/MessageKit/Assets/MessageKitAssets.bundle/Images/bubble_full_tail_v1@2x.png /Users/admin/builder/spi-builder-workspace/.derivedData/Build/Products/Debug-appletvos/MessageKit_MessageKit.bundle
CpResource /Users/admin/builder/spi-builder-workspace/.derivedData/Build/Products/Debug-appletvos/MessageKit_MessageKit.bundle/bubble_full_tail_v1@3x.png /Users/admin/builder/spi-builder-workspace/Sources/MessageKit/Assets/MessageKitAssets.bundle/Images/bubble_full_tail_v1@3x.png (in target 'MessageKit_MessageKit' from project 'MessageKit')
cd /Users/admin/builder/spi-builder-workspace
builtin-copy -exclude .DS_Store -exclude CVS -exclude .svn -exclude .git -exclude .hg -resolve-src-symlinks /Users/admin/builder/spi-builder-workspace/Sources/MessageKit/Assets/MessageKitAssets.bundle/Images/bubble_full_tail_v1@3x.png /Users/admin/builder/spi-builder-workspace/.derivedData/Build/Products/Debug-appletvos/MessageKit_MessageKit.bundle
CpResource /Users/admin/builder/spi-builder-workspace/.derivedData/Build/Products/Debug-appletvos/MessageKit_MessageKit.bundle/bubble_full_tail_v1.png /Users/admin/builder/spi-builder-workspace/Sources/MessageKit/Assets/MessageKitAssets.bundle/Images/bubble_full_tail_v1.png (in target 'MessageKit_MessageKit' from project 'MessageKit')
cd /Users/admin/builder/spi-builder-workspace
builtin-copy -exclude .DS_Store -exclude CVS -exclude .svn -exclude .git -exclude .hg -resolve-src-symlinks /Users/admin/builder/spi-builder-workspace/Sources/MessageKit/Assets/MessageKitAssets.bundle/Images/bubble_full_tail_v1.png /Users/admin/builder/spi-builder-workspace/.derivedData/Build/Products/Debug-appletvos/MessageKit_MessageKit.bundle
CpResource /Users/admin/builder/spi-builder-workspace/.derivedData/Build/Products/Debug-appletvos/MessageKit_MessageKit.bundle/bubble_full@3x.png /Users/admin/builder/spi-builder-workspace/Sources/MessageKit/Assets/MessageKitAssets.bundle/Images/bubble_full@3x.png (in target 'MessageKit_MessageKit' from project 'MessageKit')
cd /Users/admin/builder/spi-builder-workspace
builtin-copy -exclude .DS_Store -exclude CVS -exclude .svn -exclude .git -exclude .hg -resolve-src-symlinks /Users/admin/builder/spi-builder-workspace/Sources/MessageKit/Assets/MessageKitAssets.bundle/Images/bubble_full@3x.png /Users/admin/builder/spi-builder-workspace/.derivedData/Build/Products/Debug-appletvos/MessageKit_MessageKit.bundle
CpResource /Users/admin/builder/spi-builder-workspace/.derivedData/Build/Products/Debug-appletvos/MessageKit_MessageKit.bundle/bubble_full@2x.png /Users/admin/builder/spi-builder-workspace/Sources/MessageKit/Assets/MessageKitAssets.bundle/Images/bubble_full@2x.png (in target 'MessageKit_MessageKit' from project 'MessageKit')
cd /Users/admin/builder/spi-builder-workspace
builtin-copy -exclude .DS_Store -exclude CVS -exclude .svn -exclude .git -exclude .hg -resolve-src-symlinks /Users/admin/builder/spi-builder-workspace/Sources/MessageKit/Assets/MessageKitAssets.bundle/Images/bubble_full@2x.png /Users/admin/builder/spi-builder-workspace/.derivedData/Build/Products/Debug-appletvos/MessageKit_MessageKit.bundle
CpResource /Users/admin/builder/spi-builder-workspace/.derivedData/Build/Products/Debug-appletvos/MessageKit_MessageKit.bundle/bubble_full.png /Users/admin/builder/spi-builder-workspace/Sources/MessageKit/Assets/MessageKitAssets.bundle/Images/bubble_full.png (in target 'MessageKit_MessageKit' from project 'MessageKit')
cd /Users/admin/builder/spi-builder-workspace
builtin-copy -exclude .DS_Store -exclude CVS -exclude .svn -exclude .git -exclude .hg -resolve-src-symlinks /Users/admin/builder/spi-builder-workspace/Sources/MessageKit/Assets/MessageKitAssets.bundle/Images/bubble_full.png /Users/admin/builder/spi-builder-workspace/.derivedData/Build/Products/Debug-appletvos/MessageKit_MessageKit.bundle
CpResource /Users/admin/builder/spi-builder-workspace/.derivedData/Build/Products/Debug-appletvos/MessageKit_MessageKit.bundle/TypingIndicator.png /Users/admin/builder/spi-builder-workspace/Sources/MessageKit/Assets/TypingIndicator.png (in target 'MessageKit_MessageKit' from project 'MessageKit')
cd /Users/admin/builder/spi-builder-workspace
builtin-copy -exclude .DS_Store -exclude CVS -exclude .svn -exclude .git -exclude .hg -resolve-src-symlinks /Users/admin/builder/spi-builder-workspace/Sources/MessageKit/Assets/TypingIndicator.png /Users/admin/builder/spi-builder-workspace/.derivedData/Build/Products/Debug-appletvos/MessageKit_MessageKit.bundle
CpResource /Users/admin/builder/spi-builder-workspace/.derivedData/Build/Products/Debug-appletvos/MessageKit_MessageKit.bundle/InputBarAccessoryViewLayout.png /Users/admin/builder/spi-builder-workspace/Sources/MessageKit/Assets/InputBarAccessoryViewLayout.png (in target 'MessageKit_MessageKit' from project 'MessageKit')
cd /Users/admin/builder/spi-builder-workspace
builtin-copy -exclude .DS_Store -exclude CVS -exclude .svn -exclude .git -exclude .hg -resolve-src-symlinks /Users/admin/builder/spi-builder-workspace/Sources/MessageKit/Assets/InputBarAccessoryViewLayout.png /Users/admin/builder/spi-builder-workspace/.derivedData/Build/Products/Debug-appletvos/MessageKit_MessageKit.bundle
CpResource /Users/admin/builder/spi-builder-workspace/.derivedData/Build/Products/Debug-appletvos/MessageKit_MessageKit.bundle/ExampleB.png /Users/admin/builder/spi-builder-workspace/Sources/MessageKit/Assets/ExampleB.png (in target 'MessageKit_MessageKit' from project 'MessageKit')
cd /Users/admin/builder/spi-builder-workspace
builtin-copy -exclude .DS_Store -exclude CVS -exclude .svn -exclude .git -exclude .hg -resolve-src-symlinks /Users/admin/builder/spi-builder-workspace/Sources/MessageKit/Assets/ExampleB.png /Users/admin/builder/spi-builder-workspace/.derivedData/Build/Products/Debug-appletvos/MessageKit_MessageKit.bundle
CpResource /Users/admin/builder/spi-builder-workspace/.derivedData/Build/Products/Debug-appletvos/MessageKit_MessageKit.bundle/CellStructure.png /Users/admin/builder/spi-builder-workspace/Sources/MessageKit/Assets/CellStructure.png (in target 'MessageKit_MessageKit' from project 'MessageKit')
cd /Users/admin/builder/spi-builder-workspace
builtin-copy -exclude .DS_Store -exclude CVS -exclude .svn -exclude .git -exclude .hg -resolve-src-symlinks /Users/admin/builder/spi-builder-workspace/Sources/MessageKit/Assets/CellStructure.png /Users/admin/builder/spi-builder-workspace/.derivedData/Build/Products/Debug-appletvos/MessageKit_MessageKit.bundle
CpResource /Users/admin/builder/spi-builder-workspace/.derivedData/Build/Products/Debug-appletvos/MessageKit_MessageKit.bundle/ExampleA.png /Users/admin/builder/spi-builder-workspace/Sources/MessageKit/Assets/ExampleA.png (in target 'MessageKit_MessageKit' from project 'MessageKit')
cd /Users/admin/builder/spi-builder-workspace
builtin-copy -exclude .DS_Store -exclude CVS -exclude .svn -exclude .git -exclude .hg -resolve-src-symlinks /Users/admin/builder/spi-builder-workspace/Sources/MessageKit/Assets/ExampleA.png /Users/admin/builder/spi-builder-workspace/.derivedData/Build/Products/Debug-appletvos/MessageKit_MessageKit.bundle
RegisterExecutionPolicyException /Users/admin/builder/spi-builder-workspace/.derivedData/Build/Products/Debug-appletvos/MessageKit_MessageKit.bundle (in target 'MessageKit_MessageKit' from project 'MessageKit')
cd /Users/admin/builder/spi-builder-workspace
builtin-RegisterExecutionPolicyException /Users/admin/builder/spi-builder-workspace/.derivedData/Build/Products/Debug-appletvos/MessageKit_MessageKit.bundle
Touch /Users/admin/builder/spi-builder-workspace/.derivedData/Build/Products/Debug-appletvos/MessageKit_MessageKit.bundle (in target 'MessageKit_MessageKit' from project 'MessageKit')
cd /Users/admin/builder/spi-builder-workspace
/usr/bin/touch -c /Users/admin/builder/spi-builder-workspace/.derivedData/Build/Products/Debug-appletvos/MessageKit_MessageKit.bundle
SwiftDriver InputBarAccessoryView normal arm64 com.apple.xcode.tools.swift.compiler (in target 'InputBarAccessoryView' from project 'InputBarAccessoryView')
cd /Users/admin/builder/spi-builder-workspace/.swiftpm/xcode
builtin-SwiftDriver -- /Applications/Xcode-27.0.0-Release.Candidate.app/Contents/Developer/Toolchains/XcodeDefault.xctoolchain/usr/bin/swiftc -parse-as-library -module-name InputBarAccessoryView -Onone @/Users/admin/builder/spi-builder-workspace/.derivedData/Build/Intermediates.noindex/InputBarAccessoryView.build/Debug-appletvos/InputBarAccessoryView-t.build/Objects-normal/arm64/InputBarAccessoryView.SwiftFileList -DSWIFT_PACKAGE -DDEBUG -DSWIFT_MODULE_RESOURCE_BUNDLE_UNAVAILABLE -DXcode -plugin-path /Applications/Xcode-27.0.0-Release.Candidate.app/Contents/Developer/Toolchains/XcodeDefault.xctoolchain/usr/lib/swift/host/plugins/testing -enable-experimental-feature DebugDescriptionMacro -sdk /Applications/Xcode-27.0.0-Release.Candidate.app/Contents/Developer/Platforms/AppleTVOS.platform/Developer/SDKs/AppleTVOS27.0.sdk -target arm64-apple-tvos15.0 -g -module-cache-path /Users/admin/builder/spi-builder-workspace/.derivedData/ModuleCache.noindex -Xfrontend -serialize-debugging-options -enable-testing -suppress-warnings -index-store-path /Users/admin/builder/spi-builder-workspace/.derivedData/Index.noindex/DataStore -Xcc -D_LIBCPP_HARDENING_MODE\=_LIBCPP_HARDENING_MODE_DEBUG -swift-version 5 -I /Users/admin/builder/spi-builder-workspace/.derivedData/Build/Products/Debug-appletvos -Isystem /Applications/Xcode-27.0.0-Release.Candidate.app/Contents/Developer/Platforms/AppleTVOS.platform/Developer/usr/lib -F /Users/admin/builder/spi-builder-workspace/.derivedData/Build/Products/Debug-appletvos -F /Applications/Xcode-27.0.0-Release.Candidate.app/Contents/Developer/Platforms/AppleTVOS.platform/Developer/Library/Frameworks -F /Applications/Xcode-27.0.0-Release.Candidate.app/Contents/Developer/Platforms/AppleTVOS.platform/Developer/SDKs/AppleTVOS27.0.sdk/Developer/Library/Frameworks -c -j10 -enable-batch-mode -incremental -Xcc -ivfsstatcache -Xcc /Users/admin/builder/spi-builder-workspace/.derivedData/SDKStatCaches.noindex/appletvos27.0-24J360-e829b21a6f8c9b70876ba0858053c044b32bfd8d43560033f8d89884cdb90028.sdkstatcache -output-file-map /Users/admin/builder/spi-builder-workspace/.derivedData/Build/Intermediates.noindex/InputBarAccessoryView.build/Debug-appletvos/InputBarAccessoryView-t.build/Objects-normal/arm64/InputBarAccessoryView-OutputFileMap.json -save-temps -no-color-diagnostics -explicit-module-build -module-cache-path /Users/admin/builder/spi-builder-workspace/.derivedData/Build/Intermediates.noindex/SwiftExplicitPrecompiledModules -clang-scanner-module-cache-path /Users/admin/builder/spi-builder-workspace/.derivedData/ModuleCache.noindex -sdk-module-cache-path /Users/admin/builder/spi-builder-workspace/.derivedData/SDKExplicitPrecompiledModules -emit-dependencies -emit-module -emit-module-path /Users/admin/builder/spi-builder-workspace/.derivedData/Build/Intermediates.noindex/InputBarAccessoryView.build/Debug-appletvos/InputBarAccessoryView-t.build/Objects-normal/arm64/InputBarAccessoryView.swiftmodule -serialize-diagnostics -dependency-scan-serialize-diagnostics-path /Users/admin/builder/spi-builder-workspace/.derivedData/Build/Intermediates.noindex/InputBarAccessoryView.build/Debug-appletvos/InputBarAccessoryView-t.build/Objects-normal/arm64/InputBarAccessoryView-dependency-scan.dia -validate-clang-modules-once -clang-build-session-file /Users/admin/builder/spi-builder-workspace/.derivedData/ModuleCache.noindex/Session.modulevalidation -Xcc -fmodules-prune-interval\=86400 -Xcc -fmodules-prune-after\=345600 -emit-const-values -const-gather-protocols-list /Users/admin/builder/spi-builder-workspace/.derivedData/Build/Intermediates.noindex/InputBarAccessoryView.build/Debug-appletvos/InputBarAccessoryView-t.build/Objects-normal/arm64/InputBarAccessoryView_const_extract_protocols.json -Xcc -I/Users/admin/builder/spi-builder-workspace/.derivedData/Build/Products/Debug-appletvos/include -Xcc -I/Users/admin/builder/spi-builder-workspace/.derivedData/Build/Intermediates.noindex/InputBarAccessoryView.build/Debug-appletvos/InputBarAccessoryView-t.build/DerivedSources-normal/arm64 -Xcc -I/Users/admin/builder/spi-builder-workspace/.derivedData/Build/Intermediates.noindex/InputBarAccessoryView.build/Debug-appletvos/InputBarAccessoryView-t.build/DerivedSources/arm64 -Xcc -I/Users/admin/builder/spi-builder-workspace/.derivedData/Build/Intermediates.noindex/InputBarAccessoryView.build/Debug-appletvos/InputBarAccessoryView-t.build/DerivedSources -Xcc -DSWIFT_PACKAGE -Xcc -DDEBUG\=1 -emit-objc-header -emit-objc-header-path /Users/admin/builder/spi-builder-workspace/.derivedData/Build/Intermediates.noindex/InputBarAccessoryView.build/Debug-appletvos/InputBarAccessoryView-t.build/Objects-normal/arm64/InputBarAccessoryView-Swift.h -working-directory /Users/admin/builder/spi-builder-workspace/.swiftpm/xcode -experimental-emit-module-separately -disable-cmo
SwiftExplicitDependencyGeneratePcm arm64 /Users/admin/builder/spi-builder-workspace/.derivedData/SDKExplicitPrecompiledModules/ptrauth-8X2KEPL7CTRPS40TUB9APHPK6.pcm
SwiftExplicitDependencyGeneratePcm arm64 /Users/admin/builder/spi-builder-workspace/.derivedData/SDKExplicitPrecompiledModules/_Builtin_stddef-9ZJZ6FDEZNKTZU8YLPMFT9RAQ.pcm
SwiftExplicitDependencyGeneratePcm arm64 /Users/admin/builder/spi-builder-workspace/.derivedData/SDKExplicitPrecompiledModules/DeveloperToolsSupport-B1X8RI63V48AJRTH2RK6JAARV.pcm
SwiftExplicitDependencyGeneratePcm arm64 /Users/admin/builder/spi-builder-workspace/.derivedData/SDKExplicitPrecompiledModules/_SwiftConcurrencyShims-BY5PD8KF1L5KF6F4Q69HE3TJ4.pcm
SwiftExplicitDependencyGeneratePcm arm64 /Users/admin/builder/spi-builder-workspace/.derivedData/SDKExplicitPrecompiledModules/_Builtin_float-8ZJAYZ85YBOAOP52Y9H6IUNP3.pcm
SwiftExplicitDependencyGeneratePcm arm64 /Users/admin/builder/spi-builder-workspace/.derivedData/SDKExplicitPrecompiledModules/ptrcheck-2AZ6B5IBYD3RRRTFWN2ONASY3.pcm
SwiftExplicitDependencyGeneratePcm arm64 /Users/admin/builder/spi-builder-workspace/.derivedData/SDKExplicitPrecompiledModules/SwiftShims-8N4EXJ4RUJTR8K9OO3CMOH1EP.pcm
SwiftExplicitDependencyGeneratePcm arm64 /Users/admin/builder/spi-builder-workspace/.derivedData/SDKExplicitPrecompiledModules/_Builtin_stdbool-AHRDH5EKLY6D04C5E42F3VCQI.pcm
SwiftExplicitDependencyGeneratePcm arm64 /Users/admin/builder/spi-builder-workspace/.derivedData/SDKExplicitPrecompiledModules/_Builtin_stdarg-BO2OCAUYVAXDRVQWQ8ISKGNUQ.pcm
SwiftExplicitDependencyGeneratePcm arm64 /Users/admin/builder/spi-builder-workspace/.derivedData/SDKExplicitPrecompiledModules/_AvailabilityInternal-BV2EDDP0MI5QJDDPEEV4D9D3V.pcm
SwiftExplicitDependencyGeneratePcm arm64 /Users/admin/builder/spi-builder-workspace/.derivedData/SDKExplicitPrecompiledModules/_DarwinFoundation1-JOTYMOA1YZCIJ2NON6FQ848O.pcm
SwiftExplicitDependencyGeneratePcm arm64 /Users/admin/builder/spi-builder-workspace/.derivedData/SDKExplicitPrecompiledModules/_Builtin_limits-7JU2HP127LIT1X9E2V3D8WZ1.pcm
SwiftExplicitDependencyGeneratePcm arm64 /Users/admin/builder/spi-builder-workspace/.derivedData/SDKExplicitPrecompiledModules/_DarwinFoundation2-AOGAN1O02NKXRJN5V73AV3V3M.pcm
SwiftExplicitDependencyGeneratePcm arm64 /Users/admin/builder/spi-builder-workspace/.derivedData/SDKExplicitPrecompiledModules/_Builtin_tgmath-7ULT1EUHDHW4OZPSTT33H6QGE.pcm
SwiftExplicitDependencyGeneratePcm arm64 /Users/admin/builder/spi-builder-workspace/.derivedData/SDKExplicitPrecompiledModules/_Builtin_stdint-6NFTB6IBKS143IVPGT1EKB7HO.pcm
SwiftExplicitDependencyGeneratePcm arm64 /Users/admin/builder/spi-builder-workspace/.derivedData/SDKExplicitPrecompiledModules/string_h-6EVHP7A717OUS5DMC78F79HWO.pcm
SwiftExplicitDependencyGeneratePcm arm64 /Users/admin/builder/spi-builder-workspace/.derivedData/SDKExplicitPrecompiledModules/sys_types-8GCAV1YMG5UUGHUID3CA20TCH.pcm
SwiftExplicitDependencyGeneratePcm arm64 /Users/admin/builder/spi-builder-workspace/.derivedData/SDKExplicitPrecompiledModules/_Builtin_stdatomic-3YXHN678NGYM3NL9POJ2HVEIF.pcm
SwiftExplicitDependencyGeneratePcm arm64 /Users/admin/builder/spi-builder-workspace/.derivedData/SDKExplicitPrecompiledModules/_DarwinFoundation3-8SR3855WDFHQPR6G9GHOI2C07.pcm
SwiftExplicitDependencyGeneratePcm arm64 /Users/admin/builder/spi-builder-workspace/.derivedData/SDKExplicitPrecompiledModules/_Builtin_intrinsics-437O2R2NID4WAQVENR63GR82C.pcm
SwiftExplicitDependencyGeneratePcm arm64 /Users/admin/builder/spi-builder-workspace/.derivedData/SDKExplicitPrecompiledModules/_Builtin_inttypes-6X1IQ3QK9KEVKXOK9Y79EW7J3.pcm
SwiftExplicitDependencyGeneratePcm arm64 /Users/admin/builder/spi-builder-workspace/.derivedData/SDKExplicitPrecompiledModules/Darwin-DBSQAVBBPC3D2OMU5ZI2RXMST.pcm
SwiftExplicitDependencyGeneratePcm arm64 /Users/admin/builder/spi-builder-workspace/.derivedData/SDKExplicitPrecompiledModules/simd-117QUXEUT3Z7UQCUYWV2UA228.pcm
SwiftExplicitDependencyGeneratePcm arm64 /Users/admin/builder/spi-builder-workspace/.derivedData/SDKExplicitPrecompiledModules/ObjectiveC-5250FDCE56N8508OR6XUYDKZM.pcm
SwiftExplicitDependencyGeneratePcm arm64 /Users/admin/builder/spi-builder-workspace/.derivedData/SDKExplicitPrecompiledModules/MachO-EH3F5PJCIZG05NO51CEFSZYPW.pcm
SwiftExplicitDependencyGeneratePcm arm64 /Users/admin/builder/spi-builder-workspace/.derivedData/SDKExplicitPrecompiledModules/os_object-E2DGZ0SX0TULQHULZRPO6OKNW.pcm
SwiftExplicitDependencyGeneratePcm arm64 /Users/admin/builder/spi-builder-workspace/.derivedData/SDKExplicitPrecompiledModules/os_workgroup-DBUFF7811DKMX7VPBOJPGGF1U.pcm
SwiftExplicitDependencyGeneratePcm arm64 /Users/admin/builder/spi-builder-workspace/.derivedData/SDKExplicitPrecompiledModules/Dispatch-1QL58A0V50C39KVAIC6C38SHL.pcm
SwiftExplicitDependencyGeneratePcm arm64 /Users/admin/builder/spi-builder-workspace/.derivedData/SDKExplicitPrecompiledModules/Spatial-7U8NLEFXSB8BR7PJQGVMF5A4Q.pcm
SwiftExplicitDependencyGeneratePcm arm64 /Users/admin/builder/spi-builder-workspace/.derivedData/SDKExplicitPrecompiledModules/CoreFoundation-7TPJ7ENDC4L1A1ESHYI9TXS0D.pcm
SwiftExplicitDependencyGeneratePcm arm64 /Users/admin/builder/spi-builder-workspace/.derivedData/SDKExplicitPrecompiledModules/XPC-6O2DJFT3QUJ7QKTD3SNUB6PCR.pcm
SwiftExplicitDependencyGeneratePcm arm64 /Users/admin/builder/spi-builder-workspace/.derivedData/SDKExplicitPrecompiledModules/os-3GJI8H0BNAEZPQPQ1V0VVY3FY.pcm
SwiftExplicitDependencyGeneratePcm arm64 /Users/admin/builder/spi-builder-workspace/.derivedData/SDKExplicitPrecompiledModules/Security-8VMXEKVDA3MHUH9AOTP905DID.pcm
SwiftExplicitDependencyGeneratePcm arm64 /Users/admin/builder/spi-builder-workspace/.derivedData/SDKExplicitPrecompiledModules/CoreGraphics-CWSP3J98S2658BYCVL6RP99T3.pcm
SwiftExplicitDependencyGeneratePcm arm64 /Users/admin/builder/spi-builder-workspace/.derivedData/SDKExplicitPrecompiledModules/CFNetwork-2CUR2VK9S3S3WPFXPNXNUWYGN.pcm
SwiftExplicitDependencyGeneratePcm arm64 /Users/admin/builder/spi-builder-workspace/.derivedData/SDKExplicitPrecompiledModules/Foundation-BSSIP64DIGUKMAYJOG1WPQ78X.pcm
SwiftExplicitDependencyGeneratePcm arm64 /Users/admin/builder/spi-builder-workspace/.derivedData/SDKExplicitPrecompiledModules/ImageIO-88D4CLEBD4CLWQKT78PZ6H1O8.pcm
SwiftExplicitDependencyGeneratePcm arm64 /Users/admin/builder/spi-builder-workspace/.derivedData/SDKExplicitPrecompiledModules/CoreText-59NY7PABM0I4V978161FOC04A.pcm
SwiftExplicitDependencyGeneratePcm arm64 /Users/admin/builder/spi-builder-workspace/.derivedData/SDKExplicitPrecompiledModules/_LocationEssentials-ETSJ65FELPWR8WH8G49R1DF2E.pcm
SwiftExplicitDependencyGeneratePcm arm64 /Users/admin/builder/spi-builder-workspace/.derivedData/SDKExplicitPrecompiledModules/UserNotifications-E9ZW5TH066WIJWH9080RC5NG4.pcm
SwiftExplicitDependencyGeneratePcm arm64 /Users/admin/builder/spi-builder-workspace/.derivedData/SDKExplicitPrecompiledModules/OSLog-7OT6HHTMY0ZFEQJ095LJZ6NLC.pcm
SwiftExplicitDependencyGeneratePcm arm64 /Users/admin/builder/spi-builder-workspace/.derivedData/SDKExplicitPrecompiledModules/Symbols-B5AU9VM9Y7NU79RLMH13Z4IFM.pcm
SwiftExplicitDependencyGeneratePcm arm64 /Users/admin/builder/spi-builder-workspace/.derivedData/SDKExplicitPrecompiledModules/CoreTransferable-7V4O8DATEQ9F7SDNTCW8YWLG3.pcm
SwiftExplicitDependencyGeneratePcm arm64 /Users/admin/builder/spi-builder-workspace/.derivedData/SDKExplicitPrecompiledModules/IOSurface-38FJ1CKX9FV2RD97O64Z7QB17.pcm
SwiftExplicitDependencyGeneratePcm arm64 /Users/admin/builder/spi-builder-workspace/.derivedData/SDKExplicitPrecompiledModules/UniformTypeIdentifiers-95CC8U42ZA9STP5K6GP9ZVJS5.pcm
SwiftExplicitDependencyGeneratePcm arm64 /Users/admin/builder/spi-builder-workspace/.derivedData/SDKExplicitPrecompiledModules/UIUtilities-6ZFJ1AK4H8IBGEBMYQBWGBYLK.pcm
SwiftExplicitDependencyGeneratePcm arm64 /Users/admin/builder/spi-builder-workspace/.derivedData/SDKExplicitPrecompiledModules/Accessibility-B6BODGZ4MQQTY0PBC4SHRP009.pcm
SwiftExplicitDependencyGeneratePcm arm64 /Users/admin/builder/spi-builder-workspace/.derivedData/SDKExplicitPrecompiledModules/DataDetection-37JIYZ2GWDA1L166PP1D9JKAF.pcm
SwiftExplicitDependencyGeneratePcm arm64 /Users/admin/builder/spi-builder-workspace/.derivedData/SDKExplicitPrecompiledModules/CoreLocation-YVXXAOMVX0JH2KO1XTTKTY51.pcm
SwiftExplicitDependencyGeneratePcm arm64 /Users/admin/builder/spi-builder-workspace/.derivedData/SDKExplicitPrecompiledModules/Metal-2KYBS7IML1SD788M91YV7Q0CC.pcm
SwiftExplicitDependencyGeneratePcm arm64 /Users/admin/builder/spi-builder-workspace/.derivedData/SDKExplicitPrecompiledModules/OpenGLES-4NY99CNDU9WUNUYEIXSS1QFGE.pcm
SwiftExplicitDependencyGeneratePcm arm64 /Users/admin/builder/spi-builder-workspace/.derivedData/SDKExplicitPrecompiledModules/CoreVideo-DPU0PB5X0XLSVA2ETRGI6FJBM.pcm
SwiftExplicitDependencyGeneratePcm arm64 /Users/admin/builder/spi-builder-workspace/.derivedData/SDKExplicitPrecompiledModules/CoreImage-7S2AFJ8EIY3DUFYLEAX1JR1QV.pcm
SwiftExplicitDependencyGeneratePcm arm64 /Users/admin/builder/spi-builder-workspace/.derivedData/SDKExplicitPrecompiledModules/QuartzCore-DJSYAWKXFGVSAK5CQMOB3JSR.pcm
SwiftExplicitDependencyGeneratePcm arm64 /Users/admin/builder/spi-builder-workspace/.derivedData/SDKExplicitPrecompiledModules/SwiftUICore-543QU5V2NHKUFCYFJDKUJ7NYG.pcm
SwiftExplicitDependencyGeneratePcm arm64 /Users/admin/builder/spi-builder-workspace/.derivedData/SDKExplicitPrecompiledModules/UIKit-1TKWN7VC2X6N3ITMRVA2G0EB2.pcm
SwiftEmitModule normal arm64 Emitting\ module\ for\ InputBarAccessoryView (in target 'InputBarAccessoryView' from project 'InputBarAccessoryView')
/Users/admin/builder/spi-builder-workspace/.dependencies/checkouts/InputBarAccessoryView/Sources/Controls/InputBarSendButton.swift:46:52: error: 'gray' is unavailable in tvOS
44 |
45 | private let activityView: UIActivityIndicatorView = {
46 | let view = UIActivityIndicatorView(style: .gray)
| `- error: 'gray' is unavailable in tvOS
47 | view.isUserInteractionEnabled = false
48 | view.isHidden = true
UIKit.UIActivityIndicatorView.Style.gray:4:10: note: 'gray' has been explicitly marked unavailable here
2 | enum Style {
3 | @available(tvOS, unavailable)
4 | case gray }
| `- note: 'gray' has been explicitly marked unavailable here
5 | }
6 |
/Users/admin/builder/spi-builder-workspace/.dependencies/checkouts/InputBarAccessoryView/Sources/InputBarAccessoryView.swift:44:37: error: 'systemBackground' is unavailable in tvOS
42 | view.translatesAutoresizingMaskIntoConstraints = false
43 | if #available(iOS 13, *) {
44 | view.backgroundColor = .systemBackground
| `- error: 'systemBackground' is unavailable in tvOS
45 | } else {
46 | view.backgroundColor = .white
/Applications/Xcode-27.0.0-Release.Candidate.app/Contents/Developer/Platforms/AppleTVOS.platform/Developer/SDKs/AppleTVOS27.0.sdk/System/Library/Frameworks/UIKit.framework/Headers/UIInterface.h:208:49: note: 'systemBackground' has been explicitly marked unavailable here
206 | * primary background in light mode.
207 | */
208 | @property (class, nonatomic, readonly) UIColor *systemBackgroundColor API_AVAILABLE(ios(13.0)) API_UNAVAILABLE(tvos, watchos);
| `- note: 'systemBackground' has been explicitly marked unavailable here
209 | @property (class, nonatomic, readonly) UIColor *secondarySystemBackgroundColor API_AVAILABLE(ios(13.0)) API_UNAVAILABLE(tvos, watchos);
210 | @property (class, nonatomic, readonly) UIColor *tertiarySystemBackgroundColor API_AVAILABLE(ios(13.0)) API_UNAVAILABLE(tvos, watchos);
/Users/admin/builder/spi-builder-workspace/.dependencies/checkouts/InputBarAccessoryView/Sources/InputBarAccessoryView.swift:69:47: error: 'systemMaterial' is unavailable in tvOS
67 | var blurEffect = UIBlurEffect(style: .light)
68 | if #available(iOS 13, *) {
69 | blurEffect = UIBlurEffect(style: .systemMaterial)
| `- error: 'systemMaterial' is unavailable in tvOS
70 | }
71 | let view = UIVisualEffectView(effect: blurEffect)
UIKit.UIBlurEffect.Style.systemMaterial:4:10: note: 'systemMaterial' has been explicitly marked unavailable here
2 | enum Style {
3 | @available(tvOS, unavailable)
4 | case systemMaterial }
| `- note: 'systemMaterial' has been explicitly marked unavailable here
5 | }
6 |
/Users/admin/builder/spi-builder-workspace/.dependencies/checkouts/InputBarAccessoryView/Sources/Plugins/AutocompleteManager/AutocompleteManager.swift:64:19: error: 'separatorStyle' is unavailable in tvOS
62 | let tableView = AutocompleteTableView()
63 | tableView.register(AutocompleteCell.self, forCellReuseIdentifier: AutocompleteCell.reuseIdentifier)
64 | tableView.separatorStyle = .none
| `- error: 'separatorStyle' is unavailable in tvOS
65 | tableView.backgroundColor = .white
66 | tableView.rowHeight = 44
/Applications/Xcode-27.0.0-Release.Candidate.app/Contents/Developer/Platforms/AppleTVOS.platform/Developer/SDKs/AppleTVOS27.0.sdk/System/Library/Frameworks/UIKit.framework/Headers/UITableView.h:469:53: note: 'separatorStyle' has been explicitly marked unavailable here
467 | @property (nonatomic, strong, nullable) UIColor *sectionIndexTrackingBackgroundColor API_AVAILABLE(ios(6.0)) UI_APPEARANCE_SELECTOR; // the background color of the section index while it is being touched
468 |
469 | @property (nonatomic) UITableViewCellSeparatorStyle separatorStyle API_UNAVAILABLE(tvos); // default is UITableViewCellSeparatorStyleSingleLine
| `- note: 'separatorStyle' has been explicitly marked unavailable here
470 | @property (nonatomic, strong, nullable) UIColor *separatorColor UI_APPEARANCE_SELECTOR API_UNAVAILABLE(tvos); // default is the standard separator gray
471 | @property (nonatomic, copy, nullable) UIVisualEffect *separatorEffect API_AVAILABLE(ios(8.0)) UI_APPEARANCE_SELECTOR API_UNAVAILABLE(tvos); // effect to apply to table separators
Failed frontend command:
SwiftCompile normal arm64 (in target 'InputBarAccessoryView' from project 'InputBarAccessoryView')
cd /Users/admin/builder/spi-builder-workspace/.swiftpm/xcode
/Applications/Xcode-27.0.0-Release.Candidate.app/Contents/Developer/Toolchains/XcodeDefault.xctoolchain/usr/bin/swift-frontend -frontend -emit-module -experimental-skip-non-inlinable-function-bodies-without-types /Users/admin/builder/spi-builder-workspace/.dependencies/checkouts/InputBarAccessoryView/Sources/Controls/InputBarButtonItem.swift /Users/admin/builder/spi-builder-workspace/.dependencies/checkouts/InputBarAccessoryView/Sources/Controls/InputBarSendButton.swift /Users/admin/builder/spi-builder-workspace/.dependencies/checkouts/InputBarAccessoryView/Sources/Extensions/NSMutableAttributedString+Extensions.swift /Users/admin/builder/spi-builder-workspace/.dependencies/checkouts/InputBarAccessoryView/Sources/Extensions/NSNotification+Extensions.swift /Users/admin/builder/spi-builder-workspace/.dependencies/checkouts/InputBarAccessoryView/Sources/Extensions/String+Extensions.swift /Users/admin/builder/spi-builder-workspace/.dependencies/checkouts/InputBarAccessoryView/Sources/Extensions/UITextView+Extensions.swift /Users/admin/builder/spi-builder-workspace/.dependencies/checkouts/InputBarAccessoryView/Sources/Extensions/UIView+AutoLayout.swift /Users/admin/builder/spi-builder-workspace/.dependencies/checkouts/InputBarAccessoryView/Sources/InputBarAccessoryView.swift /Users/admin/builder/spi-builder-workspace/.dependencies/checkouts/InputBarAccessoryView/Sources/KeyboardManager/KeyboardEvent.swift /Users/admin/builder/spi-builder-workspace/.dependencies/checkouts/InputBarAccessoryView/Sources/KeyboardManager/KeyboardManager.swift /Users/admin/builder/spi-builder-workspace/.dependencies/checkouts/InputBarAccessoryView/Sources/KeyboardManager/KeyboardNotification.swift /Users/admin/builder/spi-builder-workspace/.dependencies/checkouts/InputBarAccessoryView/Sources/Models/HorizontalEdgePadding.swift /Users/admin/builder/spi-builder-workspace/.dependencies/checkouts/InputBarAccessoryView/Sources/Models/NSConstraintLayoutSet.swift /Users/admin/builder/spi-builder-workspace/.dependencies/checkouts/InputBarAccessoryView/Sources/Plugins/AttachmentManager/AttachmentManager.swift /Users/admin/builder/spi-builder-workspace/.dependencies/checkouts/InputBarAccessoryView/Sources/Plugins/AttachmentManager/Protocols/AttachmentManagerDataSource.swift /Users/admin/builder/spi-builder-workspace/.dependencies/checkouts/InputBarAccessoryView/Sources/Plugins/AttachmentManager/Protocols/AttachmentManagerDelegate.swift /Users/admin/builder/spi-builder-workspace/.dependencies/checkouts/InputBarAccessoryView/Sources/Plugins/AttachmentManager/Views/AttachmentCell.swift /Users/admin/builder/spi-builder-workspace/.dependencies/checkouts/InputBarAccessoryView/Sources/Plugins/AttachmentManager/Views/AttachmentsView.swift /Users/admin/builder/spi-builder-workspace/.dependencies/checkouts/InputBarAccessoryView/Sources/Plugins/AttachmentManager/Views/ImageAttachmentCell.swift /Users/admin/builder/spi-builder-workspace/.dependencies/checkouts/InputBarAccessoryView/Sources/Plugins/AutocompleteManager/AutocompleteManager.swift /Users/admin/builder/spi-builder-workspace/.dependencies/checkouts/InputBarAccessoryView/Sources/Plugins/AutocompleteManager/Models/AutocompleteCompletion.swift /Users/admin/builder/spi-builder-workspace/.dependencies/checkouts/InputBarAccessoryView/Sources/Plugins/AutocompleteManager/Models/AutocompleteSession.swift /Users/admin/builder/spi-builder-workspace/.dependencies/checkouts/InputBarAccessoryView/Sources/Plugins/AutocompleteManager/Protocols/AutocompleteManagerDataSource.swift /Users/admin/builder/spi-builder-workspace/.dependencies/checkouts/InputBarAccessoryView/Sources/Plugins/AutocompleteManager/Protocols/AutocompleteManagerDelegate.swift /Users/admin/builder/spi-builder-workspace/.dependencies/checkouts/InputBarAccessoryView/Sources/Plugins/AutocompleteManager/Views/AutocompleteCell.swift /Users/admin/builder/spi-builder-workspace/.dependencies/checkouts/InputBarAccessoryView/Sources/Plugins/AutocompleteManager/Views/AutocompleteTableView.swift /Users/admin/builder/spi-builder-workspace/.dependencies/checkouts/InputBarAccessoryView/Sources/Protocols/InputBarAccessoryViewDelegate.swift /Users/admin/builder/spi-builder-workspace/.dependencies/checkouts/InputBarAccessoryView/Sources/Protocols/InputItem.swift /Users/admin/builder/spi-builder-workspace/.dependencies/checkouts/InputBarAccessoryView/Sources/Protocols/InputPlugin.swift /Users/admin/builder/spi-builder-workspace/.dependencies/checkouts/InputBarAccessoryView/Sources/Supporting\ Files/InputBarAccessoryView+Availability.swift /Users/admin/builder/spi-builder-workspace/.dependencies/checkouts/InputBarAccessoryView/Sources/ViewControllers/InputBarViewController.swift /Users/admin/builder/spi-builder-workspace/.dependencies/checkouts/InputBarAccessoryView/Sources/Views/InputStackView.swift /Users/admin/builder/spi-builder-workspace/.dependencies/checkouts/InputBarAccessoryView/Sources/Views/InputTextView.swift /Users/admin/builder/spi-builder-workspace/.dependencies/checkouts/InputBarAccessoryView/Sources/Views/SeparatorLine.swift -target arm64-apple-tvos15.0 -disable-cross-import-overlay-search -load-resolved-plugin /Applications/Xcode-27.0.0-Release.Candidate.app/Contents/Developer/Platforms/AppleTVOS.platform/Developer/usr/lib/swift/host/plugins/libFoundationMacros.dylib\#/Applications/Xcode-27.0.0-Release.Candidate.app/Contents/Developer/Platforms/AppleTVOS.platform/Developer/usr/bin/swift-plugin-server\#FoundationMacros -load-resolved-plugin /Applications/Xcode-27.0.0-Release.Candidate.app/Contents/Developer/Platforms/AppleTVOS.platform/Developer/usr/lib/swift/host/plugins/libObservationMacros.dylib\#/Applications/Xcode-27.0.0-Release.Candidate.app/Contents/Developer/Platforms/AppleTVOS.platform/Developer/usr/bin/swift-plugin-server\#ObservationMacros -load-resolved-plugin /Applications/Xcode-27.0.0-Release.Candidate.app/Contents/Developer/Platforms/AppleTVOS.platform/Developer/usr/lib/swift/host/plugins/libPreviewsMacros.dylib\#/Applications/Xcode-27.0.0-Release.Candidate.app/Contents/Developer/Platforms/AppleTVOS.platform/Developer/usr/bin/swift-plugin-server\#PreviewsMacros -load-resolved-plugin /Applications/Xcode-27.0.0-Release.Candidate.app/Contents/Developer/Platforms/AppleTVOS.platform/Developer/usr/lib/swift/host/plugins/libSwiftMacros.dylib\#/Applications/Xcode-27.0.0-Release.Candidate.app/Contents/Developer/Platforms/AppleTVOS.platform/Developer/usr/bin/swift-plugin-server\#SwiftMacros -load-resolved-plugin /Applications/Xcode-27.0.0-Release.Candidate.app/Contents/Developer/Platforms/AppleTVOS.platform/Developer/usr/lib/swift/host/plugins/libSwiftUIMacros.dylib\#/Applications/Xcode-27.0.0-Release.Candidate.app/Contents/Developer/Platforms/AppleTVOS.platform/Developer/usr/bin/swift-plugin-server\#SwiftUIMacros -disable-implicit-swift-modules -Xcc -fno-implicit-modules -Xcc -fno-implicit-module-maps -explicit-swift-module-map-file /Users/admin/builder/spi-builder-workspace/.derivedData/Build/Intermediates.noindex/InputBarAccessoryView.build/Debug-appletvos/InputBarAccessoryView-t.build/Objects-normal/arm64/InputBarAccessoryView-dependencies-1.json -Xllvm -aarch64-use-tbi -enable-objc-interop -stack-check -sdk /Applications/Xcode-27.0.0-Release.Candidate.app/Contents/Developer/Platforms/AppleTVOS.platform/Developer/SDKs/AppleTVOS27.0.sdk -I /Users/admin/builder/spi-builder-workspace/.derivedData/Build/Products/Debug-appletvos -Isystem /Applications/Xcode-27.0.0-Release.Candidate.app/Contents/Developer/Platforms/AppleTVOS.platform/Developer/usr/lib -F /Users/admin/builder/spi-builder-workspace/.derivedData/Build/Products/Debug-appletvos -F /Applications/Xcode-27.0.0-Release.Candidate.app/Contents/Developer/Platforms/AppleTVOS.platform/Developer/Library/Frameworks -F /Applications/Xcode-27.0.0-Release.Candidate.app/Contents/Developer/Platforms/AppleTVOS.platform/Developer/SDKs/AppleTVOS27.0.sdk/Developer/Library/Frameworks -module-cache-path /Users/admin/builder/spi-builder-workspace/.derivedData/Build/Intermediates.noindex/SwiftExplicitPrecompiledModules -no-color-diagnostics -Xcc -fno-color-diagnostics -enable-testing -g -debug-info-format\=dwarf -dwarf-version\=4 -suppress-warnings -swift-version 5 -Onone -D SWIFT_PACKAGE -D DEBUG -D SWIFT_MODULE_RESOURCE_BUNDLE_UNAVAILABLE -D Xcode -serialize-debugging-options -enable-experimental-feature DebugDescriptionMacro -empty-abi-descriptor -validate-clang-modules-once -clang-build-session-file /Users/admin/builder/spi-builder-workspace/.derivedData/ModuleCache.noindex/Session.modulevalidation -Xcc -working-directory -Xcc /Users/admin/builder/spi-builder-workspace/.swiftpm/xcode -enable-anonymous-context-mangled-names -file-compilation-dir /Users/admin/builder/spi-builder-workspace/.swiftpm/xcode -Xcc -D_LIBCPP_HARDENING_MODE\=_LIBCPP_HARDENING_MODE_DEBUG -Xcc -ivfsstatcache -Xcc /Users/admin/builder/spi-builder-workspace/.derivedData/SDKStatCaches.noindex/appletvos27.0-24J360-e829b21a6f8c9b70876ba0858053c044b32bfd8d43560033f8d89884cdb90028.sdkstatcache -Xcc -fmodules-prune-interval\=86400 -Xcc -fmodules-prune-after\=345600 -Xcc -I/Users/admin/builder/spi-builder-workspace/.derivedData/Build/Products/Debug-appletvos/include -Xcc -I/Users/admin/builder/spi-builder-workspace/.derivedData/Build/Intermediates.noindex/InputBarAccessoryView.build/Debug-appletvos/InputBarAccessoryView-t.build/DerivedSources-normal/arm64 -Xcc -I/Users/admin/builder/spi-builder-workspace/.derivedData/Build/Intermediates.noindex/InputBarAccessoryView.build/Debug-appletvos/InputBarAccessoryView-t.build/DerivedSources/arm64 -Xcc -I/Users/admin/builder/spi-builder-workspace/.derivedData/Build/Intermediates.noindex/InputBarAccessoryView.build/Debug-appletvos/InputBarAccessoryView-t.build/DerivedSources -Xcc -DSWIFT_PACKAGE -Xcc -DDEBUG\=1 -no-auto-bridging-header-chaining -module-name InputBarAccessoryView -const-gather-protocols-file /Users/admin/builder/spi-builder-workspace/.derivedData/Build/Intermediates.noindex/InputBarAccessoryView.build/Debug-appletvos/InputBarAccessoryView-t.build/Objects-normal/arm64/InputBarAccessoryView_const_extract_protocols.json -disable-clang-spi -clang-target arm64-apple-tvos27.0 -target-sdk-version 27.0 -target-sdk-name appletvos27.0 -in-process-plugin-server-path /Applications/Xcode-27.0.0-Release.Candidate.app/Contents/Developer/Toolchains/XcodeDefault.xctoolchain/usr/lib/swift/host/libSwiftInProcPluginServer.dylib -emit-module-doc-path /Users/admin/builder/spi-builder-workspace/.derivedData/Build/Intermediates.noindex/InputBarAccessoryView.build/Debug-appletvos/InputBarAccessoryView-t.build/Objects-normal/arm64/InputBarAccessoryView.swiftdoc -emit-module-source-info-path /Users/admin/builder/spi-builder-workspace/.derivedData/Build/Intermediates.noindex/InputBarAccessoryView.build/Debug-appletvos/InputBarAccessoryView-t.build/Objects-normal/arm64/InputBarAccessoryView.swiftsourceinfo -emit-objc-header-path /Users/admin/builder/spi-builder-workspace/.derivedData/Build/Intermediates.noindex/InputBarAccessoryView.build/Debug-appletvos/InputBarAccessoryView-t.build/Objects-normal/arm64/InputBarAccessoryView-Swift.h -serialize-diagnostics-path /Users/admin/builder/spi-builder-workspace/.derivedData/Build/Intermediates.noindex/InputBarAccessoryView.build/Debug-appletvos/InputBarAccessoryView-t.build/Objects-normal/arm64/InputBarAccessoryView-primary-emit-module.dia -emit-dependencies-path /Users/admin/builder/spi-builder-workspace/.derivedData/Build/Intermediates.noindex/InputBarAccessoryView.build/Debug-appletvos/InputBarAccessoryView-t.build/Objects-normal/arm64/InputBarAccessoryView-primary-emit-module.d -parse-as-library -o /Users/admin/builder/spi-builder-workspace/.derivedData/Build/Intermediates.noindex/InputBarAccessoryView.build/Debug-appletvos/InputBarAccessoryView-t.build/Objects-normal/arm64/InputBarAccessoryView.swiftmodule -emit-abi-descriptor-path /Users/admin/builder/spi-builder-workspace/.derivedData/Build/Intermediates.noindex/InputBarAccessoryView.build/Debug-appletvos/InputBarAccessoryView-t.build/Objects-normal/arm64/InputBarAccessoryView.abi.json
SwiftCompile normal arm64 Compiling\ InputStackView.swift,\ InputTextView.swift,\ SeparatorLine.swift /Users/admin/builder/spi-builder-workspace/.dependencies/checkouts/InputBarAccessoryView/Sources/Views/InputStackView.swift /Users/admin/builder/spi-builder-workspace/.dependencies/checkouts/InputBarAccessoryView/Sources/Views/InputTextView.swift /Users/admin/builder/spi-builder-workspace/.dependencies/checkouts/InputBarAccessoryView/Sources/Views/SeparatorLine.swift (in target 'InputBarAccessoryView' from project 'InputBarAccessoryView')
SwiftCompile normal arm64 /Users/admin/builder/spi-builder-workspace/.dependencies/checkouts/InputBarAccessoryView/Sources/Views/InputStackView.swift (in target 'InputBarAccessoryView' from project 'InputBarAccessoryView')
cd /Users/admin/builder/spi-builder-workspace/.swiftpm/xcode
builtin-SwiftPerFileCompile InputStackView.swift
SwiftCompile normal arm64 /Users/admin/builder/spi-builder-workspace/.dependencies/checkouts/InputBarAccessoryView/Sources/Views/InputTextView.swift (in target 'InputBarAccessoryView' from project 'InputBarAccessoryView')
cd /Users/admin/builder/spi-builder-workspace/.swiftpm/xcode
builtin-SwiftPerFileCompile InputTextView.swift
SwiftCompile normal arm64 /Users/admin/builder/spi-builder-workspace/.dependencies/checkouts/InputBarAccessoryView/Sources/Views/SeparatorLine.swift (in target 'InputBarAccessoryView' from project 'InputBarAccessoryView')
cd /Users/admin/builder/spi-builder-workspace/.swiftpm/xcode
builtin-SwiftPerFileCompile SeparatorLine.swift
/Users/admin/builder/spi-builder-workspace/.dependencies/checkouts/InputBarAccessoryView/Sources/Views/InputTextView.swift:197:63: error: 'orientationDidChangeNotification' is unavailable in tvOS
195 | NotificationCenter.default.addObserver(self,
196 | selector: #selector(InputTextView.redrawTextAttachments),
197 | name: UIDevice.orientationDidChangeNotification, object: nil)
| `- error: 'orientationDidChangeNotification' is unavailable in tvOS
198 | NotificationCenter.default.addObserver(self,
199 | selector: #selector(InputTextView.textViewTextDidChange),
/Applications/Xcode-27.0.0-Release.Candidate.app/Contents/Developer/Platforms/AppleTVOS.platform/Developer/SDKs/AppleTVOS27.0.sdk/System/Library/Frameworks/UIKit.framework/Headers/UIDevice.h:83:39: note: 'orientationDidChangeNotification' has been explicitly marked unavailable here
81 | }
82 |
83 | UIKIT_EXTERN NSNotificationName const UIDeviceOrientationDidChangeNotification API_UNAVAILABLE(tvos, visionos, watchos) NS_SWIFT_NONISOLATED;
| `- note: 'orientationDidChangeNotification' has been explicitly marked unavailable here
84 | UIKIT_EXTERN NSNotificationName const UIDeviceBatteryStateDidChangeNotification API_AVAILABLE(ios(3.0)) API_UNAVAILABLE(tvos, watchos) NS_SWIFT_NONISOLATED;
85 | UIKIT_EXTERN NSNotificationName const UIDeviceBatteryLevelDidChangeNotification API_AVAILABLE(ios(3.0)) API_UNAVAILABLE(tvos, watchos) NS_SWIFT_NONISOLATED;
/Users/admin/builder/spi-builder-workspace/.dependencies/checkouts/InputBarAccessoryView/Sources/Views/InputTextView.swift:234:56: error: 'UIPasteboard' is unavailable in tvOS
232 | open override func canPerformAction(_ action: Selector, withSender sender: Any?) -> Bool {
233 |
234 | if action == NSSelectorFromString("paste:") && UIPasteboard.general.image != nil {
| `- error: 'UIPasteboard' is unavailable in tvOS
235 | return isImagePasteEnabled
236 | }
/Applications/Xcode-27.0.0-Release.Candidate.app/Contents/Developer/Platforms/AppleTVOS.platform/Developer/SDKs/AppleTVOS27.0.sdk/System/Library/Frameworks/UIKit.framework/Headers/UIPasteboard.h:50:12: note: 'UIPasteboard' has been explicitly marked unavailable here
48 |
49 | UIKIT_EXTERN API_AVAILABLE(ios(3.0)) API_UNAVAILABLE(tvos) API_UNAVAILABLE(watchos) NS_SWIFT_SENDABLE
50 | @interface UIPasteboard : NSObject
| `- note: 'UIPasteboard' has been explicitly marked unavailable here
51 |
52 | @property(class, nonatomic, readonly) UIPasteboard *generalPasteboard;
/Users/admin/builder/spi-builder-workspace/.dependencies/checkouts/InputBarAccessoryView/Sources/Views/InputTextView.swift:234:77: error: 'image' is unavailable in tvOS
232 | open override func canPerformAction(_ action: Selector, withSender sender: Any?) -> Bool {
233 |
234 | if action == NSSelectorFromString("paste:") && UIPasteboard.general.image != nil {
| `- error: 'image' is unavailable in tvOS
235 | return isImagePasteEnabled
236 | }
/Applications/Xcode-27.0.0-Release.Candidate.app/Contents/Developer/Platforms/AppleTVOS.platform/Developer/SDKs/AppleTVOS27.0.sdk/System/Library/Frameworks/UIKit.framework/Headers/UIPasteboard.h:114:45: note: 'image' has been explicitly marked unavailable here
112 | @property(nullable,nonatomic,copy) NSArray<NSURL *> *URLs API_UNAVAILABLE(tvos) API_UNAVAILABLE(watchos);
113 |
114 | @property(nullable,nonatomic,copy) UIImage *image API_UNAVAILABLE(tvos) API_UNAVAILABLE(watchos);
| `- note: 'image' has been explicitly marked unavailable here
115 | @property(nullable,nonatomic,copy) NSArray<UIImage *> *images API_UNAVAILABLE(tvos) API_UNAVAILABLE(watchos);
116 |
/Users/admin/builder/spi-builder-workspace/.dependencies/checkouts/InputBarAccessoryView/Sources/Views/InputTextView.swift:242:27: error: 'UIPasteboard' is unavailable in tvOS
240 | open override func paste(_ sender: Any?) {
241 |
242 | guard let image = UIPasteboard.general.image else {
| `- error: 'UIPasteboard' is unavailable in tvOS
243 | return super.paste(sender)
244 | }
/Applications/Xcode-27.0.0-Release.Candidate.app/Contents/Developer/Platforms/AppleTVOS.platform/Developer/SDKs/AppleTVOS27.0.sdk/System/Library/Frameworks/UIKit.framework/Headers/UIPasteboard.h:50:12: note: 'UIPasteboard' has been explicitly marked unavailable here
48 |
49 | UIKIT_EXTERN API_AVAILABLE(ios(3.0)) API_UNAVAILABLE(tvos) API_UNAVAILABLE(watchos) NS_SWIFT_SENDABLE
50 | @interface UIPasteboard : NSObject
| `- note: 'UIPasteboard' has been explicitly marked unavailable here
51 |
52 | @property(class, nonatomic, readonly) UIPasteboard *generalPasteboard;
SwiftCompile normal arm64 Compiling\ AutocompleteTableView.swift,\ InputBarAccessoryViewDelegate.swift,\ InputItem.swift /Users/admin/builder/spi-builder-workspace/.dependencies/checkouts/InputBarAccessoryView/Sources/Plugins/AutocompleteManager/Views/AutocompleteTableView.swift /Users/admin/builder/spi-builder-workspace/.dependencies/checkouts/InputBarAccessoryView/Sources/Protocols/InputBarAccessoryViewDelegate.swift /Users/admin/builder/spi-builder-workspace/.dependencies/checkouts/InputBarAccessoryView/Sources/Protocols/InputItem.swift (in target 'InputBarAccessoryView' from project 'InputBarAccessoryView')
SwiftCompile normal arm64 /Users/admin/builder/spi-builder-workspace/.dependencies/checkouts/InputBarAccessoryView/Sources/Plugins/AutocompleteManager/Views/AutocompleteTableView.swift (in target 'InputBarAccessoryView' from project 'InputBarAccessoryView')
cd /Users/admin/builder/spi-builder-workspace/.swiftpm/xcode
builtin-SwiftPerFileCompile AutocompleteTableView.swift
SwiftCompile normal arm64 /Users/admin/builder/spi-builder-workspace/.dependencies/checkouts/InputBarAccessoryView/Sources/Protocols/InputBarAccessoryViewDelegate.swift (in target 'InputBarAccessoryView' from project 'InputBarAccessoryView')
cd /Users/admin/builder/spi-builder-workspace/.swiftpm/xcode
builtin-SwiftPerFileCompile InputBarAccessoryViewDelegate.swift
SwiftCompile normal arm64 /Users/admin/builder/spi-builder-workspace/.dependencies/checkouts/InputBarAccessoryView/Sources/Protocols/InputItem.swift (in target 'InputBarAccessoryView' from project 'InputBarAccessoryView')
cd /Users/admin/builder/spi-builder-workspace/.swiftpm/xcode
builtin-SwiftPerFileCompile InputItem.swift
SwiftCompile normal arm64 Compiling\ AutocompleteManagerDataSource.swift,\ AutocompleteManagerDelegate.swift,\ AutocompleteCell.swift /Users/admin/builder/spi-builder-workspace/.dependencies/checkouts/InputBarAccessoryView/Sources/Plugins/AutocompleteManager/Protocols/AutocompleteManagerDataSource.swift /Users/admin/builder/spi-builder-workspace/.dependencies/checkouts/InputBarAccessoryView/Sources/Plugins/AutocompleteManager/Protocols/AutocompleteManagerDelegate.swift /Users/admin/builder/spi-builder-workspace/.dependencies/checkouts/InputBarAccessoryView/Sources/Plugins/AutocompleteManager/Views/AutocompleteCell.swift (in target 'InputBarAccessoryView' from project 'InputBarAccessoryView')
SwiftCompile normal arm64 /Users/admin/builder/spi-builder-workspace/.dependencies/checkouts/InputBarAccessoryView/Sources/Plugins/AutocompleteManager/Protocols/AutocompleteManagerDataSource.swift (in target 'InputBarAccessoryView' from project 'InputBarAccessoryView')
cd /Users/admin/builder/spi-builder-workspace/.swiftpm/xcode
builtin-SwiftPerFileCompile AutocompleteManagerDataSource.swift
SwiftCompile normal arm64 /Users/admin/builder/spi-builder-workspace/.dependencies/checkouts/InputBarAccessoryView/Sources/Plugins/AutocompleteManager/Protocols/AutocompleteManagerDelegate.swift (in target 'InputBarAccessoryView' from project 'InputBarAccessoryView')
cd /Users/admin/builder/spi-builder-workspace/.swiftpm/xcode
builtin-SwiftPerFileCompile AutocompleteManagerDelegate.swift
SwiftCompile normal arm64 /Users/admin/builder/spi-builder-workspace/.dependencies/checkouts/InputBarAccessoryView/Sources/Plugins/AutocompleteManager/Views/AutocompleteCell.swift (in target 'InputBarAccessoryView' from project 'InputBarAccessoryView')
cd /Users/admin/builder/spi-builder-workspace/.swiftpm/xcode
builtin-SwiftPerFileCompile AutocompleteCell.swift
SwiftCompile normal arm64 Compiling\ InputPlugin.swift,\ InputBarAccessoryView+Availability.swift,\ InputBarViewController.swift /Users/admin/builder/spi-builder-workspace/.dependencies/checkouts/InputBarAccessoryView/Sources/Protocols/InputPlugin.swift /Users/admin/builder/spi-builder-workspace/.dependencies/checkouts/InputBarAccessoryView/Sources/Supporting\ Files/InputBarAccessoryView+Availability.swift /Users/admin/builder/spi-builder-workspace/.dependencies/checkouts/InputBarAccessoryView/Sources/ViewControllers/InputBarViewController.swift (in target 'InputBarAccessoryView' from project 'InputBarAccessoryView')
SwiftCompile normal arm64 /Users/admin/builder/spi-builder-workspace/.dependencies/checkouts/InputBarAccessoryView/Sources/Protocols/InputPlugin.swift (in target 'InputBarAccessoryView' from project 'InputBarAccessoryView')
cd /Users/admin/builder/spi-builder-workspace/.swiftpm/xcode
builtin-SwiftPerFileCompile InputPlugin.swift
SwiftCompile normal arm64 /Users/admin/builder/spi-builder-workspace/.dependencies/checkouts/InputBarAccessoryView/Sources/Supporting\ Files/InputBarAccessoryView+Availability.swift (in target 'InputBarAccessoryView' from project 'InputBarAccessoryView')
cd /Users/admin/builder/spi-builder-workspace/.swiftpm/xcode
builtin-SwiftPerFileCompile InputBarAccessoryView+Availability.swift
SwiftCompile normal arm64 /Users/admin/builder/spi-builder-workspace/.dependencies/checkouts/InputBarAccessoryView/Sources/ViewControllers/InputBarViewController.swift (in target 'InputBarAccessoryView' from project 'InputBarAccessoryView')
cd /Users/admin/builder/spi-builder-workspace/.swiftpm/xcode
builtin-SwiftPerFileCompile InputBarViewController.swift
SwiftCompile normal arm64 Compiling\ AutocompleteManager.swift,\ AutocompleteCompletion.swift,\ AutocompleteSession.swift /Users/admin/builder/spi-builder-workspace/.dependencies/checkouts/InputBarAccessoryView/Sources/Plugins/AutocompleteManager/AutocompleteManager.swift /Users/admin/builder/spi-builder-workspace/.dependencies/checkouts/InputBarAccessoryView/Sources/Plugins/AutocompleteManager/Models/AutocompleteCompletion.swift /Users/admin/builder/spi-builder-workspace/.dependencies/checkouts/InputBarAccessoryView/Sources/Plugins/AutocompleteManager/Models/AutocompleteSession.swift (in target 'InputBarAccessoryView' from project 'InputBarAccessoryView')
SwiftCompile normal arm64 /Users/admin/builder/spi-builder-workspace/.dependencies/checkouts/InputBarAccessoryView/Sources/Plugins/AutocompleteManager/AutocompleteManager.swift (in target 'InputBarAccessoryView' from project 'InputBarAccessoryView')
cd /Users/admin/builder/spi-builder-workspace/.swiftpm/xcode
builtin-SwiftPerFileCompile AutocompleteManager.swift
SwiftCompile normal arm64 /Users/admin/builder/spi-builder-workspace/.dependencies/checkouts/InputBarAccessoryView/Sources/Plugins/AutocompleteManager/Models/AutocompleteCompletion.swift (in target 'InputBarAccessoryView' from project 'InputBarAccessoryView')
cd /Users/admin/builder/spi-builder-workspace/.swiftpm/xcode
builtin-SwiftPerFileCompile AutocompleteCompletion.swift
SwiftCompile normal arm64 /Users/admin/builder/spi-builder-workspace/.dependencies/checkouts/InputBarAccessoryView/Sources/Plugins/AutocompleteManager/Models/AutocompleteSession.swift (in target 'InputBarAccessoryView' from project 'InputBarAccessoryView')
cd /Users/admin/builder/spi-builder-workspace/.swiftpm/xcode
builtin-SwiftPerFileCompile AutocompleteSession.swift
SwiftCompile normal arm64 Compiling\ AttachmentCell.swift,\ AttachmentsView.swift,\ ImageAttachmentCell.swift /Users/admin/builder/spi-builder-workspace/.dependencies/checkouts/InputBarAccessoryView/Sources/Plugins/AttachmentManager/Views/AttachmentCell.swift /Users/admin/builder/spi-builder-workspace/.dependencies/checkouts/InputBarAccessoryView/Sources/Plugins/AttachmentManager/Views/AttachmentsView.swift /Users/admin/builder/spi-builder-workspace/.dependencies/checkouts/InputBarAccessoryView/Sources/Plugins/AttachmentManager/Views/ImageAttachmentCell.swift (in target 'InputBarAccessoryView' from project 'InputBarAccessoryView')
SwiftCompile normal arm64 /Users/admin/builder/spi-builder-workspace/.dependencies/checkouts/InputBarAccessoryView/Sources/Plugins/AttachmentManager/Views/AttachmentCell.swift (in target 'InputBarAccessoryView' from project 'InputBarAccessoryView')
cd /Users/admin/builder/spi-builder-workspace/.swiftpm/xcode
builtin-SwiftPerFileCompile AttachmentCell.swift
SwiftCompile normal arm64 /Users/admin/builder/spi-builder-workspace/.dependencies/checkouts/InputBarAccessoryView/Sources/Plugins/AttachmentManager/Views/AttachmentsView.swift (in target 'InputBarAccessoryView' from project 'InputBarAccessoryView')
cd /Users/admin/builder/spi-builder-workspace/.swiftpm/xcode
builtin-SwiftPerFileCompile AttachmentsView.swift
SwiftCompile normal arm64 /Users/admin/builder/spi-builder-workspace/.dependencies/checkouts/InputBarAccessoryView/Sources/Plugins/AttachmentManager/Views/ImageAttachmentCell.swift (in target 'InputBarAccessoryView' from project 'InputBarAccessoryView')
cd /Users/admin/builder/spi-builder-workspace/.swiftpm/xcode
builtin-SwiftPerFileCompile ImageAttachmentCell.swift
SwiftCompile normal arm64 Compiling\ NSConstraintLayoutSet.swift,\ AttachmentManager.swift,\ AttachmentManagerDataSource.swift,\ AttachmentManagerDelegate.swift /Users/admin/builder/spi-builder-workspace/.dependencies/checkouts/InputBarAccessoryView/Sources/Models/NSConstraintLayoutSet.swift /Users/admin/builder/spi-builder-workspace/.dependencies/checkouts/InputBarAccessoryView/Sources/Plugins/AttachmentManager/AttachmentManager.swift /Users/admin/builder/spi-builder-workspace/.dependencies/checkouts/InputBarAccessoryView/Sources/Plugins/AttachmentManager/Protocols/AttachmentManagerDataSource.swift /Users/admin/builder/spi-builder-workspace/.dependencies/checkouts/InputBarAccessoryView/Sources/Plugins/AttachmentManager/Protocols/AttachmentManagerDelegate.swift (in target 'InputBarAccessoryView' from project 'InputBarAccessoryView')
SwiftCompile normal arm64 /Users/admin/builder/spi-builder-workspace/.dependencies/checkouts/InputBarAccessoryView/Sources/Models/NSConstraintLayoutSet.swift (in target 'InputBarAccessoryView' from project 'InputBarAccessoryView')
cd /Users/admin/builder/spi-builder-workspace/.swiftpm/xcode
builtin-SwiftPerFileCompile NSConstraintLayoutSet.swift
SwiftCompile normal arm64 /Users/admin/builder/spi-builder-workspace/.dependencies/checkouts/InputBarAccessoryView/Sources/Plugins/AttachmentManager/AttachmentManager.swift (in target 'InputBarAccessoryView' from project 'InputBarAccessoryView')
cd /Users/admin/builder/spi-builder-workspace/.swiftpm/xcode
builtin-SwiftPerFileCompile AttachmentManager.swift
SwiftCompile normal arm64 /Users/admin/builder/spi-builder-workspace/.dependencies/checkouts/InputBarAccessoryView/Sources/Plugins/AttachmentManager/Protocols/AttachmentManagerDataSource.swift (in target 'InputBarAccessoryView' from project 'InputBarAccessoryView')
cd /Users/admin/builder/spi-builder-workspace/.swiftpm/xcode
builtin-SwiftPerFileCompile AttachmentManagerDataSource.swift
SwiftCompile normal arm64 /Users/admin/builder/spi-builder-workspace/.dependencies/checkouts/InputBarAccessoryView/Sources/Plugins/AttachmentManager/Protocols/AttachmentManagerDelegate.swift (in target 'InputBarAccessoryView' from project 'InputBarAccessoryView')
cd /Users/admin/builder/spi-builder-workspace/.swiftpm/xcode
builtin-SwiftPerFileCompile AttachmentManagerDelegate.swift
SwiftCompile normal arm64 Compiling\ InputBarButtonItem.swift,\ InputBarSendButton.swift,\ NSMutableAttributedString+Extensions.swift,\ NSNotification+Extensions.swift /Users/admin/builder/spi-builder-workspace/.dependencies/checkouts/InputBarAccessoryView/Sources/Controls/InputBarButtonItem.swift /Users/admin/builder/spi-builder-workspace/.dependencies/checkouts/InputBarAccessoryView/Sources/Controls/InputBarSendButton.swift /Users/admin/builder/spi-builder-workspace/.dependencies/checkouts/InputBarAccessoryView/Sources/Extensions/NSMutableAttributedString+Extensions.swift /Users/admin/builder/spi-builder-workspace/.dependencies/checkouts/InputBarAccessoryView/Sources/Extensions/NSNotification+Extensions.swift (in target 'InputBarAccessoryView' from project 'InputBarAccessoryView')
/Users/admin/builder/spi-builder-workspace/.dependencies/checkouts/InputBarAccessoryView/Sources/Controls/InputBarSendButton.swift:46:52: error: 'gray' is unavailable in tvOS
44 |
45 | private let activityView: UIActivityIndicatorView = {
46 | let view = UIActivityIndicatorView(style: .gray)
| `- error: 'gray' is unavailable in tvOS
47 | view.isUserInteractionEnabled = false
48 | view.isHidden = true
UIKit.UIActivityIndicatorView.Style.gray:4:10: note: 'gray' has been explicitly marked unavailable here
2 | enum Style {
3 | @available(tvOS, unavailable)
4 | case gray }
| `- note: 'gray' has been explicitly marked unavailable here
5 | }
6 |
/Users/admin/builder/spi-builder-workspace/.dependencies/checkouts/InputBarAccessoryView/Sources/Extensions/NSNotification+Extensions.swift:34:26: error: 'keyboardWillShowNotification' is unavailable in tvOS
32 | var event: KeyboardEvent {
33 | switch self.name {
34 | case UIResponder.keyboardWillShowNotification:
| `- error: 'keyboardWillShowNotification' is unavailable in tvOS
35 | return .willShow
36 | case UIResponder.keyboardDidShowNotification:
/Applications/Xcode-27.0.0-Release.Candidate.app/Contents/Developer/Platforms/AppleTVOS.platform/Developer/SDKs/AppleTVOS27.0.sdk/System/Library/Frameworks/UIKit.framework/Headers/UIWindow.h:132:39: note: 'keyboardWillShowNotification' has been explicitly marked unavailable here
130 | // Use the various UICoordinateSpace convertRect facilities to get the frame in the desired coordinate system.
131 | // Animation key/value pairs are only available for the "will" family of notification.
132 | UIKIT_EXTERN NSNotificationName const UIKeyboardWillShowNotification API_UNAVAILABLE(tvos, watchos) NS_SWIFT_NONISOLATED;
| `- note: 'keyboardWillShowNotification' has been explicitly marked unavailable here
133 | UIKIT_EXTERN NSNotificationName const UIKeyboardDidShowNotification API_UNAVAILABLE(tvos, watchos) NS_SWIFT_NONISOLATED;
134 | UIKIT_EXTERN NSNotificationName const UIKeyboardWillHideNotification API_UNAVAILABLE(tvos, watchos) NS_SWIFT_NONISOLATED;
/Users/admin/builder/spi-builder-workspace/.dependencies/checkouts/InputBarAccessoryView/Sources/Extensions/NSNotification+Extensions.swift:36:26: error: 'keyboardDidShowNotification' is unavailable in tvOS
34 | case UIResponder.keyboardWillShowNotification:
35 | return .willShow
36 | case UIResponder.keyboardDidShowNotification:
| `- error: 'keyboardDidShowNotification' is unavailable in tvOS
37 | return .didShow
38 | case UIResponder.keyboardWillHideNotification:
/Applications/Xcode-27.0.0-Release.Candidate.app/Contents/Developer/Platforms/AppleTVOS.platform/Developer/SDKs/AppleTVOS27.0.sdk/System/Library/Frameworks/UIKit.framework/Headers/UIWindow.h:133:39: note: 'keyboardDidShowNotification' has been explicitly marked unavailable here
131 | // Animation key/value pairs are only available for the "will" family of notification.
132 | UIKIT_EXTERN NSNotificationName const UIKeyboardWillShowNotification API_UNAVAILABLE(tvos, watchos) NS_SWIFT_NONISOLATED;
133 | UIKIT_EXTERN NSNotificationName const UIKeyboardDidShowNotification API_UNAVAILABLE(tvos, watchos) NS_SWIFT_NONISOLATED;
| `- note: 'keyboardDidShowNotification' has been explicitly marked unavailable here
134 | UIKIT_EXTERN NSNotificationName const UIKeyboardWillHideNotification API_UNAVAILABLE(tvos, watchos) NS_SWIFT_NONISOLATED;
135 | UIKIT_EXTERN NSNotificationName const UIKeyboardDidHideNotification API_UNAVAILABLE(tvos, watchos) NS_SWIFT_NONISOLATED;
/Users/admin/builder/spi-builder-workspace/.dependencies/checkouts/InputBarAccessoryView/Sources/Extensions/NSNotification+Extensions.swift:38:26: error: 'keyboardWillHideNotification' is unavailable in tvOS
36 | case UIResponder.keyboardDidShowNotification:
37 | return .didShow
38 | case UIResponder.keyboardWillHideNotification:
| `- error: 'keyboardWillHideNotification' is unavailable in tvOS
39 | return .willHide
40 | case UIResponder.keyboardDidHideNotification:
/Applications/Xcode-27.0.0-Release.Candidate.app/Contents/Developer/Platforms/AppleTVOS.platform/Developer/SDKs/AppleTVOS27.0.sdk/System/Library/Frameworks/UIKit.framework/Headers/UIWindow.h:134:39: note: 'keyboardWillHideNotification' has been explicitly marked unavailable here
132 | UIKIT_EXTERN NSNotificationName const UIKeyboardWillShowNotification API_UNAVAILABLE(tvos, watchos) NS_SWIFT_NONISOLATED;
133 | UIKIT_EXTERN NSNotificationName const UIKeyboardDidShowNotification API_UNAVAILABLE(tvos, watchos) NS_SWIFT_NONISOLATED;
134 | UIKIT_EXTERN NSNotificationName const UIKeyboardWillHideNotification API_UNAVAILABLE(tvos, watchos) NS_SWIFT_NONISOLATED;
| `- note: 'keyboardWillHideNotification' has been explicitly marked unavailable here
135 | UIKIT_EXTERN NSNotificationName const UIKeyboardDidHideNotification API_UNAVAILABLE(tvos, watchos) NS_SWIFT_NONISOLATED;
136 |
/Users/admin/builder/spi-builder-workspace/.dependencies/checkouts/InputBarAccessoryView/Sources/Extensions/NSNotification+Extensions.swift:40:26: error: 'keyboardDidHideNotification' is unavailable in tvOS
38 | case UIResponder.keyboardWillHideNotification:
39 | return .willHide
40 | case UIResponder.keyboardDidHideNotification:
| `- error: 'keyboardDidHideNotification' is unavailable in tvOS
41 | return .didHide
42 | case UIResponder.keyboardWillChangeFrameNotification:
/Applications/Xcode-27.0.0-Release.Candidate.app/Contents/Developer/Platforms/AppleTVOS.platform/Developer/SDKs/AppleTVOS27.0.sdk/System/Library/Frameworks/UIKit.framework/Headers/UIWindow.h:135:39: note: 'keyboardDidHideNotification' has been explicitly marked unavailable here
133 | UIKIT_EXTERN NSNotificationName const UIKeyboardDidShowNotification API_UNAVAILABLE(tvos, watchos) NS_SWIFT_NONISOLATED;
134 | UIKIT_EXTERN NSNotificationName const UIKeyboardWillHideNotification API_UNAVAILABLE(tvos, watchos) NS_SWIFT_NONISOLATED;
135 | UIKIT_EXTERN NSNotificationName const UIKeyboardDidHideNotification API_UNAVAILABLE(tvos, watchos) NS_SWIFT_NONISOLATED;
| `- note: 'keyboardDidHideNotification' has been explicitly marked unavailable here
136 |
137 | UIKIT_EXTERN NSString *const UIKeyboardFrameBeginUserInfoKey API_AVAILABLE(ios(3.2)) API_UNAVAILABLE(tvos, watchos) NS_SWIFT_NONISOLATED; // NSValue of CGRect
/Users/admin/builder/spi-builder-workspace/.dependencies/checkouts/InputBarAccessoryView/Sources/Extensions/NSNotification+Extensions.swift:42:26: error: 'keyboardWillChangeFrameNotification' is unavailable in tvOS
40 | case UIResponder.keyboardDidHideNotification:
41 | return .didHide
42 | case UIResponder.keyboardWillChangeFrameNotification:
| `- error: 'keyboardWillChangeFrameNotification' is unavailable in tvOS
43 | return .willChangeFrame
44 | case UIResponder.keyboardDidChangeFrameNotification:
/Applications/Xcode-27.0.0-Release.Candidate.app/Contents/Developer/Platforms/AppleTVOS.platform/Developer/SDKs/AppleTVOS27.0.sdk/System/Library/Frameworks/UIKit.framework/Headers/UIWindow.h:145:39: note: 'keyboardWillChangeFrameNotification' has been explicitly marked unavailable here
143 | // Like the standard keyboard notifications above, these additional notifications include
144 | // a nil object and begin/end frames of the keyboard in screen coordinates in the userInfo dictionary.
145 | UIKIT_EXTERN NSNotificationName const UIKeyboardWillChangeFrameNotification API_AVAILABLE(ios(5.0)) API_UNAVAILABLE(tvos, watchos) NS_SWIFT_NONISOLATED;
| `- note: 'keyboardWillChangeFrameNotification' has been explicitly marked unavailable here
146 | UIKIT_EXTERN NSNotificationName const UIKeyboardDidChangeFrameNotification API_AVAILABLE(ios(5.0)) API_UNAVAILABLE(tvos, watchos) NS_SWIFT_NONISOLATED;
147 |
/Users/admin/builder/spi-builder-workspace/.dependencies/checkouts/InputBarAccessoryView/Sources/Extensions/NSNotification+Extensions.swift:44:26: error: 'keyboardDidChangeFrameNotification' is unavailable in tvOS
42 | case UIResponder.keyboardWillChangeFrameNotification:
43 | return .willChangeFrame
44 | case UIResponder.keyboardDidChangeFrameNotification:
| `- error: 'keyboardDidChangeFrameNotification' is unavailable in tvOS
45 | return .didChangeFrame
46 | default:
/Applications/Xcode-27.0.0-Release.Candidate.app/Contents/Developer/Platforms/AppleTVOS.platform/Developer/SDKs/AppleTVOS27.0.sdk/System/Library/Frameworks/UIKit.framework/Headers/UIWindow.h:146:39: note: 'keyboardDidChangeFrameNotification' has been explicitly marked unavailable here
144 | // a nil object and begin/end frames of the keyboard in screen coordinates in the userInfo dictionary.
145 | UIKIT_EXTERN NSNotificationName const UIKeyboardWillChangeFrameNotification API_AVAILABLE(ios(5.0)) API_UNAVAILABLE(tvos, watchos) NS_SWIFT_NONISOLATED;
146 | UIKIT_EXTERN NSNotificationName const UIKeyboardDidChangeFrameNotification API_AVAILABLE(ios(5.0)) API_UNAVAILABLE(tvos, watchos) NS_SWIFT_NONISOLATED;
| `- note: 'keyboardDidChangeFrameNotification' has been explicitly marked unavailable here
147 |
148 | // These keys are superseded by UIKeyboardFrameBeginUserInfoKey and UIKeyboardFrameEndUserInfoKey.
/Users/admin/builder/spi-builder-workspace/.dependencies/checkouts/InputBarAccessoryView/Sources/Extensions/NSNotification+Extensions.swift:52:49: error: 'keyboardAnimationDurationUserInfoKey' is unavailable in tvOS
50 |
51 | var timeInterval: TimeInterval? {
52 | guard let value = userInfo?[UIResponder.keyboardAnimationDurationUserInfoKey] as? NSNumber else { return nil }
| `- error: 'keyboardAnimationDurationUserInfoKey' is unavailable in tvOS
53 | return TimeInterval(truncating: value)
54 | }
/Applications/Xcode-27.0.0-Release.Candidate.app/Contents/Developer/Platforms/AppleTVOS.platform/Developer/SDKs/AppleTVOS27.0.sdk/System/Library/Frameworks/UIKit.framework/Headers/UIWindow.h:139:30: note: 'keyboardAnimationDurationUserInfoKey' has been explicitly marked unavailable here
137 | UIKIT_EXTERN NSString *const UIKeyboardFrameBeginUserInfoKey API_AVAILABLE(ios(3.2)) API_UNAVAILABLE(tvos, watchos) NS_SWIFT_NONISOLATED; // NSValue of CGRect
138 | UIKIT_EXTERN NSString *const UIKeyboardFrameEndUserInfoKey API_AVAILABLE(ios(3.2)) API_UNAVAILABLE(tvos, watchos) NS_SWIFT_NONISOLATED; // NSValue of CGRect
139 | UIKIT_EXTERN NSString *const UIKeyboardAnimationDurationUserInfoKey API_AVAILABLE(ios(3.0)) API_UNAVAILABLE(tvos, watchos) NS_SWIFT_NONISOLATED; // NSNumber of double
| `- note: 'keyboardAnimationDurationUserInfoKey' has been explicitly marked unavailable here
140 | UIKIT_EXTERN NSString *const UIKeyboardAnimationCurveUserInfoKey API_AVAILABLE(ios(3.0)) API_UNAVAILABLE(tvos, watchos) NS_SWIFT_NONISOLATED; // NSNumber of NSUInteger (UIViewAnimationCurve)
141 | UIKIT_EXTERN NSString *const UIKeyboardIsLocalUserInfoKey API_AVAILABLE(ios(9.0)) API_UNAVAILABLE(tvos, watchos) NS_SWIFT_NONISOLATED; // NSNumber of BOOL
/Users/admin/builder/spi-builder-workspace/.dependencies/checkouts/InputBarAccessoryView/Sources/Extensions/NSNotification+Extensions.swift:57:50: error: 'keyboardAnimationCurveUserInfoKey' is unavailable in tvOS
55 |
56 | var animationCurve: UIView.AnimationCurve? {
57 | guard let index = (userInfo?[UIResponder.keyboardAnimationCurveUserInfoKey] as? NSNumber)?.intValue else { return nil }
| `- error: 'keyboardAnimationCurveUserInfoKey' is unavailable in tvOS
58 | guard index >= 0 && index <= 3 else { return .linear }
59 | return UIView.AnimationCurve.init(rawValue: index) ?? .linear
/Applications/Xcode-27.0.0-Release.Candidate.app/Contents/Developer/Platforms/AppleTVOS.platform/Developer/SDKs/AppleTVOS27.0.sdk/System/Library/Frameworks/UIKit.framework/Headers/UIWindow.h:140:30: note: 'keyboardAnimationCurveUserInfoKey' has been explicitly marked unavailable here
138 | UIKIT_EXTERN NSString *const UIKeyboardFrameEndUserInfoKey API_AVAILABLE(ios(3.2)) API_UNAVAILABLE(tvos, watchos) NS_SWIFT_NONISOLATED; // NSValue of CGRect
139 | UIKIT_EXTERN NSString *const UIKeyboardAnimationDurationUserInfoKey API_AVAILABLE(ios(3.0)) API_UNAVAILABLE(tvos, watchos) NS_SWIFT_NONISOLATED; // NSNumber of double
140 | UIKIT_EXTERN NSString *const UIKeyboardAnimationCurveUserInfoKey API_AVAILABLE(ios(3.0)) API_UNAVAILABLE(tvos, watchos) NS_SWIFT_NONISOLATED; // NSNumber of NSUInteger (UIViewAnimationCurve)
| `- note: 'keyboardAnimationCurveUserInfoKey' has been explicitly marked unavailable here
141 | UIKIT_EXTERN NSString *const UIKeyboardIsLocalUserInfoKey API_AVAILABLE(ios(9.0)) API_UNAVAILABLE(tvos, watchos) NS_SWIFT_NONISOLATED; // NSNumber of BOOL
142 |
/Users/admin/builder/spi-builder-workspace/.dependencies/checkouts/InputBarAccessoryView/Sources/Extensions/NSNotification+Extensions.swift:79:39: error: 'keyboardFrameBeginUserInfoKey' is unavailable in tvOS
77 |
78 | var startFrame: CGRect? {
79 | return (userInfo?[UIResponder.keyboardFrameBeginUserInfoKey] as? NSValue)?.cgRectValue
| `- error: 'keyboardFrameBeginUserInfoKey' is unavailable in tvOS
80 | }
81 |
/Applications/Xcode-27.0.0-Release.Candidate.app/Contents/Developer/Platforms/AppleTVOS.platform/Developer/SDKs/AppleTVOS27.0.sdk/System/Library/Frameworks/UIKit.framework/Headers/UIWindow.h:137:30: note: 'keyboardFrameBeginUserInfoKey' has been explicitly marked unavailable here
135 | UIKIT_EXTERN NSNotificationName const UIKeyboardDidHideNotification API_UNAVAILABLE(tvos, watchos) NS_SWIFT_NONISOLATED;
136 |
137 | UIKIT_EXTERN NSString *const UIKeyboardFrameBeginUserInfoKey API_AVAILABLE(ios(3.2)) API_UNAVAILABLE(tvos, watchos) NS_SWIFT_NONISOLATED; // NSValue of CGRect
| `- note: 'keyboardFrameBeginUserInfoKey' has been explicitly marked unavailable here
138 | UIKIT_EXTERN NSString *const UIKeyboardFrameEndUserInfoKey API_AVAILABLE(ios(3.2)) API_UNAVAILABLE(tvos, watchos) NS_SWIFT_NONISOLATED; // NSValue of CGRect
139 | UIKIT_EXTERN NSString *const UIKeyboardAnimationDurationUserInfoKey API_AVAILABLE(ios(3.0)) API_UNAVAILABLE(tvos, watchos) NS_SWIFT_NONISOLATED; // NSNumber of double
/Users/admin/builder/spi-builder-workspace/.dependencies/checkouts/InputBarAccessoryView/Sources/Extensions/NSNotification+Extensions.swift:83:39: error: 'keyboardFrameEndUserInfoKey' is unavailable in tvOS
81 |
82 | var endFrame: CGRect? {
83 | return (userInfo?[UIResponder.keyboardFrameEndUserInfoKey] as? NSValue)?.cgRectValue
| `- error: 'keyboardFrameEndUserInfoKey' is unavailable in tvOS
84 | }
85 |
/Applications/Xcode-27.0.0-Release.Candidate.app/Contents/Developer/Platforms/AppleTVOS.platform/Developer/SDKs/AppleTVOS27.0.sdk/System/Library/Frameworks/UIKit.framework/Headers/UIWindow.h:138:30: note: 'keyboardFrameEndUserInfoKey' has been explicitly marked unavailable here
136 |
137 | UIKIT_EXTERN NSString *const UIKeyboardFrameBeginUserInfoKey API_AVAILABLE(ios(3.2)) API_UNAVAILABLE(tvos, watchos) NS_SWIFT_NONISOLATED; // NSValue of CGRect
138 | UIKIT_EXTERN NSString *const UIKeyboardFrameEndUserInfoKey API_AVAILABLE(ios(3.2)) API_UNAVAILABLE(tvos, watchos) NS_SWIFT_NONISOLATED; // NSValue of CGRect
| `- note: 'keyboardFrameEndUserInfoKey' has been explicitly marked unavailable here
139 | UIKIT_EXTERN NSString *const UIKeyboardAnimationDurationUserInfoKey API_AVAILABLE(ios(3.0)) API_UNAVAILABLE(tvos, watchos) NS_SWIFT_NONISOLATED; // NSNumber of double
140 | UIKIT_EXTERN NSString *const UIKeyboardAnimationCurveUserInfoKey API_AVAILABLE(ios(3.0)) API_UNAVAILABLE(tvos, watchos) NS_SWIFT_NONISOLATED; // NSNumber of NSUInteger (UIViewAnimationCurve)
SwiftCompile normal arm64 /Users/admin/builder/spi-builder-workspace/.dependencies/checkouts/InputBarAccessoryView/Sources/Controls/InputBarButtonItem.swift (in target 'InputBarAccessoryView' from project 'InputBarAccessoryView')
cd /Users/admin/builder/spi-builder-workspace/.swiftpm/xcode
builtin-SwiftPerFileCompile InputBarButtonItem.swift
SwiftCompile normal arm64 /Users/admin/builder/spi-builder-workspace/.dependencies/checkouts/InputBarAccessoryView/Sources/Controls/InputBarSendButton.swift (in target 'InputBarAccessoryView' from project 'InputBarAccessoryView')
cd /Users/admin/builder/spi-builder-workspace/.swiftpm/xcode
builtin-SwiftPerFileCompile InputBarSendButton.swift
SwiftCompile normal arm64 /Users/admin/builder/spi-builder-workspace/.dependencies/checkouts/InputBarAccessoryView/Sources/Extensions/NSMutableAttributedString+Extensions.swift (in target 'InputBarAccessoryView' from project 'InputBarAccessoryView')
cd /Users/admin/builder/spi-builder-workspace/.swiftpm/xcode
builtin-SwiftPerFileCompile NSMutableAttributedString+Extensions.swift
SwiftCompile normal arm64 /Users/admin/builder/spi-builder-workspace/.dependencies/checkouts/InputBarAccessoryView/Sources/Extensions/NSNotification+Extensions.swift (in target 'InputBarAccessoryView' from project 'InputBarAccessoryView')
cd /Users/admin/builder/spi-builder-workspace/.swiftpm/xcode
builtin-SwiftPerFileCompile NSNotification+Extensions.swift
SwiftCompile normal arm64 Compiling\ String+Extensions.swift,\ UITextView+Extensions.swift,\ UIView+AutoLayout.swift,\ InputBarAccessoryView.swift /Users/admin/builder/spi-builder-workspace/.dependencies/checkouts/InputBarAccessoryView/Sources/Extensions/String+Extensions.swift /Users/admin/builder/spi-builder-workspace/.dependencies/checkouts/InputBarAccessoryView/Sources/Extensions/UITextView+Extensions.swift /Users/admin/builder/spi-builder-workspace/.dependencies/checkouts/InputBarAccessoryView/Sources/Extensions/UIView+AutoLayout.swift /Users/admin/builder/spi-builder-workspace/.dependencies/checkouts/InputBarAccessoryView/Sources/InputBarAccessoryView.swift (in target 'InputBarAccessoryView' from project 'InputBarAccessoryView')
/Users/admin/builder/spi-builder-workspace/.dependencies/checkouts/InputBarAccessoryView/Sources/InputBarAccessoryView.swift:44:37: error: 'systemBackground' is unavailable in tvOS
42 | view.translatesAutoresizingMaskIntoConstraints = false
43 | if #available(iOS 13, *) {
44 | view.backgroundColor = .systemBackground
| `- error: 'systemBackground' is unavailable in tvOS
45 | } else {
46 | view.backgroundColor = .white
/Applications/Xcode-27.0.0-Release.Candidate.app/Contents/Developer/Platforms/AppleTVOS.platform/Developer/SDKs/AppleTVOS27.0.sdk/System/Library/Frameworks/UIKit.framework/Headers/UIInterface.h:208:49: note: 'systemBackground' has been explicitly marked unavailable here
206 | * primary background in light mode.
207 | */
208 | @property (class, nonatomic, readonly) UIColor *systemBackgroundColor API_AVAILABLE(ios(13.0)) API_UNAVAILABLE(tvos, watchos);
| `- note: 'systemBackground' has been explicitly marked unavailable here
209 | @property (class, nonatomic, readonly) UIColor *secondarySystemBackgroundColor API_AVAILABLE(ios(13.0)) API_UNAVAILABLE(tvos, watchos);
210 | @property (class, nonatomic, readonly) UIColor *tertiarySystemBackgroundColor API_AVAILABLE(ios(13.0)) API_UNAVAILABLE(tvos, watchos);
/Users/admin/builder/spi-builder-workspace/.dependencies/checkouts/InputBarAccessoryView/Sources/InputBarAccessoryView.swift:69:47: error: 'systemMaterial' is unavailable in tvOS
67 | var blurEffect = UIBlurEffect(style: .light)
68 | if #available(iOS 13, *) {
69 | blurEffect = UIBlurEffect(style: .systemMaterial)
| `- error: 'systemMaterial' is unavailable in tvOS
70 | }
71 | let view = UIVisualEffectView(effect: blurEffect)
UIKit.UIBlurEffect.Style.systemMaterial:4:10: note: 'systemMaterial' has been explicitly marked unavailable here
2 | enum Style {
3 | @available(tvOS, unavailable)
4 | case systemMaterial }
| `- note: 'systemMaterial' has been explicitly marked unavailable here
5 | }
6 |
SwiftCompile normal arm64 /Users/admin/builder/spi-builder-workspace/.dependencies/checkouts/InputBarAccessoryView/Sources/Extensions/String+Extensions.swift (in target 'InputBarAccessoryView' from project 'InputBarAccessoryView')
cd /Users/admin/builder/spi-builder-workspace/.swiftpm/xcode
builtin-SwiftPerFileCompile String+Extensions.swift
SwiftCompile normal arm64 /Users/admin/builder/spi-builder-workspace/.dependencies/checkouts/InputBarAccessoryView/Sources/Extensions/UITextView+Extensions.swift (in target 'InputBarAccessoryView' from project 'InputBarAccessoryView')
cd /Users/admin/builder/spi-builder-workspace/.swiftpm/xcode
builtin-SwiftPerFileCompile UITextView+Extensions.swift
SwiftCompile normal arm64 /Users/admin/builder/spi-builder-workspace/.dependencies/checkouts/InputBarAccessoryView/Sources/Extensions/UIView+AutoLayout.swift (in target 'InputBarAccessoryView' from project 'InputBarAccessoryView')
cd /Users/admin/builder/spi-builder-workspace/.swiftpm/xcode
builtin-SwiftPerFileCompile UIView+AutoLayout.swift
SwiftCompile normal arm64 /Users/admin/builder/spi-builder-workspace/.dependencies/checkouts/InputBarAccessoryView/Sources/InputBarAccessoryView.swift (in target 'InputBarAccessoryView' from project 'InputBarAccessoryView')
cd /Users/admin/builder/spi-builder-workspace/.swiftpm/xcode
builtin-SwiftPerFileCompile InputBarAccessoryView.swift
SwiftCompile normal arm64 Compiling\ KeyboardEvent.swift,\ KeyboardManager.swift,\ KeyboardNotification.swift,\ HorizontalEdgePadding.swift /Users/admin/builder/spi-builder-workspace/.dependencies/checkouts/InputBarAccessoryView/Sources/KeyboardManager/KeyboardEvent.swift /Users/admin/builder/spi-builder-workspace/.dependencies/checkouts/InputBarAccessoryView/Sources/KeyboardManager/KeyboardManager.swift /Users/admin/builder/spi-builder-workspace/.dependencies/checkouts/InputBarAccessoryView/Sources/KeyboardManager/KeyboardNotification.swift /Users/admin/builder/spi-builder-workspace/.dependencies/checkouts/InputBarAccessoryView/Sources/Models/HorizontalEdgePadding.swift (in target 'InputBarAccessoryView' from project 'InputBarAccessoryView')
SwiftCompile normal arm64 /Users/admin/builder/spi-builder-workspace/.dependencies/checkouts/InputBarAccessoryView/Sources/KeyboardManager/KeyboardEvent.swift (in target 'InputBarAccessoryView' from project 'InputBarAccessoryView')
cd /Users/admin/builder/spi-builder-workspace/.swiftpm/xcode
builtin-SwiftPerFileCompile KeyboardEvent.swift
SwiftCompile normal arm64 /Users/admin/builder/spi-builder-workspace/.dependencies/checkouts/InputBarAccessoryView/Sources/KeyboardManager/KeyboardManager.swift (in target 'InputBarAccessoryView' from project 'InputBarAccessoryView')
cd /Users/admin/builder/spi-builder-workspace/.swiftpm/xcode
builtin-SwiftPerFileCompile KeyboardManager.swift
SwiftCompile normal arm64 /Users/admin/builder/spi-builder-workspace/.dependencies/checkouts/InputBarAccessoryView/Sources/KeyboardManager/KeyboardNotification.swift (in target 'InputBarAccessoryView' from project 'InputBarAccessoryView')
cd /Users/admin/builder/spi-builder-workspace/.swiftpm/xcode
builtin-SwiftPerFileCompile KeyboardNotification.swift
SwiftCompile normal arm64 /Users/admin/builder/spi-builder-workspace/.dependencies/checkouts/InputBarAccessoryView/Sources/Models/HorizontalEdgePadding.swift (in target 'InputBarAccessoryView' from project 'InputBarAccessoryView')
cd /Users/admin/builder/spi-builder-workspace/.swiftpm/xcode
builtin-SwiftPerFileCompile HorizontalEdgePadding.swift
PruneExplicitPrecompiledModules /Users/admin/builder/spi-builder-workspace/.derivedData/Build/Intermediates.noindex/ExplicitPrecompiledModules
PruneExplicitPrecompiledModules /Users/admin/builder/spi-builder-workspace/.derivedData/Build/Intermediates.noindex/SwiftExplicitPrecompiledModules
PruneExplicitPrecompiledModules /Users/admin/builder/spi-builder-workspace/.derivedData/SDKExplicitPrecompiledModules
2026-09-21 20:07:17.819 xcodebuild[774:4920] [MT] IDERunDestination: Supported platforms for the buildables in the current scheme is empty.
** BUILD FAILED **
The following build commands failed:
SwiftCompile normal arm64 (in target 'InputBarAccessoryView' from project 'InputBarAccessoryView')
SwiftEmitModule normal arm64 Emitting\ module\ for\ InputBarAccessoryView (in target 'InputBarAccessoryView' from project 'InputBarAccessoryView')
Building workspace MessageKit with scheme MessageKit
(3 failures)
Command line invocation:
/Applications/Xcode-27.0.0-Release.Candidate.app/Contents/Developer/usr/bin/xcodebuild -IDEClonedSourcePackagesDirPathOverride=/Users/admin/builder/spi-builder-workspace/.dependencies -resolvePackageDependencies
Resolve Package Graph
Resolved source packages:
MessageKit: /Users/admin/builder/spi-builder-workspace
InputBarAccessoryView: https://github.com/nathantannar4/InputBarAccessoryView.git @ 4.3.3
RxSwift: https://github.com/ReactiveX/RxSwift.git @ 5.1.3
resolved source packages: MessageKit, InputBarAccessoryView, RxSwift
2026-09-21 20:07:24.707 xcodebuild[872:5372] [MT] IDERunDestination: Supported platforms for the buildables in the current scheme is empty.
{
"default_localization" : "en",
"dependencies" : [
{
"identity" : "inputbaraccessoryview",
"requirement" : {
"exact" : [
"4.3.3"
]
},
"type" : "sourceControl",
"url" : "https://github.com/nathantannar4/InputBarAccessoryView.git"
}
],
"manifest_display_name" : "MessageKit",
"name" : "MessageKit",
"path" : "/Users/admin/builder/spi-builder-workspace",
"platforms" : [
{
"name" : "ios",
"version" : "10.0"
}
],
"products" : [
{
"name" : "MessageKit",
"targets" : [
"MessageKit"
],
"type" : {
"library" : [
"automatic"
]
}
}
],
"targets" : [
{
"c99name" : "MessageKit",
"module_type" : "SwiftTarget",
"name" : "MessageKit",
"path" : "Sources/MessageKit",
"product_dependencies" : [
"InputBarAccessoryView"
],
"product_memberships" : [
"MessageKit"
],
"resources" : [
{
"path" : "/Users/admin/builder/spi-builder-workspace/Sources/MessageKit/Assets/CellStructure.png",
"rule" : {
"process" : {
}
}
},
{
"path" : "/Users/admin/builder/spi-builder-workspace/Sources/MessageKit/Assets/ExampleA.png",
"rule" : {
"process" : {
}
}
},
{
"path" : "/Users/admin/builder/spi-builder-workspace/Sources/MessageKit/Assets/ExampleB.png",
"rule" : {
"process" : {
}
}
},
{
"path" : "/Users/admin/builder/spi-builder-workspace/Sources/MessageKit/Assets/InputBarAccessoryViewLayout.png",
"rule" : {
"process" : {
}
}
},
{
"path" : "/Users/admin/builder/spi-builder-workspace/Sources/MessageKit/Assets/MessageKitAssets.bundle/Images/bubble_full.png",
"rule" : {
"process" : {
}
}
},
{
"path" : "/Users/admin/builder/spi-builder-workspace/Sources/MessageKit/Assets/MessageKitAssets.bundle/Images/bubble_full@2x.png",
"rule" : {
"process" : {
}
}
},
{
"path" : "/Users/admin/builder/spi-builder-workspace/Sources/MessageKit/Assets/MessageKitAssets.bundle/Images/bubble_full@3x.png",
"rule" : {
"process" : {
}
}
},
{
"path" : "/Users/admin/builder/spi-builder-workspace/Sources/MessageKit/Assets/MessageKitAssets.bundle/Images/bubble_full_tail_v1.png",
"rule" : {
"process" : {
}
}
},
{
"path" : "/Users/admin/builder/spi-builder-workspace/Sources/MessageKit/Assets/MessageKitAssets.bundle/Images/bubble_full_tail_v1@2x.png",
"rule" : {
"process" : {
}
}
},
{
"path" : "/Users/admin/builder/spi-builder-workspace/Sources/MessageKit/Assets/MessageKitAssets.bundle/Images/bubble_full_tail_v1@3x.png",
"rule" : {
"process" : {
}
}
},
{
"path" : "/Users/admin/builder/spi-builder-workspace/Sources/MessageKit/Assets/MessageKitAssets.bundle/Images/bubble_full_tail_v2.png",
"rule" : {
"process" : {
}
}
},
{
"path" : "/Users/admin/builder/spi-builder-workspace/Sources/MessageKit/Assets/MessageKitAssets.bundle/Images/bubble_full_tail_v2@2x.png",
"rule" : {
"process" : {
}
}
},
{
"path" : "/Users/admin/builder/spi-builder-workspace/Sources/MessageKit/Assets/MessageKitAssets.bundle/Images/bubble_full_tail_v2@3x.png",
"rule" : {
"process" : {
}
}
},
{
"path" : "/Users/admin/builder/spi-builder-workspace/Sources/MessageKit/Assets/MessageKitAssets.bundle/Images/bubble_outlined.png",
"rule" : {
"process" : {
}
}
},
{
"path" : "/Users/admin/builder/spi-builder-workspace/Sources/MessageKit/Assets/MessageKitAssets.bundle/Images/bubble_outlined@2x.png",
"rule" : {
"process" : {
}
}
},
{
"path" : "/Users/admin/builder/spi-builder-workspace/Sources/MessageKit/Assets/MessageKitAssets.bundle/Images/bubble_outlined@3x.png",
"rule" : {
"process" : {
}
}
},
{
"path" : "/Users/admin/builder/spi-builder-workspace/Sources/MessageKit/Assets/MessageKitAssets.bundle/Images/bubble_outlined_tail_v1.png",
"rule" : {
"process" : {
}
}
},
{
"path" : "/Users/admin/builder/spi-builder-workspace/Sources/MessageKit/Assets/MessageKitAssets.bundle/Images/bubble_outlined_tail_v1@2x.png",
"rule" : {
"process" : {
}
}
},
{
"path" : "/Users/admin/builder/spi-builder-workspace/Sources/MessageKit/Assets/MessageKitAssets.bundle/Images/bubble_outlined_tail_v1@3x.png",
"rule" : {
"process" : {
}
}
},
{
"path" : "/Users/admin/builder/spi-builder-workspace/Sources/MessageKit/Assets/MessageKitAssets.bundle/Images/bubble_outlined_tail_v2.png",
"rule" : {
"process" : {
}
}
},
{
"path" : "/Users/admin/builder/spi-builder-workspace/Sources/MessageKit/Assets/MessageKitAssets.bundle/Images/bubble_outlined_tail_v2@2x.png",
"rule" : {
"process" : {
}
}
},
{
"path" : "/Users/admin/builder/spi-builder-workspace/Sources/MessageKit/Assets/MessageKitAssets.bundle/Images/bubble_outlined_tail_v2@3x.png",
"rule" : {
"process" : {
}
}
},
{
"path" : "/Users/admin/builder/spi-builder-workspace/Sources/MessageKit/Assets/MessageKitAssets.bundle/Images/disclouser.png",
"rule" : {
"process" : {
}
}
},
{
"path" : "/Users/admin/builder/spi-builder-workspace/Sources/MessageKit/Assets/MessageKitAssets.bundle/Images/disclouser@2x.png",
"rule" : {
"process" : {
}
}
},
{
"path" : "/Users/admin/builder/spi-builder-workspace/Sources/MessageKit/Assets/MessageKitAssets.bundle/Images/disclouser@3x.png",
"rule" : {
"process" : {
}
}
},
{
"path" : "/Users/admin/builder/spi-builder-workspace/Sources/MessageKit/Assets/MessageKitAssets.bundle/Images/pause.png",
"rule" : {
"process" : {
}
}
},
{
"path" : "/Users/admin/builder/spi-builder-workspace/Sources/MessageKit/Assets/MessageKitAssets.bundle/Images/pause@2x.png",
"rule" : {
"process" : {
}
}
},
{
"path" : "/Users/admin/builder/spi-builder-workspace/Sources/MessageKit/Assets/MessageKitAssets.bundle/Images/pause@3x.png",
"rule" : {
"process" : {
}
}
},
{
"path" : "/Users/admin/builder/spi-builder-workspace/Sources/MessageKit/Assets/MessageKitAssets.bundle/Images/play.png",
"rule" : {
"process" : {
}
}
},
{
"path" : "/Users/admin/builder/spi-builder-workspace/Sources/MessageKit/Assets/MessageKitAssets.bundle/Images/play@2x.png",
"rule" : {
"process" : {
}
}
},
{
"path" : "/Users/admin/builder/spi-builder-workspace/Sources/MessageKit/Assets/MessageKitAssets.bundle/Images/play@3x.png",
"rule" : {
"process" : {
}
}
},
{
"path" : "/Users/admin/builder/spi-builder-workspace/Sources/MessageKit/Assets/TypingIndicator.png",
"rule" : {
"process" : {
}
}
},
{
"path" : "/Users/admin/builder/spi-builder-workspace/Sources/MessageKit/Assets/mklogo.jpg",
"rule" : {
"process" : {
}
}
},
{
"path" : "/Users/admin/builder/spi-builder-workspace/Sources/MessageKit/Assets/mklogo.png",
"rule" : {
"process" : {
}
}
},
{
"path" : "/Users/admin/builder/spi-builder-workspace/Sources/MessageKit/Assets/mklogo.svg",
"rule" : {
"process" : {
}
}
}
],
"sources" : [
"Controllers/MessagesViewController+Keyboard.swift",
"Controllers/MessagesViewController+Menu.swift",
"Controllers/MessagesViewController.swift",
"Extensions/Bundle+Extensions.swift",
"Extensions/CGRect+Extensions.swift",
"Extensions/NSAttributedString+Extensions.swift",
"Extensions/UIColor+Extensions.swift",
"Extensions/UIEdgeInsets+Extensions.swift",
"Extensions/UIImage+Extension.swift",
"Extensions/UIView+Extensions.swift",
"Layout/AudioMessageSizeCalculator.swift",
"Layout/CellSizeCalculator.swift",
"Layout/ContactMessageSizeCalculator.swift",
"Layout/LocationMessageSizeCalculator.swift",
"Layout/MediaMessageSizeCalculator.swift",
"Layout/MessageSizeCalculator.swift",
"Layout/MessagesCollectionViewFlowLayout.swift",
"Layout/MessagesCollectionViewLayoutAttributes.swift",
"Layout/TextMessageSizeCalculator.swift",
"Layout/TypingIndicatorCellSizeCalculator.swift",
"Models/AccessoryPosition.swift",
"Models/Avatar.swift",
"Models/AvatarPosition.swift",
"Models/DetectorType.swift",
"Models/HorizontalEdgeInsets.swift",
"Models/LabelAlignment.swift",
"Models/LocationMessageSnapshotOptions.swift",
"Models/MessageKind.swift",
"Models/MessageKitDateFormatter.swift",
"Models/MessageKitError.swift",
"Models/MessageStyle.swift",
"Models/NSConstraintLayoutSet.swift",
"Models/Sender.swift",
"Protocols/AudioItem.swift",
"Protocols/ContactItem.swift",
"Protocols/LocationItem.swift",
"Protocols/MediaItem.swift",
"Protocols/MessageCellDelegate.swift",
"Protocols/MessageLabelDelegate.swift",
"Protocols/MessageType.swift",
"Protocols/MessagesDataSource.swift",
"Protocols/MessagesDisplayDelegate.swift",
"Protocols/MessagesLayoutDelegate.swift",
"Protocols/SenderType.swift",
"Supporting/MessageInputBar.swift",
"Supporting/MessageKit+Availability.swift",
"Views/AvatarView.swift",
"Views/BubbleCircle.swift",
"Views/Cells/AudioMessageCell.swift",
"Views/Cells/ContactMessageCell.swift",
"Views/Cells/LocationMessageCell.swift",
"Views/Cells/MediaMessageCell.swift",
"Views/Cells/MessageCollectionViewCell.swift",
"Views/Cells/MessageContentCell.swift",
"Views/Cells/TextMessageCell.swift",
"Views/Cells/TypingIndicatorCell.swift",
"Views/HeadersFooters/MessageReusableView.swift",
"Views/InsetLabel.swift",
"Views/MessageContainerView.swift",
"Views/MessageLabel.swift",
"Views/MessagesCollectionView.swift",
"Views/PlayButtonView.swift",
"Views/TypingBubble.swift",
"Views/TypingIndicator.swift"
],
"type" : "library"
}
],
"tools_version" : "5.6"
}
{
"workspace" : {
"name" : "MessageKit",
"schemes" : [
"MessageKit"
]
}
}
2026-09-21 20:07:26.122 xcodebuild[880:5440] [MT] IDERunDestination: Supported platforms for the buildables in the current scheme is empty.
Running build ...
env DEVELOPER_DIR=/Applications/Xcode-27.0.0-Release.Candidate.app xcrun xcodebuild -IDEClonedSourcePackagesDirPathOverride=$PWD/.dependencies -skipMacroValidation -skipPackagePluginValidation -derivedDataPath $PWD/.derivedData build -scheme MessageKit -destination generic/platform=tvOS
Command line invocation:
/Applications/Xcode-27.0.0-Release.Candidate.app/Contents/Developer/usr/bin/xcodebuild -IDEClonedSourcePackagesDirPathOverride=/Users/admin/builder/spi-builder-workspace/.dependencies -skipMacroValidation -skipPackagePluginValidation -derivedDataPath /Users/admin/builder/spi-builder-workspace/.derivedData build -scheme MessageKit -destination generic/platform=tvOS
Resolve Package Graph
Resolved source packages:
InputBarAccessoryView: https://github.com/nathantannar4/InputBarAccessoryView.git @ 4.3.3
MessageKit: /Users/admin/builder/spi-builder-workspace
RxSwift: https://github.com/ReactiveX/RxSwift.git @ 5.1.3
ComputePackagePrebuildTargetDependencyGraph
Prepare packages
CreateBuildRequest
SendProjectDescription
CreateBuildOperation
ComputeTargetDependencyGraph
note: Building targets in dependency order
note: Target dependency graph (5 targets)
Target 'MessageKit-product' in project 'MessageKit'
➜ Explicit dependency on target 'MessageKit' in project 'MessageKit'
➜ Explicit dependency on target 'MessageKit_MessageKit' in project 'MessageKit'
➜ Explicit dependency on target 'InputBarAccessoryView-product' in project 'InputBarAccessoryView'
Target 'MessageKit' in project 'MessageKit'
➜ Explicit dependency on target 'MessageKit_MessageKit' in project 'MessageKit'
➜ Explicit dependency on target 'InputBarAccessoryView-product' in project 'InputBarAccessoryView'
Target 'InputBarAccessoryView-product' in project 'InputBarAccessoryView'
➜ Explicit dependency on target 'InputBarAccessoryView' in project 'InputBarAccessoryView'
Target 'InputBarAccessoryView' in project 'InputBarAccessoryView' (no dependencies)
Target 'MessageKit_MessageKit' in project 'MessageKit' (no dependencies)
GatherProvisioningInputs
CreateBuildDescription
ClangStatCache /Applications/Xcode-27.0.0-Release.Candidate.app/Contents/Developer/Toolchains/XcodeDefault.xctoolchain/usr/bin/clang-stat-cache /Applications/Xcode-27.0.0-Release.Candidate.app/Contents/Developer/Platforms/AppleTVOS.platform/Developer/SDKs/AppleTVOS27.0.sdk /Users/admin/builder/spi-builder-workspace/.derivedData/SDKStatCaches.noindex/appletvos27.0-24J360-e829b21a6f8c9b70876ba0858053c044b32bfd8d43560033f8d89884cdb90028.sdkstatcache
cd /Users/admin/builder/spi-builder-workspace/.swiftpm/xcode
/Applications/Xcode-27.0.0-Release.Candidate.app/Contents/Developer/Toolchains/XcodeDefault.xctoolchain/usr/bin/clang-stat-cache /Applications/Xcode-27.0.0-Release.Candidate.app/Contents/Developer/Platforms/AppleTVOS.platform/Developer/SDKs/AppleTVOS27.0.sdk -o /Users/admin/builder/spi-builder-workspace/.derivedData/SDKStatCaches.noindex/appletvos27.0-24J360-e829b21a6f8c9b70876ba0858053c044b32bfd8d43560033f8d89884cdb90028.sdkstatcache
SwiftDriver InputBarAccessoryView normal arm64 com.apple.xcode.tools.swift.compiler (in target 'InputBarAccessoryView' from project 'InputBarAccessoryView')
cd /Users/admin/builder/spi-builder-workspace/.swiftpm/xcode
builtin-SwiftDriver -- /Applications/Xcode-27.0.0-Release.Candidate.app/Contents/Developer/Toolchains/XcodeDefault.xctoolchain/usr/bin/swiftc -parse-as-library -module-name InputBarAccessoryView -Onone @/Users/admin/builder/spi-builder-workspace/.derivedData/Build/Intermediates.noindex/InputBarAccessoryView.build/Debug-appletvos/InputBarAccessoryView-t.build/Objects-normal/arm64/InputBarAccessoryView.SwiftFileList -DSWIFT_PACKAGE -DDEBUG -DSWIFT_MODULE_RESOURCE_BUNDLE_UNAVAILABLE -DXcode -plugin-path /Applications/Xcode-27.0.0-Release.Candidate.app/Contents/Developer/Toolchains/XcodeDefault.xctoolchain/usr/lib/swift/host/plugins/testing -enable-experimental-feature DebugDescriptionMacro -sdk /Applications/Xcode-27.0.0-Release.Candidate.app/Contents/Developer/Platforms/AppleTVOS.platform/Developer/SDKs/AppleTVOS27.0.sdk -target arm64-apple-tvos15.0 -g -module-cache-path /Users/admin/builder/spi-builder-workspace/.derivedData/ModuleCache.noindex -Xfrontend -serialize-debugging-options -enable-testing -suppress-warnings -index-store-path /Users/admin/builder/spi-builder-workspace/.derivedData/Index.noindex/DataStore -Xcc -D_LIBCPP_HARDENING_MODE\=_LIBCPP_HARDENING_MODE_DEBUG -swift-version 5 -I /Users/admin/builder/spi-builder-workspace/.derivedData/Build/Products/Debug-appletvos -Isystem /Applications/Xcode-27.0.0-Release.Candidate.app/Contents/Developer/Platforms/AppleTVOS.platform/Developer/usr/lib -F /Users/admin/builder/spi-builder-workspace/.derivedData/Build/Products/Debug-appletvos -F /Applications/Xcode-27.0.0-Release.Candidate.app/Contents/Developer/Platforms/AppleTVOS.platform/Developer/Library/Frameworks -F /Applications/Xcode-27.0.0-Release.Candidate.app/Contents/Developer/Platforms/AppleTVOS.platform/Developer/SDKs/AppleTVOS27.0.sdk/Developer/Library/Frameworks -c -j10 -enable-batch-mode -incremental -Xcc -ivfsstatcache -Xcc /Users/admin/builder/spi-builder-workspace/.derivedData/SDKStatCaches.noindex/appletvos27.0-24J360-e829b21a6f8c9b70876ba0858053c044b32bfd8d43560033f8d89884cdb90028.sdkstatcache -output-file-map /Users/admin/builder/spi-builder-workspace/.derivedData/Build/Intermediates.noindex/InputBarAccessoryView.build/Debug-appletvos/InputBarAccessoryView-t.build/Objects-normal/arm64/InputBarAccessoryView-OutputFileMap.json -save-temps -no-color-diagnostics -explicit-module-build -module-cache-path /Users/admin/builder/spi-builder-workspace/.derivedData/Build/Intermediates.noindex/SwiftExplicitPrecompiledModules -clang-scanner-module-cache-path /Users/admin/builder/spi-builder-workspace/.derivedData/ModuleCache.noindex -sdk-module-cache-path /Users/admin/builder/spi-builder-workspace/.derivedData/SDKExplicitPrecompiledModules -emit-dependencies -emit-module -emit-module-path /Users/admin/builder/spi-builder-workspace/.derivedData/Build/Intermediates.noindex/InputBarAccessoryView.build/Debug-appletvos/InputBarAccessoryView-t.build/Objects-normal/arm64/InputBarAccessoryView.swiftmodule -serialize-diagnostics -dependency-scan-serialize-diagnostics-path /Users/admin/builder/spi-builder-workspace/.derivedData/Build/Intermediates.noindex/InputBarAccessoryView.build/Debug-appletvos/InputBarAccessoryView-t.build/Objects-normal/arm64/InputBarAccessoryView-dependency-scan.dia -validate-clang-modules-once -clang-build-session-file /Users/admin/builder/spi-builder-workspace/.derivedData/ModuleCache.noindex/Session.modulevalidation -Xcc -fmodules-prune-interval\=86400 -Xcc -fmodules-prune-after\=345600 -emit-const-values -const-gather-protocols-list /Users/admin/builder/spi-builder-workspace/.derivedData/Build/Intermediates.noindex/InputBarAccessoryView.build/Debug-appletvos/InputBarAccessoryView-t.build/Objects-normal/arm64/InputBarAccessoryView_const_extract_protocols.json -Xcc -I/Users/admin/builder/spi-builder-workspace/.derivedData/Build/Products/Debug-appletvos/include -Xcc -I/Users/admin/builder/spi-builder-workspace/.derivedData/Build/Intermediates.noindex/InputBarAccessoryView.build/Debug-appletvos/InputBarAccessoryView-t.build/DerivedSources-normal/arm64 -Xcc -I/Users/admin/builder/spi-builder-workspace/.derivedData/Build/Intermediates.noindex/InputBarAccessoryView.build/Debug-appletvos/InputBarAccessoryView-t.build/DerivedSources/arm64 -Xcc -I/Users/admin/builder/spi-builder-workspace/.derivedData/Build/Intermediates.noindex/InputBarAccessoryView.build/Debug-appletvos/InputBarAccessoryView-t.build/DerivedSources -Xcc -DSWIFT_PACKAGE -Xcc -DDEBUG\=1 -emit-objc-header -emit-objc-header-path /Users/admin/builder/spi-builder-workspace/.derivedData/Build/Intermediates.noindex/InputBarAccessoryView.build/Debug-appletvos/InputBarAccessoryView-t.build/Objects-normal/arm64/InputBarAccessoryView-Swift.h -working-directory /Users/admin/builder/spi-builder-workspace/.swiftpm/xcode -experimental-emit-module-separately -disable-cmo
SwiftCompile normal arm64 Compiling\ InputBarButtonItem.swift,\ InputBarSendButton.swift,\ NSMutableAttributedString+Extensions.swift,\ NSNotification+Extensions.swift /Users/admin/builder/spi-builder-workspace/.dependencies/checkouts/InputBarAccessoryView/Sources/Controls/InputBarButtonItem.swift /Users/admin/builder/spi-builder-workspace/.dependencies/checkouts/InputBarAccessoryView/Sources/Controls/InputBarSendButton.swift /Users/admin/builder/spi-builder-workspace/.dependencies/checkouts/InputBarAccessoryView/Sources/Extensions/NSMutableAttributedString+Extensions.swift /Users/admin/builder/spi-builder-workspace/.dependencies/checkouts/InputBarAccessoryView/Sources/Extensions/NSNotification+Extensions.swift (in target 'InputBarAccessoryView' from project 'InputBarAccessoryView')
/Users/admin/builder/spi-builder-workspace/.dependencies/checkouts/InputBarAccessoryView/Sources/Controls/InputBarSendButton.swift:46:52: error: 'gray' is unavailable in tvOS
44 |
45 | private let activityView: UIActivityIndicatorView = {
46 | let view = UIActivityIndicatorView(style: .gray)
| `- error: 'gray' is unavailable in tvOS
47 | view.isUserInteractionEnabled = false
48 | view.isHidden = true
UIKit.UIActivityIndicatorView.Style.gray:4:10: note: 'gray' has been explicitly marked unavailable here
2 | enum Style {
3 | @available(tvOS, unavailable)
4 | case gray }
| `- note: 'gray' has been explicitly marked unavailable here
5 | }
6 |
/Users/admin/builder/spi-builder-workspace/.dependencies/checkouts/InputBarAccessoryView/Sources/Extensions/NSNotification+Extensions.swift:34:26: error: 'keyboardWillShowNotification' is unavailable in tvOS
32 | var event: KeyboardEvent {
33 | switch self.name {
34 | case UIResponder.keyboardWillShowNotification:
| `- error: 'keyboardWillShowNotification' is unavailable in tvOS
35 | return .willShow
36 | case UIResponder.keyboardDidShowNotification:
/Applications/Xcode-27.0.0-Release.Candidate.app/Contents/Developer/Platforms/AppleTVOS.platform/Developer/SDKs/AppleTVOS27.0.sdk/System/Library/Frameworks/UIKit.framework/Headers/UIWindow.h:132:39: note: 'keyboardWillShowNotification' has been explicitly marked unavailable here
130 | // Use the various UICoordinateSpace convertRect facilities to get the frame in the desired coordinate system.
131 | // Animation key/value pairs are only available for the "will" family of notification.
132 | UIKIT_EXTERN NSNotificationName const UIKeyboardWillShowNotification API_UNAVAILABLE(tvos, watchos) NS_SWIFT_NONISOLATED;
| `- note: 'keyboardWillShowNotification' has been explicitly marked unavailable here
133 | UIKIT_EXTERN NSNotificationName const UIKeyboardDidShowNotification API_UNAVAILABLE(tvos, watchos) NS_SWIFT_NONISOLATED;
134 | UIKIT_EXTERN NSNotificationName const UIKeyboardWillHideNotification API_UNAVAILABLE(tvos, watchos) NS_SWIFT_NONISOLATED;
/Users/admin/builder/spi-builder-workspace/.dependencies/checkouts/InputBarAccessoryView/Sources/Extensions/NSNotification+Extensions.swift:36:26: error: 'keyboardDidShowNotification' is unavailable in tvOS
34 | case UIResponder.keyboardWillShowNotification:
35 | return .willShow
36 | case UIResponder.keyboardDidShowNotification:
| `- error: 'keyboardDidShowNotification' is unavailable in tvOS
37 | return .didShow
38 | case UIResponder.keyboardWillHideNotification:
/Applications/Xcode-27.0.0-Release.Candidate.app/Contents/Developer/Platforms/AppleTVOS.platform/Developer/SDKs/AppleTVOS27.0.sdk/System/Library/Frameworks/UIKit.framework/Headers/UIWindow.h:133:39: note: 'keyboardDidShowNotification' has been explicitly marked unavailable here
131 | // Animation key/value pairs are only available for the "will" family of notification.
132 | UIKIT_EXTERN NSNotificationName const UIKeyboardWillShowNotification API_UNAVAILABLE(tvos, watchos) NS_SWIFT_NONISOLATED;
133 | UIKIT_EXTERN NSNotificationName const UIKeyboardDidShowNotification API_UNAVAILABLE(tvos, watchos) NS_SWIFT_NONISOLATED;
| `- note: 'keyboardDidShowNotification' has been explicitly marked unavailable here
134 | UIKIT_EXTERN NSNotificationName const UIKeyboardWillHideNotification API_UNAVAILABLE(tvos, watchos) NS_SWIFT_NONISOLATED;
135 | UIKIT_EXTERN NSNotificationName const UIKeyboardDidHideNotification API_UNAVAILABLE(tvos, watchos) NS_SWIFT_NONISOLATED;
/Users/admin/builder/spi-builder-workspace/.dependencies/checkouts/InputBarAccessoryView/Sources/Extensions/NSNotification+Extensions.swift:38:26: error: 'keyboardWillHideNotification' is unavailable in tvOS
36 | case UIResponder.keyboardDidShowNotification:
37 | return .didShow
38 | case UIResponder.keyboardWillHideNotification:
| `- error: 'keyboardWillHideNotification' is unavailable in tvOS
39 | return .willHide
40 | case UIResponder.keyboardDidHideNotification:
/Applications/Xcode-27.0.0-Release.Candidate.app/Contents/Developer/Platforms/AppleTVOS.platform/Developer/SDKs/AppleTVOS27.0.sdk/System/Library/Frameworks/UIKit.framework/Headers/UIWindow.h:134:39: note: 'keyboardWillHideNotification' has been explicitly marked unavailable here
132 | UIKIT_EXTERN NSNotificationName const UIKeyboardWillShowNotification API_UNAVAILABLE(tvos, watchos) NS_SWIFT_NONISOLATED;
133 | UIKIT_EXTERN NSNotificationName const UIKeyboardDidShowNotification API_UNAVAILABLE(tvos, watchos) NS_SWIFT_NONISOLATED;
134 | UIKIT_EXTERN NSNotificationName const UIKeyboardWillHideNotification API_UNAVAILABLE(tvos, watchos) NS_SWIFT_NONISOLATED;
| `- note: 'keyboardWillHideNotification' has been explicitly marked unavailable here
135 | UIKIT_EXTERN NSNotificationName const UIKeyboardDidHideNotification API_UNAVAILABLE(tvos, watchos) NS_SWIFT_NONISOLATED;
136 |
/Users/admin/builder/spi-builder-workspace/.dependencies/checkouts/InputBarAccessoryView/Sources/Extensions/NSNotification+Extensions.swift:40:26: error: 'keyboardDidHideNotification' is unavailable in tvOS
38 | case UIResponder.keyboardWillHideNotification:
39 | return .willHide
40 | case UIResponder.keyboardDidHideNotification:
| `- error: 'keyboardDidHideNotification' is unavailable in tvOS
41 | return .didHide
42 | case UIResponder.keyboardWillChangeFrameNotification:
/Applications/Xcode-27.0.0-Release.Candidate.app/Contents/Developer/Platforms/AppleTVOS.platform/Developer/SDKs/AppleTVOS27.0.sdk/System/Library/Frameworks/UIKit.framework/Headers/UIWindow.h:135:39: note: 'keyboardDidHideNotification' has been explicitly marked unavailable here
133 | UIKIT_EXTERN NSNotificationName const UIKeyboardDidShowNotification API_UNAVAILABLE(tvos, watchos) NS_SWIFT_NONISOLATED;
134 | UIKIT_EXTERN NSNotificationName const UIKeyboardWillHideNotification API_UNAVAILABLE(tvos, watchos) NS_SWIFT_NONISOLATED;
135 | UIKIT_EXTERN NSNotificationName const UIKeyboardDidHideNotification API_UNAVAILABLE(tvos, watchos) NS_SWIFT_NONISOLATED;
| `- note: 'keyboardDidHideNotification' has been explicitly marked unavailable here
136 |
137 | UIKIT_EXTERN NSString *const UIKeyboardFrameBeginUserInfoKey API_AVAILABLE(ios(3.2)) API_UNAVAILABLE(tvos, watchos) NS_SWIFT_NONISOLATED; // NSValue of CGRect
/Users/admin/builder/spi-builder-workspace/.dependencies/checkouts/InputBarAccessoryView/Sources/Extensions/NSNotification+Extensions.swift:42:26: error: 'keyboardWillChangeFrameNotification' is unavailable in tvOS
40 | case UIResponder.keyboardDidHideNotification:
41 | return .didHide
42 | case UIResponder.keyboardWillChangeFrameNotification:
| `- error: 'keyboardWillChangeFrameNotification' is unavailable in tvOS
43 | return .willChangeFrame
44 | case UIResponder.keyboardDidChangeFrameNotification:
/Applications/Xcode-27.0.0-Release.Candidate.app/Contents/Developer/Platforms/AppleTVOS.platform/Developer/SDKs/AppleTVOS27.0.sdk/System/Library/Frameworks/UIKit.framework/Headers/UIWindow.h:145:39: note: 'keyboardWillChangeFrameNotification' has been explicitly marked unavailable here
143 | // Like the standard keyboard notifications above, these additional notifications include
144 | // a nil object and begin/end frames of the keyboard in screen coordinates in the userInfo dictionary.
145 | UIKIT_EXTERN NSNotificationName const UIKeyboardWillChangeFrameNotification API_AVAILABLE(ios(5.0)) API_UNAVAILABLE(tvos, watchos) NS_SWIFT_NONISOLATED;
| `- note: 'keyboardWillChangeFrameNotification' has been explicitly marked unavailable here
146 | UIKIT_EXTERN NSNotificationName const UIKeyboardDidChangeFrameNotification API_AVAILABLE(ios(5.0)) API_UNAVAILABLE(tvos, watchos) NS_SWIFT_NONISOLATED;
147 |
/Users/admin/builder/spi-builder-workspace/.dependencies/checkouts/InputBarAccessoryView/Sources/Extensions/NSNotification+Extensions.swift:44:26: error: 'keyboardDidChangeFrameNotification' is unavailable in tvOS
42 | case UIResponder.keyboardWillChangeFrameNotification:
43 | return .willChangeFrame
44 | case UIResponder.keyboardDidChangeFrameNotification:
| `- error: 'keyboardDidChangeFrameNotification' is unavailable in tvOS
45 | return .didChangeFrame
46 | default:
/Applications/Xcode-27.0.0-Release.Candidate.app/Contents/Developer/Platforms/AppleTVOS.platform/Developer/SDKs/AppleTVOS27.0.sdk/System/Library/Frameworks/UIKit.framework/Headers/UIWindow.h:146:39: note: 'keyboardDidChangeFrameNotification' has been explicitly marked unavailable here
144 | // a nil object and begin/end frames of the keyboard in screen coordinates in the userInfo dictionary.
145 | UIKIT_EXTERN NSNotificationName const UIKeyboardWillChangeFrameNotification API_AVAILABLE(ios(5.0)) API_UNAVAILABLE(tvos, watchos) NS_SWIFT_NONISOLATED;
146 | UIKIT_EXTERN NSNotificationName const UIKeyboardDidChangeFrameNotification API_AVAILABLE(ios(5.0)) API_UNAVAILABLE(tvos, watchos) NS_SWIFT_NONISOLATED;
| `- note: 'keyboardDidChangeFrameNotification' has been explicitly marked unavailable here
147 |
148 | // These keys are superseded by UIKeyboardFrameBeginUserInfoKey and UIKeyboardFrameEndUserInfoKey.
SwiftCompile normal arm64 /Users/admin/builder/spi-builder-workspace/.dependencies/checkouts/InputBarAccessoryView/Sources/Controls/InputBarButtonItem.swift (in target 'InputBarAccessoryView' from project 'InputBarAccessoryView')
cd /Users/admin/builder/spi-builder-workspace/.swiftpm/xcode
builtin-SwiftPerFileCompile InputBarButtonItem.swift
SwiftCompile normal arm64 /Users/admin/builder/spi-builder-workspace/.dependencies/checkouts/InputBarAccessoryView/Sources/Controls/InputBarSendButton.swift (in target 'InputBarAccessoryView' from project 'InputBarAccessoryView')
cd /Users/admin/builder/spi-builder-workspace/.swiftpm/xcode
builtin-SwiftPerFileCompile InputBarSendButton.swift
SwiftCompile normal arm64 /Users/admin/builder/spi-builder-workspace/.dependencies/checkouts/InputBarAccessoryView/Sources/Extensions/NSMutableAttributedString+Extensions.swift (in target 'InputBarAccessoryView' from project 'InputBarAccessoryView')
cd /Users/admin/builder/spi-builder-workspace/.swiftpm/xcode
builtin-SwiftPerFileCompile NSMutableAttributedString+Extensions.swift
SwiftCompile normal arm64 /Users/admin/builder/spi-builder-workspace/.dependencies/checkouts/InputBarAccessoryView/Sources/Extensions/NSNotification+Extensions.swift (in target 'InputBarAccessoryView' from project 'InputBarAccessoryView')
cd /Users/admin/builder/spi-builder-workspace/.swiftpm/xcode
builtin-SwiftPerFileCompile NSNotification+Extensions.swift
/Users/admin/builder/spi-builder-workspace/.dependencies/checkouts/InputBarAccessoryView/Sources/Extensions/NSNotification+Extensions.swift:52:49: error: 'keyboardAnimationDurationUserInfoKey' is unavailable in tvOS
50 |
51 | var timeInterval: TimeInterval? {
52 | guard let value = userInfo?[UIResponder.keyboardAnimationDurationUserInfoKey] as? NSNumber else { return nil }
| `- error: 'keyboardAnimationDurationUserInfoKey' is unavailable in tvOS
53 | return TimeInterval(truncating: value)
54 | }
/Applications/Xcode-27.0.0-Release.Candidate.app/Contents/Developer/Platforms/AppleTVOS.platform/Developer/SDKs/AppleTVOS27.0.sdk/System/Library/Frameworks/UIKit.framework/Headers/UIWindow.h:139:30: note: 'keyboardAnimationDurationUserInfoKey' has been explicitly marked unavailable here
137 | UIKIT_EXTERN NSString *const UIKeyboardFrameBeginUserInfoKey API_AVAILABLE(ios(3.2)) API_UNAVAILABLE(tvos, watchos) NS_SWIFT_NONISOLATED; // NSValue of CGRect
138 | UIKIT_EXTERN NSString *const UIKeyboardFrameEndUserInfoKey API_AVAILABLE(ios(3.2)) API_UNAVAILABLE(tvos, watchos) NS_SWIFT_NONISOLATED; // NSValue of CGRect
139 | UIKIT_EXTERN NSString *const UIKeyboardAnimationDurationUserInfoKey API_AVAILABLE(ios(3.0)) API_UNAVAILABLE(tvos, watchos) NS_SWIFT_NONISOLATED; // NSNumber of double
| `- note: 'keyboardAnimationDurationUserInfoKey' has been explicitly marked unavailable here
140 | UIKIT_EXTERN NSString *const UIKeyboardAnimationCurveUserInfoKey API_AVAILABLE(ios(3.0)) API_UNAVAILABLE(tvos, watchos) NS_SWIFT_NONISOLATED; // NSNumber of NSUInteger (UIViewAnimationCurve)
141 | UIKIT_EXTERN NSString *const UIKeyboardIsLocalUserInfoKey API_AVAILABLE(ios(9.0)) API_UNAVAILABLE(tvos, watchos) NS_SWIFT_NONISOLATED; // NSNumber of BOOL
/Users/admin/builder/spi-builder-workspace/.dependencies/checkouts/InputBarAccessoryView/Sources/Extensions/NSNotification+Extensions.swift:57:50: error: 'keyboardAnimationCurveUserInfoKey' is unavailable in tvOS
55 |
56 | var animationCurve: UIView.AnimationCurve? {
57 | guard let index = (userInfo?[UIResponder.keyboardAnimationCurveUserInfoKey] as? NSNumber)?.intValue else { return nil }
| `- error: 'keyboardAnimationCurveUserInfoKey' is unavailable in tvOS
58 | guard index >= 0 && index <= 3 else { return .linear }
59 | return UIView.AnimationCurve.init(rawValue: index) ?? .linear
/Applications/Xcode-27.0.0-Release.Candidate.app/Contents/Developer/Platforms/AppleTVOS.platform/Developer/SDKs/AppleTVOS27.0.sdk/System/Library/Frameworks/UIKit.framework/Headers/UIWindow.h:140:30: note: 'keyboardAnimationCurveUserInfoKey' has been explicitly marked unavailable here
138 | UIKIT_EXTERN NSString *const UIKeyboardFrameEndUserInfoKey API_AVAILABLE(ios(3.2)) API_UNAVAILABLE(tvos, watchos) NS_SWIFT_NONISOLATED; // NSValue of CGRect
139 | UIKIT_EXTERN NSString *const UIKeyboardAnimationDurationUserInfoKey API_AVAILABLE(ios(3.0)) API_UNAVAILABLE(tvos, watchos) NS_SWIFT_NONISOLATED; // NSNumber of double
140 | UIKIT_EXTERN NSString *const UIKeyboardAnimationCurveUserInfoKey API_AVAILABLE(ios(3.0)) API_UNAVAILABLE(tvos, watchos) NS_SWIFT_NONISOLATED; // NSNumber of NSUInteger (UIViewAnimationCurve)
| `- note: 'keyboardAnimationCurveUserInfoKey' has been explicitly marked unavailable here
141 | UIKIT_EXTERN NSString *const UIKeyboardIsLocalUserInfoKey API_AVAILABLE(ios(9.0)) API_UNAVAILABLE(tvos, watchos) NS_SWIFT_NONISOLATED; // NSNumber of BOOL
142 |
/Users/admin/builder/spi-builder-workspace/.dependencies/checkouts/InputBarAccessoryView/Sources/Extensions/NSNotification+Extensions.swift:79:39: error: 'keyboardFrameBeginUserInfoKey' is unavailable in tvOS
77 |
78 | var startFrame: CGRect? {
79 | return (userInfo?[UIResponder.keyboardFrameBeginUserInfoKey] as? NSValue)?.cgRectValue
| `- error: 'keyboardFrameBeginUserInfoKey' is unavailable in tvOS
80 | }
81 |
/Applications/Xcode-27.0.0-Release.Candidate.app/Contents/Developer/Platforms/AppleTVOS.platform/Developer/SDKs/AppleTVOS27.0.sdk/System/Library/Frameworks/UIKit.framework/Headers/UIWindow.h:137:30: note: 'keyboardFrameBeginUserInfoKey' has been explicitly marked unavailable here
135 | UIKIT_EXTERN NSNotificationName const UIKeyboardDidHideNotification API_UNAVAILABLE(tvos, watchos) NS_SWIFT_NONISOLATED;
136 |
137 | UIKIT_EXTERN NSString *const UIKeyboardFrameBeginUserInfoKey API_AVAILABLE(ios(3.2)) API_UNAVAILABLE(tvos, watchos) NS_SWIFT_NONISOLATED; // NSValue of CGRect
| `- note: 'keyboardFrameBeginUserInfoKey' has been explicitly marked unavailable here
138 | UIKIT_EXTERN NSString *const UIKeyboardFrameEndUserInfoKey API_AVAILABLE(ios(3.2)) API_UNAVAILABLE(tvos, watchos) NS_SWIFT_NONISOLATED; // NSValue of CGRect
139 | UIKIT_EXTERN NSString *const UIKeyboardAnimationDurationUserInfoKey API_AVAILABLE(ios(3.0)) API_UNAVAILABLE(tvos, watchos) NS_SWIFT_NONISOLATED; // NSNumber of double
/Users/admin/builder/spi-builder-workspace/.dependencies/checkouts/InputBarAccessoryView/Sources/Extensions/NSNotification+Extensions.swift:83:39: error: 'keyboardFrameEndUserInfoKey' is unavailable in tvOS
81 |
82 | var endFrame: CGRect? {
83 | return (userInfo?[UIResponder.keyboardFrameEndUserInfoKey] as? NSValue)?.cgRectValue
| `- error: 'keyboardFrameEndUserInfoKey' is unavailable in tvOS
84 | }
85 |
/Applications/Xcode-27.0.0-Release.Candidate.app/Contents/Developer/Platforms/AppleTVOS.platform/Developer/SDKs/AppleTVOS27.0.sdk/System/Library/Frameworks/UIKit.framework/Headers/UIWindow.h:138:30: note: 'keyboardFrameEndUserInfoKey' has been explicitly marked unavailable here
136 |
137 | UIKIT_EXTERN NSString *const UIKeyboardFrameBeginUserInfoKey API_AVAILABLE(ios(3.2)) API_UNAVAILABLE(tvos, watchos) NS_SWIFT_NONISOLATED; // NSValue of CGRect
138 | UIKIT_EXTERN NSString *const UIKeyboardFrameEndUserInfoKey API_AVAILABLE(ios(3.2)) API_UNAVAILABLE(tvos, watchos) NS_SWIFT_NONISOLATED; // NSValue of CGRect
| `- note: 'keyboardFrameEndUserInfoKey' has been explicitly marked unavailable here
139 | UIKIT_EXTERN NSString *const UIKeyboardAnimationDurationUserInfoKey API_AVAILABLE(ios(3.0)) API_UNAVAILABLE(tvos, watchos) NS_SWIFT_NONISOLATED; // NSNumber of double
140 | UIKIT_EXTERN NSString *const UIKeyboardAnimationCurveUserInfoKey API_AVAILABLE(ios(3.0)) API_UNAVAILABLE(tvos, watchos) NS_SWIFT_NONISOLATED; // NSNumber of NSUInteger (UIViewAnimationCurve)
/Users/admin/builder/spi-builder-workspace/.dependencies/checkouts/InputBarAccessoryView/Sources/Extensions/NSNotification+Extensions.swift:87:39: error: 'keyboardIsLocalUserInfoKey' is unavailable in tvOS
85 |
86 | var isForCurrentApp: Bool? {
87 | return (userInfo?[UIResponder.keyboardIsLocalUserInfoKey] as? NSNumber)?.boolValue
| `- error: 'keyboardIsLocalUserInfoKey' is unavailable in tvOS
88 | }
89 |
/Applications/Xcode-27.0.0-Release.Candidate.app/Contents/Developer/Platforms/AppleTVOS.platform/Developer/SDKs/AppleTVOS27.0.sdk/System/Library/Frameworks/UIKit.framework/Headers/UIWindow.h:141:30: note: 'keyboardIsLocalUserInfoKey' has been explicitly marked unavailable here
139 | UIKIT_EXTERN NSString *const UIKeyboardAnimationDurationUserInfoKey API_AVAILABLE(ios(3.0)) API_UNAVAILABLE(tvos, watchos) NS_SWIFT_NONISOLATED; // NSNumber of double
140 | UIKIT_EXTERN NSString *const UIKeyboardAnimationCurveUserInfoKey API_AVAILABLE(ios(3.0)) API_UNAVAILABLE(tvos, watchos) NS_SWIFT_NONISOLATED; // NSNumber of NSUInteger (UIViewAnimationCurve)
141 | UIKIT_EXTERN NSString *const UIKeyboardIsLocalUserInfoKey API_AVAILABLE(ios(9.0)) API_UNAVAILABLE(tvos, watchos) NS_SWIFT_NONISOLATED; // NSNumber of BOOL
| `- note: 'keyboardIsLocalUserInfoKey' has been explicitly marked unavailable here
142 |
143 | // Like the standard keyboard notifications above, these additional notifications include
SwiftCompile normal arm64 Compiling\ NSConstraintLayoutSet.swift,\ AttachmentManager.swift,\ AttachmentManagerDataSource.swift,\ AttachmentManagerDelegate.swift /Users/admin/builder/spi-builder-workspace/.dependencies/checkouts/InputBarAccessoryView/Sources/Models/NSConstraintLayoutSet.swift /Users/admin/builder/spi-builder-workspace/.dependencies/checkouts/InputBarAccessoryView/Sources/Plugins/AttachmentManager/AttachmentManager.swift /Users/admin/builder/spi-builder-workspace/.dependencies/checkouts/InputBarAccessoryView/Sources/Plugins/AttachmentManager/Protocols/AttachmentManagerDataSource.swift /Users/admin/builder/spi-builder-workspace/.dependencies/checkouts/InputBarAccessoryView/Sources/Plugins/AttachmentManager/Protocols/AttachmentManagerDelegate.swift (in target 'InputBarAccessoryView' from project 'InputBarAccessoryView')
SwiftCompile normal arm64 /Users/admin/builder/spi-builder-workspace/.dependencies/checkouts/InputBarAccessoryView/Sources/Models/NSConstraintLayoutSet.swift (in target 'InputBarAccessoryView' from project 'InputBarAccessoryView')
cd /Users/admin/builder/spi-builder-workspace/.swiftpm/xcode
builtin-SwiftPerFileCompile NSConstraintLayoutSet.swift
SwiftCompile normal arm64 /Users/admin/builder/spi-builder-workspace/.dependencies/checkouts/InputBarAccessoryView/Sources/Plugins/AttachmentManager/AttachmentManager.swift (in target 'InputBarAccessoryView' from project 'InputBarAccessoryView')
cd /Users/admin/builder/spi-builder-workspace/.swiftpm/xcode
builtin-SwiftPerFileCompile AttachmentManager.swift
SwiftCompile normal arm64 /Users/admin/builder/spi-builder-workspace/.dependencies/checkouts/InputBarAccessoryView/Sources/Plugins/AttachmentManager/Protocols/AttachmentManagerDataSource.swift (in target 'InputBarAccessoryView' from project 'InputBarAccessoryView')
cd /Users/admin/builder/spi-builder-workspace/.swiftpm/xcode
builtin-SwiftPerFileCompile AttachmentManagerDataSource.swift
SwiftCompile normal arm64 /Users/admin/builder/spi-builder-workspace/.dependencies/checkouts/InputBarAccessoryView/Sources/Plugins/AttachmentManager/Protocols/AttachmentManagerDelegate.swift (in target 'InputBarAccessoryView' from project 'InputBarAccessoryView')
cd /Users/admin/builder/spi-builder-workspace/.swiftpm/xcode
builtin-SwiftPerFileCompile AttachmentManagerDelegate.swift
SwiftCompile normal arm64 Compiling\ AttachmentCell.swift,\ AttachmentsView.swift,\ ImageAttachmentCell.swift /Users/admin/builder/spi-builder-workspace/.dependencies/checkouts/InputBarAccessoryView/Sources/Plugins/AttachmentManager/Views/AttachmentCell.swift /Users/admin/builder/spi-builder-workspace/.dependencies/checkouts/InputBarAccessoryView/Sources/Plugins/AttachmentManager/Views/AttachmentsView.swift /Users/admin/builder/spi-builder-workspace/.dependencies/checkouts/InputBarAccessoryView/Sources/Plugins/AttachmentManager/Views/ImageAttachmentCell.swift (in target 'InputBarAccessoryView' from project 'InputBarAccessoryView')
SwiftCompile normal arm64 /Users/admin/builder/spi-builder-workspace/.dependencies/checkouts/InputBarAccessoryView/Sources/Plugins/AttachmentManager/Views/AttachmentCell.swift (in target 'InputBarAccessoryView' from project 'InputBarAccessoryView')
cd /Users/admin/builder/spi-builder-workspace/.swiftpm/xcode
builtin-SwiftPerFileCompile AttachmentCell.swift
SwiftCompile normal arm64 /Users/admin/builder/spi-builder-workspace/.dependencies/checkouts/InputBarAccessoryView/Sources/Plugins/AttachmentManager/Views/AttachmentsView.swift (in target 'InputBarAccessoryView' from project 'InputBarAccessoryView')
cd /Users/admin/builder/spi-builder-workspace/.swiftpm/xcode
builtin-SwiftPerFileCompile AttachmentsView.swift
SwiftCompile normal arm64 /Users/admin/builder/spi-builder-workspace/.dependencies/checkouts/InputBarAccessoryView/Sources/Plugins/AttachmentManager/Views/ImageAttachmentCell.swift (in target 'InputBarAccessoryView' from project 'InputBarAccessoryView')
cd /Users/admin/builder/spi-builder-workspace/.swiftpm/xcode
builtin-SwiftPerFileCompile ImageAttachmentCell.swift
SwiftCompile normal arm64 Compiling\ KeyboardEvent.swift,\ KeyboardManager.swift,\ KeyboardNotification.swift,\ HorizontalEdgePadding.swift /Users/admin/builder/spi-builder-workspace/.dependencies/checkouts/InputBarAccessoryView/Sources/KeyboardManager/KeyboardEvent.swift /Users/admin/builder/spi-builder-workspace/.dependencies/checkouts/InputBarAccessoryView/Sources/KeyboardManager/KeyboardManager.swift /Users/admin/builder/spi-builder-workspace/.dependencies/checkouts/InputBarAccessoryView/Sources/KeyboardManager/KeyboardNotification.swift /Users/admin/builder/spi-builder-workspace/.dependencies/checkouts/InputBarAccessoryView/Sources/Models/HorizontalEdgePadding.swift (in target 'InputBarAccessoryView' from project 'InputBarAccessoryView')
/Users/admin/builder/spi-builder-workspace/.dependencies/checkouts/InputBarAccessoryView/Sources/KeyboardManager/KeyboardManager.swift:95:66: error: 'keyboardWillShowNotification' is unavailable in tvOS
93 | NotificationCenter.default.addObserver(self,
94 | selector: #selector(keyboardWillShow(notification:)),
95 | name: UIResponder.keyboardWillShowNotification,
| `- error: 'keyboardWillShowNotification' is unavailable in tvOS
96 | object: nil)
97 | NotificationCenter.default.addObserver(self,
/Applications/Xcode-27.0.0-Release.Candidate.app/Contents/Developer/Platforms/AppleTVOS.platform/Developer/SDKs/AppleTVOS27.0.sdk/System/Library/Frameworks/UIKit.framework/Headers/UIWindow.h:132:39: note: 'keyboardWillShowNotification' has been explicitly marked unavailable here
130 | // Use the various UICoordinateSpace convertRect facilities to get the frame in the desired coordinate system.
131 | // Animation key/value pairs are only available for the "will" family of notification.
132 | UIKIT_EXTERN NSNotificationName const UIKeyboardWillShowNotification API_UNAVAILABLE(tvos, watchos) NS_SWIFT_NONISOLATED;
| `- note: 'keyboardWillShowNotification' has been explicitly marked unavailable here
133 | UIKIT_EXTERN NSNotificationName const UIKeyboardDidShowNotification API_UNAVAILABLE(tvos, watchos) NS_SWIFT_NONISOLATED;
134 | UIKIT_EXTERN NSNotificationName const UIKeyboardWillHideNotification API_UNAVAILABLE(tvos, watchos) NS_SWIFT_NONISOLATED;
/Users/admin/builder/spi-builder-workspace/.dependencies/checkouts/InputBarAccessoryView/Sources/KeyboardManager/KeyboardManager.swift:99:66: error: 'keyboardDidShowNotification' is unavailable in tvOS
97 | NotificationCenter.default.addObserver(self,
98 | selector: #selector(keyboardDidShow(notification:)),
99 | name: UIResponder.keyboardDidShowNotification,
| `- error: 'keyboardDidShowNotification' is unavailable in tvOS
100 | object: nil)
101 | NotificationCenter.default.addObserver(self,
/Applications/Xcode-27.0.0-Release.Candidate.app/Contents/Developer/Platforms/AppleTVOS.platform/Developer/SDKs/AppleTVOS27.0.sdk/System/Library/Frameworks/UIKit.framework/Headers/UIWindow.h:133:39: note: 'keyboardDidShowNotification' has been explicitly marked unavailable here
131 | // Animation key/value pairs are only available for the "will" family of notification.
132 | UIKIT_EXTERN NSNotificationName const UIKeyboardWillShowNotification API_UNAVAILABLE(tvos, watchos) NS_SWIFT_NONISOLATED;
133 | UIKIT_EXTERN NSNotificationName const UIKeyboardDidShowNotification API_UNAVAILABLE(tvos, watchos) NS_SWIFT_NONISOLATED;
| `- note: 'keyboardDidShowNotification' has been explicitly marked unavailable here
134 | UIKIT_EXTERN NSNotificationName const UIKeyboardWillHideNotification API_UNAVAILABLE(tvos, watchos) NS_SWIFT_NONISOLATED;
135 | UIKIT_EXTERN NSNotificationName const UIKeyboardDidHideNotification API_UNAVAILABLE(tvos, watchos) NS_SWIFT_NONISOLATED;
/Users/admin/builder/spi-builder-workspace/.dependencies/checkouts/InputBarAccessoryView/Sources/KeyboardManager/KeyboardManager.swift:103:66: error: 'keyboardWillHideNotification' is unavailable in tvOS
101 | NotificationCenter.default.addObserver(self,
102 | selector: #selector(keyboardWillHide(notification:)),
103 | name: UIResponder.keyboardWillHideNotification,
| `- error: 'keyboardWillHideNotification' is unavailable in tvOS
104 | object: nil)
105 | NotificationCenter.default.addObserver(self,
/Applications/Xcode-27.0.0-Release.Candidate.app/Contents/Developer/Platforms/AppleTVOS.platform/Developer/SDKs/AppleTVOS27.0.sdk/System/Library/Frameworks/UIKit.framework/Headers/UIWindow.h:134:39: note: 'keyboardWillHideNotification' has been explicitly marked unavailable here
132 | UIKIT_EXTERN NSNotificationName const UIKeyboardWillShowNotification API_UNAVAILABLE(tvos, watchos) NS_SWIFT_NONISOLATED;
133 | UIKIT_EXTERN NSNotificationName const UIKeyboardDidShowNotification API_UNAVAILABLE(tvos, watchos) NS_SWIFT_NONISOLATED;
134 | UIKIT_EXTERN NSNotificationName const UIKeyboardWillHideNotification API_UNAVAILABLE(tvos, watchos) NS_SWIFT_NONISOLATED;
| `- note: 'keyboardWillHideNotification' has been explicitly marked unavailable here
135 | UIKIT_EXTERN NSNotificationName const UIKeyboardDidHideNotification API_UNAVAILABLE(tvos, watchos) NS_SWIFT_NONISOLATED;
136 |
/Users/admin/builder/spi-builder-workspace/.dependencies/checkouts/InputBarAccessoryView/Sources/KeyboardManager/KeyboardManager.swift:107:66: error: 'keyboardDidHideNotification' is unavailable in tvOS
105 | NotificationCenter.default.addObserver(self,
106 | selector: #selector(keyboardDidHide(notification:)),
107 | name: UIResponder.keyboardDidHideNotification,
| `- error: 'keyboardDidHideNotification' is unavailable in tvOS
108 | object: nil)
109 | NotificationCenter.default.addObserver(self,
/Applications/Xcode-27.0.0-Release.Candidate.app/Contents/Developer/Platforms/AppleTVOS.platform/Developer/SDKs/AppleTVOS27.0.sdk/System/Library/Frameworks/UIKit.framework/Headers/UIWindow.h:135:39: note: 'keyboardDidHideNotification' has been explicitly marked unavailable here
133 | UIKIT_EXTERN NSNotificationName const UIKeyboardDidShowNotification API_UNAVAILABLE(tvos, watchos) NS_SWIFT_NONISOLATED;
134 | UIKIT_EXTERN NSNotificationName const UIKeyboardWillHideNotification API_UNAVAILABLE(tvos, watchos) NS_SWIFT_NONISOLATED;
135 | UIKIT_EXTERN NSNotificationName const UIKeyboardDidHideNotification API_UNAVAILABLE(tvos, watchos) NS_SWIFT_NONISOLATED;
| `- note: 'keyboardDidHideNotification' has been explicitly marked unavailable here
136 |
137 | UIKIT_EXTERN NSString *const UIKeyboardFrameBeginUserInfoKey API_AVAILABLE(ios(3.2)) API_UNAVAILABLE(tvos, watchos) NS_SWIFT_NONISOLATED; // NSValue of CGRect
/Users/admin/builder/spi-builder-workspace/.dependencies/checkouts/InputBarAccessoryView/Sources/KeyboardManager/KeyboardManager.swift:111:66: error: 'keyboardWillChangeFrameNotification' is unavailable in tvOS
109 | NotificationCenter.default.addObserver(self,
110 | selector: #selector(keyboardWillChangeFrame(notification:)),
111 | name: UIResponder.keyboardWillChangeFrameNotification,
| `- error: 'keyboardWillChangeFrameNotification' is unavailable in tvOS
112 | object: nil)
113 | NotificationCenter.default.addObserver(self,
/Applications/Xcode-27.0.0-Release.Candidate.app/Contents/Developer/Platforms/AppleTVOS.platform/Developer/SDKs/AppleTVOS27.0.sdk/System/Library/Frameworks/UIKit.framework/Headers/UIWindow.h:145:39: note: 'keyboardWillChangeFrameNotification' has been explicitly marked unavailable here
143 | // Like the standard keyboard notifications above, these additional notifications include
144 | // a nil object and begin/end frames of the keyboard in screen coordinates in the userInfo dictionary.
145 | UIKIT_EXTERN NSNotificationName const UIKeyboardWillChangeFrameNotification API_AVAILABLE(ios(5.0)) API_UNAVAILABLE(tvos, watchos) NS_SWIFT_NONISOLATED;
| `- note: 'keyboardWillChangeFrameNotification' has been explicitly marked unavailable here
146 | UIKIT_EXTERN NSNotificationName const UIKeyboardDidChangeFrameNotification API_AVAILABLE(ios(5.0)) API_UNAVAILABLE(tvos, watchos) NS_SWIFT_NONISOLATED;
147 |
/Users/admin/builder/spi-builder-workspace/.dependencies/checkouts/InputBarAccessoryView/Sources/KeyboardManager/KeyboardManager.swift:115:66: error: 'keyboardDidChangeFrameNotification' is unavailable in tvOS
113 | NotificationCenter.default.addObserver(self,
114 | selector: #selector(keyboardDidChangeFrame(notification:)),
115 | name: UIResponder.keyboardDidChangeFrameNotification,
| `- error: 'keyboardDidChangeFrameNotification' is unavailable in tvOS
116 | object: nil)
117 | }
/Applications/Xcode-27.0.0-Release.Candidate.app/Contents/Developer/Platforms/AppleTVOS.platform/Developer/SDKs/AppleTVOS27.0.sdk/System/Library/Frameworks/UIKit.framework/Headers/UIWindow.h:146:39: note: 'keyboardDidChangeFrameNotification' has been explicitly marked unavailable here
144 | // a nil object and begin/end frames of the keyboard in screen coordinates in the userInfo dictionary.
145 | UIKIT_EXTERN NSNotificationName const UIKeyboardWillChangeFrameNotification API_AVAILABLE(ios(5.0)) API_UNAVAILABLE(tvos, watchos) NS_SWIFT_NONISOLATED;
146 | UIKIT_EXTERN NSNotificationName const UIKeyboardDidChangeFrameNotification API_AVAILABLE(ios(5.0)) API_UNAVAILABLE(tvos, watchos) NS_SWIFT_NONISOLATED;
| `- note: 'keyboardDidChangeFrameNotification' has been explicitly marked unavailable here
147 |
148 | // These keys are superseded by UIKeyboardFrameBeginUserInfoKey and UIKeyboardFrameEndUserInfoKey.
Failed frontend command:
/Applications/Xcode-27.0.0-Release.Candidate.app/Contents/Developer/Toolchains/XcodeDefault.xctoolchain/usr/bin/swift-frontend -frontend -c /Users/admin/builder/spi-builder-workspace/.dependencies/checkouts/InputBarAccessoryView/Sources/Controls/InputBarButtonItem.swift /Users/admin/builder/spi-builder-workspace/.dependencies/checkouts/InputBarAccessoryView/Sources/Controls/InputBarSendButton.swift /Users/admin/builder/spi-builder-workspace/.dependencies/checkouts/InputBarAccessoryView/Sources/Extensions/NSMutableAttributedString+Extensions.swift /Users/admin/builder/spi-builder-workspace/.dependencies/checkouts/InputBarAccessoryView/Sources/Extensions/NSNotification+Extensions.swift /Users/admin/builder/spi-builder-workspace/.dependencies/checkouts/InputBarAccessoryView/Sources/Extensions/String+Extensions.swift /Users/admin/builder/spi-builder-workspace/.dependencies/checkouts/InputBarAccessoryView/Sources/Extensions/UITextView+Extensions.swift /Users/admin/builder/spi-builder-workspace/.dependencies/checkouts/InputBarAccessoryView/Sources/Extensions/UIView+AutoLayout.swift /Users/admin/builder/spi-builder-workspace/.dependencies/checkouts/InputBarAccessoryView/Sources/InputBarAccessoryView.swift -primary-file /Users/admin/builder/spi-builder-workspace/.dependencies/checkouts/InputBarAccessoryView/Sources/KeyboardManager/KeyboardEvent.swift -primary-file /Users/admin/builder/spi-builder-workspace/.dependencies/checkouts/InputBarAccessoryView/Sources/KeyboardManager/KeyboardManager.swift -primary-file /Users/admin/builder/spi-builder-workspace/.dependencies/checkouts/InputBarAccessoryView/Sources/KeyboardManager/KeyboardNotification.swift -primary-file /Users/admin/builder/spi-builder-workspace/.dependencies/checkouts/InputBarAccessoryView/Sources/Models/HorizontalEdgePadding.swift /Users/admin/builder/spi-builder-workspace/.dependencies/checkouts/InputBarAccessoryView/Sources/Models/NSConstraintLayoutSet.swift /Users/admin/builder/spi-builder-workspace/.dependencies/checkouts/InputBarAccessoryView/Sources/Plugins/AttachmentManager/AttachmentManager.swift /Users/admin/builder/spi-builder-workspace/.dependencies/checkouts/InputBarAccessoryView/Sources/Plugins/AttachmentManager/Protocols/AttachmentManagerDataSource.swift /Users/admin/builder/spi-builder-workspace/.dependencies/checkouts/InputBarAccessoryView/Sources/Plugins/AttachmentManager/Protocols/AttachmentManagerDelegate.swift /Users/admin/builder/spi-builder-workspace/.dependencies/checkouts/InputBarAccessoryView/Sources/Plugins/AttachmentManager/Views/AttachmentCell.swift /Users/admin/builder/spi-builder-workspace/.dependencies/checkouts/InputBarAccessoryView/Sources/Plugins/AttachmentManager/Views/AttachmentsView.swift /Users/admin/builder/spi-builder-workspace/.dependencies/checkouts/InputBarAccessoryView/Sources/Plugins/AttachmentManager/Views/ImageAttachmentCell.swift /Users/admin/builder/spi-builder-workspace/.dependencies/checkouts/InputBarAccessoryView/Sources/Plugins/AutocompleteManager/AutocompleteManager.swift /Users/admin/builder/spi-builder-workspace/.dependencies/checkouts/InputBarAccessoryView/Sources/Plugins/AutocompleteManager/Models/AutocompleteCompletion.swift /Users/admin/builder/spi-builder-workspace/.dependencies/checkouts/InputBarAccessoryView/Sources/Plugins/AutocompleteManager/Models/AutocompleteSession.swift /Users/admin/builder/spi-builder-workspace/.dependencies/checkouts/InputBarAccessoryView/Sources/Plugins/AutocompleteManager/Protocols/AutocompleteManagerDataSource.swift /Users/admin/builder/spi-builder-workspace/.dependencies/checkouts/InputBarAccessoryView/Sources/Plugins/AutocompleteManager/Protocols/AutocompleteManagerDelegate.swift /Users/admin/builder/spi-builder-workspace/.dependencies/checkouts/InputBarAccessoryView/Sources/Plugins/AutocompleteManager/Views/AutocompleteCell.swift /Users/admin/builder/spi-builder-workspace/.dependencies/checkouts/InputBarAccessoryView/Sources/Plugins/AutocompleteManager/Views/AutocompleteTableView.swift /Users/admin/builder/spi-builder-workspace/.dependencies/checkouts/InputBarAccessoryView/Sources/Protocols/InputBarAccessoryViewDelegate.swift /Users/admin/builder/spi-builder-workspace/.dependencies/checkouts/InputBarAccessoryView/Sources/Protocols/InputItem.swift /Users/admin/builder/spi-builder-workspace/.dependencies/checkouts/InputBarAccessoryView/Sources/Protocols/InputPlugin.swift /Users/admin/builder/spi-builder-workspace/.dependencies/checkouts/InputBarAccessoryView/Sources/Supporting\ Files/InputBarAccessoryView+Availability.swift /Users/admin/builder/spi-builder-workspace/.dependencies/checkouts/InputBarAccessoryView/Sources/ViewControllers/InputBarViewController.swift /Users/admin/builder/spi-builder-workspace/.dependencies/checkouts/InputBarAccessoryView/Sources/Views/InputStackView.swift /Users/admin/builder/spi-builder-workspace/.dependencies/checkouts/InputBarAccessoryView/Sources/Views/InputTextView.swift /Users/admin/builder/spi-builder-workspace/.dependencies/checkouts/InputBarAccessoryView/Sources/Views/SeparatorLine.swift -supplementary-output-file-map /Users/admin/builder/spi-builder-workspace/.derivedData/Build/Intermediates.noindex/InputBarAccessoryView.build/Debug-appletvos/InputBarAccessoryView-t.build/Objects-normal/arm64/supplementaryOutputs-3 -target arm64-apple-tvos15.0 -disable-cross-import-overlay-search -load-resolved-plugin /Applications/Xcode-27.0.0-Release.Candidate.app/Contents/Developer/Platforms/AppleTVOS.platform/Developer/usr/lib/swift/host/plugins/libFoundationMacros.dylib\#/Applications/Xcode-27.0.0-Release.Candidate.app/Contents/Developer/Platforms/AppleTVOS.platform/Developer/usr/bin/swift-plugin-server\#FoundationMacros -load-resolved-plugin /Applications/Xcode-27.0.0-Release.Candidate.app/Contents/Developer/Platforms/AppleTVOS.platform/Developer/usr/lib/swift/host/plugins/libObservationMacros.dylib\#/Applications/Xcode-27.0.0-Release.Candidate.app/Contents/Developer/Platforms/AppleTVOS.platform/Developer/usr/bin/swift-plugin-server\#ObservationMacros -load-resolved-plugin /Applications/Xcode-27.0.0-Release.Candidate.app/Contents/Developer/Platforms/AppleTVOS.platform/Developer/usr/lib/swift/host/plugins/libPreviewsMacros.dylib\#/Applications/Xcode-27.0.0-Release.Candidate.app/Contents/Developer/Platforms/AppleTVOS.platform/Developer/usr/bin/swift-plugin-server\#PreviewsMacros -load-resolved-plugin /Applications/Xcode-27.0.0-Release.Candidate.app/Contents/Developer/Platforms/AppleTVOS.platform/Developer/usr/lib/swift/host/plugins/libSwiftMacros.dylib\#/Applications/Xcode-27.0.0-Release.Candidate.app/Contents/Developer/Platforms/AppleTVOS.platform/Developer/usr/bin/swift-plugin-server\#SwiftMacros -load-resolved-plugin /Applications/Xcode-27.0.0-Release.Candidate.app/Contents/Developer/Platforms/AppleTVOS.platform/Developer/usr/lib/swift/host/plugins/libSwiftUIMacros.dylib\#/Applications/Xcode-27.0.0-Release.Candidate.app/Contents/Developer/Platforms/AppleTVOS.platform/Developer/usr/bin/swift-plugin-server\#SwiftUIMacros -disable-implicit-swift-modules -Xcc -fno-implicit-modules -Xcc -fno-implicit-module-maps -explicit-swift-module-map-file /Users/admin/builder/spi-builder-workspace/.derivedData/Build/Intermediates.noindex/InputBarAccessoryView.build/Debug-appletvos/InputBarAccessoryView-t.build/Objects-normal/arm64/InputBarAccessoryView-dependencies-1.json -Xllvm -aarch64-use-tbi -enable-objc-interop -stack-check -sdk /Applications/Xcode-27.0.0-Release.Candidate.app/Contents/Developer/Platforms/AppleTVOS.platform/Developer/SDKs/AppleTVOS27.0.sdk -I /Users/admin/builder/spi-builder-workspace/.derivedData/Build/Products/Debug-appletvos -Isystem /Applications/Xcode-27.0.0-Release.Candidate.app/Contents/Developer/Platforms/AppleTVOS.platform/Developer/usr/lib -F /Users/admin/builder/spi-builder-workspace/.derivedData/Build/Products/Debug-appletvos -F /Applications/Xcode-27.0.0-Release.Candidate.app/Contents/Developer/Platforms/AppleTVOS.platform/Developer/Library/Frameworks -F /Applications/Xcode-27.0.0-Release.Candidate.app/Contents/Developer/Platforms/AppleTVOS.platform/Developer/SDKs/AppleTVOS27.0.sdk/Developer/Library/Frameworks -module-cache-path /Users/admin/builder/spi-builder-workspace/.derivedData/Build/Intermediates.noindex/SwiftExplicitPrecompiledModules -no-color-diagnostics -Xcc -fno-color-diagnostics -enable-testing -g -debug-info-format\=dwarf -dwarf-version\=4 -suppress-warnings -swift-version 5 -Onone -D SWIFT_PACKAGE -D DEBUG -D SWIFT_MODULE_RESOURCE_BUNDLE_UNAVAILABLE -D Xcode -serialize-debugging-options -enable-experimental-feature DebugDescriptionMacro -empty-abi-descriptor -validate-clang-modules-once -clang-build-session-file /Users/admin/builder/spi-builder-workspace/.derivedData/ModuleCache.noindex/Session.modulevalidation -Xcc -working-directory -Xcc /Users/admin/builder/spi-builder-workspace/.swiftpm/xcode -enable-anonymous-context-mangled-names -file-compilation-dir /Users/admin/builder/spi-builder-workspace/.swiftpm/xcode -Xcc -D_LIBCPP_HARDENING_MODE\=_LIBCPP_HARDENING_MODE_DEBUG -Xcc -ivfsstatcache -Xcc /Users/admin/builder/spi-builder-workspace/.derivedData/SDKStatCaches.noindex/appletvos27.0-24J360-e829b21a6f8c9b70876ba0858053c044b32bfd8d43560033f8d89884cdb90028.sdkstatcache -Xcc -fmodules-prune-interval\=86400 -Xcc -fmodules-prune-after\=345600 -Xcc -I/Users/admin/builder/spi-builder-workspace/.derivedData/Build/Products/Debug-appletvos/include -Xcc -I/Users/admin/builder/spi-builder-workspace/.derivedData/Build/Intermediates.noindex/InputBarAccessoryView.build/Debug-appletvos/InputBarAccessoryView-t.build/DerivedSources-normal/arm64 -Xcc -I/Users/admin/builder/spi-builder-workspace/.derivedData/Build/Intermediates.noindex/InputBarAccessoryView.build/Debug-appletvos/InputBarAccessoryView-t.build/DerivedSources/arm64 -Xcc -I/Users/admin/builder/spi-builder-workspace/.derivedData/Build/Intermediates.noindex/InputBarAccessoryView.build/Debug-appletvos/InputBarAccessoryView-t.build/DerivedSources -Xcc -DSWIFT_PACKAGE -Xcc -DDEBUG\=1 -no-auto-bridging-header-chaining -module-name InputBarAccessoryView -const-gather-protocols-file /Users/admin/builder/spi-builder-workspace/.derivedData/Build/Intermediates.noindex/InputBarAccessoryView.build/Debug-appletvos/InputBarAccessoryView-t.build/Objects-normal/arm64/InputBarAccessoryView_const_extract_protocols.json -disable-clang-spi -clang-target arm64-apple-tvos27.0 -target-sdk-version 27.0 -target-sdk-name appletvos27.0 -in-process-plugin-server-path /Applications/Xcode-27.0.0-Release.Candidate.app/Contents/Developer/Toolchains/XcodeDefault.xctoolchain/usr/lib/swift/host/libSwiftInProcPluginServer.dylib -parse-as-library -o /Users/admin/builder/spi-builder-workspace/.derivedData/Build/Intermediates.noindex/InputBarAccessoryView.build/Debug-appletvos/InputBarAccessoryView-t.build/Objects-normal/arm64/KeyboardEvent.o -o /Users/admin/builder/spi-builder-workspace/.derivedData/Build/Intermediates.noindex/InputBarAccessoryView.build/Debug-appletvos/InputBarAccessoryView-t.build/Objects-normal/arm64/KeyboardManager.o -o /Users/admin/builder/spi-builder-workspace/.derivedData/Build/Intermediates.noindex/InputBarAccessoryView.build/Debug-appletvos/InputBarAccessoryView-t.build/Objects-normal/arm64/KeyboardNotification.o -o /Users/admin/builder/spi-builder-workspace/.derivedData/Build/Intermediates.noindex/InputBarAccessoryView.build/Debug-appletvos/InputBarAccessoryView-t.build/Objects-normal/arm64/HorizontalEdgePadding.o -debug-module-path /Users/admin/builder/spi-builder-workspace/.derivedData/Build/Intermediates.noindex/InputBarAccessoryView.build/Debug-appletvos/InputBarAccessoryView-t.build/Objects-normal/arm64/InputBarAccessoryView.swiftmodule -index-unit-output-path /InputBarAccessoryView.build/Debug-appletvos/InputBarAccessoryView-t.build/Objects-normal/arm64/KeyboardEvent.o -index-unit-output-path /InputBarAccessoryView.build/Debug-appletvos/InputBarAccessoryView-t.build/Objects-normal/arm64/KeyboardManager.o -index-unit-output-path /InputBarAccessoryView.build/Debug-appletvos/InputBarAccessoryView-t.build/Objects-normal/arm64/KeyboardNotification.o -index-unit-output-path /InputBarAccessoryView.build/Debug-appletvos/InputBarAccessoryView-t.build/Objects-normal/arm64/HorizontalEdgePadding.o -index-store-path /Users/admin/builder/spi-builder-workspace/.derivedData/Index.noindex/DataStore -index-system-modules
SwiftCompile normal arm64 /Users/admin/builder/spi-builder-workspace/.dependencies/checkouts/InputBarAccessoryView/Sources/KeyboardManager/KeyboardEvent.swift (in target 'InputBarAccessoryView' from project 'InputBarAccessoryView')
cd /Users/admin/builder/spi-builder-workspace/.swiftpm/xcode
builtin-SwiftPerFileCompile KeyboardEvent.swift
SwiftCompile normal arm64 /Users/admin/builder/spi-builder-workspace/.dependencies/checkouts/InputBarAccessoryView/Sources/KeyboardManager/KeyboardManager.swift (in target 'InputBarAccessoryView' from project 'InputBarAccessoryView')
cd /Users/admin/builder/spi-builder-workspace/.swiftpm/xcode
builtin-SwiftPerFileCompile KeyboardManager.swift
SwiftCompile normal arm64 /Users/admin/builder/spi-builder-workspace/.dependencies/checkouts/InputBarAccessoryView/Sources/KeyboardManager/KeyboardNotification.swift (in target 'InputBarAccessoryView' from project 'InputBarAccessoryView')
cd /Users/admin/builder/spi-builder-workspace/.swiftpm/xcode
builtin-SwiftPerFileCompile KeyboardNotification.swift
SwiftCompile normal arm64 /Users/admin/builder/spi-builder-workspace/.dependencies/checkouts/InputBarAccessoryView/Sources/Models/HorizontalEdgePadding.swift (in target 'InputBarAccessoryView' from project 'InputBarAccessoryView')
cd /Users/admin/builder/spi-builder-workspace/.swiftpm/xcode
builtin-SwiftPerFileCompile HorizontalEdgePadding.swift
SwiftCompile normal arm64 Compiling\ String+Extensions.swift,\ UITextView+Extensions.swift,\ UIView+AutoLayout.swift,\ InputBarAccessoryView.swift /Users/admin/builder/spi-builder-workspace/.dependencies/checkouts/InputBarAccessoryView/Sources/Extensions/String+Extensions.swift /Users/admin/builder/spi-builder-workspace/.dependencies/checkouts/InputBarAccessoryView/Sources/Extensions/UITextView+Extensions.swift /Users/admin/builder/spi-builder-workspace/.dependencies/checkouts/InputBarAccessoryView/Sources/Extensions/UIView+AutoLayout.swift /Users/admin/builder/spi-builder-workspace/.dependencies/checkouts/InputBarAccessoryView/Sources/InputBarAccessoryView.swift (in target 'InputBarAccessoryView' from project 'InputBarAccessoryView')
/Users/admin/builder/spi-builder-workspace/.dependencies/checkouts/InputBarAccessoryView/Sources/InputBarAccessoryView.swift:44:37: error: 'systemBackground' is unavailable in tvOS
42 | view.translatesAutoresizingMaskIntoConstraints = false
43 | if #available(iOS 13, *) {
44 | view.backgroundColor = .systemBackground
| `- error: 'systemBackground' is unavailable in tvOS
45 | } else {
46 | view.backgroundColor = .white
/Applications/Xcode-27.0.0-Release.Candidate.app/Contents/Developer/Platforms/AppleTVOS.platform/Developer/SDKs/AppleTVOS27.0.sdk/System/Library/Frameworks/UIKit.framework/Headers/UIInterface.h:208:49: note: 'systemBackground' has been explicitly marked unavailable here
206 | * primary background in light mode.
207 | */
208 | @property (class, nonatomic, readonly) UIColor *systemBackgroundColor API_AVAILABLE(ios(13.0)) API_UNAVAILABLE(tvos, watchos);
| `- note: 'systemBackground' has been explicitly marked unavailable here
209 | @property (class, nonatomic, readonly) UIColor *secondarySystemBackgroundColor API_AVAILABLE(ios(13.0)) API_UNAVAILABLE(tvos, watchos);
210 | @property (class, nonatomic, readonly) UIColor *tertiarySystemBackgroundColor API_AVAILABLE(ios(13.0)) API_UNAVAILABLE(tvos, watchos);
/Users/admin/builder/spi-builder-workspace/.dependencies/checkouts/InputBarAccessoryView/Sources/InputBarAccessoryView.swift:69:47: error: 'systemMaterial' is unavailable in tvOS
67 | var blurEffect = UIBlurEffect(style: .light)
68 | if #available(iOS 13, *) {
69 | blurEffect = UIBlurEffect(style: .systemMaterial)
| `- error: 'systemMaterial' is unavailable in tvOS
70 | }
71 | let view = UIVisualEffectView(effect: blurEffect)
UIKit.UIBlurEffect.Style.systemMaterial:4:10: note: 'systemMaterial' has been explicitly marked unavailable here
2 | enum Style {
3 | @available(tvOS, unavailable)
4 | case systemMaterial }
| `- note: 'systemMaterial' has been explicitly marked unavailable here
5 | }
6 |
/Users/admin/builder/spi-builder-workspace/.dependencies/checkouts/InputBarAccessoryView/Sources/InputBarAccessoryView.swift:392:63: error: 'orientationDidChangeNotification' is unavailable in tvOS
390 | NotificationCenter.default.addObserver(self,
391 | selector: #selector(InputBarAccessoryView.orientationDidChange),
392 | name: UIDevice.orientationDidChangeNotification, object: nil)
| `- error: 'orientationDidChangeNotification' is unavailable in tvOS
393 | NotificationCenter.default.addObserver(self,
394 | selector: #selector(InputBarAccessoryView.inputTextViewDidChange),
/Applications/Xcode-27.0.0-Release.Candidate.app/Contents/Developer/Platforms/AppleTVOS.platform/Developer/SDKs/AppleTVOS27.0.sdk/System/Library/Frameworks/UIKit.framework/Headers/UIDevice.h:83:39: note: 'orientationDidChangeNotification' has been explicitly marked unavailable here
81 | }
82 |
83 | UIKIT_EXTERN NSNotificationName const UIDeviceOrientationDidChangeNotification API_UNAVAILABLE(tvos, visionos, watchos) NS_SWIFT_NONISOLATED;
| `- note: 'orientationDidChangeNotification' has been explicitly marked unavailable here
84 | UIKIT_EXTERN NSNotificationName const UIDeviceBatteryStateDidChangeNotification API_AVAILABLE(ios(3.0)) API_UNAVAILABLE(tvos, watchos) NS_SWIFT_NONISOLATED;
85 | UIKIT_EXTERN NSNotificationName const UIDeviceBatteryLevelDidChangeNotification API_AVAILABLE(ios(3.0)) API_UNAVAILABLE(tvos, watchos) NS_SWIFT_NONISOLATED;
SwiftCompile normal arm64 /Users/admin/builder/spi-builder-workspace/.dependencies/checkouts/InputBarAccessoryView/Sources/Extensions/String+Extensions.swift (in target 'InputBarAccessoryView' from project 'InputBarAccessoryView')
cd /Users/admin/builder/spi-builder-workspace/.swiftpm/xcode
builtin-SwiftPerFileCompile String+Extensions.swift
SwiftCompile normal arm64 /Users/admin/builder/spi-builder-workspace/.dependencies/checkouts/InputBarAccessoryView/Sources/Extensions/UITextView+Extensions.swift (in target 'InputBarAccessoryView' from project 'InputBarAccessoryView')
cd /Users/admin/builder/spi-builder-workspace/.swiftpm/xcode
builtin-SwiftPerFileCompile UITextView+Extensions.swift
SwiftCompile normal arm64 /Users/admin/builder/spi-builder-workspace/.dependencies/checkouts/InputBarAccessoryView/Sources/Extensions/UIView+AutoLayout.swift (in target 'InputBarAccessoryView' from project 'InputBarAccessoryView')
cd /Users/admin/builder/spi-builder-workspace/.swiftpm/xcode
builtin-SwiftPerFileCompile UIView+AutoLayout.swift
SwiftCompile normal arm64 /Users/admin/builder/spi-builder-workspace/.dependencies/checkouts/InputBarAccessoryView/Sources/InputBarAccessoryView.swift (in target 'InputBarAccessoryView' from project 'InputBarAccessoryView')
cd /Users/admin/builder/spi-builder-workspace/.swiftpm/xcode
builtin-SwiftPerFileCompile InputBarAccessoryView.swift
SwiftCompile normal arm64 Compiling\ InputPlugin.swift,\ InputBarAccessoryView+Availability.swift,\ InputBarViewController.swift /Users/admin/builder/spi-builder-workspace/.dependencies/checkouts/InputBarAccessoryView/Sources/Protocols/InputPlugin.swift /Users/admin/builder/spi-builder-workspace/.dependencies/checkouts/InputBarAccessoryView/Sources/Supporting\ Files/InputBarAccessoryView+Availability.swift /Users/admin/builder/spi-builder-workspace/.dependencies/checkouts/InputBarAccessoryView/Sources/ViewControllers/InputBarViewController.swift (in target 'InputBarAccessoryView' from project 'InputBarAccessoryView')
SwiftCompile normal arm64 /Users/admin/builder/spi-builder-workspace/.dependencies/checkouts/InputBarAccessoryView/Sources/Protocols/InputPlugin.swift (in target 'InputBarAccessoryView' from project 'InputBarAccessoryView')
cd /Users/admin/builder/spi-builder-workspace/.swiftpm/xcode
builtin-SwiftPerFileCompile InputPlugin.swift
SwiftCompile normal arm64 /Users/admin/builder/spi-builder-workspace/.dependencies/checkouts/InputBarAccessoryView/Sources/Supporting\ Files/InputBarAccessoryView+Availability.swift (in target 'InputBarAccessoryView' from project 'InputBarAccessoryView')
cd /Users/admin/builder/spi-builder-workspace/.swiftpm/xcode
builtin-SwiftPerFileCompile InputBarAccessoryView+Availability.swift
SwiftCompile normal arm64 /Users/admin/builder/spi-builder-workspace/.dependencies/checkouts/InputBarAccessoryView/Sources/ViewControllers/InputBarViewController.swift (in target 'InputBarAccessoryView' from project 'InputBarAccessoryView')
cd /Users/admin/builder/spi-builder-workspace/.swiftpm/xcode
builtin-SwiftPerFileCompile InputBarViewController.swift
SwiftCompile normal arm64 Compiling\ AutocompleteManagerDataSource.swift,\ AutocompleteManagerDelegate.swift,\ AutocompleteCell.swift /Users/admin/builder/spi-builder-workspace/.dependencies/checkouts/InputBarAccessoryView/Sources/Plugins/AutocompleteManager/Protocols/AutocompleteManagerDataSource.swift /Users/admin/builder/spi-builder-workspace/.dependencies/checkouts/InputBarAccessoryView/Sources/Plugins/AutocompleteManager/Protocols/AutocompleteManagerDelegate.swift /Users/admin/builder/spi-builder-workspace/.dependencies/checkouts/InputBarAccessoryView/Sources/Plugins/AutocompleteManager/Views/AutocompleteCell.swift (in target 'InputBarAccessoryView' from project 'InputBarAccessoryView')
SwiftCompile normal arm64 /Users/admin/builder/spi-builder-workspace/.dependencies/checkouts/InputBarAccessoryView/Sources/Plugins/AutocompleteManager/Protocols/AutocompleteManagerDataSource.swift (in target 'InputBarAccessoryView' from project 'InputBarAccessoryView')
cd /Users/admin/builder/spi-builder-workspace/.swiftpm/xcode
builtin-SwiftPerFileCompile AutocompleteManagerDataSource.swift
SwiftCompile normal arm64 /Users/admin/builder/spi-builder-workspace/.dependencies/checkouts/InputBarAccessoryView/Sources/Plugins/AutocompleteManager/Protocols/AutocompleteManagerDelegate.swift (in target 'InputBarAccessoryView' from project 'InputBarAccessoryView')
cd /Users/admin/builder/spi-builder-workspace/.swiftpm/xcode
builtin-SwiftPerFileCompile AutocompleteManagerDelegate.swift
SwiftCompile normal arm64 /Users/admin/builder/spi-builder-workspace/.dependencies/checkouts/InputBarAccessoryView/Sources/Plugins/AutocompleteManager/Views/AutocompleteCell.swift (in target 'InputBarAccessoryView' from project 'InputBarAccessoryView')
cd /Users/admin/builder/spi-builder-workspace/.swiftpm/xcode
builtin-SwiftPerFileCompile AutocompleteCell.swift
SwiftCompile normal arm64 Compiling\ InputStackView.swift,\ InputTextView.swift,\ SeparatorLine.swift /Users/admin/builder/spi-builder-workspace/.dependencies/checkouts/InputBarAccessoryView/Sources/Views/InputStackView.swift /Users/admin/builder/spi-builder-workspace/.dependencies/checkouts/InputBarAccessoryView/Sources/Views/InputTextView.swift /Users/admin/builder/spi-builder-workspace/.dependencies/checkouts/InputBarAccessoryView/Sources/Views/SeparatorLine.swift (in target 'InputBarAccessoryView' from project 'InputBarAccessoryView')
/Users/admin/builder/spi-builder-workspace/.dependencies/checkouts/InputBarAccessoryView/Sources/Views/InputTextView.swift:197:63: error: 'orientationDidChangeNotification' is unavailable in tvOS
195 | NotificationCenter.default.addObserver(self,
196 | selector: #selector(InputTextView.redrawTextAttachments),
197 | name: UIDevice.orientationDidChangeNotification, object: nil)
| `- error: 'orientationDidChangeNotification' is unavailable in tvOS
198 | NotificationCenter.default.addObserver(self,
199 | selector: #selector(InputTextView.textViewTextDidChange),
/Applications/Xcode-27.0.0-Release.Candidate.app/Contents/Developer/Platforms/AppleTVOS.platform/Developer/SDKs/AppleTVOS27.0.sdk/System/Library/Frameworks/UIKit.framework/Headers/UIDevice.h:83:39: note: 'orientationDidChangeNotification' has been explicitly marked unavailable here
81 | }
82 |
83 | UIKIT_EXTERN NSNotificationName const UIDeviceOrientationDidChangeNotification API_UNAVAILABLE(tvos, visionos, watchos) NS_SWIFT_NONISOLATED;
| `- note: 'orientationDidChangeNotification' has been explicitly marked unavailable here
84 | UIKIT_EXTERN NSNotificationName const UIDeviceBatteryStateDidChangeNotification API_AVAILABLE(ios(3.0)) API_UNAVAILABLE(tvos, watchos) NS_SWIFT_NONISOLATED;
85 | UIKIT_EXTERN NSNotificationName const UIDeviceBatteryLevelDidChangeNotification API_AVAILABLE(ios(3.0)) API_UNAVAILABLE(tvos, watchos) NS_SWIFT_NONISOLATED;
/Users/admin/builder/spi-builder-workspace/.dependencies/checkouts/InputBarAccessoryView/Sources/Views/InputTextView.swift:234:56: error: 'UIPasteboard' is unavailable in tvOS
232 | open override func canPerformAction(_ action: Selector, withSender sender: Any?) -> Bool {
233 |
234 | if action == NSSelectorFromString("paste:") && UIPasteboard.general.image != nil {
| `- error: 'UIPasteboard' is unavailable in tvOS
235 | return isImagePasteEnabled
236 | }
/Applications/Xcode-27.0.0-Release.Candidate.app/Contents/Developer/Platforms/AppleTVOS.platform/Developer/SDKs/AppleTVOS27.0.sdk/System/Library/Frameworks/UIKit.framework/Headers/UIPasteboard.h:50:12: note: 'UIPasteboard' has been explicitly marked unavailable here
48 |
49 | UIKIT_EXTERN API_AVAILABLE(ios(3.0)) API_UNAVAILABLE(tvos) API_UNAVAILABLE(watchos) NS_SWIFT_SENDABLE
50 | @interface UIPasteboard : NSObject
| `- note: 'UIPasteboard' has been explicitly marked unavailable here
51 |
52 | @property(class, nonatomic, readonly) UIPasteboard *generalPasteboard;
/Users/admin/builder/spi-builder-workspace/.dependencies/checkouts/InputBarAccessoryView/Sources/Views/InputTextView.swift:234:77: error: 'image' is unavailable in tvOS
232 | open override func canPerformAction(_ action: Selector, withSender sender: Any?) -> Bool {
233 |
234 | if action == NSSelectorFromString("paste:") && UIPasteboard.general.image != nil {
| `- error: 'image' is unavailable in tvOS
235 | return isImagePasteEnabled
236 | }
/Applications/Xcode-27.0.0-Release.Candidate.app/Contents/Developer/Platforms/AppleTVOS.platform/Developer/SDKs/AppleTVOS27.0.sdk/System/Library/Frameworks/UIKit.framework/Headers/UIPasteboard.h:114:45: note: 'image' has been explicitly marked unavailable here
112 | @property(nullable,nonatomic,copy) NSArray<NSURL *> *URLs API_UNAVAILABLE(tvos) API_UNAVAILABLE(watchos);
113 |
114 | @property(nullable,nonatomic,copy) UIImage *image API_UNAVAILABLE(tvos) API_UNAVAILABLE(watchos);
| `- note: 'image' has been explicitly marked unavailable here
115 | @property(nullable,nonatomic,copy) NSArray<UIImage *> *images API_UNAVAILABLE(tvos) API_UNAVAILABLE(watchos);
116 |
/Users/admin/builder/spi-builder-workspace/.dependencies/checkouts/InputBarAccessoryView/Sources/Views/InputTextView.swift:242:27: error: 'UIPasteboard' is unavailable in tvOS
240 | open override func paste(_ sender: Any?) {
241 |
242 | guard let image = UIPasteboard.general.image else {
| `- error: 'UIPasteboard' is unavailable in tvOS
243 | return super.paste(sender)
244 | }
/Applications/Xcode-27.0.0-Release.Candidate.app/Contents/Developer/Platforms/AppleTVOS.platform/Developer/SDKs/AppleTVOS27.0.sdk/System/Library/Frameworks/UIKit.framework/Headers/UIPasteboard.h:50:12: note: 'UIPasteboard' has been explicitly marked unavailable here
48 |
49 | UIKIT_EXTERN API_AVAILABLE(ios(3.0)) API_UNAVAILABLE(tvos) API_UNAVAILABLE(watchos) NS_SWIFT_SENDABLE
50 | @interface UIPasteboard : NSObject
| `- note: 'UIPasteboard' has been explicitly marked unavailable here
51 |
52 | @property(class, nonatomic, readonly) UIPasteboard *generalPasteboard;
/Users/admin/builder/spi-builder-workspace/.dependencies/checkouts/InputBarAccessoryView/Sources/Views/InputTextView.swift:242:48: error: 'image' is unavailable in tvOS
240 | open override func paste(_ sender: Any?) {
241 |
242 | guard let image = UIPasteboard.general.image else {
| `- error: 'image' is unavailable in tvOS
243 | return super.paste(sender)
244 | }
/Applications/Xcode-27.0.0-Release.Candidate.app/Contents/Developer/Platforms/AppleTVOS.platform/Developer/SDKs/AppleTVOS27.0.sdk/System/Library/Frameworks/UIKit.framework/Headers/UIPasteboard.h:114:45: note: 'image' has been explicitly marked unavailable here
112 | @property(nullable,nonatomic,copy) NSArray<NSURL *> *URLs API_UNAVAILABLE(tvos) API_UNAVAILABLE(watchos);
113 |
114 | @property(nullable,nonatomic,copy) UIImage *image API_UNAVAILABLE(tvos) API_UNAVAILABLE(watchos);
| `- note: 'image' has been explicitly marked unavailable here
115 | @property(nullable,nonatomic,copy) NSArray<UIImage *> *images API_UNAVAILABLE(tvos) API_UNAVAILABLE(watchos);
116 |
SwiftCompile normal arm64 /Users/admin/builder/spi-builder-workspace/.dependencies/checkouts/InputBarAccessoryView/Sources/Views/InputStackView.swift (in target 'InputBarAccessoryView' from project 'InputBarAccessoryView')
cd /Users/admin/builder/spi-builder-workspace/.swiftpm/xcode
builtin-SwiftPerFileCompile InputStackView.swift
SwiftCompile normal arm64 /Users/admin/builder/spi-builder-workspace/.dependencies/checkouts/InputBarAccessoryView/Sources/Views/InputTextView.swift (in target 'InputBarAccessoryView' from project 'InputBarAccessoryView')
cd /Users/admin/builder/spi-builder-workspace/.swiftpm/xcode
builtin-SwiftPerFileCompile InputTextView.swift
SwiftCompile normal arm64 /Users/admin/builder/spi-builder-workspace/.dependencies/checkouts/InputBarAccessoryView/Sources/Views/SeparatorLine.swift (in target 'InputBarAccessoryView' from project 'InputBarAccessoryView')
cd /Users/admin/builder/spi-builder-workspace/.swiftpm/xcode
builtin-SwiftPerFileCompile SeparatorLine.swift
SwiftCompile normal arm64 Compiling\ AutocompleteTableView.swift,\ InputBarAccessoryViewDelegate.swift,\ InputItem.swift /Users/admin/builder/spi-builder-workspace/.dependencies/checkouts/InputBarAccessoryView/Sources/Plugins/AutocompleteManager/Views/AutocompleteTableView.swift /Users/admin/builder/spi-builder-workspace/.dependencies/checkouts/InputBarAccessoryView/Sources/Protocols/InputBarAccessoryViewDelegate.swift /Users/admin/builder/spi-builder-workspace/.dependencies/checkouts/InputBarAccessoryView/Sources/Protocols/InputItem.swift (in target 'InputBarAccessoryView' from project 'InputBarAccessoryView')
SwiftCompile normal arm64 /Users/admin/builder/spi-builder-workspace/.dependencies/checkouts/InputBarAccessoryView/Sources/Plugins/AutocompleteManager/Views/AutocompleteTableView.swift (in target 'InputBarAccessoryView' from project 'InputBarAccessoryView')
cd /Users/admin/builder/spi-builder-workspace/.swiftpm/xcode
builtin-SwiftPerFileCompile AutocompleteTableView.swift
SwiftCompile normal arm64 /Users/admin/builder/spi-builder-workspace/.dependencies/checkouts/InputBarAccessoryView/Sources/Protocols/InputBarAccessoryViewDelegate.swift (in target 'InputBarAccessoryView' from project 'InputBarAccessoryView')
cd /Users/admin/builder/spi-builder-workspace/.swiftpm/xcode
builtin-SwiftPerFileCompile InputBarAccessoryViewDelegate.swift
SwiftCompile normal arm64 /Users/admin/builder/spi-builder-workspace/.dependencies/checkouts/InputBarAccessoryView/Sources/Protocols/InputItem.swift (in target 'InputBarAccessoryView' from project 'InputBarAccessoryView')
cd /Users/admin/builder/spi-builder-workspace/.swiftpm/xcode
builtin-SwiftPerFileCompile InputItem.swift
SwiftCompile normal arm64 Compiling\ AutocompleteManager.swift,\ AutocompleteCompletion.swift,\ AutocompleteSession.swift /Users/admin/builder/spi-builder-workspace/.dependencies/checkouts/InputBarAccessoryView/Sources/Plugins/AutocompleteManager/AutocompleteManager.swift /Users/admin/builder/spi-builder-workspace/.dependencies/checkouts/InputBarAccessoryView/Sources/Plugins/AutocompleteManager/Models/AutocompleteCompletion.swift /Users/admin/builder/spi-builder-workspace/.dependencies/checkouts/InputBarAccessoryView/Sources/Plugins/AutocompleteManager/Models/AutocompleteSession.swift (in target 'InputBarAccessoryView' from project 'InputBarAccessoryView')
/Users/admin/builder/spi-builder-workspace/.dependencies/checkouts/InputBarAccessoryView/Sources/Plugins/AutocompleteManager/AutocompleteManager.swift:64:19: error: 'separatorStyle' is unavailable in tvOS
62 | let tableView = AutocompleteTableView()
63 | tableView.register(AutocompleteCell.self, forCellReuseIdentifier: AutocompleteCell.reuseIdentifier)
64 | tableView.separatorStyle = .none
| `- error: 'separatorStyle' is unavailable in tvOS
65 | tableView.backgroundColor = .white
66 | tableView.rowHeight = 44
/Applications/Xcode-27.0.0-Release.Candidate.app/Contents/Developer/Platforms/AppleTVOS.platform/Developer/SDKs/AppleTVOS27.0.sdk/System/Library/Frameworks/UIKit.framework/Headers/UITableView.h:469:53: note: 'separatorStyle' has been explicitly marked unavailable here
467 | @property (nonatomic, strong, nullable) UIColor *sectionIndexTrackingBackgroundColor API_AVAILABLE(ios(6.0)) UI_APPEARANCE_SELECTOR; // the background color of the section index while it is being touched
468 |
469 | @property (nonatomic) UITableViewCellSeparatorStyle separatorStyle API_UNAVAILABLE(tvos); // default is UITableViewCellSeparatorStyleSingleLine
| `- note: 'separatorStyle' has been explicitly marked unavailable here
470 | @property (nonatomic, strong, nullable) UIColor *separatorColor UI_APPEARANCE_SELECTOR API_UNAVAILABLE(tvos); // default is the standard separator gray
471 | @property (nonatomic, copy, nullable) UIVisualEffect *separatorEffect API_AVAILABLE(ios(8.0)) UI_APPEARANCE_SELECTOR API_UNAVAILABLE(tvos); // effect to apply to table separators
Failed frontend command:
/Applications/Xcode-27.0.0-Release.Candidate.app/Contents/Developer/Toolchains/XcodeDefault.xctoolchain/usr/bin/swift-frontend -frontend -c /Users/admin/builder/spi-builder-workspace/.dependencies/checkouts/InputBarAccessoryView/Sources/Controls/InputBarButtonItem.swift /Users/admin/builder/spi-builder-workspace/.dependencies/checkouts/InputBarAccessoryView/Sources/Controls/InputBarSendButton.swift /Users/admin/builder/spi-builder-workspace/.dependencies/checkouts/InputBarAccessoryView/Sources/Extensions/NSMutableAttributedString+Extensions.swift /Users/admin/builder/spi-builder-workspace/.dependencies/checkouts/InputBarAccessoryView/Sources/Extensions/NSNotification+Extensions.swift /Users/admin/builder/spi-builder-workspace/.dependencies/checkouts/InputBarAccessoryView/Sources/Extensions/String+Extensions.swift /Users/admin/builder/spi-builder-workspace/.dependencies/checkouts/InputBarAccessoryView/Sources/Extensions/UITextView+Extensions.swift /Users/admin/builder/spi-builder-workspace/.dependencies/checkouts/InputBarAccessoryView/Sources/Extensions/UIView+AutoLayout.swift /Users/admin/builder/spi-builder-workspace/.dependencies/checkouts/InputBarAccessoryView/Sources/InputBarAccessoryView.swift /Users/admin/builder/spi-builder-workspace/.dependencies/checkouts/InputBarAccessoryView/Sources/KeyboardManager/KeyboardEvent.swift /Users/admin/builder/spi-builder-workspace/.dependencies/checkouts/InputBarAccessoryView/Sources/KeyboardManager/KeyboardManager.swift /Users/admin/builder/spi-builder-workspace/.dependencies/checkouts/InputBarAccessoryView/Sources/KeyboardManager/KeyboardNotification.swift /Users/admin/builder/spi-builder-workspace/.dependencies/checkouts/InputBarAccessoryView/Sources/Models/HorizontalEdgePadding.swift /Users/admin/builder/spi-builder-workspace/.dependencies/checkouts/InputBarAccessoryView/Sources/Models/NSConstraintLayoutSet.swift /Users/admin/builder/spi-builder-workspace/.dependencies/checkouts/InputBarAccessoryView/Sources/Plugins/AttachmentManager/AttachmentManager.swift /Users/admin/builder/spi-builder-workspace/.dependencies/checkouts/InputBarAccessoryView/Sources/Plugins/AttachmentManager/Protocols/AttachmentManagerDataSource.swift /Users/admin/builder/spi-builder-workspace/.dependencies/checkouts/InputBarAccessoryView/Sources/Plugins/AttachmentManager/Protocols/AttachmentManagerDelegate.swift /Users/admin/builder/spi-builder-workspace/.dependencies/checkouts/InputBarAccessoryView/Sources/Plugins/AttachmentManager/Views/AttachmentCell.swift /Users/admin/builder/spi-builder-workspace/.dependencies/checkouts/InputBarAccessoryView/Sources/Plugins/AttachmentManager/Views/AttachmentsView.swift /Users/admin/builder/spi-builder-workspace/.dependencies/checkouts/InputBarAccessoryView/Sources/Plugins/AttachmentManager/Views/ImageAttachmentCell.swift -primary-file /Users/admin/builder/spi-builder-workspace/.dependencies/checkouts/InputBarAccessoryView/Sources/Plugins/AutocompleteManager/AutocompleteManager.swift -primary-file /Users/admin/builder/spi-builder-workspace/.dependencies/checkouts/InputBarAccessoryView/Sources/Plugins/AutocompleteManager/Models/AutocompleteCompletion.swift -primary-file /Users/admin/builder/spi-builder-workspace/.dependencies/checkouts/InputBarAccessoryView/Sources/Plugins/AutocompleteManager/Models/AutocompleteSession.swift /Users/admin/builder/spi-builder-workspace/.dependencies/checkouts/InputBarAccessoryView/Sources/Plugins/AutocompleteManager/Protocols/AutocompleteManagerDataSource.swift /Users/admin/builder/spi-builder-workspace/.dependencies/checkouts/InputBarAccessoryView/Sources/Plugins/AutocompleteManager/Protocols/AutocompleteManagerDelegate.swift /Users/admin/builder/spi-builder-workspace/.dependencies/checkouts/InputBarAccessoryView/Sources/Plugins/AutocompleteManager/Views/AutocompleteCell.swift /Users/admin/builder/spi-builder-workspace/.dependencies/checkouts/InputBarAccessoryView/Sources/Plugins/AutocompleteManager/Views/AutocompleteTableView.swift /Users/admin/builder/spi-builder-workspace/.dependencies/checkouts/InputBarAccessoryView/Sources/Protocols/InputBarAccessoryViewDelegate.swift /Users/admin/builder/spi-builder-workspace/.dependencies/checkouts/InputBarAccessoryView/Sources/Protocols/InputItem.swift /Users/admin/builder/spi-builder-workspace/.dependencies/checkouts/InputBarAccessoryView/Sources/Protocols/InputPlugin.swift /Users/admin/builder/spi-builder-workspace/.dependencies/checkouts/InputBarAccessoryView/Sources/Supporting\ Files/InputBarAccessoryView+Availability.swift /Users/admin/builder/spi-builder-workspace/.dependencies/checkouts/InputBarAccessoryView/Sources/ViewControllers/InputBarViewController.swift /Users/admin/builder/spi-builder-workspace/.dependencies/checkouts/InputBarAccessoryView/Sources/Views/InputStackView.swift /Users/admin/builder/spi-builder-workspace/.dependencies/checkouts/InputBarAccessoryView/Sources/Views/InputTextView.swift /Users/admin/builder/spi-builder-workspace/.dependencies/checkouts/InputBarAccessoryView/Sources/Views/SeparatorLine.swift -supplementary-output-file-map /Users/admin/builder/spi-builder-workspace/.derivedData/Build/Intermediates.noindex/InputBarAccessoryView.build/Debug-appletvos/InputBarAccessoryView-t.build/Objects-normal/arm64/supplementaryOutputs-6 -target arm64-apple-tvos15.0 -disable-cross-import-overlay-search -load-resolved-plugin /Applications/Xcode-27.0.0-Release.Candidate.app/Contents/Developer/Platforms/AppleTVOS.platform/Developer/usr/lib/swift/host/plugins/libFoundationMacros.dylib\#/Applications/Xcode-27.0.0-Release.Candidate.app/Contents/Developer/Platforms/AppleTVOS.platform/Developer/usr/bin/swift-plugin-server\#FoundationMacros -load-resolved-plugin /Applications/Xcode-27.0.0-Release.Candidate.app/Contents/Developer/Platforms/AppleTVOS.platform/Developer/usr/lib/swift/host/plugins/libObservationMacros.dylib\#/Applications/Xcode-27.0.0-Release.Candidate.app/Contents/Developer/Platforms/AppleTVOS.platform/Developer/usr/bin/swift-plugin-server\#ObservationMacros -load-resolved-plugin /Applications/Xcode-27.0.0-Release.Candidate.app/Contents/Developer/Platforms/AppleTVOS.platform/Developer/usr/lib/swift/host/plugins/libPreviewsMacros.dylib\#/Applications/Xcode-27.0.0-Release.Candidate.app/Contents/Developer/Platforms/AppleTVOS.platform/Developer/usr/bin/swift-plugin-server\#PreviewsMacros -load-resolved-plugin /Applications/Xcode-27.0.0-Release.Candidate.app/Contents/Developer/Platforms/AppleTVOS.platform/Developer/usr/lib/swift/host/plugins/libSwiftMacros.dylib\#/Applications/Xcode-27.0.0-Release.Candidate.app/Contents/Developer/Platforms/AppleTVOS.platform/Developer/usr/bin/swift-plugin-server\#SwiftMacros -load-resolved-plugin /Applications/Xcode-27.0.0-Release.Candidate.app/Contents/Developer/Platforms/AppleTVOS.platform/Developer/usr/lib/swift/host/plugins/libSwiftUIMacros.dylib\#/Applications/Xcode-27.0.0-Release.Candidate.app/Contents/Developer/Platforms/AppleTVOS.platform/Developer/usr/bin/swift-plugin-server\#SwiftUIMacros -disable-implicit-swift-modules -Xcc -fno-implicit-modules -Xcc -fno-implicit-module-maps -explicit-swift-module-map-file /Users/admin/builder/spi-builder-workspace/.derivedData/Build/Intermediates.noindex/InputBarAccessoryView.build/Debug-appletvos/InputBarAccessoryView-t.build/Objects-normal/arm64/InputBarAccessoryView-dependencies-1.json -Xllvm -aarch64-use-tbi -enable-objc-interop -stack-check -sdk /Applications/Xcode-27.0.0-Release.Candidate.app/Contents/Developer/Platforms/AppleTVOS.platform/Developer/SDKs/AppleTVOS27.0.sdk -I /Users/admin/builder/spi-builder-workspace/.derivedData/Build/Products/Debug-appletvos -Isystem /Applications/Xcode-27.0.0-Release.Candidate.app/Contents/Developer/Platforms/AppleTVOS.platform/Developer/usr/lib -F /Users/admin/builder/spi-builder-workspace/.derivedData/Build/Products/Debug-appletvos -F /Applications/Xcode-27.0.0-Release.Candidate.app/Contents/Developer/Platforms/AppleTVOS.platform/Developer/Library/Frameworks -F /Applications/Xcode-27.0.0-Release.Candidate.app/Contents/Developer/Platforms/AppleTVOS.platform/Developer/SDKs/AppleTVOS27.0.sdk/Developer/Library/Frameworks -module-cache-path /Users/admin/builder/spi-builder-workspace/.derivedData/Build/Intermediates.noindex/SwiftExplicitPrecompiledModules -no-color-diagnostics -Xcc -fno-color-diagnostics -enable-testing -g -debug-info-format\=dwarf -dwarf-version\=4 -suppress-warnings -swift-version 5 -Onone -D SWIFT_PACKAGE -D DEBUG -D SWIFT_MODULE_RESOURCE_BUNDLE_UNAVAILABLE -D Xcode -serialize-debugging-options -enable-experimental-feature DebugDescriptionMacro -empty-abi-descriptor -validate-clang-modules-once -clang-build-session-file /Users/admin/builder/spi-builder-workspace/.derivedData/ModuleCache.noindex/Session.modulevalidation -Xcc -working-directory -Xcc /Users/admin/builder/spi-builder-workspace/.swiftpm/xcode -enable-anonymous-context-mangled-names -file-compilation-dir /Users/admin/builder/spi-builder-workspace/.swiftpm/xcode -Xcc -D_LIBCPP_HARDENING_MODE\=_LIBCPP_HARDENING_MODE_DEBUG -Xcc -ivfsstatcache -Xcc /Users/admin/builder/spi-builder-workspace/.derivedData/SDKStatCaches.noindex/appletvos27.0-24J360-e829b21a6f8c9b70876ba0858053c044b32bfd8d43560033f8d89884cdb90028.sdkstatcache -Xcc -fmodules-prune-interval\=86400 -Xcc -fmodules-prune-after\=345600 -Xcc -I/Users/admin/builder/spi-builder-workspace/.derivedData/Build/Products/Debug-appletvos/include -Xcc -I/Users/admin/builder/spi-builder-workspace/.derivedData/Build/Intermediates.noindex/InputBarAccessoryView.build/Debug-appletvos/InputBarAccessoryView-t.build/DerivedSources-normal/arm64 -Xcc -I/Users/admin/builder/spi-builder-workspace/.derivedData/Build/Intermediates.noindex/InputBarAccessoryView.build/Debug-appletvos/InputBarAccessoryView-t.build/DerivedSources/arm64 -Xcc -I/Users/admin/builder/spi-builder-workspace/.derivedData/Build/Intermediates.noindex/InputBarAccessoryView.build/Debug-appletvos/InputBarAccessoryView-t.build/DerivedSources -Xcc -DSWIFT_PACKAGE -Xcc -DDEBUG\=1 -no-auto-bridging-header-chaining -module-name InputBarAccessoryView -const-gather-protocols-file /Users/admin/builder/spi-builder-workspace/.derivedData/Build/Intermediates.noindex/InputBarAccessoryView.build/Debug-appletvos/InputBarAccessoryView-t.build/Objects-normal/arm64/InputBarAccessoryView_const_extract_protocols.json -disable-clang-spi -clang-target arm64-apple-tvos27.0 -target-sdk-version 27.0 -target-sdk-name appletvos27.0 -in-process-plugin-server-path /Applications/Xcode-27.0.0-Release.Candidate.app/Contents/Developer/Toolchains/XcodeDefault.xctoolchain/usr/lib/swift/host/libSwiftInProcPluginServer.dylib -parse-as-library -o /Users/admin/builder/spi-builder-workspace/.derivedData/Build/Intermediates.noindex/InputBarAccessoryView.build/Debug-appletvos/InputBarAccessoryView-t.build/Objects-normal/arm64/AutocompleteManager.o -o /Users/admin/builder/spi-builder-workspace/.derivedData/Build/Intermediates.noindex/InputBarAccessoryView.build/Debug-appletvos/InputBarAccessoryView-t.build/Objects-normal/arm64/AutocompleteCompletion.o -o /Users/admin/builder/spi-builder-workspace/.derivedData/Build/Intermediates.noindex/InputBarAccessoryView.build/Debug-appletvos/InputBarAccessoryView-t.build/Objects-normal/arm64/AutocompleteSession.o -debug-module-path /Users/admin/builder/spi-builder-workspace/.derivedData/Build/Intermediates.noindex/InputBarAccessoryView.build/Debug-appletvos/InputBarAccessoryView-t.build/Objects-normal/arm64/InputBarAccessoryView.swiftmodule -index-unit-output-path /InputBarAccessoryView.build/Debug-appletvos/InputBarAccessoryView-t.build/Objects-normal/arm64/AutocompleteManager.o -index-unit-output-path /InputBarAccessoryView.build/Debug-appletvos/InputBarAccessoryView-t.build/Objects-normal/arm64/AutocompleteCompletion.o -index-unit-output-path /InputBarAccessoryView.build/Debug-appletvos/InputBarAccessoryView-t.build/Objects-normal/arm64/AutocompleteSession.o -index-store-path /Users/admin/builder/spi-builder-workspace/.derivedData/Index.noindex/DataStore -index-system-modules
SwiftCompile normal arm64 /Users/admin/builder/spi-builder-workspace/.dependencies/checkouts/InputBarAccessoryView/Sources/Plugins/AutocompleteManager/AutocompleteManager.swift (in target 'InputBarAccessoryView' from project 'InputBarAccessoryView')
cd /Users/admin/builder/spi-builder-workspace/.swiftpm/xcode
builtin-SwiftPerFileCompile AutocompleteManager.swift
SwiftCompile normal arm64 /Users/admin/builder/spi-builder-workspace/.dependencies/checkouts/InputBarAccessoryView/Sources/Plugins/AutocompleteManager/Models/AutocompleteCompletion.swift (in target 'InputBarAccessoryView' from project 'InputBarAccessoryView')
cd /Users/admin/builder/spi-builder-workspace/.swiftpm/xcode
builtin-SwiftPerFileCompile AutocompleteCompletion.swift
SwiftCompile normal arm64 /Users/admin/builder/spi-builder-workspace/.dependencies/checkouts/InputBarAccessoryView/Sources/Plugins/AutocompleteManager/Models/AutocompleteSession.swift (in target 'InputBarAccessoryView' from project 'InputBarAccessoryView')
cd /Users/admin/builder/spi-builder-workspace/.swiftpm/xcode
builtin-SwiftPerFileCompile AutocompleteSession.swift
SwiftEmitModule normal arm64 Emitting\ module\ for\ InputBarAccessoryView (in target 'InputBarAccessoryView' from project 'InputBarAccessoryView')
SwiftCompile normal arm64 (in target 'InputBarAccessoryView' from project 'InputBarAccessoryView')
cd /Users/admin/builder/spi-builder-workspace/.swiftpm/xcode
PruneExplicitPrecompiledModules /Users/admin/builder/spi-builder-workspace/.derivedData/Build/Intermediates.noindex/ExplicitPrecompiledModules
PruneExplicitPrecompiledModules /Users/admin/builder/spi-builder-workspace/.derivedData/Build/Intermediates.noindex/SwiftExplicitPrecompiledModules
PruneExplicitPrecompiledModules /Users/admin/builder/spi-builder-workspace/.derivedData/SDKExplicitPrecompiledModules
2026-09-21 20:07:27.263 xcodebuild[881:5464] [MT] IDERunDestination: Supported platforms for the buildables in the current scheme is empty.
** BUILD FAILED **
The following build commands failed:
SwiftCompile normal arm64 Compiling\ KeyboardEvent.swift,\ KeyboardManager.swift,\ KeyboardNotification.swift,\ HorizontalEdgePadding.swift /Users/admin/builder/spi-builder-workspace/.dependencies/checkouts/InputBarAccessoryView/Sources/KeyboardManager/KeyboardEvent.swift /Users/admin/builder/spi-builder-workspace/.dependencies/checkouts/InputBarAccessoryView/Sources/KeyboardManager/KeyboardManager.swift /Users/admin/builder/spi-builder-workspace/.dependencies/checkouts/InputBarAccessoryView/Sources/KeyboardManager/KeyboardNotification.swift /Users/admin/builder/spi-builder-workspace/.dependencies/checkouts/InputBarAccessoryView/Sources/Models/HorizontalEdgePadding.swift (in target 'InputBarAccessoryView' from project 'InputBarAccessoryView')
SwiftCompile normal arm64 /Users/admin/builder/spi-builder-workspace/.dependencies/checkouts/InputBarAccessoryView/Sources/KeyboardManager/KeyboardManager.swift (in target 'InputBarAccessoryView' from project 'InputBarAccessoryView')
SwiftCompile normal arm64 Compiling\ AutocompleteManager.swift,\ AutocompleteCompletion.swift,\ AutocompleteSession.swift /Users/admin/builder/spi-builder-workspace/.dependencies/checkouts/InputBarAccessoryView/Sources/Plugins/AutocompleteManager/AutocompleteManager.swift /Users/admin/builder/spi-builder-workspace/.dependencies/checkouts/InputBarAccessoryView/Sources/Plugins/AutocompleteManager/Models/AutocompleteCompletion.swift /Users/admin/builder/spi-builder-workspace/.dependencies/checkouts/InputBarAccessoryView/Sources/Plugins/AutocompleteManager/Models/AutocompleteSession.swift (in target 'InputBarAccessoryView' from project 'InputBarAccessoryView')
SwiftCompile normal arm64 /Users/admin/builder/spi-builder-workspace/.dependencies/checkouts/InputBarAccessoryView/Sources/Plugins/AutocompleteManager/AutocompleteManager.swift (in target 'InputBarAccessoryView' from project 'InputBarAccessoryView')
Building workspace MessageKit with scheme MessageKit
(5 failures)
BUILD FAILURE 6.4 tvOS