The Swift Package Index logo.Swift Package Index

Build Information

Failed to build swift-xml-parser, reference 0.2.0 (03238f), with Swift 6.4 for visionOS using Xcode 27.0 on 18 Sep 2026 11:55:17 UTC.

Build Command

env DEVELOPER_DIR=/Applications/Xcode-27.0.0-Release.Candidate.app xcrun xcodebuild -IDEClonedSourcePackagesDirPathOverride=$PWD/.dependencies -skipMacroValidation -skipPackagePluginValidation -derivedDataPath $PWD/.derivedData build -scheme swift-xml-parser -destination generic/platform=xrOS

Build Log

2026-09-18 07:55:03.399 appintentsmetadataprocessor[1718:9677] Starting appintentsmetadataprocessor export
2026-09-18 07:55:03.455 appintentsmetadataprocessor[1718:9677] Extracted no relevant App Intents symbols, skipping writing output
WriteAuxiliaryFile /Users/admin/builder/spi-builder-workspace/.derivedData/Build/Intermediates.noindex/swift-case-paths.build/Debug/CasePathsMacros-t.build/CasePathsMacros.DependencyMetadataFileList (in target 'CasePathsMacros' from project 'swift-case-paths')
    cd /Users/admin/builder/spi-builder-workspace/.dependencies/checkouts/swift-case-paths
    write-file /Users/admin/builder/spi-builder-workspace/.derivedData/Build/Intermediates.noindex/swift-case-paths.build/Debug/CasePathsMacros-t.build/CasePathsMacros.DependencyMetadataFileList
WriteAuxiliaryFile /Users/admin/builder/spi-builder-workspace/.derivedData/Build/Intermediates.noindex/swift-case-paths.build/Debug/CasePathsMacros-t.build/CasePathsMacros.DependencyStaticMetadataFileList (in target 'CasePathsMacros' from project 'swift-case-paths')
    cd /Users/admin/builder/spi-builder-workspace/.dependencies/checkouts/swift-case-paths
    write-file /Users/admin/builder/spi-builder-workspace/.derivedData/Build/Intermediates.noindex/swift-case-paths.build/Debug/CasePathsMacros-t.build/CasePathsMacros.DependencyStaticMetadataFileList
WriteAuxiliaryFile /Users/admin/builder/spi-builder-workspace/.derivedData/Build/Intermediates.noindex/swift-case-paths.build/Debug/CasePathsMacros-t.build/Objects-normal/arm64/CasePathsMacros-OutputFileMap.json (in target 'CasePathsMacros' from project 'swift-case-paths')
    cd /Users/admin/builder/spi-builder-workspace/.dependencies/checkouts/swift-case-paths
    write-file /Users/admin/builder/spi-builder-workspace/.derivedData/Build/Intermediates.noindex/swift-case-paths.build/Debug/CasePathsMacros-t.build/Objects-normal/arm64/CasePathsMacros-OutputFileMap.json
WriteAuxiliaryFile /Users/admin/builder/spi-builder-workspace/.derivedData/Build/Intermediates.noindex/swift-case-paths.build/Debug/CasePathsMacros-t.build/Objects-normal/arm64/CasePathsMacros.SwiftFileList (in target 'CasePathsMacros' from project 'swift-case-paths')
    cd /Users/admin/builder/spi-builder-workspace/.dependencies/checkouts/swift-case-paths
    write-file /Users/admin/builder/spi-builder-workspace/.derivedData/Build/Intermediates.noindex/swift-case-paths.build/Debug/CasePathsMacros-t.build/Objects-normal/arm64/CasePathsMacros.SwiftFileList
WriteAuxiliaryFile /Users/admin/builder/spi-builder-workspace/.derivedData/Build/Intermediates.noindex/swift-case-paths.build/Debug/CasePathsMacros-t.build/Objects-normal/arm64/CasePathsMacros.LinkFileList (in target 'CasePathsMacros' from project 'swift-case-paths')
    cd /Users/admin/builder/spi-builder-workspace/.dependencies/checkouts/swift-case-paths
    write-file /Users/admin/builder/spi-builder-workspace/.derivedData/Build/Intermediates.noindex/swift-case-paths.build/Debug/CasePathsMacros-t.build/Objects-normal/arm64/CasePathsMacros.LinkFileList
WriteAuxiliaryFile /Users/admin/builder/spi-builder-workspace/.derivedData/Build/Intermediates.noindex/swift-case-paths.build/Debug/CasePathsMacros-t.build/Objects-normal/arm64/CasePathsMacros_const_extract_protocols.json (in target 'CasePathsMacros' from project 'swift-case-paths')
    cd /Users/admin/builder/spi-builder-workspace/.dependencies/checkouts/swift-case-paths
    write-file /Users/admin/builder/spi-builder-workspace/.derivedData/Build/Intermediates.noindex/swift-case-paths.build/Debug/CasePathsMacros-t.build/Objects-normal/arm64/CasePathsMacros_const_extract_protocols.json
SwiftDriver CasePathsMacros normal arm64 com.apple.xcode.tools.swift.compiler (in target 'CasePathsMacros' from project 'swift-case-paths')
    cd /Users/admin/builder/spi-builder-workspace/.swiftpm/xcode
    builtin-SwiftDriver -- /Applications/Xcode-27.0.0-Release.Candidate.app/Contents/Developer/Toolchains/XcodeDefault.xctoolchain/usr/bin/swiftc -parse-as-library -module-name CasePathsMacros -Onone @/Users/admin/builder/spi-builder-workspace/.derivedData/Build/Intermediates.noindex/swift-case-paths.build/Debug/CasePathsMacros-t.build/Objects-normal/arm64/CasePathsMacros.SwiftFileList -DSWIFT_PACKAGE -DDEBUG -Xcc -fmodule-map-file\=/Users/admin/builder/spi-builder-workspace/.dependencies/checkouts/swift-syntax/Sources/_SwiftSyntaxCShims/include/module.modulemap -DXcode -plugin-path /Applications/Xcode-27.0.0-Release.Candidate.app/Contents/Developer/Toolchains/XcodeDefault.xctoolchain/usr/lib/swift/host/plugins/testing -enable-experimental-feature DebugDescriptionMacro -sdk /Applications/Xcode-27.0.0-Release.Candidate.app/Contents/Developer/Platforms/MacOSX.platform/Developer/SDKs/MacOSX27.0.sdk -target arm64-apple-macos12.0 -g -module-cache-path /Users/admin/builder/spi-builder-workspace/.derivedData/ModuleCache.noindex -Xfrontend -serialize-debugging-options -profile-coverage-mapping -profile-generate -enable-testing -suppress-warnings -index-store-path /Users/admin/builder/spi-builder-workspace/.derivedData/Index.noindex/DataStore -Xcc -D_LIBCPP_HARDENING_MODE\=_LIBCPP_HARDENING_MODE_DEBUG -swift-version 6 -I /Users/admin/builder/spi-builder-workspace/.derivedData/Build/Products/Debug -Isystem /Applications/Xcode-27.0.0-Release.Candidate.app/Contents/Developer/Platforms/MacOSX.platform/Developer/usr/lib -F /Users/admin/builder/spi-builder-workspace/.derivedData/Build/Products/Debug/PackageFrameworks -F /Users/admin/builder/spi-builder-workspace/.derivedData/Build/Products/Debug -F /Applications/Xcode-27.0.0-Release.Candidate.app/Contents/Developer/Platforms/MacOSX.platform/Developer/Library/Frameworks -c -j10 -enable-batch-mode -incremental -Xcc -ivfsstatcache -Xcc /Users/admin/builder/spi-builder-workspace/.derivedData/SDKStatCaches.noindex/macosx27.0-26A425-e829b21a6f8c9b70876ba0858053c0446a22442a12e9d48fe1a705f55a1adfc4.sdkstatcache -output-file-map /Users/admin/builder/spi-builder-workspace/.derivedData/Build/Intermediates.noindex/swift-case-paths.build/Debug/CasePathsMacros-t.build/Objects-normal/arm64/CasePathsMacros-OutputFileMap.json -save-temps -no-color-diagnostics -explicit-module-build -module-cache-path /Users/admin/builder/spi-builder-workspace/.derivedData/Build/Intermediates.noindex/SwiftExplicitPrecompiledModules -clang-scanner-module-cache-path /Users/admin/builder/spi-builder-workspace/.derivedData/ModuleCache.noindex -sdk-module-cache-path /Users/admin/builder/spi-builder-workspace/.derivedData/SDKExplicitPrecompiledModules -emit-dependencies -emit-module -emit-module-path /Users/admin/builder/spi-builder-workspace/.derivedData/Build/Intermediates.noindex/swift-case-paths.build/Debug/CasePathsMacros-t.build/Objects-normal/arm64/CasePathsMacros.swiftmodule -serialize-diagnostics -dependency-scan-serialize-diagnostics-path /Users/admin/builder/spi-builder-workspace/.derivedData/Build/Intermediates.noindex/swift-case-paths.build/Debug/CasePathsMacros-t.build/Objects-normal/arm64/CasePathsMacros-dependency-scan.dia -user-module-version 1.10.0 -validate-clang-modules-once -clang-build-session-file /Users/admin/builder/spi-builder-workspace/.derivedData/ModuleCache.noindex/Session.modulevalidation -Xcc -fmodules-prune-interval\=86400 -Xcc -fmodules-prune-after\=345600 -package-name swift_case_paths -emit-const-values -const-gather-protocols-list /Users/admin/builder/spi-builder-workspace/.derivedData/Build/Intermediates.noindex/swift-case-paths.build/Debug/CasePathsMacros-t.build/Objects-normal/arm64/CasePathsMacros_const_extract_protocols.json -Xcc -I/Users/admin/builder/spi-builder-workspace/.dependencies/checkouts/swift-syntax/Sources/_SwiftSyntaxCShims/include -Xcc -I/Users/admin/builder/spi-builder-workspace/.derivedData/Build/Products/Debug/include -Xcc -I/Users/admin/builder/spi-builder-workspace/.derivedData/Build/Intermediates.noindex/swift-case-paths.build/Debug/CasePathsMacros-t.build/DerivedSources-normal/arm64 -Xcc -I/Users/admin/builder/spi-builder-workspace/.derivedData/Build/Intermediates.noindex/swift-case-paths.build/Debug/CasePathsMacros-t.build/DerivedSources/arm64 -Xcc -I/Users/admin/builder/spi-builder-workspace/.derivedData/Build/Intermediates.noindex/swift-case-paths.build/Debug/CasePathsMacros-t.build/DerivedSources -Xcc -DSWIFT_PACKAGE -Xcc -DDEBUG\=1 -working-directory /Users/admin/builder/spi-builder-workspace/.swiftpm/xcode -experimental-emit-module-separately -disable-cmo
SwiftCompile normal arm64 Compiling\ Plugin.swift /Users/admin/builder/spi-builder-workspace/.dependencies/checkouts/swift-case-paths/Sources/CasePathsMacros/Plugin.swift (in target 'CasePathsMacros' from project 'swift-case-paths')
SwiftCompile normal arm64 /Users/admin/builder/spi-builder-workspace/.dependencies/checkouts/swift-case-paths/Sources/CasePathsMacros/Plugin.swift (in target 'CasePathsMacros' from project 'swift-case-paths')
    cd /Users/admin/builder/spi-builder-workspace/.swiftpm/xcode
    builtin-SwiftPerFileCompile Plugin.swift
SwiftEmitModule normal arm64 Emitting\ module\ for\ CasePathsMacros (in target 'CasePathsMacros' from project 'swift-case-paths')
SwiftCompile normal arm64 (in target 'CasePathsMacros' from project 'swift-case-paths')
    cd /Users/admin/builder/spi-builder-workspace/.swiftpm/xcode

SwiftCompile normal arm64 Compiling\ CasePathableMacro.swift /Users/admin/builder/spi-builder-workspace/.dependencies/checkouts/swift-case-paths/Sources/CasePathsMacros/CasePathableMacro.swift (in target 'CasePathsMacros' from project 'swift-case-paths')
SwiftCompile normal arm64 /Users/admin/builder/spi-builder-workspace/.dependencies/checkouts/swift-case-paths/Sources/CasePathsMacros/CasePathableMacro.swift (in target 'CasePathsMacros' from project 'swift-case-paths')
    cd /Users/admin/builder/spi-builder-workspace/.swiftpm/xcode
    builtin-SwiftPerFileCompile CasePathableMacro.swift
SwiftDriverJobDiscovery normal arm64 Emitting module for CasePathsMacros (in target 'CasePathsMacros' from project 'swift-case-paths')
SwiftDriver\ Compilation\ Requirements CasePathsMacros normal arm64 com.apple.xcode.tools.swift.compiler (in target 'CasePathsMacros' from project 'swift-case-paths')
    cd /Users/admin/builder/spi-builder-workspace/.swiftpm/xcode
    builtin-Swift-Compilation-Requirements -- /Applications/Xcode-27.0.0-Release.Candidate.app/Contents/Developer/Toolchains/XcodeDefault.xctoolchain/usr/bin/swiftc -parse-as-library -module-name CasePathsMacros -Onone @/Users/admin/builder/spi-builder-workspace/.derivedData/Build/Intermediates.noindex/swift-case-paths.build/Debug/CasePathsMacros-t.build/Objects-normal/arm64/CasePathsMacros.SwiftFileList -DSWIFT_PACKAGE -DDEBUG -Xcc -fmodule-map-file\=/Users/admin/builder/spi-builder-workspace/.dependencies/checkouts/swift-syntax/Sources/_SwiftSyntaxCShims/include/module.modulemap -DXcode -plugin-path /Applications/Xcode-27.0.0-Release.Candidate.app/Contents/Developer/Toolchains/XcodeDefault.xctoolchain/usr/lib/swift/host/plugins/testing -enable-experimental-feature DebugDescriptionMacro -sdk /Applications/Xcode-27.0.0-Release.Candidate.app/Contents/Developer/Platforms/MacOSX.platform/Developer/SDKs/MacOSX27.0.sdk -target arm64-apple-macos12.0 -g -module-cache-path /Users/admin/builder/spi-builder-workspace/.derivedData/ModuleCache.noindex -Xfrontend -serialize-debugging-options -profile-coverage-mapping -profile-generate -enable-testing -suppress-warnings -index-store-path /Users/admin/builder/spi-builder-workspace/.derivedData/Index.noindex/DataStore -Xcc -D_LIBCPP_HARDENING_MODE\=_LIBCPP_HARDENING_MODE_DEBUG -swift-version 6 -I /Users/admin/builder/spi-builder-workspace/.derivedData/Build/Products/Debug -Isystem /Applications/Xcode-27.0.0-Release.Candidate.app/Contents/Developer/Platforms/MacOSX.platform/Developer/usr/lib -F /Users/admin/builder/spi-builder-workspace/.derivedData/Build/Products/Debug/PackageFrameworks -F /Users/admin/builder/spi-builder-workspace/.derivedData/Build/Products/Debug -F /Applications/Xcode-27.0.0-Release.Candidate.app/Contents/Developer/Platforms/MacOSX.platform/Developer/Library/Frameworks -c -j10 -enable-batch-mode -incremental -Xcc -ivfsstatcache -Xcc /Users/admin/builder/spi-builder-workspace/.derivedData/SDKStatCaches.noindex/macosx27.0-26A425-e829b21a6f8c9b70876ba0858053c0446a22442a12e9d48fe1a705f55a1adfc4.sdkstatcache -output-file-map /Users/admin/builder/spi-builder-workspace/.derivedData/Build/Intermediates.noindex/swift-case-paths.build/Debug/CasePathsMacros-t.build/Objects-normal/arm64/CasePathsMacros-OutputFileMap.json -save-temps -no-color-diagnostics -explicit-module-build -module-cache-path /Users/admin/builder/spi-builder-workspace/.derivedData/Build/Intermediates.noindex/SwiftExplicitPrecompiledModules -clang-scanner-module-cache-path /Users/admin/builder/spi-builder-workspace/.derivedData/ModuleCache.noindex -sdk-module-cache-path /Users/admin/builder/spi-builder-workspace/.derivedData/SDKExplicitPrecompiledModules -emit-dependencies -emit-module -emit-module-path /Users/admin/builder/spi-builder-workspace/.derivedData/Build/Intermediates.noindex/swift-case-paths.build/Debug/CasePathsMacros-t.build/Objects-normal/arm64/CasePathsMacros.swiftmodule -serialize-diagnostics -dependency-scan-serialize-diagnostics-path /Users/admin/builder/spi-builder-workspace/.derivedData/Build/Intermediates.noindex/swift-case-paths.build/Debug/CasePathsMacros-t.build/Objects-normal/arm64/CasePathsMacros-dependency-scan.dia -user-module-version 1.10.0 -validate-clang-modules-once -clang-build-session-file /Users/admin/builder/spi-builder-workspace/.derivedData/ModuleCache.noindex/Session.modulevalidation -Xcc -fmodules-prune-interval\=86400 -Xcc -fmodules-prune-after\=345600 -package-name swift_case_paths -emit-const-values -const-gather-protocols-list /Users/admin/builder/spi-builder-workspace/.derivedData/Build/Intermediates.noindex/swift-case-paths.build/Debug/CasePathsMacros-t.build/Objects-normal/arm64/CasePathsMacros_const_extract_protocols.json -Xcc -I/Users/admin/builder/spi-builder-workspace/.dependencies/checkouts/swift-syntax/Sources/_SwiftSyntaxCShims/include -Xcc -I/Users/admin/builder/spi-builder-workspace/.derivedData/Build/Products/Debug/include -Xcc -I/Users/admin/builder/spi-builder-workspace/.derivedData/Build/Intermediates.noindex/swift-case-paths.build/Debug/CasePathsMacros-t.build/DerivedSources-normal/arm64 -Xcc -I/Users/admin/builder/spi-builder-workspace/.derivedData/Build/Intermediates.noindex/swift-case-paths.build/Debug/CasePathsMacros-t.build/DerivedSources/arm64 -Xcc -I/Users/admin/builder/spi-builder-workspace/.derivedData/Build/Intermediates.noindex/swift-case-paths.build/Debug/CasePathsMacros-t.build/DerivedSources -Xcc -DSWIFT_PACKAGE -Xcc -DDEBUG\=1 -working-directory /Users/admin/builder/spi-builder-workspace/.swiftpm/xcode -experimental-emit-module-separately -disable-cmo
SwiftDriverJobDiscovery normal arm64 Compiling CasePathableMacro.swift (in target 'CasePathsMacros' from project 'swift-case-paths')
SwiftDriverJobDiscovery normal arm64 Compiling Plugin.swift (in target 'CasePathsMacros' from project 'swift-case-paths')
SwiftDriver\ Compilation CasePathsMacros normal arm64 com.apple.xcode.tools.swift.compiler (in target 'CasePathsMacros' from project 'swift-case-paths')
    cd /Users/admin/builder/spi-builder-workspace/.swiftpm/xcode
    builtin-Swift-Compilation -- /Applications/Xcode-27.0.0-Release.Candidate.app/Contents/Developer/Toolchains/XcodeDefault.xctoolchain/usr/bin/swiftc -parse-as-library -module-name CasePathsMacros -Onone @/Users/admin/builder/spi-builder-workspace/.derivedData/Build/Intermediates.noindex/swift-case-paths.build/Debug/CasePathsMacros-t.build/Objects-normal/arm64/CasePathsMacros.SwiftFileList -DSWIFT_PACKAGE -DDEBUG -Xcc -fmodule-map-file\=/Users/admin/builder/spi-builder-workspace/.dependencies/checkouts/swift-syntax/Sources/_SwiftSyntaxCShims/include/module.modulemap -DXcode -plugin-path /Applications/Xcode-27.0.0-Release.Candidate.app/Contents/Developer/Toolchains/XcodeDefault.xctoolchain/usr/lib/swift/host/plugins/testing -enable-experimental-feature DebugDescriptionMacro -sdk /Applications/Xcode-27.0.0-Release.Candidate.app/Contents/Developer/Platforms/MacOSX.platform/Developer/SDKs/MacOSX27.0.sdk -target arm64-apple-macos12.0 -g -module-cache-path /Users/admin/builder/spi-builder-workspace/.derivedData/ModuleCache.noindex -Xfrontend -serialize-debugging-options -profile-coverage-mapping -profile-generate -enable-testing -suppress-warnings -index-store-path /Users/admin/builder/spi-builder-workspace/.derivedData/Index.noindex/DataStore -Xcc -D_LIBCPP_HARDENING_MODE\=_LIBCPP_HARDENING_MODE_DEBUG -swift-version 6 -I /Users/admin/builder/spi-builder-workspace/.derivedData/Build/Products/Debug -Isystem /Applications/Xcode-27.0.0-Release.Candidate.app/Contents/Developer/Platforms/MacOSX.platform/Developer/usr/lib -F /Users/admin/builder/spi-builder-workspace/.derivedData/Build/Products/Debug/PackageFrameworks -F /Users/admin/builder/spi-builder-workspace/.derivedData/Build/Products/Debug -F /Applications/Xcode-27.0.0-Release.Candidate.app/Contents/Developer/Platforms/MacOSX.platform/Developer/Library/Frameworks -c -j10 -enable-batch-mode -incremental -Xcc -ivfsstatcache -Xcc /Users/admin/builder/spi-builder-workspace/.derivedData/SDKStatCaches.noindex/macosx27.0-26A425-e829b21a6f8c9b70876ba0858053c0446a22442a12e9d48fe1a705f55a1adfc4.sdkstatcache -output-file-map /Users/admin/builder/spi-builder-workspace/.derivedData/Build/Intermediates.noindex/swift-case-paths.build/Debug/CasePathsMacros-t.build/Objects-normal/arm64/CasePathsMacros-OutputFileMap.json -save-temps -no-color-diagnostics -explicit-module-build -module-cache-path /Users/admin/builder/spi-builder-workspace/.derivedData/Build/Intermediates.noindex/SwiftExplicitPrecompiledModules -clang-scanner-module-cache-path /Users/admin/builder/spi-builder-workspace/.derivedData/ModuleCache.noindex -sdk-module-cache-path /Users/admin/builder/spi-builder-workspace/.derivedData/SDKExplicitPrecompiledModules -emit-dependencies -emit-module -emit-module-path /Users/admin/builder/spi-builder-workspace/.derivedData/Build/Intermediates.noindex/swift-case-paths.build/Debug/CasePathsMacros-t.build/Objects-normal/arm64/CasePathsMacros.swiftmodule -serialize-diagnostics -dependency-scan-serialize-diagnostics-path /Users/admin/builder/spi-builder-workspace/.derivedData/Build/Intermediates.noindex/swift-case-paths.build/Debug/CasePathsMacros-t.build/Objects-normal/arm64/CasePathsMacros-dependency-scan.dia -user-module-version 1.10.0 -validate-clang-modules-once -clang-build-session-file /Users/admin/builder/spi-builder-workspace/.derivedData/ModuleCache.noindex/Session.modulevalidation -Xcc -fmodules-prune-interval\=86400 -Xcc -fmodules-prune-after\=345600 -package-name swift_case_paths -emit-const-values -const-gather-protocols-list /Users/admin/builder/spi-builder-workspace/.derivedData/Build/Intermediates.noindex/swift-case-paths.build/Debug/CasePathsMacros-t.build/Objects-normal/arm64/CasePathsMacros_const_extract_protocols.json -Xcc -I/Users/admin/builder/spi-builder-workspace/.dependencies/checkouts/swift-syntax/Sources/_SwiftSyntaxCShims/include -Xcc -I/Users/admin/builder/spi-builder-workspace/.derivedData/Build/Products/Debug/include -Xcc -I/Users/admin/builder/spi-builder-workspace/.derivedData/Build/Intermediates.noindex/swift-case-paths.build/Debug/CasePathsMacros-t.build/DerivedSources-normal/arm64 -Xcc -I/Users/admin/builder/spi-builder-workspace/.derivedData/Build/Intermediates.noindex/swift-case-paths.build/Debug/CasePathsMacros-t.build/DerivedSources/arm64 -Xcc -I/Users/admin/builder/spi-builder-workspace/.derivedData/Build/Intermediates.noindex/swift-case-paths.build/Debug/CasePathsMacros-t.build/DerivedSources -Xcc -DSWIFT_PACKAGE -Xcc -DDEBUG\=1 -working-directory /Users/admin/builder/spi-builder-workspace/.swiftpm/xcode -experimental-emit-module-separately -disable-cmo
Ld /Users/admin/builder/spi-builder-workspace/.derivedData/Build/Products/Debug/CasePathsMacros normal (in target 'CasePathsMacros' from project 'swift-case-paths')
    cd /Users/admin/builder/spi-builder-workspace/.dependencies/checkouts/swift-case-paths
    /Applications/Xcode-27.0.0-Release.Candidate.app/Contents/Developer/Toolchains/XcodeDefault.xctoolchain/usr/bin/swiftc -Xlinker -reproducible -target arm64-apple-macos12.0 -emit-executable -sdk /Applications/Xcode-27.0.0-Release.Candidate.app/Contents/Developer/Platforms/MacOSX.platform/Developer/SDKs/MacOSX27.0.sdk -suppress-warnings -Xlinker -no_warn_duplicate_libraries -L/Users/admin/builder/spi-builder-workspace/.derivedData/Build/Intermediates.noindex/EagerLinkingTBDs/Debug -L/Users/admin/builder/spi-builder-workspace/.derivedData/Build/Products/Debug -L/Applications/Xcode-27.0.0-Release.Candidate.app/Contents/Developer/Platforms/MacOSX.platform/Developer/usr/lib -F/Users/admin/builder/spi-builder-workspace/.derivedData/Build/Intermediates.noindex/EagerLinkingTBDs/Debug -F/Users/admin/builder/spi-builder-workspace/.derivedData/Build/Products/Debug/PackageFrameworks -F/Users/admin/builder/spi-builder-workspace/.derivedData/Build/Products/Debug -Fsystem /Applications/Xcode-27.0.0-Release.Candidate.app/Contents/Developer/Platforms/MacOSX.platform/Developer/Library/Frameworks @/Users/admin/builder/spi-builder-workspace/.derivedData/Build/Intermediates.noindex/swift-case-paths.build/Debug/CasePathsMacros-t.build/Objects-normal/arm64/CasePathsMacros.LinkFileList -Xlinker -rpath -Xlinker /usr/lib/swift -Xlinker -rpath -Xlinker @loader_path -Xlinker -rpath -Xlinker /Users/admin/builder/spi-builder-workspace/.derivedData/Build/Products/Debug/PackageFrameworks -Xlinker -object_path_lto -Xlinker /Users/admin/builder/spi-builder-workspace/.derivedData/Build/Intermediates.noindex/swift-case-paths.build/Debug/CasePathsMacros-t.build/Objects-normal/arm64/CasePathsMacros_lto.o -Xclang-linker -rdynamic -Xlinker -no_deduplicate -Xlinker -debug_variant -Xlinker -dependency_info -Xlinker /Users/admin/builder/spi-builder-workspace/.derivedData/Build/Intermediates.noindex/swift-case-paths.build/Debug/CasePathsMacros-t.build/Objects-normal/arm64/CasePathsMacros_dependency_info.dat -link-objc-runtime -profile-generate -L/Applications/Xcode-27.0.0-Release.Candidate.app/Contents/Developer/Toolchains/XcodeDefault.xctoolchain/usr/lib/swift/macosx -L/usr/lib/swift -Xlinker -add_ast_path -Xlinker /Users/admin/builder/spi-builder-workspace/.derivedData/Build/Intermediates.noindex/swift-case-paths.build/Debug/CasePathsMacros-t.build/Objects-normal/arm64/CasePathsMacros.swiftmodule -o /Users/admin/builder/spi-builder-workspace/.derivedData/Build/Products/Debug/CasePathsMacros -no-stdlib-rpath
RegisterExecutionPolicyException /Users/admin/builder/spi-builder-workspace/.derivedData/Build/Products/Debug/CasePathsMacros (in target 'CasePathsMacros' from project 'swift-case-paths')
    cd /Users/admin/builder/spi-builder-workspace/.dependencies/checkouts/swift-case-paths
    builtin-RegisterExecutionPolicyException /Users/admin/builder/spi-builder-workspace/.derivedData/Build/Products/Debug/CasePathsMacros
SwiftDriver CasePaths normal arm64 com.apple.xcode.tools.swift.compiler (in target 'CasePaths' from project 'swift-case-paths')
    cd /Users/admin/builder/spi-builder-workspace/.swiftpm/xcode
    builtin-SwiftDriver -- /Applications/Xcode-27.0.0-Release.Candidate.app/Contents/Developer/Toolchains/XcodeDefault.xctoolchain/usr/bin/swiftc -parse-as-library -module-name CasePaths -Onone @/Users/admin/builder/spi-builder-workspace/.derivedData/Build/Intermediates.noindex/swift-case-paths.build/Debug-xros/CasePaths-t.build/Objects-normal/arm64/CasePaths.SwiftFileList -DSWIFT_PACKAGE -DDEBUG -DSWIFT_MODULE_RESOURCE_BUNDLE_UNAVAILABLE -DXcode -plugin-path /Applications/Xcode-27.0.0-Release.Candidate.app/Contents/Developer/Toolchains/XcodeDefault.xctoolchain/usr/lib/swift/host/plugins/testing -enable-experimental-feature DebugDescriptionMacro -sdk /Applications/Xcode-27.0.0-Release.Candidate.app/Contents/Developer/Platforms/XROS.platform/Developer/SDKs/XROS27.0.sdk -target arm64-apple-xros1.0 -g -module-cache-path /Users/admin/builder/spi-builder-workspace/.derivedData/ModuleCache.noindex -Xfrontend -serialize-debugging-options -profile-coverage-mapping -profile-generate -enable-testing -suppress-warnings -index-store-path /Users/admin/builder/spi-builder-workspace/.derivedData/Index.noindex/DataStore -Xcc -D_LIBCPP_HARDENING_MODE\=_LIBCPP_HARDENING_MODE_DEBUG -swift-version 6 -I /Users/admin/builder/spi-builder-workspace/.derivedData/Build/Products/Debug-xros -Isystem /Applications/Xcode-27.0.0-Release.Candidate.app/Contents/Developer/Platforms/XROS.platform/Developer/usr/lib -F /Users/admin/builder/spi-builder-workspace/.derivedData/Build/Products/Debug-xros/PackageFrameworks -F /Users/admin/builder/spi-builder-workspace/.derivedData/Build/Products/Debug-xros -F /Applications/Xcode-27.0.0-Release.Candidate.app/Contents/Developer/Platforms/XROS.platform/Developer/Library/Frameworks -F /Applications/Xcode-27.0.0-Release.Candidate.app/Contents/Developer/Platforms/XROS.platform/Developer/SDKs/XROS27.0.sdk/Developer/Library/Frameworks -Xfrontend -load-plugin-executable -Xfrontend /Users/admin/builder/spi-builder-workspace/.derivedData/Build/Products/Debug/CasePathsMacros\#CasePathsMacros -c -j10 -enable-batch-mode -incremental -Xcc -ivfsstatcache -Xcc /Users/admin/builder/spi-builder-workspace/.derivedData/SDKStatCaches.noindex/xros27.0-24M361-e829b21a6f8c9b70876ba0858053c044735bd543db762f57723cac368afd1ce4.sdkstatcache -output-file-map /Users/admin/builder/spi-builder-workspace/.derivedData/Build/Intermediates.noindex/swift-case-paths.build/Debug-xros/CasePaths-t.build/Objects-normal/arm64/CasePaths-OutputFileMap.json -save-temps -no-color-diagnostics -explicit-module-build -module-cache-path /Users/admin/builder/spi-builder-workspace/.derivedData/Build/Intermediates.noindex/SwiftExplicitPrecompiledModules -clang-scanner-module-cache-path /Users/admin/builder/spi-builder-workspace/.derivedData/ModuleCache.noindex -sdk-module-cache-path /Users/admin/builder/spi-builder-workspace/.derivedData/SDKExplicitPrecompiledModules -emit-dependencies -emit-module -emit-module-path /Users/admin/builder/spi-builder-workspace/.derivedData/Build/Intermediates.noindex/swift-case-paths.build/Debug-xros/CasePaths-t.build/Objects-normal/arm64/CasePaths.swiftmodule -serialize-diagnostics -dependency-scan-serialize-diagnostics-path /Users/admin/builder/spi-builder-workspace/.derivedData/Build/Intermediates.noindex/swift-case-paths.build/Debug-xros/CasePaths-t.build/Objects-normal/arm64/CasePaths-dependency-scan.dia -user-module-version 1.10.0 -validate-clang-modules-once -clang-build-session-file /Users/admin/builder/spi-builder-workspace/.derivedData/ModuleCache.noindex/Session.modulevalidation -Xcc -fmodules-prune-interval\=86400 -Xcc -fmodules-prune-after\=345600 -package-name swift_case_paths -emit-const-values -const-gather-protocols-list /Users/admin/builder/spi-builder-workspace/.derivedData/Build/Intermediates.noindex/swift-case-paths.build/Debug-xros/CasePaths-t.build/Objects-normal/arm64/CasePaths_const_extract_protocols.json -Xcc -I/Users/admin/builder/spi-builder-workspace/.derivedData/Build/Products/Debug-xros/include -Xcc -I/Users/admin/builder/spi-builder-workspace/.derivedData/Build/Intermediates.noindex/swift-case-paths.build/Debug-xros/CasePaths-t.build/DerivedSources-normal/arm64 -Xcc -I/Users/admin/builder/spi-builder-workspace/.derivedData/Build/Intermediates.noindex/swift-case-paths.build/Debug-xros/CasePaths-t.build/DerivedSources/arm64 -Xcc -I/Users/admin/builder/spi-builder-workspace/.derivedData/Build/Intermediates.noindex/swift-case-paths.build/Debug-xros/CasePaths-t.build/DerivedSources -Xcc -DSWIFT_PACKAGE -Xcc -DDEBUG\=1 -emit-objc-header -emit-objc-header-path /Users/admin/builder/spi-builder-workspace/.derivedData/Build/Intermediates.noindex/swift-case-paths.build/Debug-xros/CasePaths-t.build/Objects-normal/arm64/CasePaths-Swift.h -working-directory /Users/admin/builder/spi-builder-workspace/.swiftpm/xcode -experimental-emit-module-separately -disable-cmo
SwiftCompile normal arm64 Compiling\ EnumReflection.swift /Users/admin/builder/spi-builder-workspace/.dependencies/checkouts/swift-case-paths/Sources/CasePaths/EnumReflection.swift (in target 'CasePaths' from project 'swift-case-paths')
SwiftCompile normal arm64 /Users/admin/builder/spi-builder-workspace/.dependencies/checkouts/swift-case-paths/Sources/CasePaths/EnumReflection.swift (in target 'CasePaths' from project 'swift-case-paths')
    cd /Users/admin/builder/spi-builder-workspace/.swiftpm/xcode
    builtin-SwiftPerFileCompile EnumReflection.swift
SwiftCompile normal arm64 Compiling\ Exports.swift /Users/admin/builder/spi-builder-workspace/.dependencies/checkouts/swift-case-paths/Sources/CasePaths/Internal/Exports.swift (in target 'CasePaths' from project 'swift-case-paths')
SwiftCompile normal arm64 /Users/admin/builder/spi-builder-workspace/.dependencies/checkouts/swift-case-paths/Sources/CasePaths/Internal/Exports.swift (in target 'CasePaths' from project 'swift-case-paths')
    cd /Users/admin/builder/spi-builder-workspace/.swiftpm/xcode
    builtin-SwiftPerFileCompile Exports.swift
SwiftCompile normal arm64 Compiling\ LockIsolated.swift /Users/admin/builder/spi-builder-workspace/.dependencies/checkouts/swift-case-paths/Sources/CasePaths/Internal/LockIsolated.swift (in target 'CasePaths' from project 'swift-case-paths')
SwiftCompile normal arm64 /Users/admin/builder/spi-builder-workspace/.dependencies/checkouts/swift-case-paths/Sources/CasePaths/Internal/LockIsolated.swift (in target 'CasePaths' from project 'swift-case-paths')
    cd /Users/admin/builder/spi-builder-workspace/.swiftpm/xcode
    builtin-SwiftPerFileCompile LockIsolated.swift
SwiftCompile normal arm64 Compiling\ Macros.swift /Users/admin/builder/spi-builder-workspace/.dependencies/checkouts/swift-case-paths/Sources/CasePaths/Macros.swift (in target 'CasePaths' from project 'swift-case-paths')
SwiftCompile normal arm64 /Users/admin/builder/spi-builder-workspace/.dependencies/checkouts/swift-case-paths/Sources/CasePaths/Macros.swift (in target 'CasePaths' from project 'swift-case-paths')
    cd /Users/admin/builder/spi-builder-workspace/.swiftpm/xcode
    builtin-SwiftPerFileCompile Macros.swift
SwiftCompile normal arm64 Compiling\ XCTestSupport.swift /Users/admin/builder/spi-builder-workspace/.dependencies/checkouts/swift-case-paths/Sources/CasePaths/XCTestSupport.swift (in target 'CasePaths' from project 'swift-case-paths')
SwiftCompile normal arm64 /Users/admin/builder/spi-builder-workspace/.dependencies/checkouts/swift-case-paths/Sources/CasePaths/XCTestSupport.swift (in target 'CasePaths' from project 'swift-case-paths')
    cd /Users/admin/builder/spi-builder-workspace/.swiftpm/xcode
    builtin-SwiftPerFileCompile XCTestSupport.swift
SwiftEmitModule normal arm64 Emitting\ module\ for\ CasePaths (in target 'CasePaths' from project 'swift-case-paths')
SwiftCompile normal arm64 (in target 'CasePaths' from project 'swift-case-paths')
    cd /Users/admin/builder/spi-builder-workspace/.swiftpm/xcode

SwiftCompile normal arm64 Compiling\ Deprecations.swift /Users/admin/builder/spi-builder-workspace/.dependencies/checkouts/swift-case-paths/Sources/CasePaths/Internal/Deprecations.swift (in target 'CasePaths' from project 'swift-case-paths')
SwiftCompile normal arm64 /Users/admin/builder/spi-builder-workspace/.dependencies/checkouts/swift-case-paths/Sources/CasePaths/Internal/Deprecations.swift (in target 'CasePaths' from project 'swift-case-paths')
    cd /Users/admin/builder/spi-builder-workspace/.swiftpm/xcode
    builtin-SwiftPerFileCompile Deprecations.swift
SwiftDriverJobDiscovery normal arm64 Compiling Exports.swift (in target 'CasePaths' from project 'swift-case-paths')
SwiftDriverJobDiscovery normal arm64 Compiling LockIsolated.swift (in target 'CasePaths' from project 'swift-case-paths')
SwiftDriverJobDiscovery normal arm64 Compiling XCTestSupport.swift (in target 'CasePaths' from project 'swift-case-paths')
SwiftDriverJobDiscovery normal arm64 Compiling Deprecations.swift (in target 'CasePaths' from project 'swift-case-paths')
SwiftDriverJobDiscovery normal arm64 Compiling EnumReflection.swift (in target 'CasePaths' from project 'swift-case-paths')
SwiftDriverJobDiscovery normal arm64 Compiling Macros.swift (in target 'CasePaths' from project 'swift-case-paths')
SwiftDriverJobDiscovery normal arm64 Emitting module for CasePaths (in target 'CasePaths' from project 'swift-case-paths')
SwiftDriver\ Compilation\ Requirements CasePaths normal arm64 com.apple.xcode.tools.swift.compiler (in target 'CasePaths' from project 'swift-case-paths')
    cd /Users/admin/builder/spi-builder-workspace/.swiftpm/xcode
    builtin-Swift-Compilation-Requirements -- /Applications/Xcode-27.0.0-Release.Candidate.app/Contents/Developer/Toolchains/XcodeDefault.xctoolchain/usr/bin/swiftc -parse-as-library -module-name CasePaths -Onone @/Users/admin/builder/spi-builder-workspace/.derivedData/Build/Intermediates.noindex/swift-case-paths.build/Debug-xros/CasePaths-t.build/Objects-normal/arm64/CasePaths.SwiftFileList -DSWIFT_PACKAGE -DDEBUG -DSWIFT_MODULE_RESOURCE_BUNDLE_UNAVAILABLE -DXcode -plugin-path /Applications/Xcode-27.0.0-Release.Candidate.app/Contents/Developer/Toolchains/XcodeDefault.xctoolchain/usr/lib/swift/host/plugins/testing -enable-experimental-feature DebugDescriptionMacro -sdk /Applications/Xcode-27.0.0-Release.Candidate.app/Contents/Developer/Platforms/XROS.platform/Developer/SDKs/XROS27.0.sdk -target arm64-apple-xros1.0 -g -module-cache-path /Users/admin/builder/spi-builder-workspace/.derivedData/ModuleCache.noindex -Xfrontend -serialize-debugging-options -profile-coverage-mapping -profile-generate -enable-testing -suppress-warnings -index-store-path /Users/admin/builder/spi-builder-workspace/.derivedData/Index.noindex/DataStore -Xcc -D_LIBCPP_HARDENING_MODE\=_LIBCPP_HARDENING_MODE_DEBUG -swift-version 6 -I /Users/admin/builder/spi-builder-workspace/.derivedData/Build/Products/Debug-xros -Isystem /Applications/Xcode-27.0.0-Release.Candidate.app/Contents/Developer/Platforms/XROS.platform/Developer/usr/lib -F /Users/admin/builder/spi-builder-workspace/.derivedData/Build/Products/Debug-xros/PackageFrameworks -F /Users/admin/builder/spi-builder-workspace/.derivedData/Build/Products/Debug-xros -F /Applications/Xcode-27.0.0-Release.Candidate.app/Contents/Developer/Platforms/XROS.platform/Developer/Library/Frameworks -F /Applications/Xcode-27.0.0-Release.Candidate.app/Contents/Developer/Platforms/XROS.platform/Developer/SDKs/XROS27.0.sdk/Developer/Library/Frameworks -Xfrontend -load-plugin-executable -Xfrontend /Users/admin/builder/spi-builder-workspace/.derivedData/Build/Products/Debug/CasePathsMacros\#CasePathsMacros -c -j10 -enable-batch-mode -incremental -Xcc -ivfsstatcache -Xcc /Users/admin/builder/spi-builder-workspace/.derivedData/SDKStatCaches.noindex/xros27.0-24M361-e829b21a6f8c9b70876ba0858053c044735bd543db762f57723cac368afd1ce4.sdkstatcache -output-file-map /Users/admin/builder/spi-builder-workspace/.derivedData/Build/Intermediates.noindex/swift-case-paths.build/Debug-xros/CasePaths-t.build/Objects-normal/arm64/CasePaths-OutputFileMap.json -save-temps -no-color-diagnostics -explicit-module-build -module-cache-path /Users/admin/builder/spi-builder-workspace/.derivedData/Build/Intermediates.noindex/SwiftExplicitPrecompiledModules -clang-scanner-module-cache-path /Users/admin/builder/spi-builder-workspace/.derivedData/ModuleCache.noindex -sdk-module-cache-path /Users/admin/builder/spi-builder-workspace/.derivedData/SDKExplicitPrecompiledModules -emit-dependencies -emit-module -emit-module-path /Users/admin/builder/spi-builder-workspace/.derivedData/Build/Intermediates.noindex/swift-case-paths.build/Debug-xros/CasePaths-t.build/Objects-normal/arm64/CasePaths.swiftmodule -serialize-diagnostics -dependency-scan-serialize-diagnostics-path /Users/admin/builder/spi-builder-workspace/.derivedData/Build/Intermediates.noindex/swift-case-paths.build/Debug-xros/CasePaths-t.build/Objects-normal/arm64/CasePaths-dependency-scan.dia -user-module-version 1.10.0 -validate-clang-modules-once -clang-build-session-file /Users/admin/builder/spi-builder-workspace/.derivedData/ModuleCache.noindex/Session.modulevalidation -Xcc -fmodules-prune-interval\=86400 -Xcc -fmodules-prune-after\=345600 -package-name swift_case_paths -emit-const-values -const-gather-protocols-list /Users/admin/builder/spi-builder-workspace/.derivedData/Build/Intermediates.noindex/swift-case-paths.build/Debug-xros/CasePaths-t.build/Objects-normal/arm64/CasePaths_const_extract_protocols.json -Xcc -I/Users/admin/builder/spi-builder-workspace/.derivedData/Build/Products/Debug-xros/include -Xcc -I/Users/admin/builder/spi-builder-workspace/.derivedData/Build/Intermediates.noindex/swift-case-paths.build/Debug-xros/CasePaths-t.build/DerivedSources-normal/arm64 -Xcc -I/Users/admin/builder/spi-builder-workspace/.derivedData/Build/Intermediates.noindex/swift-case-paths.build/Debug-xros/CasePaths-t.build/DerivedSources/arm64 -Xcc -I/Users/admin/builder/spi-builder-workspace/.derivedData/Build/Intermediates.noindex/swift-case-paths.build/Debug-xros/CasePaths-t.build/DerivedSources -Xcc -DSWIFT_PACKAGE -Xcc -DDEBUG\=1 -emit-objc-header -emit-objc-header-path /Users/admin/builder/spi-builder-workspace/.derivedData/Build/Intermediates.noindex/swift-case-paths.build/Debug-xros/CasePaths-t.build/Objects-normal/arm64/CasePaths-Swift.h -working-directory /Users/admin/builder/spi-builder-workspace/.swiftpm/xcode -experimental-emit-module-separately -disable-cmo
SwiftDriver\ Compilation CasePaths normal arm64 com.apple.xcode.tools.swift.compiler (in target 'CasePaths' from project 'swift-case-paths')
    cd /Users/admin/builder/spi-builder-workspace/.swiftpm/xcode
    builtin-Swift-Compilation -- /Applications/Xcode-27.0.0-Release.Candidate.app/Contents/Developer/Toolchains/XcodeDefault.xctoolchain/usr/bin/swiftc -parse-as-library -module-name CasePaths -Onone @/Users/admin/builder/spi-builder-workspace/.derivedData/Build/Intermediates.noindex/swift-case-paths.build/Debug-xros/CasePaths-t.build/Objects-normal/arm64/CasePaths.SwiftFileList -DSWIFT_PACKAGE -DDEBUG -DSWIFT_MODULE_RESOURCE_BUNDLE_UNAVAILABLE -DXcode -plugin-path /Applications/Xcode-27.0.0-Release.Candidate.app/Contents/Developer/Toolchains/XcodeDefault.xctoolchain/usr/lib/swift/host/plugins/testing -enable-experimental-feature DebugDescriptionMacro -sdk /Applications/Xcode-27.0.0-Release.Candidate.app/Contents/Developer/Platforms/XROS.platform/Developer/SDKs/XROS27.0.sdk -target arm64-apple-xros1.0 -g -module-cache-path /Users/admin/builder/spi-builder-workspace/.derivedData/ModuleCache.noindex -Xfrontend -serialize-debugging-options -profile-coverage-mapping -profile-generate -enable-testing -suppress-warnings -index-store-path /Users/admin/builder/spi-builder-workspace/.derivedData/Index.noindex/DataStore -Xcc -D_LIBCPP_HARDENING_MODE\=_LIBCPP_HARDENING_MODE_DEBUG -swift-version 6 -I /Users/admin/builder/spi-builder-workspace/.derivedData/Build/Products/Debug-xros -Isystem /Applications/Xcode-27.0.0-Release.Candidate.app/Contents/Developer/Platforms/XROS.platform/Developer/usr/lib -F /Users/admin/builder/spi-builder-workspace/.derivedData/Build/Products/Debug-xros/PackageFrameworks -F /Users/admin/builder/spi-builder-workspace/.derivedData/Build/Products/Debug-xros -F /Applications/Xcode-27.0.0-Release.Candidate.app/Contents/Developer/Platforms/XROS.platform/Developer/Library/Frameworks -F /Applications/Xcode-27.0.0-Release.Candidate.app/Contents/Developer/Platforms/XROS.platform/Developer/SDKs/XROS27.0.sdk/Developer/Library/Frameworks -Xfrontend -load-plugin-executable -Xfrontend /Users/admin/builder/spi-builder-workspace/.derivedData/Build/Products/Debug/CasePathsMacros\#CasePathsMacros -c -j10 -enable-batch-mode -incremental -Xcc -ivfsstatcache -Xcc /Users/admin/builder/spi-builder-workspace/.derivedData/SDKStatCaches.noindex/xros27.0-24M361-e829b21a6f8c9b70876ba0858053c044735bd543db762f57723cac368afd1ce4.sdkstatcache -output-file-map /Users/admin/builder/spi-builder-workspace/.derivedData/Build/Intermediates.noindex/swift-case-paths.build/Debug-xros/CasePaths-t.build/Objects-normal/arm64/CasePaths-OutputFileMap.json -save-temps -no-color-diagnostics -explicit-module-build -module-cache-path /Users/admin/builder/spi-builder-workspace/.derivedData/Build/Intermediates.noindex/SwiftExplicitPrecompiledModules -clang-scanner-module-cache-path /Users/admin/builder/spi-builder-workspace/.derivedData/ModuleCache.noindex -sdk-module-cache-path /Users/admin/builder/spi-builder-workspace/.derivedData/SDKExplicitPrecompiledModules -emit-dependencies -emit-module -emit-module-path /Users/admin/builder/spi-builder-workspace/.derivedData/Build/Intermediates.noindex/swift-case-paths.build/Debug-xros/CasePaths-t.build/Objects-normal/arm64/CasePaths.swiftmodule -serialize-diagnostics -dependency-scan-serialize-diagnostics-path /Users/admin/builder/spi-builder-workspace/.derivedData/Build/Intermediates.noindex/swift-case-paths.build/Debug-xros/CasePaths-t.build/Objects-normal/arm64/CasePaths-dependency-scan.dia -user-module-version 1.10.0 -validate-clang-modules-once -clang-build-session-file /Users/admin/builder/spi-builder-workspace/.derivedData/ModuleCache.noindex/Session.modulevalidation -Xcc -fmodules-prune-interval\=86400 -Xcc -fmodules-prune-after\=345600 -package-name swift_case_paths -emit-const-values -const-gather-protocols-list /Users/admin/builder/spi-builder-workspace/.derivedData/Build/Intermediates.noindex/swift-case-paths.build/Debug-xros/CasePaths-t.build/Objects-normal/arm64/CasePaths_const_extract_protocols.json -Xcc -I/Users/admin/builder/spi-builder-workspace/.derivedData/Build/Products/Debug-xros/include -Xcc -I/Users/admin/builder/spi-builder-workspace/.derivedData/Build/Intermediates.noindex/swift-case-paths.build/Debug-xros/CasePaths-t.build/DerivedSources-normal/arm64 -Xcc -I/Users/admin/builder/spi-builder-workspace/.derivedData/Build/Intermediates.noindex/swift-case-paths.build/Debug-xros/CasePaths-t.build/DerivedSources/arm64 -Xcc -I/Users/admin/builder/spi-builder-workspace/.derivedData/Build/Intermediates.noindex/swift-case-paths.build/Debug-xros/CasePaths-t.build/DerivedSources -Xcc -DSWIFT_PACKAGE -Xcc -DDEBUG\=1 -emit-objc-header -emit-objc-header-path /Users/admin/builder/spi-builder-workspace/.derivedData/Build/Intermediates.noindex/swift-case-paths.build/Debug-xros/CasePaths-t.build/Objects-normal/arm64/CasePaths-Swift.h -working-directory /Users/admin/builder/spi-builder-workspace/.swiftpm/xcode -experimental-emit-module-separately -disable-cmo
SwiftMergeGeneratedHeaders /Users/admin/builder/spi-builder-workspace/.derivedData/Build/Intermediates.noindex/GeneratedModuleMaps-xros/CasePaths-Swift.h /Users/admin/builder/spi-builder-workspace/.derivedData/Build/Intermediates.noindex/swift-case-paths.build/Debug-xros/CasePaths-t.build/Objects-normal/arm64/CasePaths-Swift.h (in target 'CasePaths' from project 'swift-case-paths')
    cd /Users/admin/builder/spi-builder-workspace/.dependencies/checkouts/swift-case-paths
    builtin-swiftHeaderTool -arch arm64 /Users/admin/builder/spi-builder-workspace/.derivedData/Build/Intermediates.noindex/swift-case-paths.build/Debug-xros/CasePaths-t.build/Objects-normal/arm64/CasePaths-Swift.h -o /Users/admin/builder/spi-builder-workspace/.derivedData/Build/Intermediates.noindex/GeneratedModuleMaps-xros/CasePaths-Swift.h
Copy /Users/admin/builder/spi-builder-workspace/.derivedData/Build/Products/Debug-xros/CasePaths.swiftmodule/arm64-apple-xros.swiftmodule /Users/admin/builder/spi-builder-workspace/.derivedData/Build/Intermediates.noindex/swift-case-paths.build/Debug-xros/CasePaths-t.build/Objects-normal/arm64/CasePaths.swiftmodule (in target 'CasePaths' from project 'swift-case-paths')
    cd /Users/admin/builder/spi-builder-workspace/.dependencies/checkouts/swift-case-paths
    builtin-copy -exclude .DS_Store -exclude CVS -exclude .svn -exclude .git -exclude .hg -resolve-src-symlinks -rename /Users/admin/builder/spi-builder-workspace/.derivedData/Build/Intermediates.noindex/swift-case-paths.build/Debug-xros/CasePaths-t.build/Objects-normal/arm64/CasePaths.swiftmodule /Users/admin/builder/spi-builder-workspace/.derivedData/Build/Products/Debug-xros/CasePaths.swiftmodule/arm64-apple-xros.swiftmodule
Copy /Users/admin/builder/spi-builder-workspace/.derivedData/Build/Products/Debug-xros/CasePaths.swiftmodule/arm64-apple-xros.abi.json /Users/admin/builder/spi-builder-workspace/.derivedData/Build/Intermediates.noindex/swift-case-paths.build/Debug-xros/CasePaths-t.build/Objects-normal/arm64/CasePaths.abi.json (in target 'CasePaths' from project 'swift-case-paths')
    cd /Users/admin/builder/spi-builder-workspace/.dependencies/checkouts/swift-case-paths
    builtin-copy -exclude .DS_Store -exclude CVS -exclude .svn -exclude .git -exclude .hg -resolve-src-symlinks -rename /Users/admin/builder/spi-builder-workspace/.derivedData/Build/Intermediates.noindex/swift-case-paths.build/Debug-xros/CasePaths-t.build/Objects-normal/arm64/CasePaths.abi.json /Users/admin/builder/spi-builder-workspace/.derivedData/Build/Products/Debug-xros/CasePaths.swiftmodule/arm64-apple-xros.abi.json
Copy /Users/admin/builder/spi-builder-workspace/.derivedData/Build/Products/Debug-xros/CasePaths.swiftmodule/arm64-apple-xros.swiftdoc /Users/admin/builder/spi-builder-workspace/.derivedData/Build/Intermediates.noindex/swift-case-paths.build/Debug-xros/CasePaths-t.build/Objects-normal/arm64/CasePaths.swiftdoc (in target 'CasePaths' from project 'swift-case-paths')
    cd /Users/admin/builder/spi-builder-workspace/.dependencies/checkouts/swift-case-paths
    builtin-copy -exclude .DS_Store -exclude CVS -exclude .svn -exclude .git -exclude .hg -resolve-src-symlinks -rename /Users/admin/builder/spi-builder-workspace/.derivedData/Build/Intermediates.noindex/swift-case-paths.build/Debug-xros/CasePaths-t.build/Objects-normal/arm64/CasePaths.swiftdoc /Users/admin/builder/spi-builder-workspace/.derivedData/Build/Products/Debug-xros/CasePaths.swiftmodule/arm64-apple-xros.swiftdoc
Copy /Users/admin/builder/spi-builder-workspace/.derivedData/Build/Products/Debug-xros/CasePaths.swiftmodule/Project/arm64-apple-xros.swiftsourceinfo /Users/admin/builder/spi-builder-workspace/.derivedData/Build/Intermediates.noindex/swift-case-paths.build/Debug-xros/CasePaths-t.build/Objects-normal/arm64/CasePaths.swiftsourceinfo (in target 'CasePaths' from project 'swift-case-paths')
    cd /Users/admin/builder/spi-builder-workspace/.dependencies/checkouts/swift-case-paths
    builtin-copy -exclude .DS_Store -exclude CVS -exclude .svn -exclude .git -exclude .hg -resolve-src-symlinks -rename /Users/admin/builder/spi-builder-workspace/.derivedData/Build/Intermediates.noindex/swift-case-paths.build/Debug-xros/CasePaths-t.build/Objects-normal/arm64/CasePaths.swiftsourceinfo /Users/admin/builder/spi-builder-workspace/.derivedData/Build/Products/Debug-xros/CasePaths.swiftmodule/Project/arm64-apple-xros.swiftsourceinfo
Ld /Users/admin/builder/spi-builder-workspace/.derivedData/Build/Products/Debug-xros/CasePaths.o normal (in target 'CasePaths' from project 'swift-case-paths')
    cd /Users/admin/builder/spi-builder-workspace/.dependencies/checkouts/swift-case-paths
    /Applications/Xcode-27.0.0-Release.Candidate.app/Contents/Developer/Toolchains/XcodeDefault.xctoolchain/usr/bin/clang -Xlinker -reproducible -target arm64-apple-xros1.0 -r -isysroot /Applications/Xcode-27.0.0-Release.Candidate.app/Contents/Developer/Platforms/XROS.platform/Developer/SDKs/XROS27.0.sdk -O0 -w -Xlinker -no_warn_duplicate_libraries -F/Users/admin/builder/spi-builder-workspace/.derivedData/Build/Intermediates.noindex/EagerLinkingTBDs/Debug-xros -F/Users/admin/builder/spi-builder-workspace/.derivedData/Build/Products/Debug-xros/PackageFrameworks -F/Users/admin/builder/spi-builder-workspace/.derivedData/Build/Products/Debug-xros -iframework /Applications/Xcode-27.0.0-Release.Candidate.app/Contents/Developer/Platforms/XROS.platform/Developer/Library/Frameworks -iframework /Applications/Xcode-27.0.0-Release.Candidate.app/Contents/Developer/Platforms/XROS.platform/Developer/SDKs/XROS27.0.sdk/Developer/Library/Frameworks -filelist /Users/admin/builder/spi-builder-workspace/.derivedData/Build/Intermediates.noindex/swift-case-paths.build/Debug-xros/CasePaths-t.build/Objects-normal/arm64/CasePaths.LinkFileList -nostdlib -Xlinker -object_path_lto -Xlinker /Users/admin/builder/spi-builder-workspace/.derivedData/Build/Intermediates.noindex/swift-case-paths.build/Debug-xros/CasePaths-t.build/Objects-normal/arm64/CasePaths_lto.o -Xlinker -no_deduplicate -Xlinker -debug_variant -Xlinker -dependency_info -Xlinker /Users/admin/builder/spi-builder-workspace/.derivedData/Build/Intermediates.noindex/swift-case-paths.build/Debug-xros/CasePaths-t.build/Objects-normal/arm64/CasePaths_dependency_info.dat -fobjc-link-runtime -L/Applications/Xcode-27.0.0-Release.Candidate.app/Contents/Developer/Toolchains/XcodeDefault.xctoolchain/usr/lib/swift/xros -L/usr/lib/swift -Xlinker -add_ast_path -Xlinker /Users/admin/builder/spi-builder-workspace/.derivedData/Build/Intermediates.noindex/swift-case-paths.build/Debug-xros/CasePaths-t.build/Objects-normal/arm64/CasePaths.swiftmodule -o /Users/admin/builder/spi-builder-workspace/.derivedData/Build/Products/Debug-xros/CasePaths.o
SwiftDriver Parsing normal arm64 com.apple.xcode.tools.swift.compiler (in target 'Parsing' from project 'swift-parsing')
    cd /Users/admin/builder/spi-builder-workspace/.swiftpm/xcode
    builtin-SwiftDriver -- /Applications/Xcode-27.0.0-Release.Candidate.app/Contents/Developer/Toolchains/XcodeDefault.xctoolchain/usr/bin/swiftc -parse-as-library -module-name Parsing -Onone @/Users/admin/builder/spi-builder-workspace/.derivedData/Build/Intermediates.noindex/swift-parsing.build/Debug-xros/Parsing-t.build/Objects-normal/arm64/Parsing.SwiftFileList -DSWIFT_PACKAGE -DDEBUG -DSWIFT_MODULE_RESOURCE_BUNDLE_UNAVAILABLE -DCasePaths -DXcode -enable-upcoming-feature ExistentialAny -enable-upcoming-feature ImmutableWeakCaptures -enable-upcoming-feature InferIsolatedConformances -enable-upcoming-feature InternalImportsByDefault -enable-upcoming-feature MemberImportVisibility -enable-upcoming-feature NonisolatedNonsendingByDefault -plugin-path /Applications/Xcode-27.0.0-Release.Candidate.app/Contents/Developer/Toolchains/XcodeDefault.xctoolchain/usr/lib/swift/host/plugins/testing -enable-experimental-feature DebugDescriptionMacro -sdk /Applications/Xcode-27.0.0-Release.Candidate.app/Contents/Developer/Platforms/XROS.platform/Developer/SDKs/XROS27.0.sdk -target arm64-apple-xros1.0 -g -module-cache-path /Users/admin/builder/spi-builder-workspace/.derivedData/ModuleCache.noindex -Xfrontend -serialize-debugging-options -profile-coverage-mapping -profile-generate -enable-testing -suppress-warnings -index-store-path /Users/admin/builder/spi-builder-workspace/.derivedData/Index.noindex/DataStore -Xcc -D_LIBCPP_HARDENING_MODE\=_LIBCPP_HARDENING_MODE_DEBUG -swift-version 5 -I /Users/admin/builder/spi-builder-workspace/.derivedData/Build/Products/Debug-xros -Isystem /Applications/Xcode-27.0.0-Release.Candidate.app/Contents/Developer/Platforms/XROS.platform/Developer/usr/lib -F /Users/admin/builder/spi-builder-workspace/.derivedData/Build/Products/Debug-xros/PackageFrameworks -F /Users/admin/builder/spi-builder-workspace/.derivedData/Build/Products/Debug-xros -F /Applications/Xcode-27.0.0-Release.Candidate.app/Contents/Developer/Platforms/XROS.platform/Developer/Library/Frameworks -F /Applications/Xcode-27.0.0-Release.Candidate.app/Contents/Developer/Platforms/XROS.platform/Developer/SDKs/XROS27.0.sdk/Developer/Library/Frameworks -Xfrontend -load-plugin-executable -Xfrontend /Users/admin/builder/spi-builder-workspace/.derivedData/Build/Products/Debug/CasePathsMacros\#CasePathsMacros -c -j10 -enable-batch-mode -incremental -Xcc -ivfsstatcache -Xcc /Users/admin/builder/spi-builder-workspace/.derivedData/SDKStatCaches.noindex/xros27.0-24M361-e829b21a6f8c9b70876ba0858053c044735bd543db762f57723cac368afd1ce4.sdkstatcache -output-file-map /Users/admin/builder/spi-builder-workspace/.derivedData/Build/Intermediates.noindex/swift-parsing.build/Debug-xros/Parsing-t.build/Objects-normal/arm64/Parsing-OutputFileMap.json -save-temps -no-color-diagnostics -explicit-module-build -module-cache-path /Users/admin/builder/spi-builder-workspace/.derivedData/Build/Intermediates.noindex/SwiftExplicitPrecompiledModules -clang-scanner-module-cache-path /Users/admin/builder/spi-builder-workspace/.derivedData/ModuleCache.noindex -sdk-module-cache-path /Users/admin/builder/spi-builder-workspace/.derivedData/SDKExplicitPrecompiledModules -emit-dependencies -emit-module -emit-module-path /Users/admin/builder/spi-builder-workspace/.derivedData/Build/Intermediates.noindex/swift-parsing.build/Debug-xros/Parsing-t.build/Objects-normal/arm64/Parsing.swiftmodule -serialize-diagnostics -dependency-scan-serialize-diagnostics-path /Users/admin/builder/spi-builder-workspace/.derivedData/Build/Intermediates.noindex/swift-parsing.build/Debug-xros/Parsing-t.build/Objects-normal/arm64/Parsing-dependency-scan.dia -user-module-version 0.15.2 -validate-clang-modules-once -clang-build-session-file /Users/admin/builder/spi-builder-workspace/.derivedData/ModuleCache.noindex/Session.modulevalidation -Xcc -fmodules-prune-interval\=86400 -Xcc -fmodules-prune-after\=345600 -package-name swift_parsing -emit-const-values -const-gather-protocols-list /Users/admin/builder/spi-builder-workspace/.derivedData/Build/Intermediates.noindex/swift-parsing.build/Debug-xros/Parsing-t.build/Objects-normal/arm64/Parsing_const_extract_protocols.json -Xcc -I/Users/admin/builder/spi-builder-workspace/.derivedData/Build/Products/Debug-xros/include -Xcc -I/Users/admin/builder/spi-builder-workspace/.derivedData/Build/Intermediates.noindex/swift-parsing.build/Debug-xros/Parsing-t.build/DerivedSources-normal/arm64 -Xcc -I/Users/admin/builder/spi-builder-workspace/.derivedData/Build/Intermediates.noindex/swift-parsing.build/Debug-xros/Parsing-t.build/DerivedSources/arm64 -Xcc -I/Users/admin/builder/spi-builder-workspace/.derivedData/Build/Intermediates.noindex/swift-parsing.build/Debug-xros/Parsing-t.build/DerivedSources -Xcc -DSWIFT_PACKAGE -Xcc -DDEBUG\=1 -emit-objc-header -emit-objc-header-path /Users/admin/builder/spi-builder-workspace/.derivedData/Build/Intermediates.noindex/swift-parsing.build/Debug-xros/Parsing-t.build/Objects-normal/arm64/Parsing-Swift.h -working-directory /Users/admin/builder/spi-builder-workspace/.swiftpm/xcode -experimental-emit-module-separately -disable-cmo
ExtractAppIntentsMetadata (in target 'CasePaths' from project 'swift-case-paths')
    cd /Users/admin/builder/spi-builder-workspace/.dependencies/checkouts/swift-case-paths
    /Applications/Xcode-27.0.0-Release.Candidate.app/Contents/Developer/Toolchains/XcodeDefault.xctoolchain/usr/bin/appintentsmetadataprocessor --toolchain-dir /var/run/com.apple.security.cryptexd/mnt/com.apple.MobileAsset.MetalToolchain-v27.1.266.1.wapQri/Metal.xctoolchain --module-name CasePaths --sdk-root /Applications/Xcode-27.0.0-Release.Candidate.app/Contents/Developer/Platforms/XROS.platform/Developer/SDKs/XROS27.0.sdk --xcode-version 27A266a --platform-family xrOS --deployment-target 1.0 --bundle-identifier swift-case-paths.CasePaths --output /Users/admin/builder/spi-builder-workspace/.derivedData/Build/Products/Debug-xros/CasePaths.appintents --target-triple arm64-apple-xros1.0 --binary-file /Users/admin/builder/spi-builder-workspace/.derivedData/Build/Products/Debug-xros/CasePaths.o --dependency-file /Users/admin/builder/spi-builder-workspace/.derivedData/Build/Intermediates.noindex/swift-case-paths.build/Debug-xros/CasePaths-t.build/Objects-normal/arm64/CasePaths_dependency_info.dat --stringsdata-file /Users/admin/builder/spi-builder-workspace/.derivedData/Build/Intermediates.noindex/swift-case-paths.build/Debug-xros/CasePaths-t.build/Objects-normal/arm64/ExtractedAppShortcutsMetadata.stringsdata --source-file-list /Users/admin/builder/spi-builder-workspace/.derivedData/Build/Intermediates.noindex/swift-case-paths.build/Debug-xros/CasePaths-t.build/Objects-normal/arm64/CasePaths.SwiftFileList --metadata-file-list /Users/admin/builder/spi-builder-workspace/.derivedData/Build/Intermediates.noindex/swift-case-paths.build/Debug-xros/CasePaths-t.build/CasePaths.DependencyMetadataFileList --static-metadata-file-list /Users/admin/builder/spi-builder-workspace/.derivedData/Build/Intermediates.noindex/swift-case-paths.build/Debug-xros/CasePaths-t.build/CasePaths.DependencyStaticMetadataFileList --swift-const-vals-list /Users/admin/builder/spi-builder-workspace/.derivedData/Build/Intermediates.noindex/swift-case-paths.build/Debug-xros/CasePaths-t.build/Objects-normal/arm64/CasePaths.SwiftConstValuesFileList --force --compile-time-extraction --deployment-aware-processing --no-app-shortcuts-localization
2026-09-18 07:55:06.006 appintentsmetadataprocessor[1769:9884] Starting appintentsmetadataprocessor export
2026-09-18 07:55:06.064 appintentsmetadataprocessor[1769:9884] Extracted no relevant App Intents symbols, skipping writing output
SwiftExplicitDependencyGeneratePcm arm64 /Users/admin/builder/spi-builder-workspace/.derivedData/SDKExplicitPrecompiledModules/ptrcheck-BXA97MNLI4BB0HF5I8MJE403D.pcm
SwiftExplicitDependencyGeneratePcm arm64 /Users/admin/builder/spi-builder-workspace/.derivedData/SDKExplicitPrecompiledModules/ptrauth-1WBA714DZSVUL5JQDJ08CLKZ.pcm
SwiftExplicitDependencyGeneratePcm arm64 /Users/admin/builder/spi-builder-workspace/.derivedData/SDKExplicitPrecompiledModules/_Builtin_stdbool-5BU2ADS7JXQMYENKQHW9X8XOU.pcm
SwiftExplicitDependencyGeneratePcm arm64 /Users/admin/builder/spi-builder-workspace/.derivedData/SDKExplicitPrecompiledModules/_Builtin_float-6WKHNW5S40U2QGHXXGETUDIRA.pcm
SwiftExplicitDependencyGeneratePcm arm64 /Users/admin/builder/spi-builder-workspace/.derivedData/SDKExplicitPrecompiledModules/_AvailabilityInternal-1Q8IQP6M38UWSGZ95UCEY2M44.pcm
SwiftExplicitDependencyGeneratePcm arm64 /Users/admin/builder/spi-builder-workspace/.derivedData/SDKExplicitPrecompiledModules/_Builtin_stddef-5NQ9Z1GV07GBSRQGAQCGXGVRI.pcm
SwiftExplicitDependencyGeneratePcm arm64 /Users/admin/builder/spi-builder-workspace/.derivedData/SDKExplicitPrecompiledModules/_Builtin_stdarg-CDA349K2K4US766844K8E0PVA.pcm
SwiftExplicitDependencyGeneratePcm arm64 /Users/admin/builder/spi-builder-workspace/.derivedData/SDKExplicitPrecompiledModules/_DarwinFoundation1-5RGRVV2TZ6WC4WZW5IXF8NQ04.pcm
SwiftExplicitDependencyGeneratePcm arm64 /Users/admin/builder/spi-builder-workspace/.derivedData/SDKExplicitPrecompiledModules/_DarwinFoundation2-ENTECK156YEWITZRRBTOCE4KR.pcm
SwiftExplicitDependencyGeneratePcm arm64 /Users/admin/builder/spi-builder-workspace/.derivedData/SDKExplicitPrecompiledModules/_Builtin_limits-425JDMN5HPM3D0UEI8LEHP6NM.pcm
SwiftExplicitDependencyGeneratePcm arm64 /Users/admin/builder/spi-builder-workspace/.derivedData/SDKExplicitPrecompiledModules/_Builtin_stdint-8OR6T47OOYJA90ZBO3N1USDE.pcm
SwiftExplicitDependencyGeneratePcm arm64 /Users/admin/builder/spi-builder-workspace/.derivedData/SDKExplicitPrecompiledModules/sys_types-AYM0BHR77VKMWZCO2T0XGV2HF.pcm
SwiftExplicitDependencyGeneratePcm arm64 /Users/admin/builder/spi-builder-workspace/.derivedData/SDKExplicitPrecompiledModules/string_h-2GT67HHHHK5CF1V1S31LH0PU2.pcm
SwiftExplicitDependencyGeneratePcm arm64 /Users/admin/builder/spi-builder-workspace/.derivedData/SDKExplicitPrecompiledModules/_Builtin_stdatomic-1VUZPM79PNCAHXVBERD53WRSF.pcm
SwiftExplicitDependencyGeneratePcm arm64 /Users/admin/builder/spi-builder-workspace/.derivedData/SDKExplicitPrecompiledModules/_DarwinFoundation3-9ZHN6JKBS40BBA81RQMV8H0IC.pcm
SwiftExplicitDependencyGeneratePcm arm64 /Users/admin/builder/spi-builder-workspace/.derivedData/SDKExplicitPrecompiledModules/_Builtin_inttypes-11B64KJD36B3YOHBR1BBXBJY8.pcm
SwiftExplicitDependencyGeneratePcm arm64 /Users/admin/builder/spi-builder-workspace/.derivedData/SDKExplicitPrecompiledModules/Darwin-60P5LVNQO3ESRRM5DCJ05PFNK.pcm
SwiftExplicitDependencyGeneratePcm arm64 /Users/admin/builder/spi-builder-workspace/.derivedData/SDKExplicitPrecompiledModules/ObjectiveC-26TIBFYCEJZVP216ZZAU1X8KN.pcm
SwiftExplicitDependencyGeneratePcm arm64 /Users/admin/builder/spi-builder-workspace/.derivedData/SDKExplicitPrecompiledModules/MachO-3XTHY7HWV6RF3KXKYQVHUBUXK.pcm
SwiftExplicitDependencyGeneratePcm arm64 /Users/admin/builder/spi-builder-workspace/.derivedData/SDKExplicitPrecompiledModules/os_object-692CJ8BG6RE5H04487EJJOVXW.pcm
SwiftExplicitDependencyGeneratePcm arm64 /Users/admin/builder/spi-builder-workspace/.derivedData/SDKExplicitPrecompiledModules/os_workgroup-4U1VXMWIZD80E7PRUQF2G7P9X.pcm
SwiftExplicitDependencyGeneratePcm arm64 /Users/admin/builder/spi-builder-workspace/.derivedData/SDKExplicitPrecompiledModules/Dispatch-CLT3466HKC22GCKAWSCNG0H7T.pcm
SwiftExplicitDependencyGeneratePcm arm64 /Users/admin/builder/spi-builder-workspace/.derivedData/SDKExplicitPrecompiledModules/CoreFoundation-AVLTZVCXBU2TO75JCN4AGU8XJ.pcm
SwiftExplicitDependencyGeneratePcm arm64 /Users/admin/builder/spi-builder-workspace/.derivedData/SDKExplicitPrecompiledModules/XPC-EP5EU7FNGP4VOA3EDM18P1KHO.pcm
SwiftExplicitDependencyGeneratePcm arm64 /Users/admin/builder/spi-builder-workspace/.derivedData/SDKExplicitPrecompiledModules/os-1004XEJ3IXOOAU0KL58SM3D0K.pcm
SwiftExplicitDependencyGeneratePcm arm64 /Users/admin/builder/spi-builder-workspace/.derivedData/SDKExplicitPrecompiledModules/Security-8TH2M8WJIQMET4SADWX0N8372.pcm
SwiftExplicitDependencyGeneratePcm arm64 /Users/admin/builder/spi-builder-workspace/.derivedData/SDKExplicitPrecompiledModules/CFNetwork-5MI70N1VLDQSWTX4COWLMSIRO.pcm
SwiftExplicitDependencyGeneratePcm arm64 /Users/admin/builder/spi-builder-workspace/.derivedData/SDKExplicitPrecompiledModules/Foundation-8GON1KVEKRN3NOQI8RETBRWJP.pcm
SwiftCompile normal arm64 Compiling\ ReplaceError.swift,\ Rest.swift,\ Skip.swift,\ StartsWith.swift,\ UUID.swift,\ Whitespace.swift,\ AnyParser.swift /Users/admin/builder/spi-builder-workspace/.dependencies/checkouts/swift-parsing/Sources/Parsing/ParserPrinters/ReplaceError.swift /Users/admin/builder/spi-builder-workspace/.dependencies/checkouts/swift-parsing/Sources/Parsing/ParserPrinters/Rest.swift /Users/admin/builder/spi-builder-workspace/.dependencies/checkouts/swift-parsing/Sources/Parsing/ParserPrinters/Skip.swift /Users/admin/builder/spi-builder-workspace/.dependencies/checkouts/swift-parsing/Sources/Parsing/ParserPrinters/StartsWith.swift /Users/admin/builder/spi-builder-workspace/.dependencies/checkouts/swift-parsing/Sources/Parsing/ParserPrinters/UUID.swift /Users/admin/builder/spi-builder-workspace/.dependencies/checkouts/swift-parsing/Sources/Parsing/ParserPrinters/Whitespace.swift /Users/admin/builder/spi-builder-workspace/.dependencies/checkouts/swift-parsing/Sources/Parsing/Parsers/AnyParser.swift (in target 'Parsing' from project 'swift-parsing')
SwiftCompile normal arm64 /Users/admin/builder/spi-builder-workspace/.dependencies/checkouts/swift-parsing/Sources/Parsing/ParserPrinters/ReplaceError.swift (in target 'Parsing' from project 'swift-parsing')
    cd /Users/admin/builder/spi-builder-workspace/.swiftpm/xcode
    builtin-SwiftPerFileCompile ReplaceError.swift
SwiftCompile normal arm64 /Users/admin/builder/spi-builder-workspace/.dependencies/checkouts/swift-parsing/Sources/Parsing/ParserPrinters/Rest.swift (in target 'Parsing' from project 'swift-parsing')
    cd /Users/admin/builder/spi-builder-workspace/.swiftpm/xcode
    builtin-SwiftPerFileCompile Rest.swift
SwiftCompile normal arm64 /Users/admin/builder/spi-builder-workspace/.dependencies/checkouts/swift-parsing/Sources/Parsing/ParserPrinters/Skip.swift (in target 'Parsing' from project 'swift-parsing')
    cd /Users/admin/builder/spi-builder-workspace/.swiftpm/xcode
    builtin-SwiftPerFileCompile Skip.swift
SwiftCompile normal arm64 /Users/admin/builder/spi-builder-workspace/.dependencies/checkouts/swift-parsing/Sources/Parsing/ParserPrinters/StartsWith.swift (in target 'Parsing' from project 'swift-parsing')
    cd /Users/admin/builder/spi-builder-workspace/.swiftpm/xcode
    builtin-SwiftPerFileCompile StartsWith.swift
SwiftCompile normal arm64 /Users/admin/builder/spi-builder-workspace/.dependencies/checkouts/swift-parsing/Sources/Parsing/ParserPrinters/UUID.swift (in target 'Parsing' from project 'swift-parsing')
    cd /Users/admin/builder/spi-builder-workspace/.swiftpm/xcode
    builtin-SwiftPerFileCompile UUID.swift
SwiftCompile normal arm64 /Users/admin/builder/spi-builder-workspace/.dependencies/checkouts/swift-parsing/Sources/Parsing/ParserPrinters/Whitespace.swift (in target 'Parsing' from project 'swift-parsing')
    cd /Users/admin/builder/spi-builder-workspace/.swiftpm/xcode
    builtin-SwiftPerFileCompile Whitespace.swift
SwiftCompile normal arm64 /Users/admin/builder/spi-builder-workspace/.dependencies/checkouts/swift-parsing/Sources/Parsing/Parsers/AnyParser.swift (in target 'Parsing' from project 'swift-parsing')
    cd /Users/admin/builder/spi-builder-workspace/.swiftpm/xcode
    builtin-SwiftPerFileCompile AnyParser.swift
SwiftEmitModule normal arm64 Emitting\ module\ for\ Parsing (in target 'Parsing' from project 'swift-parsing')
SwiftCompile normal arm64 (in target 'Parsing' from project 'swift-parsing')
    cd /Users/admin/builder/spi-builder-workspace/.swiftpm/xcode

SwiftCompile normal arm64 Compiling\ Peek.swift,\ Pipe.swift,\ Prefix.swift,\ PrefixThrough.swift,\ PrefixUpTo.swift,\ Printing.swift,\ Pullback.swift /Users/admin/builder/spi-builder-workspace/.dependencies/checkouts/swift-parsing/Sources/Parsing/ParserPrinters/Peek.swift /Users/admin/builder/spi-builder-workspace/.dependencies/checkouts/swift-parsing/Sources/Parsing/ParserPrinters/Pipe.swift /Users/admin/builder/spi-builder-workspace/.dependencies/checkouts/swift-parsing/Sources/Parsing/ParserPrinters/Prefix.swift /Users/admin/builder/spi-builder-workspace/.dependencies/checkouts/swift-parsing/Sources/Parsing/ParserPrinters/PrefixThrough.swift /Users/admin/builder/spi-builder-workspace/.dependencies/checkouts/swift-parsing/Sources/Parsing/ParserPrinters/PrefixUpTo.swift /Users/admin/builder/spi-builder-workspace/.dependencies/checkouts/swift-parsing/Sources/Parsing/ParserPrinters/Printing.swift /Users/admin/builder/spi-builder-workspace/.dependencies/checkouts/swift-parsing/Sources/Parsing/ParserPrinters/Pullback.swift (in target 'Parsing' from project 'swift-parsing')
SwiftCompile normal arm64 /Users/admin/builder/spi-builder-workspace/.dependencies/checkouts/swift-parsing/Sources/Parsing/ParserPrinters/Peek.swift (in target 'Parsing' from project 'swift-parsing')
    cd /Users/admin/builder/spi-builder-workspace/.swiftpm/xcode
    builtin-SwiftPerFileCompile Peek.swift
SwiftCompile normal arm64 /Users/admin/builder/spi-builder-workspace/.dependencies/checkouts/swift-parsing/Sources/Parsing/ParserPrinters/Pipe.swift (in target 'Parsing' from project 'swift-parsing')
    cd /Users/admin/builder/spi-builder-workspace/.swiftpm/xcode
    builtin-SwiftPerFileCompile Pipe.swift
SwiftCompile normal arm64 /Users/admin/builder/spi-builder-workspace/.dependencies/checkouts/swift-parsing/Sources/Parsing/ParserPrinters/Prefix.swift (in target 'Parsing' from project 'swift-parsing')
    cd /Users/admin/builder/spi-builder-workspace/.swiftpm/xcode
    builtin-SwiftPerFileCompile Prefix.swift
SwiftCompile normal arm64 /Users/admin/builder/spi-builder-workspace/.dependencies/checkouts/swift-parsing/Sources/Parsing/ParserPrinters/PrefixThrough.swift (in target 'Parsing' from project 'swift-parsing')
    cd /Users/admin/builder/spi-builder-workspace/.swiftpm/xcode
    builtin-SwiftPerFileCompile PrefixThrough.swift
SwiftCompile normal arm64 /Users/admin/builder/spi-builder-workspace/.dependencies/checkouts/swift-parsing/Sources/Parsing/ParserPrinters/PrefixUpTo.swift (in target 'Parsing' from project 'swift-parsing')
    cd /Users/admin/builder/spi-builder-workspace/.swiftpm/xcode
    builtin-SwiftPerFileCompile PrefixUpTo.swift
SwiftCompile normal arm64 /Users/admin/builder/spi-builder-workspace/.dependencies/checkouts/swift-parsing/Sources/Parsing/ParserPrinters/Printing.swift (in target 'Parsing' from project 'swift-parsing')
    cd /Users/admin/builder/spi-builder-workspace/.swiftpm/xcode
    builtin-SwiftPerFileCompile Printing.swift
SwiftCompile normal arm64 /Users/admin/builder/spi-builder-workspace/.dependencies/checkouts/swift-parsing/Sources/Parsing/ParserPrinters/Pullback.swift (in target 'Parsing' from project 'swift-parsing')
    cd /Users/admin/builder/spi-builder-workspace/.swiftpm/xcode
    builtin-SwiftPerFileCompile Pullback.swift
SwiftCompile normal arm64 Compiling\ From.swift,\ Int.swift,\ Lazy.swift,\ Literal.swift,\ Many.swift,\ Map.swift,\ Newline.swift /Users/admin/builder/spi-builder-workspace/.dependencies/checkouts/swift-parsing/Sources/Parsing/ParserPrinters/From.swift /Users/admin/builder/spi-builder-workspace/.dependencies/checkouts/swift-parsing/Sources/Parsing/ParserPrinters/Int.swift /Users/admin/builder/spi-builder-workspace/.dependencies/checkouts/swift-parsing/Sources/Parsing/ParserPrinters/Lazy.swift /Users/admin/builder/spi-builder-workspace/.dependencies/checkouts/swift-parsing/Sources/Parsing/ParserPrinters/Literal.swift /Users/admin/builder/spi-builder-workspace/.dependencies/checkouts/swift-parsing/Sources/Parsing/ParserPrinters/Many.swift /Users/admin/builder/spi-builder-workspace/.dependencies/checkouts/swift-parsing/Sources/Parsing/ParserPrinters/Map.swift /Users/admin/builder/spi-builder-workspace/.dependencies/checkouts/swift-parsing/Sources/Parsing/ParserPrinters/Newline.swift (in target 'Parsing' from project 'swift-parsing')
SwiftCompile normal arm64 /Users/admin/builder/spi-builder-workspace/.dependencies/checkouts/swift-parsing/Sources/Parsing/ParserPrinters/From.swift (in target 'Parsing' from project 'swift-parsing')
    cd /Users/admin/builder/spi-builder-workspace/.swiftpm/xcode
    builtin-SwiftPerFileCompile From.swift
SwiftCompile normal arm64 /Users/admin/builder/spi-builder-workspace/.dependencies/checkouts/swift-parsing/Sources/Parsing/ParserPrinters/Int.swift (in target 'Parsing' from project 'swift-parsing')
    cd /Users/admin/builder/spi-builder-workspace/.swiftpm/xcode
    builtin-SwiftPerFileCompile Int.swift
SwiftCompile normal arm64 /Users/admin/builder/spi-builder-workspace/.dependencies/checkouts/swift-parsing/Sources/Parsing/ParserPrinters/Lazy.swift (in target 'Parsing' from project 'swift-parsing')
    cd /Users/admin/builder/spi-builder-workspace/.swiftpm/xcode
    builtin-SwiftPerFileCompile Lazy.swift
SwiftCompile normal arm64 /Users/admin/builder/spi-builder-workspace/.dependencies/checkouts/swift-parsing/Sources/Parsing/ParserPrinters/Literal.swift (in target 'Parsing' from project 'swift-parsing')
    cd /Users/admin/builder/spi-builder-workspace/.swiftpm/xcode
    builtin-SwiftPerFileCompile Literal.swift
SwiftCompile normal arm64 /Users/admin/builder/spi-builder-workspace/.dependencies/checkouts/swift-parsing/Sources/Parsing/ParserPrinters/Many.swift (in target 'Parsing' from project 'swift-parsing')
    cd /Users/admin/builder/spi-builder-workspace/.swiftpm/xcode
    builtin-SwiftPerFileCompile Many.swift
SwiftCompile normal arm64 /Users/admin/builder/spi-builder-workspace/.dependencies/checkouts/swift-parsing/Sources/Parsing/ParserPrinters/Map.swift (in target 'Parsing' from project 'swift-parsing')
    cd /Users/admin/builder/spi-builder-workspace/.swiftpm/xcode
    builtin-SwiftPerFileCompile Map.swift
SwiftCompile normal arm64 /Users/admin/builder/spi-builder-workspace/.dependencies/checkouts/swift-parsing/Sources/Parsing/ParserPrinters/Newline.swift (in target 'Parsing' from project 'swift-parsing')
    cd /Users/admin/builder/spi-builder-workspace/.swiftpm/xcode
    builtin-SwiftPerFileCompile Newline.swift
SwiftCompile normal arm64 Compiling\ Enum.swift,\ FixedWidthInteger.swift,\ Identity.swift,\ JSON.swift,\ LosslessStringConvertible.swift,\ Memberwise.swift,\ ParseableFormatStyleConversion.swift,\ RawRepresentable.swift /Users/admin/builder/spi-builder-workspace/.dependencies/checkouts/swift-parsing/Sources/Parsing/Conversions/Enum.swift /Users/admin/builder/spi-builder-workspace/.dependencies/checkouts/swift-parsing/Sources/Parsing/Conversions/FixedWidthInteger.swift /Users/admin/builder/spi-builder-workspace/.dependencies/checkouts/swift-parsing/Sources/Parsing/Conversions/Identity.swift /Users/admin/builder/spi-builder-workspace/.dependencies/checkouts/swift-parsing/Sources/Parsing/Conversions/JSON.swift /Users/admin/builder/spi-builder-workspace/.dependencies/checkouts/swift-parsing/Sources/Parsing/Conversions/LosslessStringConvertible.swift /Users/admin/builder/spi-builder-workspace/.dependencies/checkouts/swift-parsing/Sources/Parsing/Conversions/Memberwise.swift /Users/admin/builder/spi-builder-workspace/.dependencies/checkouts/swift-parsing/Sources/Parsing/Conversions/ParseableFormatStyleConversion.swift /Users/admin/builder/spi-builder-workspace/.dependencies/checkouts/swift-parsing/Sources/Parsing/Conversions/RawRepresentable.swift (in target 'Parsing' from project 'swift-parsing')
SwiftCompile normal arm64 /Users/admin/builder/spi-builder-workspace/.dependencies/checkouts/swift-parsing/Sources/Parsing/Conversions/Enum.swift (in target 'Parsing' from project 'swift-parsing')
    cd /Users/admin/builder/spi-builder-workspace/.swiftpm/xcode
    builtin-SwiftPerFileCompile Enum.swift
SwiftCompile normal arm64 /Users/admin/builder/spi-builder-workspace/.dependencies/checkouts/swift-parsing/Sources/Parsing/Conversions/FixedWidthInteger.swift (in target 'Parsing' from project 'swift-parsing')
    cd /Users/admin/builder/spi-builder-workspace/.swiftpm/xcode
    builtin-SwiftPerFileCompile FixedWidthInteger.swift
SwiftCompile normal arm64 /Users/admin/builder/spi-builder-workspace/.dependencies/checkouts/swift-parsing/Sources/Parsing/Conversions/Identity.swift (in target 'Parsing' from project 'swift-parsing')
    cd /Users/admin/builder/spi-builder-workspace/.swiftpm/xcode
    builtin-SwiftPerFileCompile Identity.swift
SwiftCompile normal arm64 /Users/admin/builder/spi-builder-workspace/.dependencies/checkouts/swift-parsing/Sources/Parsing/Conversions/JSON.swift (in target 'Parsing' from project 'swift-parsing')
    cd /Users/admin/builder/spi-builder-workspace/.swiftpm/xcode
    builtin-SwiftPerFileCompile JSON.swift
SwiftCompile normal arm64 /Users/admin/builder/spi-builder-workspace/.dependencies/checkouts/swift-parsing/Sources/Parsing/Conversions/LosslessStringConvertible.swift (in target 'Parsing' from project 'swift-parsing')
    cd /Users/admin/builder/spi-builder-workspace/.swiftpm/xcode
    builtin-SwiftPerFileCompile LosslessStringConvertible.swift
SwiftCompile normal arm64 /Users/admin/builder/spi-builder-workspace/.dependencies/checkouts/swift-parsing/Sources/Parsing/Conversions/Memberwise.swift (in target 'Parsing' from project 'swift-parsing')
    cd /Users/admin/builder/spi-builder-workspace/.swiftpm/xcode
    builtin-SwiftPerFileCompile Memberwise.swift
SwiftCompile normal arm64 /Users/admin/builder/spi-builder-workspace/.dependencies/checkouts/swift-parsing/Sources/Parsing/Conversions/ParseableFormatStyleConversion.swift (in target 'Parsing' from project 'swift-parsing')
    cd /Users/admin/builder/spi-builder-workspace/.swiftpm/xcode
    builtin-SwiftPerFileCompile ParseableFormatStyleConversion.swift
SwiftCompile normal arm64 /Users/admin/builder/spi-builder-workspace/.dependencies/checkouts/swift-parsing/Sources/Parsing/Conversions/RawRepresentable.swift (in target 'Parsing' from project 'swift-parsing')
    cd /Users/admin/builder/spi-builder-workspace/.swiftpm/xcode
    builtin-SwiftPerFileCompile RawRepresentable.swift
SwiftCompile normal arm64 Compiling\ Parser.swift,\ ParserPrinter.swift,\ Always.swift,\ AnyParserPrinter.swift,\ Backtracking.swift,\ Bool.swift,\ CaseIterableRawRepresentable.swift,\ CharacterSet.swift /Users/admin/builder/spi-builder-workspace/.dependencies/checkouts/swift-parsing/Sources/Parsing/Parser.swift /Users/admin/builder/spi-builder-workspace/.dependencies/checkouts/swift-parsing/Sources/Parsing/ParserPrinter.swift /Users/admin/builder/spi-builder-workspace/.dependencies/checkouts/swift-parsing/Sources/Parsing/ParserPrinters/Always.swift /Users/admin/builder/spi-builder-workspace/.dependencies/checkouts/swift-parsing/Sources/Parsing/ParserPrinters/AnyParserPrinter.swift /Users/admin/builder/spi-builder-workspace/.dependencies/checkouts/swift-parsing/Sources/Parsing/ParserPrinters/Backtracking.swift /Users/admin/builder/spi-builder-workspace/.dependencies/checkouts/swift-parsing/Sources/Parsing/ParserPrinters/Bool.swift /Users/admin/builder/spi-builder-workspace/.dependencies/checkouts/swift-parsing/Sources/Parsing/ParserPrinters/CaseIterableRawRepresentable.swift /Users/admin/builder/spi-builder-workspace/.dependencies/checkouts/swift-parsing/Sources/Parsing/ParserPrinters/CharacterSet.swift (in target 'Parsing' from project 'swift-parsing')
SwiftCompile normal arm64 /Users/admin/builder/spi-builder-workspace/.dependencies/checkouts/swift-parsing/Sources/Parsing/Parser.swift (in target 'Parsing' from project 'swift-parsing')
    cd /Users/admin/builder/spi-builder-workspace/.swiftpm/xcode
    builtin-SwiftPerFileCompile Parser.swift
SwiftCompile normal arm64 /Users/admin/builder/spi-builder-workspace/.dependencies/checkouts/swift-parsing/Sources/Parsing/ParserPrinter.swift (in target 'Parsing' from project 'swift-parsing')
    cd /Users/admin/builder/spi-builder-workspace/.swiftpm/xcode
    builtin-SwiftPerFileCompile ParserPrinter.swift
SwiftCompile normal arm64 /Users/admin/builder/spi-builder-workspace/.dependencies/checkouts/swift-parsing/Sources/Parsing/ParserPrinters/Always.swift (in target 'Parsing' from project 'swift-parsing')
    cd /Users/admin/builder/spi-builder-workspace/.swiftpm/xcode
    builtin-SwiftPerFileCompile Always.swift
SwiftCompile normal arm64 /Users/admin/builder/spi-builder-workspace/.dependencies/checkouts/swift-parsing/Sources/Parsing/ParserPrinters/AnyParserPrinter.swift (in target 'Parsing' from project 'swift-parsing')
    cd /Users/admin/builder/spi-builder-workspace/.swiftpm/xcode
    builtin-SwiftPerFileCompile AnyParserPrinter.swift
SwiftCompile normal arm64 /Users/admin/builder/spi-builder-workspace/.dependencies/checkouts/swift-parsing/Sources/Parsing/ParserPrinters/Backtracking.swift (in target 'Parsing' from project 'swift-parsing')
    cd /Users/admin/builder/spi-builder-workspace/.swiftpm/xcode
    builtin-SwiftPerFileCompile Backtracking.swift
SwiftCompile normal arm64 /Users/admin/builder/spi-builder-workspace/.dependencies/checkouts/swift-parsing/Sources/Parsing/ParserPrinters/Bool.swift (in target 'Parsing' from project 'swift-parsing')
    cd /Users/admin/builder/spi-builder-workspace/.swiftpm/xcode
    builtin-SwiftPerFileCompile Bool.swift
SwiftCompile normal arm64 /Users/admin/builder/spi-builder-workspace/.dependencies/checkouts/swift-parsing/Sources/Parsing/ParserPrinters/CaseIterableRawRepresentable.swift (in target 'Parsing' from project 'swift-parsing')
    cd /Users/admin/builder/spi-builder-workspace/.swiftpm/xcode
    builtin-SwiftPerFileCompile CaseIterableRawRepresentable.swift
SwiftCompile normal arm64 /Users/admin/builder/spi-builder-workspace/.dependencies/checkouts/swift-parsing/Sources/Parsing/ParserPrinters/CharacterSet.swift (in target 'Parsing' from project 'swift-parsing')
    cd /Users/admin/builder/spi-builder-workspace/.swiftpm/xcode
    builtin-SwiftPerFileCompile CharacterSet.swift
SwiftCompile normal arm64 Compiling\ String.swift,\ Substring.swift,\ UTF8View.swift,\ ConvertingError.swift,\ CountingRange.swift,\ EmptyInitializable.swift,\ AnyEquatable.swift,\ Deprecations.swift /Users/admin/builder/spi-builder-workspace/.dependencies/checkouts/swift-parsing/Sources/Parsing/Conversions/String.swift /Users/admin/builder/spi-builder-workspace/.dependencies/checkouts/swift-parsing/Sources/Parsing/Conversions/Substring.swift /Users/admin/builder/spi-builder-workspace/.dependencies/checkouts/swift-parsing/Sources/Parsing/Conversions/UTF8View.swift /Users/admin/builder/spi-builder-workspace/.dependencies/checkouts/swift-parsing/Sources/Parsing/ConvertingError.swift /Users/admin/builder/spi-builder-workspace/.dependencies/checkouts/swift-parsing/Sources/Parsing/CountingRange.swift /Users/admin/builder/spi-builder-workspace/.dependencies/checkouts/swift-parsing/Sources/Parsing/EmptyInitializable.swift /Users/admin/builder/spi-builder-workspace/.dependencies/checkouts/swift-parsing/Sources/Parsing/Internal/AnyEquatable.swift /Users/admin/builder/spi-builder-workspace/.dependencies/checkouts/swift-parsing/Sources/Parsing/Internal/Deprecations.swift (in target 'Parsing' from project 'swift-parsing')
SwiftCompile normal arm64 /Users/admin/builder/spi-builder-workspace/.dependencies/checkouts/swift-parsing/Sources/Parsing/Conversions/String.swift (in target 'Parsing' from project 'swift-parsing')
    cd /Users/admin/builder/spi-builder-workspace/.swiftpm/xcode
    builtin-SwiftPerFileCompile String.swift
SwiftCompile normal arm64 /Users/admin/builder/spi-builder-workspace/.dependencies/checkouts/swift-parsing/Sources/Parsing/Conversions/Substring.swift (in target 'Parsing' from project 'swift-parsing')
    cd /Users/admin/builder/spi-builder-workspace/.swiftpm/xcode
    builtin-SwiftPerFileCompile Substring.swift
SwiftCompile normal arm64 /Users/admin/builder/spi-builder-workspace/.dependencies/checkouts/swift-parsing/Sources/Parsing/Conversions/UTF8View.swift (in target 'Parsing' from project 'swift-parsing')
    cd /Users/admin/builder/spi-builder-workspace/.swiftpm/xcode
    builtin-SwiftPerFileCompile UTF8View.swift
SwiftCompile normal arm64 /Users/admin/builder/spi-builder-workspace/.dependencies/checkouts/swift-parsing/Sources/Parsing/ConvertingError.swift (in target 'Parsing' from project 'swift-parsing')
    cd /Users/admin/builder/spi-builder-workspace/.swiftpm/xcode
    builtin-SwiftPerFileCompile ConvertingError.swift
SwiftCompile normal arm64 /Users/admin/builder/spi-builder-workspace/.dependencies/checkouts/swift-parsing/Sources/Parsing/CountingRange.swift (in target 'Parsing' from project 'swift-parsing')
    cd /Users/admin/builder/spi-builder-workspace/.swiftpm/xcode
    builtin-SwiftPerFileCompile CountingRange.swift
SwiftCompile normal arm64 /Users/admin/builder/spi-builder-workspace/.dependencies/checkouts/swift-parsing/Sources/Parsing/EmptyInitializable.swift (in target 'Parsing' from project 'swift-parsing')
    cd /Users/admin/builder/spi-builder-workspace/.swiftpm/xcode
    builtin-SwiftPerFileCompile EmptyInitializable.swift
SwiftCompile normal arm64 /Users/admin/builder/spi-builder-workspace/.dependencies/checkouts/swift-parsing/Sources/Parsing/Internal/AnyEquatable.swift (in target 'Parsing' from project 'swift-parsing')
    cd /Users/admin/builder/spi-builder-workspace/.swiftpm/xcode
    builtin-SwiftPerFileCompile AnyEquatable.swift
SwiftCompile normal arm64 /Users/admin/builder/spi-builder-workspace/.dependencies/checkouts/swift-parsing/Sources/Parsing/Internal/Deprecations.swift (in target 'Parsing' from project 'swift-parsing')
    cd /Users/admin/builder/spi-builder-workspace/.swiftpm/xcode
    builtin-SwiftPerFileCompile Deprecations.swift
SwiftCompile normal arm64 Compiling\ CompactMap.swift,\ FlatMap.swift,\ Parsers.swift,\ Stream.swift,\ ParsingError.swift,\ PrependableCollection.swift,\ PrintingError.swift /Users/admin/builder/spi-builder-workspace/.dependencies/checkouts/swift-parsing/Sources/Parsing/Parsers/CompactMap.swift /Users/admin/builder/spi-builder-workspace/.dependencies/checkouts/swift-parsing/Sources/Parsing/Parsers/FlatMap.swift /Users/admin/builder/spi-builder-workspace/.dependencies/checkouts/swift-parsing/Sources/Parsing/Parsers/Parsers.swift /Users/admin/builder/spi-builder-workspace/.dependencies/checkouts/swift-parsing/Sources/Parsing/Parsers/Stream.swift /Users/admin/builder/spi-builder-workspace/.dependencies/checkouts/swift-parsing/Sources/Parsing/ParsingError.swift /Users/admin/builder/spi-builder-workspace/.dependencies/checkouts/swift-parsing/Sources/Parsing/PrependableCollection.swift /Users/admin/builder/spi-builder-workspace/.dependencies/checkouts/swift-parsing/Sources/Parsing/PrintingError.swift (in target 'Parsing' from project 'swift-parsing')
SwiftCompile normal arm64 /Users/admin/builder/spi-builder-workspace/.dependencies/checkouts/swift-parsing/Sources/Parsing/Parsers/CompactMap.swift (in target 'Parsing' from project 'swift-parsing')
    cd /Users/admin/builder/spi-builder-workspace/.swiftpm/xcode
    builtin-SwiftPerFileCompile CompactMap.swift
SwiftCompile normal arm64 /Users/admin/builder/spi-builder-workspace/.dependencies/checkouts/swift-parsing/Sources/Parsing/Parsers/FlatMap.swift (in target 'Parsing' from project 'swift-parsing')
    cd /Users/admin/builder/spi-builder-workspace/.swiftpm/xcode
    builtin-SwiftPerFileCompile FlatMap.swift
SwiftCompile normal arm64 /Users/admin/builder/spi-builder-workspace/.dependencies/checkouts/swift-parsing/Sources/Parsing/Parsers/Parsers.swift (in target 'Parsing' from project 'swift-parsing')
    cd /Users/admin/builder/spi-builder-workspace/.swiftpm/xcode
    builtin-SwiftPerFileCompile Parsers.swift
SwiftCompile normal arm64 /Users/admin/builder/spi-builder-workspace/.dependencies/checkouts/swift-parsing/Sources/Parsing/Parsers/Stream.swift (in target 'Parsing' from project 'swift-parsing')
    cd /Users/admin/builder/spi-builder-workspace/.swiftpm/xcode
    builtin-SwiftPerFileCompile Stream.swift
SwiftCompile normal arm64 /Users/admin/builder/spi-builder-workspace/.dependencies/checkouts/swift-parsing/Sources/Parsing/ParsingError.swift (in target 'Parsing' from project 'swift-parsing')
    cd /Users/admin/builder/spi-builder-workspace/.swiftpm/xcode
    builtin-SwiftPerFileCompile ParsingError.swift
SwiftCompile normal arm64 /Users/admin/builder/spi-builder-workspace/.dependencies/checkouts/swift-parsing/Sources/Parsing/PrependableCollection.swift (in target 'Parsing' from project 'swift-parsing')
    cd /Users/admin/builder/spi-builder-workspace/.swiftpm/xcode
    builtin-SwiftPerFileCompile PrependableCollection.swift
SwiftCompile normal arm64 /Users/admin/builder/spi-builder-workspace/.dependencies/checkouts/swift-parsing/Sources/Parsing/PrintingError.swift (in target 'Parsing' from project 'swift-parsing')
    cd /Users/admin/builder/spi-builder-workspace/.swiftpm/xcode
    builtin-SwiftPerFileCompile PrintingError.swift
SwiftCompile normal arm64 Compiling\ Conditional.swift,\ Consumed.swift,\ Digits.swift,\ End.swift,\ Fail.swift,\ Filter.swift,\ First.swift,\ Float.swift /Users/admin/builder/spi-builder-workspace/.dependencies/checkouts/swift-parsing/Sources/Parsing/ParserPrinters/Conditional.swift /Users/admin/builder/spi-builder-workspace/.dependencies/checkouts/swift-parsing/Sources/Parsing/ParserPrinters/Consumed.swift /Users/admin/builder/spi-builder-workspace/.dependencies/checkouts/swift-parsing/Sources/Parsing/ParserPrinters/Digits.swift /Users/admin/builder/spi-builder-workspace/.dependencies/checkouts/swift-parsing/Sources/Parsing/ParserPrinters/End.swift /Users/admin/builder/spi-builder-workspace/.dependencies/checkouts/swift-parsing/Sources/Parsing/ParserPrinters/Fail.swift /Users/admin/builder/spi-builder-workspace/.dependencies/checkouts/swift-parsing/Sources/Parsing/ParserPrinters/Filter.swift /Users/admin/builder/spi-builder-workspace/.dependencies/checkouts/swift-parsing/Sources/Parsing/ParserPrinters/First.swift /Users/admin/builder/spi-builder-workspace/.dependencies/checkouts/swift-parsing/Sources/Parsing/ParserPrinters/Float.swift (in target 'Parsing' from project 'swift-parsing')
SwiftCompile normal arm64 /Users/admin/builder/spi-builder-workspace/.dependencies/checkouts/swift-parsing/Sources/Parsing/ParserPrinters/Conditional.swift (in target 'Parsing' from project 'swift-parsing')
    cd /Users/admin/builder/spi-builder-workspace/.swiftpm/xcode
    builtin-SwiftPerFileCompile Conditional.swift
SwiftCompile normal arm64 /Users/admin/builder/spi-builder-workspace/.dependencies/checkouts/swift-parsing/Sources/Parsing/ParserPrinters/Consumed.swift (in target 'Parsing' from project 'swift-parsing')
    cd /Users/admin/builder/spi-builder-workspace/.swiftpm/xcode
    builtin-SwiftPerFileCompile Consumed.swift
SwiftCompile normal arm64 /Users/admin/builder/spi-builder-workspace/.dependencies/checkouts/swift-parsing/Sources/Parsing/ParserPrinters/Digits.swift (in target 'Parsing' from project 'swift-parsing')
    cd /Users/admin/builder/spi-builder-workspace/.swiftpm/xcode
    builtin-SwiftPerFileCompile Digits.swift
SwiftCompile normal arm64 /Users/admin/builder/spi-builder-workspace/.dependencies/checkouts/swift-parsing/Sources/Parsing/ParserPrinters/End.swift (in target 'Parsing' from project 'swift-parsing')
    cd /Users/admin/builder/spi-builder-workspace/.swiftpm/xcode
    builtin-SwiftPerFileCompile End.swift
SwiftCompile normal arm64 /Users/admin/builder/spi-builder-workspace/.dependencies/checkouts/swift-parsing/Sources/Parsing/ParserPrinters/Fail.swift (in target 'Parsing' from project 'swift-parsing')
    cd /Users/admin/builder/spi-builder-workspace/.swiftpm/xcode
    builtin-SwiftPerFileCompile Fail.swift
SwiftCompile normal arm64 /Users/admin/builder/spi-builder-workspace/.dependencies/checkouts/swift-parsing/Sources/Parsing/ParserPrinters/Filter.swift (in target 'Parsing' from project 'swift-parsing')
    cd /Users/admin/builder/spi-builder-workspace/.swiftpm/xcode
    builtin-SwiftPerFileCompile Filter.swift
SwiftCompile normal arm64 /Users/admin/builder/spi-builder-workspace/.dependencies/checkouts/swift-parsing/Sources/Parsing/ParserPrinters/First.swift (in target 'Parsing' from project 'swift-parsing')
    cd /Users/admin/builder/spi-builder-workspace/.swiftpm/xcode
    builtin-SwiftPerFileCompile First.swift
SwiftCompile normal arm64 /Users/admin/builder/spi-builder-workspace/.dependencies/checkouts/swift-parsing/Sources/Parsing/ParserPrinters/Float.swift (in target 'Parsing' from project 'swift-parsing')
    cd /Users/admin/builder/spi-builder-workspace/.swiftpm/xcode
    builtin-SwiftPerFileCompile Float.swift
SwiftCompile normal arm64 Compiling\ OneOfBuilder.swift,\ ParserBuilder.swift,\ Conversion.swift,\ AnyConversion.swift,\ BinaryFloatingPoint.swift,\ ConversionMap.swift,\ Conversions.swift,\ Data.swift /Users/admin/builder/spi-builder-workspace/.dependencies/checkouts/swift-parsing/Sources/Parsing/Builders/OneOfBuilder.swift /Users/admin/builder/spi-builder-workspace/.dependencies/checkouts/swift-parsing/Sources/Parsing/Builders/ParserBuilder.swift /Users/admin/builder/spi-builder-workspace/.dependencies/checkouts/swift-parsing/Sources/Parsing/Conversion.swift /Users/admin/builder/spi-builder-workspace/.dependencies/checkouts/swift-parsing/Sources/Parsing/Conversions/AnyConversion.swift /Users/admin/builder/spi-builder-workspace/.dependencies/checkouts/swift-parsing/Sources/Parsing/Conversions/BinaryFloatingPoint.swift /Users/admin/builder/spi-builder-workspace/.dependencies/checkouts/swift-parsing/Sources/Parsing/Conversions/ConversionMap.swift /Users/admin/builder/spi-builder-workspace/.dependencies/checkouts/swift-parsing/Sources/Parsing/Conversions/Conversions.swift /Users/admin/builder/spi-builder-workspace/.dependencies/checkouts/swift-parsing/Sources/Parsing/Conversions/Data.swift (in target 'Parsing' from project 'swift-parsing')
SwiftCompile normal arm64 /Users/admin/builder/spi-builder-workspace/.dependencies/checkouts/swift-parsing/Sources/Parsing/Builders/OneOfBuilder.swift (in target 'Parsing' from project 'swift-parsing')
    cd /Users/admin/builder/spi-builder-workspace/.swiftpm/xcode
    builtin-SwiftPerFileCompile OneOfBuilder.swift
SwiftCompile normal arm64 /Users/admin/builder/spi-builder-workspace/.dependencies/checkouts/swift-parsing/Sources/Parsing/Builders/ParserBuilder.swift (in target 'Parsing' from project 'swift-parsing')
    cd /Users/admin/builder/spi-builder-workspace/.swiftpm/xcode
    builtin-SwiftPerFileCompile ParserBuilder.swift
SwiftCompile normal arm64 /Users/admin/builder/spi-builder-workspace/.dependencies/checkouts/swift-parsing/Sources/Parsing/Conversion.swift (in target 'Parsing' from project 'swift-parsing')
    cd /Users/admin/builder/spi-builder-workspace/.swiftpm/xcode
    builtin-SwiftPerFileCompile Conversion.swift
SwiftCompile normal arm64 /Users/admin/builder/spi-builder-workspace/.dependencies/checkouts/swift-parsing/Sources/Parsing/Conversions/AnyConversion.swift (in target 'Parsing' from project 'swift-parsing')
    cd /Users/admin/builder/spi-builder-workspace/.swiftpm/xcode
    builtin-SwiftPerFileCompile AnyConversion.swift
SwiftCompile normal arm64 /Users/admin/builder/spi-builder-workspace/.dependencies/checkouts/swift-parsing/Sources/Parsing/Conversions/BinaryFloatingPoint.swift (in target 'Parsing' from project 'swift-parsing')
    cd /Users/admin/builder/spi-builder-workspace/.swiftpm/xcode
    builtin-SwiftPerFileCompile BinaryFloatingPoint.swift
SwiftCompile normal arm64 /Users/admin/builder/spi-builder-workspace/.dependencies/checkouts/swift-parsing/Sources/Parsing/Conversions/ConversionMap.swift (in target 'Parsing' from project 'swift-parsing')
    cd /Users/admin/builder/spi-builder-workspace/.swiftpm/xcode
    builtin-SwiftPerFileCompile ConversionMap.swift
SwiftCompile normal arm64 /Users/admin/builder/spi-builder-workspace/.dependencies/checkouts/swift-parsing/Sources/Parsing/Conversions/Conversions.swift (in target 'Parsing' from project 'swift-parsing')
    cd /Users/admin/builder/spi-builder-workspace/.swiftpm/xcode
    builtin-SwiftPerFileCompile Conversions.swift
SwiftCompile normal arm64 /Users/admin/builder/spi-builder-workspace/.dependencies/checkouts/swift-parsing/Sources/Parsing/Conversions/Data.swift (in target 'Parsing' from project 'swift-parsing')
    cd /Users/admin/builder/spi-builder-workspace/.swiftpm/xcode
    builtin-SwiftPerFileCompile Data.swift
SwiftCompile normal arm64 Compiling\ Not.swift,\ OneOf.swift,\ OneOfMany.swift,\ Optional.swift,\ Optionally.swift,\ Parse.swift,\ ParseableFormatStyle.swift /Users/admin/builder/spi-builder-workspace/.dependencies/checkouts/swift-parsing/Sources/Parsing/ParserPrinters/Not.swift /Users/admin/builder/spi-builder-workspace/.dependencies/checkouts/swift-parsing/Sources/Parsing/ParserPrinters/OneOf.swift /Users/admin/builder/spi-builder-workspace/.dependencies/checkouts/swift-parsing/Sources/Parsing/ParserPrinters/OneOfMany.swift /Users/admin/builder/spi-builder-workspace/.dependencies/checkouts/swift-parsing/Sources/Parsing/ParserPrinters/Optional.swift /Users/admin/builder/spi-builder-workspace/.dependencies/checkouts/swift-parsing/Sources/Parsing/ParserPrinters/Optionally.swift /Users/admin/builder/spi-builder-workspace/.dependencies/checkouts/swift-parsing/Sources/Parsing/ParserPrinters/Parse.swift /Users/admin/builder/spi-builder-workspace/.dependencies/checkouts/swift-parsing/Sources/Parsing/ParserPrinters/ParseableFormatStyle.swift (in target 'Parsing' from project 'swift-parsing')
SwiftCompile normal arm64 /Users/admin/builder/spi-builder-workspace/.dependencies/checkouts/swift-parsing/Sources/Parsing/ParserPrinters/Not.swift (in target 'Parsing' from project 'swift-parsing')
    cd /Users/admin/builder/spi-builder-workspace/.swiftpm/xcode
    builtin-SwiftPerFileCompile Not.swift
SwiftCompile normal arm64 /Users/admin/builder/spi-builder-workspace/.dependencies/checkouts/swift-parsing/Sources/Parsing/ParserPrinters/OneOf.swift (in target 'Parsing' from project 'swift-parsing')
    cd /Users/admin/builder/spi-builder-workspace/.swiftpm/xcode
    builtin-SwiftPerFileCompile OneOf.swift
SwiftCompile normal arm64 /Users/admin/builder/spi-builder-workspace/.dependencies/checkouts/swift-parsing/Sources/Parsing/ParserPrinters/OneOfMany.swift (in target 'Parsing' from project 'swift-parsing')
    cd /Users/admin/builder/spi-builder-workspace/.swiftpm/xcode
    builtin-SwiftPerFileCompile OneOfMany.swift
SwiftCompile normal arm64 /Users/admin/builder/spi-builder-workspace/.dependencies/checkouts/swift-parsing/Sources/Parsing/ParserPrinters/Optional.swift (in target 'Parsing' from project 'swift-parsing')
    cd /Users/admin/builder/spi-builder-workspace/.swiftpm/xcode
    builtin-SwiftPerFileCompile Optional.swift
SwiftCompile normal arm64 /Users/admin/builder/spi-builder-workspace/.dependencies/checkouts/swift-parsing/Sources/Parsing/ParserPrinters/Optionally.swift (in target 'Parsing' from project 'swift-parsing')
    cd /Users/admin/builder/spi-builder-workspace/.swiftpm/xcode
    builtin-SwiftPerFileCompile Optionally.swift
SwiftCompile normal arm64 /Users/admin/builder/spi-builder-workspace/.dependencies/checkouts/swift-parsing/Sources/Parsing/ParserPrinters/Parse.swift (in target 'Parsing' from project 'swift-parsing')
    cd /Users/admin/builder/spi-builder-workspace/.swiftpm/xcode
    builtin-SwiftPerFileCompile Parse.swift
SwiftCompile normal arm64 /Users/admin/builder/spi-builder-workspace/.dependencies/checkouts/swift-parsing/Sources/Parsing/ParserPrinters/ParseableFormatStyle.swift (in target 'Parsing' from project 'swift-parsing')
    cd /Users/admin/builder/spi-builder-workspace/.swiftpm/xcode
    builtin-SwiftPerFileCompile ParseableFormatStyle.swift
SwiftDriverJobDiscovery normal arm64 Compiling Enum.swift, FixedWidthInteger.swift, Identity.swift, JSON.swift, LosslessStringConvertible.swift, Memberwise.swift, ParseableFormatStyleConversion.swift, RawRepresentable.swift (in target 'Parsing' from project 'swift-parsing')
SwiftDriverJobDiscovery normal arm64 Compiling OneOfBuilder.swift, ParserBuilder.swift, Conversion.swift, AnyConversion.swift, BinaryFloatingPoint.swift, ConversionMap.swift, Conversions.swift, Data.swift (in target 'Parsing' from project 'swift-parsing')
SwiftDriverJobDiscovery normal arm64 Compiling Parser.swift, ParserPrinter.swift, Always.swift, AnyParserPrinter.swift, Backtracking.swift, Bool.swift, CaseIterableRawRepresentable.swift, CharacterSet.swift (in target 'Parsing' from project 'swift-parsing')
SwiftDriverJobDiscovery normal arm64 Compiling Peek.swift, Pipe.swift, Prefix.swift, PrefixThrough.swift, PrefixUpTo.swift, Printing.swift, Pullback.swift (in target 'Parsing' from project 'swift-parsing')
SwiftDriverJobDiscovery normal arm64 Compiling ReplaceError.swift, Rest.swift, Skip.swift, StartsWith.swift, UUID.swift, Whitespace.swift, AnyParser.swift (in target 'Parsing' from project 'swift-parsing')
SwiftDriverJobDiscovery normal arm64 Compiling Conditional.swift, Consumed.swift, Digits.swift, End.swift, Fail.swift, Filter.swift, First.swift, Float.swift (in target 'Parsing' from project 'swift-parsing')
SwiftDriverJobDiscovery normal arm64 Compiling String.swift, Substring.swift, UTF8View.swift, ConvertingError.swift, CountingRange.swift, EmptyInitializable.swift, AnyEquatable.swift, Deprecations.swift (in target 'Parsing' from project 'swift-parsing')
SwiftDriverJobDiscovery normal arm64 Compiling Not.swift, OneOf.swift, OneOfMany.swift, Optional.swift, Optionally.swift, Parse.swift, ParseableFormatStyle.swift (in target 'Parsing' from project 'swift-parsing')
SwiftDriverJobDiscovery normal arm64 Compiling CompactMap.swift, FlatMap.swift, Parsers.swift, Stream.swift, ParsingError.swift, PrependableCollection.swift, PrintingError.swift (in target 'Parsing' from project 'swift-parsing')
SwiftDriverJobDiscovery normal arm64 Compiling From.swift, Int.swift, Lazy.swift, Literal.swift, Many.swift, Map.swift, Newline.swift (in target 'Parsing' from project 'swift-parsing')
SwiftDriverJobDiscovery normal arm64 Emitting module for Parsing (in target 'Parsing' from project 'swift-parsing')
SwiftDriver\ Compilation\ Requirements Parsing normal arm64 com.apple.xcode.tools.swift.compiler (in target 'Parsing' from project 'swift-parsing')
    cd /Users/admin/builder/spi-builder-workspace/.swiftpm/xcode
    builtin-Swift-Compilation-Requirements -- /Applications/Xcode-27.0.0-Release.Candidate.app/Contents/Developer/Toolchains/XcodeDefault.xctoolchain/usr/bin/swiftc -parse-as-library -module-name Parsing -Onone @/Users/admin/builder/spi-builder-workspace/.derivedData/Build/Intermediates.noindex/swift-parsing.build/Debug-xros/Parsing-t.build/Objects-normal/arm64/Parsing.SwiftFileList -DSWIFT_PACKAGE -DDEBUG -DSWIFT_MODULE_RESOURCE_BUNDLE_UNAVAILABLE -DCasePaths -DXcode -enable-upcoming-feature ExistentialAny -enable-upcoming-feature ImmutableWeakCaptures -enable-upcoming-feature InferIsolatedConformances -enable-upcoming-feature InternalImportsByDefault -enable-upcoming-feature MemberImportVisibility -enable-upcoming-feature NonisolatedNonsendingByDefault -plugin-path /Applications/Xcode-27.0.0-Release.Candidate.app/Contents/Developer/Toolchains/XcodeDefault.xctoolchain/usr/lib/swift/host/plugins/testing -enable-experimental-feature DebugDescriptionMacro -sdk /Applications/Xcode-27.0.0-Release.Candidate.app/Contents/Developer/Platforms/XROS.platform/Developer/SDKs/XROS27.0.sdk -target arm64-apple-xros1.0 -g -module-cache-path /Users/admin/builder/spi-builder-workspace/.derivedData/ModuleCache.noindex -Xfrontend -serialize-debugging-options -profile-coverage-mapping -profile-generate -enable-testing -suppress-warnings -index-store-path /Users/admin/builder/spi-builder-workspace/.derivedData/Index.noindex/DataStore -Xcc -D_LIBCPP_HARDENING_MODE\=_LIBCPP_HARDENING_MODE_DEBUG -swift-version 5 -I /Users/admin/builder/spi-builder-workspace/.derivedData/Build/Products/Debug-xros -Isystem /Applications/Xcode-27.0.0-Release.Candidate.app/Contents/Developer/Platforms/XROS.platform/Developer/usr/lib -F /Users/admin/builder/spi-builder-workspace/.derivedData/Build/Products/Debug-xros/PackageFrameworks -F /Users/admin/builder/spi-builder-workspace/.derivedData/Build/Products/Debug-xros -F /Applications/Xcode-27.0.0-Release.Candidate.app/Contents/Developer/Platforms/XROS.platform/Developer/Library/Frameworks -F /Applications/Xcode-27.0.0-Release.Candidate.app/Contents/Developer/Platforms/XROS.platform/Developer/SDKs/XROS27.0.sdk/Developer/Library/Frameworks -Xfrontend -load-plugin-executable -Xfrontend /Users/admin/builder/spi-builder-workspace/.derivedData/Build/Products/Debug/CasePathsMacros\#CasePathsMacros -c -j10 -enable-batch-mode -incremental -Xcc -ivfsstatcache -Xcc /Users/admin/builder/spi-builder-workspace/.derivedData/SDKStatCaches.noindex/xros27.0-24M361-e829b21a6f8c9b70876ba0858053c044735bd543db762f57723cac368afd1ce4.sdkstatcache -output-file-map /Users/admin/builder/spi-builder-workspace/.derivedData/Build/Intermediates.noindex/swift-parsing.build/Debug-xros/Parsing-t.build/Objects-normal/arm64/Parsing-OutputFileMap.json -save-temps -no-color-diagnostics -explicit-module-build -module-cache-path /Users/admin/builder/spi-builder-workspace/.derivedData/Build/Intermediates.noindex/SwiftExplicitPrecompiledModules -clang-scanner-module-cache-path /Users/admin/builder/spi-builder-workspace/.derivedData/ModuleCache.noindex -sdk-module-cache-path /Users/admin/builder/spi-builder-workspace/.derivedData/SDKExplicitPrecompiledModules -emit-dependencies -emit-module -emit-module-path /Users/admin/builder/spi-builder-workspace/.derivedData/Build/Intermediates.noindex/swift-parsing.build/Debug-xros/Parsing-t.build/Objects-normal/arm64/Parsing.swiftmodule -serialize-diagnostics -dependency-scan-serialize-diagnostics-path /Users/admin/builder/spi-builder-workspace/.derivedData/Build/Intermediates.noindex/swift-parsing.build/Debug-xros/Parsing-t.build/Objects-normal/arm64/Parsing-dependency-scan.dia -user-module-version 0.15.2 -validate-clang-modules-once -clang-build-session-file /Users/admin/builder/spi-builder-workspace/.derivedData/ModuleCache.noindex/Session.modulevalidation -Xcc -fmodules-prune-interval\=86400 -Xcc -fmodules-prune-after\=345600 -package-name swift_parsing -emit-const-values -const-gather-protocols-list /Users/admin/builder/spi-builder-workspace/.derivedData/Build/Intermediates.noindex/swift-parsing.build/Debug-xros/Parsing-t.build/Objects-normal/arm64/Parsing_const_extract_protocols.json -Xcc -I/Users/admin/builder/spi-builder-workspace/.derivedData/Build/Products/Debug-xros/include -Xcc -I/Users/admin/builder/spi-builder-workspace/.derivedData/Build/Intermediates.noindex/swift-parsing.build/Debug-xros/Parsing-t.build/DerivedSources-normal/arm64 -Xcc -I/Users/admin/builder/spi-builder-workspace/.derivedData/Build/Intermediates.noindex/swift-parsing.build/Debug-xros/Parsing-t.build/DerivedSources/arm64 -Xcc -I/Users/admin/builder/spi-builder-workspace/.derivedData/Build/Intermediates.noindex/swift-parsing.build/Debug-xros/Parsing-t.build/DerivedSources -Xcc -DSWIFT_PACKAGE -Xcc -DDEBUG\=1 -emit-objc-header -emit-objc-header-path /Users/admin/builder/spi-builder-workspace/.derivedData/Build/Intermediates.noindex/swift-parsing.build/Debug-xros/Parsing-t.build/Objects-normal/arm64/Parsing-Swift.h -working-directory /Users/admin/builder/spi-builder-workspace/.swiftpm/xcode -experimental-emit-module-separately -disable-cmo
SwiftDriver\ Compilation Parsing normal arm64 com.apple.xcode.tools.swift.compiler (in target 'Parsing' from project 'swift-parsing')
    cd /Users/admin/builder/spi-builder-workspace/.swiftpm/xcode
    builtin-Swift-Compilation -- /Applications/Xcode-27.0.0-Release.Candidate.app/Contents/Developer/Toolchains/XcodeDefault.xctoolchain/usr/bin/swiftc -parse-as-library -module-name Parsing -Onone @/Users/admin/builder/spi-builder-workspace/.derivedData/Build/Intermediates.noindex/swift-parsing.build/Debug-xros/Parsing-t.build/Objects-normal/arm64/Parsing.SwiftFileList -DSWIFT_PACKAGE -DDEBUG -DSWIFT_MODULE_RESOURCE_BUNDLE_UNAVAILABLE -DCasePaths -DXcode -enable-upcoming-feature ExistentialAny -enable-upcoming-feature ImmutableWeakCaptures -enable-upcoming-feature InferIsolatedConformances -enable-upcoming-feature InternalImportsByDefault -enable-upcoming-feature MemberImportVisibility -enable-upcoming-feature NonisolatedNonsendingByDefault -plugin-path /Applications/Xcode-27.0.0-Release.Candidate.app/Contents/Developer/Toolchains/XcodeDefault.xctoolchain/usr/lib/swift/host/plugins/testing -enable-experimental-feature DebugDescriptionMacro -sdk /Applications/Xcode-27.0.0-Release.Candidate.app/Contents/Developer/Platforms/XROS.platform/Developer/SDKs/XROS27.0.sdk -target arm64-apple-xros1.0 -g -module-cache-path /Users/admin/builder/spi-builder-workspace/.derivedData/ModuleCache.noindex -Xfrontend -serialize-debugging-options -profile-coverage-mapping -profile-generate -enable-testing -suppress-warnings -index-store-path /Users/admin/builder/spi-builder-workspace/.derivedData/Index.noindex/DataStore -Xcc -D_LIBCPP_HARDENING_MODE\=_LIBCPP_HARDENING_MODE_DEBUG -swift-version 5 -I /Users/admin/builder/spi-builder-workspace/.derivedData/Build/Products/Debug-xros -Isystem /Applications/Xcode-27.0.0-Release.Candidate.app/Contents/Developer/Platforms/XROS.platform/Developer/usr/lib -F /Users/admin/builder/spi-builder-workspace/.derivedData/Build/Products/Debug-xros/PackageFrameworks -F /Users/admin/builder/spi-builder-workspace/.derivedData/Build/Products/Debug-xros -F /Applications/Xcode-27.0.0-Release.Candidate.app/Contents/Developer/Platforms/XROS.platform/Developer/Library/Frameworks -F /Applications/Xcode-27.0.0-Release.Candidate.app/Contents/Developer/Platforms/XROS.platform/Developer/SDKs/XROS27.0.sdk/Developer/Library/Frameworks -Xfrontend -load-plugin-executable -Xfrontend /Users/admin/builder/spi-builder-workspace/.derivedData/Build/Products/Debug/CasePathsMacros\#CasePathsMacros -c -j10 -enable-batch-mode -incremental -Xcc -ivfsstatcache -Xcc /Users/admin/builder/spi-builder-workspace/.derivedData/SDKStatCaches.noindex/xros27.0-24M361-e829b21a6f8c9b70876ba0858053c044735bd543db762f57723cac368afd1ce4.sdkstatcache -output-file-map /Users/admin/builder/spi-builder-workspace/.derivedData/Build/Intermediates.noindex/swift-parsing.build/Debug-xros/Parsing-t.build/Objects-normal/arm64/Parsing-OutputFileMap.json -save-temps -no-color-diagnostics -explicit-module-build -module-cache-path /Users/admin/builder/spi-builder-workspace/.derivedData/Build/Intermediates.noindex/SwiftExplicitPrecompiledModules -clang-scanner-module-cache-path /Users/admin/builder/spi-builder-workspace/.derivedData/ModuleCache.noindex -sdk-module-cache-path /Users/admin/builder/spi-builder-workspace/.derivedData/SDKExplicitPrecompiledModules -emit-dependencies -emit-module -emit-module-path /Users/admin/builder/spi-builder-workspace/.derivedData/Build/Intermediates.noindex/swift-parsing.build/Debug-xros/Parsing-t.build/Objects-normal/arm64/Parsing.swiftmodule -serialize-diagnostics -dependency-scan-serialize-diagnostics-path /Users/admin/builder/spi-builder-workspace/.derivedData/Build/Intermediates.noindex/swift-parsing.build/Debug-xros/Parsing-t.build/Objects-normal/arm64/Parsing-dependency-scan.dia -user-module-version 0.15.2 -validate-clang-modules-once -clang-build-session-file /Users/admin/builder/spi-builder-workspace/.derivedData/ModuleCache.noindex/Session.modulevalidation -Xcc -fmodules-prune-interval\=86400 -Xcc -fmodules-prune-after\=345600 -package-name swift_parsing -emit-const-values -const-gather-protocols-list /Users/admin/builder/spi-builder-workspace/.derivedData/Build/Intermediates.noindex/swift-parsing.build/Debug-xros/Parsing-t.build/Objects-normal/arm64/Parsing_const_extract_protocols.json -Xcc -I/Users/admin/builder/spi-builder-workspace/.derivedData/Build/Products/Debug-xros/include -Xcc -I/Users/admin/builder/spi-builder-workspace/.derivedData/Build/Intermediates.noindex/swift-parsing.build/Debug-xros/Parsing-t.build/DerivedSources-normal/arm64 -Xcc -I/Users/admin/builder/spi-builder-workspace/.derivedData/Build/Intermediates.noindex/swift-parsing.build/Debug-xros/Parsing-t.build/DerivedSources/arm64 -Xcc -I/Users/admin/builder/spi-builder-workspace/.derivedData/Build/Intermediates.noindex/swift-parsing.build/Debug-xros/Parsing-t.build/DerivedSources -Xcc -DSWIFT_PACKAGE -Xcc -DDEBUG\=1 -emit-objc-header -emit-objc-header-path /Users/admin/builder/spi-builder-workspace/.derivedData/Build/Intermediates.noindex/swift-parsing.build/Debug-xros/Parsing-t.build/Objects-normal/arm64/Parsing-Swift.h -working-directory /Users/admin/builder/spi-builder-workspace/.swiftpm/xcode -experimental-emit-module-separately -disable-cmo
SwiftMergeGeneratedHeaders /Users/admin/builder/spi-builder-workspace/.derivedData/Build/Intermediates.noindex/GeneratedModuleMaps-xros/Parsing-Swift.h /Users/admin/builder/spi-builder-workspace/.derivedData/Build/Intermediates.noindex/swift-parsing.build/Debug-xros/Parsing-t.build/Objects-normal/arm64/Parsing-Swift.h (in target 'Parsing' from project 'swift-parsing')
    cd /Users/admin/builder/spi-builder-workspace/.dependencies/checkouts/swift-parsing
    builtin-swiftHeaderTool -arch arm64 /Users/admin/builder/spi-builder-workspace/.derivedData/Build/Intermediates.noindex/swift-parsing.build/Debug-xros/Parsing-t.build/Objects-normal/arm64/Parsing-Swift.h -o /Users/admin/builder/spi-builder-workspace/.derivedData/Build/Intermediates.noindex/GeneratedModuleMaps-xros/Parsing-Swift.h
Copy /Users/admin/builder/spi-builder-workspace/.derivedData/Build/Products/Debug-xros/Parsing.swiftmodule/arm64-apple-xros.swiftdoc /Users/admin/builder/spi-builder-workspace/.derivedData/Build/Intermediates.noindex/swift-parsing.build/Debug-xros/Parsing-t.build/Objects-normal/arm64/Parsing.swiftdoc (in target 'Parsing' from project 'swift-parsing')
    cd /Users/admin/builder/spi-builder-workspace/.dependencies/checkouts/swift-parsing
    builtin-copy -exclude .DS_Store -exclude CVS -exclude .svn -exclude .git -exclude .hg -resolve-src-symlinks -rename /Users/admin/builder/spi-builder-workspace/.derivedData/Build/Intermediates.noindex/swift-parsing.build/Debug-xros/Parsing-t.build/Objects-normal/arm64/Parsing.swiftdoc /Users/admin/builder/spi-builder-workspace/.derivedData/Build/Products/Debug-xros/Parsing.swiftmodule/arm64-apple-xros.swiftdoc
Copy /Users/admin/builder/spi-builder-workspace/.derivedData/Build/Products/Debug-xros/Parsing.swiftmodule/arm64-apple-xros.abi.json /Users/admin/builder/spi-builder-workspace/.derivedData/Build/Intermediates.noindex/swift-parsing.build/Debug-xros/Parsing-t.build/Objects-normal/arm64/Parsing.abi.json (in target 'Parsing' from project 'swift-parsing')
    cd /Users/admin/builder/spi-builder-workspace/.dependencies/checkouts/swift-parsing
    builtin-copy -exclude .DS_Store -exclude CVS -exclude .svn -exclude .git -exclude .hg -resolve-src-symlinks -rename /Users/admin/builder/spi-builder-workspace/.derivedData/Build/Intermediates.noindex/swift-parsing.build/Debug-xros/Parsing-t.build/Objects-normal/arm64/Parsing.abi.json /Users/admin/builder/spi-builder-workspace/.derivedData/Build/Products/Debug-xros/Parsing.swiftmodule/arm64-apple-xros.abi.json
Copy /Users/admin/builder/spi-builder-workspace/.derivedData/Build/Products/Debug-xros/Parsing.swiftmodule/arm64-apple-xros.swiftmodule /Users/admin/builder/spi-builder-workspace/.derivedData/Build/Intermediates.noindex/swift-parsing.build/Debug-xros/Parsing-t.build/Objects-normal/arm64/Parsing.swiftmodule (in target 'Parsing' from project 'swift-parsing')
    cd /Users/admin/builder/spi-builder-workspace/.dependencies/checkouts/swift-parsing
    builtin-copy -exclude .DS_Store -exclude CVS -exclude .svn -exclude .git -exclude .hg -resolve-src-symlinks -rename /Users/admin/builder/spi-builder-workspace/.derivedData/Build/Intermediates.noindex/swift-parsing.build/Debug-xros/Parsing-t.build/Objects-normal/arm64/Parsing.swiftmodule /Users/admin/builder/spi-builder-workspace/.derivedData/Build/Products/Debug-xros/Parsing.swiftmodule/arm64-apple-xros.swiftmodule
Copy /Users/admin/builder/spi-builder-workspace/.derivedData/Build/Products/Debug-xros/Parsing.swiftmodule/Project/arm64-apple-xros.swiftsourceinfo /Users/admin/builder/spi-builder-workspace/.derivedData/Build/Intermediates.noindex/swift-parsing.build/Debug-xros/Parsing-t.build/Objects-normal/arm64/Parsing.swiftsourceinfo (in target 'Parsing' from project 'swift-parsing')
    cd /Users/admin/builder/spi-builder-workspace/.dependencies/checkouts/swift-parsing
    builtin-copy -exclude .DS_Store -exclude CVS -exclude .svn -exclude .git -exclude .hg -resolve-src-symlinks -rename /Users/admin/builder/spi-builder-workspace/.derivedData/Build/Intermediates.noindex/swift-parsing.build/Debug-xros/Parsing-t.build/Objects-normal/arm64/Parsing.swiftsourceinfo /Users/admin/builder/spi-builder-workspace/.derivedData/Build/Products/Debug-xros/Parsing.swiftmodule/Project/arm64-apple-xros.swiftsourceinfo
Ld /Users/admin/builder/spi-builder-workspace/.derivedData/Build/Products/Debug-xros/Parsing.o normal (in target 'Parsing' from project 'swift-parsing')
    cd /Users/admin/builder/spi-builder-workspace/.dependencies/checkouts/swift-parsing
    /Applications/Xcode-27.0.0-Release.Candidate.app/Contents/Developer/Toolchains/XcodeDefault.xctoolchain/usr/bin/clang -Xlinker -reproducible -target arm64-apple-xros1.0 -r -isysroot /Applications/Xcode-27.0.0-Release.Candidate.app/Contents/Developer/Platforms/XROS.platform/Developer/SDKs/XROS27.0.sdk -O0 -w -Xlinker -no_warn_duplicate_libraries -F/Users/admin/builder/spi-builder-workspace/.derivedData/Build/Intermediates.noindex/EagerLinkingTBDs/Debug-xros -F/Users/admin/builder/spi-builder-workspace/.derivedData/Build/Products/Debug-xros/PackageFrameworks -F/Users/admin/builder/spi-builder-workspace/.derivedData/Build/Products/Debug-xros -iframework /Applications/Xcode-27.0.0-Release.Candidate.app/Contents/Developer/Platforms/XROS.platform/Developer/Library/Frameworks -iframework /Applications/Xcode-27.0.0-Release.Candidate.app/Contents/Developer/Platforms/XROS.platform/Developer/SDKs/XROS27.0.sdk/Developer/Library/Frameworks -filelist /Users/admin/builder/spi-builder-workspace/.derivedData/Build/Intermediates.noindex/swift-parsing.build/Debug-xros/Parsing-t.build/Objects-normal/arm64/Parsing.LinkFileList -nostdlib -Xlinker -object_path_lto -Xlinker /Users/admin/builder/spi-builder-workspace/.derivedData/Build/Intermediates.noindex/swift-parsing.build/Debug-xros/Parsing-t.build/Objects-normal/arm64/Parsing_lto.o -Xlinker -no_deduplicate -Xlinker -debug_variant -Xlinker -dependency_info -Xlinker /Users/admin/builder/spi-builder-workspace/.derivedData/Build/Intermediates.noindex/swift-parsing.build/Debug-xros/Parsing-t.build/Objects-normal/arm64/Parsing_dependency_info.dat -fobjc-link-runtime -L/Applications/Xcode-27.0.0-Release.Candidate.app/Contents/Developer/Toolchains/XcodeDefault.xctoolchain/usr/lib/swift/xros -L/usr/lib/swift -Xlinker -add_ast_path -Xlinker /Users/admin/builder/spi-builder-workspace/.derivedData/Build/Intermediates.noindex/swift-parsing.build/Debug-xros/Parsing-t.build/Objects-normal/arm64/Parsing.swiftmodule -o /Users/admin/builder/spi-builder-workspace/.derivedData/Build/Products/Debug-xros/Parsing.o
SwiftDriver XMLParser normal arm64 com.apple.xcode.tools.swift.compiler (in target 'XMLParser' from project 'swift-xml-parser')
    cd /Users/admin/builder/spi-builder-workspace/.swiftpm/xcode
    builtin-SwiftDriver -- /Applications/Xcode-27.0.0-Release.Candidate.app/Contents/Developer/Toolchains/XcodeDefault.xctoolchain/usr/bin/swiftc -parse-as-library -module-name XMLParser -Onone @/Users/admin/builder/spi-builder-workspace/.derivedData/Build/Intermediates.noindex/swift-xml-parser.build/Debug-xros/XMLParser-t.build/Objects-normal/arm64/XMLParser.SwiftFileList -DSWIFT_PACKAGE -DDEBUG -DSWIFT_MODULE_RESOURCE_BUNDLE_UNAVAILABLE -DXcode -plugin-path /Applications/Xcode-27.0.0-Release.Candidate.app/Contents/Developer/Toolchains/XcodeDefault.xctoolchain/usr/lib/swift/host/plugins/testing -enable-experimental-feature DebugDescriptionMacro -sdk /Applications/Xcode-27.0.0-Release.Candidate.app/Contents/Developer/Platforms/XROS.platform/Developer/SDKs/XROS27.0.sdk -target arm64-apple-xros1.0 -g -module-cache-path /Users/admin/builder/spi-builder-workspace/.derivedData/ModuleCache.noindex -Xfrontend -serialize-debugging-options -profile-coverage-mapping -profile-generate -enable-testing -index-store-path /Users/admin/builder/spi-builder-workspace/.derivedData/Index.noindex/DataStore -Xcc -D_LIBCPP_HARDENING_MODE\=_LIBCPP_HARDENING_MODE_DEBUG -swift-version 5 -I /Users/admin/builder/spi-builder-workspace/.derivedData/Build/Products/Debug-xros -Isystem /Applications/Xcode-27.0.0-Release.Candidate.app/Contents/Developer/Platforms/XROS.platform/Developer/usr/lib -F /Users/admin/builder/spi-builder-workspace/.derivedData/Build/Products/Debug-xros/PackageFrameworks -F /Users/admin/builder/spi-builder-workspace/.derivedData/Build/Products/Debug-xros -F /Applications/Xcode-27.0.0-Release.Candidate.app/Contents/Developer/Platforms/XROS.platform/Developer/Library/Frameworks -F /Applications/Xcode-27.0.0-Release.Candidate.app/Contents/Developer/Platforms/XROS.platform/Developer/SDKs/XROS27.0.sdk/Developer/Library/Frameworks -Xfrontend -load-plugin-executable -Xfrontend /Users/admin/builder/spi-builder-workspace/.derivedData/Build/Products/Debug/CasePathsMacros\#CasePathsMacros -c -j10 -enable-batch-mode -incremental -Xcc -ivfsstatcache -Xcc /Users/admin/builder/spi-builder-workspace/.derivedData/SDKStatCaches.noindex/xros27.0-24M361-e829b21a6f8c9b70876ba0858053c044735bd543db762f57723cac368afd1ce4.sdkstatcache -output-file-map /Users/admin/builder/spi-builder-workspace/.derivedData/Build/Intermediates.noindex/swift-xml-parser.build/Debug-xros/XMLParser-t.build/Objects-normal/arm64/XMLParser-OutputFileMap.json -save-temps -no-color-diagnostics -explicit-module-build -module-cache-path /Users/admin/builder/spi-builder-workspace/.derivedData/Build/Intermediates.noindex/SwiftExplicitPrecompiledModules -clang-scanner-module-cache-path /Users/admin/builder/spi-builder-workspace/.derivedData/ModuleCache.noindex -sdk-module-cache-path /Users/admin/builder/spi-builder-workspace/.derivedData/SDKExplicitPrecompiledModules -emit-dependencies -emit-module -emit-module-path /Users/admin/builder/spi-builder-workspace/.derivedData/Build/Intermediates.noindex/swift-xml-parser.build/Debug-xros/XMLParser-t.build/Objects-normal/arm64/XMLParser.swiftmodule -serialize-diagnostics -dependency-scan-serialize-diagnostics-path /Users/admin/builder/spi-builder-workspace/.derivedData/Build/Intermediates.noindex/swift-xml-parser.build/Debug-xros/XMLParser-t.build/Objects-normal/arm64/XMLParser-dependency-scan.dia -validate-clang-modules-once -clang-build-session-file /Users/admin/builder/spi-builder-workspace/.derivedData/ModuleCache.noindex/Session.modulevalidation -Xcc -fmodules-prune-interval\=86400 -Xcc -fmodules-prune-after\=345600 -emit-const-values -const-gather-protocols-list /Users/admin/builder/spi-builder-workspace/.derivedData/Build/Intermediates.noindex/swift-xml-parser.build/Debug-xros/XMLParser-t.build/Objects-normal/arm64/XMLParser_const_extract_protocols.json -Xcc -I/Users/admin/builder/spi-builder-workspace/.derivedData/Build/Products/Debug-xros/include -Xcc -I/Users/admin/builder/spi-builder-workspace/.derivedData/Build/Intermediates.noindex/swift-xml-parser.build/Debug-xros/XMLParser-t.build/DerivedSources-normal/arm64 -Xcc -I/Users/admin/builder/spi-builder-workspace/.derivedData/Build/Intermediates.noindex/swift-xml-parser.build/Debug-xros/XMLParser-t.build/DerivedSources/arm64 -Xcc -I/Users/admin/builder/spi-builder-workspace/.derivedData/Build/Intermediates.noindex/swift-xml-parser.build/Debug-xros/XMLParser-t.build/DerivedSources -Xcc -DSWIFT_PACKAGE -Xcc -DDEBUG\=1 -emit-objc-header -emit-objc-header-path /Users/admin/builder/spi-builder-workspace/.derivedData/Build/Intermediates.noindex/swift-xml-parser.build/Debug-xros/XMLParser-t.build/Objects-normal/arm64/XMLParser-Swift.h -working-directory /Users/admin/builder/spi-builder-workspace/.swiftpm/xcode -experimental-emit-module-separately -disable-cmo
ExtractAppIntentsMetadata (in target 'Parsing' from project 'swift-parsing')
    cd /Users/admin/builder/spi-builder-workspace/.dependencies/checkouts/swift-parsing
    /Applications/Xcode-27.0.0-Release.Candidate.app/Contents/Developer/Toolchains/XcodeDefault.xctoolchain/usr/bin/appintentsmetadataprocessor --toolchain-dir /var/run/com.apple.security.cryptexd/mnt/com.apple.MobileAsset.MetalToolchain-v27.1.266.1.wapQri/Metal.xctoolchain --module-name Parsing --sdk-root /Applications/Xcode-27.0.0-Release.Candidate.app/Contents/Developer/Platforms/XROS.platform/Developer/SDKs/XROS27.0.sdk --xcode-version 27A266a --platform-family xrOS --deployment-target 1.0 --bundle-identifier swift-parsing.Parsing --output /Users/admin/builder/spi-builder-workspace/.derivedData/Build/Products/Debug-xros/Parsing.appintents --target-triple arm64-apple-xros1.0 --binary-file /Users/admin/builder/spi-builder-workspace/.derivedData/Build/Products/Debug-xros/Parsing.o --dependency-file /Users/admin/builder/spi-builder-workspace/.derivedData/Build/Intermediates.noindex/swift-parsing.build/Debug-xros/Parsing-t.build/Objects-normal/arm64/Parsing_dependency_info.dat --stringsdata-file /Users/admin/builder/spi-builder-workspace/.derivedData/Build/Intermediates.noindex/swift-parsing.build/Debug-xros/Parsing-t.build/Objects-normal/arm64/ExtractedAppShortcutsMetadata.stringsdata --source-file-list /Users/admin/builder/spi-builder-workspace/.derivedData/Build/Intermediates.noindex/swift-parsing.build/Debug-xros/Parsing-t.build/Objects-normal/arm64/Parsing.SwiftFileList --metadata-file-list /Users/admin/builder/spi-builder-workspace/.derivedData/Build/Intermediates.noindex/swift-parsing.build/Debug-xros/Parsing-t.build/Parsing.DependencyMetadataFileList --static-metadata-file-list /Users/admin/builder/spi-builder-workspace/.derivedData/Build/Intermediates.noindex/swift-parsing.build/Debug-xros/Parsing-t.build/Parsing.DependencyStaticMetadataFileList --swift-const-vals-list /Users/admin/builder/spi-builder-workspace/.derivedData/Build/Intermediates.noindex/swift-parsing.build/Debug-xros/Parsing-t.build/Objects-normal/arm64/Parsing.SwiftConstValuesFileList --force --compile-time-extraction --deployment-aware-processing --no-app-shortcuts-localization
2026-09-18 07:55:08.715 appintentsmetadataprocessor[1817:10103] Starting appintentsmetadataprocessor export
2026-09-18 07:55:08.782 appintentsmetadataprocessor[1817:10103] Extracted no relevant App Intents symbols, skipping writing output
SwiftCompile normal arm64 Compiling\ Conversions.swift /Users/admin/builder/spi-builder-workspace/Sources/XMLParser/Conversions.swift (in target 'XMLParser' from project 'swift-xml-parser')
SwiftCompile normal arm64 /Users/admin/builder/spi-builder-workspace/Sources/XMLParser/Conversions.swift (in target 'XMLParser' from project 'swift-xml-parser')
    cd /Users/admin/builder/spi-builder-workspace/.swiftpm/xcode
    builtin-SwiftPerFileCompile Conversions.swift
SwiftEmitModule normal arm64 Emitting\ module\ for\ XMLParser (in target 'XMLParser' from project 'swift-xml-parser')
/Users/admin/builder/spi-builder-workspace/Sources/XMLParser/XML.swift:38:83: warning: initializer 'init(dictionaryLiteral:)' cannot be used in a default argument value because 'OrderedCollections' was not imported by this file; this is an error in the Swift 6 language mode
36 |         ///   - attributes: the attributes of the xml tag
37 |         ///   - content: the content of the xml tag
38 |         public init(name: String, attributes: OrderedDictionary<String, String> = [:], content: [Node] = []) {
   |                                                                                   |- warning: initializer 'init(dictionaryLiteral:)' cannot be used in a default argument value because 'OrderedCollections' was not imported by this file; this is an error in the Swift 6 language mode
   |                                                                                   `- note: The missing import of module 'OrderedCollections' will be added implicitly
39 |             self.name = name
40 |             self.attributes = attributes
/Users/admin/builder/spi-builder-workspace/Sources/XMLParser/XMLParser.swift:23:5: error: generic type 'From' specialized with too few type parameters (got 2, but expected 3)
 21 |
 22 | let tagNameParser = ParsePrint {
 23 |     From<Conversions.UTF8ViewToSubstring, Prefix<Substring>>(.substring) {
    |     `- error: generic type 'From' specialized with too few type parameters (got 2, but expected 3)
 24 |         Prefix { $0.isLetter }
 25 |     }.map(.string)
Parsing.From:1:15: note: generic struct 'From' declared here
1 | public struct From<Upstream, DownstreamInput, Downstream> : Parsing.Parser where Upstream : Parsing.Conversion, DownstreamInput == Upstream.Output, Downstream : Parsing.Parser, Upstream.Output == Downstream.Input {
  |               `- note: generic struct 'From' declared here
2 |     @inlinable public init(_ conversion: Upstream, @Parsing.ParserBuilder<DownstreamInput> _ parser: () -> Downstream)
3 |     @inlinable public func parse(_ input: inout Upstream.Input) rethrows -> Downstream.Output
/Users/admin/builder/spi-builder-workspace/Sources/XMLParser/XMLParser.swift:22:21: error: generic parameter 'Input' could not be inferred
 20 | }.map(Conversions.TuplesToDictionary())
 21 |
 22 | let tagNameParser = ParsePrint {
    |                     |- error: generic parameter 'Input' could not be inferred
    |                     `- note: explicitly specify the generic arguments to fix this issue
 23 |     From<Conversions.UTF8ViewToSubstring, Prefix<Substring>>(.substring) {
 24 |         Prefix { $0.isLetter }
/Users/admin/builder/spi-builder-workspace/Sources/XMLParser/XMLParser.swift:56:45: warning: '/' is deprecated: Use a 'CasePathable' case key path, instead [#DeprecatedDeclaration]
 54 | let commentParser = ParsePrint {
 55 |     "<!--".utf8
 56 |     PrefixUpTo("-->".utf8).map(.string).map(/XML.Node.comment)
    |                                             `- warning: '/' is deprecated: Use a 'CasePathable' case key path, instead [#DeprecatedDeclaration]
 57 |     "-->".utf8
 58 | }
/Users/admin/builder/spi-builder-workspace/Sources/XMLParser/XMLParser.swift:66:7: error: ambiguous use of 'string'
 64 |     }
 65 | }
 66 | .map(.string).map(/XML.Node.text)
    |       `- error: ambiguous use of 'string'
 67 |
 68 | let xmlPrologParser = ParsePrint {
Parsing.Conversion.string:2:30: note: found this candidate in module 'Parsing'
1 | protocol Conversion {
2 | @inlinable public static var string: Parsing.Conversions.SubstringToString { get }}
  |                              `- note: found this candidate in module 'Parsing'
3 |
Parsing.Conversion.string:2:30: note: found this candidate in module 'Parsing'
1 | protocol Conversion {
2 | @inlinable public static var string: Parsing.Conversions.BytesToString<Substring.UTF8View> { get }}
  |                              `- note: found this candidate in module 'Parsing'
3 |
/Users/admin/builder/spi-builder-workspace/Sources/XMLParser/XMLParser.swift:103:15: error: contextual closure type '(_.Output) -> Bool' expects 1 argument, but 3 were used in closure body
101 |         ">".utf8
102 |     }
103 |     .filter { tagHead, _, closingTag in tagHead.0 == closingTag }
    |               `- error: contextual closure type '(_.Output) -> Bool' expects 1 argument, but 3 were used in closure body
104 |     .map(Conversions.UnpackXMLElementTuple())
105 |     .map(.memberwise(XML.Element.init))
[#DeprecatedDeclaration]: <https://docs.swift.org/compiler/documentation/diagnostics/deprecated-declaration>
Failed frontend command:
SwiftCompile normal arm64 (in target 'XMLParser' from project 'swift-xml-parser')
    cd /Users/admin/builder/spi-builder-workspace/.swiftpm/xcode

/Applications/Xcode-27.0.0-Release.Candidate.app/Contents/Developer/Toolchains/XcodeDefault.xctoolchain/usr/bin/swift-frontend -frontend -emit-module -experimental-skip-non-inlinable-function-bodies-without-types /Users/admin/builder/spi-builder-workspace/Sources/XMLParser/Conversions.swift /Users/admin/builder/spi-builder-workspace/Sources/XMLParser/XML.swift /Users/admin/builder/spi-builder-workspace/Sources/XMLParser/XMLParser.swift -target arm64-apple-xros1.0 -disable-cross-import-overlay-search -load-resolved-plugin \#/Users/admin/builder/spi-builder-workspace/.derivedData/Build/Products/Debug/CasePathsMacros\#CasePathsMacros -load-resolved-plugin /Applications/Xcode-27.0.0-Release.Candidate.app/Contents/Developer/Platforms/XROS.platform/Developer/usr/lib/swift/host/plugins/libFoundationMacros.dylib\#/Applications/Xcode-27.0.0-Release.Candidate.app/Contents/Developer/Platforms/XROS.platform/Developer/usr/bin/swift-plugin-server\#FoundationMacros -load-resolved-plugin /Applications/Xcode-27.0.0-Release.Candidate.app/Contents/Developer/Platforms/XROS.platform/Developer/usr/lib/swift/host/plugins/libObservationMacros.dylib\#/Applications/Xcode-27.0.0-Release.Candidate.app/Contents/Developer/Platforms/XROS.platform/Developer/usr/bin/swift-plugin-server\#ObservationMacros -load-resolved-plugin /Applications/Xcode-27.0.0-Release.Candidate.app/Contents/Developer/Platforms/XROS.platform/Developer/usr/lib/swift/host/plugins/libSwiftMacros.dylib\#/Applications/Xcode-27.0.0-Release.Candidate.app/Contents/Developer/Platforms/XROS.platform/Developer/usr/bin/swift-plugin-server\#SwiftMacros -disable-implicit-swift-modules -Xcc -fno-implicit-modules -Xcc -fno-implicit-module-maps -explicit-swift-module-map-file /Users/admin/builder/spi-builder-workspace/.derivedData/Build/Intermediates.noindex/swift-xml-parser.build/Debug-xros/XMLParser-t.build/Objects-normal/arm64/XMLParser-dependencies-1.json -Xllvm -aarch64-use-tbi -enable-objc-interop -stack-check -sdk /Applications/Xcode-27.0.0-Release.Candidate.app/Contents/Developer/Platforms/XROS.platform/Developer/SDKs/XROS27.0.sdk -I /Users/admin/builder/spi-builder-workspace/.derivedData/Build/Products/Debug-xros -Isystem /Applications/Xcode-27.0.0-Release.Candidate.app/Contents/Developer/Platforms/XROS.platform/Developer/usr/lib -F /Users/admin/builder/spi-builder-workspace/.derivedData/Build/Products/Debug-xros/PackageFrameworks -F /Users/admin/builder/spi-builder-workspace/.derivedData/Build/Products/Debug-xros -F /Applications/Xcode-27.0.0-Release.Candidate.app/Contents/Developer/Platforms/XROS.platform/Developer/Library/Frameworks -F /Applications/Xcode-27.0.0-Release.Candidate.app/Contents/Developer/Platforms/XROS.platform/Developer/SDKs/XROS27.0.sdk/Developer/Library/Frameworks -module-cache-path /Users/admin/builder/spi-builder-workspace/.derivedData/Build/Intermediates.noindex/SwiftExplicitPrecompiledModules -no-color-diagnostics -Xcc -fno-color-diagnostics -enable-testing -g -debug-info-format\=dwarf -dwarf-version\=4 -profile-generate -profile-coverage-mapping -swift-version 5 -Onone -D SWIFT_PACKAGE -D DEBUG -D SWIFT_MODULE_RESOURCE_BUNDLE_UNAVAILABLE -D Xcode -serialize-debugging-options -load-plugin-executable /Users/admin/builder/spi-builder-workspace/.derivedData/Build/Products/Debug/CasePathsMacros\#CasePathsMacros -enable-experimental-feature DebugDescriptionMacro -empty-abi-descriptor -validate-clang-modules-once -clang-build-session-file /Users/admin/builder/spi-builder-workspace/.derivedData/ModuleCache.noindex/Session.modulevalidation -Xcc -working-directory -Xcc /Users/admin/builder/spi-builder-workspace/.swiftpm/xcode -enable-anonymous-context-mangled-names -file-compilation-dir /Users/admin/builder/spi-builder-workspace/.swiftpm/xcode -Xcc -D_LIBCPP_HARDENING_MODE\=_LIBCPP_HARDENING_MODE_DEBUG -Xcc -ivfsstatcache -Xcc /Users/admin/builder/spi-builder-workspace/.derivedData/SDKStatCaches.noindex/xros27.0-24M361-e829b21a6f8c9b70876ba0858053c044735bd543db762f57723cac368afd1ce4.sdkstatcache -Xcc -fmodules-prune-interval\=86400 -Xcc -fmodules-prune-after\=345600 -Xcc -I/Users/admin/builder/spi-builder-workspace/.derivedData/Build/Products/Debug-xros/include -Xcc -I/Users/admin/builder/spi-builder-workspace/.derivedData/Build/Intermediates.noindex/swift-xml-parser.build/Debug-xros/XMLParser-t.build/DerivedSources-normal/arm64 -Xcc -I/Users/admin/builder/spi-builder-workspace/.derivedData/Build/Intermediates.noindex/swift-xml-parser.build/Debug-xros/XMLParser-t.build/DerivedSources/arm64 -Xcc -I/Users/admin/builder/spi-builder-workspace/.derivedData/Build/Intermediates.noindex/swift-xml-parser.build/Debug-xros/XMLParser-t.build/DerivedSources -Xcc -DSWIFT_PACKAGE -Xcc -DDEBUG\=1 -no-auto-bridging-header-chaining -module-name XMLParser -const-gather-protocols-file /Users/admin/builder/spi-builder-workspace/.derivedData/Build/Intermediates.noindex/swift-xml-parser.build/Debug-xros/XMLParser-t.build/Objects-normal/arm64/XMLParser_const_extract_protocols.json -disable-clang-spi -clang-target arm64-apple-xros27.0 -target-sdk-version 27.0 -target-sdk-name xros27.0 -in-process-plugin-server-path /Applications/Xcode-27.0.0-Release.Candidate.app/Contents/Developer/Toolchains/XcodeDefault.xctoolchain/usr/lib/swift/host/libSwiftInProcPluginServer.dylib -emit-module-doc-path /Users/admin/builder/spi-builder-workspace/.derivedData/Build/Intermediates.noindex/swift-xml-parser.build/Debug-xros/XMLParser-t.build/Objects-normal/arm64/XMLParser.swiftdoc -emit-module-source-info-path /Users/admin/builder/spi-builder-workspace/.derivedData/Build/Intermediates.noindex/swift-xml-parser.build/Debug-xros/XMLParser-t.build/Objects-normal/arm64/XMLParser.swiftsourceinfo -emit-objc-header-path /Users/admin/builder/spi-builder-workspace/.derivedData/Build/Intermediates.noindex/swift-xml-parser.build/Debug-xros/XMLParser-t.build/Objects-normal/arm64/XMLParser-Swift.h -serialize-diagnostics-path /Users/admin/builder/spi-builder-workspace/.derivedData/Build/Intermediates.noindex/swift-xml-parser.build/Debug-xros/XMLParser-t.build/Objects-normal/arm64/XMLParser-primary-emit-module.dia -emit-dependencies-path /Users/admin/builder/spi-builder-workspace/.derivedData/Build/Intermediates.noindex/swift-xml-parser.build/Debug-xros/XMLParser-t.build/Objects-normal/arm64/XMLParser-primary-emit-module.d -parse-as-library -o /Users/admin/builder/spi-builder-workspace/.derivedData/Build/Intermediates.noindex/swift-xml-parser.build/Debug-xros/XMLParser-t.build/Objects-normal/arm64/XMLParser.swiftmodule -emit-abi-descriptor-path /Users/admin/builder/spi-builder-workspace/.derivedData/Build/Intermediates.noindex/swift-xml-parser.build/Debug-xros/XMLParser-t.build/Objects-normal/arm64/XMLParser.abi.json
SwiftCompile normal arm64 Compiling\ XML.swift /Users/admin/builder/spi-builder-workspace/Sources/XMLParser/XML.swift (in target 'XMLParser' from project 'swift-xml-parser')
/Users/admin/builder/spi-builder-workspace/Sources/XMLParser/XML.swift:38:83: warning: initializer 'init(dictionaryLiteral:)' cannot be used in a default argument value because 'OrderedCollections' was not imported by this file; this is an error in the Swift 6 language mode
36 |         ///   - attributes: the attributes of the xml tag
37 |         ///   - content: the content of the xml tag
38 |         public init(name: String, attributes: OrderedDictionary<String, String> = [:], content: [Node] = []) {
   |                                                                                   |- warning: initializer 'init(dictionaryLiteral:)' cannot be used in a default argument value because 'OrderedCollections' was not imported by this file; this is an error in the Swift 6 language mode
   |                                                                                   `- note: The missing import of module 'OrderedCollections' will be added implicitly
39 |             self.name = name
40 |             self.attributes = attributes
SwiftCompile normal arm64 /Users/admin/builder/spi-builder-workspace/Sources/XMLParser/XML.swift (in target 'XMLParser' from project 'swift-xml-parser')
    cd /Users/admin/builder/spi-builder-workspace/.swiftpm/xcode
    builtin-SwiftPerFileCompile XML.swift
SwiftCompile normal arm64 Compiling\ XMLParser.swift /Users/admin/builder/spi-builder-workspace/Sources/XMLParser/XMLParser.swift (in target 'XMLParser' from project 'swift-xml-parser')
SwiftCompile normal arm64 (in target 'XMLParser' from project 'swift-xml-parser')
    cd /Users/admin/builder/spi-builder-workspace/.swiftpm/xcode

/Users/admin/builder/spi-builder-workspace/Sources/XMLParser/XMLParser.swift:23:5: error: generic type 'From' specialized with too few type parameters (got 2, but expected 3)
 21 |
 22 | let tagNameParser = ParsePrint {
 23 |     From<Conversions.UTF8ViewToSubstring, Prefix<Substring>>(.substring) {
    |     `- error: generic type 'From' specialized with too few type parameters (got 2, but expected 3)
 24 |         Prefix { $0.isLetter }
 25 |     }.map(.string)
Parsing.From:1:15: note: generic struct 'From' declared here
1 | public struct From<Upstream, DownstreamInput, Downstream> : Parsing.Parser where Upstream : Parsing.Conversion, DownstreamInput == Upstream.Output, Downstream : Parsing.Parser, Upstream.Output == Downstream.Input {
  |               `- note: generic struct 'From' declared here
2 |     @inlinable public init(_ conversion: Upstream, @Parsing.ParserBuilder<DownstreamInput> _ parser: () -> Downstream)
3 |     @inlinable public func parse(_ input: inout Upstream.Input) rethrows -> Downstream.Output
/Users/admin/builder/spi-builder-workspace/Sources/XMLParser/XMLParser.swift:22:21: error: generic parameter 'Input' could not be inferred
 20 | }.map(Conversions.TuplesToDictionary())
 21 |
 22 | let tagNameParser = ParsePrint {
    |                     |- error: generic parameter 'Input' could not be inferred
    |                     `- note: explicitly specify the generic arguments to fix this issue
 23 |     From<Conversions.UTF8ViewToSubstring, Prefix<Substring>>(.substring) {
 24 |         Prefix { $0.isLetter }
/Users/admin/builder/spi-builder-workspace/Sources/XMLParser/XMLParser.swift:56:45: warning: '/' is deprecated: Use a 'CasePathable' case key path, instead [#DeprecatedDeclaration]
 54 | let commentParser = ParsePrint {
 55 |     "<!--".utf8
 56 |     PrefixUpTo("-->".utf8).map(.string).map(/XML.Node.comment)
    |                                             `- warning: '/' is deprecated: Use a 'CasePathable' case key path, instead [#DeprecatedDeclaration]
 57 |     "-->".utf8
 58 | }
/Users/admin/builder/spi-builder-workspace/Sources/XMLParser/XMLParser.swift:66:7: error: ambiguous use of 'string'
 64 |     }
 65 | }
 66 | .map(.string).map(/XML.Node.text)
    |       `- error: ambiguous use of 'string'
 67 |
 68 | let xmlPrologParser = ParsePrint {
Parsing.Conversion.string:2:30: note: found this candidate in module 'Parsing'
1 | protocol Conversion {
2 | @inlinable public static var string: Parsing.Conversions.SubstringToString { get }}
  |                              `- note: found this candidate in module 'Parsing'
3 |
Parsing.Conversion.string:2:30: note: found this candidate in module 'Parsing'
1 | protocol Conversion {
2 | @inlinable public static var string: Parsing.Conversions.BytesToString<Substring.UTF8View> { get }}
  |                              `- note: found this candidate in module 'Parsing'
3 |
SwiftDriverJobDiscovery normal arm64 Compiling Conversions.swift (in target 'XMLParser' from project 'swift-xml-parser')
SwiftDriverJobDiscovery normal arm64 Compiling XML.swift (in target 'XMLParser' from project 'swift-xml-parser')
PruneExplicitPrecompiledModules /Users/admin/builder/spi-builder-workspace/.derivedData/Build/Intermediates.noindex/ExplicitPrecompiledModules
PruneExplicitPrecompiledModules /Users/admin/builder/spi-builder-workspace/.derivedData/Build/Intermediates.noindex/SwiftExplicitPrecompiledModules
PruneExplicitPrecompiledModules /Users/admin/builder/spi-builder-workspace/.derivedData/SDKExplicitPrecompiledModules
2026-09-18 07:54:31.590 xcodebuild[912:5405] [MT] IDERunDestination: Supported platforms for the buildables in the current scheme is empty.
** BUILD FAILED **
The following build commands failed:
	SwiftCompile normal arm64 (in target 'XMLParser' from project 'swift-xml-parser')
	SwiftEmitModule normal arm64 Emitting\ module\ for\ XMLParser (in target 'XMLParser' from project 'swift-xml-parser')
	Building workspace swift-xml-parser with scheme swift-xml-parser
(3 failures)
Command line invocation:
    /Applications/Xcode-27.0.0-Release.Candidate.app/Contents/Developer/usr/bin/xcodebuild -IDEClonedSourcePackagesDirPathOverride=/Users/admin/builder/spi-builder-workspace/.dependencies -resolvePackageDependencies
Resolve Package Graph
Resolved source packages:
  swift-xml-parser: /Users/admin/builder/spi-builder-workspace
  swift-syntax: https://github.com/swiftlang/swift-syntax @ 604.0.0
  swift-issue-reporting: https://github.com/pointfreeco/swift-issue-reporting @ 2.1.0
  swift-collections: https://github.com/apple/swift-collections.git @ 1.6.0
  swift-parsing: https://github.com/pointfreeco/swift-parsing.git @ 0.15.2
  swift-case-paths: https://github.com/pointfreeco/swift-case-paths @ 1.10.0
  xctest-dynamic-overlay: https://github.com/pointfreeco/xctest-dynamic-overlay @ 0.9.0
  swift-custom-dump: https://github.com/pointfreeco/swift-custom-dump.git @ 0.11.2
resolved source packages: swift-xml-parser, swift-syntax, swift-issue-reporting, swift-collections, swift-parsing, swift-case-paths, xctest-dynamic-overlay, swift-custom-dump
2026-09-18 07:55:11.116 xcodebuild[1822:10189] [MT] IDERunDestination: Supported platforms for the buildables in the current scheme is empty.
{
  "dependencies" : [
    {
      "identity" : "swift-parsing",
      "requirement" : {
        "range" : [
          {
            "lower_bound" : "0.10.0",
            "upper_bound" : "1.0.0"
          }
        ]
      },
      "type" : "sourceControl",
      "url" : "https://github.com/pointfreeco/swift-parsing.git"
    },
    {
      "identity" : "swift-collections",
      "requirement" : {
        "range" : [
          {
            "lower_bound" : "1.0.2",
            "upper_bound" : "2.0.0"
          }
        ]
      },
      "type" : "sourceControl",
      "url" : "https://github.com/apple/swift-collections.git"
    },
    {
      "identity" : "swift-custom-dump",
      "requirement" : {
        "range" : [
          {
            "lower_bound" : "0.4.0",
            "upper_bound" : "1.0.0"
          }
        ]
      },
      "type" : "sourceControl",
      "url" : "https://github.com/pointfreeco/swift-custom-dump.git"
    }
  ],
  "manifest_display_name" : "swift-xml-parser",
  "name" : "swift-xml-parser",
  "path" : "/Users/admin/builder/spi-builder-workspace",
  "platforms" : [
    {
      "name" : "ios",
      "version" : "13.0"
    },
    {
      "name" : "macos",
      "version" : "10.15"
    },
    {
      "name" : "tvos",
      "version" : "13.0"
    },
    {
      "name" : "watchos",
      "version" : "6.0"
    }
  ],
  "products" : [
    {
      "name" : "XMLParser",
      "targets" : [
        "XMLParser"
      ],
      "type" : {
        "library" : [
          "automatic"
        ]
      }
    }
  ],
  "targets" : [
    {
      "c99name" : "XMLParserTests",
      "module_type" : "SwiftTarget",
      "name" : "XMLParserTests",
      "path" : "Tests/XMLParserTests",
      "product_dependencies" : [
        "CustomDump"
      ],
      "sources" : [
        "XMLParserTests.swift"
      ],
      "target_dependencies" : [
        "XMLParser"
      ],
      "type" : "test"
    },
    {
      "c99name" : "XMLParser",
      "module_type" : "SwiftTarget",
      "name" : "XMLParser",
      "path" : "Sources/XMLParser",
      "product_dependencies" : [
        "Parsing",
        "Collections"
      ],
      "product_memberships" : [
        "XMLParser"
      ],
      "sources" : [
        "Conversions.swift",
        "XML.swift",
        "XMLParser.swift"
      ],
      "type" : "library"
    }
  ],
  "tools_version" : "5.5"
}
{
  "workspace" : {
    "name" : "swift-xml-parser",
    "schemes" : [
      "swift-xml-parser"
    ]
  }
}
2026-09-18 07:55:13.005 xcodebuild[1831:10261] [MT] IDERunDestination: Supported platforms for the buildables in the current scheme is empty.
Running build ...
env DEVELOPER_DIR=/Applications/Xcode-27.0.0-Release.Candidate.app xcrun xcodebuild -IDEClonedSourcePackagesDirPathOverride=$PWD/.dependencies -skipMacroValidation -skipPackagePluginValidation -derivedDataPath $PWD/.derivedData build -scheme swift-xml-parser -destination generic/platform=xrOS
Command line invocation:
    /Applications/Xcode-27.0.0-Release.Candidate.app/Contents/Developer/usr/bin/xcodebuild -IDEClonedSourcePackagesDirPathOverride=/Users/admin/builder/spi-builder-workspace/.dependencies -skipMacroValidation -skipPackagePluginValidation -derivedDataPath /Users/admin/builder/spi-builder-workspace/.derivedData build -scheme swift-xml-parser -destination generic/platform=xrOS
Resolve Package Graph
Resolved source packages:
  xctest-dynamic-overlay: https://github.com/pointfreeco/xctest-dynamic-overlay @ 0.9.0
  swift-syntax: https://github.com/swiftlang/swift-syntax @ 604.0.0
  swift-case-paths: https://github.com/pointfreeco/swift-case-paths @ 1.10.0
  swift-collections: https://github.com/apple/swift-collections.git @ 1.6.0
  swift-parsing: https://github.com/pointfreeco/swift-parsing.git @ 0.15.2
  swift-custom-dump: https://github.com/pointfreeco/swift-custom-dump.git @ 0.11.2
  swift-issue-reporting: https://github.com/pointfreeco/swift-issue-reporting @ 2.1.0
  swift-xml-parser: /Users/admin/builder/spi-builder-workspace
ComputePackagePrebuildTargetDependencyGraph
Prepare packages
CreateBuildRequest
SendProjectDescription
CreateBuildOperation
ComputeTargetDependencyGraph
note: Building targets in dependency order
note: Target dependency graph (46 targets)
    Target 'XMLParser-product' in project 'swift-xml-parser'
        ➜ Explicit dependency on target 'XMLParser' in project 'swift-xml-parser'
        ➜ Explicit dependency on target 'Parsing-product' in project 'swift-parsing'
        ➜ Explicit dependency on target 'Collections-product' in project 'swift-collections'
    Target 'XMLParser' in project 'swift-xml-parser'
        ➜ Explicit dependency on target 'Parsing-product' in project 'swift-parsing'
        ➜ Explicit dependency on target 'Collections-product' in project 'swift-collections'
    Target 'Collections-product' in project 'swift-collections'
        ➜ Explicit dependency on target 'Collections' in project 'swift-collections'
        ➜ Explicit dependency on target 'InternalCollectionsUtilities' in project 'swift-collections'
        ➜ Explicit dependency on target 'BitCollections' in project 'swift-collections'
        ➜ Explicit dependency on target 'ContainersPreview' in project 'swift-collections'
        ➜ Explicit dependency on target 'DequeModule' in project 'swift-collections'
        ➜ Explicit dependency on target 'HashTreeCollections' in project 'swift-collections'
        ➜ Explicit dependency on target 'HeapModule' in project 'swift-collections'
        ➜ Explicit dependency on target 'OrderedCollections' in project 'swift-collections'
        ➜ Explicit dependency on target '_RopeModule' in project 'swift-collections'
    Target 'Collections' in project 'swift-collections'
        ➜ Explicit dependency on target 'InternalCollectionsUtilities' in project 'swift-collections'
        ➜ Explicit dependency on target 'BitCollections' in project 'swift-collections'
        ➜ Explicit dependency on target 'ContainersPreview' in project 'swift-collections'
        ➜ Explicit dependency on target 'DequeModule' in project 'swift-collections'
        ➜ Explicit dependency on target 'HashTreeCollections' in project 'swift-collections'
        ➜ Explicit dependency on target 'HeapModule' in project 'swift-collections'
        ➜ Explicit dependency on target 'OrderedCollections' in project 'swift-collections'
        ➜ Explicit dependency on target '_RopeModule' in project 'swift-collections'
    Target '_RopeModule' in project 'swift-collections'
        ➜ Explicit dependency on target 'InternalCollectionsUtilities' in project 'swift-collections'
    Target 'OrderedCollections' in project 'swift-collections'
        ➜ Explicit dependency on target 'InternalCollectionsUtilities' in project 'swift-collections'
    Target 'HeapModule' in project 'swift-collections'
        ➜ Explicit dependency on target 'InternalCollectionsUtilities' in project 'swift-collections'
    Target 'HashTreeCollections' in project 'swift-collections'
        ➜ Explicit dependency on target 'InternalCollectionsUtilities' in project 'swift-collections'
    Target 'DequeModule' in project 'swift-collections'
        ➜ Explicit dependency on target 'InternalCollectionsUtilities' in project 'swift-collections'
        ➜ Explicit dependency on target 'ContainersPreview' in project 'swift-collections'
    Target 'ContainersPreview' in project 'swift-collections'
        ➜ Explicit dependency on target 'InternalCollectionsUtilities' in project 'swift-collections'
    Target 'BitCollections' in project 'swift-collections'
        ➜ Explicit dependency on target 'InternalCollectionsUtilities' in project 'swift-collections'
    Target 'InternalCollectionsUtilities' in project 'swift-collections' (no dependencies)
    Target 'Parsing-product' in project 'swift-parsing'
        ➜ Explicit dependency on target 'Parsing' in project 'swift-parsing'
        ➜ Explicit dependency on target 'CasePaths-product' in project 'swift-case-paths'
    Target 'Parsing' in project 'swift-parsing'
        ➜ Explicit dependency on target 'CasePaths-product' in project 'swift-case-paths'
    Target 'CasePaths-product' in project 'swift-case-paths'
        ➜ Explicit dependency on target 'CasePaths' in project 'swift-case-paths'
        ➜ Explicit dependency on target 'CasePathsCore' in project 'swift-case-paths'
        ➜ Explicit dependency on target 'CasePathsMacros' in project 'swift-case-paths'
        ➜ Explicit dependency on target 'IssueReporting-product' in project 'swift-issue-reporting'
    Target 'CasePaths' in project 'swift-case-paths'
        ➜ Explicit dependency on target 'CasePathsCore' in project 'swift-case-paths'
        ➜ Explicit dependency on target 'CasePathsMacros' in project 'swift-case-paths'
        ➜ Explicit dependency on target 'IssueReporting-product' in project 'swift-issue-reporting'
    Target 'CasePathsMacros' in project 'swift-case-paths'
        ➜ Explicit dependency on target 'CasePathsMacrosSupport' in project 'swift-case-paths'
        ➜ Explicit dependency on target 'SwiftSyntaxMacros-product' in project 'swift-syntax'
        ➜ Explicit dependency on target 'SwiftCompilerPlugin-product' in project 'swift-syntax'
        ➜ Explicit dependency on target 'SwiftDiagnostics-product' in project 'swift-syntax'
        ➜ Explicit dependency on target 'SwiftSyntax-product' in project 'swift-syntax'
        ➜ Explicit dependency on target 'SwiftSyntaxBuilder-product' in project 'swift-syntax'
    Target 'CasePathsMacrosSupport' in project 'swift-case-paths'
        ➜ Explicit dependency on target 'SwiftSyntaxMacros-product' in project 'swift-syntax'
        ➜ Explicit dependency on target 'SwiftCompilerPlugin-product' in project 'swift-syntax'
        ➜ Explicit dependency on target 'SwiftDiagnostics-product' in project 'swift-syntax'
        ➜ Explicit dependency on target 'SwiftSyntax-product' in project 'swift-syntax'
        ➜ Explicit dependency on target 'SwiftSyntaxBuilder-product' in project 'swift-syntax'
    Target 'SwiftSyntaxBuilder-product' in project 'swift-syntax'
        ➜ Explicit dependency on target 'SwiftSyntaxBuilder' in project 'swift-syntax'
        ➜ Explicit dependency on target '_SwiftSyntaxCShims' in project 'swift-syntax'
        ➜ Explicit dependency on target 'SwiftSyntax509' in project 'swift-syntax'
        ➜ Explicit dependency on target 'SwiftSyntax510' in project 'swift-syntax'
        ➜ Explicit dependency on target 'SwiftSyntax600' in project 'swift-syntax'
        ➜ Explicit dependency on target 'SwiftSyntax601' in project 'swift-syntax'
        ➜ Explicit dependency on target 'SwiftSyntax602' in project 'swift-syntax'
        ➜ Explicit dependency on target 'SwiftSyntax603' in project 'swift-syntax'
        ➜ Explicit dependency on target 'SwiftSyntax604' in project 'swift-syntax'
        ➜ Explicit dependency on target 'SwiftSyntax' in project 'swift-syntax'
        ➜ Explicit dependency on target 'SwiftBasicFormat' in project 'swift-syntax'
        ➜ Explicit dependency on target 'SwiftParser' in project 'swift-syntax'
        ➜ Explicit dependency on target 'SwiftDiagnostics' in project 'swift-syntax'
        ➜ Explicit dependency on target 'SwiftParserDiagnostics' in project 'swift-syntax'
    Target 'SwiftSyntax-product' in project 'swift-syntax'
        ➜ Explicit dependency on target 'SwiftSyntax' in project 'swift-syntax'
        ➜ Explicit dependency on target '_SwiftSyntaxCShims' in project 'swift-syntax'
        ➜ Explicit dependency on target 'SwiftSyntax509' in project 'swift-syntax'
        ➜ Explicit dependency on target 'SwiftSyntax510' in project 'swift-syntax'
        ➜ Explicit dependency on target 'SwiftSyntax600' in project 'swift-syntax'
        ➜ Explicit dependency on target 'SwiftSyntax601' in project 'swift-syntax'
        ➜ Explicit dependency on target 'SwiftSyntax602' in project 'swift-syntax'
        ➜ Explicit dependency on target 'SwiftSyntax603' in project 'swift-syntax'
        ➜ Explicit dependency on target 'SwiftSyntax604' in project 'swift-syntax'
    Target 'SwiftDiagnostics-product' in project 'swift-syntax'
        ➜ Explicit dependency on target 'SwiftDiagnostics' in project 'swift-syntax'
        ➜ Explicit dependency on target '_SwiftSyntaxCShims' in project 'swift-syntax'
        ➜ Explicit dependency on target 'SwiftSyntax509' in project 'swift-syntax'
        ➜ Explicit dependency on target 'SwiftSyntax510' in project 'swift-syntax'
        ➜ Explicit dependency on target 'SwiftSyntax600' in project 'swift-syntax'
        ➜ Explicit dependency on target 'SwiftSyntax601' in project 'swift-syntax'
        ➜ Explicit dependency on target 'SwiftSyntax602' in project 'swift-syntax'
        ➜ Explicit dependency on target 'SwiftSyntax603' in project 'swift-syntax'
        ➜ Explicit dependency on target 'SwiftSyntax604' in project 'swift-syntax'
        ➜ Explicit dependency on target 'SwiftSyntax' in project 'swift-syntax'
    Target 'SwiftCompilerPlugin-product' in project 'swift-syntax'
        ➜ Explicit dependency on target 'SwiftCompilerPlugin' in project 'swift-syntax'
        ➜ Explicit dependency on target '_SwiftSyntaxCShims' in project 'swift-syntax'
        ➜ Explicit dependency on target 'SwiftSyntax509' in project 'swift-syntax'
        ➜ Explicit dependency on target 'SwiftSyntax510' in project 'swift-syntax'
        ➜ Explicit dependency on target 'SwiftSyntax600' in project 'swift-syntax'
        ➜ Explicit dependency on target 'SwiftSyntax601' in project 'swift-syntax'
        ➜ Explicit dependency on target 'SwiftSyntax602' in project 'swift-syntax'
        ➜ Explicit dependency on target 'SwiftSyntax603' in project 'swift-syntax'
        ➜ Explicit dependency on target 'SwiftSyntax604' in project 'swift-syntax'
        ➜ Explicit dependency on target 'SwiftSyntax' in project 'swift-syntax'
        ➜ Explicit dependency on target 'SwiftDiagnostics' in project 'swift-syntax'
        ➜ Explicit dependency on target 'SwiftParser' in project 'swift-syntax'
        ➜ Explicit dependency on target 'SwiftOperators' in project 'swift-syntax'
        ➜ Explicit dependency on target 'SwiftBasicFormat' in project 'swift-syntax'
        ➜ Explicit dependency on target 'SwiftParserDiagnostics' in project 'swift-syntax'
        ➜ Explicit dependency on target 'SwiftSyntaxBuilder' in project 'swift-syntax'
        ➜ Explicit dependency on target 'SwiftIfConfig' in project 'swift-syntax'
        ➜ Explicit dependency on target 'SwiftSyntaxMacros' in project 'swift-syntax'
        ➜ Explicit dependency on target 'SwiftSyntaxMacroExpansion' in project 'swift-syntax'
        ➜ Explicit dependency on target 'SwiftCompilerPluginMessageHandling' in project 'swift-syntax'
    Target 'SwiftCompilerPlugin' in project 'swift-syntax'
        ➜ Explicit dependency on target '_SwiftSyntaxCShims' in project 'swift-syntax'
        ➜ Explicit dependency on target 'SwiftSyntax509' in project 'swift-syntax'
        ➜ Explicit dependency on target 'SwiftSyntax510' in project 'swift-syntax'
        ➜ Explicit dependency on target 'SwiftSyntax600' in project 'swift-syntax'
        ➜ Explicit dependency on target 'SwiftSyntax601' in project 'swift-syntax'
        ➜ Explicit dependency on target 'SwiftSyntax602' in project 'swift-syntax'
        ➜ Explicit dependency on target 'SwiftSyntax603' in project 'swift-syntax'
        ➜ Explicit dependency on target 'SwiftSyntax604' in project 'swift-syntax'
        ➜ Explicit dependency on target 'SwiftSyntax' in project 'swift-syntax'
        ➜ Explicit dependency on target 'SwiftDiagnostics' in project 'swift-syntax'
        ➜ Explicit dependency on target 'SwiftParser' in project 'swift-syntax'
        ➜ Explicit dependency on target 'SwiftOperators' in project 'swift-syntax'
        ➜ Explicit dependency on target 'SwiftBasicFormat' in project 'swift-syntax'
        ➜ Explicit dependency on target 'SwiftParserDiagnostics' in project 'swift-syntax'
        ➜ Explicit dependency on target 'SwiftSyntaxBuilder' in project 'swift-syntax'
        ➜ Explicit dependency on target 'SwiftIfConfig' in project 'swift-syntax'
        ➜ Explicit dependency on target 'SwiftSyntaxMacros' in project 'swift-syntax'
        ➜ Explicit dependency on target 'SwiftSyntaxMacroExpansion' in project 'swift-syntax'
        ➜ Explicit dependency on target 'SwiftCompilerPluginMessageHandling' in project 'swift-syntax'
    Target 'SwiftCompilerPluginMessageHandling' in project 'swift-syntax'
        ➜ Explicit dependency on target '_SwiftSyntaxCShims' in project 'swift-syntax'
        ➜ Explicit dependency on target 'SwiftSyntax509' in project 'swift-syntax'
        ➜ Explicit dependency on target 'SwiftSyntax510' in project 'swift-syntax'
        ➜ Explicit dependency on target 'SwiftSyntax600' in project 'swift-syntax'
        ➜ Explicit dependency on target 'SwiftSyntax601' in project 'swift-syntax'
        ➜ Explicit dependency on target 'SwiftSyntax602' in project 'swift-syntax'
        ➜ Explicit dependency on target 'SwiftSyntax603' in project 'swift-syntax'
        ➜ Explicit dependency on target 'SwiftSyntax604' in project 'swift-syntax'
        ➜ Explicit dependency on target 'SwiftSyntax' in project 'swift-syntax'
        ➜ Explicit dependency on target 'SwiftDiagnostics' in project 'swift-syntax'
        ➜ Explicit dependency on target 'SwiftParser' in project 'swift-syntax'
        ➜ Explicit dependency on target 'SwiftOperators' in project 'swift-syntax'
        ➜ Explicit dependency on target 'SwiftBasicFormat' in project 'swift-syntax'
        ➜ Explicit dependency on target 'SwiftParserDiagnostics' in project 'swift-syntax'
        ➜ Explicit dependency on target 'SwiftSyntaxBuilder' in project 'swift-syntax'
        ➜ Explicit dependency on target 'SwiftIfConfig' in project 'swift-syntax'
        ➜ Explicit dependency on target 'SwiftSyntaxMacros' in project 'swift-syntax'
        ➜ Explicit dependency on target 'SwiftSyntaxMacroExpansion' in project 'swift-syntax'
    Target 'SwiftSyntaxMacroExpansion' in project 'swift-syntax'
        ➜ Explicit dependency on target '_SwiftSyntaxCShims' in project 'swift-syntax'
        ➜ Explicit dependency on target 'SwiftSyntax509' in project 'swift-syntax'
        ➜ Explicit dependency on target 'SwiftSyntax510' in project 'swift-syntax'
        ➜ Explicit dependency on target 'SwiftSyntax600' in project 'swift-syntax'
        ➜ Explicit dependency on target 'SwiftSyntax601' in project 'swift-syntax'
        ➜ Explicit dependency on target 'SwiftSyntax602' in project 'swift-syntax'
        ➜ Explicit dependency on target 'SwiftSyntax603' in project 'swift-syntax'
        ➜ Explicit dependency on target 'SwiftSyntax604' in project 'swift-syntax'
        ➜ Explicit dependency on target 'SwiftSyntax' in project 'swift-syntax'
        ➜ Explicit dependency on target 'SwiftBasicFormat' in project 'swift-syntax'
        ➜ Explicit dependency on target 'SwiftParser' in project 'swift-syntax'
        ➜ Explicit dependency on target 'SwiftDiagnostics' in project 'swift-syntax'
        ➜ Explicit dependency on target 'SwiftParserDiagnostics' in project 'swift-syntax'
        ➜ Explicit dependency on target 'SwiftSyntaxBuilder' in project 'swift-syntax'
        ➜ Explicit dependency on target 'SwiftOperators' in project 'swift-syntax'
        ➜ Explicit dependency on target 'SwiftIfConfig' in project 'swift-syntax'
        ➜ Explicit dependency on target 'SwiftSyntaxMacros' in project 'swift-syntax'
    Target 'SwiftSyntaxMacros-product' in project 'swift-syntax'
        ➜ Explicit dependency on target 'SwiftSyntaxMacros' in project 'swift-syntax'
        ➜ Explicit dependency on target '_SwiftSyntaxCShims' in project 'swift-syntax'
        ➜ Explicit dependency on target 'SwiftSyntax509' in project 'swift-syntax'
        ➜ Explicit dependency on target 'SwiftSyntax510' in project 'swift-syntax'
        ➜ Explicit dependency on target 'SwiftSyntax600' in project 'swift-syntax'
        ➜ Explicit dependency on target 'SwiftSyntax601' in project 'swift-syntax'
        ➜ Explicit dependency on target 'SwiftSyntax602' in project 'swift-syntax'
        ➜ Explicit dependency on target 'SwiftSyntax603' in project 'swift-syntax'
        ➜ Explicit dependency on target 'SwiftSyntax604' in project 'swift-syntax'
        ➜ Explicit dependency on target 'SwiftSyntax' in project 'swift-syntax'
        ➜ Explicit dependency on target 'SwiftDiagnostics' in project 'swift-syntax'
        ➜ Explicit dependency on target 'SwiftBasicFormat' in project 'swift-syntax'
        ➜ Explicit dependency on target 'SwiftParser' in project 'swift-syntax'
        ➜ Explicit dependency on target 'SwiftParserDiagnostics' in project 'swift-syntax'
        ➜ Explicit dependency on target 'SwiftSyntaxBuilder' in project 'swift-syntax'
        ➜ Explicit dependency on target 'SwiftOperators' in project 'swift-syntax'
        ➜ Explicit dependency on target 'SwiftIfConfig' in project 'swift-syntax'
    Target 'SwiftSyntaxMacros' in project 'swift-syntax'
        ➜ Explicit dependency on target '_SwiftSyntaxCShims' in project 'swift-syntax'
        ➜ Explicit dependency on target 'SwiftSyntax509' in project 'swift-syntax'
        ➜ Explicit dependency on target 'SwiftSyntax510' in project 'swift-syntax'
        ➜ Explicit dependency on target 'SwiftSyntax600' in project 'swift-syntax'
        ➜ Explicit dependency on target 'SwiftSyntax601' in project 'swift-syntax'
        ➜ Explicit dependency on target 'SwiftSyntax602' in project 'swift-syntax'
        ➜ Explicit dependency on target 'SwiftSyntax603' in project 'swift-syntax'
        ➜ Explicit dependency on target 'SwiftSyntax604' in project 'swift-syntax'
        ➜ Explicit dependency on target 'SwiftSyntax' in project 'swift-syntax'
        ➜ Explicit dependency on target 'SwiftDiagnostics' in project 'swift-syntax'
        ➜ Explicit dependency on target 'SwiftBasicFormat' in project 'swift-syntax'
        ➜ Explicit dependency on target 'SwiftParser' in project 'swift-syntax'
        ➜ Explicit dependency on target 'SwiftParserDiagnostics' in project 'swift-syntax'
        ➜ Explicit dependency on target 'SwiftSyntaxBuilder' in project 'swift-syntax'
        ➜ Explicit dependency on target 'SwiftOperators' in project 'swift-syntax'
        ➜ Explicit dependency on target 'SwiftIfConfig' in project 'swift-syntax'
    Target 'SwiftIfConfig' in project 'swift-syntax'
        ➜ Explicit dependency on target '_SwiftSyntaxCShims' in project 'swift-syntax'
        ➜ Explicit dependency on target 'SwiftSyntax509' in project 'swift-syntax'
        ➜ Explicit dependency on target 'SwiftSyntax510' in project 'swift-syntax'
        ➜ Explicit dependency on target 'SwiftSyntax600' in project 'swift-syntax'
        ➜ Explicit dependency on target 'SwiftSyntax601' in project 'swift-syntax'
        ➜ Explicit dependency on target 'SwiftSyntax602' in project 'swift-syntax'
        ➜ Explicit dependency on target 'SwiftSyntax603' in project 'swift-syntax'
        ➜ Explicit dependency on target 'SwiftSyntax604' in project 'swift-syntax'
        ➜ Explicit dependency on target 'SwiftSyntax' in project 'swift-syntax'
        ➜ Explicit dependency on target 'SwiftBasicFormat' in project 'swift-syntax'
        ➜ Explicit dependency on target 'SwiftParser' in project 'swift-syntax'
        ➜ Explicit dependency on target 'SwiftDiagnostics' in project 'swift-syntax'
        ➜ Explicit dependency on target 'SwiftParserDiagnostics' in project 'swift-syntax'
        ➜ Explicit dependency on target 'SwiftSyntaxBuilder' in project 'swift-syntax'
        ➜ Explicit dependency on target 'SwiftOperators' in project 'swift-syntax'
    Target 'SwiftOperators' in project 'swift-syntax'
        ➜ Explicit dependency on target '_SwiftSyntaxCShims' in project 'swift-syntax'
        ➜ Explicit dependency on target 'SwiftSyntax509' in project 'swift-syntax'
        ➜ Explicit dependency on target 'SwiftSyntax510' in project 'swift-syntax'
        ➜ Explicit dependency on target 'SwiftSyntax600' in project 'swift-syntax'
        ➜ Explicit dependency on target 'SwiftSyntax601' in project 'swift-syntax'
        ➜ Explicit dependency on target 'SwiftSyntax602' in project 'swift-syntax'
        ➜ Explicit dependency on target 'SwiftSyntax603' in project 'swift-syntax'
        ➜ Explicit dependency on target 'SwiftSyntax604' in project 'swift-syntax'
        ➜ Explicit dependency on target 'SwiftSyntax' in project 'swift-syntax'
        ➜ Explicit dependency on target 'SwiftDiagnostics' in project 'swift-syntax'
        ➜ Explicit dependency on target 'SwiftParser' in project 'swift-syntax'
    Target 'SwiftSyntaxBuilder' in project 'swift-syntax'
        ➜ Explicit dependency on target '_SwiftSyntaxCShims' in project 'swift-syntax'
        ➜ Explicit dependency on target 'SwiftSyntax509' in project 'swift-syntax'
        ➜ Explicit dependency on target 'SwiftSyntax510' in project 'swift-syntax'
        ➜ Explicit dependency on target 'SwiftSyntax600' in project 'swift-syntax'
        ➜ Explicit dependency on target 'SwiftSyntax601' in project 'swift-syntax'
        ➜ Explicit dependency on target 'SwiftSyntax602' in project 'swift-syntax'
        ➜ Explicit dependency on target 'SwiftSyntax603' in project 'swift-syntax'
        ➜ Explicit dependency on target 'SwiftSyntax604' in project 'swift-syntax'
        ➜ Explicit dependency on target 'SwiftSyntax' in project 'swift-syntax'
        ➜ Explicit dependency on target 'SwiftBasicFormat' in project 'swift-syntax'
        ➜ Explicit dependency on target 'SwiftParser' in project 'swift-syntax'
        ➜ Explicit dependency on target 'SwiftDiagnostics' in project 'swift-syntax'
        ➜ Explicit dependency on target 'SwiftParserDiagnostics' in project 'swift-syntax'
    Target 'SwiftParserDiagnostics' in project 'swift-syntax'
        ➜ Explicit dependency on target '_SwiftSyntaxCShims' in project 'swift-syntax'
        ➜ Explicit dependency on target 'SwiftSyntax509' in project 'swift-syntax'
        ➜ Explicit dependency on target 'SwiftSyntax510' in project 'swift-syntax'
        ➜ Explicit dependency on target 'SwiftSyntax600' in project 'swift-syntax'
        ➜ Explicit dependency on target 'SwiftSyntax601' in project 'swift-syntax'
        ➜ Explicit dependency on target 'SwiftSyntax602' in project 'swift-syntax'
        ➜ Explicit dependency on target 'SwiftSyntax603' in project 'swift-syntax'
        ➜ Explicit dependency on target 'SwiftSyntax604' in project 'swift-syntax'
        ➜ Explicit dependency on target 'SwiftSyntax' in project 'swift-syntax'
        ➜ Explicit dependency on target 'SwiftBasicFormat' in project 'swift-syntax'
        ➜ Explicit dependency on target 'SwiftDiagnostics' in project 'swift-syntax'
        ➜ Explicit dependency on target 'SwiftParser' in project 'swift-syntax'
    Target 'SwiftParser' in project 'swift-syntax'
        ➜ Explicit dependency on target '_SwiftSyntaxCShims' in project 'swift-syntax'
        ➜ Explicit dependency on target 'SwiftSyntax509' in project 'swift-syntax'
        ➜ Explicit dependency on target 'SwiftSyntax510' in project 'swift-syntax'
        ➜ Explicit dependency on target 'SwiftSyntax600' in project 'swift-syntax'
        ➜ Explicit dependency on target 'SwiftSyntax601' in project 'swift-syntax'
        ➜ Explicit dependency on target 'SwiftSyntax602' in project 'swift-syntax'
        ➜ Explicit dependency on target 'SwiftSyntax603' in project 'swift-syntax'
        ➜ Explicit dependency on target 'SwiftSyntax604' in project 'swift-syntax'
        ➜ Explicit dependency on target 'SwiftSyntax' in project 'swift-syntax'
    Target 'SwiftBasicFormat' in project 'swift-syntax'
        ➜ Explicit dependency on target '_SwiftSyntaxCShims' in project 'swift-syntax'
        ➜ Explicit dependency on target 'SwiftSyntax509' in project 'swift-syntax'
        ➜ Explicit dependency on target 'SwiftSyntax510' in project 'swift-syntax'
        ➜ Explicit dependency on target 'SwiftSyntax600' in project 'swift-syntax'
        ➜ Explicit dependency on target 'SwiftSyntax601' in project 'swift-syntax'
        ➜ Explicit dependency on target 'SwiftSyntax602' in project 'swift-syntax'
        ➜ Explicit dependency on target 'SwiftSyntax603' in project 'swift-syntax'
        ➜ Explicit dependency on target 'SwiftSyntax604' in project 'swift-syntax'
        ➜ Explicit dependency on target 'SwiftSyntax' in project 'swift-syntax'
    Target 'SwiftDiagnostics' in project 'swift-syntax'
        ➜ Explicit dependency on target '_SwiftSyntaxCShims' in project 'swift-syntax'
        ➜ Explicit dependency on target 'SwiftSyntax509' in project 'swift-syntax'
        ➜ Explicit dependency on target 'SwiftSyntax510' in project 'swift-syntax'
        ➜ Explicit dependency on target 'SwiftSyntax600' in project 'swift-syntax'
        ➜ Explicit dependency on target 'SwiftSyntax601' in project 'swift-syntax'
        ➜ Explicit dependency on target 'SwiftSyntax602' in project 'swift-syntax'
        ➜ Explicit dependency on target 'SwiftSyntax603' in project 'swift-syntax'
        ➜ Explicit dependency on target 'SwiftSyntax604' in project 'swift-syntax'
        ➜ Explicit dependency on target 'SwiftSyntax' in project 'swift-syntax'
    Target 'SwiftSyntax' in project 'swift-syntax'
        ➜ Explicit dependency on target '_SwiftSyntaxCShims' in project 'swift-syntax'
        ➜ Explicit dependency on target 'SwiftSyntax509' in project 'swift-syntax'
        ➜ Explicit dependency on target 'SwiftSyntax510' in project 'swift-syntax'
        ➜ Explicit dependency on target 'SwiftSyntax600' in project 'swift-syntax'
        ➜ Explicit dependency on target 'SwiftSyntax601' in project 'swift-syntax'
        ➜ Explicit dependency on target 'SwiftSyntax602' in project 'swift-syntax'
        ➜ Explicit dependency on target 'SwiftSyntax603' in project 'swift-syntax'
        ➜ Explicit dependency on target 'SwiftSyntax604' in project 'swift-syntax'
    Target 'SwiftSyntax604' in project 'swift-syntax' (no dependencies)
    Target 'SwiftSyntax603' in project 'swift-syntax' (no dependencies)
    Target 'SwiftSyntax602' in project 'swift-syntax' (no dependencies)
    Target 'SwiftSyntax601' in project 'swift-syntax' (no dependencies)
    Target 'SwiftSyntax600' in project 'swift-syntax' (no dependencies)
    Target 'SwiftSyntax510' in project 'swift-syntax' (no dependencies)
    Target 'SwiftSyntax509' in project 'swift-syntax' (no dependencies)
    Target '_SwiftSyntaxCShims' in project 'swift-syntax' (no dependencies)
    Target 'CasePathsCore' in project 'swift-case-paths'
        ➜ Explicit dependency on target 'IssueReporting-product' in project 'swift-issue-reporting'
    Target 'IssueReporting-product' in project 'swift-issue-reporting'
        ➜ Explicit dependency on target 'IssueReporting' in project 'swift-issue-reporting'
    Target 'IssueReporting' in project 'swift-issue-reporting' (no dependencies)
GatherProvisioningInputs
CreateBuildDescription
ClangStatCache /Applications/Xcode-27.0.0-Release.Candidate.app/Contents/Developer/Toolchains/XcodeDefault.xctoolchain/usr/bin/clang-stat-cache /Applications/Xcode-27.0.0-Release.Candidate.app/Contents/Developer/Platforms/XROS.platform/Developer/SDKs/XROS27.0.sdk /Users/admin/builder/spi-builder-workspace/.derivedData/SDKStatCaches.noindex/xros27.0-24M361-e829b21a6f8c9b70876ba0858053c044735bd543db762f57723cac368afd1ce4.sdkstatcache
    cd /Users/admin/builder/spi-builder-workspace/.swiftpm/xcode
    /Applications/Xcode-27.0.0-Release.Candidate.app/Contents/Developer/Toolchains/XcodeDefault.xctoolchain/usr/bin/clang-stat-cache /Applications/Xcode-27.0.0-Release.Candidate.app/Contents/Developer/Platforms/XROS.platform/Developer/SDKs/XROS27.0.sdk -o /Users/admin/builder/spi-builder-workspace/.derivedData/SDKStatCaches.noindex/xros27.0-24M361-e829b21a6f8c9b70876ba0858053c044735bd543db762f57723cac368afd1ce4.sdkstatcache
ClangStatCache /Applications/Xcode-27.0.0-Release.Candidate.app/Contents/Developer/Toolchains/XcodeDefault.xctoolchain/usr/bin/clang-stat-cache /Applications/Xcode-27.0.0-Release.Candidate.app/Contents/Developer/Platforms/MacOSX.platform/Developer/SDKs/MacOSX27.0.sdk /Users/admin/builder/spi-builder-workspace/.derivedData/SDKStatCaches.noindex/macosx27.0-26A425-e829b21a6f8c9b70876ba0858053c0446a22442a12e9d48fe1a705f55a1adfc4.sdkstatcache
    cd /Users/admin/builder/spi-builder-workspace/.swiftpm/xcode
    /Applications/Xcode-27.0.0-Release.Candidate.app/Contents/Developer/Toolchains/XcodeDefault.xctoolchain/usr/bin/clang-stat-cache /Applications/Xcode-27.0.0-Release.Candidate.app/Contents/Developer/Platforms/MacOSX.platform/Developer/SDKs/MacOSX27.0.sdk -o /Users/admin/builder/spi-builder-workspace/.derivedData/SDKStatCaches.noindex/macosx27.0-26A425-e829b21a6f8c9b70876ba0858053c0446a22442a12e9d48fe1a705f55a1adfc4.sdkstatcache
SwiftDriver XMLParser normal arm64 com.apple.xcode.tools.swift.compiler (in target 'XMLParser' from project 'swift-xml-parser')
    cd /Users/admin/builder/spi-builder-workspace/.swiftpm/xcode
    builtin-SwiftDriver -- /Applications/Xcode-27.0.0-Release.Candidate.app/Contents/Developer/Toolchains/XcodeDefault.xctoolchain/usr/bin/swiftc -parse-as-library -module-name XMLParser -Onone @/Users/admin/builder/spi-builder-workspace/.derivedData/Build/Intermediates.noindex/swift-xml-parser.build/Debug-xros/XMLParser-t.build/Objects-normal/arm64/XMLParser.SwiftFileList -DSWIFT_PACKAGE -DDEBUG -DSWIFT_MODULE_RESOURCE_BUNDLE_UNAVAILABLE -DXcode -plugin-path /Applications/Xcode-27.0.0-Release.Candidate.app/Contents/Developer/Toolchains/XcodeDefault.xctoolchain/usr/lib/swift/host/plugins/testing -enable-experimental-feature DebugDescriptionMacro -sdk /Applications/Xcode-27.0.0-Release.Candidate.app/Contents/Developer/Platforms/XROS.platform/Developer/SDKs/XROS27.0.sdk -target arm64-apple-xros1.0 -g -module-cache-path /Users/admin/builder/spi-builder-workspace/.derivedData/ModuleCache.noindex -Xfrontend -serialize-debugging-options -profile-coverage-mapping -profile-generate -enable-testing -index-store-path /Users/admin/builder/spi-builder-workspace/.derivedData/Index.noindex/DataStore -Xcc -D_LIBCPP_HARDENING_MODE\=_LIBCPP_HARDENING_MODE_DEBUG -swift-version 5 -I /Users/admin/builder/spi-builder-workspace/.derivedData/Build/Products/Debug-xros -Isystem /Applications/Xcode-27.0.0-Release.Candidate.app/Contents/Developer/Platforms/XROS.platform/Developer/usr/lib -F /Users/admin/builder/spi-builder-workspace/.derivedData/Build/Products/Debug-xros/PackageFrameworks -F /Users/admin/builder/spi-builder-workspace/.derivedData/Build/Products/Debug-xros -F /Applications/Xcode-27.0.0-Release.Candidate.app/Contents/Developer/Platforms/XROS.platform/Developer/Library/Frameworks -F /Applications/Xcode-27.0.0-Release.Candidate.app/Contents/Developer/Platforms/XROS.platform/Developer/SDKs/XROS27.0.sdk/Developer/Library/Frameworks -Xfrontend -load-plugin-executable -Xfrontend /Users/admin/builder/spi-builder-workspace/.derivedData/Build/Products/Debug/CasePathsMacros\#CasePathsMacros -c -j10 -enable-batch-mode -incremental -Xcc -ivfsstatcache -Xcc /Users/admin/builder/spi-builder-workspace/.derivedData/SDKStatCaches.noindex/xros27.0-24M361-e829b21a6f8c9b70876ba0858053c044735bd543db762f57723cac368afd1ce4.sdkstatcache -output-file-map /Users/admin/builder/spi-builder-workspace/.derivedData/Build/Intermediates.noindex/swift-xml-parser.build/Debug-xros/XMLParser-t.build/Objects-normal/arm64/XMLParser-OutputFileMap.json -save-temps -no-color-diagnostics -explicit-module-build -module-cache-path /Users/admin/builder/spi-builder-workspace/.derivedData/Build/Intermediates.noindex/SwiftExplicitPrecompiledModules -clang-scanner-module-cache-path /Users/admin/builder/spi-builder-workspace/.derivedData/ModuleCache.noindex -sdk-module-cache-path /Users/admin/builder/spi-builder-workspace/.derivedData/SDKExplicitPrecompiledModules -emit-dependencies -emit-module -emit-module-path /Users/admin/builder/spi-builder-workspace/.derivedData/Build/Intermediates.noindex/swift-xml-parser.build/Debug-xros/XMLParser-t.build/Objects-normal/arm64/XMLParser.swiftmodule -serialize-diagnostics -dependency-scan-serialize-diagnostics-path /Users/admin/builder/spi-builder-workspace/.derivedData/Build/Intermediates.noindex/swift-xml-parser.build/Debug-xros/XMLParser-t.build/Objects-normal/arm64/XMLParser-dependency-scan.dia -validate-clang-modules-once -clang-build-session-file /Users/admin/builder/spi-builder-workspace/.derivedData/ModuleCache.noindex/Session.modulevalidation -Xcc -fmodules-prune-interval\=86400 -Xcc -fmodules-prune-after\=345600 -emit-const-values -const-gather-protocols-list /Users/admin/builder/spi-builder-workspace/.derivedData/Build/Intermediates.noindex/swift-xml-parser.build/Debug-xros/XMLParser-t.build/Objects-normal/arm64/XMLParser_const_extract_protocols.json -Xcc -I/Users/admin/builder/spi-builder-workspace/.derivedData/Build/Products/Debug-xros/include -Xcc -I/Users/admin/builder/spi-builder-workspace/.derivedData/Build/Intermediates.noindex/swift-xml-parser.build/Debug-xros/XMLParser-t.build/DerivedSources-normal/arm64 -Xcc -I/Users/admin/builder/spi-builder-workspace/.derivedData/Build/Intermediates.noindex/swift-xml-parser.build/Debug-xros/XMLParser-t.build/DerivedSources/arm64 -Xcc -I/Users/admin/builder/spi-builder-workspace/.derivedData/Build/Intermediates.noindex/swift-xml-parser.build/Debug-xros/XMLParser-t.build/DerivedSources -Xcc -DSWIFT_PACKAGE -Xcc -DDEBUG\=1 -emit-objc-header -emit-objc-header-path /Users/admin/builder/spi-builder-workspace/.derivedData/Build/Intermediates.noindex/swift-xml-parser.build/Debug-xros/XMLParser-t.build/Objects-normal/arm64/XMLParser-Swift.h -working-directory /Users/admin/builder/spi-builder-workspace/.swiftpm/xcode -experimental-emit-module-separately -disable-cmo
SwiftCompile normal arm64 Compiling\ XMLParser.swift /Users/admin/builder/spi-builder-workspace/Sources/XMLParser/XMLParser.swift (in target 'XMLParser' from project 'swift-xml-parser')
SwiftCompile normal arm64 (in target 'XMLParser' from project 'swift-xml-parser')
    cd /Users/admin/builder/spi-builder-workspace/.swiftpm/xcode

/Users/admin/builder/spi-builder-workspace/Sources/XMLParser/XMLParser.swift:23:5: error: generic type 'From' specialized with too few type parameters (got 2, but expected 3)
 21 |
 22 | let tagNameParser = ParsePrint {
 23 |     From<Conversions.UTF8ViewToSubstring, Prefix<Substring>>(.substring) {
    |     `- error: generic type 'From' specialized with too few type parameters (got 2, but expected 3)
 24 |         Prefix { $0.isLetter }
 25 |     }.map(.string)
Parsing.From:1:15: note: generic struct 'From' declared here
1 | public struct From<Upstream, DownstreamInput, Downstream> : Parsing.Parser where Upstream : Parsing.Conversion, DownstreamInput == Upstream.Output, Downstream : Parsing.Parser, Upstream.Output == Downstream.Input {
  |               `- note: generic struct 'From' declared here
2 |     @inlinable public init(_ conversion: Upstream, @Parsing.ParserBuilder<DownstreamInput> _ parser: () -> Downstream)
3 |     @inlinable public func parse(_ input: inout Upstream.Input) rethrows -> Downstream.Output
/Users/admin/builder/spi-builder-workspace/Sources/XMLParser/XMLParser.swift:22:21: error: generic parameter 'Input' could not be inferred
 20 | }.map(Conversions.TuplesToDictionary())
 21 |
 22 | let tagNameParser = ParsePrint {
    |                     |- error: generic parameter 'Input' could not be inferred
    |                     `- note: explicitly specify the generic arguments to fix this issue
 23 |     From<Conversions.UTF8ViewToSubstring, Prefix<Substring>>(.substring) {
 24 |         Prefix { $0.isLetter }
/Users/admin/builder/spi-builder-workspace/Sources/XMLParser/XMLParser.swift:56:45: warning: '/' is deprecated: Use a 'CasePathable' case key path, instead [#DeprecatedDeclaration]
 54 | let commentParser = ParsePrint {
 55 |     "<!--".utf8
 56 |     PrefixUpTo("-->".utf8).map(.string).map(/XML.Node.comment)
    |                                             `- warning: '/' is deprecated: Use a 'CasePathable' case key path, instead [#DeprecatedDeclaration]
 57 |     "-->".utf8
 58 | }
/Users/admin/builder/spi-builder-workspace/Sources/XMLParser/XMLParser.swift:66:7: error: ambiguous use of 'string'
 64 |     }
 65 | }
 66 | .map(.string).map(/XML.Node.text)
    |       `- error: ambiguous use of 'string'
 67 |
 68 | let xmlPrologParser = ParsePrint {
Parsing.Conversion.string:2:30: note: found this candidate in module 'Parsing'
1 | protocol Conversion {
2 | @inlinable public static var string: Parsing.Conversions.SubstringToString { get }}
  |                              `- note: found this candidate in module 'Parsing'
3 |
Parsing.Conversion.string:2:30: note: found this candidate in module 'Parsing'
1 | protocol Conversion {
2 | @inlinable public static var string: Parsing.Conversions.BytesToString<Substring.UTF8View> { get }}
  |                              `- note: found this candidate in module 'Parsing'
3 |
SwiftEmitModule normal arm64 Emitting\ module\ for\ XMLParser (in target 'XMLParser' from project 'swift-xml-parser')
/Users/admin/builder/spi-builder-workspace/Sources/XMLParser/XML.swift:38:83: warning: initializer 'init(dictionaryLiteral:)' cannot be used in a default argument value because 'OrderedCollections' was not imported by this file; this is an error in the Swift 6 language mode
36 |         ///   - attributes: the attributes of the xml tag
37 |         ///   - content: the content of the xml tag
38 |         public init(name: String, attributes: OrderedDictionary<String, String> = [:], content: [Node] = []) {
   |                                                                                   |- warning: initializer 'init(dictionaryLiteral:)' cannot be used in a default argument value because 'OrderedCollections' was not imported by this file; this is an error in the Swift 6 language mode
   |                                                                                   `- note: The missing import of module 'OrderedCollections' will be added implicitly
39 |             self.name = name
40 |             self.attributes = attributes
/Users/admin/builder/spi-builder-workspace/Sources/XMLParser/XMLParser.swift:23:5: error: generic type 'From' specialized with too few type parameters (got 2, but expected 3)
 21 |
 22 | let tagNameParser = ParsePrint {
 23 |     From<Conversions.UTF8ViewToSubstring, Prefix<Substring>>(.substring) {
    |     `- error: generic type 'From' specialized with too few type parameters (got 2, but expected 3)
 24 |         Prefix { $0.isLetter }
 25 |     }.map(.string)
Parsing.From:1:15: note: generic struct 'From' declared here
1 | public struct From<Upstream, DownstreamInput, Downstream> : Parsing.Parser where Upstream : Parsing.Conversion, DownstreamInput == Upstream.Output, Downstream : Parsing.Parser, Upstream.Output == Downstream.Input {
  |               `- note: generic struct 'From' declared here
2 |     @inlinable public init(_ conversion: Upstream, @Parsing.ParserBuilder<DownstreamInput> _ parser: () -> Downstream)
3 |     @inlinable public func parse(_ input: inout Upstream.Input) rethrows -> Downstream.Output
/Users/admin/builder/spi-builder-workspace/Sources/XMLParser/XMLParser.swift:22:21: error: generic parameter 'Input' could not be inferred
 20 | }.map(Conversions.TuplesToDictionary())
 21 |
 22 | let tagNameParser = ParsePrint {
    |                     |- error: generic parameter 'Input' could not be inferred
    |                     `- note: explicitly specify the generic arguments to fix this issue
 23 |     From<Conversions.UTF8ViewToSubstring, Prefix<Substring>>(.substring) {
 24 |         Prefix { $0.isLetter }
/Users/admin/builder/spi-builder-workspace/Sources/XMLParser/XMLParser.swift:56:45: warning: '/' is deprecated: Use a 'CasePathable' case key path, instead [#DeprecatedDeclaration]
 54 | let commentParser = ParsePrint {
 55 |     "<!--".utf8
 56 |     PrefixUpTo("-->".utf8).map(.string).map(/XML.Node.comment)
    |                                             `- warning: '/' is deprecated: Use a 'CasePathable' case key path, instead [#DeprecatedDeclaration]
 57 |     "-->".utf8
 58 | }
/Users/admin/builder/spi-builder-workspace/Sources/XMLParser/XMLParser.swift:66:7: error: ambiguous use of 'string'
 64 |     }
 65 | }
 66 | .map(.string).map(/XML.Node.text)
    |       `- error: ambiguous use of 'string'
 67 |
 68 | let xmlPrologParser = ParsePrint {
Parsing.Conversion.string:2:30: note: found this candidate in module 'Parsing'
1 | protocol Conversion {
2 | @inlinable public static var string: Parsing.Conversions.SubstringToString { get }}
  |                              `- note: found this candidate in module 'Parsing'
3 |
Parsing.Conversion.string:2:30: note: found this candidate in module 'Parsing'
1 | protocol Conversion {
2 | @inlinable public static var string: Parsing.Conversions.BytesToString<Substring.UTF8View> { get }}
  |                              `- note: found this candidate in module 'Parsing'
3 |
/Users/admin/builder/spi-builder-workspace/Sources/XMLParser/XMLParser.swift:103:15: error: contextual closure type '(_.Output) -> Bool' expects 1 argument, but 3 were used in closure body
101 |         ">".utf8
102 |     }
103 |     .filter { tagHead, _, closingTag in tagHead.0 == closingTag }
    |               `- error: contextual closure type '(_.Output) -> Bool' expects 1 argument, but 3 were used in closure body
104 |     .map(Conversions.UnpackXMLElementTuple())
105 |     .map(.memberwise(XML.Element.init))
[#DeprecatedDeclaration]: <https://docs.swift.org/compiler/documentation/diagnostics/deprecated-declaration>
Failed frontend command:
/Applications/Xcode-27.0.0-Release.Candidate.app/Contents/Developer/Toolchains/XcodeDefault.xctoolchain/usr/bin/swift-frontend -frontend -emit-module -experimental-skip-non-inlinable-function-bodies-without-types /Users/admin/builder/spi-builder-workspace/Sources/XMLParser/Conversions.swift /Users/admin/builder/spi-builder-workspace/Sources/XMLParser/XML.swift /Users/admin/builder/spi-builder-workspace/Sources/XMLParser/XMLParser.swift -target arm64-apple-xros1.0 -disable-cross-import-overlay-search -load-resolved-plugin \#/Users/admin/builder/spi-builder-workspace/.derivedData/Build/Products/Debug/CasePathsMacros\#CasePathsMacros -load-resolved-plugin /Applications/Xcode-27.0.0-Release.Candidate.app/Contents/Developer/Platforms/XROS.platform/Developer/usr/lib/swift/host/plugins/libFoundationMacros.dylib\#/Applications/Xcode-27.0.0-Release.Candidate.app/Contents/Developer/Platforms/XROS.platform/Developer/usr/bin/swift-plugin-server\#FoundationMacros -load-resolved-plugin /Applications/Xcode-27.0.0-Release.Candidate.app/Contents/Developer/Platforms/XROS.platform/Developer/usr/lib/swift/host/plugins/libObservationMacros.dylib\#/Applications/Xcode-27.0.0-Release.Candidate.app/Contents/Developer/Platforms/XROS.platform/Developer/usr/bin/swift-plugin-server\#ObservationMacros -load-resolved-plugin /Applications/Xcode-27.0.0-Release.Candidate.app/Contents/Developer/Platforms/XROS.platform/Developer/usr/lib/swift/host/plugins/libSwiftMacros.dylib\#/Applications/Xcode-27.0.0-Release.Candidate.app/Contents/Developer/Platforms/XROS.platform/Developer/usr/bin/swift-plugin-server\#SwiftMacros -disable-implicit-swift-modules -Xcc -fno-implicit-modules -Xcc -fno-implicit-module-maps -explicit-swift-module-map-file /Users/admin/builder/spi-builder-workspace/.derivedData/Build/Intermediates.noindex/swift-xml-parser.build/Debug-xros/XMLParser-t.build/Objects-normal/arm64/XMLParser-dependencies-1.json -Xllvm -aarch64-use-tbi -enable-objc-interop -stack-check -sdk /Applications/Xcode-27.0.0-Release.Candidate.app/Contents/Developer/Platforms/XROS.platform/Developer/SDKs/XROS27.0.sdk -I /Users/admin/builder/spi-builder-workspace/.derivedData/Build/Products/Debug-xros -Isystem /Applications/Xcode-27.0.0-Release.Candidate.app/Contents/Developer/Platforms/XROS.platform/Developer/usr/lib -F /Users/admin/builder/spi-builder-workspace/.derivedData/Build/Products/Debug-xros/PackageFrameworks -F /Users/admin/builder/spi-builder-workspace/.derivedData/Build/Products/Debug-xros -F /Applications/Xcode-27.0.0-Release.Candidate.app/Contents/Developer/Platforms/XROS.platform/Developer/Library/Frameworks -F /Applications/Xcode-27.0.0-Release.Candidate.app/Contents/Developer/Platforms/XROS.platform/Developer/SDKs/XROS27.0.sdk/Developer/Library/Frameworks -module-cache-path /Users/admin/builder/spi-builder-workspace/.derivedData/Build/Intermediates.noindex/SwiftExplicitPrecompiledModules -no-color-diagnostics -Xcc -fno-color-diagnostics -enable-testing -g -debug-info-format\=dwarf -dwarf-version\=4 -profile-generate -profile-coverage-mapping -swift-version 5 -Onone -D SWIFT_PACKAGE -D DEBUG -D SWIFT_MODULE_RESOURCE_BUNDLE_UNAVAILABLE -D Xcode -serialize-debugging-options -load-plugin-executable /Users/admin/builder/spi-builder-workspace/.derivedData/Build/Products/Debug/CasePathsMacros\#CasePathsMacros -enable-experimental-feature DebugDescriptionMacro -empty-abi-descriptor -validate-clang-modules-once -clang-build-session-file /Users/admin/builder/spi-builder-workspace/.derivedData/ModuleCache.noindex/Session.modulevalidation -Xcc -working-directory -Xcc /Users/admin/builder/spi-builder-workspace/.swiftpm/xcode -enable-anonymous-context-mangled-names -file-compilation-dir /Users/admin/builder/spi-builder-workspace/.swiftpm/xcode -Xcc -D_LIBCPP_HARDENING_MODE\=_LIBCPP_HARDENING_MODE_DEBUG -Xcc -ivfsstatcache -Xcc /Users/admin/builder/spi-builder-workspace/.derivedData/SDKStatCaches.noindex/xros27.0-24M361-e829b21a6f8c9b70876ba0858053c044735bd543db762f57723cac368afd1ce4.sdkstatcache -Xcc -fmodules-prune-interval\=86400 -Xcc -fmodules-prune-after\=345600 -Xcc -I/Users/admin/builder/spi-builder-workspace/.derivedData/Build/Products/Debug-xros/include -Xcc -I/Users/admin/builder/spi-builder-workspace/.derivedData/Build/Intermediates.noindex/swift-xml-parser.build/Debug-xros/XMLParser-t.build/DerivedSources-normal/arm64 -Xcc -I/Users/admin/builder/spi-builder-workspace/.derivedData/Build/Intermediates.noindex/swift-xml-parser.build/Debug-xros/XMLParser-t.build/DerivedSources/arm64 -Xcc -I/Users/admin/builder/spi-builder-workspace/.derivedData/Build/Intermediates.noindex/swift-xml-parser.build/Debug-xros/XMLParser-t.build/DerivedSources -Xcc -DSWIFT_PACKAGE -Xcc -DDEBUG\=1 -no-auto-bridging-header-chaining -module-name XMLParser -const-gather-protocols-file /Users/admin/builder/spi-builder-workspace/.derivedData/Build/Intermediates.noindex/swift-xml-parser.build/Debug-xros/XMLParser-t.build/Objects-normal/arm64/XMLParser_const_extract_protocols.json -disable-clang-spi -clang-target arm64-apple-xros27.0 -target-sdk-version 27.0 -target-sdk-name xros27.0 -in-process-plugin-server-path /Applications/Xcode-27.0.0-Release.Candidate.app/Contents/Developer/Toolchains/XcodeDefault.xctoolchain/usr/lib/swift/host/libSwiftInProcPluginServer.dylib -emit-module-doc-path /Users/admin/builder/spi-builder-workspace/.derivedData/Build/Intermediates.noindex/swift-xml-parser.build/Debug-xros/XMLParser-t.build/Objects-normal/arm64/XMLParser.swiftdoc -emit-module-source-info-path /Users/admin/builder/spi-builder-workspace/.derivedData/Build/Intermediates.noindex/swift-xml-parser.build/Debug-xros/XMLParser-t.build/Objects-normal/arm64/XMLParser.swiftsourceinfo -emit-objc-header-path /Users/admin/builder/spi-builder-workspace/.derivedData/Build/Intermediates.noindex/swift-xml-parser.build/Debug-xros/XMLParser-t.build/Objects-normal/arm64/XMLParser-Swift.h -serialize-diagnostics-path /Users/admin/builder/spi-builder-workspace/.derivedData/Build/Intermediates.noindex/swift-xml-parser.build/Debug-xros/XMLParser-t.build/Objects-normal/arm64/XMLParser-primary-emit-module.dia -emit-dependencies-path /Users/admin/builder/spi-builder-workspace/.derivedData/Build/Intermediates.noindex/swift-xml-parser.build/Debug-xros/XMLParser-t.build/Objects-normal/arm64/XMLParser-primary-emit-module.d -parse-as-library -o /Users/admin/builder/spi-builder-workspace/.derivedData/Build/Intermediates.noindex/swift-xml-parser.build/Debug-xros/XMLParser-t.build/Objects-normal/arm64/XMLParser.swiftmodule -emit-abi-descriptor-path /Users/admin/builder/spi-builder-workspace/.derivedData/Build/Intermediates.noindex/swift-xml-parser.build/Debug-xros/XMLParser-t.build/Objects-normal/arm64/XMLParser.abi.json
SwiftCompile normal arm64 (in target 'XMLParser' from project 'swift-xml-parser')
    cd /Users/admin/builder/spi-builder-workspace/.swiftpm/xcode

PruneExplicitPrecompiledModules /Users/admin/builder/spi-builder-workspace/.derivedData/Build/Intermediates.noindex/ExplicitPrecompiledModules
PruneExplicitPrecompiledModules /Users/admin/builder/spi-builder-workspace/.derivedData/Build/Intermediates.noindex/SwiftExplicitPrecompiledModules
PruneExplicitPrecompiledModules /Users/admin/builder/spi-builder-workspace/.derivedData/SDKExplicitPrecompiledModules
2026-09-18 07:55:14.639 xcodebuild[1833:10290] [MT] IDERunDestination: Supported platforms for the buildables in the current scheme is empty.
** BUILD FAILED **
The following build commands failed:
	SwiftEmitModule normal arm64 Emitting\ module\ for\ XMLParser (in target 'XMLParser' from project 'swift-xml-parser')
	SwiftCompile normal arm64 (in target 'XMLParser' from project 'swift-xml-parser')
	Building workspace swift-xml-parser with scheme swift-xml-parser
(3 failures)
BUILD FAILURE 6.4 visionOS