Build Information
Failed to build WWCustomerService, reference 1.0.0 (ee459d), with Swift 6.4 for visionOS using Xcode 27.0 on 23 Sep 2026 09:51:37 UTC.
Build Command
env DEVELOPER_DIR=/Applications/Xcode-27.0.0-Release.Candidate.app xcrun xcodebuild -IDEClonedSourcePackagesDirPathOverride=$PWD/.dependencies -skipMacroValidation -skipPackagePluginValidation -derivedDataPath $PWD/.derivedData build -scheme WWCustomerService -destination generic/platform=xrOSBuild Log
========================================
RunAll
========================================
Builder version: 5.1.0
Interrupt handler set up.
========================================
Checkout
========================================
Clone URL: https://github.com/William-Weng/WWCustomerService.git
Reference: 1.0.0
Initialized empty Git repository in /Users/admin/builder/spi-builder-workspace/.git/
From https://github.com/William-Weng/WWCustomerService
* tag 1.0.0 -> FETCH_HEAD
HEAD is now at ee459dd - v1.0.0
Cloned https://github.com/William-Weng/WWCustomerService.git
Revision (git rev-parse @):
ee459ddf3e47d03f3f00145ce9aef2447dc580d0
SUCCESS checkout https://github.com/William-Weng/WWCustomerService.git at 1.0.0
========================================
Build
========================================
Selected platform: visionOS
Swift version: 6.4
Building package at path: $PWD
https://github.com/William-Weng/WWCustomerService.git
Command line invocation:
/Applications/Xcode-27.0.0-Release.Candidate.app/Contents/Developer/usr/bin/xcodebuild -IDEClonedSourcePackagesDirPathOverride=/Users/admin/builder/spi-builder-workspace/.dependencies -resolvePackageDependencies
Resolve Package Graph
Resolve Package Graph
Resolved source packages:
WWCustomerService: /Users/admin/builder/spi-builder-workspace
resolved source packages: WWCustomerService
2026-09-23 05:50:43.465 xcodebuild[563:3054] [MT] IDERunDestination: Supported platforms for the buildables in the current scheme is empty.
{
"dependencies" : [
],
"manifest_display_name" : "WWCustomerService",
"name" : "WWCustomerService",
"path" : "/Users/admin/builder/spi-builder-workspace",
"platforms" : [
{
"name" : "ios",
"version" : "15.0"
}
],
"products" : [
{
"name" : "WWCustomerService",
"targets" : [
"WWCustomerService"
],
"type" : {
"library" : [
"automatic"
]
}
}
],
"swift_languages_versions" : [
"5"
],
"targets" : [
{
"c99name" : "WWCustomerService",
"module_type" : "SwiftTarget",
"name" : "WWCustomerService",
"path" : "Sources/WWCustomerService",
"product_memberships" : [
"WWCustomerService"
],
"resources" : [
{
"path" : "/Users/admin/builder/spi-builder-workspace/Sources/WWCustomerService/Privacy",
"rule" : {
"copy" : {
}
}
}
],
"sources" : [
"Constant.swift",
"Extension.swift",
"WWCustomerService.swift"
],
"type" : "library"
}
],
"tools_version" : "5.7"
}
{
"workspace" : {
"name" : "WWCustomerService",
"schemes" : [
"WWCustomerService"
]
}
}
2026-09-23 05:51:25.007 xcodebuild[697:4257] [MT] IDERunDestination: Supported platforms for the buildables in the current scheme is empty.
Running build ...
env DEVELOPER_DIR=/Applications/Xcode-27.0.0-Release.Candidate.app xcrun xcodebuild -IDEClonedSourcePackagesDirPathOverride=$PWD/.dependencies -skipMacroValidation -skipPackagePluginValidation -derivedDataPath $PWD/.derivedData build -scheme WWCustomerService -destination generic/platform=xrOS
Command line invocation:
/Applications/Xcode-27.0.0-Release.Candidate.app/Contents/Developer/usr/bin/xcodebuild -IDEClonedSourcePackagesDirPathOverride=/Users/admin/builder/spi-builder-workspace/.dependencies -skipMacroValidation -skipPackagePluginValidation -derivedDataPath /Users/admin/builder/spi-builder-workspace/.derivedData build -scheme WWCustomerService -destination generic/platform=xrOS
Resolve Package Graph
Resolved source packages:
WWCustomerService: /Users/admin/builder/spi-builder-workspace
ComputePackagePrebuildTargetDependencyGraph
Prepare packages
CreateBuildRequest
SendProjectDescription
CreateBuildOperation
ComputeTargetDependencyGraph
note: Building targets in dependency order
note: Target dependency graph (3 targets)
Target 'WWCustomerService-product' in project 'WWCustomerService'
➜ Explicit dependency on target 'WWCustomerService' in project 'WWCustomerService'
➜ Explicit dependency on target 'WWCustomerService_WWCustomerService' in project 'WWCustomerService'
Target 'WWCustomerService' in project 'WWCustomerService'
➜ Explicit dependency on target 'WWCustomerService_WWCustomerService' in project 'WWCustomerService'
Target 'WWCustomerService_WWCustomerService' in project 'WWCustomerService' (no dependencies)
GatherProvisioningInputs
CreateBuildDescription
ExecuteExternalTool /Applications/Xcode-27.0.0-Release.Candidate.app/Contents/Developer/Toolchains/XcodeDefault.xctoolchain/usr/bin/clang -v -E -dM -isysroot /Applications/Xcode-27.0.0-Release.Candidate.app/Contents/Developer/Platforms/XROS.platform/Developer/SDKs/XROS27.0.sdk -x c -c /dev/null
ExecuteExternalTool /Applications/Xcode-27.0.0-Release.Candidate.app/Contents/Developer/Toolchains/XcodeDefault.xctoolchain/usr/bin/swiftc --version
ExecuteExternalTool /Applications/Xcode-27.0.0-Release.Candidate.app/Contents/Developer/Toolchains/XcodeDefault.xctoolchain/usr/bin/ld -version_details
Build description signature: bee3d3bedc87620e970b8c790103f355
Build description path: /Users/admin/builder/spi-builder-workspace/.derivedData/Build/Intermediates.noindex/XCBuildData/bee3d3bedc87620e970b8c790103f355.xcbuilddata
CreateBuildDirectory /Users/admin/builder/spi-builder-workspace/.derivedData/SDKExplicitPrecompiledModules
cd /Users/admin/builder/spi-builder-workspace/.swiftpm/xcode
builtin-create-build-directory /Users/admin/builder/spi-builder-workspace/.derivedData/SDKExplicitPrecompiledModules
CreateBuildDirectory /Users/admin/builder/spi-builder-workspace/.derivedData/ModuleCache.noindex
cd /Users/admin/builder/spi-builder-workspace/.swiftpm/xcode
builtin-create-build-directory /Users/admin/builder/spi-builder-workspace/.derivedData/ModuleCache.noindex
CreateBuildDirectory /Users/admin/builder/spi-builder-workspace/.derivedData/CompilationCache.noindex
cd /Users/admin/builder/spi-builder-workspace/.swiftpm/xcode
builtin-create-build-directory /Users/admin/builder/spi-builder-workspace/.derivedData/CompilationCache.noindex
CreateBuildDirectory /Users/admin/builder/spi-builder-workspace/.derivedData/Build/Intermediates.noindex
cd /Users/admin/builder/spi-builder-workspace/.swiftpm/xcode
builtin-create-build-directory /Users/admin/builder/spi-builder-workspace/.derivedData/Build/Intermediates.noindex
CreateBuildDirectory /Users/admin/builder/spi-builder-workspace/.derivedData/Build/Products
cd /Users/admin/builder/spi-builder-workspace/.swiftpm/xcode
builtin-create-build-directory /Users/admin/builder/spi-builder-workspace/.derivedData/Build/Products
ClangStatCache /Applications/Xcode-27.0.0-Release.Candidate.app/Contents/Developer/Toolchains/XcodeDefault.xctoolchain/usr/bin/clang-stat-cache /Applications/Xcode-27.0.0-Release.Candidate.app/Contents/Developer/Platforms/XROS.platform/Developer/SDKs/XROS27.0.sdk /Users/admin/builder/spi-builder-workspace/.derivedData/SDKStatCaches.noindex/xros27.0-24M361-e829b21a6f8c9b70876ba0858053c044735bd543db762f57723cac368afd1ce4.sdkstatcache
cd /Users/admin/builder/spi-builder-workspace/.swiftpm/xcode
/Applications/Xcode-27.0.0-Release.Candidate.app/Contents/Developer/Toolchains/XcodeDefault.xctoolchain/usr/bin/clang-stat-cache /Applications/Xcode-27.0.0-Release.Candidate.app/Contents/Developer/Platforms/XROS.platform/Developer/SDKs/XROS27.0.sdk -o /Users/admin/builder/spi-builder-workspace/.derivedData/SDKStatCaches.noindex/xros27.0-24M361-e829b21a6f8c9b70876ba0858053c044735bd543db762f57723cac368afd1ce4.sdkstatcache
CreateBuildDirectory /Users/admin/builder/spi-builder-workspace/.derivedData/Build/Intermediates.noindex/SwiftExplicitPrecompiledModules
cd /Users/admin/builder/spi-builder-workspace/.swiftpm/xcode
builtin-create-build-directory /Users/admin/builder/spi-builder-workspace/.derivedData/Build/Intermediates.noindex/SwiftExplicitPrecompiledModules
CreateBuildDirectory /Users/admin/builder/spi-builder-workspace/.derivedData/Build/Intermediates.noindex/PrecompiledHeaders
cd /Users/admin/builder/spi-builder-workspace/.swiftpm/xcode
builtin-create-build-directory /Users/admin/builder/spi-builder-workspace/.derivedData/Build/Intermediates.noindex/PrecompiledHeaders
CreateBuildDirectory /Users/admin/builder/spi-builder-workspace/.derivedData/Build/Intermediates.noindex/ExplicitPrecompiledModules
cd /Users/admin/builder/spi-builder-workspace/.swiftpm/xcode
builtin-create-build-directory /Users/admin/builder/spi-builder-workspace/.derivedData/Build/Intermediates.noindex/ExplicitPrecompiledModules
CreateBuildDirectory /Users/admin/builder/spi-builder-workspace/.derivedData/Build/Products/Debug-xros
cd /Users/admin/builder/spi-builder-workspace/.swiftpm/xcode
builtin-create-build-directory /Users/admin/builder/spi-builder-workspace/.derivedData/Build/Products/Debug-xros
CreateBuildDirectory /Users/admin/builder/spi-builder-workspace/.derivedData/Build/Intermediates.noindex/EagerLinkingTBDs/Debug-xros
cd /Users/admin/builder/spi-builder-workspace/.swiftpm/xcode
builtin-create-build-directory /Users/admin/builder/spi-builder-workspace/.derivedData/Build/Intermediates.noindex/EagerLinkingTBDs/Debug-xros
CreateBuildDirectory /Users/admin/builder/spi-builder-workspace/.derivedData/Build/Products/Debug-xros/PackageFrameworks
cd /Users/admin/builder/spi-builder-workspace/.swiftpm/xcode
builtin-create-build-directory /Users/admin/builder/spi-builder-workspace/.derivedData/Build/Products/Debug-xros/PackageFrameworks
MkDir /Users/admin/builder/spi-builder-workspace/.derivedData/Build/Products/Debug-xros/WWCustomerService_WWCustomerService.bundle (in target 'WWCustomerService_WWCustomerService' from project 'WWCustomerService')
cd /Users/admin/builder/spi-builder-workspace
/bin/mkdir -p /Users/admin/builder/spi-builder-workspace/.derivedData/Build/Products/Debug-xros/WWCustomerService_WWCustomerService.bundle
WriteAuxiliaryFile /Users/admin/builder/spi-builder-workspace/.derivedData/Build/Intermediates.noindex/WWCustomerService.build/Debug-xros/WWCustomerService_WWCustomerService-b.build/WWCustomerService_WWCustomerService.DependencyMetadataFileList (in target 'WWCustomerService_WWCustomerService' from project 'WWCustomerService')
cd /Users/admin/builder/spi-builder-workspace
write-file /Users/admin/builder/spi-builder-workspace/.derivedData/Build/Intermediates.noindex/WWCustomerService.build/Debug-xros/WWCustomerService_WWCustomerService-b.build/WWCustomerService_WWCustomerService.DependencyMetadataFileList
WriteAuxiliaryFile /Users/admin/builder/spi-builder-workspace/.derivedData/Build/Intermediates.noindex/WWCustomerService.build/Debug-xros/WWCustomerService_WWCustomerService-b.build/empty-WWCustomerService_WWCustomerService.plist (in target 'WWCustomerService_WWCustomerService' from project 'WWCustomerService')
cd /Users/admin/builder/spi-builder-workspace
write-file /Users/admin/builder/spi-builder-workspace/.derivedData/Build/Intermediates.noindex/WWCustomerService.build/Debug-xros/WWCustomerService_WWCustomerService-b.build/empty-WWCustomerService_WWCustomerService.plist
WriteAuxiliaryFile /Users/admin/builder/spi-builder-workspace/.derivedData/Build/Intermediates.noindex/WWCustomerService.build/Debug-xros/WWCustomerService_WWCustomerService-b.build/WWCustomerService_WWCustomerService.DependencyStaticMetadataFileList (in target 'WWCustomerService_WWCustomerService' from project 'WWCustomerService')
cd /Users/admin/builder/spi-builder-workspace
write-file /Users/admin/builder/spi-builder-workspace/.derivedData/Build/Intermediates.noindex/WWCustomerService.build/Debug-xros/WWCustomerService_WWCustomerService-b.build/WWCustomerService_WWCustomerService.DependencyStaticMetadataFileList
WriteAuxiliaryFile /Users/admin/builder/spi-builder-workspace/.derivedData/Build/Intermediates.noindex/WWCustomerService.build/Debug-xros/WWCustomerService-t.build/WWCustomerService.modulemap (in target 'WWCustomerService' from project 'WWCustomerService')
cd /Users/admin/builder/spi-builder-workspace
write-file /Users/admin/builder/spi-builder-workspace/.derivedData/Build/Intermediates.noindex/WWCustomerService.build/Debug-xros/WWCustomerService-t.build/WWCustomerService.modulemap
WriteAuxiliaryFile /Users/admin/builder/spi-builder-workspace/.derivedData/Build/Intermediates.noindex/WWCustomerService.build/Debug-xros/WWCustomerService-t.build/WWCustomerService.DependencyStaticMetadataFileList (in target 'WWCustomerService' from project 'WWCustomerService')
cd /Users/admin/builder/spi-builder-workspace
write-file /Users/admin/builder/spi-builder-workspace/.derivedData/Build/Intermediates.noindex/WWCustomerService.build/Debug-xros/WWCustomerService-t.build/WWCustomerService.DependencyStaticMetadataFileList
WriteAuxiliaryFile /Users/admin/builder/spi-builder-workspace/.derivedData/Build/Intermediates.noindex/WWCustomerService.build/Debug-xros/WWCustomerService-t.build/WWCustomerService.DependencyMetadataFileList (in target 'WWCustomerService' from project 'WWCustomerService')
cd /Users/admin/builder/spi-builder-workspace
write-file /Users/admin/builder/spi-builder-workspace/.derivedData/Build/Intermediates.noindex/WWCustomerService.build/Debug-xros/WWCustomerService-t.build/WWCustomerService.DependencyMetadataFileList
WriteAuxiliaryFile /Users/admin/builder/spi-builder-workspace/.derivedData/Build/Intermediates.noindex/WWCustomerService.build/Debug-xros/WWCustomerService-t.build/Objects-normal/arm64/WWCustomerService_const_extract_protocols.json (in target 'WWCustomerService' from project 'WWCustomerService')
cd /Users/admin/builder/spi-builder-workspace
write-file /Users/admin/builder/spi-builder-workspace/.derivedData/Build/Intermediates.noindex/WWCustomerService.build/Debug-xros/WWCustomerService-t.build/Objects-normal/arm64/WWCustomerService_const_extract_protocols.json
WriteAuxiliaryFile /Users/admin/builder/spi-builder-workspace/.derivedData/Build/Intermediates.noindex/WWCustomerService.build/Debug-xros/WWCustomerService-t.build/Objects-normal/arm64/WWCustomerService.SwiftConstValuesFileList (in target 'WWCustomerService' from project 'WWCustomerService')
cd /Users/admin/builder/spi-builder-workspace
write-file /Users/admin/builder/spi-builder-workspace/.derivedData/Build/Intermediates.noindex/WWCustomerService.build/Debug-xros/WWCustomerService-t.build/Objects-normal/arm64/WWCustomerService.SwiftConstValuesFileList
WriteAuxiliaryFile /Users/admin/builder/spi-builder-workspace/.derivedData/Build/Intermediates.noindex/WWCustomerService.build/Debug-xros/WWCustomerService-t.build/Objects-normal/arm64/WWCustomerService.SwiftFileList (in target 'WWCustomerService' from project 'WWCustomerService')
cd /Users/admin/builder/spi-builder-workspace
write-file /Users/admin/builder/spi-builder-workspace/.derivedData/Build/Intermediates.noindex/WWCustomerService.build/Debug-xros/WWCustomerService-t.build/Objects-normal/arm64/WWCustomerService.SwiftFileList
WriteAuxiliaryFile /Users/admin/builder/spi-builder-workspace/.derivedData/Build/Intermediates.noindex/WWCustomerService.build/Debug-xros/WWCustomerService-t.build/Objects-normal/arm64/WWCustomerService.LinkFileList (in target 'WWCustomerService' from project 'WWCustomerService')
cd /Users/admin/builder/spi-builder-workspace
write-file /Users/admin/builder/spi-builder-workspace/.derivedData/Build/Intermediates.noindex/WWCustomerService.build/Debug-xros/WWCustomerService-t.build/Objects-normal/arm64/WWCustomerService.LinkFileList
WriteAuxiliaryFile /Users/admin/builder/spi-builder-workspace/.derivedData/Build/Intermediates.noindex/WWCustomerService.build/Debug-xros/WWCustomerService-t.build/Objects-normal/arm64/WWCustomerService-OutputFileMap.json (in target 'WWCustomerService' from project 'WWCustomerService')
cd /Users/admin/builder/spi-builder-workspace
write-file /Users/admin/builder/spi-builder-workspace/.derivedData/Build/Intermediates.noindex/WWCustomerService.build/Debug-xros/WWCustomerService-t.build/Objects-normal/arm64/WWCustomerService-OutputFileMap.json
WriteAuxiliaryFile /Users/admin/builder/spi-builder-workspace/.derivedData/Build/Intermediates.noindex/WWCustomerService.build/Debug-xros/WWCustomerService-t.build/DerivedSources/resource_bundle_accessor.swift (in target 'WWCustomerService' from project 'WWCustomerService')
cd /Users/admin/builder/spi-builder-workspace
write-file /Users/admin/builder/spi-builder-workspace/.derivedData/Build/Intermediates.noindex/WWCustomerService.build/Debug-xros/WWCustomerService-t.build/DerivedSources/resource_bundle_accessor.swift
Copy /Users/admin/builder/spi-builder-workspace/.derivedData/Build/Intermediates.noindex/GeneratedModuleMaps-xros/WWCustomerService.modulemap /Users/admin/builder/spi-builder-workspace/.derivedData/Build/Intermediates.noindex/WWCustomerService.build/Debug-xros/WWCustomerService-t.build/WWCustomerService.modulemap (in target 'WWCustomerService' from project 'WWCustomerService')
cd /Users/admin/builder/spi-builder-workspace
builtin-copy -exclude .DS_Store -exclude CVS -exclude .svn -exclude .git -exclude .hg -resolve-src-symlinks /Users/admin/builder/spi-builder-workspace/.derivedData/Build/Intermediates.noindex/WWCustomerService.build/Debug-xros/WWCustomerService-t.build/WWCustomerService.modulemap /Users/admin/builder/spi-builder-workspace/.derivedData/Build/Intermediates.noindex/GeneratedModuleMaps-xros
ProcessInfoPlistFile /Users/admin/builder/spi-builder-workspace/.derivedData/Build/Products/Debug-xros/WWCustomerService_WWCustomerService.bundle/Info.plist /Users/admin/builder/spi-builder-workspace/.derivedData/Build/Intermediates.noindex/WWCustomerService.build/Debug-xros/WWCustomerService_WWCustomerService-b.build/empty-WWCustomerService_WWCustomerService.plist (in target 'WWCustomerService_WWCustomerService' from project 'WWCustomerService')
cd /Users/admin/builder/spi-builder-workspace
builtin-infoPlistUtility /Users/admin/builder/spi-builder-workspace/.derivedData/Build/Intermediates.noindex/WWCustomerService.build/Debug-xros/WWCustomerService_WWCustomerService-b.build/empty-WWCustomerService_WWCustomerService.plist -producttype com.apple.product-type.bundle -expandbuildsettings -format binary -platform xros -o /Users/admin/builder/spi-builder-workspace/.derivedData/Build/Products/Debug-xros/WWCustomerService_WWCustomerService.bundle/Info.plist
CpResource /Users/admin/builder/spi-builder-workspace/.derivedData/Build/Products/Debug-xros/WWCustomerService_WWCustomerService.bundle/Privacy /Users/admin/builder/spi-builder-workspace/Sources/WWCustomerService/Privacy (in target 'WWCustomerService_WWCustomerService' from project 'WWCustomerService')
cd /Users/admin/builder/spi-builder-workspace
builtin-copy -exclude .DS_Store -exclude CVS -exclude .svn -exclude .git -exclude .hg -resolve-src-symlinks /Users/admin/builder/spi-builder-workspace/Sources/WWCustomerService/Privacy /Users/admin/builder/spi-builder-workspace/.derivedData/Build/Products/Debug-xros/WWCustomerService_WWCustomerService.bundle
RegisterExecutionPolicyException /Users/admin/builder/spi-builder-workspace/.derivedData/Build/Products/Debug-xros/WWCustomerService_WWCustomerService.bundle (in target 'WWCustomerService_WWCustomerService' from project 'WWCustomerService')
cd /Users/admin/builder/spi-builder-workspace
builtin-RegisterExecutionPolicyException /Users/admin/builder/spi-builder-workspace/.derivedData/Build/Products/Debug-xros/WWCustomerService_WWCustomerService.bundle
Touch /Users/admin/builder/spi-builder-workspace/.derivedData/Build/Products/Debug-xros/WWCustomerService_WWCustomerService.bundle (in target 'WWCustomerService_WWCustomerService' from project 'WWCustomerService')
cd /Users/admin/builder/spi-builder-workspace
/usr/bin/touch -c /Users/admin/builder/spi-builder-workspace/.derivedData/Build/Products/Debug-xros/WWCustomerService_WWCustomerService.bundle
SwiftDriver WWCustomerService normal arm64 com.apple.xcode.tools.swift.compiler (in target 'WWCustomerService' from project 'WWCustomerService')
cd /Users/admin/builder/spi-builder-workspace/.swiftpm/xcode
builtin-SwiftDriver -- /Applications/Xcode-27.0.0-Release.Candidate.app/Contents/Developer/Toolchains/XcodeDefault.xctoolchain/usr/bin/swiftc -parse-as-library -module-name WWCustomerService -Onone @/Users/admin/builder/spi-builder-workspace/.derivedData/Build/Intermediates.noindex/WWCustomerService.build/Debug-xros/WWCustomerService-t.build/Objects-normal/arm64/WWCustomerService.SwiftFileList -DSWIFT_PACKAGE -DDEBUG -DSWIFT_MODULE_RESOURCE_BUNDLE_AVAILABLE -DXcode -plugin-path /Applications/Xcode-27.0.0-Release.Candidate.app/Contents/Developer/Toolchains/XcodeDefault.xctoolchain/usr/lib/swift/host/plugins/testing -enable-experimental-feature DebugDescriptionMacro -sdk /Applications/Xcode-27.0.0-Release.Candidate.app/Contents/Developer/Platforms/XROS.platform/Developer/SDKs/XROS27.0.sdk -target arm64-apple-xros1.0 -g -module-cache-path /Users/admin/builder/spi-builder-workspace/.derivedData/ModuleCache.noindex -Xfrontend -serialize-debugging-options -enable-testing -index-store-path /Users/admin/builder/spi-builder-workspace/.derivedData/Index.noindex/DataStore -Xcc -D_LIBCPP_HARDENING_MODE\=_LIBCPP_HARDENING_MODE_DEBUG -swift-version 5 -I /Users/admin/builder/spi-builder-workspace/.derivedData/Build/Products/Debug-xros -Isystem /Applications/Xcode-27.0.0-Release.Candidate.app/Contents/Developer/Platforms/XROS.platform/Developer/usr/lib -F /Users/admin/builder/spi-builder-workspace/.derivedData/Build/Products/Debug-xros -F /Applications/Xcode-27.0.0-Release.Candidate.app/Contents/Developer/Platforms/XROS.platform/Developer/Library/Frameworks -F /Applications/Xcode-27.0.0-Release.Candidate.app/Contents/Developer/Platforms/XROS.platform/Developer/SDKs/XROS27.0.sdk/Developer/Library/Frameworks -c -j10 -enable-batch-mode -incremental -Xcc -ivfsstatcache -Xcc /Users/admin/builder/spi-builder-workspace/.derivedData/SDKStatCaches.noindex/xros27.0-24M361-e829b21a6f8c9b70876ba0858053c044735bd543db762f57723cac368afd1ce4.sdkstatcache -output-file-map /Users/admin/builder/spi-builder-workspace/.derivedData/Build/Intermediates.noindex/WWCustomerService.build/Debug-xros/WWCustomerService-t.build/Objects-normal/arm64/WWCustomerService-OutputFileMap.json -save-temps -no-color-diagnostics -explicit-module-build -module-cache-path /Users/admin/builder/spi-builder-workspace/.derivedData/Build/Intermediates.noindex/SwiftExplicitPrecompiledModules -clang-scanner-module-cache-path /Users/admin/builder/spi-builder-workspace/.derivedData/ModuleCache.noindex -sdk-module-cache-path /Users/admin/builder/spi-builder-workspace/.derivedData/SDKExplicitPrecompiledModules -emit-dependencies -emit-module -emit-module-path /Users/admin/builder/spi-builder-workspace/.derivedData/Build/Intermediates.noindex/WWCustomerService.build/Debug-xros/WWCustomerService-t.build/Objects-normal/arm64/WWCustomerService.swiftmodule -serialize-diagnostics -dependency-scan-serialize-diagnostics-path /Users/admin/builder/spi-builder-workspace/.derivedData/Build/Intermediates.noindex/WWCustomerService.build/Debug-xros/WWCustomerService-t.build/Objects-normal/arm64/WWCustomerService-dependency-scan.dia -validate-clang-modules-once -clang-build-session-file /Users/admin/builder/spi-builder-workspace/.derivedData/ModuleCache.noindex/Session.modulevalidation -Xcc -fmodules-prune-interval\=86400 -Xcc -fmodules-prune-after\=345600 -emit-const-values -const-gather-protocols-list /Users/admin/builder/spi-builder-workspace/.derivedData/Build/Intermediates.noindex/WWCustomerService.build/Debug-xros/WWCustomerService-t.build/Objects-normal/arm64/WWCustomerService_const_extract_protocols.json -Xcc -I/Users/admin/builder/spi-builder-workspace/.derivedData/Build/Products/Debug-xros/include -Xcc -I/Users/admin/builder/spi-builder-workspace/.derivedData/Build/Intermediates.noindex/WWCustomerService.build/Debug-xros/WWCustomerService-t.build/DerivedSources-normal/arm64 -Xcc -I/Users/admin/builder/spi-builder-workspace/.derivedData/Build/Intermediates.noindex/WWCustomerService.build/Debug-xros/WWCustomerService-t.build/DerivedSources/arm64 -Xcc -I/Users/admin/builder/spi-builder-workspace/.derivedData/Build/Intermediates.noindex/WWCustomerService.build/Debug-xros/WWCustomerService-t.build/DerivedSources -Xcc -DSWIFT_PACKAGE -Xcc -DDEBUG\=1 -emit-objc-header -emit-objc-header-path /Users/admin/builder/spi-builder-workspace/.derivedData/Build/Intermediates.noindex/WWCustomerService.build/Debug-xros/WWCustomerService-t.build/Objects-normal/arm64/WWCustomerService-Swift.h -working-directory /Users/admin/builder/spi-builder-workspace/.swiftpm/xcode -experimental-emit-module-separately -disable-cmo
SwiftExplicitDependencyGeneratePcm arm64 /Users/admin/builder/spi-builder-workspace/.derivedData/SDKExplicitPrecompiledModules/DeveloperToolsSupport-46GOQP8J1QTHLYQSJW81T8UZ3.pcm
SwiftExplicitDependencyGeneratePcm arm64 /Users/admin/builder/spi-builder-workspace/.derivedData/SDKExplicitPrecompiledModules/_SwiftConcurrencyShims-C8XHKSHX96D5YYALNM4W70Z0O.pcm
SwiftExplicitDependencyGeneratePcm arm64 /Users/admin/builder/spi-builder-workspace/.derivedData/SDKExplicitPrecompiledModules/ptrcheck-BXA97MNLI4BB0HF5I8MJE403D.pcm
SwiftExplicitDependencyGeneratePcm arm64 /Users/admin/builder/spi-builder-workspace/.derivedData/SDKExplicitPrecompiledModules/_Builtin_float-6WKHNW5S40U2QGHXXGETUDIRA.pcm
SwiftExplicitDependencyGeneratePcm arm64 /Users/admin/builder/spi-builder-workspace/.derivedData/SDKExplicitPrecompiledModules/ShaderGraph-AW1O397P711WTY8KSK8LZX9YA.pcm
SwiftExplicitDependencyGeneratePcm arm64 /Users/admin/builder/spi-builder-workspace/.derivedData/SDKExplicitPrecompiledModules/_Builtin_stddef-5NQ9Z1GV07GBSRQGAQCGXGVRI.pcm
SwiftExplicitDependencyGeneratePcm arm64 /Users/admin/builder/spi-builder-workspace/.derivedData/SDKExplicitPrecompiledModules/SwiftShims-CI4H5RO9IYFFWQ2COB512Q2S9.pcm
SwiftExplicitDependencyGeneratePcm arm64 /Users/admin/builder/spi-builder-workspace/.derivedData/SDKExplicitPrecompiledModules/_Builtin_stdbool-5BU2ADS7JXQMYENKQHW9X8XOU.pcm
SwiftExplicitDependencyGeneratePcm arm64 /Users/admin/builder/spi-builder-workspace/.derivedData/SDKExplicitPrecompiledModules/ptrauth-1WBA714DZSVUL5JQDJ08CLKZ.pcm
SwiftExplicitDependencyGeneratePcm arm64 /Users/admin/builder/spi-builder-workspace/.derivedData/SDKExplicitPrecompiledModules/_AvailabilityInternal-1Q8IQP6M38UWSGZ95UCEY2M44.pcm
SwiftExplicitDependencyGeneratePcm arm64 /Users/admin/builder/spi-builder-workspace/.derivedData/SDKExplicitPrecompiledModules/_Builtin_stdarg-CDA349K2K4US766844K8E0PVA.pcm
SwiftExplicitDependencyGeneratePcm arm64 /Users/admin/builder/spi-builder-workspace/.derivedData/SDKExplicitPrecompiledModules/_DarwinFoundation1-5RGRVV2TZ6WC4WZW5IXF8NQ04.pcm
SwiftExplicitDependencyGeneratePcm arm64 /Users/admin/builder/spi-builder-workspace/.derivedData/SDKExplicitPrecompiledModules/_Builtin_limits-425JDMN5HPM3D0UEI8LEHP6NM.pcm
SwiftExplicitDependencyGeneratePcm arm64 /Users/admin/builder/spi-builder-workspace/.derivedData/SDKExplicitPrecompiledModules/_DarwinFoundation2-ENTECK156YEWITZRRBTOCE4KR.pcm
SwiftExplicitDependencyGeneratePcm arm64 /Users/admin/builder/spi-builder-workspace/.derivedData/SDKExplicitPrecompiledModules/ExtensionFoundation-E7KNHPOM6BLHXC69S4MS8K7BO.pcm
SwiftExplicitDependencyGeneratePcm arm64 /Users/admin/builder/spi-builder-workspace/.derivedData/SDKExplicitPrecompiledModules/_Builtin_stdint-8OR6T47OOYJA90ZBO3N1USDE.pcm
SwiftExplicitDependencyGeneratePcm arm64 /Users/admin/builder/spi-builder-workspace/.derivedData/SDKExplicitPrecompiledModules/_Builtin_tgmath-BPYSMHWI520EQRL2HW519ZY7Z.pcm
SwiftExplicitDependencyGeneratePcm arm64 /Users/admin/builder/spi-builder-workspace/.derivedData/SDKExplicitPrecompiledModules/sys_types-AYM0BHR77VKMWZCO2T0XGV2HF.pcm
SwiftExplicitDependencyGeneratePcm arm64 /Users/admin/builder/spi-builder-workspace/.derivedData/SDKExplicitPrecompiledModules/string_h-2GT67HHHHK5CF1V1S31LH0PU2.pcm
SwiftExplicitDependencyGeneratePcm arm64 /Users/admin/builder/spi-builder-workspace/.derivedData/SDKExplicitPrecompiledModules/_DarwinFoundation3-9ZHN6JKBS40BBA81RQMV8H0IC.pcm
SwiftExplicitDependencyGeneratePcm arm64 /Users/admin/builder/spi-builder-workspace/.derivedData/SDKExplicitPrecompiledModules/_Builtin_intrinsics-BC5IJI3YI34RQ61ZNVDRDZ6RN.pcm
SwiftExplicitDependencyGeneratePcm arm64 /Users/admin/builder/spi-builder-workspace/.derivedData/SDKExplicitPrecompiledModules/_Builtin_stdatomic-1VUZPM79PNCAHXVBERD53WRSF.pcm
SwiftExplicitDependencyGeneratePcm arm64 /Users/admin/builder/spi-builder-workspace/.derivedData/SDKExplicitPrecompiledModules/_Builtin_inttypes-11B64KJD36B3YOHBR1BBXBJY8.pcm
SwiftExplicitDependencyGeneratePcm arm64 /Users/admin/builder/spi-builder-workspace/.derivedData/SDKExplicitPrecompiledModules/Darwin-60P5LVNQO3ESRRM5DCJ05PFNK.pcm
SwiftExplicitDependencyGeneratePcm arm64 /Users/admin/builder/spi-builder-workspace/.derivedData/SDKExplicitPrecompiledModules/simd-9XXAB17Y6E4BBPQADD61NZ23.pcm
SwiftExplicitDependencyGeneratePcm arm64 /Users/admin/builder/spi-builder-workspace/.derivedData/SDKExplicitPrecompiledModules/ObjectiveC-26TIBFYCEJZVP216ZZAU1X8KN.pcm
SwiftExplicitDependencyGeneratePcm arm64 /Users/admin/builder/spi-builder-workspace/.derivedData/SDKExplicitPrecompiledModules/MachO-3XTHY7HWV6RF3KXKYQVHUBUXK.pcm
SwiftExplicitDependencyGeneratePcm arm64 /Users/admin/builder/spi-builder-workspace/.derivedData/SDKExplicitPrecompiledModules/os_object-692CJ8BG6RE5H04487EJJOVXW.pcm
SwiftExplicitDependencyGeneratePcm arm64 /Users/admin/builder/spi-builder-workspace/.derivedData/SDKExplicitPrecompiledModules/os_workgroup-4U1VXMWIZD80E7PRUQF2G7P9X.pcm
SwiftExplicitDependencyGeneratePcm arm64 /Users/admin/builder/spi-builder-workspace/.derivedData/SDKExplicitPrecompiledModules/Dispatch-CLT3466HKC22GCKAWSCNG0H7T.pcm
SwiftExplicitDependencyGeneratePcm arm64 /Users/admin/builder/spi-builder-workspace/.derivedData/SDKExplicitPrecompiledModules/Spatial-5E0I2846LO3ZE24CSVR2O57TI.pcm
SwiftExplicitDependencyGeneratePcm arm64 /Users/admin/builder/spi-builder-workspace/.derivedData/SDKExplicitPrecompiledModules/XPC-EP5EU7FNGP4VOA3EDM18P1KHO.pcm
SwiftExplicitDependencyGeneratePcm arm64 /Users/admin/builder/spi-builder-workspace/.derivedData/SDKExplicitPrecompiledModules/CoreFoundation-AVLTZVCXBU2TO75JCN4AGU8XJ.pcm
SwiftExplicitDependencyGeneratePcm arm64 /Users/admin/builder/spi-builder-workspace/.derivedData/SDKExplicitPrecompiledModules/dnssd-CCUV1M8EULNEQJUXO7L0PJAL4.pcm
SwiftExplicitDependencyGeneratePcm arm64 /Users/admin/builder/spi-builder-workspace/.derivedData/SDKExplicitPrecompiledModules/os-1004XEJ3IXOOAU0KL58SM3D0K.pcm
SwiftExplicitDependencyGeneratePcm arm64 /Users/admin/builder/spi-builder-workspace/.derivedData/SDKExplicitPrecompiledModules/CoreGraphics-BFUJ177R223UT2ZI327ZTZY91.pcm
SwiftExplicitDependencyGeneratePcm arm64 /Users/admin/builder/spi-builder-workspace/.derivedData/SDKExplicitPrecompiledModules/CFNetwork-5MI70N1VLDQSWTX4COWLMSIRO.pcm
SwiftExplicitDependencyGeneratePcm arm64 /Users/admin/builder/spi-builder-workspace/.derivedData/SDKExplicitPrecompiledModules/CoreAudioTypes-45UXYEQRN95KG6BF2CW0QIYK9.pcm
SwiftExplicitDependencyGeneratePcm arm64 /Users/admin/builder/spi-builder-workspace/.derivedData/SDKExplicitPrecompiledModules/Security-8TH2M8WJIQMET4SADWX0N8372.pcm
SwiftExplicitDependencyGeneratePcm arm64 /Users/admin/builder/spi-builder-workspace/.derivedData/SDKExplicitPrecompiledModules/CoreAudio-CXS3C78T5TQDGLEGXIBJ04WJ4.pcm
SwiftExplicitDependencyGeneratePcm arm64 /Users/admin/builder/spi-builder-workspace/.derivedData/SDKExplicitPrecompiledModules/Foundation-8GON1KVEKRN3NOQI8RETBRWJP.pcm
SwiftExplicitDependencyGeneratePcm arm64 /Users/admin/builder/spi-builder-workspace/.derivedData/SDKExplicitPrecompiledModules/ImageIO-5CC6COR9KJYI1UBL7CSHLU2OG.pcm
SwiftExplicitDependencyGeneratePcm arm64 /Users/admin/builder/spi-builder-workspace/.derivedData/SDKExplicitPrecompiledModules/CoreText-6F9TY5TEPCCZ1K2KYM4GMEGHD.pcm
SwiftExplicitDependencyGeneratePcm arm64 /Users/admin/builder/spi-builder-workspace/.derivedData/SDKExplicitPrecompiledModules/CoreMIDI-7L19IC4ZH9BPYLVTD8IIFWN9R.pcm
SwiftExplicitDependencyGeneratePcm arm64 /Users/admin/builder/spi-builder-workspace/.derivedData/SDKExplicitPrecompiledModules/_LocationEssentials-8GQGFVARUE99D8VJX3TINY0VP.pcm
SwiftExplicitDependencyGeneratePcm arm64 /Users/admin/builder/spi-builder-workspace/.derivedData/SDKExplicitPrecompiledModules/FileProvider-C9I28SI56F2SEVH1BCWTKGODO.pcm
SwiftExplicitDependencyGeneratePcm arm64 /Users/admin/builder/spi-builder-workspace/.derivedData/SDKExplicitPrecompiledModules/CoreData-73N6Z547OZUEZ8ADGEC6XRHWN.pcm
SwiftExplicitDependencyGeneratePcm arm64 /Users/admin/builder/spi-builder-workspace/.derivedData/SDKExplicitPrecompiledModules/Network-EQPZZF3W6BWG89K0PY9NZO3T0.pcm
SwiftExplicitDependencyGeneratePcm arm64 /Users/admin/builder/spi-builder-workspace/.derivedData/SDKExplicitPrecompiledModules/BackgroundAssets-7LA0QAAJKNTLEFGRAI5PIWADZ.pcm
SwiftExplicitDependencyGeneratePcm arm64 /Users/admin/builder/spi-builder-workspace/.derivedData/SDKExplicitPrecompiledModules/UIUtilities-AOVGLUWEAN6CG2UZFNESGSP6C.pcm
SwiftExplicitDependencyGeneratePcm arm64 /Users/admin/builder/spi-builder-workspace/.derivedData/SDKExplicitPrecompiledModules/DataDetection-BANTQ3WXXGKZJYC0LLB3MD9K0.pcm
SwiftExplicitDependencyGeneratePcm arm64 /Users/admin/builder/spi-builder-workspace/.derivedData/SDKExplicitPrecompiledModules/CoreTransferable-8TBYAKHCX6UC8QQSS7BD8GQK5.pcm
SwiftExplicitDependencyGeneratePcm arm64 /Users/admin/builder/spi-builder-workspace/.derivedData/SDKExplicitPrecompiledModules/IOSurface-5FE9U89GVFF9A7X7AGO2R8ENI.pcm
SwiftExplicitDependencyGeneratePcm arm64 /Users/admin/builder/spi-builder-workspace/.derivedData/SDKExplicitPrecompiledModules/UserNotifications-8IIV1V1FPNAPA4LY1Y23LOM2N.pcm
SwiftExplicitDependencyGeneratePcm arm64 /Users/admin/builder/spi-builder-workspace/.derivedData/SDKExplicitPrecompiledModules/UniformTypeIdentifiers-E5KMWDZEKS4QW9RO1KBRDEXV6.pcm
SwiftExplicitDependencyGeneratePcm arm64 /Users/admin/builder/spi-builder-workspace/.derivedData/SDKExplicitPrecompiledModules/CoreLocation-1SN37095DAPVJ068LLP9TBDQX.pcm
SwiftExplicitDependencyGeneratePcm arm64 /Users/admin/builder/spi-builder-workspace/.derivedData/SDKExplicitPrecompiledModules/Symbols-8G2XC01RPQ5HYIZE6JNUT864I.pcm
SwiftExplicitDependencyGeneratePcm arm64 /Users/admin/builder/spi-builder-workspace/.derivedData/SDKExplicitPrecompiledModules/LocalAuthentication-9MSPUJ85OBXBTOD7NJCT1GZ0O.pcm
SwiftExplicitDependencyGeneratePcm arm64 /Users/admin/builder/spi-builder-workspace/.derivedData/SDKExplicitPrecompiledModules/Metal-EKNUM9P3PRIBHZK1ZBD6BA2T7.pcm
SwiftExplicitDependencyGeneratePcm arm64 /Users/admin/builder/spi-builder-workspace/.derivedData/SDKExplicitPrecompiledModules/OSLog-BNGT87TS0GMBFF7TY70HHB69.pcm
SwiftExplicitDependencyGeneratePcm arm64 /Users/admin/builder/spi-builder-workspace/.derivedData/SDKExplicitPrecompiledModules/OpenGLES-56BKSYXNVAP91BYZRWAKQZKGI.pcm
SwiftExplicitDependencyGeneratePcm arm64 /Users/admin/builder/spi-builder-workspace/.derivedData/SDKExplicitPrecompiledModules/AVRouting-55P8FRNK50AFZOMMB2LBBOX33.pcm
SwiftExplicitDependencyGeneratePcm arm64 /Users/admin/builder/spi-builder-workspace/.derivedData/SDKExplicitPrecompiledModules/AudioToolbox-2K3S8EA590EB3GMH6D6784BWZ.pcm
SwiftExplicitDependencyGeneratePcm arm64 /Users/admin/builder/spi-builder-workspace/.derivedData/SDKExplicitPrecompiledModules/Accessibility-1DR4J4YDVDGAYQTZ0FKZ1PU09.pcm
SwiftExplicitDependencyGeneratePcm arm64 /Users/admin/builder/spi-builder-workspace/.derivedData/SDKExplicitPrecompiledModules/CoreMotion-10LV922UPGE28QX2SOIO7ALIZ.pcm
SwiftExplicitDependencyCompileModuleFromInterface arm64 /Users/admin/builder/spi-builder-workspace/.derivedData/SDKExplicitPrecompiledModules/ShaderGraph-URHKVVOFZL5Z.swiftmodule
SwiftExplicitDependencyGeneratePcm arm64 /Users/admin/builder/spi-builder-workspace/.derivedData/SDKExplicitPrecompiledModules/CoreVideo-E12HJSJSLO0YKWYBES11UKJ02.pcm
SwiftExplicitDependencyGeneratePcm arm64 /Users/admin/builder/spi-builder-workspace/.derivedData/SDKExplicitPrecompiledModules/QuartzCore-12T8WVKUNCL1N7VXH87MM4YOB.pcm
SwiftExplicitDependencyGeneratePcm arm64 /Users/admin/builder/spi-builder-workspace/.derivedData/SDKExplicitPrecompiledModules/ARKitFoundation-3N77COW7DLP77CM0PWZXSR9BD.pcm
SwiftExplicitDependencyGeneratePcm arm64 /Users/admin/builder/spi-builder-workspace/.derivedData/SDKExplicitPrecompiledModules/CoreImage-8WF1P230U10QM666EQMNV7OF1.pcm
SwiftExplicitDependencyGeneratePcm arm64 /Users/admin/builder/spi-builder-workspace/.derivedData/SDKExplicitPrecompiledModules/CoreML-37QYERWC0RQN4IY4377UD0TY1.pcm
SwiftExplicitDependencyGeneratePcm arm64 /Users/admin/builder/spi-builder-workspace/.derivedData/SDKExplicitPrecompiledModules/CoreMedia-D1IBHC28BRHWLNUG1Q75G5YN0.pcm
SwiftExplicitDependencyGeneratePcm arm64 /Users/admin/builder/spi-builder-workspace/.derivedData/SDKExplicitPrecompiledModules/SwiftUICore-6OBBMA39VFD4CB6SG2PE41FAP.pcm
SwiftExplicitDependencyGeneratePcm arm64 /Users/admin/builder/spi-builder-workspace/.derivedData/SDKExplicitPrecompiledModules/Vision-DVVG9MQGC3IMTVPTC1691MQ6Z.pcm
SwiftExplicitDependencyGeneratePcm arm64 /Users/admin/builder/spi-builder-workspace/.derivedData/SDKExplicitPrecompiledModules/AVFAudio-E8GATWFYYBEBB41O9N0LRRGYC.pcm
SwiftExplicitDependencyGeneratePcm arm64 /Users/admin/builder/spi-builder-workspace/.derivedData/SDKExplicitPrecompiledModules/MediaToolbox-1J5U29ERBPNPI1HKEJHXOP8EV.pcm
SwiftExplicitDependencyGeneratePcm arm64 /Users/admin/builder/spi-builder-workspace/.derivedData/SDKExplicitPrecompiledModules/VideoToolbox-7I4MDYIPJ4IWU1ZSL4JE3I7M6.pcm
SwiftExplicitDependencyGeneratePcm arm64 /Users/admin/builder/spi-builder-workspace/.derivedData/SDKExplicitPrecompiledModules/UIKit-2D2PMAAE45TMO6S28UCGCO5BR.pcm
SwiftExplicitDependencyGeneratePcm arm64 /Users/admin/builder/spi-builder-workspace/.derivedData/SDKExplicitPrecompiledModules/AVFoundation-DFCX8GQJWVA3CZBITWEHAZEFX.pcm
SwiftExplicitDependencyGeneratePcm arm64 /Users/admin/builder/spi-builder-workspace/.derivedData/SDKExplicitPrecompiledModules/ARKitCore-307YVPJLQNB66BTBIONHZNP86.pcm
SwiftExplicitDependencyGeneratePcm arm64 /Users/admin/builder/spi-builder-workspace/.derivedData/SDKExplicitPrecompiledModules/SwiftUI-77PUPXISY3V3TUF5FJEHUQC86.pcm
SwiftExplicitDependencyGeneratePcm arm64 /Users/admin/builder/spi-builder-workspace/.derivedData/SDKExplicitPrecompiledModules/GameController-7QL0VMQHE24OWQFUR0UFT89DW.pcm
SwiftExplicitDependencyGeneratePcm arm64 /Users/admin/builder/spi-builder-workspace/.derivedData/SDKExplicitPrecompiledModules/MessageUI-LVCLVRNXK0DT5KJ1EO05YNS8.pcm
SwiftExplicitDependencyGeneratePcm arm64 /Users/admin/builder/spi-builder-workspace/.derivedData/SDKExplicitPrecompiledModules/StoreKit-12LD5DPNQ83TE5J4G5TTT7JP8.pcm
SwiftExplicitDependencyGeneratePcm arm64 /Users/admin/builder/spi-builder-workspace/.derivedData/SDKExplicitPrecompiledModules/ARKit-27VDPOZ50FG2MJG7OFV6IFQYQ.pcm
SwiftEmitModule normal arm64 Emitting\ module\ for\ WWCustomerService (in target 'WWCustomerService' from project 'WWCustomerService')
/Users/admin/builder/spi-builder-workspace/Sources/WWCustomerService/Extension.swift:27:106: error: 'SKStoreProductViewControllerDelegate' is unavailable in visionOS
25 | /// - delegate: SKStoreProductViewControllerDelegate
26 | /// - result: Result<Bool, Error>
27 | func _presentStoreProductViewController(with identity: NSNumber, target: UIViewController, delegate: SKStoreProductViewControllerDelegate, result: @escaping (Result<Bool, Error>) -> Void) {
| `- error: 'SKStoreProductViewControllerDelegate' is unavailable in visionOS
28 |
29 | let storeProductViewController = SKStoreProductViewController._build(with: delegate)
/Applications/Xcode-27.0.0-Release.Candidate.app/Contents/Developer/Platforms/XROS.platform/Developer/SDKs/XROS27.0.sdk/System/Library/Frameworks/StoreKit.framework/Headers/SKStoreProductViewController.h:44:93: note: 'SKStoreProductViewControllerDelegate' has been explicitly marked unavailable here
42 |
43 |
44 | API_AVAILABLE(ios(6.0), macCatalyst(13.0), macos(11.0)) API_UNAVAILABLE(visionos) @protocol SKStoreProductViewControllerDelegate <NSObject>
| `- note: 'SKStoreProductViewControllerDelegate' has been explicitly marked unavailable here
45 |
46 | @optional
/Users/admin/builder/spi-builder-workspace/Sources/WWCustomerService/Extension.swift:47:39: error: 'SKStoreProductViewControllerDelegate' is unavailable in visionOS
45 | /// - Parameter delegate: SKStoreProductViewControllerDelegate
46 | /// - Returns: SKStoreProductViewController
47 | static func _build(with delegate: SKStoreProductViewControllerDelegate) -> SKStoreProductViewController {
| `- error: 'SKStoreProductViewControllerDelegate' is unavailable in visionOS
48 |
49 | let storeProductViewController = SKStoreProductViewController()
/Applications/Xcode-27.0.0-Release.Candidate.app/Contents/Developer/Platforms/XROS.platform/Developer/SDKs/XROS27.0.sdk/System/Library/Frameworks/StoreKit.framework/Headers/SKStoreProductViewController.h:44:93: note: 'SKStoreProductViewControllerDelegate' has been explicitly marked unavailable here
42 |
43 |
44 | API_AVAILABLE(ios(6.0), macCatalyst(13.0), macos(11.0)) API_UNAVAILABLE(visionos) @protocol SKStoreProductViewControllerDelegate <NSObject>
| `- note: 'SKStoreProductViewControllerDelegate' has been explicitly marked unavailable here
45 |
46 | @optional
/Users/admin/builder/spi-builder-workspace/Sources/WWCustomerService/Extension.swift:47:80: error: 'SKStoreProductViewController' is unavailable in visionOS
45 | /// - Parameter delegate: SKStoreProductViewControllerDelegate
46 | /// - Returns: SKStoreProductViewController
47 | static func _build(with delegate: SKStoreProductViewControllerDelegate) -> SKStoreProductViewController {
| `- error: 'SKStoreProductViewController' is unavailable in visionOS
48 |
49 | let storeProductViewController = SKStoreProductViewController()
/Applications/Xcode-27.0.0-Release.Candidate.app/Contents/Developer/Platforms/XROS.platform/Developer/SDKs/XROS27.0.sdk/System/Library/Frameworks/StoreKit.framework/Headers/SKStoreProductViewController.h:26:128: note: 'SKStoreProductViewController' has been explicitly marked unavailable here
24 | SK_EXTERN_CLASS API_AVAILABLE(ios(6.0), macCatalyst(13.0), macos(11.0)) API_UNAVAILABLE(visionos) __TVOS_PROHIBITED @interface SKStoreProductViewController : NSViewController
25 | #else
26 | SK_EXTERN_CLASS API_AVAILABLE(ios(6.0), macCatalyst(13.0), macos(11.0)) API_UNAVAILABLE(visionos) __TVOS_PROHIBITED @interface SKStoreProductViewController : UIViewController
| `- note: 'SKStoreProductViewController' has been explicitly marked unavailable here
27 | #endif
28 |
/Users/admin/builder/spi-builder-workspace/Sources/WWCustomerService/Extension.swift:42:11: error: 'SKStoreProductViewController' is unavailable in visionOS
40 |
41 | // MARK: - SKStoreProductViewController (static function)
42 | extension SKStoreProductViewController {
| `- error: 'SKStoreProductViewController' is unavailable in visionOS
43 |
44 | /// [建立內彈的AppStore](https://juejin.cn/post/6844903912248623111)
/Applications/Xcode-27.0.0-Release.Candidate.app/Contents/Developer/Platforms/XROS.platform/Developer/SDKs/XROS27.0.sdk/System/Library/Frameworks/StoreKit.framework/Headers/SKStoreProductViewController.h:26:128: note: 'SKStoreProductViewController' has been explicitly marked unavailable here
24 | SK_EXTERN_CLASS API_AVAILABLE(ios(6.0), macCatalyst(13.0), macos(11.0)) API_UNAVAILABLE(visionos) __TVOS_PROHIBITED @interface SKStoreProductViewController : NSViewController
25 | #else
26 | SK_EXTERN_CLASS API_AVAILABLE(ios(6.0), macCatalyst(13.0), macos(11.0)) API_UNAVAILABLE(visionos) __TVOS_PROHIBITED @interface SKStoreProductViewController : UIViewController
| `- note: 'SKStoreProductViewController' has been explicitly marked unavailable here
27 | #endif
28 |
/Users/admin/builder/spi-builder-workspace/Sources/WWCustomerService/WWCustomerService.swift:55:30: error: 'SKStoreProductViewControllerDelegate' is unavailable in visionOS
53 |
54 | extension WWCustomerService: MFMessageComposeViewControllerDelegate {}
55 | extension WWCustomerService: SKStoreProductViewControllerDelegate {}
| `- error: 'SKStoreProductViewControllerDelegate' is unavailable in visionOS
56 |
57 | // MARK: - MFMessageComposeViewControllerDelegate
/Applications/Xcode-27.0.0-Release.Candidate.app/Contents/Developer/Platforms/XROS.platform/Developer/SDKs/XROS27.0.sdk/System/Library/Frameworks/StoreKit.framework/Headers/SKStoreProductViewController.h:44:93: note: 'SKStoreProductViewControllerDelegate' has been explicitly marked unavailable here
42 |
43 |
44 | API_AVAILABLE(ios(6.0), macCatalyst(13.0), macos(11.0)) API_UNAVAILABLE(visionos) @protocol SKStoreProductViewControllerDelegate <NSObject>
| `- note: 'SKStoreProductViewControllerDelegate' has been explicitly marked unavailable here
45 |
46 | @optional
Failed frontend command:
SwiftCompile normal arm64 (in target 'WWCustomerService' from project 'WWCustomerService')
cd /Users/admin/builder/spi-builder-workspace/.swiftpm/xcode
/Applications/Xcode-27.0.0-Release.Candidate.app/Contents/Developer/Toolchains/XcodeDefault.xctoolchain/usr/bin/swift-frontend -frontend -emit-module -experimental-skip-non-inlinable-function-bodies-without-types /Users/admin/builder/spi-builder-workspace/.derivedData/Build/Intermediates.noindex/WWCustomerService.build/Debug-xros/WWCustomerService-t.build/DerivedSources/resource_bundle_accessor.swift /Users/admin/builder/spi-builder-workspace/Sources/WWCustomerService/Constant.swift /Users/admin/builder/spi-builder-workspace/Sources/WWCustomerService/Extension.swift /Users/admin/builder/spi-builder-workspace/Sources/WWCustomerService/WWCustomerService.swift -target arm64-apple-xros1.0 -disable-cross-import-overlay-search -swift-module-cross-import StoreKit /Applications/Xcode-27.0.0-Release.Candidate.app/Contents/Developer/Platforms/XROS.platform/Developer/SDKs/XROS.sdk/System/Library/Frameworks/StoreKit.framework/Modules/StoreKit.swiftcrossimport/SwiftUI.swiftoverlay -swift-module-cross-import StoreKit /Applications/Xcode-27.0.0-Release.Candidate.app/Contents/Developer/Platforms/XROS.platform/Developer/SDKs/XROS27.0.sdk/System/Library/Frameworks/StoreKit.framework/Modules/StoreKit.swiftcrossimport/SwiftUI.swiftoverlay -load-resolved-plugin /Applications/Xcode-27.0.0-Release.Candidate.app/Contents/Developer/Platforms/XROS.platform/Developer/usr/lib/swift/host/plugins/libFoundationMacros.dylib\#/Applications/Xcode-27.0.0-Release.Candidate.app/Contents/Developer/Platforms/XROS.platform/Developer/usr/bin/swift-plugin-server\#FoundationMacros -load-resolved-plugin /Applications/Xcode-27.0.0-Release.Candidate.app/Contents/Developer/Platforms/XROS.platform/Developer/usr/lib/swift/host/plugins/libObservationMacros.dylib\#/Applications/Xcode-27.0.0-Release.Candidate.app/Contents/Developer/Platforms/XROS.platform/Developer/usr/bin/swift-plugin-server\#ObservationMacros -load-resolved-plugin /Applications/Xcode-27.0.0-Release.Candidate.app/Contents/Developer/Platforms/XROS.platform/Developer/usr/lib/swift/host/plugins/libPreviewsMacros.dylib\#/Applications/Xcode-27.0.0-Release.Candidate.app/Contents/Developer/Platforms/XROS.platform/Developer/usr/bin/swift-plugin-server\#PreviewsMacros -load-resolved-plugin /Applications/Xcode-27.0.0-Release.Candidate.app/Contents/Developer/Platforms/XROS.platform/Developer/usr/lib/swift/host/plugins/libSwiftMacros.dylib\#/Applications/Xcode-27.0.0-Release.Candidate.app/Contents/Developer/Platforms/XROS.platform/Developer/usr/bin/swift-plugin-server\#SwiftMacros -load-resolved-plugin /Applications/Xcode-27.0.0-Release.Candidate.app/Contents/Developer/Platforms/XROS.platform/Developer/usr/lib/swift/host/plugins/libSwiftUIMacros.dylib\#/Applications/Xcode-27.0.0-Release.Candidate.app/Contents/Developer/Platforms/XROS.platform/Developer/usr/bin/swift-plugin-server\#SwiftUIMacros -disable-implicit-swift-modules -Xcc -fno-implicit-modules -Xcc -fno-implicit-module-maps -explicit-swift-module-map-file /Users/admin/builder/spi-builder-workspace/.derivedData/Build/Intermediates.noindex/WWCustomerService.build/Debug-xros/WWCustomerService-t.build/Objects-normal/arm64/WWCustomerService-dependencies-1.json -Xllvm -aarch64-use-tbi -enable-objc-interop -stack-check -sdk /Applications/Xcode-27.0.0-Release.Candidate.app/Contents/Developer/Platforms/XROS.platform/Developer/SDKs/XROS27.0.sdk -I /Users/admin/builder/spi-builder-workspace/.derivedData/Build/Products/Debug-xros -Isystem /Applications/Xcode-27.0.0-Release.Candidate.app/Contents/Developer/Platforms/XROS.platform/Developer/usr/lib -F /Users/admin/builder/spi-builder-workspace/.derivedData/Build/Products/Debug-xros -F /Applications/Xcode-27.0.0-Release.Candidate.app/Contents/Developer/Platforms/XROS.platform/Developer/Library/Frameworks -F /Applications/Xcode-27.0.0-Release.Candidate.app/Contents/Developer/Platforms/XROS.platform/Developer/SDKs/XROS27.0.sdk/Developer/Library/Frameworks -module-cache-path /Users/admin/builder/spi-builder-workspace/.derivedData/Build/Intermediates.noindex/SwiftExplicitPrecompiledModules -no-color-diagnostics -Xcc -fno-color-diagnostics -enable-testing -g -debug-info-format\=dwarf -dwarf-version\=4 -swift-version 5 -Onone -D SWIFT_PACKAGE -D DEBUG -D SWIFT_MODULE_RESOURCE_BUNDLE_AVAILABLE -D Xcode -serialize-debugging-options -enable-experimental-feature DebugDescriptionMacro -empty-abi-descriptor -validate-clang-modules-once -clang-build-session-file /Users/admin/builder/spi-builder-workspace/.derivedData/ModuleCache.noindex/Session.modulevalidation -Xcc -working-directory -Xcc /Users/admin/builder/spi-builder-workspace/.swiftpm/xcode -enable-anonymous-context-mangled-names -file-compilation-dir /Users/admin/builder/spi-builder-workspace/.swiftpm/xcode -Xcc -D_LIBCPP_HARDENING_MODE\=_LIBCPP_HARDENING_MODE_DEBUG -Xcc -ivfsstatcache -Xcc /Users/admin/builder/spi-builder-workspace/.derivedData/SDKStatCaches.noindex/xros27.0-24M361-e829b21a6f8c9b70876ba0858053c044735bd543db762f57723cac368afd1ce4.sdkstatcache -Xcc -fmodules-prune-interval\=86400 -Xcc -fmodules-prune-after\=345600 -Xcc -I/Users/admin/builder/spi-builder-workspace/.derivedData/Build/Products/Debug-xros/include -Xcc -I/Users/admin/builder/spi-builder-workspace/.derivedData/Build/Intermediates.noindex/WWCustomerService.build/Debug-xros/WWCustomerService-t.build/DerivedSources-normal/arm64 -Xcc -I/Users/admin/builder/spi-builder-workspace/.derivedData/Build/Intermediates.noindex/WWCustomerService.build/Debug-xros/WWCustomerService-t.build/DerivedSources/arm64 -Xcc -I/Users/admin/builder/spi-builder-workspace/.derivedData/Build/Intermediates.noindex/WWCustomerService.build/Debug-xros/WWCustomerService-t.build/DerivedSources -Xcc -DSWIFT_PACKAGE -Xcc -DDEBUG\=1 -no-auto-bridging-header-chaining -module-name WWCustomerService -const-gather-protocols-file /Users/admin/builder/spi-builder-workspace/.derivedData/Build/Intermediates.noindex/WWCustomerService.build/Debug-xros/WWCustomerService-t.build/Objects-normal/arm64/WWCustomerService_const_extract_protocols.json -disable-clang-spi -clang-target arm64-apple-xros27.0 -target-sdk-version 27.0 -target-sdk-name xros27.0 -in-process-plugin-server-path /Applications/Xcode-27.0.0-Release.Candidate.app/Contents/Developer/Toolchains/XcodeDefault.xctoolchain/usr/lib/swift/host/libSwiftInProcPluginServer.dylib -emit-module-doc-path /Users/admin/builder/spi-builder-workspace/.derivedData/Build/Intermediates.noindex/WWCustomerService.build/Debug-xros/WWCustomerService-t.build/Objects-normal/arm64/WWCustomerService.swiftdoc -emit-module-source-info-path /Users/admin/builder/spi-builder-workspace/.derivedData/Build/Intermediates.noindex/WWCustomerService.build/Debug-xros/WWCustomerService-t.build/Objects-normal/arm64/WWCustomerService.swiftsourceinfo -emit-objc-header-path /Users/admin/builder/spi-builder-workspace/.derivedData/Build/Intermediates.noindex/WWCustomerService.build/Debug-xros/WWCustomerService-t.build/Objects-normal/arm64/WWCustomerService-Swift.h -serialize-diagnostics-path /Users/admin/builder/spi-builder-workspace/.derivedData/Build/Intermediates.noindex/WWCustomerService.build/Debug-xros/WWCustomerService-t.build/Objects-normal/arm64/WWCustomerService-primary-emit-module.dia -emit-dependencies-path /Users/admin/builder/spi-builder-workspace/.derivedData/Build/Intermediates.noindex/WWCustomerService.build/Debug-xros/WWCustomerService-t.build/Objects-normal/arm64/WWCustomerService-primary-emit-module.d -parse-as-library -o /Users/admin/builder/spi-builder-workspace/.derivedData/Build/Intermediates.noindex/WWCustomerService.build/Debug-xros/WWCustomerService-t.build/Objects-normal/arm64/WWCustomerService.swiftmodule -emit-abi-descriptor-path /Users/admin/builder/spi-builder-workspace/.derivedData/Build/Intermediates.noindex/WWCustomerService.build/Debug-xros/WWCustomerService-t.build/Objects-normal/arm64/WWCustomerService.abi.json
SwiftCompile normal arm64 Compiling\ resource_bundle_accessor.swift /Users/admin/builder/spi-builder-workspace/.derivedData/Build/Intermediates.noindex/WWCustomerService.build/Debug-xros/WWCustomerService-t.build/DerivedSources/resource_bundle_accessor.swift (in target 'WWCustomerService' from project 'WWCustomerService')
SwiftCompile normal arm64 /Users/admin/builder/spi-builder-workspace/.derivedData/Build/Intermediates.noindex/WWCustomerService.build/Debug-xros/WWCustomerService-t.build/DerivedSources/resource_bundle_accessor.swift (in target 'WWCustomerService' from project 'WWCustomerService')
cd /Users/admin/builder/spi-builder-workspace/.swiftpm/xcode
builtin-SwiftPerFileCompile resource_bundle_accessor.swift
SwiftCompile normal arm64 Compiling\ Constant.swift /Users/admin/builder/spi-builder-workspace/Sources/WWCustomerService/Constant.swift (in target 'WWCustomerService' from project 'WWCustomerService')
SwiftCompile normal arm64 /Users/admin/builder/spi-builder-workspace/Sources/WWCustomerService/Constant.swift (in target 'WWCustomerService' from project 'WWCustomerService')
cd /Users/admin/builder/spi-builder-workspace/.swiftpm/xcode
builtin-SwiftPerFileCompile Constant.swift
SwiftCompile normal arm64 Compiling\ WWCustomerService.swift /Users/admin/builder/spi-builder-workspace/Sources/WWCustomerService/WWCustomerService.swift (in target 'WWCustomerService' from project 'WWCustomerService')
SwiftCompile normal arm64 /Users/admin/builder/spi-builder-workspace/Sources/WWCustomerService/WWCustomerService.swift (in target 'WWCustomerService' from project 'WWCustomerService')
cd /Users/admin/builder/spi-builder-workspace/.swiftpm/xcode
builtin-SwiftPerFileCompile WWCustomerService.swift
SwiftCompile normal arm64 Compiling\ Extension.swift /Users/admin/builder/spi-builder-workspace/Sources/WWCustomerService/Extension.swift (in target 'WWCustomerService' from project 'WWCustomerService')
/Users/admin/builder/spi-builder-workspace/Sources/WWCustomerService/Extension.swift:27:106: error: 'SKStoreProductViewControllerDelegate' is unavailable in visionOS
25 | /// - delegate: SKStoreProductViewControllerDelegate
26 | /// - result: Result<Bool, Error>
27 | func _presentStoreProductViewController(with identity: NSNumber, target: UIViewController, delegate: SKStoreProductViewControllerDelegate, result: @escaping (Result<Bool, Error>) -> Void) {
| `- error: 'SKStoreProductViewControllerDelegate' is unavailable in visionOS
28 |
29 | let storeProductViewController = SKStoreProductViewController._build(with: delegate)
/Applications/Xcode-27.0.0-Release.Candidate.app/Contents/Developer/Platforms/XROS.platform/Developer/SDKs/XROS27.0.sdk/System/Library/Frameworks/StoreKit.framework/Headers/SKStoreProductViewController.h:44:93: note: 'SKStoreProductViewControllerDelegate' has been explicitly marked unavailable here
42 |
43 |
44 | API_AVAILABLE(ios(6.0), macCatalyst(13.0), macos(11.0)) API_UNAVAILABLE(visionos) @protocol SKStoreProductViewControllerDelegate <NSObject>
| `- note: 'SKStoreProductViewControllerDelegate' has been explicitly marked unavailable here
45 |
46 | @optional
/Users/admin/builder/spi-builder-workspace/Sources/WWCustomerService/Extension.swift:47:39: error: 'SKStoreProductViewControllerDelegate' is unavailable in visionOS
45 | /// - Parameter delegate: SKStoreProductViewControllerDelegate
46 | /// - Returns: SKStoreProductViewController
47 | static func _build(with delegate: SKStoreProductViewControllerDelegate) -> SKStoreProductViewController {
| `- error: 'SKStoreProductViewControllerDelegate' is unavailable in visionOS
48 |
49 | let storeProductViewController = SKStoreProductViewController()
/Applications/Xcode-27.0.0-Release.Candidate.app/Contents/Developer/Platforms/XROS.platform/Developer/SDKs/XROS27.0.sdk/System/Library/Frameworks/StoreKit.framework/Headers/SKStoreProductViewController.h:44:93: note: 'SKStoreProductViewControllerDelegate' has been explicitly marked unavailable here
42 |
43 |
44 | API_AVAILABLE(ios(6.0), macCatalyst(13.0), macos(11.0)) API_UNAVAILABLE(visionos) @protocol SKStoreProductViewControllerDelegate <NSObject>
| `- note: 'SKStoreProductViewControllerDelegate' has been explicitly marked unavailable here
45 |
46 | @optional
/Users/admin/builder/spi-builder-workspace/Sources/WWCustomerService/Extension.swift:47:80: error: 'SKStoreProductViewController' is unavailable in visionOS
45 | /// - Parameter delegate: SKStoreProductViewControllerDelegate
46 | /// - Returns: SKStoreProductViewController
47 | static func _build(with delegate: SKStoreProductViewControllerDelegate) -> SKStoreProductViewController {
| `- error: 'SKStoreProductViewController' is unavailable in visionOS
48 |
49 | let storeProductViewController = SKStoreProductViewController()
/Applications/Xcode-27.0.0-Release.Candidate.app/Contents/Developer/Platforms/XROS.platform/Developer/SDKs/XROS27.0.sdk/System/Library/Frameworks/StoreKit.framework/Headers/SKStoreProductViewController.h:26:128: note: 'SKStoreProductViewController' has been explicitly marked unavailable here
24 | SK_EXTERN_CLASS API_AVAILABLE(ios(6.0), macCatalyst(13.0), macos(11.0)) API_UNAVAILABLE(visionos) __TVOS_PROHIBITED @interface SKStoreProductViewController : NSViewController
25 | #else
26 | SK_EXTERN_CLASS API_AVAILABLE(ios(6.0), macCatalyst(13.0), macos(11.0)) API_UNAVAILABLE(visionos) __TVOS_PROHIBITED @interface SKStoreProductViewController : UIViewController
| `- note: 'SKStoreProductViewController' has been explicitly marked unavailable here
27 | #endif
28 |
/Users/admin/builder/spi-builder-workspace/Sources/WWCustomerService/Extension.swift:42:11: error: 'SKStoreProductViewController' is unavailable in visionOS
40 |
41 | // MARK: - SKStoreProductViewController (static function)
42 | extension SKStoreProductViewController {
| `- error: 'SKStoreProductViewController' is unavailable in visionOS
43 |
44 | /// [建立內彈的AppStore](https://juejin.cn/post/6844903912248623111)
/Applications/Xcode-27.0.0-Release.Candidate.app/Contents/Developer/Platforms/XROS.platform/Developer/SDKs/XROS27.0.sdk/System/Library/Frameworks/StoreKit.framework/Headers/SKStoreProductViewController.h:26:128: note: 'SKStoreProductViewController' has been explicitly marked unavailable here
24 | SK_EXTERN_CLASS API_AVAILABLE(ios(6.0), macCatalyst(13.0), macos(11.0)) API_UNAVAILABLE(visionos) __TVOS_PROHIBITED @interface SKStoreProductViewController : NSViewController
25 | #else
26 | SK_EXTERN_CLASS API_AVAILABLE(ios(6.0), macCatalyst(13.0), macos(11.0)) API_UNAVAILABLE(visionos) __TVOS_PROHIBITED @interface SKStoreProductViewController : UIViewController
| `- note: 'SKStoreProductViewController' has been explicitly marked unavailable here
27 | #endif
28 |
/Users/admin/builder/spi-builder-workspace/Sources/WWCustomerService/Extension.swift:29:42: error: 'SKStoreProductViewController' is unavailable in visionOS
27 | func _presentStoreProductViewController(with identity: NSNumber, target: UIViewController, delegate: SKStoreProductViewControllerDelegate, result: @escaping (Result<Bool, Error>) -> Void) {
28 |
29 | let storeProductViewController = SKStoreProductViewController._build(with: delegate)
| `- error: 'SKStoreProductViewController' is unavailable in visionOS
30 | let parameters = SKStoreProductViewController._iTunesItemParametersMaker(with: identity)
31 |
/Applications/Xcode-27.0.0-Release.Candidate.app/Contents/Developer/Platforms/XROS.platform/Developer/SDKs/XROS27.0.sdk/System/Library/Frameworks/StoreKit.framework/Headers/SKStoreProductViewController.h:26:128: note: 'SKStoreProductViewController' has been explicitly marked unavailable here
24 | SK_EXTERN_CLASS API_AVAILABLE(ios(6.0), macCatalyst(13.0), macos(11.0)) API_UNAVAILABLE(visionos) __TVOS_PROHIBITED @interface SKStoreProductViewController : NSViewController
25 | #else
26 | SK_EXTERN_CLASS API_AVAILABLE(ios(6.0), macCatalyst(13.0), macos(11.0)) API_UNAVAILABLE(visionos) __TVOS_PROHIBITED @interface SKStoreProductViewController : UIViewController
| `- note: 'SKStoreProductViewController' has been explicitly marked unavailable here
27 | #endif
28 |
/Users/admin/builder/spi-builder-workspace/Sources/WWCustomerService/Extension.swift:30:26: error: 'SKStoreProductViewController' is unavailable in visionOS
28 |
29 | let storeProductViewController = SKStoreProductViewController._build(with: delegate)
30 | let parameters = SKStoreProductViewController._iTunesItemParametersMaker(with: identity)
| `- error: 'SKStoreProductViewController' is unavailable in visionOS
31 |
32 | storeProductViewController.loadProduct(withParameters: parameters) { (isSuccess, error) in
/Applications/Xcode-27.0.0-Release.Candidate.app/Contents/Developer/Platforms/XROS.platform/Developer/SDKs/XROS27.0.sdk/System/Library/Frameworks/StoreKit.framework/Headers/SKStoreProductViewController.h:26:128: note: 'SKStoreProductViewController' has been explicitly marked unavailable here
24 | SK_EXTERN_CLASS API_AVAILABLE(ios(6.0), macCatalyst(13.0), macos(11.0)) API_UNAVAILABLE(visionos) __TVOS_PROHIBITED @interface SKStoreProductViewController : NSViewController
25 | #else
26 | SK_EXTERN_CLASS API_AVAILABLE(ios(6.0), macCatalyst(13.0), macos(11.0)) API_UNAVAILABLE(visionos) __TVOS_PROHIBITED @interface SKStoreProductViewController : UIViewController
| `- note: 'SKStoreProductViewController' has been explicitly marked unavailable here
27 | #endif
28 |
/Users/admin/builder/spi-builder-workspace/Sources/WWCustomerService/Extension.swift:32:36: error: 'loadProduct(withParameters:completionBlock:)' is unavailable in visionOS
30 | let parameters = SKStoreProductViewController._iTunesItemParametersMaker(with: identity)
31 |
32 | storeProductViewController.loadProduct(withParameters: parameters) { (isSuccess, error) in
| `- error: 'loadProduct(withParameters:completionBlock:)' is unavailable in visionOS
33 | if let error = error { result(.failure(error)) }
34 | result(.success(isSuccess))
/Applications/Xcode-27.0.0-Release.Candidate.app/Contents/Developer/Platforms/XROS.platform/Developer/SDKs/XROS27.0.sdk/System/Library/Frameworks/StoreKit.framework/Headers/SKStoreProductViewController.h:34:1: note: 'loadProduct(withParameters:completionBlock:)' has been explicitly marked unavailable here
32 | // Load product view for the product with the given parameters. See below for parameters (SKStoreProductParameter*).
33 | // Block is invoked when the load finishes.
34 | - (void)loadProductWithParameters:(NSDictionary<NSString *, id> *)parameters completionBlock:(nullable void(^)(BOOL result, NSError * __nullable error))block API_AVAILABLE(ios(6.0), macCatalyst(13.0), macos(11.0)) API_UNAVAILABLE(visionos) __TVOS_PROHIBITED;
| `- note: 'loadProduct(withParameters:completionBlock:)' has been explicitly marked unavailable here
35 |
36 | // Load product view for the product with the given parameters and impression.
/Users/admin/builder/spi-builder-workspace/Sources/WWCustomerService/Extension.swift:49:42: error: 'SKStoreProductViewController' is unavailable in visionOS
47 | static func _build(with delegate: SKStoreProductViewControllerDelegate) -> SKStoreProductViewController {
48 |
49 | let storeProductViewController = SKStoreProductViewController()
| `- error: 'SKStoreProductViewController' is unavailable in visionOS
50 | storeProductViewController.delegate = delegate
51 |
/Applications/Xcode-27.0.0-Release.Candidate.app/Contents/Developer/Platforms/XROS.platform/Developer/SDKs/XROS27.0.sdk/System/Library/Frameworks/StoreKit.framework/Headers/SKStoreProductViewController.h:26:128: note: 'SKStoreProductViewController' has been explicitly marked unavailable here
24 | SK_EXTERN_CLASS API_AVAILABLE(ios(6.0), macCatalyst(13.0), macos(11.0)) API_UNAVAILABLE(visionos) __TVOS_PROHIBITED @interface SKStoreProductViewController : NSViewController
25 | #else
26 | SK_EXTERN_CLASS API_AVAILABLE(ios(6.0), macCatalyst(13.0), macos(11.0)) API_UNAVAILABLE(visionos) __TVOS_PROHIBITED @interface SKStoreProductViewController : UIViewController
| `- note: 'SKStoreProductViewController' has been explicitly marked unavailable here
27 | #endif
28 |
/Users/admin/builder/spi-builder-workspace/Sources/WWCustomerService/Extension.swift:50:36: error: 'delegate' is unavailable in visionOS
48 |
49 | let storeProductViewController = SKStoreProductViewController()
50 | storeProductViewController.delegate = delegate
| `- error: 'delegate' is unavailable in visionOS
51 |
52 | return storeProductViewController
/Applications/Xcode-27.0.0-Release.Candidate.app/Contents/Developer/Platforms/XROS.platform/Developer/SDKs/XROS27.0.sdk/System/Library/Frameworks/StoreKit.framework/Headers/SKStoreProductViewController.h:30:80: note: 'delegate' has been explicitly marked unavailable here
28 |
29 | // Delegate for product page events
30 | @property(nonatomic, weak, nullable) id <SKStoreProductViewControllerDelegate> delegate API_AVAILABLE(ios(6.0), macCatalyst(13.0), macos(11.0)) API_UNAVAILABLE(visionos) __TVOS_PROHIBITED;
| `- note: 'delegate' has been explicitly marked unavailable here
31 |
32 | // Load product view for the product with the given parameters. See below for parameters (SKStoreProductParameter*).
SwiftCompile normal arm64 /Users/admin/builder/spi-builder-workspace/Sources/WWCustomerService/Extension.swift (in target 'WWCustomerService' from project 'WWCustomerService')
cd /Users/admin/builder/spi-builder-workspace/.swiftpm/xcode
builtin-SwiftPerFileCompile Extension.swift
PruneExplicitPrecompiledModules /Users/admin/builder/spi-builder-workspace/.derivedData/Build/Intermediates.noindex/ExplicitPrecompiledModules
PruneExplicitPrecompiledModules /Users/admin/builder/spi-builder-workspace/.derivedData/Build/Intermediates.noindex/SwiftExplicitPrecompiledModules
PruneExplicitPrecompiledModules /Users/admin/builder/spi-builder-workspace/.derivedData/SDKExplicitPrecompiledModules
2026-09-23 05:51:26.629 xcodebuild[698:4296] [MT] IDERunDestination: Supported platforms for the buildables in the current scheme is empty.
** BUILD FAILED **
The following build commands failed:
SwiftCompile normal arm64 (in target 'WWCustomerService' from project 'WWCustomerService')
SwiftEmitModule normal arm64 Emitting\ module\ for\ WWCustomerService (in target 'WWCustomerService' from project 'WWCustomerService')
Building workspace WWCustomerService with scheme WWCustomerService
(3 failures)
Command line invocation:
/Applications/Xcode-27.0.0-Release.Candidate.app/Contents/Developer/usr/bin/xcodebuild -IDEClonedSourcePackagesDirPathOverride=/Users/admin/builder/spi-builder-workspace/.dependencies -resolvePackageDependencies
Resolve Package Graph
Resolved source packages:
WWCustomerService: /Users/admin/builder/spi-builder-workspace
resolved source packages: WWCustomerService
2026-09-23 05:51:34.199 xcodebuild[813:4753] [MT] IDERunDestination: Supported platforms for the buildables in the current scheme is empty.
{
"dependencies" : [
],
"manifest_display_name" : "WWCustomerService",
"name" : "WWCustomerService",
"path" : "/Users/admin/builder/spi-builder-workspace",
"platforms" : [
{
"name" : "ios",
"version" : "15.0"
}
],
"products" : [
{
"name" : "WWCustomerService",
"targets" : [
"WWCustomerService"
],
"type" : {
"library" : [
"automatic"
]
}
}
],
"swift_languages_versions" : [
"5"
],
"targets" : [
{
"c99name" : "WWCustomerService",
"module_type" : "SwiftTarget",
"name" : "WWCustomerService",
"path" : "Sources/WWCustomerService",
"product_memberships" : [
"WWCustomerService"
],
"resources" : [
{
"path" : "/Users/admin/builder/spi-builder-workspace/Sources/WWCustomerService/Privacy",
"rule" : {
"copy" : {
}
}
}
],
"sources" : [
"Constant.swift",
"Extension.swift",
"WWCustomerService.swift"
],
"type" : "library"
}
],
"tools_version" : "5.7"
}
{
"workspace" : {
"name" : "WWCustomerService",
"schemes" : [
"WWCustomerService"
]
}
}
2026-09-23 05:51:35.427 xcodebuild[821:4826] [MT] IDERunDestination: Supported platforms for the buildables in the current scheme is empty.
Running build ...
env DEVELOPER_DIR=/Applications/Xcode-27.0.0-Release.Candidate.app xcrun xcodebuild -IDEClonedSourcePackagesDirPathOverride=$PWD/.dependencies -skipMacroValidation -skipPackagePluginValidation -derivedDataPath $PWD/.derivedData build -scheme WWCustomerService -destination generic/platform=xrOS
Command line invocation:
/Applications/Xcode-27.0.0-Release.Candidate.app/Contents/Developer/usr/bin/xcodebuild -IDEClonedSourcePackagesDirPathOverride=/Users/admin/builder/spi-builder-workspace/.dependencies -skipMacroValidation -skipPackagePluginValidation -derivedDataPath /Users/admin/builder/spi-builder-workspace/.derivedData build -scheme WWCustomerService -destination generic/platform=xrOS
Resolve Package Graph
Resolved source packages:
WWCustomerService: /Users/admin/builder/spi-builder-workspace
ComputePackagePrebuildTargetDependencyGraph
Prepare packages
CreateBuildRequest
SendProjectDescription
CreateBuildOperation
ComputeTargetDependencyGraph
note: Building targets in dependency order
note: Target dependency graph (3 targets)
Target 'WWCustomerService-product' in project 'WWCustomerService'
➜ Explicit dependency on target 'WWCustomerService' in project 'WWCustomerService'
➜ Explicit dependency on target 'WWCustomerService_WWCustomerService' in project 'WWCustomerService'
Target 'WWCustomerService' in project 'WWCustomerService'
➜ Explicit dependency on target 'WWCustomerService_WWCustomerService' in project 'WWCustomerService'
Target 'WWCustomerService_WWCustomerService' in project 'WWCustomerService' (no dependencies)
GatherProvisioningInputs
CreateBuildDescription
ClangStatCache /Applications/Xcode-27.0.0-Release.Candidate.app/Contents/Developer/Toolchains/XcodeDefault.xctoolchain/usr/bin/clang-stat-cache /Applications/Xcode-27.0.0-Release.Candidate.app/Contents/Developer/Platforms/XROS.platform/Developer/SDKs/XROS27.0.sdk /Users/admin/builder/spi-builder-workspace/.derivedData/SDKStatCaches.noindex/xros27.0-24M361-e829b21a6f8c9b70876ba0858053c044735bd543db762f57723cac368afd1ce4.sdkstatcache
cd /Users/admin/builder/spi-builder-workspace/.swiftpm/xcode
/Applications/Xcode-27.0.0-Release.Candidate.app/Contents/Developer/Toolchains/XcodeDefault.xctoolchain/usr/bin/clang-stat-cache /Applications/Xcode-27.0.0-Release.Candidate.app/Contents/Developer/Platforms/XROS.platform/Developer/SDKs/XROS27.0.sdk -o /Users/admin/builder/spi-builder-workspace/.derivedData/SDKStatCaches.noindex/xros27.0-24M361-e829b21a6f8c9b70876ba0858053c044735bd543db762f57723cac368afd1ce4.sdkstatcache
SwiftDriver WWCustomerService normal arm64 com.apple.xcode.tools.swift.compiler (in target 'WWCustomerService' from project 'WWCustomerService')
cd /Users/admin/builder/spi-builder-workspace/.swiftpm/xcode
builtin-SwiftDriver -- /Applications/Xcode-27.0.0-Release.Candidate.app/Contents/Developer/Toolchains/XcodeDefault.xctoolchain/usr/bin/swiftc -parse-as-library -module-name WWCustomerService -Onone @/Users/admin/builder/spi-builder-workspace/.derivedData/Build/Intermediates.noindex/WWCustomerService.build/Debug-xros/WWCustomerService-t.build/Objects-normal/arm64/WWCustomerService.SwiftFileList -DSWIFT_PACKAGE -DDEBUG -DSWIFT_MODULE_RESOURCE_BUNDLE_AVAILABLE -DXcode -plugin-path /Applications/Xcode-27.0.0-Release.Candidate.app/Contents/Developer/Toolchains/XcodeDefault.xctoolchain/usr/lib/swift/host/plugins/testing -enable-experimental-feature DebugDescriptionMacro -sdk /Applications/Xcode-27.0.0-Release.Candidate.app/Contents/Developer/Platforms/XROS.platform/Developer/SDKs/XROS27.0.sdk -target arm64-apple-xros1.0 -g -module-cache-path /Users/admin/builder/spi-builder-workspace/.derivedData/ModuleCache.noindex -Xfrontend -serialize-debugging-options -enable-testing -index-store-path /Users/admin/builder/spi-builder-workspace/.derivedData/Index.noindex/DataStore -Xcc -D_LIBCPP_HARDENING_MODE\=_LIBCPP_HARDENING_MODE_DEBUG -swift-version 5 -I /Users/admin/builder/spi-builder-workspace/.derivedData/Build/Products/Debug-xros -Isystem /Applications/Xcode-27.0.0-Release.Candidate.app/Contents/Developer/Platforms/XROS.platform/Developer/usr/lib -F /Users/admin/builder/spi-builder-workspace/.derivedData/Build/Products/Debug-xros -F /Applications/Xcode-27.0.0-Release.Candidate.app/Contents/Developer/Platforms/XROS.platform/Developer/Library/Frameworks -F /Applications/Xcode-27.0.0-Release.Candidate.app/Contents/Developer/Platforms/XROS.platform/Developer/SDKs/XROS27.0.sdk/Developer/Library/Frameworks -c -j10 -enable-batch-mode -incremental -Xcc -ivfsstatcache -Xcc /Users/admin/builder/spi-builder-workspace/.derivedData/SDKStatCaches.noindex/xros27.0-24M361-e829b21a6f8c9b70876ba0858053c044735bd543db762f57723cac368afd1ce4.sdkstatcache -output-file-map /Users/admin/builder/spi-builder-workspace/.derivedData/Build/Intermediates.noindex/WWCustomerService.build/Debug-xros/WWCustomerService-t.build/Objects-normal/arm64/WWCustomerService-OutputFileMap.json -save-temps -no-color-diagnostics -explicit-module-build -module-cache-path /Users/admin/builder/spi-builder-workspace/.derivedData/Build/Intermediates.noindex/SwiftExplicitPrecompiledModules -clang-scanner-module-cache-path /Users/admin/builder/spi-builder-workspace/.derivedData/ModuleCache.noindex -sdk-module-cache-path /Users/admin/builder/spi-builder-workspace/.derivedData/SDKExplicitPrecompiledModules -emit-dependencies -emit-module -emit-module-path /Users/admin/builder/spi-builder-workspace/.derivedData/Build/Intermediates.noindex/WWCustomerService.build/Debug-xros/WWCustomerService-t.build/Objects-normal/arm64/WWCustomerService.swiftmodule -serialize-diagnostics -dependency-scan-serialize-diagnostics-path /Users/admin/builder/spi-builder-workspace/.derivedData/Build/Intermediates.noindex/WWCustomerService.build/Debug-xros/WWCustomerService-t.build/Objects-normal/arm64/WWCustomerService-dependency-scan.dia -validate-clang-modules-once -clang-build-session-file /Users/admin/builder/spi-builder-workspace/.derivedData/ModuleCache.noindex/Session.modulevalidation -Xcc -fmodules-prune-interval\=86400 -Xcc -fmodules-prune-after\=345600 -emit-const-values -const-gather-protocols-list /Users/admin/builder/spi-builder-workspace/.derivedData/Build/Intermediates.noindex/WWCustomerService.build/Debug-xros/WWCustomerService-t.build/Objects-normal/arm64/WWCustomerService_const_extract_protocols.json -Xcc -I/Users/admin/builder/spi-builder-workspace/.derivedData/Build/Products/Debug-xros/include -Xcc -I/Users/admin/builder/spi-builder-workspace/.derivedData/Build/Intermediates.noindex/WWCustomerService.build/Debug-xros/WWCustomerService-t.build/DerivedSources-normal/arm64 -Xcc -I/Users/admin/builder/spi-builder-workspace/.derivedData/Build/Intermediates.noindex/WWCustomerService.build/Debug-xros/WWCustomerService-t.build/DerivedSources/arm64 -Xcc -I/Users/admin/builder/spi-builder-workspace/.derivedData/Build/Intermediates.noindex/WWCustomerService.build/Debug-xros/WWCustomerService-t.build/DerivedSources -Xcc -DSWIFT_PACKAGE -Xcc -DDEBUG\=1 -emit-objc-header -emit-objc-header-path /Users/admin/builder/spi-builder-workspace/.derivedData/Build/Intermediates.noindex/WWCustomerService.build/Debug-xros/WWCustomerService-t.build/Objects-normal/arm64/WWCustomerService-Swift.h -working-directory /Users/admin/builder/spi-builder-workspace/.swiftpm/xcode -experimental-emit-module-separately -disable-cmo
SwiftCompile normal arm64 Compiling\ WWCustomerService.swift /Users/admin/builder/spi-builder-workspace/Sources/WWCustomerService/WWCustomerService.swift (in target 'WWCustomerService' from project 'WWCustomerService')
SwiftCompile normal arm64 /Users/admin/builder/spi-builder-workspace/Sources/WWCustomerService/WWCustomerService.swift (in target 'WWCustomerService' from project 'WWCustomerService')
cd /Users/admin/builder/spi-builder-workspace/.swiftpm/xcode
builtin-SwiftPerFileCompile WWCustomerService.swift
SwiftEmitModule normal arm64 Emitting\ module\ for\ WWCustomerService (in target 'WWCustomerService' from project 'WWCustomerService')
/Users/admin/builder/spi-builder-workspace/Sources/WWCustomerService/Extension.swift:27:106: error: 'SKStoreProductViewControllerDelegate' is unavailable in visionOS
25 | /// - delegate: SKStoreProductViewControllerDelegate
26 | /// - result: Result<Bool, Error>
27 | func _presentStoreProductViewController(with identity: NSNumber, target: UIViewController, delegate: SKStoreProductViewControllerDelegate, result: @escaping (Result<Bool, Error>) -> Void) {
| `- error: 'SKStoreProductViewControllerDelegate' is unavailable in visionOS
28 |
29 | let storeProductViewController = SKStoreProductViewController._build(with: delegate)
/Applications/Xcode-27.0.0-Release.Candidate.app/Contents/Developer/Platforms/XROS.platform/Developer/SDKs/XROS27.0.sdk/System/Library/Frameworks/StoreKit.framework/Headers/SKStoreProductViewController.h:44:93: note: 'SKStoreProductViewControllerDelegate' has been explicitly marked unavailable here
42 |
43 |
44 | API_AVAILABLE(ios(6.0), macCatalyst(13.0), macos(11.0)) API_UNAVAILABLE(visionos) @protocol SKStoreProductViewControllerDelegate <NSObject>
| `- note: 'SKStoreProductViewControllerDelegate' has been explicitly marked unavailable here
45 |
46 | @optional
/Users/admin/builder/spi-builder-workspace/Sources/WWCustomerService/Extension.swift:47:39: error: 'SKStoreProductViewControllerDelegate' is unavailable in visionOS
45 | /// - Parameter delegate: SKStoreProductViewControllerDelegate
46 | /// - Returns: SKStoreProductViewController
47 | static func _build(with delegate: SKStoreProductViewControllerDelegate) -> SKStoreProductViewController {
| `- error: 'SKStoreProductViewControllerDelegate' is unavailable in visionOS
48 |
49 | let storeProductViewController = SKStoreProductViewController()
/Applications/Xcode-27.0.0-Release.Candidate.app/Contents/Developer/Platforms/XROS.platform/Developer/SDKs/XROS27.0.sdk/System/Library/Frameworks/StoreKit.framework/Headers/SKStoreProductViewController.h:44:93: note: 'SKStoreProductViewControllerDelegate' has been explicitly marked unavailable here
42 |
43 |
44 | API_AVAILABLE(ios(6.0), macCatalyst(13.0), macos(11.0)) API_UNAVAILABLE(visionos) @protocol SKStoreProductViewControllerDelegate <NSObject>
| `- note: 'SKStoreProductViewControllerDelegate' has been explicitly marked unavailable here
45 |
46 | @optional
/Users/admin/builder/spi-builder-workspace/Sources/WWCustomerService/Extension.swift:47:80: error: 'SKStoreProductViewController' is unavailable in visionOS
45 | /// - Parameter delegate: SKStoreProductViewControllerDelegate
46 | /// - Returns: SKStoreProductViewController
47 | static func _build(with delegate: SKStoreProductViewControllerDelegate) -> SKStoreProductViewController {
| `- error: 'SKStoreProductViewController' is unavailable in visionOS
48 |
49 | let storeProductViewController = SKStoreProductViewController()
/Applications/Xcode-27.0.0-Release.Candidate.app/Contents/Developer/Platforms/XROS.platform/Developer/SDKs/XROS27.0.sdk/System/Library/Frameworks/StoreKit.framework/Headers/SKStoreProductViewController.h:26:128: note: 'SKStoreProductViewController' has been explicitly marked unavailable here
24 | SK_EXTERN_CLASS API_AVAILABLE(ios(6.0), macCatalyst(13.0), macos(11.0)) API_UNAVAILABLE(visionos) __TVOS_PROHIBITED @interface SKStoreProductViewController : NSViewController
25 | #else
26 | SK_EXTERN_CLASS API_AVAILABLE(ios(6.0), macCatalyst(13.0), macos(11.0)) API_UNAVAILABLE(visionos) __TVOS_PROHIBITED @interface SKStoreProductViewController : UIViewController
| `- note: 'SKStoreProductViewController' has been explicitly marked unavailable here
27 | #endif
28 |
/Users/admin/builder/spi-builder-workspace/Sources/WWCustomerService/Extension.swift:42:11: error: 'SKStoreProductViewController' is unavailable in visionOS
40 |
41 | // MARK: - SKStoreProductViewController (static function)
42 | extension SKStoreProductViewController {
| `- error: 'SKStoreProductViewController' is unavailable in visionOS
43 |
44 | /// [建立內彈的AppStore](https://juejin.cn/post/6844903912248623111)
/Applications/Xcode-27.0.0-Release.Candidate.app/Contents/Developer/Platforms/XROS.platform/Developer/SDKs/XROS27.0.sdk/System/Library/Frameworks/StoreKit.framework/Headers/SKStoreProductViewController.h:26:128: note: 'SKStoreProductViewController' has been explicitly marked unavailable here
24 | SK_EXTERN_CLASS API_AVAILABLE(ios(6.0), macCatalyst(13.0), macos(11.0)) API_UNAVAILABLE(visionos) __TVOS_PROHIBITED @interface SKStoreProductViewController : NSViewController
25 | #else
26 | SK_EXTERN_CLASS API_AVAILABLE(ios(6.0), macCatalyst(13.0), macos(11.0)) API_UNAVAILABLE(visionos) __TVOS_PROHIBITED @interface SKStoreProductViewController : UIViewController
| `- note: 'SKStoreProductViewController' has been explicitly marked unavailable here
27 | #endif
28 |
/Users/admin/builder/spi-builder-workspace/Sources/WWCustomerService/WWCustomerService.swift:55:30: error: 'SKStoreProductViewControllerDelegate' is unavailable in visionOS
53 |
54 | extension WWCustomerService: MFMessageComposeViewControllerDelegate {}
55 | extension WWCustomerService: SKStoreProductViewControllerDelegate {}
| `- error: 'SKStoreProductViewControllerDelegate' is unavailable in visionOS
56 |
57 | // MARK: - MFMessageComposeViewControllerDelegate
/Applications/Xcode-27.0.0-Release.Candidate.app/Contents/Developer/Platforms/XROS.platform/Developer/SDKs/XROS27.0.sdk/System/Library/Frameworks/StoreKit.framework/Headers/SKStoreProductViewController.h:44:93: note: 'SKStoreProductViewControllerDelegate' has been explicitly marked unavailable here
42 |
43 |
44 | API_AVAILABLE(ios(6.0), macCatalyst(13.0), macos(11.0)) API_UNAVAILABLE(visionos) @protocol SKStoreProductViewControllerDelegate <NSObject>
| `- note: 'SKStoreProductViewControllerDelegate' has been explicitly marked unavailable here
45 |
46 | @optional
Failed frontend command:
/Applications/Xcode-27.0.0-Release.Candidate.app/Contents/Developer/Toolchains/XcodeDefault.xctoolchain/usr/bin/swift-frontend -frontend -emit-module -experimental-skip-non-inlinable-function-bodies-without-types /Users/admin/builder/spi-builder-workspace/.derivedData/Build/Intermediates.noindex/WWCustomerService.build/Debug-xros/WWCustomerService-t.build/DerivedSources/resource_bundle_accessor.swift /Users/admin/builder/spi-builder-workspace/Sources/WWCustomerService/Constant.swift /Users/admin/builder/spi-builder-workspace/Sources/WWCustomerService/Extension.swift /Users/admin/builder/spi-builder-workspace/Sources/WWCustomerService/WWCustomerService.swift -target arm64-apple-xros1.0 -disable-cross-import-overlay-search -swift-module-cross-import StoreKit /Applications/Xcode-27.0.0-Release.Candidate.app/Contents/Developer/Platforms/XROS.platform/Developer/SDKs/XROS.sdk/System/Library/Frameworks/StoreKit.framework/Modules/StoreKit.swiftcrossimport/SwiftUI.swiftoverlay -swift-module-cross-import StoreKit /Applications/Xcode-27.0.0-Release.Candidate.app/Contents/Developer/Platforms/XROS.platform/Developer/SDKs/XROS27.0.sdk/System/Library/Frameworks/StoreKit.framework/Modules/StoreKit.swiftcrossimport/SwiftUI.swiftoverlay -load-resolved-plugin /Applications/Xcode-27.0.0-Release.Candidate.app/Contents/Developer/Platforms/XROS.platform/Developer/usr/lib/swift/host/plugins/libFoundationMacros.dylib\#/Applications/Xcode-27.0.0-Release.Candidate.app/Contents/Developer/Platforms/XROS.platform/Developer/usr/bin/swift-plugin-server\#FoundationMacros -load-resolved-plugin /Applications/Xcode-27.0.0-Release.Candidate.app/Contents/Developer/Platforms/XROS.platform/Developer/usr/lib/swift/host/plugins/libObservationMacros.dylib\#/Applications/Xcode-27.0.0-Release.Candidate.app/Contents/Developer/Platforms/XROS.platform/Developer/usr/bin/swift-plugin-server\#ObservationMacros -load-resolved-plugin /Applications/Xcode-27.0.0-Release.Candidate.app/Contents/Developer/Platforms/XROS.platform/Developer/usr/lib/swift/host/plugins/libPreviewsMacros.dylib\#/Applications/Xcode-27.0.0-Release.Candidate.app/Contents/Developer/Platforms/XROS.platform/Developer/usr/bin/swift-plugin-server\#PreviewsMacros -load-resolved-plugin /Applications/Xcode-27.0.0-Release.Candidate.app/Contents/Developer/Platforms/XROS.platform/Developer/usr/lib/swift/host/plugins/libSwiftMacros.dylib\#/Applications/Xcode-27.0.0-Release.Candidate.app/Contents/Developer/Platforms/XROS.platform/Developer/usr/bin/swift-plugin-server\#SwiftMacros -load-resolved-plugin /Applications/Xcode-27.0.0-Release.Candidate.app/Contents/Developer/Platforms/XROS.platform/Developer/usr/lib/swift/host/plugins/libSwiftUIMacros.dylib\#/Applications/Xcode-27.0.0-Release.Candidate.app/Contents/Developer/Platforms/XROS.platform/Developer/usr/bin/swift-plugin-server\#SwiftUIMacros -disable-implicit-swift-modules -Xcc -fno-implicit-modules -Xcc -fno-implicit-module-maps -explicit-swift-module-map-file /Users/admin/builder/spi-builder-workspace/.derivedData/Build/Intermediates.noindex/WWCustomerService.build/Debug-xros/WWCustomerService-t.build/Objects-normal/arm64/WWCustomerService-dependencies-1.json -Xllvm -aarch64-use-tbi -enable-objc-interop -stack-check -sdk /Applications/Xcode-27.0.0-Release.Candidate.app/Contents/Developer/Platforms/XROS.platform/Developer/SDKs/XROS27.0.sdk -I /Users/admin/builder/spi-builder-workspace/.derivedData/Build/Products/Debug-xros -Isystem /Applications/Xcode-27.0.0-Release.Candidate.app/Contents/Developer/Platforms/XROS.platform/Developer/usr/lib -F /Users/admin/builder/spi-builder-workspace/.derivedData/Build/Products/Debug-xros -F /Applications/Xcode-27.0.0-Release.Candidate.app/Contents/Developer/Platforms/XROS.platform/Developer/Library/Frameworks -F /Applications/Xcode-27.0.0-Release.Candidate.app/Contents/Developer/Platforms/XROS.platform/Developer/SDKs/XROS27.0.sdk/Developer/Library/Frameworks -module-cache-path /Users/admin/builder/spi-builder-workspace/.derivedData/Build/Intermediates.noindex/SwiftExplicitPrecompiledModules -no-color-diagnostics -Xcc -fno-color-diagnostics -enable-testing -g -debug-info-format\=dwarf -dwarf-version\=4 -swift-version 5 -Onone -D SWIFT_PACKAGE -D DEBUG -D SWIFT_MODULE_RESOURCE_BUNDLE_AVAILABLE -D Xcode -serialize-debugging-options -enable-experimental-feature DebugDescriptionMacro -empty-abi-descriptor -validate-clang-modules-once -clang-build-session-file /Users/admin/builder/spi-builder-workspace/.derivedData/ModuleCache.noindex/Session.modulevalidation -Xcc -working-directory -Xcc /Users/admin/builder/spi-builder-workspace/.swiftpm/xcode -enable-anonymous-context-mangled-names -file-compilation-dir /Users/admin/builder/spi-builder-workspace/.swiftpm/xcode -Xcc -D_LIBCPP_HARDENING_MODE\=_LIBCPP_HARDENING_MODE_DEBUG -Xcc -ivfsstatcache -Xcc /Users/admin/builder/spi-builder-workspace/.derivedData/SDKStatCaches.noindex/xros27.0-24M361-e829b21a6f8c9b70876ba0858053c044735bd543db762f57723cac368afd1ce4.sdkstatcache -Xcc -fmodules-prune-interval\=86400 -Xcc -fmodules-prune-after\=345600 -Xcc -I/Users/admin/builder/spi-builder-workspace/.derivedData/Build/Products/Debug-xros/include -Xcc -I/Users/admin/builder/spi-builder-workspace/.derivedData/Build/Intermediates.noindex/WWCustomerService.build/Debug-xros/WWCustomerService-t.build/DerivedSources-normal/arm64 -Xcc -I/Users/admin/builder/spi-builder-workspace/.derivedData/Build/Intermediates.noindex/WWCustomerService.build/Debug-xros/WWCustomerService-t.build/DerivedSources/arm64 -Xcc -I/Users/admin/builder/spi-builder-workspace/.derivedData/Build/Intermediates.noindex/WWCustomerService.build/Debug-xros/WWCustomerService-t.build/DerivedSources -Xcc -DSWIFT_PACKAGE -Xcc -DDEBUG\=1 -no-auto-bridging-header-chaining -module-name WWCustomerService -const-gather-protocols-file /Users/admin/builder/spi-builder-workspace/.derivedData/Build/Intermediates.noindex/WWCustomerService.build/Debug-xros/WWCustomerService-t.build/Objects-normal/arm64/WWCustomerService_const_extract_protocols.json -disable-clang-spi -clang-target arm64-apple-xros27.0 -target-sdk-version 27.0 -target-sdk-name xros27.0 -in-process-plugin-server-path /Applications/Xcode-27.0.0-Release.Candidate.app/Contents/Developer/Toolchains/XcodeDefault.xctoolchain/usr/lib/swift/host/libSwiftInProcPluginServer.dylib -emit-module-doc-path /Users/admin/builder/spi-builder-workspace/.derivedData/Build/Intermediates.noindex/WWCustomerService.build/Debug-xros/WWCustomerService-t.build/Objects-normal/arm64/WWCustomerService.swiftdoc -emit-module-source-info-path /Users/admin/builder/spi-builder-workspace/.derivedData/Build/Intermediates.noindex/WWCustomerService.build/Debug-xros/WWCustomerService-t.build/Objects-normal/arm64/WWCustomerService.swiftsourceinfo -emit-objc-header-path /Users/admin/builder/spi-builder-workspace/.derivedData/Build/Intermediates.noindex/WWCustomerService.build/Debug-xros/WWCustomerService-t.build/Objects-normal/arm64/WWCustomerService-Swift.h -serialize-diagnostics-path /Users/admin/builder/spi-builder-workspace/.derivedData/Build/Intermediates.noindex/WWCustomerService.build/Debug-xros/WWCustomerService-t.build/Objects-normal/arm64/WWCustomerService-primary-emit-module.dia -emit-dependencies-path /Users/admin/builder/spi-builder-workspace/.derivedData/Build/Intermediates.noindex/WWCustomerService.build/Debug-xros/WWCustomerService-t.build/Objects-normal/arm64/WWCustomerService-primary-emit-module.d -parse-as-library -o /Users/admin/builder/spi-builder-workspace/.derivedData/Build/Intermediates.noindex/WWCustomerService.build/Debug-xros/WWCustomerService-t.build/Objects-normal/arm64/WWCustomerService.swiftmodule -emit-abi-descriptor-path /Users/admin/builder/spi-builder-workspace/.derivedData/Build/Intermediates.noindex/WWCustomerService.build/Debug-xros/WWCustomerService-t.build/Objects-normal/arm64/WWCustomerService.abi.json
SwiftCompile normal arm64 (in target 'WWCustomerService' from project 'WWCustomerService')
cd /Users/admin/builder/spi-builder-workspace/.swiftpm/xcode
SwiftCompile normal arm64 Compiling\ Constant.swift /Users/admin/builder/spi-builder-workspace/Sources/WWCustomerService/Constant.swift (in target 'WWCustomerService' from project 'WWCustomerService')
SwiftCompile normal arm64 /Users/admin/builder/spi-builder-workspace/Sources/WWCustomerService/Constant.swift (in target 'WWCustomerService' from project 'WWCustomerService')
cd /Users/admin/builder/spi-builder-workspace/.swiftpm/xcode
builtin-SwiftPerFileCompile Constant.swift
SwiftCompile normal arm64 Compiling\ Extension.swift /Users/admin/builder/spi-builder-workspace/Sources/WWCustomerService/Extension.swift (in target 'WWCustomerService' from project 'WWCustomerService')
/Users/admin/builder/spi-builder-workspace/Sources/WWCustomerService/Extension.swift:27:106: error: 'SKStoreProductViewControllerDelegate' is unavailable in visionOS
25 | /// - delegate: SKStoreProductViewControllerDelegate
26 | /// - result: Result<Bool, Error>
27 | func _presentStoreProductViewController(with identity: NSNumber, target: UIViewController, delegate: SKStoreProductViewControllerDelegate, result: @escaping (Result<Bool, Error>) -> Void) {
| `- error: 'SKStoreProductViewControllerDelegate' is unavailable in visionOS
28 |
29 | let storeProductViewController = SKStoreProductViewController._build(with: delegate)
/Applications/Xcode-27.0.0-Release.Candidate.app/Contents/Developer/Platforms/XROS.platform/Developer/SDKs/XROS27.0.sdk/System/Library/Frameworks/StoreKit.framework/Headers/SKStoreProductViewController.h:44:93: note: 'SKStoreProductViewControllerDelegate' has been explicitly marked unavailable here
42 |
43 |
44 | API_AVAILABLE(ios(6.0), macCatalyst(13.0), macos(11.0)) API_UNAVAILABLE(visionos) @protocol SKStoreProductViewControllerDelegate <NSObject>
| `- note: 'SKStoreProductViewControllerDelegate' has been explicitly marked unavailable here
45 |
46 | @optional
/Users/admin/builder/spi-builder-workspace/Sources/WWCustomerService/Extension.swift:47:39: error: 'SKStoreProductViewControllerDelegate' is unavailable in visionOS
45 | /// - Parameter delegate: SKStoreProductViewControllerDelegate
46 | /// - Returns: SKStoreProductViewController
47 | static func _build(with delegate: SKStoreProductViewControllerDelegate) -> SKStoreProductViewController {
| `- error: 'SKStoreProductViewControllerDelegate' is unavailable in visionOS
48 |
49 | let storeProductViewController = SKStoreProductViewController()
/Applications/Xcode-27.0.0-Release.Candidate.app/Contents/Developer/Platforms/XROS.platform/Developer/SDKs/XROS27.0.sdk/System/Library/Frameworks/StoreKit.framework/Headers/SKStoreProductViewController.h:44:93: note: 'SKStoreProductViewControllerDelegate' has been explicitly marked unavailable here
42 |
43 |
44 | API_AVAILABLE(ios(6.0), macCatalyst(13.0), macos(11.0)) API_UNAVAILABLE(visionos) @protocol SKStoreProductViewControllerDelegate <NSObject>
| `- note: 'SKStoreProductViewControllerDelegate' has been explicitly marked unavailable here
45 |
46 | @optional
/Users/admin/builder/spi-builder-workspace/Sources/WWCustomerService/Extension.swift:47:80: error: 'SKStoreProductViewController' is unavailable in visionOS
45 | /// - Parameter delegate: SKStoreProductViewControllerDelegate
46 | /// - Returns: SKStoreProductViewController
47 | static func _build(with delegate: SKStoreProductViewControllerDelegate) -> SKStoreProductViewController {
| `- error: 'SKStoreProductViewController' is unavailable in visionOS
48 |
49 | let storeProductViewController = SKStoreProductViewController()
/Applications/Xcode-27.0.0-Release.Candidate.app/Contents/Developer/Platforms/XROS.platform/Developer/SDKs/XROS27.0.sdk/System/Library/Frameworks/StoreKit.framework/Headers/SKStoreProductViewController.h:26:128: note: 'SKStoreProductViewController' has been explicitly marked unavailable here
24 | SK_EXTERN_CLASS API_AVAILABLE(ios(6.0), macCatalyst(13.0), macos(11.0)) API_UNAVAILABLE(visionos) __TVOS_PROHIBITED @interface SKStoreProductViewController : NSViewController
25 | #else
26 | SK_EXTERN_CLASS API_AVAILABLE(ios(6.0), macCatalyst(13.0), macos(11.0)) API_UNAVAILABLE(visionos) __TVOS_PROHIBITED @interface SKStoreProductViewController : UIViewController
| `- note: 'SKStoreProductViewController' has been explicitly marked unavailable here
27 | #endif
28 |
/Users/admin/builder/spi-builder-workspace/Sources/WWCustomerService/Extension.swift:42:11: error: 'SKStoreProductViewController' is unavailable in visionOS
40 |
41 | // MARK: - SKStoreProductViewController (static function)
42 | extension SKStoreProductViewController {
| `- error: 'SKStoreProductViewController' is unavailable in visionOS
43 |
44 | /// [建立內彈的AppStore](https://juejin.cn/post/6844903912248623111)
/Applications/Xcode-27.0.0-Release.Candidate.app/Contents/Developer/Platforms/XROS.platform/Developer/SDKs/XROS27.0.sdk/System/Library/Frameworks/StoreKit.framework/Headers/SKStoreProductViewController.h:26:128: note: 'SKStoreProductViewController' has been explicitly marked unavailable here
24 | SK_EXTERN_CLASS API_AVAILABLE(ios(6.0), macCatalyst(13.0), macos(11.0)) API_UNAVAILABLE(visionos) __TVOS_PROHIBITED @interface SKStoreProductViewController : NSViewController
25 | #else
26 | SK_EXTERN_CLASS API_AVAILABLE(ios(6.0), macCatalyst(13.0), macos(11.0)) API_UNAVAILABLE(visionos) __TVOS_PROHIBITED @interface SKStoreProductViewController : UIViewController
| `- note: 'SKStoreProductViewController' has been explicitly marked unavailable here
27 | #endif
28 |
/Users/admin/builder/spi-builder-workspace/Sources/WWCustomerService/Extension.swift:29:42: error: 'SKStoreProductViewController' is unavailable in visionOS
27 | func _presentStoreProductViewController(with identity: NSNumber, target: UIViewController, delegate: SKStoreProductViewControllerDelegate, result: @escaping (Result<Bool, Error>) -> Void) {
28 |
29 | let storeProductViewController = SKStoreProductViewController._build(with: delegate)
| `- error: 'SKStoreProductViewController' is unavailable in visionOS
30 | let parameters = SKStoreProductViewController._iTunesItemParametersMaker(with: identity)
31 |
/Applications/Xcode-27.0.0-Release.Candidate.app/Contents/Developer/Platforms/XROS.platform/Developer/SDKs/XROS27.0.sdk/System/Library/Frameworks/StoreKit.framework/Headers/SKStoreProductViewController.h:26:128: note: 'SKStoreProductViewController' has been explicitly marked unavailable here
24 | SK_EXTERN_CLASS API_AVAILABLE(ios(6.0), macCatalyst(13.0), macos(11.0)) API_UNAVAILABLE(visionos) __TVOS_PROHIBITED @interface SKStoreProductViewController : NSViewController
25 | #else
26 | SK_EXTERN_CLASS API_AVAILABLE(ios(6.0), macCatalyst(13.0), macos(11.0)) API_UNAVAILABLE(visionos) __TVOS_PROHIBITED @interface SKStoreProductViewController : UIViewController
| `- note: 'SKStoreProductViewController' has been explicitly marked unavailable here
27 | #endif
28 |
/Users/admin/builder/spi-builder-workspace/Sources/WWCustomerService/Extension.swift:30:26: error: 'SKStoreProductViewController' is unavailable in visionOS
28 |
29 | let storeProductViewController = SKStoreProductViewController._build(with: delegate)
30 | let parameters = SKStoreProductViewController._iTunesItemParametersMaker(with: identity)
| `- error: 'SKStoreProductViewController' is unavailable in visionOS
31 |
32 | storeProductViewController.loadProduct(withParameters: parameters) { (isSuccess, error) in
/Applications/Xcode-27.0.0-Release.Candidate.app/Contents/Developer/Platforms/XROS.platform/Developer/SDKs/XROS27.0.sdk/System/Library/Frameworks/StoreKit.framework/Headers/SKStoreProductViewController.h:26:128: note: 'SKStoreProductViewController' has been explicitly marked unavailable here
24 | SK_EXTERN_CLASS API_AVAILABLE(ios(6.0), macCatalyst(13.0), macos(11.0)) API_UNAVAILABLE(visionos) __TVOS_PROHIBITED @interface SKStoreProductViewController : NSViewController
25 | #else
26 | SK_EXTERN_CLASS API_AVAILABLE(ios(6.0), macCatalyst(13.0), macos(11.0)) API_UNAVAILABLE(visionos) __TVOS_PROHIBITED @interface SKStoreProductViewController : UIViewController
| `- note: 'SKStoreProductViewController' has been explicitly marked unavailable here
27 | #endif
28 |
/Users/admin/builder/spi-builder-workspace/Sources/WWCustomerService/Extension.swift:32:36: error: 'loadProduct(withParameters:completionBlock:)' is unavailable in visionOS
30 | let parameters = SKStoreProductViewController._iTunesItemParametersMaker(with: identity)
31 |
32 | storeProductViewController.loadProduct(withParameters: parameters) { (isSuccess, error) in
| `- error: 'loadProduct(withParameters:completionBlock:)' is unavailable in visionOS
33 | if let error = error { result(.failure(error)) }
34 | result(.success(isSuccess))
/Applications/Xcode-27.0.0-Release.Candidate.app/Contents/Developer/Platforms/XROS.platform/Developer/SDKs/XROS27.0.sdk/System/Library/Frameworks/StoreKit.framework/Headers/SKStoreProductViewController.h:34:1: note: 'loadProduct(withParameters:completionBlock:)' has been explicitly marked unavailable here
32 | // Load product view for the product with the given parameters. See below for parameters (SKStoreProductParameter*).
33 | // Block is invoked when the load finishes.
34 | - (void)loadProductWithParameters:(NSDictionary<NSString *, id> *)parameters completionBlock:(nullable void(^)(BOOL result, NSError * __nullable error))block API_AVAILABLE(ios(6.0), macCatalyst(13.0), macos(11.0)) API_UNAVAILABLE(visionos) __TVOS_PROHIBITED;
| `- note: 'loadProduct(withParameters:completionBlock:)' has been explicitly marked unavailable here
35 |
36 | // Load product view for the product with the given parameters and impression.
/Users/admin/builder/spi-builder-workspace/Sources/WWCustomerService/Extension.swift:49:42: error: 'SKStoreProductViewController' is unavailable in visionOS
47 | static func _build(with delegate: SKStoreProductViewControllerDelegate) -> SKStoreProductViewController {
48 |
49 | let storeProductViewController = SKStoreProductViewController()
| `- error: 'SKStoreProductViewController' is unavailable in visionOS
50 | storeProductViewController.delegate = delegate
51 |
/Applications/Xcode-27.0.0-Release.Candidate.app/Contents/Developer/Platforms/XROS.platform/Developer/SDKs/XROS27.0.sdk/System/Library/Frameworks/StoreKit.framework/Headers/SKStoreProductViewController.h:26:128: note: 'SKStoreProductViewController' has been explicitly marked unavailable here
24 | SK_EXTERN_CLASS API_AVAILABLE(ios(6.0), macCatalyst(13.0), macos(11.0)) API_UNAVAILABLE(visionos) __TVOS_PROHIBITED @interface SKStoreProductViewController : NSViewController
25 | #else
26 | SK_EXTERN_CLASS API_AVAILABLE(ios(6.0), macCatalyst(13.0), macos(11.0)) API_UNAVAILABLE(visionos) __TVOS_PROHIBITED @interface SKStoreProductViewController : UIViewController
| `- note: 'SKStoreProductViewController' has been explicitly marked unavailable here
27 | #endif
28 |
/Users/admin/builder/spi-builder-workspace/Sources/WWCustomerService/Extension.swift:50:36: error: 'delegate' is unavailable in visionOS
48 |
49 | let storeProductViewController = SKStoreProductViewController()
50 | storeProductViewController.delegate = delegate
| `- error: 'delegate' is unavailable in visionOS
51 |
52 | return storeProductViewController
/Applications/Xcode-27.0.0-Release.Candidate.app/Contents/Developer/Platforms/XROS.platform/Developer/SDKs/XROS27.0.sdk/System/Library/Frameworks/StoreKit.framework/Headers/SKStoreProductViewController.h:30:80: note: 'delegate' has been explicitly marked unavailable here
28 |
29 | // Delegate for product page events
30 | @property(nonatomic, weak, nullable) id <SKStoreProductViewControllerDelegate> delegate API_AVAILABLE(ios(6.0), macCatalyst(13.0), macos(11.0)) API_UNAVAILABLE(visionos) __TVOS_PROHIBITED;
| `- note: 'delegate' has been explicitly marked unavailable here
31 |
32 | // Load product view for the product with the given parameters. See below for parameters (SKStoreProductParameter*).
SwiftCompile normal arm64 /Users/admin/builder/spi-builder-workspace/Sources/WWCustomerService/Extension.swift (in target 'WWCustomerService' from project 'WWCustomerService')
cd /Users/admin/builder/spi-builder-workspace/.swiftpm/xcode
builtin-SwiftPerFileCompile Extension.swift
SwiftCompile normal arm64 Compiling\ resource_bundle_accessor.swift /Users/admin/builder/spi-builder-workspace/.derivedData/Build/Intermediates.noindex/WWCustomerService.build/Debug-xros/WWCustomerService-t.build/DerivedSources/resource_bundle_accessor.swift (in target 'WWCustomerService' from project 'WWCustomerService')
SwiftCompile normal arm64 /Users/admin/builder/spi-builder-workspace/.derivedData/Build/Intermediates.noindex/WWCustomerService.build/Debug-xros/WWCustomerService-t.build/DerivedSources/resource_bundle_accessor.swift (in target 'WWCustomerService' from project 'WWCustomerService')
cd /Users/admin/builder/spi-builder-workspace/.swiftpm/xcode
builtin-SwiftPerFileCompile resource_bundle_accessor.swift
PruneExplicitPrecompiledModules /Users/admin/builder/spi-builder-workspace/.derivedData/Build/Intermediates.noindex/SwiftExplicitPrecompiledModules
PruneExplicitPrecompiledModules /Users/admin/builder/spi-builder-workspace/.derivedData/SDKExplicitPrecompiledModules
PruneExplicitPrecompiledModules /Users/admin/builder/spi-builder-workspace/.derivedData/Build/Intermediates.noindex/ExplicitPrecompiledModules
2026-09-23 05:51:36.393 xcodebuild[822:4850] [MT] IDERunDestination: Supported platforms for the buildables in the current scheme is empty.
** BUILD FAILED **
The following build commands failed:
SwiftEmitModule normal arm64 Emitting\ module\ for\ WWCustomerService (in target 'WWCustomerService' from project 'WWCustomerService')
SwiftCompile normal arm64 (in target 'WWCustomerService' from project 'WWCustomerService')
Building workspace WWCustomerService with scheme WWCustomerService
(3 failures)
BUILD FAILURE 6.4 visionOS