Build Information
Failed to build TwilioVerifySDK, reference main (18aba1), with Swift 6.4 for watchOS using Xcode 27.0 on 23 Sep 2026 12:40:31 UTC.
Build Command
env DEVELOPER_DIR=/Applications/Xcode-27.0.0-Release.Candidate.app xcrun xcodebuild -IDEClonedSourcePackagesDirPathOverride=$PWD/.dependencies -skipMacroValidation -skipPackagePluginValidation -derivedDataPath $PWD/.derivedData build -scheme TwilioVerifySDK -destination generic/platform=watchOSBuild Log
cd /Users/admin/builder/spi-builder-workspace/.swiftpm/xcode
/Applications/Xcode-27.0.0-Release.Candidate.app/Contents/Developer/Toolchains/XcodeDefault.xctoolchain/usr/bin/clang-stat-cache /Applications/Xcode-27.0.0-Release.Candidate.app/Contents/Developer/Platforms/WatchOS.platform/Developer/SDKs/WatchOS27.0.sdk -o /Users/admin/builder/spi-builder-workspace/.derivedData/SDKStatCaches.noindex/watchos27.0-24R360-e829b21a6f8c9b70876ba0858053c04477534ef55a1706bf4c1112bbb242f0a2.sdkstatcache
CreateBuildDirectory /Users/admin/builder/spi-builder-workspace/.derivedData/Build/Products
cd /Users/admin/builder/spi-builder-workspace/.swiftpm/xcode
builtin-create-build-directory /Users/admin/builder/spi-builder-workspace/.derivedData/Build/Products
CreateBuildDirectory /Users/admin/builder/spi-builder-workspace/.derivedData/Build/Intermediates.noindex
cd /Users/admin/builder/spi-builder-workspace/.swiftpm/xcode
builtin-create-build-directory /Users/admin/builder/spi-builder-workspace/.derivedData/Build/Intermediates.noindex
CreateBuildDirectory /Users/admin/builder/spi-builder-workspace/.derivedData/Build/Intermediates.noindex/PrecompiledHeaders
cd /Users/admin/builder/spi-builder-workspace/.swiftpm/xcode
builtin-create-build-directory /Users/admin/builder/spi-builder-workspace/.derivedData/Build/Intermediates.noindex/PrecompiledHeaders
CreateBuildDirectory /Users/admin/builder/spi-builder-workspace/.derivedData/Build/Intermediates.noindex/ExplicitPrecompiledModules
cd /Users/admin/builder/spi-builder-workspace/.swiftpm/xcode
builtin-create-build-directory /Users/admin/builder/spi-builder-workspace/.derivedData/Build/Intermediates.noindex/ExplicitPrecompiledModules
CreateBuildDirectory /Users/admin/builder/spi-builder-workspace/.derivedData/Build/Intermediates.noindex/SwiftExplicitPrecompiledModules
cd /Users/admin/builder/spi-builder-workspace/.swiftpm/xcode
builtin-create-build-directory /Users/admin/builder/spi-builder-workspace/.derivedData/Build/Intermediates.noindex/SwiftExplicitPrecompiledModules
CreateBuildDirectory /Users/admin/builder/spi-builder-workspace/.derivedData/Build/Intermediates.noindex/EagerLinkingTBDs/Debug-watchos
cd /Users/admin/builder/spi-builder-workspace/.swiftpm/xcode
builtin-create-build-directory /Users/admin/builder/spi-builder-workspace/.derivedData/Build/Intermediates.noindex/EagerLinkingTBDs/Debug-watchos
CreateBuildDirectory /Users/admin/builder/spi-builder-workspace/.derivedData/Build/Products/Debug-watchos
cd /Users/admin/builder/spi-builder-workspace/.swiftpm/xcode
builtin-create-build-directory /Users/admin/builder/spi-builder-workspace/.derivedData/Build/Products/Debug-watchos
CreateBuildDirectory /Users/admin/builder/spi-builder-workspace/.derivedData/Build/Products/Debug-watchos/PackageFrameworks
cd /Users/admin/builder/spi-builder-workspace/.swiftpm/xcode
builtin-create-build-directory /Users/admin/builder/spi-builder-workspace/.derivedData/Build/Products/Debug-watchos/PackageFrameworks
WriteAuxiliaryFile /Users/admin/builder/spi-builder-workspace/.derivedData/Build/Intermediates.noindex/TwilioVerifySDK.build/Debug-watchos/TwilioVerifySDK-t.build/TwilioVerifySDK.modulemap (in target 'TwilioVerifySDK' from project 'TwilioVerifySDK')
cd /Users/admin/builder/spi-builder-workspace
write-file /Users/admin/builder/spi-builder-workspace/.derivedData/Build/Intermediates.noindex/TwilioVerifySDK.build/Debug-watchos/TwilioVerifySDK-t.build/TwilioVerifySDK.modulemap
WriteAuxiliaryFile /Users/admin/builder/spi-builder-workspace/.derivedData/Build/Intermediates.noindex/TwilioVerifySDK.build/Debug-watchos/TwilioVerifySDK-t.build/TwilioVerifySDK.DependencyStaticMetadataFileList (in target 'TwilioVerifySDK' from project 'TwilioVerifySDK')
cd /Users/admin/builder/spi-builder-workspace
write-file /Users/admin/builder/spi-builder-workspace/.derivedData/Build/Intermediates.noindex/TwilioVerifySDK.build/Debug-watchos/TwilioVerifySDK-t.build/TwilioVerifySDK.DependencyStaticMetadataFileList
WriteAuxiliaryFile /Users/admin/builder/spi-builder-workspace/.derivedData/Build/Intermediates.noindex/TwilioVerifySDK.build/Debug-watchos/TwilioVerifySDK-t.build/TwilioVerifySDK.DependencyMetadataFileList (in target 'TwilioVerifySDK' from project 'TwilioVerifySDK')
cd /Users/admin/builder/spi-builder-workspace
write-file /Users/admin/builder/spi-builder-workspace/.derivedData/Build/Intermediates.noindex/TwilioVerifySDK.build/Debug-watchos/TwilioVerifySDK-t.build/TwilioVerifySDK.DependencyMetadataFileList
WriteAuxiliaryFile /Users/admin/builder/spi-builder-workspace/.derivedData/Build/Intermediates.noindex/TwilioVerifySDK.build/Debug-watchos/TwilioVerifySDK-t.build/Objects-normal/arm64/TwilioVerifySDK_const_extract_protocols.json (in target 'TwilioVerifySDK' from project 'TwilioVerifySDK')
cd /Users/admin/builder/spi-builder-workspace
write-file /Users/admin/builder/spi-builder-workspace/.derivedData/Build/Intermediates.noindex/TwilioVerifySDK.build/Debug-watchos/TwilioVerifySDK-t.build/Objects-normal/arm64/TwilioVerifySDK_const_extract_protocols.json
WriteAuxiliaryFile /Users/admin/builder/spi-builder-workspace/.derivedData/Build/Intermediates.noindex/TwilioVerifySDK.build/Debug-watchos/TwilioVerifySDK-t.build/Objects-normal/arm64_32/TwilioVerifySDK.LinkFileList (in target 'TwilioVerifySDK' from project 'TwilioVerifySDK')
cd /Users/admin/builder/spi-builder-workspace
write-file /Users/admin/builder/spi-builder-workspace/.derivedData/Build/Intermediates.noindex/TwilioVerifySDK.build/Debug-watchos/TwilioVerifySDK-t.build/Objects-normal/arm64_32/TwilioVerifySDK.LinkFileList
WriteAuxiliaryFile /Users/admin/builder/spi-builder-workspace/.derivedData/Build/Intermediates.noindex/TwilioVerifySDK.build/Debug-watchos/TwilioVerifySDK-t.build/Objects-normal/arm64_32/TwilioVerifySDK-OutputFileMap.json (in target 'TwilioVerifySDK' from project 'TwilioVerifySDK')
cd /Users/admin/builder/spi-builder-workspace
write-file /Users/admin/builder/spi-builder-workspace/.derivedData/Build/Intermediates.noindex/TwilioVerifySDK.build/Debug-watchos/TwilioVerifySDK-t.build/Objects-normal/arm64_32/TwilioVerifySDK-OutputFileMap.json
WriteAuxiliaryFile /Users/admin/builder/spi-builder-workspace/.derivedData/Build/Intermediates.noindex/TwilioVerifySDK.build/Debug-watchos/TwilioVerifySDK-t.build/Objects-normal/arm64/TwilioVerifySDK-OutputFileMap.json (in target 'TwilioVerifySDK' from project 'TwilioVerifySDK')
cd /Users/admin/builder/spi-builder-workspace
write-file /Users/admin/builder/spi-builder-workspace/.derivedData/Build/Intermediates.noindex/TwilioVerifySDK.build/Debug-watchos/TwilioVerifySDK-t.build/Objects-normal/arm64/TwilioVerifySDK-OutputFileMap.json
WriteAuxiliaryFile /Users/admin/builder/spi-builder-workspace/.derivedData/Build/Intermediates.noindex/TwilioVerifySDK.build/Debug-watchos/TwilioVerifySDK-t.build/Objects-normal/arm64_32/TwilioVerifySDK_const_extract_protocols.json (in target 'TwilioVerifySDK' from project 'TwilioVerifySDK')
cd /Users/admin/builder/spi-builder-workspace
write-file /Users/admin/builder/spi-builder-workspace/.derivedData/Build/Intermediates.noindex/TwilioVerifySDK.build/Debug-watchos/TwilioVerifySDK-t.build/Objects-normal/arm64_32/TwilioVerifySDK_const_extract_protocols.json
WriteAuxiliaryFile /Users/admin/builder/spi-builder-workspace/.derivedData/Build/Intermediates.noindex/TwilioVerifySDK.build/Debug-watchos/TwilioVerifySDK-t.build/Objects-normal/arm64_32/TwilioVerifySDK.SwiftFileList (in target 'TwilioVerifySDK' from project 'TwilioVerifySDK')
cd /Users/admin/builder/spi-builder-workspace
write-file /Users/admin/builder/spi-builder-workspace/.derivedData/Build/Intermediates.noindex/TwilioVerifySDK.build/Debug-watchos/TwilioVerifySDK-t.build/Objects-normal/arm64_32/TwilioVerifySDK.SwiftFileList
WriteAuxiliaryFile /Users/admin/builder/spi-builder-workspace/.derivedData/Build/Intermediates.noindex/TwilioVerifySDK.build/Debug-watchos/TwilioVerifySDK-t.build/Objects-normal/arm64_32/TwilioVerifySDK.SwiftConstValuesFileList (in target 'TwilioVerifySDK' from project 'TwilioVerifySDK')
cd /Users/admin/builder/spi-builder-workspace
write-file /Users/admin/builder/spi-builder-workspace/.derivedData/Build/Intermediates.noindex/TwilioVerifySDK.build/Debug-watchos/TwilioVerifySDK-t.build/Objects-normal/arm64_32/TwilioVerifySDK.SwiftConstValuesFileList
WriteAuxiliaryFile /Users/admin/builder/spi-builder-workspace/.derivedData/Build/Intermediates.noindex/TwilioVerifySDK.build/Debug-watchos/TwilioVerifySDK-t.build/Objects-normal/arm64/TwilioVerifySDK.SwiftFileList (in target 'TwilioVerifySDK' from project 'TwilioVerifySDK')
cd /Users/admin/builder/spi-builder-workspace
write-file /Users/admin/builder/spi-builder-workspace/.derivedData/Build/Intermediates.noindex/TwilioVerifySDK.build/Debug-watchos/TwilioVerifySDK-t.build/Objects-normal/arm64/TwilioVerifySDK.SwiftFileList
WriteAuxiliaryFile /Users/admin/builder/spi-builder-workspace/.derivedData/Build/Intermediates.noindex/TwilioVerifySDK.build/Debug-watchos/TwilioVerifySDK-t.build/Objects-normal/arm64/TwilioVerifySDK.SwiftConstValuesFileList (in target 'TwilioVerifySDK' from project 'TwilioVerifySDK')
cd /Users/admin/builder/spi-builder-workspace
write-file /Users/admin/builder/spi-builder-workspace/.derivedData/Build/Intermediates.noindex/TwilioVerifySDK.build/Debug-watchos/TwilioVerifySDK-t.build/Objects-normal/arm64/TwilioVerifySDK.SwiftConstValuesFileList
WriteAuxiliaryFile /Users/admin/builder/spi-builder-workspace/.derivedData/Build/Intermediates.noindex/TwilioVerifySDK.build/Debug-watchos/TwilioVerifySDK-t.build/Objects-normal/arm64/TwilioVerifySDK.LinkFileList (in target 'TwilioVerifySDK' from project 'TwilioVerifySDK')
cd /Users/admin/builder/spi-builder-workspace
write-file /Users/admin/builder/spi-builder-workspace/.derivedData/Build/Intermediates.noindex/TwilioVerifySDK.build/Debug-watchos/TwilioVerifySDK-t.build/Objects-normal/arm64/TwilioVerifySDK.LinkFileList
Copy /Users/admin/builder/spi-builder-workspace/.derivedData/Build/Intermediates.noindex/GeneratedModuleMaps-watchos/TwilioVerifySDK.modulemap /Users/admin/builder/spi-builder-workspace/.derivedData/Build/Intermediates.noindex/TwilioVerifySDK.build/Debug-watchos/TwilioVerifySDK-t.build/TwilioVerifySDK.modulemap (in target 'TwilioVerifySDK' from project 'TwilioVerifySDK')
cd /Users/admin/builder/spi-builder-workspace
builtin-copy -exclude .DS_Store -exclude CVS -exclude .svn -exclude .git -exclude .hg -resolve-src-symlinks /Users/admin/builder/spi-builder-workspace/.derivedData/Build/Intermediates.noindex/TwilioVerifySDK.build/Debug-watchos/TwilioVerifySDK-t.build/TwilioVerifySDK.modulemap /Users/admin/builder/spi-builder-workspace/.derivedData/Build/Intermediates.noindex/GeneratedModuleMaps-watchos
SwiftDriver TwilioVerifySDK normal arm64_32 com.apple.xcode.tools.swift.compiler (in target 'TwilioVerifySDK' from project 'TwilioVerifySDK')
cd /Users/admin/builder/spi-builder-workspace/.swiftpm/xcode
builtin-SwiftDriver -- /Applications/Xcode-27.0.0-Release.Candidate.app/Contents/Developer/Toolchains/XcodeDefault.xctoolchain/usr/bin/swiftc -parse-as-library -module-name TwilioVerifySDK -Onone @/Users/admin/builder/spi-builder-workspace/.derivedData/Build/Intermediates.noindex/TwilioVerifySDK.build/Debug-watchos/TwilioVerifySDK-t.build/Objects-normal/arm64_32/TwilioVerifySDK.SwiftFileList -DSWIFT_PACKAGE -DDEBUG -DSWIFT_MODULE_RESOURCE_BUNDLE_UNAVAILABLE -DXcode -plugin-path /Applications/Xcode-27.0.0-Release.Candidate.app/Contents/Developer/Toolchains/XcodeDefault.xctoolchain/usr/lib/swift/host/plugins/testing -enable-experimental-feature DebugDescriptionMacro -sdk /Applications/Xcode-27.0.0-Release.Candidate.app/Contents/Developer/Platforms/WatchOS.platform/Developer/SDKs/WatchOS27.0.sdk -target arm64_32-apple-watchos9.0 -g -module-cache-path /Users/admin/builder/spi-builder-workspace/.derivedData/ModuleCache.noindex -Xfrontend -serialize-debugging-options -profile-coverage-mapping -profile-generate -enable-testing -index-store-path /Users/admin/builder/spi-builder-workspace/.derivedData/Index.noindex/DataStore -Xcc -D_LIBCPP_HARDENING_MODE\=_LIBCPP_HARDENING_MODE_DEBUG -swift-version 5 -I /Users/admin/builder/spi-builder-workspace/.derivedData/Build/Products/Debug-watchos -Isystem /Applications/Xcode-27.0.0-Release.Candidate.app/Contents/Developer/Platforms/WatchOS.platform/Developer/usr/lib -F /Users/admin/builder/spi-builder-workspace/.derivedData/Build/Products/Debug-watchos -F /Applications/Xcode-27.0.0-Release.Candidate.app/Contents/Developer/Platforms/WatchOS.platform/Developer/Library/Frameworks -F /Applications/Xcode-27.0.0-Release.Candidate.app/Contents/Developer/Platforms/WatchOS.platform/Developer/SDKs/WatchOS27.0.sdk/Developer/Library/Frameworks -c -j10 -enable-batch-mode -incremental -Xcc -ivfsstatcache -Xcc /Users/admin/builder/spi-builder-workspace/.derivedData/SDKStatCaches.noindex/watchos27.0-24R360-e829b21a6f8c9b70876ba0858053c04477534ef55a1706bf4c1112bbb242f0a2.sdkstatcache -output-file-map /Users/admin/builder/spi-builder-workspace/.derivedData/Build/Intermediates.noindex/TwilioVerifySDK.build/Debug-watchos/TwilioVerifySDK-t.build/Objects-normal/arm64_32/TwilioVerifySDK-OutputFileMap.json -save-temps -no-color-diagnostics -explicit-module-build -module-cache-path /Users/admin/builder/spi-builder-workspace/.derivedData/Build/Intermediates.noindex/SwiftExplicitPrecompiledModules -clang-scanner-module-cache-path /Users/admin/builder/spi-builder-workspace/.derivedData/ModuleCache.noindex -sdk-module-cache-path /Users/admin/builder/spi-builder-workspace/.derivedData/SDKExplicitPrecompiledModules -emit-dependencies -emit-module -emit-module-path /Users/admin/builder/spi-builder-workspace/.derivedData/Build/Intermediates.noindex/TwilioVerifySDK.build/Debug-watchos/TwilioVerifySDK-t.build/Objects-normal/arm64_32/TwilioVerifySDK.swiftmodule -serialize-diagnostics -dependency-scan-serialize-diagnostics-path /Users/admin/builder/spi-builder-workspace/.derivedData/Build/Intermediates.noindex/TwilioVerifySDK.build/Debug-watchos/TwilioVerifySDK-t.build/Objects-normal/arm64_32/TwilioVerifySDK-dependency-scan.dia -validate-clang-modules-once -clang-build-session-file /Users/admin/builder/spi-builder-workspace/.derivedData/ModuleCache.noindex/Session.modulevalidation -Xcc -fmodules-prune-interval\=86400 -Xcc -fmodules-prune-after\=345600 -emit-const-values -const-gather-protocols-list /Users/admin/builder/spi-builder-workspace/.derivedData/Build/Intermediates.noindex/TwilioVerifySDK.build/Debug-watchos/TwilioVerifySDK-t.build/Objects-normal/arm64_32/TwilioVerifySDK_const_extract_protocols.json -Xcc -I/Users/admin/builder/spi-builder-workspace/.derivedData/Build/Products/Debug-watchos/include -Xcc -I/Users/admin/builder/spi-builder-workspace/.derivedData/Build/Intermediates.noindex/TwilioVerifySDK.build/Debug-watchos/TwilioVerifySDK-t.build/DerivedSources-normal/arm64_32 -Xcc -I/Users/admin/builder/spi-builder-workspace/.derivedData/Build/Intermediates.noindex/TwilioVerifySDK.build/Debug-watchos/TwilioVerifySDK-t.build/DerivedSources/arm64_32 -Xcc -I/Users/admin/builder/spi-builder-workspace/.derivedData/Build/Intermediates.noindex/TwilioVerifySDK.build/Debug-watchos/TwilioVerifySDK-t.build/DerivedSources -Xcc -DSWIFT_PACKAGE -Xcc -DDEBUG\=1 -emit-objc-header -emit-objc-header-path /Users/admin/builder/spi-builder-workspace/.derivedData/Build/Intermediates.noindex/TwilioVerifySDK.build/Debug-watchos/TwilioVerifySDK-t.build/Objects-normal/arm64_32/TwilioVerifySDK-Swift.h -working-directory /Users/admin/builder/spi-builder-workspace/.swiftpm/xcode -experimental-emit-module-separately -disable-cmo
SwiftDriver TwilioVerifySDK normal arm64 com.apple.xcode.tools.swift.compiler (in target 'TwilioVerifySDK' from project 'TwilioVerifySDK')
cd /Users/admin/builder/spi-builder-workspace/.swiftpm/xcode
builtin-SwiftDriver -- /Applications/Xcode-27.0.0-Release.Candidate.app/Contents/Developer/Toolchains/XcodeDefault.xctoolchain/usr/bin/swiftc -parse-as-library -module-name TwilioVerifySDK -Onone @/Users/admin/builder/spi-builder-workspace/.derivedData/Build/Intermediates.noindex/TwilioVerifySDK.build/Debug-watchos/TwilioVerifySDK-t.build/Objects-normal/arm64/TwilioVerifySDK.SwiftFileList -DSWIFT_PACKAGE -DDEBUG -DSWIFT_MODULE_RESOURCE_BUNDLE_UNAVAILABLE -DXcode -plugin-path /Applications/Xcode-27.0.0-Release.Candidate.app/Contents/Developer/Toolchains/XcodeDefault.xctoolchain/usr/lib/swift/host/plugins/testing -enable-experimental-feature DebugDescriptionMacro -sdk /Applications/Xcode-27.0.0-Release.Candidate.app/Contents/Developer/Platforms/WatchOS.platform/Developer/SDKs/WatchOS27.0.sdk -target arm64-apple-watchos9.0 -g -module-cache-path /Users/admin/builder/spi-builder-workspace/.derivedData/ModuleCache.noindex -Xfrontend -serialize-debugging-options -profile-coverage-mapping -profile-generate -enable-testing -index-store-path /Users/admin/builder/spi-builder-workspace/.derivedData/Index.noindex/DataStore -Xcc -D_LIBCPP_HARDENING_MODE\=_LIBCPP_HARDENING_MODE_DEBUG -swift-version 5 -I /Users/admin/builder/spi-builder-workspace/.derivedData/Build/Products/Debug-watchos -Isystem /Applications/Xcode-27.0.0-Release.Candidate.app/Contents/Developer/Platforms/WatchOS.platform/Developer/usr/lib -F /Users/admin/builder/spi-builder-workspace/.derivedData/Build/Products/Debug-watchos -F /Applications/Xcode-27.0.0-Release.Candidate.app/Contents/Developer/Platforms/WatchOS.platform/Developer/Library/Frameworks -F /Applications/Xcode-27.0.0-Release.Candidate.app/Contents/Developer/Platforms/WatchOS.platform/Developer/SDKs/WatchOS27.0.sdk/Developer/Library/Frameworks -c -j10 -enable-batch-mode -incremental -Xcc -ivfsstatcache -Xcc /Users/admin/builder/spi-builder-workspace/.derivedData/SDKStatCaches.noindex/watchos27.0-24R360-e829b21a6f8c9b70876ba0858053c04477534ef55a1706bf4c1112bbb242f0a2.sdkstatcache -output-file-map /Users/admin/builder/spi-builder-workspace/.derivedData/Build/Intermediates.noindex/TwilioVerifySDK.build/Debug-watchos/TwilioVerifySDK-t.build/Objects-normal/arm64/TwilioVerifySDK-OutputFileMap.json -save-temps -no-color-diagnostics -explicit-module-build -module-cache-path /Users/admin/builder/spi-builder-workspace/.derivedData/Build/Intermediates.noindex/SwiftExplicitPrecompiledModules -clang-scanner-module-cache-path /Users/admin/builder/spi-builder-workspace/.derivedData/ModuleCache.noindex -sdk-module-cache-path /Users/admin/builder/spi-builder-workspace/.derivedData/SDKExplicitPrecompiledModules -emit-dependencies -emit-module -emit-module-path /Users/admin/builder/spi-builder-workspace/.derivedData/Build/Intermediates.noindex/TwilioVerifySDK.build/Debug-watchos/TwilioVerifySDK-t.build/Objects-normal/arm64/TwilioVerifySDK.swiftmodule -serialize-diagnostics -dependency-scan-serialize-diagnostics-path /Users/admin/builder/spi-builder-workspace/.derivedData/Build/Intermediates.noindex/TwilioVerifySDK.build/Debug-watchos/TwilioVerifySDK-t.build/Objects-normal/arm64/TwilioVerifySDK-dependency-scan.dia -validate-clang-modules-once -clang-build-session-file /Users/admin/builder/spi-builder-workspace/.derivedData/ModuleCache.noindex/Session.modulevalidation -Xcc -fmodules-prune-interval\=86400 -Xcc -fmodules-prune-after\=345600 -emit-const-values -const-gather-protocols-list /Users/admin/builder/spi-builder-workspace/.derivedData/Build/Intermediates.noindex/TwilioVerifySDK.build/Debug-watchos/TwilioVerifySDK-t.build/Objects-normal/arm64/TwilioVerifySDK_const_extract_protocols.json -Xcc -I/Users/admin/builder/spi-builder-workspace/.derivedData/Build/Products/Debug-watchos/include -Xcc -I/Users/admin/builder/spi-builder-workspace/.derivedData/Build/Intermediates.noindex/TwilioVerifySDK.build/Debug-watchos/TwilioVerifySDK-t.build/DerivedSources-normal/arm64 -Xcc -I/Users/admin/builder/spi-builder-workspace/.derivedData/Build/Intermediates.noindex/TwilioVerifySDK.build/Debug-watchos/TwilioVerifySDK-t.build/DerivedSources/arm64 -Xcc -I/Users/admin/builder/spi-builder-workspace/.derivedData/Build/Intermediates.noindex/TwilioVerifySDK.build/Debug-watchos/TwilioVerifySDK-t.build/DerivedSources -Xcc -DSWIFT_PACKAGE -Xcc -DDEBUG\=1 -emit-objc-header -emit-objc-header-path /Users/admin/builder/spi-builder-workspace/.derivedData/Build/Intermediates.noindex/TwilioVerifySDK.build/Debug-watchos/TwilioVerifySDK-t.build/Objects-normal/arm64/TwilioVerifySDK-Swift.h -working-directory /Users/admin/builder/spi-builder-workspace/.swiftpm/xcode -experimental-emit-module-separately -disable-cmo
SwiftExplicitDependencyGeneratePcm arm64 /Users/admin/builder/spi-builder-workspace/.derivedData/SDKExplicitPrecompiledModules/DeveloperToolsSupport-E7CNISCB36UE8XQ9IOHK9XDX1.pcm
SwiftExplicitDependencyGeneratePcm arm64 /Users/admin/builder/spi-builder-workspace/.derivedData/SDKExplicitPrecompiledModules/ptrauth-3TZ9WJCGLYD25HQPWH4968ONX.pcm
SwiftExplicitDependencyGeneratePcm arm64 /Users/admin/builder/spi-builder-workspace/.derivedData/SDKExplicitPrecompiledModules/ptrcheck-AIF0NDOYZ8ORBNHQAQR5NNB8M.pcm
SwiftExplicitDependencyGeneratePcm arm64 /Users/admin/builder/spi-builder-workspace/.derivedData/SDKExplicitPrecompiledModules/_AvailabilityInternal-BUNV3UXM65NT37THI4W1AM0SF.pcm
SwiftExplicitDependencyGeneratePcm arm64 /Users/admin/builder/spi-builder-workspace/.derivedData/SDKExplicitPrecompiledModules/_Builtin_stddef-1FU30Y8SWFB7OUUHMJQH5J6FM.pcm
SwiftExplicitDependencyGeneratePcm arm64 /Users/admin/builder/spi-builder-workspace/.derivedData/SDKExplicitPrecompiledModules/_Builtin_stdbool-83J96QSOFE9VX04AAS6310UAE.pcm
SwiftExplicitDependencyGeneratePcm arm64 /Users/admin/builder/spi-builder-workspace/.derivedData/SDKExplicitPrecompiledModules/_SwiftConcurrencyShims-659N52XSKR5F0QSB880BH2FJR.pcm
SwiftExplicitDependencyGeneratePcm arm64 /Users/admin/builder/spi-builder-workspace/.derivedData/SDKExplicitPrecompiledModules/_Builtin_float-C0CW5Q4HGBQYKE77TC42IAFB5.pcm
SwiftExplicitDependencyGeneratePcm arm64_32 /Users/admin/builder/spi-builder-workspace/.derivedData/SDKExplicitPrecompiledModules/_Builtin_stdbool-A967K8W8YUYEC9SN52KJ7OO88.pcm
SwiftExplicitDependencyGeneratePcm arm64_32 /Users/admin/builder/spi-builder-workspace/.derivedData/SDKExplicitPrecompiledModules/DeveloperToolsSupport-DZU5G1OCMNWU0AQRULIFHUJ1Z.pcm
SwiftExplicitDependencyGeneratePcm arm64_32 /Users/admin/builder/spi-builder-workspace/.derivedData/SDKExplicitPrecompiledModules/ptrauth-BFXF358ME5AK535N5A9Z766WU.pcm
SwiftExplicitDependencyGeneratePcm arm64_32 /Users/admin/builder/spi-builder-workspace/.derivedData/SDKExplicitPrecompiledModules/SwiftShims-9CQQGWTSNTN9EB5NSHDWUJICH.pcm
SwiftExplicitDependencyGeneratePcm arm64_32 /Users/admin/builder/spi-builder-workspace/.derivedData/SDKExplicitPrecompiledModules/ptrcheck-7ELIH9BTIGVKX3UBITM9N72WD.pcm
SwiftExplicitDependencyGeneratePcm arm64_32 /Users/admin/builder/spi-builder-workspace/.derivedData/SDKExplicitPrecompiledModules/_Builtin_stdarg-D305JG44A2WPI6CJY37X3QJE8.pcm
SwiftExplicitDependencyGeneratePcm arm64_32 /Users/admin/builder/spi-builder-workspace/.derivedData/SDKExplicitPrecompiledModules/_Builtin_stddef-H44EFHQX6XSS5MZ7QP6YJZ76.pcm
SwiftExplicitDependencyGeneratePcm arm64_32 /Users/admin/builder/spi-builder-workspace/.derivedData/SDKExplicitPrecompiledModules/_AvailabilityInternal-244WAN3Z1QBT7PIA64EZEFY1R.pcm
SwiftExplicitDependencyGeneratePcm arm64_32 /Users/admin/builder/spi-builder-workspace/.derivedData/SDKExplicitPrecompiledModules/_SwiftConcurrencyShims-6RTBPQ03V7BM9SPRK8SUE055H.pcm
SwiftExplicitDependencyGeneratePcm arm64_32 /Users/admin/builder/spi-builder-workspace/.derivedData/SDKExplicitPrecompiledModules/_Builtin_float-6KO8O3PEWRCA4WC6PPLOYO6WJ.pcm
SwiftExplicitDependencyGeneratePcm arm64 /Users/admin/builder/spi-builder-workspace/.derivedData/SDKExplicitPrecompiledModules/SwiftShims-4MXFZPV6FEB0XBYXCGPWAMQGL.pcm
SwiftExplicitDependencyGeneratePcm arm64 /Users/admin/builder/spi-builder-workspace/.derivedData/SDKExplicitPrecompiledModules/_Builtin_stdarg-A7UU8LE6MP85SM26YO7PBZNUQ.pcm
SwiftExplicitDependencyGeneratePcm arm64 /Users/admin/builder/spi-builder-workspace/.derivedData/SDKExplicitPrecompiledModules/_DarwinFoundation1-7SPX3MD0HMP55E4OLNCPNDQ53.pcm
SwiftExplicitDependencyGeneratePcm arm64_32 /Users/admin/builder/spi-builder-workspace/.derivedData/SDKExplicitPrecompiledModules/_DarwinFoundation1-2GWF9RFMPLQW4PDHS3NARVI3G.pcm
SwiftExplicitDependencyGeneratePcm arm64 /Users/admin/builder/spi-builder-workspace/.derivedData/SDKExplicitPrecompiledModules/_DarwinFoundation2-D0XAPJU49S5E9XMKYOFGSTB1Q.pcm
SwiftExplicitDependencyGeneratePcm arm64 /Users/admin/builder/spi-builder-workspace/.derivedData/SDKExplicitPrecompiledModules/_Builtin_limits-9GWPA2B0H20DYUNYHYCWKABJG.pcm
SwiftExplicitDependencyGeneratePcm arm64_32 /Users/admin/builder/spi-builder-workspace/.derivedData/SDKExplicitPrecompiledModules/_DarwinFoundation2-9MY8GOSYRO0M9MKNXF6D3MBNK.pcm
SwiftExplicitDependencyGeneratePcm arm64_32 /Users/admin/builder/spi-builder-workspace/.derivedData/SDKExplicitPrecompiledModules/_Builtin_limits-3VKBU2AFTD65PAJZ5CJ3LHFM2.pcm
SwiftExplicitDependencyGeneratePcm arm64 /Users/admin/builder/spi-builder-workspace/.derivedData/SDKExplicitPrecompiledModules/sys_types-2KXQLI78OUCDP779AE68GZJ2.pcm
SwiftExplicitDependencyGeneratePcm arm64 /Users/admin/builder/spi-builder-workspace/.derivedData/SDKExplicitPrecompiledModules/_Builtin_stdint-8XMILLJZEGRN2XG7XZUXZ5RLX.pcm
SwiftExplicitDependencyGeneratePcm arm64 /Users/admin/builder/spi-builder-workspace/.derivedData/SDKExplicitPrecompiledModules/string_h-E6PRXK75PHIPCZFWOFCQ3QBMK.pcm
SwiftExplicitDependencyGeneratePcm arm64 /Users/admin/builder/spi-builder-workspace/.derivedData/SDKExplicitPrecompiledModules/_Builtin_tgmath-8NQ96OZ0YHXEC24JI95P01UF8.pcm
SwiftExplicitDependencyGeneratePcm arm64_32 /Users/admin/builder/spi-builder-workspace/.derivedData/SDKExplicitPrecompiledModules/sys_types-8TLLMW08ZJWDGIIPKOYFGHHZW.pcm
SwiftExplicitDependencyGeneratePcm arm64_32 /Users/admin/builder/spi-builder-workspace/.derivedData/SDKExplicitPrecompiledModules/_Builtin_stdint-1HMXWI3V0V4TXHRWZOMZGZ80Y.pcm
SwiftExplicitDependencyGeneratePcm arm64_32 /Users/admin/builder/spi-builder-workspace/.derivedData/SDKExplicitPrecompiledModules/_Builtin_tgmath-23PGCKURCQILXMK0MYZRYDCOU.pcm
SwiftExplicitDependencyGeneratePcm arm64_32 /Users/admin/builder/spi-builder-workspace/.derivedData/SDKExplicitPrecompiledModules/string_h-BFVLUQUSBZWYMLCU9QI7VZALW.pcm
SwiftExplicitDependencyGeneratePcm arm64 /Users/admin/builder/spi-builder-workspace/.derivedData/SDKExplicitPrecompiledModules/_Builtin_intrinsics-75960HIPCIYA06IUW8FIIPQT.pcm
SwiftExplicitDependencyGeneratePcm arm64 /Users/admin/builder/spi-builder-workspace/.derivedData/SDKExplicitPrecompiledModules/_Builtin_stdatomic-7JEFA3KBJJJN6TKJWY3OG1VG5.pcm
SwiftExplicitDependencyGeneratePcm arm64 /Users/admin/builder/spi-builder-workspace/.derivedData/SDKExplicitPrecompiledModules/_DarwinFoundation3-B97LRG0E9GON2NUE65TVG81HU.pcm
SwiftExplicitDependencyGeneratePcm arm64_32 /Users/admin/builder/spi-builder-workspace/.derivedData/SDKExplicitPrecompiledModules/_Builtin_intrinsics-196IIAKDQVU42DLOZP9OQCV76.pcm
SwiftExplicitDependencyGeneratePcm arm64_32 /Users/admin/builder/spi-builder-workspace/.derivedData/SDKExplicitPrecompiledModules/_DarwinFoundation3-3DUTYQDQSD9HUAAVY947NMWOI.pcm
SwiftExplicitDependencyGeneratePcm arm64_32 /Users/admin/builder/spi-builder-workspace/.derivedData/SDKExplicitPrecompiledModules/_Builtin_stdatomic-1TY035TURL76BF2U98PZPPZRX.pcm
SwiftExplicitDependencyGeneratePcm arm64 /Users/admin/builder/spi-builder-workspace/.derivedData/SDKExplicitPrecompiledModules/_Builtin_inttypes-3UQSCM7WNM9EK4HZML8TY5J3D.pcm
SwiftExplicitDependencyGeneratePcm arm64_32 /Users/admin/builder/spi-builder-workspace/.derivedData/SDKExplicitPrecompiledModules/_Builtin_inttypes-D2KPCR4PEX9AQA33NGLUT5SBR.pcm
SwiftExplicitDependencyGeneratePcm arm64 /Users/admin/builder/spi-builder-workspace/.derivedData/SDKExplicitPrecompiledModules/Darwin-3984OXKFNSPE77NT743WK8SEX.pcm
SwiftExplicitDependencyGeneratePcm arm64_32 /Users/admin/builder/spi-builder-workspace/.derivedData/SDKExplicitPrecompiledModules/Darwin-3FVT1SKLN2ZQ5RVOABMTQBB34.pcm
SwiftExplicitDependencyGeneratePcm arm64 /Users/admin/builder/spi-builder-workspace/.derivedData/SDKExplicitPrecompiledModules/simd-EH08NODU6574T74ZKU61VP9BW.pcm
SwiftExplicitDependencyGeneratePcm arm64_32 /Users/admin/builder/spi-builder-workspace/.derivedData/SDKExplicitPrecompiledModules/simd-21UNWYOBUZI1LVSQ99S1XBLMO.pcm
SwiftExplicitDependencyGeneratePcm arm64_32 /Users/admin/builder/spi-builder-workspace/.derivedData/SDKExplicitPrecompiledModules/ObjectiveC-6IJNELR2E80E7LUKESVCP2KET.pcm
SwiftExplicitDependencyGeneratePcm arm64_32 /Users/admin/builder/spi-builder-workspace/.derivedData/SDKExplicitPrecompiledModules/MachO-56838ZJ0NC1EBAJ0O6O8QMPDX.pcm
SwiftExplicitDependencyGeneratePcm arm64 /Users/admin/builder/spi-builder-workspace/.derivedData/SDKExplicitPrecompiledModules/ObjectiveC-72IVD3VS2RS8Q28D9PIMY0KQP.pcm
SwiftExplicitDependencyGeneratePcm arm64 /Users/admin/builder/spi-builder-workspace/.derivedData/SDKExplicitPrecompiledModules/MachO-2U90NNSAQILBNBPS1SA4F8TYP.pcm
SwiftExplicitDependencyGeneratePcm arm64_32 /Users/admin/builder/spi-builder-workspace/.derivedData/SDKExplicitPrecompiledModules/os_object-5YWTC6L4756IWSTPGXS5NM0D0.pcm
SwiftExplicitDependencyGeneratePcm arm64 /Users/admin/builder/spi-builder-workspace/.derivedData/SDKExplicitPrecompiledModules/os_object-3SDKD7F87FTZ26OON37DRYT6O.pcm
SwiftExplicitDependencyGeneratePcm arm64_32 /Users/admin/builder/spi-builder-workspace/.derivedData/SDKExplicitPrecompiledModules/os_workgroup-5JHTPDMNBUNHLJI8LPHKQK1JK.pcm
SwiftExplicitDependencyGeneratePcm arm64 /Users/admin/builder/spi-builder-workspace/.derivedData/SDKExplicitPrecompiledModules/os_workgroup-89GG5G7YC2D0ZTK6AZXXQ20DH.pcm
SwiftExplicitDependencyGeneratePcm arm64 /Users/admin/builder/spi-builder-workspace/.derivedData/SDKExplicitPrecompiledModules/Spatial-44FJGYXFAT2AQAW9Z6T7YS02U.pcm
SwiftExplicitDependencyGeneratePcm arm64_32 /Users/admin/builder/spi-builder-workspace/.derivedData/SDKExplicitPrecompiledModules/Spatial-CWVWNML3T0NXVHZDKVLD3X1YZ.pcm
SwiftExplicitDependencyGeneratePcm arm64_32 /Users/admin/builder/spi-builder-workspace/.derivedData/SDKExplicitPrecompiledModules/Dispatch-2P62F1T4XV63S4P99TUDTOK2Q.pcm
SwiftExplicitDependencyGeneratePcm arm64 /Users/admin/builder/spi-builder-workspace/.derivedData/SDKExplicitPrecompiledModules/Dispatch-1NLJOVAK60XP0DUB05XA59EIM.pcm
SwiftExplicitDependencyGeneratePcm arm64_32 /Users/admin/builder/spi-builder-workspace/.derivedData/SDKExplicitPrecompiledModules/XPC-81Y45QFY96XYYFCW2GT6FY8S4.pcm
SwiftExplicitDependencyGeneratePcm arm64_32 /Users/admin/builder/spi-builder-workspace/.derivedData/SDKExplicitPrecompiledModules/CoreFoundation-8E6Y4BA3EXYKUGJ24GT9LGV3N.pcm
SwiftExplicitDependencyGeneratePcm arm64 /Users/admin/builder/spi-builder-workspace/.derivedData/SDKExplicitPrecompiledModules/CoreFoundation-8T2L24YC5NU7WO6WQJWRY7W08.pcm
SwiftExplicitDependencyGeneratePcm arm64 /Users/admin/builder/spi-builder-workspace/.derivedData/SDKExplicitPrecompiledModules/XPC-40DR0X1DHKGCV4J1IOLFS8MOU.pcm
SwiftExplicitDependencyGeneratePcm arm64 /Users/admin/builder/spi-builder-workspace/.derivedData/SDKExplicitPrecompiledModules/os-5DIL6Z9LFIGLMZAHM7X2T5435.pcm
SwiftExplicitDependencyGeneratePcm arm64_32 /Users/admin/builder/spi-builder-workspace/.derivedData/SDKExplicitPrecompiledModules/os-E5IGB442IA6SBB25TTCOLK2OC.pcm
SwiftExplicitDependencyGeneratePcm arm64 /Users/admin/builder/spi-builder-workspace/.derivedData/SDKExplicitPrecompiledModules/CoreGraphics-DWNZ73GEH98SBJXZ7DEXB420K.pcm
SwiftExplicitDependencyGeneratePcm arm64 /Users/admin/builder/spi-builder-workspace/.derivedData/SDKExplicitPrecompiledModules/Security-6RZ6YBRU8WCUHRFFRVUK5WKMM.pcm
SwiftExplicitDependencyGeneratePcm arm64_32 /Users/admin/builder/spi-builder-workspace/.derivedData/SDKExplicitPrecompiledModules/Security-D7TOWF88VWF67TB9HAFP5UWB1.pcm
SwiftExplicitDependencyGeneratePcm arm64_32 /Users/admin/builder/spi-builder-workspace/.derivedData/SDKExplicitPrecompiledModules/CoreGraphics-9FDXYX6BKBUT6TJ2VF819E7T5.pcm
SwiftExplicitDependencyGeneratePcm arm64 /Users/admin/builder/spi-builder-workspace/.derivedData/SDKExplicitPrecompiledModules/Foundation-DLBKUSGXN8QHAT8W0OARR9S8A.pcm
SwiftExplicitDependencyGeneratePcm arm64_32 /Users/admin/builder/spi-builder-workspace/.derivedData/SDKExplicitPrecompiledModules/Foundation-BJ2VQGI3OGR34500MEQ1VKHPH.pcm
SwiftExplicitDependencyGeneratePcm arm64 /Users/admin/builder/spi-builder-workspace/.derivedData/SDKExplicitPrecompiledModules/CoreVideo-8MRR5MNWUOAW2DBPGUQ8FKK4.pcm
SwiftExplicitDependencyGeneratePcm arm64 /Users/admin/builder/spi-builder-workspace/.derivedData/SDKExplicitPrecompiledModules/CoreText-970YJN6NIYGK1316L35Z0O8QT.pcm
SwiftExplicitDependencyGeneratePcm arm64_32 /Users/admin/builder/spi-builder-workspace/.derivedData/SDKExplicitPrecompiledModules/CoreVideo-2P8HI0403J99LBDPKNFJ5D4DL.pcm
SwiftExplicitDependencyGeneratePcm arm64_32 /Users/admin/builder/spi-builder-workspace/.derivedData/SDKExplicitPrecompiledModules/CoreText-C9X2REPZN2V5BSU4G80FCETDR.pcm
SwiftExplicitDependencyGeneratePcm arm64 /Users/admin/builder/spi-builder-workspace/.derivedData/SDKExplicitPrecompiledModules/UniformTypeIdentifiers-8L08Q8DQJV8C4AW84YVGFGTRN.pcm
SwiftExplicitDependencyGeneratePcm arm64 /Users/admin/builder/spi-builder-workspace/.derivedData/SDKExplicitPrecompiledModules/CoreTransferable-9PPG3SLJ55T4LITIFYX2M0NOZ.pcm
SwiftExplicitDependencyGeneratePcm arm64 /Users/admin/builder/spi-builder-workspace/.derivedData/SDKExplicitPrecompiledModules/UserNotifications-ARAH8MEQ0C2L0FBO39HITJMAO.pcm
SwiftExplicitDependencyGeneratePcm arm64 /Users/admin/builder/spi-builder-workspace/.derivedData/SDKExplicitPrecompiledModules/DataDetection-7BNVI1SZW5ISQL5SX4WL2X7I5.pcm
SwiftExplicitDependencyGeneratePcm arm64 /Users/admin/builder/spi-builder-workspace/.derivedData/SDKExplicitPrecompiledModules/UIUtilities-IR7RNW23VAUKYI9MLCS9NL9A.pcm
SwiftExplicitDependencyGeneratePcm arm64 /Users/admin/builder/spi-builder-workspace/.derivedData/SDKExplicitPrecompiledModules/_LocationEssentials-5ZZDGDXB6HLQUC72SJW7YJ7MK.pcm
SwiftExplicitDependencyGeneratePcm arm64 /Users/admin/builder/spi-builder-workspace/.derivedData/SDKExplicitPrecompiledModules/Accessibility-27QMG6ZQ1NKYTNBYFPM1XKNFC.pcm
SwiftExplicitDependencyGeneratePcm arm64 /Users/admin/builder/spi-builder-workspace/.derivedData/SDKExplicitPrecompiledModules/QuartzCore-94KFMWNOU7ZLUZNB4T5DLZC9D.pcm
SwiftExplicitDependencyGeneratePcm arm64 /Users/admin/builder/spi-builder-workspace/.derivedData/SDKExplicitPrecompiledModules/OSLog-B7VGO357Y3GJG35TST7DKDSI3.pcm
SwiftExplicitDependencyGeneratePcm arm64 /Users/admin/builder/spi-builder-workspace/.derivedData/SDKExplicitPrecompiledModules/Symbols-3EFABTJ9L5PQDJ7RQCYQWEJMM.pcm
SwiftExplicitDependencyGeneratePcm arm64_32 /Users/admin/builder/spi-builder-workspace/.derivedData/SDKExplicitPrecompiledModules/QuartzCore-6375NPYACK5NYVHPMC1QQ8MC2.pcm
SwiftExplicitDependencyGeneratePcm arm64_32 /Users/admin/builder/spi-builder-workspace/.derivedData/SDKExplicitPrecompiledModules/UIUtilities-9YFVNIMRC5HRVOIARNWHP1E3H.pcm
SwiftExplicitDependencyGeneratePcm arm64_32 /Users/admin/builder/spi-builder-workspace/.derivedData/SDKExplicitPrecompiledModules/Symbols-1H97WMG76HU94F5VGJR19PXFY.pcm
SwiftExplicitDependencyGeneratePcm arm64_32 /Users/admin/builder/spi-builder-workspace/.derivedData/SDKExplicitPrecompiledModules/UniformTypeIdentifiers-CJZ3NTHPSBH4XWX5EVOG56UZS.pcm
SwiftExplicitDependencyGeneratePcm arm64_32 /Users/admin/builder/spi-builder-workspace/.derivedData/SDKExplicitPrecompiledModules/OSLog-D9AVFY0KWO7RVBIQ73CBIJVCN.pcm
SwiftExplicitDependencyGeneratePcm arm64_32 /Users/admin/builder/spi-builder-workspace/.derivedData/SDKExplicitPrecompiledModules/DataDetection-U9BF7WHFVA6BZGFXXXP272PS.pcm
SwiftExplicitDependencyGeneratePcm arm64_32 /Users/admin/builder/spi-builder-workspace/.derivedData/SDKExplicitPrecompiledModules/_LocationEssentials-AQ1OL9QKC3LQLY5CNSRM1HB53.pcm
SwiftExplicitDependencyGeneratePcm arm64_32 /Users/admin/builder/spi-builder-workspace/.derivedData/SDKExplicitPrecompiledModules/CoreTransferable-5D4IR6X37682FPHJ5CBPTKQV6.pcm
SwiftExplicitDependencyGeneratePcm arm64_32 /Users/admin/builder/spi-builder-workspace/.derivedData/SDKExplicitPrecompiledModules/UserNotifications-6TBN8TEAKO014N1T2QD926XED.pcm
SwiftExplicitDependencyGeneratePcm arm64 /Users/admin/builder/spi-builder-workspace/.derivedData/SDKExplicitPrecompiledModules/CoreLocation-ACKJ9K7ABI14F97Y46Y6SRR17.pcm
SwiftExplicitDependencyGeneratePcm arm64 /Users/admin/builder/spi-builder-workspace/.derivedData/SDKExplicitPrecompiledModules/SwiftUICore-C1DST1IX2Z0PTH5SJJZ1IULRB.pcm
SwiftExplicitDependencyGeneratePcm arm64_32 /Users/admin/builder/spi-builder-workspace/.derivedData/SDKExplicitPrecompiledModules/Accessibility-F385OMZ5GYBUY5O4QAJB4NRII.pcm
SwiftExplicitDependencyGeneratePcm arm64_32 /Users/admin/builder/spi-builder-workspace/.derivedData/SDKExplicitPrecompiledModules/CoreLocation-8XU5YMYM4P11RQMYCQAG65ITK.pcm
SwiftExplicitDependencyGeneratePcm arm64_32 /Users/admin/builder/spi-builder-workspace/.derivedData/SDKExplicitPrecompiledModules/SwiftUICore-3Q7WLRD8MR9R3NGIPUBQCP6F6.pcm
SwiftExplicitDependencyGeneratePcm arm64 /Users/admin/builder/spi-builder-workspace/.derivedData/SDKExplicitPrecompiledModules/CoreMotion-6RD5K48QT1F4L9CATNFD2O7YB.pcm
SwiftExplicitDependencyGeneratePcm arm64_32 /Users/admin/builder/spi-builder-workspace/.derivedData/SDKExplicitPrecompiledModules/CoreMotion-1XGTVTE5PP32UHME8AC63TL6.pcm
SwiftExplicitDependencyGeneratePcm arm64 /Users/admin/builder/spi-builder-workspace/.derivedData/SDKExplicitPrecompiledModules/UIKit-27R3P1YMV4C6JLDT661G3MRIA.pcm
SwiftExplicitDependencyGeneratePcm arm64_32 /Users/admin/builder/spi-builder-workspace/.derivedData/SDKExplicitPrecompiledModules/UIKit-6PPV7YPZ89CZPHYAP072QH8B6.pcm
SwiftEmitModule normal arm64 Emitting\ module\ for\ TwilioVerifySDK (in target 'TwilioVerifySDK' from project 'TwilioVerifySDK')
SwiftCompile normal arm64 (in target 'TwilioVerifySDK' from project 'TwilioVerifySDK')
cd /Users/admin/builder/spi-builder-workspace/.swiftpm/xcode
SwiftCompile normal arm64 Compiling\ Authentication.swift,\ BasicAuthorization.swift,\ HTTPHeaders.swift,\ HTTPMethod.swift,\ MediaType.swift,\ NetworkAdapter.swift /Users/admin/builder/spi-builder-workspace/TwilioVerifySDK/TwilioVerify/Sources/Networking/Authentication.swift /Users/admin/builder/spi-builder-workspace/TwilioVerifySDK/TwilioVerify/Sources/Networking/BasicAuthorization.swift /Users/admin/builder/spi-builder-workspace/TwilioVerifySDK/TwilioVerify/Sources/Networking/HTTPHeaders.swift /Users/admin/builder/spi-builder-workspace/TwilioVerifySDK/TwilioVerify/Sources/Networking/HTTPMethod.swift /Users/admin/builder/spi-builder-workspace/TwilioVerifySDK/TwilioVerify/Sources/Networking/MediaType.swift /Users/admin/builder/spi-builder-workspace/TwilioVerifySDK/TwilioVerify/Sources/Networking/NetworkAdapter.swift (in target 'TwilioVerifySDK' from project 'TwilioVerifySDK')
SwiftCompile normal arm64 /Users/admin/builder/spi-builder-workspace/TwilioVerifySDK/TwilioVerify/Sources/Networking/Authentication.swift (in target 'TwilioVerifySDK' from project 'TwilioVerifySDK')
cd /Users/admin/builder/spi-builder-workspace/.swiftpm/xcode
builtin-SwiftPerFileCompile Authentication.swift
SwiftCompile normal arm64 /Users/admin/builder/spi-builder-workspace/TwilioVerifySDK/TwilioVerify/Sources/Networking/BasicAuthorization.swift (in target 'TwilioVerifySDK' from project 'TwilioVerifySDK')
cd /Users/admin/builder/spi-builder-workspace/.swiftpm/xcode
builtin-SwiftPerFileCompile BasicAuthorization.swift
SwiftCompile normal arm64 /Users/admin/builder/spi-builder-workspace/TwilioVerifySDK/TwilioVerify/Sources/Networking/HTTPHeaders.swift (in target 'TwilioVerifySDK' from project 'TwilioVerifySDK')
cd /Users/admin/builder/spi-builder-workspace/.swiftpm/xcode
builtin-SwiftPerFileCompile HTTPHeaders.swift
SwiftCompile normal arm64 /Users/admin/builder/spi-builder-workspace/TwilioVerifySDK/TwilioVerify/Sources/Networking/HTTPMethod.swift (in target 'TwilioVerifySDK' from project 'TwilioVerifySDK')
cd /Users/admin/builder/spi-builder-workspace/.swiftpm/xcode
builtin-SwiftPerFileCompile HTTPMethod.swift
SwiftCompile normal arm64 /Users/admin/builder/spi-builder-workspace/TwilioVerifySDK/TwilioVerify/Sources/Networking/MediaType.swift (in target 'TwilioVerifySDK' from project 'TwilioVerifySDK')
cd /Users/admin/builder/spi-builder-workspace/.swiftpm/xcode
builtin-SwiftPerFileCompile MediaType.swift
SwiftCompile normal arm64 /Users/admin/builder/spi-builder-workspace/TwilioVerifySDK/TwilioVerify/Sources/Networking/NetworkAdapter.swift (in target 'TwilioVerifySDK' from project 'TwilioVerifySDK')
cd /Users/admin/builder/spi-builder-workspace/.swiftpm/xcode
builtin-SwiftPerFileCompile NetworkAdapter.swift
SwiftCompile normal arm64 Compiling\ NetworkProvider+Models.swift,\ Parameters.swift,\ RequestHelper.swift,\ URLRequestBuilder.swift,\ TwilioVerifyConfig.swift,\ TwilioVerifyError.swift /Users/admin/builder/spi-builder-workspace/TwilioVerifySDK/TwilioVerify/Sources/Networking/NetworkProvider+Models.swift /Users/admin/builder/spi-builder-workspace/TwilioVerifySDK/TwilioVerify/Sources/Networking/Parameters.swift /Users/admin/builder/spi-builder-workspace/TwilioVerifySDK/TwilioVerify/Sources/Networking/RequestHelper.swift /Users/admin/builder/spi-builder-workspace/TwilioVerifySDK/TwilioVerify/Sources/Networking/URLRequestBuilder.swift /Users/admin/builder/spi-builder-workspace/TwilioVerifySDK/TwilioVerify/Sources/TwilioVerifyConfig.swift /Users/admin/builder/spi-builder-workspace/TwilioVerifySDK/TwilioVerify/Sources/TwilioVerifyError.swift (in target 'TwilioVerifySDK' from project 'TwilioVerifySDK')
/Users/admin/builder/spi-builder-workspace/TwilioVerifySDK/TwilioVerify/Sources/Networking/RequestHelper.swift:37:46: error: 'UIDevice' is unavailable in watchOS
35 | let appVersionName = appInfo?[Constants.appBundleShortVersionString] as? String ?? Constants.unknown
36 | let appBuildCode = appInfo?[Constants.appBundleVersion] as? String ?? Constants.unknown
37 | let osVersion = "\(Constants.platform) \(UIDevice.current.systemVersion)"
| `- error: 'UIDevice' is unavailable in watchOS
38 | let device = UIDevice.current.model
39 | let sdkName = Constants.sdkBundleName
/Applications/Xcode-27.0.0-Release.Candidate.app/Contents/Developer/Platforms/WatchOS.platform/Developer/SDKs/WatchOS27.0.sdk/System/Library/Frameworks/UIKit.framework/Headers/UIDevice.h:35:12: note: 'UIDevice' has been explicitly marked unavailable here
33 |
34 | UIKIT_EXTERN API_AVAILABLE(ios(2.0)) API_UNAVAILABLE(watchos) NS_SWIFT_UI_ACTOR
35 | @interface UIDevice : NSObject
| `- note: 'UIDevice' has been explicitly marked unavailable here
36 |
37 | @property(class, nonatomic, readonly) UIDevice *currentDevice;
/Users/admin/builder/spi-builder-workspace/TwilioVerifySDK/TwilioVerify/Sources/Networking/RequestHelper.swift:38:18: error: 'UIDevice' is unavailable in watchOS
36 | let appBuildCode = appInfo?[Constants.appBundleVersion] as? String ?? Constants.unknown
37 | let osVersion = "\(Constants.platform) \(UIDevice.current.systemVersion)"
38 | let device = UIDevice.current.model
| `- error: 'UIDevice' is unavailable in watchOS
39 | let sdkName = Constants.sdkBundleName
40 | let sdkVersionName = Constants.sdkVersion
/Applications/Xcode-27.0.0-Release.Candidate.app/Contents/Developer/Platforms/WatchOS.platform/Developer/SDKs/WatchOS27.0.sdk/System/Library/Frameworks/UIKit.framework/Headers/UIDevice.h:35:12: note: 'UIDevice' has been explicitly marked unavailable here
33 |
34 | UIKIT_EXTERN API_AVAILABLE(ios(2.0)) API_UNAVAILABLE(watchos) NS_SWIFT_UI_ACTOR
35 | @interface UIDevice : NSObject
| `- note: 'UIDevice' has been explicitly marked unavailable here
36 |
37 | @property(class, nonatomic, readonly) UIDevice *currentDevice;
Failed frontend command:
SwiftCompile normal arm64 /Users/admin/builder/spi-builder-workspace/TwilioVerifySDK/TwilioVerify/Sources/Networking/NetworkProvider+Models.swift (in target 'TwilioVerifySDK' from project 'TwilioVerifySDK')
cd /Users/admin/builder/spi-builder-workspace/.swiftpm/xcode
builtin-SwiftPerFileCompile NetworkProvider+Models.swift
SwiftCompile normal arm64 /Users/admin/builder/spi-builder-workspace/TwilioVerifySDK/TwilioVerify/Sources/Networking/Parameters.swift (in target 'TwilioVerifySDK' from project 'TwilioVerifySDK')
cd /Users/admin/builder/spi-builder-workspace/.swiftpm/xcode
builtin-SwiftPerFileCompile Parameters.swift
SwiftCompile normal arm64 /Users/admin/builder/spi-builder-workspace/TwilioVerifySDK/TwilioVerify/Sources/Networking/RequestHelper.swift (in target 'TwilioVerifySDK' from project 'TwilioVerifySDK')
cd /Users/admin/builder/spi-builder-workspace/.swiftpm/xcode
builtin-SwiftPerFileCompile RequestHelper.swift
SwiftCompile normal arm64 /Users/admin/builder/spi-builder-workspace/TwilioVerifySDK/TwilioVerify/Sources/Networking/URLRequestBuilder.swift (in target 'TwilioVerifySDK' from project 'TwilioVerifySDK')
cd /Users/admin/builder/spi-builder-workspace/.swiftpm/xcode
builtin-SwiftPerFileCompile URLRequestBuilder.swift
SwiftCompile normal arm64 /Users/admin/builder/spi-builder-workspace/TwilioVerifySDK/TwilioVerify/Sources/TwilioVerifyConfig.swift (in target 'TwilioVerifySDK' from project 'TwilioVerifySDK')
cd /Users/admin/builder/spi-builder-workspace/.swiftpm/xcode
builtin-SwiftPerFileCompile TwilioVerifyConfig.swift
SwiftCompile normal arm64 /Users/admin/builder/spi-builder-workspace/TwilioVerifySDK/TwilioVerify/Sources/TwilioVerifyError.swift (in target 'TwilioVerifySDK' from project 'TwilioVerifySDK')
cd /Users/admin/builder/spi-builder-workspace/.swiftpm/xcode
builtin-SwiftPerFileCompile TwilioVerifyError.swift
/Applications/Xcode-27.0.0-Release.Candidate.app/Contents/Developer/Toolchains/XcodeDefault.xctoolchain/usr/bin/swift-frontend -frontend -c /Users/admin/builder/spi-builder-workspace/TwilioVerifySDK/TwilioSecurity/Sources/Key/KeyPair.swift /Users/admin/builder/spi-builder-workspace/TwilioVerifySDK/TwilioSecurity/Sources/Key/Signer/ECSigner.swift /Users/admin/builder/spi-builder-workspace/TwilioVerifySDK/TwilioSecurity/Sources/Key/Template/ECP256SignerTemplate.swift /Users/admin/builder/spi-builder-workspace/TwilioVerifySDK/TwilioSecurity/Sources/Key/Template/Template.swift /Users/admin/builder/spi-builder-workspace/TwilioVerifySDK/TwilioSecurity/Sources/Keychain/KeyManager.swift /Users/admin/builder/spi-builder-workspace/TwilioVerifySDK/TwilioSecurity/Sources/Keychain/Keychain.swift /Users/admin/builder/spi-builder-workspace/TwilioVerifySDK/TwilioSecurity/Sources/Keychain/KeychainQuery.swift /Users/admin/builder/spi-builder-workspace/TwilioVerifySDK/TwilioSecurity/Sources/Storage/SecureStorage.swift /Users/admin/builder/spi-builder-workspace/TwilioVerifySDK/TwilioVerify/Sources/API/APIConstants.swift /Users/admin/builder/spi-builder-workspace/TwilioVerifySDK/TwilioVerify/Sources/API/BaseAPIClient.swift /Users/admin/builder/spi-builder-workspace/TwilioVerifySDK/TwilioVerify/Sources/API/ChallengeAPIClient.swift /Users/admin/builder/spi-builder-workspace/TwilioVerifySDK/TwilioVerify/Sources/API/FactorAPIClient.swift /Users/admin/builder/spi-builder-workspace/TwilioVerifySDK/TwilioVerify/Sources/Data/DateProvider.swift /Users/admin/builder/spi-builder-workspace/TwilioVerifySDK/TwilioVerify/Sources/Data/JWT/JwtGenerator.swift /Users/admin/builder/spi-builder-workspace/TwilioVerifySDK/TwilioVerify/Sources/Data/JWT/JwtSigner.swift /Users/admin/builder/spi-builder-workspace/TwilioVerifySDK/TwilioVerify/Sources/Data/KeyStorage.swift /Users/admin/builder/spi-builder-workspace/TwilioVerifySDK/TwilioVerify/Sources/Data/Migration.swift /Users/admin/builder/spi-builder-workspace/TwilioVerifySDK/TwilioVerify/Sources/Data/Storage+AccessGroup.swift /Users/admin/builder/spi-builder-workspace/TwilioVerifySDK/TwilioVerify/Sources/Data/Storage+QueryMode.swift /Users/admin/builder/spi-builder-workspace/TwilioVerifySDK/TwilioVerify/Sources/Data/Storage.swift /Users/admin/builder/spi-builder-workspace/TwilioVerifySDK/TwilioVerify/Sources/Data/StorageProvider.swift /Users/admin/builder/spi-builder-workspace/TwilioVerifySDK/TwilioVerify/Sources/Domain/Challenge/ChallengeFacade.swift /Users/admin/builder/spi-builder-workspace/TwilioVerifySDK/TwilioVerify/Sources/Domain/Challenge/ChallengeListMapper.swift /Users/admin/builder/spi-builder-workspace/TwilioVerifySDK/TwilioVerify/Sources/Domain/Challenge/ChallengeMapper.swift /Users/admin/builder/spi-builder-workspace/TwilioVerifySDK/TwilioVerify/Sources/Domain/Challenge/ChallengeRepository.swift /Users/admin/builder/spi-builder-workspace/TwilioVerifySDK/TwilioVerify/Sources/Domain/Challenge/Models/DTO/ChallengeDTO.swift /Users/admin/builder/spi-builder-workspace/TwilioVerifySDK/TwilioVerify/Sources/Domain/Challenge/Models/DTO/ChallengeListDTO.swift /Users/admin/builder/spi-builder-workspace/TwilioVerifySDK/TwilioVerify/Sources/Domain/Challenge/Models/FactorChallenge.swift /Users/admin/builder/spi-builder-workspace/TwilioVerifySDK/TwilioVerify/Sources/Domain/Challenge/PushChallengeProcessor.swift /Users/admin/builder/spi-builder-workspace/TwilioVerifySDK/TwilioVerify/Sources/Domain/Factor/FactorFacade.swift /Users/admin/builder/spi-builder-workspace/TwilioVerifySDK/TwilioVerify/Sources/Domain/Factor/FactorMapper.swift /Users/admin/builder/spi-builder-workspace/TwilioVerifySDK/TwilioVerify/Sources/Domain/Factor/FactorMigrations.swift /Users/admin/builder/spi-builder-workspace/TwilioVerifySDK/TwilioVerify/Sources/Domain/Factor/FactorRepository.swift /Users/admin/builder/spi-builder-workspace/TwilioVerifySDK/TwilioVerify/Sources/Domain/Factor/MapperError.swift /Users/admin/builder/spi-builder-workspace/TwilioVerifySDK/TwilioVerify/Sources/Domain/Factor/Models/DTOs/PushFactorDTO.swift /Users/admin/builder/spi-builder-workspace/TwilioVerifySDK/TwilioVerify/Sources/Domain/Factor/Models/FactorDataPayload.swift /Users/admin/builder/spi-builder-workspace/TwilioVerifySDK/TwilioVerify/Sources/Domain/Factor/Models/PushFactor.swift /Users/admin/builder/spi-builder-workspace/TwilioVerifySDK/TwilioVerify/Sources/Domain/Factor/PushFactory.swift /Users/admin/builder/spi-builder-workspace/TwilioVerifySDK/TwilioVerify/Sources/Domain/Manager/TwilioVerify.swift /Users/admin/builder/spi-builder-workspace/TwilioVerifySDK/TwilioVerify/Sources/Domain/Manager/TwilioVerifyManager.swift /Users/admin/builder/spi-builder-workspace/TwilioVerifySDK/TwilioVerify/Sources/Errors/NetworkError.swift /Users/admin/builder/spi-builder-workspace/TwilioVerifySDK/TwilioVerify/Sources/Errors/OperationErrors.swift /Users/admin/builder/spi-builder-workspace/TwilioVerifySDK/TwilioVerify/Sources/Extensions/DateFormatter+Extensions.swift /Users/admin/builder/spi-builder-workspace/TwilioVerifySDK/TwilioVerify/Sources/Extensions/StringInterpolation+Extensions.swift /Users/admin/builder/spi-builder-workspace/TwilioVerifySDK/TwilioVerify/Sources/Logger/DefaultLogger.swift /Users/admin/builder/spi-builder-workspace/TwilioVerifySDK/TwilioVerify/Sources/Logger/Logger.swift /Users/admin/builder/spi-builder-workspace/TwilioVerifySDK/TwilioVerify/Sources/Logger/OSLogWrapper.swift /Users/admin/builder/spi-builder-workspace/TwilioVerifySDK/TwilioVerify/Sources/Models/Challenge.swift /Users/admin/builder/spi-builder-workspace/TwilioVerifySDK/TwilioVerify/Sources/Models/ChallengeList.swift /Users/admin/builder/spi-builder-workspace/TwilioVerifySDK/TwilioVerify/Sources/Models/ChallengeListPayload.swift /Users/admin/builder/spi-builder-workspace/TwilioVerifySDK/TwilioVerify/Sources/Models/Factor.swift /Users/admin/builder/spi-builder-workspace/TwilioVerifySDK/TwilioVerify/Sources/Models/FactorPayload.swift /Users/admin/builder/spi-builder-workspace/TwilioVerifySDK/TwilioVerify/Sources/Models/Metadata.swift /Users/admin/builder/spi-builder-workspace/TwilioVerifySDK/TwilioVerify/Sources/Models/UpdateChallengePayload.swift /Users/admin/builder/spi-builder-workspace/TwilioVerifySDK/TwilioVerify/Sources/Models/UpdateFactorPayload.swift /Users/admin/builder/spi-builder-workspace/TwilioVerifySDK/TwilioVerify/Sources/Models/VerifyFactorPayload.swift /Users/admin/builder/spi-builder-workspace/TwilioVerifySDK/TwilioVerify/Sources/Networking/Authentication.swift /Users/admin/builder/spi-builder-workspace/TwilioVerifySDK/TwilioVerify/Sources/Networking/BasicAuthorization.swift /Users/admin/builder/spi-builder-workspace/TwilioVerifySDK/TwilioVerify/Sources/Networking/HTTPHeaders.swift /Users/admin/builder/spi-builder-workspace/TwilioVerifySDK/TwilioVerify/Sources/Networking/HTTPMethod.swift /Users/admin/builder/spi-builder-workspace/TwilioVerifySDK/TwilioVerify/Sources/Networking/MediaType.swift /Users/admin/builder/spi-builder-workspace/TwilioVerifySDK/TwilioVerify/Sources/Networking/NetworkAdapter.swift -primary-file /Users/admin/builder/spi-builder-workspace/TwilioVerifySDK/TwilioVerify/Sources/Networking/NetworkProvider+Models.swift -primary-file /Users/admin/builder/spi-builder-workspace/TwilioVerifySDK/TwilioVerify/Sources/Networking/Parameters.swift -primary-file /Users/admin/builder/spi-builder-workspace/TwilioVerifySDK/TwilioVerify/Sources/Networking/RequestHelper.swift -primary-file /Users/admin/builder/spi-builder-workspace/TwilioVerifySDK/TwilioVerify/Sources/Networking/URLRequestBuilder.swift -primary-file /Users/admin/builder/spi-builder-workspace/TwilioVerifySDK/TwilioVerify/Sources/TwilioVerifyConfig.swift -primary-file /Users/admin/builder/spi-builder-workspace/TwilioVerifySDK/TwilioVerify/Sources/TwilioVerifyError.swift -supplementary-output-file-map /Users/admin/builder/spi-builder-workspace/.derivedData/Build/Intermediates.noindex/TwilioVerifySDK.build/Debug-watchos/TwilioVerifySDK-t.build/Objects-normal/arm64/supplementaryOutputs-18 -target arm64-apple-watchos9.0 -disable-cross-import-overlay-search -load-resolved-plugin /Applications/Xcode-27.0.0-Release.Candidate.app/Contents/Developer/Platforms/WatchOS.platform/Developer/usr/lib/swift/host/plugins/libFoundationMacros.dylib\#/Applications/Xcode-27.0.0-Release.Candidate.app/Contents/Developer/Platforms/WatchOS.platform/Developer/usr/bin/swift-plugin-server\#FoundationMacros -load-resolved-plugin /Applications/Xcode-27.0.0-Release.Candidate.app/Contents/Developer/Platforms/WatchOS.platform/Developer/usr/lib/swift/host/plugins/libObservationMacros.dylib\#/Applications/Xcode-27.0.0-Release.Candidate.app/Contents/Developer/Platforms/WatchOS.platform/Developer/usr/bin/swift-plugin-server\#ObservationMacros -load-resolved-plugin /Applications/Xcode-27.0.0-Release.Candidate.app/Contents/Developer/Platforms/WatchOS.platform/Developer/usr/lib/swift/host/plugins/libSwiftMacros.dylib\#/Applications/Xcode-27.0.0-Release.Candidate.app/Contents/Developer/Platforms/WatchOS.platform/Developer/usr/bin/swift-plugin-server\#SwiftMacros -load-resolved-plugin /Applications/Xcode-27.0.0-Release.Candidate.app/Contents/Developer/Platforms/WatchOS.platform/Developer/usr/lib/swift/host/plugins/libSwiftUIMacros.dylib\#/Applications/Xcode-27.0.0-Release.Candidate.app/Contents/Developer/Platforms/WatchOS.platform/Developer/usr/bin/swift-plugin-server\#SwiftUIMacros -disable-implicit-swift-modules -Xcc -fno-implicit-modules -Xcc -fno-implicit-module-maps -explicit-swift-module-map-file /Users/admin/builder/spi-builder-workspace/.derivedData/Build/Intermediates.noindex/TwilioVerifySDK.build/Debug-watchos/TwilioVerifySDK-t.build/Objects-normal/arm64/TwilioVerifySDK-dependencies-2.json -Xllvm -aarch64-use-tbi -enable-objc-interop -stack-check -sdk /Applications/Xcode-27.0.0-Release.Candidate.app/Contents/Developer/Platforms/WatchOS.platform/Developer/SDKs/WatchOS27.0.sdk -I /Users/admin/builder/spi-builder-workspace/.derivedData/Build/Products/Debug-watchos -Isystem /Applications/Xcode-27.0.0-Release.Candidate.app/Contents/Developer/Platforms/WatchOS.platform/Developer/usr/lib -F /Users/admin/builder/spi-builder-workspace/.derivedData/Build/Products/Debug-watchos -F /Applications/Xcode-27.0.0-Release.Candidate.app/Contents/Developer/Platforms/WatchOS.platform/Developer/Library/Frameworks -F /Applications/Xcode-27.0.0-Release.Candidate.app/Contents/Developer/Platforms/WatchOS.platform/Developer/SDKs/WatchOS27.0.sdk/Developer/Library/Frameworks -module-cache-path /Users/admin/builder/spi-builder-workspace/.derivedData/Build/Intermediates.noindex/SwiftExplicitPrecompiledModules -no-color-diagnostics -Xcc -fno-color-diagnostics -enable-testing -g -debug-info-format\=dwarf -dwarf-version\=4 -profile-generate -profile-coverage-mapping -swift-version 5 -Onone -D SWIFT_PACKAGE -D DEBUG -D SWIFT_MODULE_RESOURCE_BUNDLE_UNAVAILABLE -D Xcode -serialize-debugging-options -enable-experimental-feature DebugDescriptionMacro -empty-abi-descriptor -validate-clang-modules-once -clang-build-session-file /Users/admin/builder/spi-builder-workspace/.derivedData/ModuleCache.noindex/Session.modulevalidation -Xcc -working-directory -Xcc /Users/admin/builder/spi-builder-workspace/.swiftpm/xcode -enable-anonymous-context-mangled-names -file-compilation-dir /Users/admin/builder/spi-builder-workspace/.swiftpm/xcode -Xcc -D_LIBCPP_HARDENING_MODE\=_LIBCPP_HARDENING_MODE_DEBUG -Xcc -ivfsstatcache -Xcc /Users/admin/builder/spi-builder-workspace/.derivedData/SDKStatCaches.noindex/watchos27.0-24R360-e829b21a6f8c9b70876ba0858053c04477534ef55a1706bf4c1112bbb242f0a2.sdkstatcache -Xcc -fmodules-prune-interval\=86400 -Xcc -fmodules-prune-after\=345600 -Xcc -I/Users/admin/builder/spi-builder-workspace/.derivedData/Build/Products/Debug-watchos/include -Xcc -I/Users/admin/builder/spi-builder-workspace/.derivedData/Build/Intermediates.noindex/TwilioVerifySDK.build/Debug-watchos/TwilioVerifySDK-t.build/DerivedSources-normal/arm64 -Xcc -I/Users/admin/builder/spi-builder-workspace/.derivedData/Build/Intermediates.noindex/TwilioVerifySDK.build/Debug-watchos/TwilioVerifySDK-t.build/DerivedSources/arm64 -Xcc -I/Users/admin/builder/spi-builder-workspace/.derivedData/Build/Intermediates.noindex/TwilioVerifySDK.build/Debug-watchos/TwilioVerifySDK-t.build/DerivedSources -Xcc -DSWIFT_PACKAGE -Xcc -DDEBUG\=1 -no-auto-bridging-header-chaining -module-name TwilioVerifySDK -const-gather-protocols-file /Users/admin/builder/spi-builder-workspace/.derivedData/Build/Intermediates.noindex/TwilioVerifySDK.build/Debug-watchos/TwilioVerifySDK-t.build/Objects-normal/arm64/TwilioVerifySDK_const_extract_protocols.json -disable-clang-spi -clang-target arm64-apple-watchos27.0 -target-sdk-version 27.0 -target-sdk-name watchos27.0 -in-process-plugin-server-path /Applications/Xcode-27.0.0-Release.Candidate.app/Contents/Developer/Toolchains/XcodeDefault.xctoolchain/usr/lib/swift/host/libSwiftInProcPluginServer.dylib -parse-as-library -o /Users/admin/builder/spi-builder-workspace/.derivedData/Build/Intermediates.noindex/TwilioVerifySDK.build/Debug-watchos/TwilioVerifySDK-t.build/Objects-normal/arm64/NetworkProvider+Models.o -o /Users/admin/builder/spi-builder-workspace/.derivedData/Build/Intermediates.noindex/TwilioVerifySDK.build/Debug-watchos/TwilioVerifySDK-t.build/Objects-normal/arm64/Parameters.o -o /Users/admin/builder/spi-builder-workspace/.derivedData/Build/Intermediates.noindex/TwilioVerifySDK.build/Debug-watchos/TwilioVerifySDK-t.build/Objects-normal/arm64/RequestHelper.o -o /Users/admin/builder/spi-builder-workspace/.derivedData/Build/Intermediates.noindex/TwilioVerifySDK.build/Debug-watchos/TwilioVerifySDK-t.build/Objects-normal/arm64/URLRequestBuilder.o -o /Users/admin/builder/spi-builder-workspace/.derivedData/Build/Intermediates.noindex/TwilioVerifySDK.build/Debug-watchos/TwilioVerifySDK-t.build/Objects-normal/arm64/TwilioVerifyConfig.o -o /Users/admin/builder/spi-builder-workspace/.derivedData/Build/Intermediates.noindex/TwilioVerifySDK.build/Debug-watchos/TwilioVerifySDK-t.build/Objects-normal/arm64/TwilioVerifyError.o -debug-module-path /Users/admin/builder/spi-builder-workspace/.derivedData/Build/Intermediates.noindex/TwilioVerifySDK.build/Debug-watchos/TwilioVerifySDK-t.build/Objects-normal/arm64/TwilioVerifySDK.swiftmodule -index-unit-output-path /TwilioVerifySDK.build/Debug-watchos/TwilioVerifySDK-t.build/Objects-normal/arm64/NetworkProvider+Models.o -index-unit-output-path /TwilioVerifySDK.build/Debug-watchos/TwilioVerifySDK-t.build/Objects-normal/arm64/Parameters.o -index-unit-output-path /TwilioVerifySDK.build/Debug-watchos/TwilioVerifySDK-t.build/Objects-normal/arm64/RequestHelper.o -index-unit-output-path /TwilioVerifySDK.build/Debug-watchos/TwilioVerifySDK-t.build/Objects-normal/arm64/URLRequestBuilder.o -index-unit-output-path /TwilioVerifySDK.build/Debug-watchos/TwilioVerifySDK-t.build/Objects-normal/arm64/TwilioVerifyConfig.o -index-unit-output-path /TwilioVerifySDK.build/Debug-watchos/TwilioVerifySDK-t.build/Objects-normal/arm64/TwilioVerifyError.o -index-store-path /Users/admin/builder/spi-builder-workspace/.derivedData/Index.noindex/DataStore -index-system-modules
SwiftCompile normal arm64 Compiling\ SecureStorage.swift,\ APIConstants.swift,\ BaseAPIClient.swift,\ ChallengeAPIClient.swift,\ FactorAPIClient.swift,\ DateProvider.swift,\ JwtGenerator.swift /Users/admin/builder/spi-builder-workspace/TwilioVerifySDK/TwilioSecurity/Sources/Storage/SecureStorage.swift /Users/admin/builder/spi-builder-workspace/TwilioVerifySDK/TwilioVerify/Sources/API/APIConstants.swift /Users/admin/builder/spi-builder-workspace/TwilioVerifySDK/TwilioVerify/Sources/API/BaseAPIClient.swift /Users/admin/builder/spi-builder-workspace/TwilioVerifySDK/TwilioVerify/Sources/API/ChallengeAPIClient.swift /Users/admin/builder/spi-builder-workspace/TwilioVerifySDK/TwilioVerify/Sources/API/FactorAPIClient.swift /Users/admin/builder/spi-builder-workspace/TwilioVerifySDK/TwilioVerify/Sources/Data/DateProvider.swift /Users/admin/builder/spi-builder-workspace/TwilioVerifySDK/TwilioVerify/Sources/Data/JWT/JwtGenerator.swift (in target 'TwilioVerifySDK' from project 'TwilioVerifySDK')
SwiftCompile normal arm64 /Users/admin/builder/spi-builder-workspace/TwilioVerifySDK/TwilioSecurity/Sources/Storage/SecureStorage.swift (in target 'TwilioVerifySDK' from project 'TwilioVerifySDK')
cd /Users/admin/builder/spi-builder-workspace/.swiftpm/xcode
builtin-SwiftPerFileCompile SecureStorage.swift
SwiftCompile normal arm64 /Users/admin/builder/spi-builder-workspace/TwilioVerifySDK/TwilioVerify/Sources/API/APIConstants.swift (in target 'TwilioVerifySDK' from project 'TwilioVerifySDK')
cd /Users/admin/builder/spi-builder-workspace/.swiftpm/xcode
builtin-SwiftPerFileCompile APIConstants.swift
SwiftCompile normal arm64 /Users/admin/builder/spi-builder-workspace/TwilioVerifySDK/TwilioVerify/Sources/API/BaseAPIClient.swift (in target 'TwilioVerifySDK' from project 'TwilioVerifySDK')
cd /Users/admin/builder/spi-builder-workspace/.swiftpm/xcode
builtin-SwiftPerFileCompile BaseAPIClient.swift
SwiftCompile normal arm64 /Users/admin/builder/spi-builder-workspace/TwilioVerifySDK/TwilioVerify/Sources/API/ChallengeAPIClient.swift (in target 'TwilioVerifySDK' from project 'TwilioVerifySDK')
cd /Users/admin/builder/spi-builder-workspace/.swiftpm/xcode
builtin-SwiftPerFileCompile ChallengeAPIClient.swift
SwiftCompile normal arm64 /Users/admin/builder/spi-builder-workspace/TwilioVerifySDK/TwilioVerify/Sources/API/FactorAPIClient.swift (in target 'TwilioVerifySDK' from project 'TwilioVerifySDK')
cd /Users/admin/builder/spi-builder-workspace/.swiftpm/xcode
builtin-SwiftPerFileCompile FactorAPIClient.swift
SwiftCompile normal arm64 /Users/admin/builder/spi-builder-workspace/TwilioVerifySDK/TwilioVerify/Sources/Data/DateProvider.swift (in target 'TwilioVerifySDK' from project 'TwilioVerifySDK')
cd /Users/admin/builder/spi-builder-workspace/.swiftpm/xcode
builtin-SwiftPerFileCompile DateProvider.swift
SwiftCompile normal arm64 /Users/admin/builder/spi-builder-workspace/TwilioVerifySDK/TwilioVerify/Sources/Data/JWT/JwtGenerator.swift (in target 'TwilioVerifySDK' from project 'TwilioVerifySDK')
cd /Users/admin/builder/spi-builder-workspace/.swiftpm/xcode
builtin-SwiftPerFileCompile JwtGenerator.swift
SwiftCompile normal arm64 Compiling\ FactorDataPayload.swift,\ PushFactor.swift,\ PushFactory.swift,\ TwilioVerify.swift,\ TwilioVerifyManager.swift,\ NetworkError.swift,\ OperationErrors.swift /Users/admin/builder/spi-builder-workspace/TwilioVerifySDK/TwilioVerify/Sources/Domain/Factor/Models/FactorDataPayload.swift /Users/admin/builder/spi-builder-workspace/TwilioVerifySDK/TwilioVerify/Sources/Domain/Factor/Models/PushFactor.swift /Users/admin/builder/spi-builder-workspace/TwilioVerifySDK/TwilioVerify/Sources/Domain/Factor/PushFactory.swift /Users/admin/builder/spi-builder-workspace/TwilioVerifySDK/TwilioVerify/Sources/Domain/Manager/TwilioVerify.swift /Users/admin/builder/spi-builder-workspace/TwilioVerifySDK/TwilioVerify/Sources/Domain/Manager/TwilioVerifyManager.swift /Users/admin/builder/spi-builder-workspace/TwilioVerifySDK/TwilioVerify/Sources/Errors/NetworkError.swift /Users/admin/builder/spi-builder-workspace/TwilioVerifySDK/TwilioVerify/Sources/Errors/OperationErrors.swift (in target 'TwilioVerifySDK' from project 'TwilioVerifySDK')
SwiftCompile normal arm64 /Users/admin/builder/spi-builder-workspace/TwilioVerifySDK/TwilioVerify/Sources/Domain/Factor/Models/FactorDataPayload.swift (in target 'TwilioVerifySDK' from project 'TwilioVerifySDK')
cd /Users/admin/builder/spi-builder-workspace/.swiftpm/xcode
builtin-SwiftPerFileCompile FactorDataPayload.swift
SwiftCompile normal arm64 /Users/admin/builder/spi-builder-workspace/TwilioVerifySDK/TwilioVerify/Sources/Domain/Factor/Models/PushFactor.swift (in target 'TwilioVerifySDK' from project 'TwilioVerifySDK')
cd /Users/admin/builder/spi-builder-workspace/.swiftpm/xcode
builtin-SwiftPerFileCompile PushFactor.swift
SwiftCompile normal arm64 /Users/admin/builder/spi-builder-workspace/TwilioVerifySDK/TwilioVerify/Sources/Domain/Factor/PushFactory.swift (in target 'TwilioVerifySDK' from project 'TwilioVerifySDK')
cd /Users/admin/builder/spi-builder-workspace/.swiftpm/xcode
builtin-SwiftPerFileCompile PushFactory.swift
SwiftCompile normal arm64 /Users/admin/builder/spi-builder-workspace/TwilioVerifySDK/TwilioVerify/Sources/Domain/Manager/TwilioVerify.swift (in target 'TwilioVerifySDK' from project 'TwilioVerifySDK')
cd /Users/admin/builder/spi-builder-workspace/.swiftpm/xcode
builtin-SwiftPerFileCompile TwilioVerify.swift
SwiftCompile normal arm64 /Users/admin/builder/spi-builder-workspace/TwilioVerifySDK/TwilioVerify/Sources/Domain/Manager/TwilioVerifyManager.swift (in target 'TwilioVerifySDK' from project 'TwilioVerifySDK')
cd /Users/admin/builder/spi-builder-workspace/.swiftpm/xcode
builtin-SwiftPerFileCompile TwilioVerifyManager.swift
SwiftCompile normal arm64 /Users/admin/builder/spi-builder-workspace/TwilioVerifySDK/TwilioVerify/Sources/Errors/NetworkError.swift (in target 'TwilioVerifySDK' from project 'TwilioVerifySDK')
cd /Users/admin/builder/spi-builder-workspace/.swiftpm/xcode
builtin-SwiftPerFileCompile NetworkError.swift
SwiftCompile normal arm64 /Users/admin/builder/spi-builder-workspace/TwilioVerifySDK/TwilioVerify/Sources/Errors/OperationErrors.swift (in target 'TwilioVerifySDK' from project 'TwilioVerifySDK')
cd /Users/admin/builder/spi-builder-workspace/.swiftpm/xcode
builtin-SwiftPerFileCompile OperationErrors.swift
SwiftCompile normal arm64 Compiling\ PushChallengeProcessor.swift,\ FactorFacade.swift,\ FactorMapper.swift,\ FactorMigrations.swift,\ FactorRepository.swift,\ MapperError.swift,\ PushFactorDTO.swift /Users/admin/builder/spi-builder-workspace/TwilioVerifySDK/TwilioVerify/Sources/Domain/Challenge/PushChallengeProcessor.swift /Users/admin/builder/spi-builder-workspace/TwilioVerifySDK/TwilioVerify/Sources/Domain/Factor/FactorFacade.swift /Users/admin/builder/spi-builder-workspace/TwilioVerifySDK/TwilioVerify/Sources/Domain/Factor/FactorMapper.swift /Users/admin/builder/spi-builder-workspace/TwilioVerifySDK/TwilioVerify/Sources/Domain/Factor/FactorMigrations.swift /Users/admin/builder/spi-builder-workspace/TwilioVerifySDK/TwilioVerify/Sources/Domain/Factor/FactorRepository.swift /Users/admin/builder/spi-builder-workspace/TwilioVerifySDK/TwilioVerify/Sources/Domain/Factor/MapperError.swift /Users/admin/builder/spi-builder-workspace/TwilioVerifySDK/TwilioVerify/Sources/Domain/Factor/Models/DTOs/PushFactorDTO.swift (in target 'TwilioVerifySDK' from project 'TwilioVerifySDK')
SwiftCompile normal arm64 /Users/admin/builder/spi-builder-workspace/TwilioVerifySDK/TwilioVerify/Sources/Domain/Challenge/PushChallengeProcessor.swift (in target 'TwilioVerifySDK' from project 'TwilioVerifySDK')
cd /Users/admin/builder/spi-builder-workspace/.swiftpm/xcode
builtin-SwiftPerFileCompile PushChallengeProcessor.swift
SwiftCompile normal arm64 /Users/admin/builder/spi-builder-workspace/TwilioVerifySDK/TwilioVerify/Sources/Domain/Factor/FactorFacade.swift (in target 'TwilioVerifySDK' from project 'TwilioVerifySDK')
cd /Users/admin/builder/spi-builder-workspace/.swiftpm/xcode
builtin-SwiftPerFileCompile FactorFacade.swift
SwiftCompile normal arm64 /Users/admin/builder/spi-builder-workspace/TwilioVerifySDK/TwilioVerify/Sources/Domain/Factor/FactorMapper.swift (in target 'TwilioVerifySDK' from project 'TwilioVerifySDK')
cd /Users/admin/builder/spi-builder-workspace/.swiftpm/xcode
builtin-SwiftPerFileCompile FactorMapper.swift
SwiftCompile normal arm64 /Users/admin/builder/spi-builder-workspace/TwilioVerifySDK/TwilioVerify/Sources/Domain/Factor/FactorMigrations.swift (in target 'TwilioVerifySDK' from project 'TwilioVerifySDK')
cd /Users/admin/builder/spi-builder-workspace/.swiftpm/xcode
builtin-SwiftPerFileCompile FactorMigrations.swift
SwiftCompile normal arm64 /Users/admin/builder/spi-builder-workspace/TwilioVerifySDK/TwilioVerify/Sources/Domain/Factor/FactorRepository.swift (in target 'TwilioVerifySDK' from project 'TwilioVerifySDK')
cd /Users/admin/builder/spi-builder-workspace/.swiftpm/xcode
builtin-SwiftPerFileCompile FactorRepository.swift
SwiftCompile normal arm64 /Users/admin/builder/spi-builder-workspace/TwilioVerifySDK/TwilioVerify/Sources/Domain/Factor/MapperError.swift (in target 'TwilioVerifySDK' from project 'TwilioVerifySDK')
cd /Users/admin/builder/spi-builder-workspace/.swiftpm/xcode
builtin-SwiftPerFileCompile MapperError.swift
SwiftCompile normal arm64 /Users/admin/builder/spi-builder-workspace/TwilioVerifySDK/TwilioVerify/Sources/Domain/Factor/Models/DTOs/PushFactorDTO.swift (in target 'TwilioVerifySDK' from project 'TwilioVerifySDK')
cd /Users/admin/builder/spi-builder-workspace/.swiftpm/xcode
builtin-SwiftPerFileCompile PushFactorDTO.swift
SwiftCompile normal arm64 Compiling\ KeyPair.swift,\ ECSigner.swift,\ ECP256SignerTemplate.swift,\ Template.swift,\ KeyManager.swift,\ Keychain.swift,\ KeychainQuery.swift /Users/admin/builder/spi-builder-workspace/TwilioVerifySDK/TwilioSecurity/Sources/Key/KeyPair.swift /Users/admin/builder/spi-builder-workspace/TwilioVerifySDK/TwilioSecurity/Sources/Key/Signer/ECSigner.swift /Users/admin/builder/spi-builder-workspace/TwilioVerifySDK/TwilioSecurity/Sources/Key/Template/ECP256SignerTemplate.swift /Users/admin/builder/spi-builder-workspace/TwilioVerifySDK/TwilioSecurity/Sources/Key/Template/Template.swift /Users/admin/builder/spi-builder-workspace/TwilioVerifySDK/TwilioSecurity/Sources/Keychain/KeyManager.swift /Users/admin/builder/spi-builder-workspace/TwilioVerifySDK/TwilioSecurity/Sources/Keychain/Keychain.swift /Users/admin/builder/spi-builder-workspace/TwilioVerifySDK/TwilioSecurity/Sources/Keychain/KeychainQuery.swift (in target 'TwilioVerifySDK' from project 'TwilioVerifySDK')
/Users/admin/builder/spi-builder-workspace/TwilioVerifySDK/TwilioSecurity/Sources/Key/Template/ECP256SignerTemplate.swift:44:7: warning: 'catch' block is unreachable because no errors are thrown in 'do' block
42 | do {
43 | self.parameters = createSignerParameters()
44 | } catch {
| `- warning: 'catch' block is unreachable because no errors are thrown in 'do' block
45 | Logger.shared.log(withLevel: .error, message: error.localizedDescription)
46 | throw error
SwiftCompile normal arm64 /Users/admin/builder/spi-builder-workspace/TwilioVerifySDK/TwilioSecurity/Sources/Key/KeyPair.swift (in target 'TwilioVerifySDK' from project 'TwilioVerifySDK')
cd /Users/admin/builder/spi-builder-workspace/.swiftpm/xcode
builtin-SwiftPerFileCompile KeyPair.swift
SwiftCompile normal arm64 /Users/admin/builder/spi-builder-workspace/TwilioVerifySDK/TwilioSecurity/Sources/Key/Signer/ECSigner.swift (in target 'TwilioVerifySDK' from project 'TwilioVerifySDK')
cd /Users/admin/builder/spi-builder-workspace/.swiftpm/xcode
builtin-SwiftPerFileCompile ECSigner.swift
SwiftCompile normal arm64 /Users/admin/builder/spi-builder-workspace/TwilioVerifySDK/TwilioSecurity/Sources/Key/Template/ECP256SignerTemplate.swift (in target 'TwilioVerifySDK' from project 'TwilioVerifySDK')
cd /Users/admin/builder/spi-builder-workspace/.swiftpm/xcode
builtin-SwiftPerFileCompile ECP256SignerTemplate.swift
SwiftCompile normal arm64 /Users/admin/builder/spi-builder-workspace/TwilioVerifySDK/TwilioSecurity/Sources/Key/Template/Template.swift (in target 'TwilioVerifySDK' from project 'TwilioVerifySDK')
cd /Users/admin/builder/spi-builder-workspace/.swiftpm/xcode
builtin-SwiftPerFileCompile Template.swift
SwiftCompile normal arm64 /Users/admin/builder/spi-builder-workspace/TwilioVerifySDK/TwilioSecurity/Sources/Keychain/KeyManager.swift (in target 'TwilioVerifySDK' from project 'TwilioVerifySDK')
cd /Users/admin/builder/spi-builder-workspace/.swiftpm/xcode
builtin-SwiftPerFileCompile KeyManager.swift
SwiftCompile normal arm64 /Users/admin/builder/spi-builder-workspace/TwilioVerifySDK/TwilioSecurity/Sources/Keychain/Keychain.swift (in target 'TwilioVerifySDK' from project 'TwilioVerifySDK')
cd /Users/admin/builder/spi-builder-workspace/.swiftpm/xcode
builtin-SwiftPerFileCompile Keychain.swift
SwiftCompile normal arm64 /Users/admin/builder/spi-builder-workspace/TwilioVerifySDK/TwilioSecurity/Sources/Keychain/KeychainQuery.swift (in target 'TwilioVerifySDK' from project 'TwilioVerifySDK')
cd /Users/admin/builder/spi-builder-workspace/.swiftpm/xcode
builtin-SwiftPerFileCompile KeychainQuery.swift
SwiftCompile normal arm64 Compiling\ DateFormatter+Extensions.swift,\ StringInterpolation+Extensions.swift,\ DefaultLogger.swift,\ Logger.swift,\ OSLogWrapper.swift,\ Challenge.swift,\ ChallengeList.swift /Users/admin/builder/spi-builder-workspace/TwilioVerifySDK/TwilioVerify/Sources/Extensions/DateFormatter+Extensions.swift /Users/admin/builder/spi-builder-workspace/TwilioVerifySDK/TwilioVerify/Sources/Extensions/StringInterpolation+Extensions.swift /Users/admin/builder/spi-builder-workspace/TwilioVerifySDK/TwilioVerify/Sources/Logger/DefaultLogger.swift /Users/admin/builder/spi-builder-workspace/TwilioVerifySDK/TwilioVerify/Sources/Logger/Logger.swift /Users/admin/builder/spi-builder-workspace/TwilioVerifySDK/TwilioVerify/Sources/Logger/OSLogWrapper.swift /Users/admin/builder/spi-builder-workspace/TwilioVerifySDK/TwilioVerify/Sources/Models/Challenge.swift /Users/admin/builder/spi-builder-workspace/TwilioVerifySDK/TwilioVerify/Sources/Models/ChallengeList.swift (in target 'TwilioVerifySDK' from project 'TwilioVerifySDK')
SwiftCompile normal arm64 /Users/admin/builder/spi-builder-workspace/TwilioVerifySDK/TwilioVerify/Sources/Extensions/DateFormatter+Extensions.swift (in target 'TwilioVerifySDK' from project 'TwilioVerifySDK')
cd /Users/admin/builder/spi-builder-workspace/.swiftpm/xcode
builtin-SwiftPerFileCompile DateFormatter+Extensions.swift
SwiftCompile normal arm64 /Users/admin/builder/spi-builder-workspace/TwilioVerifySDK/TwilioVerify/Sources/Extensions/StringInterpolation+Extensions.swift (in target 'TwilioVerifySDK' from project 'TwilioVerifySDK')
cd /Users/admin/builder/spi-builder-workspace/.swiftpm/xcode
builtin-SwiftPerFileCompile StringInterpolation+Extensions.swift
SwiftCompile normal arm64 /Users/admin/builder/spi-builder-workspace/TwilioVerifySDK/TwilioVerify/Sources/Logger/DefaultLogger.swift (in target 'TwilioVerifySDK' from project 'TwilioVerifySDK')
cd /Users/admin/builder/spi-builder-workspace/.swiftpm/xcode
builtin-SwiftPerFileCompile DefaultLogger.swift
SwiftCompile normal arm64 /Users/admin/builder/spi-builder-workspace/TwilioVerifySDK/TwilioVerify/Sources/Logger/Logger.swift (in target 'TwilioVerifySDK' from project 'TwilioVerifySDK')
cd /Users/admin/builder/spi-builder-workspace/.swiftpm/xcode
builtin-SwiftPerFileCompile Logger.swift
SwiftCompile normal arm64 /Users/admin/builder/spi-builder-workspace/TwilioVerifySDK/TwilioVerify/Sources/Logger/OSLogWrapper.swift (in target 'TwilioVerifySDK' from project 'TwilioVerifySDK')
cd /Users/admin/builder/spi-builder-workspace/.swiftpm/xcode
builtin-SwiftPerFileCompile OSLogWrapper.swift
SwiftCompile normal arm64 /Users/admin/builder/spi-builder-workspace/TwilioVerifySDK/TwilioVerify/Sources/Models/Challenge.swift (in target 'TwilioVerifySDK' from project 'TwilioVerifySDK')
cd /Users/admin/builder/spi-builder-workspace/.swiftpm/xcode
builtin-SwiftPerFileCompile Challenge.swift
SwiftCompile normal arm64 /Users/admin/builder/spi-builder-workspace/TwilioVerifySDK/TwilioVerify/Sources/Models/ChallengeList.swift (in target 'TwilioVerifySDK' from project 'TwilioVerifySDK')
cd /Users/admin/builder/spi-builder-workspace/.swiftpm/xcode
builtin-SwiftPerFileCompile ChallengeList.swift
SwiftCompile normal arm64 Compiling\ JwtSigner.swift,\ KeyStorage.swift,\ Migration.swift,\ Storage+AccessGroup.swift,\ Storage+QueryMode.swift,\ Storage.swift,\ StorageProvider.swift /Users/admin/builder/spi-builder-workspace/TwilioVerifySDK/TwilioVerify/Sources/Data/JWT/JwtSigner.swift /Users/admin/builder/spi-builder-workspace/TwilioVerifySDK/TwilioVerify/Sources/Data/KeyStorage.swift /Users/admin/builder/spi-builder-workspace/TwilioVerifySDK/TwilioVerify/Sources/Data/Migration.swift /Users/admin/builder/spi-builder-workspace/TwilioVerifySDK/TwilioVerify/Sources/Data/Storage+AccessGroup.swift /Users/admin/builder/spi-builder-workspace/TwilioVerifySDK/TwilioVerify/Sources/Data/Storage+QueryMode.swift /Users/admin/builder/spi-builder-workspace/TwilioVerifySDK/TwilioVerify/Sources/Data/Storage.swift /Users/admin/builder/spi-builder-workspace/TwilioVerifySDK/TwilioVerify/Sources/Data/StorageProvider.swift (in target 'TwilioVerifySDK' from project 'TwilioVerifySDK')
SwiftCompile normal arm64 /Users/admin/builder/spi-builder-workspace/TwilioVerifySDK/TwilioVerify/Sources/Data/JWT/JwtSigner.swift (in target 'TwilioVerifySDK' from project 'TwilioVerifySDK')
cd /Users/admin/builder/spi-builder-workspace/.swiftpm/xcode
builtin-SwiftPerFileCompile JwtSigner.swift
SwiftCompile normal arm64 /Users/admin/builder/spi-builder-workspace/TwilioVerifySDK/TwilioVerify/Sources/Data/KeyStorage.swift (in target 'TwilioVerifySDK' from project 'TwilioVerifySDK')
cd /Users/admin/builder/spi-builder-workspace/.swiftpm/xcode
builtin-SwiftPerFileCompile KeyStorage.swift
SwiftCompile normal arm64 /Users/admin/builder/spi-builder-workspace/TwilioVerifySDK/TwilioVerify/Sources/Data/Migration.swift (in target 'TwilioVerifySDK' from project 'TwilioVerifySDK')
cd /Users/admin/builder/spi-builder-workspace/.swiftpm/xcode
builtin-SwiftPerFileCompile Migration.swift
SwiftCompile normal arm64 /Users/admin/builder/spi-builder-workspace/TwilioVerifySDK/TwilioVerify/Sources/Data/Storage+AccessGroup.swift (in target 'TwilioVerifySDK' from project 'TwilioVerifySDK')
cd /Users/admin/builder/spi-builder-workspace/.swiftpm/xcode
builtin-SwiftPerFileCompile Storage+AccessGroup.swift
SwiftCompile normal arm64 /Users/admin/builder/spi-builder-workspace/TwilioVerifySDK/TwilioVerify/Sources/Data/Storage+QueryMode.swift (in target 'TwilioVerifySDK' from project 'TwilioVerifySDK')
cd /Users/admin/builder/spi-builder-workspace/.swiftpm/xcode
builtin-SwiftPerFileCompile Storage+QueryMode.swift
SwiftCompile normal arm64 /Users/admin/builder/spi-builder-workspace/TwilioVerifySDK/TwilioVerify/Sources/Data/Storage.swift (in target 'TwilioVerifySDK' from project 'TwilioVerifySDK')
cd /Users/admin/builder/spi-builder-workspace/.swiftpm/xcode
builtin-SwiftPerFileCompile Storage.swift
SwiftCompile normal arm64 /Users/admin/builder/spi-builder-workspace/TwilioVerifySDK/TwilioVerify/Sources/Data/StorageProvider.swift (in target 'TwilioVerifySDK' from project 'TwilioVerifySDK')
cd /Users/admin/builder/spi-builder-workspace/.swiftpm/xcode
builtin-SwiftPerFileCompile StorageProvider.swift
SwiftCompile normal arm64 Compiling\ ChallengeFacade.swift,\ ChallengeListMapper.swift,\ ChallengeMapper.swift,\ ChallengeRepository.swift,\ ChallengeDTO.swift,\ ChallengeListDTO.swift,\ FactorChallenge.swift /Users/admin/builder/spi-builder-workspace/TwilioVerifySDK/TwilioVerify/Sources/Domain/Challenge/ChallengeFacade.swift /Users/admin/builder/spi-builder-workspace/TwilioVerifySDK/TwilioVerify/Sources/Domain/Challenge/ChallengeListMapper.swift /Users/admin/builder/spi-builder-workspace/TwilioVerifySDK/TwilioVerify/Sources/Domain/Challenge/ChallengeMapper.swift /Users/admin/builder/spi-builder-workspace/TwilioVerifySDK/TwilioVerify/Sources/Domain/Challenge/ChallengeRepository.swift /Users/admin/builder/spi-builder-workspace/TwilioVerifySDK/TwilioVerify/Sources/Domain/Challenge/Models/DTO/ChallengeDTO.swift /Users/admin/builder/spi-builder-workspace/TwilioVerifySDK/TwilioVerify/Sources/Domain/Challenge/Models/DTO/ChallengeListDTO.swift /Users/admin/builder/spi-builder-workspace/TwilioVerifySDK/TwilioVerify/Sources/Domain/Challenge/Models/FactorChallenge.swift (in target 'TwilioVerifySDK' from project 'TwilioVerifySDK')
SwiftCompile normal arm64 /Users/admin/builder/spi-builder-workspace/TwilioVerifySDK/TwilioVerify/Sources/Domain/Challenge/ChallengeFacade.swift (in target 'TwilioVerifySDK' from project 'TwilioVerifySDK')
cd /Users/admin/builder/spi-builder-workspace/.swiftpm/xcode
builtin-SwiftPerFileCompile ChallengeFacade.swift
SwiftCompile normal arm64 /Users/admin/builder/spi-builder-workspace/TwilioVerifySDK/TwilioVerify/Sources/Domain/Challenge/ChallengeListMapper.swift (in target 'TwilioVerifySDK' from project 'TwilioVerifySDK')
cd /Users/admin/builder/spi-builder-workspace/.swiftpm/xcode
builtin-SwiftPerFileCompile ChallengeListMapper.swift
SwiftCompile normal arm64 /Users/admin/builder/spi-builder-workspace/TwilioVerifySDK/TwilioVerify/Sources/Domain/Challenge/ChallengeMapper.swift (in target 'TwilioVerifySDK' from project 'TwilioVerifySDK')
cd /Users/admin/builder/spi-builder-workspace/.swiftpm/xcode
builtin-SwiftPerFileCompile ChallengeMapper.swift
SwiftCompile normal arm64 /Users/admin/builder/spi-builder-workspace/TwilioVerifySDK/TwilioVerify/Sources/Domain/Challenge/ChallengeRepository.swift (in target 'TwilioVerifySDK' from project 'TwilioVerifySDK')
cd /Users/admin/builder/spi-builder-workspace/.swiftpm/xcode
builtin-SwiftPerFileCompile ChallengeRepository.swift
SwiftCompile normal arm64 /Users/admin/builder/spi-builder-workspace/TwilioVerifySDK/TwilioVerify/Sources/Domain/Challenge/Models/DTO/ChallengeDTO.swift (in target 'TwilioVerifySDK' from project 'TwilioVerifySDK')
cd /Users/admin/builder/spi-builder-workspace/.swiftpm/xcode
builtin-SwiftPerFileCompile ChallengeDTO.swift
SwiftCompile normal arm64 /Users/admin/builder/spi-builder-workspace/TwilioVerifySDK/TwilioVerify/Sources/Domain/Challenge/Models/DTO/ChallengeListDTO.swift (in target 'TwilioVerifySDK' from project 'TwilioVerifySDK')
cd /Users/admin/builder/spi-builder-workspace/.swiftpm/xcode
builtin-SwiftPerFileCompile ChallengeListDTO.swift
SwiftCompile normal arm64 /Users/admin/builder/spi-builder-workspace/TwilioVerifySDK/TwilioVerify/Sources/Domain/Challenge/Models/FactorChallenge.swift (in target 'TwilioVerifySDK' from project 'TwilioVerifySDK')
cd /Users/admin/builder/spi-builder-workspace/.swiftpm/xcode
builtin-SwiftPerFileCompile FactorChallenge.swift
SwiftEmitModule normal arm64_32 Emitting\ module\ for\ TwilioVerifySDK (in target 'TwilioVerifySDK' from project 'TwilioVerifySDK')
SwiftCompile normal arm64_32 (in target 'TwilioVerifySDK' from project 'TwilioVerifySDK')
cd /Users/admin/builder/spi-builder-workspace/.swiftpm/xcode
SwiftDriverJobDiscovery normal arm64 Emitting module for TwilioVerifySDK (in target 'TwilioVerifySDK' from project 'TwilioVerifySDK')
SwiftDriver\ Compilation\ Requirements TwilioVerifySDK normal arm64 com.apple.xcode.tools.swift.compiler (in target 'TwilioVerifySDK' from project 'TwilioVerifySDK')
cd /Users/admin/builder/spi-builder-workspace/.swiftpm/xcode
builtin-Swift-Compilation-Requirements -- /Applications/Xcode-27.0.0-Release.Candidate.app/Contents/Developer/Toolchains/XcodeDefault.xctoolchain/usr/bin/swiftc -parse-as-library -module-name TwilioVerifySDK -Onone @/Users/admin/builder/spi-builder-workspace/.derivedData/Build/Intermediates.noindex/TwilioVerifySDK.build/Debug-watchos/TwilioVerifySDK-t.build/Objects-normal/arm64/TwilioVerifySDK.SwiftFileList -DSWIFT_PACKAGE -DDEBUG -DSWIFT_MODULE_RESOURCE_BUNDLE_UNAVAILABLE -DXcode -plugin-path /Applications/Xcode-27.0.0-Release.Candidate.app/Contents/Developer/Toolchains/XcodeDefault.xctoolchain/usr/lib/swift/host/plugins/testing -enable-experimental-feature DebugDescriptionMacro -sdk /Applications/Xcode-27.0.0-Release.Candidate.app/Contents/Developer/Platforms/WatchOS.platform/Developer/SDKs/WatchOS27.0.sdk -target arm64-apple-watchos9.0 -g -module-cache-path /Users/admin/builder/spi-builder-workspace/.derivedData/ModuleCache.noindex -Xfrontend -serialize-debugging-options -profile-coverage-mapping -profile-generate -enable-testing -index-store-path /Users/admin/builder/spi-builder-workspace/.derivedData/Index.noindex/DataStore -Xcc -D_LIBCPP_HARDENING_MODE\=_LIBCPP_HARDENING_MODE_DEBUG -swift-version 5 -I /Users/admin/builder/spi-builder-workspace/.derivedData/Build/Products/Debug-watchos -Isystem /Applications/Xcode-27.0.0-Release.Candidate.app/Contents/Developer/Platforms/WatchOS.platform/Developer/usr/lib -F /Users/admin/builder/spi-builder-workspace/.derivedData/Build/Products/Debug-watchos -F /Applications/Xcode-27.0.0-Release.Candidate.app/Contents/Developer/Platforms/WatchOS.platform/Developer/Library/Frameworks -F /Applications/Xcode-27.0.0-Release.Candidate.app/Contents/Developer/Platforms/WatchOS.platform/Developer/SDKs/WatchOS27.0.sdk/Developer/Library/Frameworks -c -j10 -enable-batch-mode -incremental -Xcc -ivfsstatcache -Xcc /Users/admin/builder/spi-builder-workspace/.derivedData/SDKStatCaches.noindex/watchos27.0-24R360-e829b21a6f8c9b70876ba0858053c04477534ef55a1706bf4c1112bbb242f0a2.sdkstatcache -output-file-map /Users/admin/builder/spi-builder-workspace/.derivedData/Build/Intermediates.noindex/TwilioVerifySDK.build/Debug-watchos/TwilioVerifySDK-t.build/Objects-normal/arm64/TwilioVerifySDK-OutputFileMap.json -save-temps -no-color-diagnostics -explicit-module-build -module-cache-path /Users/admin/builder/spi-builder-workspace/.derivedData/Build/Intermediates.noindex/SwiftExplicitPrecompiledModules -clang-scanner-module-cache-path /Users/admin/builder/spi-builder-workspace/.derivedData/ModuleCache.noindex -sdk-module-cache-path /Users/admin/builder/spi-builder-workspace/.derivedData/SDKExplicitPrecompiledModules -emit-dependencies -emit-module -emit-module-path /Users/admin/builder/spi-builder-workspace/.derivedData/Build/Intermediates.noindex/TwilioVerifySDK.build/Debug-watchos/TwilioVerifySDK-t.build/Objects-normal/arm64/TwilioVerifySDK.swiftmodule -serialize-diagnostics -dependency-scan-serialize-diagnostics-path /Users/admin/builder/spi-builder-workspace/.derivedData/Build/Intermediates.noindex/TwilioVerifySDK.build/Debug-watchos/TwilioVerifySDK-t.build/Objects-normal/arm64/TwilioVerifySDK-dependency-scan.dia -validate-clang-modules-once -clang-build-session-file /Users/admin/builder/spi-builder-workspace/.derivedData/ModuleCache.noindex/Session.modulevalidation -Xcc -fmodules-prune-interval\=86400 -Xcc -fmodules-prune-after\=345600 -emit-const-values -const-gather-protocols-list /Users/admin/builder/spi-builder-workspace/.derivedData/Build/Intermediates.noindex/TwilioVerifySDK.build/Debug-watchos/TwilioVerifySDK-t.build/Objects-normal/arm64/TwilioVerifySDK_const_extract_protocols.json -Xcc -I/Users/admin/builder/spi-builder-workspace/.derivedData/Build/Products/Debug-watchos/include -Xcc -I/Users/admin/builder/spi-builder-workspace/.derivedData/Build/Intermediates.noindex/TwilioVerifySDK.build/Debug-watchos/TwilioVerifySDK-t.build/DerivedSources-normal/arm64 -Xcc -I/Users/admin/builder/spi-builder-workspace/.derivedData/Build/Intermediates.noindex/TwilioVerifySDK.build/Debug-watchos/TwilioVerifySDK-t.build/DerivedSources/arm64 -Xcc -I/Users/admin/builder/spi-builder-workspace/.derivedData/Build/Intermediates.noindex/TwilioVerifySDK.build/Debug-watchos/TwilioVerifySDK-t.build/DerivedSources -Xcc -DSWIFT_PACKAGE -Xcc -DDEBUG\=1 -emit-objc-header -emit-objc-header-path /Users/admin/builder/spi-builder-workspace/.derivedData/Build/Intermediates.noindex/TwilioVerifySDK.build/Debug-watchos/TwilioVerifySDK-t.build/Objects-normal/arm64/TwilioVerifySDK-Swift.h -working-directory /Users/admin/builder/spi-builder-workspace/.swiftpm/xcode -experimental-emit-module-separately -disable-cmo
SwiftDriverJobDiscovery normal arm64_32 Emitting module for TwilioVerifySDK (in target 'TwilioVerifySDK' from project 'TwilioVerifySDK')
SwiftDriver\ Compilation\ Requirements TwilioVerifySDK normal arm64_32 com.apple.xcode.tools.swift.compiler (in target 'TwilioVerifySDK' from project 'TwilioVerifySDK')
cd /Users/admin/builder/spi-builder-workspace/.swiftpm/xcode
builtin-Swift-Compilation-Requirements -- /Applications/Xcode-27.0.0-Release.Candidate.app/Contents/Developer/Toolchains/XcodeDefault.xctoolchain/usr/bin/swiftc -parse-as-library -module-name TwilioVerifySDK -Onone @/Users/admin/builder/spi-builder-workspace/.derivedData/Build/Intermediates.noindex/TwilioVerifySDK.build/Debug-watchos/TwilioVerifySDK-t.build/Objects-normal/arm64_32/TwilioVerifySDK.SwiftFileList -DSWIFT_PACKAGE -DDEBUG -DSWIFT_MODULE_RESOURCE_BUNDLE_UNAVAILABLE -DXcode -plugin-path /Applications/Xcode-27.0.0-Release.Candidate.app/Contents/Developer/Toolchains/XcodeDefault.xctoolchain/usr/lib/swift/host/plugins/testing -enable-experimental-feature DebugDescriptionMacro -sdk /Applications/Xcode-27.0.0-Release.Candidate.app/Contents/Developer/Platforms/WatchOS.platform/Developer/SDKs/WatchOS27.0.sdk -target arm64_32-apple-watchos9.0 -g -module-cache-path /Users/admin/builder/spi-builder-workspace/.derivedData/ModuleCache.noindex -Xfrontend -serialize-debugging-options -profile-coverage-mapping -profile-generate -enable-testing -index-store-path /Users/admin/builder/spi-builder-workspace/.derivedData/Index.noindex/DataStore -Xcc -D_LIBCPP_HARDENING_MODE\=_LIBCPP_HARDENING_MODE_DEBUG -swift-version 5 -I /Users/admin/builder/spi-builder-workspace/.derivedData/Build/Products/Debug-watchos -Isystem /Applications/Xcode-27.0.0-Release.Candidate.app/Contents/Developer/Platforms/WatchOS.platform/Developer/usr/lib -F /Users/admin/builder/spi-builder-workspace/.derivedData/Build/Products/Debug-watchos -F /Applications/Xcode-27.0.0-Release.Candidate.app/Contents/Developer/Platforms/WatchOS.platform/Developer/Library/Frameworks -F /Applications/Xcode-27.0.0-Release.Candidate.app/Contents/Developer/Platforms/WatchOS.platform/Developer/SDKs/WatchOS27.0.sdk/Developer/Library/Frameworks -c -j10 -enable-batch-mode -incremental -Xcc -ivfsstatcache -Xcc /Users/admin/builder/spi-builder-workspace/.derivedData/SDKStatCaches.noindex/watchos27.0-24R360-e829b21a6f8c9b70876ba0858053c04477534ef55a1706bf4c1112bbb242f0a2.sdkstatcache -output-file-map /Users/admin/builder/spi-builder-workspace/.derivedData/Build/Intermediates.noindex/TwilioVerifySDK.build/Debug-watchos/TwilioVerifySDK-t.build/Objects-normal/arm64_32/TwilioVerifySDK-OutputFileMap.json -save-temps -no-color-diagnostics -explicit-module-build -module-cache-path /Users/admin/builder/spi-builder-workspace/.derivedData/Build/Intermediates.noindex/SwiftExplicitPrecompiledModules -clang-scanner-module-cache-path /Users/admin/builder/spi-builder-workspace/.derivedData/ModuleCache.noindex -sdk-module-cache-path /Users/admin/builder/spi-builder-workspace/.derivedData/SDKExplicitPrecompiledModules -emit-dependencies -emit-module -emit-module-path /Users/admin/builder/spi-builder-workspace/.derivedData/Build/Intermediates.noindex/TwilioVerifySDK.build/Debug-watchos/TwilioVerifySDK-t.build/Objects-normal/arm64_32/TwilioVerifySDK.swiftmodule -serialize-diagnostics -dependency-scan-serialize-diagnostics-path /Users/admin/builder/spi-builder-workspace/.derivedData/Build/Intermediates.noindex/TwilioVerifySDK.build/Debug-watchos/TwilioVerifySDK-t.build/Objects-normal/arm64_32/TwilioVerifySDK-dependency-scan.dia -validate-clang-modules-once -clang-build-session-file /Users/admin/builder/spi-builder-workspace/.derivedData/ModuleCache.noindex/Session.modulevalidation -Xcc -fmodules-prune-interval\=86400 -Xcc -fmodules-prune-after\=345600 -emit-const-values -const-gather-protocols-list /Users/admin/builder/spi-builder-workspace/.derivedData/Build/Intermediates.noindex/TwilioVerifySDK.build/Debug-watchos/TwilioVerifySDK-t.build/Objects-normal/arm64_32/TwilioVerifySDK_const_extract_protocols.json -Xcc -I/Users/admin/builder/spi-builder-workspace/.derivedData/Build/Products/Debug-watchos/include -Xcc -I/Users/admin/builder/spi-builder-workspace/.derivedData/Build/Intermediates.noindex/TwilioVerifySDK.build/Debug-watchos/TwilioVerifySDK-t.build/DerivedSources-normal/arm64_32 -Xcc -I/Users/admin/builder/spi-builder-workspace/.derivedData/Build/Intermediates.noindex/TwilioVerifySDK.build/Debug-watchos/TwilioVerifySDK-t.build/DerivedSources/arm64_32 -Xcc -I/Users/admin/builder/spi-builder-workspace/.derivedData/Build/Intermediates.noindex/TwilioVerifySDK.build/Debug-watchos/TwilioVerifySDK-t.build/DerivedSources -Xcc -DSWIFT_PACKAGE -Xcc -DDEBUG\=1 -emit-objc-header -emit-objc-header-path /Users/admin/builder/spi-builder-workspace/.derivedData/Build/Intermediates.noindex/TwilioVerifySDK.build/Debug-watchos/TwilioVerifySDK-t.build/Objects-normal/arm64_32/TwilioVerifySDK-Swift.h -working-directory /Users/admin/builder/spi-builder-workspace/.swiftpm/xcode -experimental-emit-module-separately -disable-cmo
Copy /Users/admin/builder/spi-builder-workspace/.derivedData/Build/Products/Debug-watchos/TwilioVerifySDK.swiftmodule/arm64-apple-watchos.swiftmodule /Users/admin/builder/spi-builder-workspace/.derivedData/Build/Intermediates.noindex/TwilioVerifySDK.build/Debug-watchos/TwilioVerifySDK-t.build/Objects-normal/arm64/TwilioVerifySDK.swiftmodule (in target 'TwilioVerifySDK' from project 'TwilioVerifySDK')
cd /Users/admin/builder/spi-builder-workspace
builtin-copy -exclude .DS_Store -exclude CVS -exclude .svn -exclude .git -exclude .hg -resolve-src-symlinks -rename /Users/admin/builder/spi-builder-workspace/.derivedData/Build/Intermediates.noindex/TwilioVerifySDK.build/Debug-watchos/TwilioVerifySDK-t.build/Objects-normal/arm64/TwilioVerifySDK.swiftmodule /Users/admin/builder/spi-builder-workspace/.derivedData/Build/Products/Debug-watchos/TwilioVerifySDK.swiftmodule/arm64-apple-watchos.swiftmodule
SwiftMergeGeneratedHeaders /Users/admin/builder/spi-builder-workspace/.derivedData/Build/Intermediates.noindex/GeneratedModuleMaps-watchos/TwilioVerifySDK-Swift.h /Users/admin/builder/spi-builder-workspace/.derivedData/Build/Intermediates.noindex/TwilioVerifySDK.build/Debug-watchos/TwilioVerifySDK-t.build/Objects-normal/arm64/TwilioVerifySDK-Swift.h /Users/admin/builder/spi-builder-workspace/.derivedData/Build/Intermediates.noindex/TwilioVerifySDK.build/Debug-watchos/TwilioVerifySDK-t.build/Objects-normal/arm64_32/TwilioVerifySDK-Swift.h (in target 'TwilioVerifySDK' from project 'TwilioVerifySDK')
cd /Users/admin/builder/spi-builder-workspace
builtin-swiftHeaderTool -arch arm64 /Users/admin/builder/spi-builder-workspace/.derivedData/Build/Intermediates.noindex/TwilioVerifySDK.build/Debug-watchos/TwilioVerifySDK-t.build/Objects-normal/arm64/TwilioVerifySDK-Swift.h -arch arm64_32 /Users/admin/builder/spi-builder-workspace/.derivedData/Build/Intermediates.noindex/TwilioVerifySDK.build/Debug-watchos/TwilioVerifySDK-t.build/Objects-normal/arm64_32/TwilioVerifySDK-Swift.h -o /Users/admin/builder/spi-builder-workspace/.derivedData/Build/Intermediates.noindex/GeneratedModuleMaps-watchos/TwilioVerifySDK-Swift.h
Copy /Users/admin/builder/spi-builder-workspace/.derivedData/Build/Products/Debug-watchos/TwilioVerifySDK.swiftmodule/arm64_32-apple-watchos.swiftmodule /Users/admin/builder/spi-builder-workspace/.derivedData/Build/Intermediates.noindex/TwilioVerifySDK.build/Debug-watchos/TwilioVerifySDK-t.build/Objects-normal/arm64_32/TwilioVerifySDK.swiftmodule (in target 'TwilioVerifySDK' from project 'TwilioVerifySDK')
cd /Users/admin/builder/spi-builder-workspace
builtin-copy -exclude .DS_Store -exclude CVS -exclude .svn -exclude .git -exclude .hg -resolve-src-symlinks -rename /Users/admin/builder/spi-builder-workspace/.derivedData/Build/Intermediates.noindex/TwilioVerifySDK.build/Debug-watchos/TwilioVerifySDK-t.build/Objects-normal/arm64_32/TwilioVerifySDK.swiftmodule /Users/admin/builder/spi-builder-workspace/.derivedData/Build/Products/Debug-watchos/TwilioVerifySDK.swiftmodule/arm64_32-apple-watchos.swiftmodule
Copy /Users/admin/builder/spi-builder-workspace/.derivedData/Build/Products/Debug-watchos/TwilioVerifySDK.swiftmodule/arm64_32-apple-watchos.swiftdoc /Users/admin/builder/spi-builder-workspace/.derivedData/Build/Intermediates.noindex/TwilioVerifySDK.build/Debug-watchos/TwilioVerifySDK-t.build/Objects-normal/arm64_32/TwilioVerifySDK.swiftdoc (in target 'TwilioVerifySDK' from project 'TwilioVerifySDK')
cd /Users/admin/builder/spi-builder-workspace
builtin-copy -exclude .DS_Store -exclude CVS -exclude .svn -exclude .git -exclude .hg -resolve-src-symlinks -rename /Users/admin/builder/spi-builder-workspace/.derivedData/Build/Intermediates.noindex/TwilioVerifySDK.build/Debug-watchos/TwilioVerifySDK-t.build/Objects-normal/arm64_32/TwilioVerifySDK.swiftdoc /Users/admin/builder/spi-builder-workspace/.derivedData/Build/Products/Debug-watchos/TwilioVerifySDK.swiftmodule/arm64_32-apple-watchos.swiftdoc
Copy /Users/admin/builder/spi-builder-workspace/.derivedData/Build/Products/Debug-watchos/TwilioVerifySDK.swiftmodule/arm64_32-apple-watchos.abi.json /Users/admin/builder/spi-builder-workspace/.derivedData/Build/Intermediates.noindex/TwilioVerifySDK.build/Debug-watchos/TwilioVerifySDK-t.build/Objects-normal/arm64_32/TwilioVerifySDK.abi.json (in target 'TwilioVerifySDK' from project 'TwilioVerifySDK')
cd /Users/admin/builder/spi-builder-workspace
builtin-copy -exclude .DS_Store -exclude CVS -exclude .svn -exclude .git -exclude .hg -resolve-src-symlinks -rename /Users/admin/builder/spi-builder-workspace/.derivedData/Build/Intermediates.noindex/TwilioVerifySDK.build/Debug-watchos/TwilioVerifySDK-t.build/Objects-normal/arm64_32/TwilioVerifySDK.abi.json /Users/admin/builder/spi-builder-workspace/.derivedData/Build/Products/Debug-watchos/TwilioVerifySDK.swiftmodule/arm64_32-apple-watchos.abi.json
Copy /Users/admin/builder/spi-builder-workspace/.derivedData/Build/Products/Debug-watchos/TwilioVerifySDK.swiftmodule/arm64-apple-watchos.swiftdoc /Users/admin/builder/spi-builder-workspace/.derivedData/Build/Intermediates.noindex/TwilioVerifySDK.build/Debug-watchos/TwilioVerifySDK-t.build/Objects-normal/arm64/TwilioVerifySDK.swiftdoc (in target 'TwilioVerifySDK' from project 'TwilioVerifySDK')
cd /Users/admin/builder/spi-builder-workspace
builtin-copy -exclude .DS_Store -exclude CVS -exclude .svn -exclude .git -exclude .hg -resolve-src-symlinks -rename /Users/admin/builder/spi-builder-workspace/.derivedData/Build/Intermediates.noindex/TwilioVerifySDK.build/Debug-watchos/TwilioVerifySDK-t.build/Objects-normal/arm64/TwilioVerifySDK.swiftdoc /Users/admin/builder/spi-builder-workspace/.derivedData/Build/Products/Debug-watchos/TwilioVerifySDK.swiftmodule/arm64-apple-watchos.swiftdoc
Copy /Users/admin/builder/spi-builder-workspace/.derivedData/Build/Products/Debug-watchos/TwilioVerifySDK.swiftmodule/arm64-apple-watchos.abi.json /Users/admin/builder/spi-builder-workspace/.derivedData/Build/Intermediates.noindex/TwilioVerifySDK.build/Debug-watchos/TwilioVerifySDK-t.build/Objects-normal/arm64/TwilioVerifySDK.abi.json (in target 'TwilioVerifySDK' from project 'TwilioVerifySDK')
cd /Users/admin/builder/spi-builder-workspace
builtin-copy -exclude .DS_Store -exclude CVS -exclude .svn -exclude .git -exclude .hg -resolve-src-symlinks -rename /Users/admin/builder/spi-builder-workspace/.derivedData/Build/Intermediates.noindex/TwilioVerifySDK.build/Debug-watchos/TwilioVerifySDK-t.build/Objects-normal/arm64/TwilioVerifySDK.abi.json /Users/admin/builder/spi-builder-workspace/.derivedData/Build/Products/Debug-watchos/TwilioVerifySDK.swiftmodule/arm64-apple-watchos.abi.json
Copy /Users/admin/builder/spi-builder-workspace/.derivedData/Build/Products/Debug-watchos/TwilioVerifySDK.swiftmodule/Project/arm64_32-apple-watchos.swiftsourceinfo /Users/admin/builder/spi-builder-workspace/.derivedData/Build/Intermediates.noindex/TwilioVerifySDK.build/Debug-watchos/TwilioVerifySDK-t.build/Objects-normal/arm64_32/TwilioVerifySDK.swiftsourceinfo (in target 'TwilioVerifySDK' from project 'TwilioVerifySDK')
cd /Users/admin/builder/spi-builder-workspace
builtin-copy -exclude .DS_Store -exclude CVS -exclude .svn -exclude .git -exclude .hg -resolve-src-symlinks -rename /Users/admin/builder/spi-builder-workspace/.derivedData/Build/Intermediates.noindex/TwilioVerifySDK.build/Debug-watchos/TwilioVerifySDK-t.build/Objects-normal/arm64_32/TwilioVerifySDK.swiftsourceinfo /Users/admin/builder/spi-builder-workspace/.derivedData/Build/Products/Debug-watchos/TwilioVerifySDK.swiftmodule/Project/arm64_32-apple-watchos.swiftsourceinfo
Copy /Users/admin/builder/spi-builder-workspace/.derivedData/Build/Products/Debug-watchos/TwilioVerifySDK.swiftmodule/Project/arm64-apple-watchos.swiftsourceinfo /Users/admin/builder/spi-builder-workspace/.derivedData/Build/Intermediates.noindex/TwilioVerifySDK.build/Debug-watchos/TwilioVerifySDK-t.build/Objects-normal/arm64/TwilioVerifySDK.swiftsourceinfo (in target 'TwilioVerifySDK' from project 'TwilioVerifySDK')
cd /Users/admin/builder/spi-builder-workspace
builtin-copy -exclude .DS_Store -exclude CVS -exclude .svn -exclude .git -exclude .hg -resolve-src-symlinks -rename /Users/admin/builder/spi-builder-workspace/.derivedData/Build/Intermediates.noindex/TwilioVerifySDK.build/Debug-watchos/TwilioVerifySDK-t.build/Objects-normal/arm64/TwilioVerifySDK.swiftsourceinfo /Users/admin/builder/spi-builder-workspace/.derivedData/Build/Products/Debug-watchos/TwilioVerifySDK.swiftmodule/Project/arm64-apple-watchos.swiftsourceinfo
SwiftCompile normal arm64_32 Compiling\ DateFormatter+Extensions.swift,\ StringInterpolation+Extensions.swift,\ DefaultLogger.swift,\ Logger.swift,\ OSLogWrapper.swift,\ Challenge.swift,\ ChallengeList.swift /Users/admin/builder/spi-builder-workspace/TwilioVerifySDK/TwilioVerify/Sources/Extensions/DateFormatter+Extensions.swift /Users/admin/builder/spi-builder-workspace/TwilioVerifySDK/TwilioVerify/Sources/Extensions/StringInterpolation+Extensions.swift /Users/admin/builder/spi-builder-workspace/TwilioVerifySDK/TwilioVerify/Sources/Logger/DefaultLogger.swift /Users/admin/builder/spi-builder-workspace/TwilioVerifySDK/TwilioVerify/Sources/Logger/Logger.swift /Users/admin/builder/spi-builder-workspace/TwilioVerifySDK/TwilioVerify/Sources/Logger/OSLogWrapper.swift /Users/admin/builder/spi-builder-workspace/TwilioVerifySDK/TwilioVerify/Sources/Models/Challenge.swift /Users/admin/builder/spi-builder-workspace/TwilioVerifySDK/TwilioVerify/Sources/Models/ChallengeList.swift (in target 'TwilioVerifySDK' from project 'TwilioVerifySDK')
SwiftCompile normal arm64_32 /Users/admin/builder/spi-builder-workspace/TwilioVerifySDK/TwilioVerify/Sources/Extensions/DateFormatter+Extensions.swift (in target 'TwilioVerifySDK' from project 'TwilioVerifySDK')
cd /Users/admin/builder/spi-builder-workspace/.swiftpm/xcode
builtin-SwiftPerFileCompile DateFormatter+Extensions.swift
SwiftCompile normal arm64_32 /Users/admin/builder/spi-builder-workspace/TwilioVerifySDK/TwilioVerify/Sources/Extensions/StringInterpolation+Extensions.swift (in target 'TwilioVerifySDK' from project 'TwilioVerifySDK')
cd /Users/admin/builder/spi-builder-workspace/.swiftpm/xcode
builtin-SwiftPerFileCompile StringInterpolation+Extensions.swift
SwiftCompile normal arm64_32 /Users/admin/builder/spi-builder-workspace/TwilioVerifySDK/TwilioVerify/Sources/Logger/DefaultLogger.swift (in target 'TwilioVerifySDK' from project 'TwilioVerifySDK')
cd /Users/admin/builder/spi-builder-workspace/.swiftpm/xcode
builtin-SwiftPerFileCompile DefaultLogger.swift
SwiftCompile normal arm64_32 /Users/admin/builder/spi-builder-workspace/TwilioVerifySDK/TwilioVerify/Sources/Logger/Logger.swift (in target 'TwilioVerifySDK' from project 'TwilioVerifySDK')
cd /Users/admin/builder/spi-builder-workspace/.swiftpm/xcode
builtin-SwiftPerFileCompile Logger.swift
SwiftCompile normal arm64_32 /Users/admin/builder/spi-builder-workspace/TwilioVerifySDK/TwilioVerify/Sources/Logger/OSLogWrapper.swift (in target 'TwilioVerifySDK' from project 'TwilioVerifySDK')
cd /Users/admin/builder/spi-builder-workspace/.swiftpm/xcode
builtin-SwiftPerFileCompile OSLogWrapper.swift
SwiftCompile normal arm64_32 /Users/admin/builder/spi-builder-workspace/TwilioVerifySDK/TwilioVerify/Sources/Models/Challenge.swift (in target 'TwilioVerifySDK' from project 'TwilioVerifySDK')
cd /Users/admin/builder/spi-builder-workspace/.swiftpm/xcode
builtin-SwiftPerFileCompile Challenge.swift
SwiftCompile normal arm64_32 /Users/admin/builder/spi-builder-workspace/TwilioVerifySDK/TwilioVerify/Sources/Models/ChallengeList.swift (in target 'TwilioVerifySDK' from project 'TwilioVerifySDK')
cd /Users/admin/builder/spi-builder-workspace/.swiftpm/xcode
builtin-SwiftPerFileCompile ChallengeList.swift
SwiftCompile normal arm64_32 Compiling\ NetworkProvider+Models.swift,\ Parameters.swift,\ RequestHelper.swift,\ URLRequestBuilder.swift,\ TwilioVerifyConfig.swift,\ TwilioVerifyError.swift /Users/admin/builder/spi-builder-workspace/TwilioVerifySDK/TwilioVerify/Sources/Networking/NetworkProvider+Models.swift /Users/admin/builder/spi-builder-workspace/TwilioVerifySDK/TwilioVerify/Sources/Networking/Parameters.swift /Users/admin/builder/spi-builder-workspace/TwilioVerifySDK/TwilioVerify/Sources/Networking/RequestHelper.swift /Users/admin/builder/spi-builder-workspace/TwilioVerifySDK/TwilioVerify/Sources/Networking/URLRequestBuilder.swift /Users/admin/builder/spi-builder-workspace/TwilioVerifySDK/TwilioVerify/Sources/TwilioVerifyConfig.swift /Users/admin/builder/spi-builder-workspace/TwilioVerifySDK/TwilioVerify/Sources/TwilioVerifyError.swift (in target 'TwilioVerifySDK' from project 'TwilioVerifySDK')
SwiftCompile normal arm64_32 /Users/admin/builder/spi-builder-workspace/TwilioVerifySDK/TwilioVerify/Sources/Networking/NetworkProvider+Models.swift (in target 'TwilioVerifySDK' from project 'TwilioVerifySDK')
cd /Users/admin/builder/spi-builder-workspace/.swiftpm/xcode
builtin-SwiftPerFileCompile NetworkProvider+Models.swift
SwiftCompile normal arm64_32 /Users/admin/builder/spi-builder-workspace/TwilioVerifySDK/TwilioVerify/Sources/Networking/Parameters.swift (in target 'TwilioVerifySDK' from project 'TwilioVerifySDK')
cd /Users/admin/builder/spi-builder-workspace/.swiftpm/xcode
builtin-SwiftPerFileCompile Parameters.swift
SwiftCompile normal arm64_32 /Users/admin/builder/spi-builder-workspace/TwilioVerifySDK/TwilioVerify/Sources/Networking/RequestHelper.swift (in target 'TwilioVerifySDK' from project 'TwilioVerifySDK')
cd /Users/admin/builder/spi-builder-workspace/.swiftpm/xcode
builtin-SwiftPerFileCompile RequestHelper.swift
SwiftCompile normal arm64_32 /Users/admin/builder/spi-builder-workspace/TwilioVerifySDK/TwilioVerify/Sources/Networking/URLRequestBuilder.swift (in target 'TwilioVerifySDK' from project 'TwilioVerifySDK')
cd /Users/admin/builder/spi-builder-workspace/.swiftpm/xcode
builtin-SwiftPerFileCompile URLRequestBuilder.swift
SwiftCompile normal arm64_32 /Users/admin/builder/spi-builder-workspace/TwilioVerifySDK/TwilioVerify/Sources/TwilioVerifyConfig.swift (in target 'TwilioVerifySDK' from project 'TwilioVerifySDK')
cd /Users/admin/builder/spi-builder-workspace/.swiftpm/xcode
builtin-SwiftPerFileCompile TwilioVerifyConfig.swift
SwiftCompile normal arm64_32 /Users/admin/builder/spi-builder-workspace/TwilioVerifySDK/TwilioVerify/Sources/TwilioVerifyError.swift (in target 'TwilioVerifySDK' from project 'TwilioVerifySDK')
cd /Users/admin/builder/spi-builder-workspace/.swiftpm/xcode
builtin-SwiftPerFileCompile TwilioVerifyError.swift
/Users/admin/builder/spi-builder-workspace/TwilioVerifySDK/TwilioVerify/Sources/Networking/RequestHelper.swift:37:46: error: 'UIDevice' is unavailable in watchOS
35 | let appVersionName = appInfo?[Constants.appBundleShortVersionString] as? String ?? Constants.unknown
36 | let appBuildCode = appInfo?[Constants.appBundleVersion] as? String ?? Constants.unknown
37 | let osVersion = "\(Constants.platform) \(UIDevice.current.systemVersion)"
| `- error: 'UIDevice' is unavailable in watchOS
38 | let device = UIDevice.current.model
39 | let sdkName = Constants.sdkBundleName
/Applications/Xcode-27.0.0-Release.Candidate.app/Contents/Developer/Platforms/WatchOS.platform/Developer/SDKs/WatchOS27.0.sdk/System/Library/Frameworks/UIKit.framework/Headers/UIDevice.h:35:12: note: 'UIDevice' has been explicitly marked unavailable here
33 |
34 | UIKIT_EXTERN API_AVAILABLE(ios(2.0)) API_UNAVAILABLE(watchos) NS_SWIFT_UI_ACTOR
35 | @interface UIDevice : NSObject
| `- note: 'UIDevice' has been explicitly marked unavailable here
36 |
37 | @property(class, nonatomic, readonly) UIDevice *currentDevice;
SwiftDriverJobDiscovery normal arm64 Compiling Authentication.swift, BasicAuthorization.swift, HTTPHeaders.swift, HTTPMethod.swift, MediaType.swift, NetworkAdapter.swift (in target 'TwilioVerifySDK' from project 'TwilioVerifySDK')
SwiftCompile normal arm64_32 Compiling\ SecureStorage.swift,\ APIConstants.swift,\ BaseAPIClient.swift,\ ChallengeAPIClient.swift,\ FactorAPIClient.swift,\ DateProvider.swift,\ JwtGenerator.swift /Users/admin/builder/spi-builder-workspace/TwilioVerifySDK/TwilioSecurity/Sources/Storage/SecureStorage.swift /Users/admin/builder/spi-builder-workspace/TwilioVerifySDK/TwilioVerify/Sources/API/APIConstants.swift /Users/admin/builder/spi-builder-workspace/TwilioVerifySDK/TwilioVerify/Sources/API/BaseAPIClient.swift /Users/admin/builder/spi-builder-workspace/TwilioVerifySDK/TwilioVerify/Sources/API/ChallengeAPIClient.swift /Users/admin/builder/spi-builder-workspace/TwilioVerifySDK/TwilioVerify/Sources/API/FactorAPIClient.swift /Users/admin/builder/spi-builder-workspace/TwilioVerifySDK/TwilioVerify/Sources/Data/DateProvider.swift /Users/admin/builder/spi-builder-workspace/TwilioVerifySDK/TwilioVerify/Sources/Data/JWT/JwtGenerator.swift (in target 'TwilioVerifySDK' from project 'TwilioVerifySDK')
SwiftCompile normal arm64_32 /Users/admin/builder/spi-builder-workspace/TwilioVerifySDK/TwilioSecurity/Sources/Storage/SecureStorage.swift (in target 'TwilioVerifySDK' from project 'TwilioVerifySDK')
cd /Users/admin/builder/spi-builder-workspace/.swiftpm/xcode
builtin-SwiftPerFileCompile SecureStorage.swift
SwiftCompile normal arm64_32 /Users/admin/builder/spi-builder-workspace/TwilioVerifySDK/TwilioVerify/Sources/API/APIConstants.swift (in target 'TwilioVerifySDK' from project 'TwilioVerifySDK')
cd /Users/admin/builder/spi-builder-workspace/.swiftpm/xcode
builtin-SwiftPerFileCompile APIConstants.swift
SwiftCompile normal arm64_32 /Users/admin/builder/spi-builder-workspace/TwilioVerifySDK/TwilioVerify/Sources/API/BaseAPIClient.swift (in target 'TwilioVerifySDK' from project 'TwilioVerifySDK')
cd /Users/admin/builder/spi-builder-workspace/.swiftpm/xcode
builtin-SwiftPerFileCompile BaseAPIClient.swift
SwiftCompile normal arm64_32 /Users/admin/builder/spi-builder-workspace/TwilioVerifySDK/TwilioVerify/Sources/API/ChallengeAPIClient.swift (in target 'TwilioVerifySDK' from project 'TwilioVerifySDK')
cd /Users/admin/builder/spi-builder-workspace/.swiftpm/xcode
builtin-SwiftPerFileCompile ChallengeAPIClient.swift
SwiftCompile normal arm64_32 /Users/admin/builder/spi-builder-workspace/TwilioVerifySDK/TwilioVerify/Sources/API/FactorAPIClient.swift (in target 'TwilioVerifySDK' from project 'TwilioVerifySDK')
cd /Users/admin/builder/spi-builder-workspace/.swiftpm/xcode
builtin-SwiftPerFileCompile FactorAPIClient.swift
SwiftCompile normal arm64_32 /Users/admin/builder/spi-builder-workspace/TwilioVerifySDK/TwilioVerify/Sources/Data/DateProvider.swift (in target 'TwilioVerifySDK' from project 'TwilioVerifySDK')
cd /Users/admin/builder/spi-builder-workspace/.swiftpm/xcode
builtin-SwiftPerFileCompile DateProvider.swift
SwiftCompile normal arm64_32 /Users/admin/builder/spi-builder-workspace/TwilioVerifySDK/TwilioVerify/Sources/Data/JWT/JwtGenerator.swift (in target 'TwilioVerifySDK' from project 'TwilioVerifySDK')
cd /Users/admin/builder/spi-builder-workspace/.swiftpm/xcode
builtin-SwiftPerFileCompile JwtGenerator.swift
SwiftDriverJobDiscovery normal arm64 Compiling ChallengeFacade.swift, ChallengeListMapper.swift, ChallengeMapper.swift, ChallengeRepository.swift, ChallengeDTO.swift, ChallengeListDTO.swift, FactorChallenge.swift (in target 'TwilioVerifySDK' from project 'TwilioVerifySDK')
SwiftCompile normal arm64_32 Compiling\ PushChallengeProcessor.swift,\ FactorFacade.swift,\ FactorMapper.swift,\ FactorMigrations.swift,\ FactorRepository.swift,\ MapperError.swift,\ PushFactorDTO.swift /Users/admin/builder/spi-builder-workspace/TwilioVerifySDK/TwilioVerify/Sources/Domain/Challenge/PushChallengeProcessor.swift /Users/admin/builder/spi-builder-workspace/TwilioVerifySDK/TwilioVerify/Sources/Domain/Factor/FactorFacade.swift /Users/admin/builder/spi-builder-workspace/TwilioVerifySDK/TwilioVerify/Sources/Domain/Factor/FactorMapper.swift /Users/admin/builder/spi-builder-workspace/TwilioVerifySDK/TwilioVerify/Sources/Domain/Factor/FactorMigrations.swift /Users/admin/builder/spi-builder-workspace/TwilioVerifySDK/TwilioVerify/Sources/Domain/Factor/FactorRepository.swift /Users/admin/builder/spi-builder-workspace/TwilioVerifySDK/TwilioVerify/Sources/Domain/Factor/MapperError.swift /Users/admin/builder/spi-builder-workspace/TwilioVerifySDK/TwilioVerify/Sources/Domain/Factor/Models/DTOs/PushFactorDTO.swift (in target 'TwilioVerifySDK' from project 'TwilioVerifySDK')
SwiftCompile normal arm64_32 /Users/admin/builder/spi-builder-workspace/TwilioVerifySDK/TwilioVerify/Sources/Domain/Challenge/PushChallengeProcessor.swift (in target 'TwilioVerifySDK' from project 'TwilioVerifySDK')
cd /Users/admin/builder/spi-builder-workspace/.swiftpm/xcode
builtin-SwiftPerFileCompile PushChallengeProcessor.swift
SwiftCompile normal arm64_32 /Users/admin/builder/spi-builder-workspace/TwilioVerifySDK/TwilioVerify/Sources/Domain/Factor/FactorFacade.swift (in target 'TwilioVerifySDK' from project 'TwilioVerifySDK')
cd /Users/admin/builder/spi-builder-workspace/.swiftpm/xcode
builtin-SwiftPerFileCompile FactorFacade.swift
SwiftCompile normal arm64_32 /Users/admin/builder/spi-builder-workspace/TwilioVerifySDK/TwilioVerify/Sources/Domain/Factor/FactorMapper.swift (in target 'TwilioVerifySDK' from project 'TwilioVerifySDK')
cd /Users/admin/builder/spi-builder-workspace/.swiftpm/xcode
builtin-SwiftPerFileCompile FactorMapper.swift
SwiftCompile normal arm64_32 /Users/admin/builder/spi-builder-workspace/TwilioVerifySDK/TwilioVerify/Sources/Domain/Factor/FactorMigrations.swift (in target 'TwilioVerifySDK' from project 'TwilioVerifySDK')
cd /Users/admin/builder/spi-builder-workspace/.swiftpm/xcode
builtin-SwiftPerFileCompile FactorMigrations.swift
SwiftCompile normal arm64_32 /Users/admin/builder/spi-builder-workspace/TwilioVerifySDK/TwilioVerify/Sources/Domain/Factor/FactorRepository.swift (in target 'TwilioVerifySDK' from project 'TwilioVerifySDK')
cd /Users/admin/builder/spi-builder-workspace/.swiftpm/xcode
builtin-SwiftPerFileCompile FactorRepository.swift
SwiftCompile normal arm64_32 /Users/admin/builder/spi-builder-workspace/TwilioVerifySDK/TwilioVerify/Sources/Domain/Factor/MapperError.swift (in target 'TwilioVerifySDK' from project 'TwilioVerifySDK')
cd /Users/admin/builder/spi-builder-workspace/.swiftpm/xcode
builtin-SwiftPerFileCompile MapperError.swift
SwiftCompile normal arm64_32 /Users/admin/builder/spi-builder-workspace/TwilioVerifySDK/TwilioVerify/Sources/Domain/Factor/Models/DTOs/PushFactorDTO.swift (in target 'TwilioVerifySDK' from project 'TwilioVerifySDK')
cd /Users/admin/builder/spi-builder-workspace/.swiftpm/xcode
builtin-SwiftPerFileCompile PushFactorDTO.swift
SwiftCompile normal arm64_32 Compiling\ ChallengeListPayload.swift,\ Factor.swift,\ FactorPayload.swift,\ Metadata.swift,\ UpdateChallengePayload.swift,\ UpdateFactorPayload.swift,\ VerifyFactorPayload.swift /Users/admin/builder/spi-builder-workspace/TwilioVerifySDK/TwilioVerify/Sources/Models/ChallengeListPayload.swift /Users/admin/builder/spi-builder-workspace/TwilioVerifySDK/TwilioVerify/Sources/Models/Factor.swift /Users/admin/builder/spi-builder-workspace/TwilioVerifySDK/TwilioVerify/Sources/Models/FactorPayload.swift /Users/admin/builder/spi-builder-workspace/TwilioVerifySDK/TwilioVerify/Sources/Models/Metadata.swift /Users/admin/builder/spi-builder-workspace/TwilioVerifySDK/TwilioVerify/Sources/Models/UpdateChallengePayload.swift /Users/admin/builder/spi-builder-workspace/TwilioVerifySDK/TwilioVerify/Sources/Models/UpdateFactorPayload.swift /Users/admin/builder/spi-builder-workspace/TwilioVerifySDK/TwilioVerify/Sources/Models/VerifyFactorPayload.swift (in target 'TwilioVerifySDK' from project 'TwilioVerifySDK')
SwiftCompile normal arm64_32 /Users/admin/builder/spi-builder-workspace/TwilioVerifySDK/TwilioVerify/Sources/Models/ChallengeListPayload.swift (in target 'TwilioVerifySDK' from project 'TwilioVerifySDK')
cd /Users/admin/builder/spi-builder-workspace/.swiftpm/xcode
builtin-SwiftPerFileCompile ChallengeListPayload.swift
SwiftCompile normal arm64_32 /Users/admin/builder/spi-builder-workspace/TwilioVerifySDK/TwilioVerify/Sources/Models/Factor.swift (in target 'TwilioVerifySDK' from project 'TwilioVerifySDK')
cd /Users/admin/builder/spi-builder-workspace/.swiftpm/xcode
builtin-SwiftPerFileCompile Factor.swift
SwiftCompile normal arm64_32 /Users/admin/builder/spi-builder-workspace/TwilioVerifySDK/TwilioVerify/Sources/Models/FactorPayload.swift (in target 'TwilioVerifySDK' from project 'TwilioVerifySDK')
cd /Users/admin/builder/spi-builder-workspace/.swiftpm/xcode
builtin-SwiftPerFileCompile FactorPayload.swift
SwiftCompile normal arm64_32 /Users/admin/builder/spi-builder-workspace/TwilioVerifySDK/TwilioVerify/Sources/Models/Metadata.swift (in target 'TwilioVerifySDK' from project 'TwilioVerifySDK')
cd /Users/admin/builder/spi-builder-workspace/.swiftpm/xcode
builtin-SwiftPerFileCompile Metadata.swift
SwiftCompile normal arm64_32 /Users/admin/builder/spi-builder-workspace/TwilioVerifySDK/TwilioVerify/Sources/Models/UpdateChallengePayload.swift (in target 'TwilioVerifySDK' from project 'TwilioVerifySDK')
cd /Users/admin/builder/spi-builder-workspace/.swiftpm/xcode
builtin-SwiftPerFileCompile UpdateChallengePayload.swift
SwiftCompile normal arm64_32 /Users/admin/builder/spi-builder-workspace/TwilioVerifySDK/TwilioVerify/Sources/Models/UpdateFactorPayload.swift (in target 'TwilioVerifySDK' from project 'TwilioVerifySDK')
cd /Users/admin/builder/spi-builder-workspace/.swiftpm/xcode
builtin-SwiftPerFileCompile UpdateFactorPayload.swift
SwiftCompile normal arm64_32 /Users/admin/builder/spi-builder-workspace/TwilioVerifySDK/TwilioVerify/Sources/Models/VerifyFactorPayload.swift (in target 'TwilioVerifySDK' from project 'TwilioVerifySDK')
cd /Users/admin/builder/spi-builder-workspace/.swiftpm/xcode
builtin-SwiftPerFileCompile VerifyFactorPayload.swift
SwiftCompile normal arm64_32 Compiling\ KeyPair.swift,\ ECSigner.swift,\ ECP256SignerTemplate.swift,\ Template.swift,\ KeyManager.swift,\ Keychain.swift,\ KeychainQuery.swift /Users/admin/builder/spi-builder-workspace/TwilioVerifySDK/TwilioSecurity/Sources/Key/KeyPair.swift /Users/admin/builder/spi-builder-workspace/TwilioVerifySDK/TwilioSecurity/Sources/Key/Signer/ECSigner.swift /Users/admin/builder/spi-builder-workspace/TwilioVerifySDK/TwilioSecurity/Sources/Key/Template/ECP256SignerTemplate.swift /Users/admin/builder/spi-builder-workspace/TwilioVerifySDK/TwilioSecurity/Sources/Key/Template/Template.swift /Users/admin/builder/spi-builder-workspace/TwilioVerifySDK/TwilioSecurity/Sources/Keychain/KeyManager.swift /Users/admin/builder/spi-builder-workspace/TwilioVerifySDK/TwilioSecurity/Sources/Keychain/Keychain.swift /Users/admin/builder/spi-builder-workspace/TwilioVerifySDK/TwilioSecurity/Sources/Keychain/KeychainQuery.swift (in target 'TwilioVerifySDK' from project 'TwilioVerifySDK')
/Users/admin/builder/spi-builder-workspace/TwilioVerifySDK/TwilioSecurity/Sources/Key/Template/ECP256SignerTemplate.swift:44:7: warning: 'catch' block is unreachable because no errors are thrown in 'do' block
42 | do {
43 | self.parameters = createSignerParameters()
44 | } catch {
| `- warning: 'catch' block is unreachable because no errors are thrown in 'do' block
45 | Logger.shared.log(withLevel: .error, message: error.localizedDescription)
46 | throw error
SwiftCompile normal arm64_32 /Users/admin/builder/spi-builder-workspace/TwilioVerifySDK/TwilioSecurity/Sources/Key/KeyPair.swift (in target 'TwilioVerifySDK' from project 'TwilioVerifySDK')
cd /Users/admin/builder/spi-builder-workspace/.swiftpm/xcode
builtin-SwiftPerFileCompile KeyPair.swift
SwiftCompile normal arm64_32 /Users/admin/builder/spi-builder-workspace/TwilioVerifySDK/TwilioSecurity/Sources/Key/Signer/ECSigner.swift (in target 'TwilioVerifySDK' from project 'TwilioVerifySDK')
cd /Users/admin/builder/spi-builder-workspace/.swiftpm/xcode
builtin-SwiftPerFileCompile ECSigner.swift
SwiftCompile normal arm64_32 /Users/admin/builder/spi-builder-workspace/TwilioVerifySDK/TwilioSecurity/Sources/Key/Template/ECP256SignerTemplate.swift (in target 'TwilioVerifySDK' from project 'TwilioVerifySDK')
cd /Users/admin/builder/spi-builder-workspace/.swiftpm/xcode
builtin-SwiftPerFileCompile ECP256SignerTemplate.swift
SwiftCompile normal arm64_32 /Users/admin/builder/spi-builder-workspace/TwilioVerifySDK/TwilioSecurity/Sources/Key/Template/Template.swift (in target 'TwilioVerifySDK' from project 'TwilioVerifySDK')
cd /Users/admin/builder/spi-builder-workspace/.swiftpm/xcode
builtin-SwiftPerFileCompile Template.swift
SwiftCompile normal arm64_32 /Users/admin/builder/spi-builder-workspace/TwilioVerifySDK/TwilioSecurity/Sources/Keychain/KeyManager.swift (in target 'TwilioVerifySDK' from project 'TwilioVerifySDK')
cd /Users/admin/builder/spi-builder-workspace/.swiftpm/xcode
builtin-SwiftPerFileCompile KeyManager.swift
SwiftCompile normal arm64_32 /Users/admin/builder/spi-builder-workspace/TwilioVerifySDK/TwilioSecurity/Sources/Keychain/Keychain.swift (in target 'TwilioVerifySDK' from project 'TwilioVerifySDK')
cd /Users/admin/builder/spi-builder-workspace/.swiftpm/xcode
builtin-SwiftPerFileCompile Keychain.swift
SwiftCompile normal arm64_32 /Users/admin/builder/spi-builder-workspace/TwilioVerifySDK/TwilioSecurity/Sources/Keychain/KeychainQuery.swift (in target 'TwilioVerifySDK' from project 'TwilioVerifySDK')
cd /Users/admin/builder/spi-builder-workspace/.swiftpm/xcode
builtin-SwiftPerFileCompile KeychainQuery.swift
SwiftCompile normal arm64_32 Compiling\ FactorDataPayload.swift,\ PushFactor.swift,\ PushFactory.swift,\ TwilioVerify.swift,\ TwilioVerifyManager.swift,\ NetworkError.swift,\ OperationErrors.swift /Users/admin/builder/spi-builder-workspace/TwilioVerifySDK/TwilioVerify/Sources/Domain/Factor/Models/FactorDataPayload.swift /Users/admin/builder/spi-builder-workspace/TwilioVerifySDK/TwilioVerify/Sources/Domain/Factor/Models/PushFactor.swift /Users/admin/builder/spi-builder-workspace/TwilioVerifySDK/TwilioVerify/Sources/Domain/Factor/PushFactory.swift /Users/admin/builder/spi-builder-workspace/TwilioVerifySDK/TwilioVerify/Sources/Domain/Manager/TwilioVerify.swift /Users/admin/builder/spi-builder-workspace/TwilioVerifySDK/TwilioVerify/Sources/Domain/Manager/TwilioVerifyManager.swift /Users/admin/builder/spi-builder-workspace/TwilioVerifySDK/TwilioVerify/Sources/Errors/NetworkError.swift /Users/admin/builder/spi-builder-workspace/TwilioVerifySDK/TwilioVerify/Sources/Errors/OperationErrors.swift (in target 'TwilioVerifySDK' from project 'TwilioVerifySDK')
SwiftCompile normal arm64_32 /Users/admin/builder/spi-builder-workspace/TwilioVerifySDK/TwilioVerify/Sources/Domain/Factor/Models/FactorDataPayload.swift (in target 'TwilioVerifySDK' from project 'TwilioVerifySDK')
cd /Users/admin/builder/spi-builder-workspace/.swiftpm/xcode
builtin-SwiftPerFileCompile FactorDataPayload.swift
SwiftCompile normal arm64_32 /Users/admin/builder/spi-builder-workspace/TwilioVerifySDK/TwilioVerify/Sources/Domain/Factor/Models/PushFactor.swift (in target 'TwilioVerifySDK' from project 'TwilioVerifySDK')
cd /Users/admin/builder/spi-builder-workspace/.swiftpm/xcode
builtin-SwiftPerFileCompile PushFactor.swift
SwiftCompile normal arm64_32 /Users/admin/builder/spi-builder-workspace/TwilioVerifySDK/TwilioVerify/Sources/Domain/Factor/PushFactory.swift (in target 'TwilioVerifySDK' from project 'TwilioVerifySDK')
cd /Users/admin/builder/spi-builder-workspace/.swiftpm/xcode
builtin-SwiftPerFileCompile PushFactory.swift
SwiftCompile normal arm64_32 /Users/admin/builder/spi-builder-workspace/TwilioVerifySDK/TwilioVerify/Sources/Domain/Manager/TwilioVerify.swift (in target 'TwilioVerifySDK' from project 'TwilioVerifySDK')
cd /Users/admin/builder/spi-builder-workspace/.swiftpm/xcode
builtin-SwiftPerFileCompile TwilioVerify.swift
SwiftCompile normal arm64_32 /Users/admin/builder/spi-builder-workspace/TwilioVerifySDK/TwilioVerify/Sources/Domain/Manager/TwilioVerifyManager.swift (in target 'TwilioVerifySDK' from project 'TwilioVerifySDK')
cd /Users/admin/builder/spi-builder-workspace/.swiftpm/xcode
builtin-SwiftPerFileCompile TwilioVerifyManager.swift
SwiftCompile normal arm64_32 /Users/admin/builder/spi-builder-workspace/TwilioVerifySDK/TwilioVerify/Sources/Errors/NetworkError.swift (in target 'TwilioVerifySDK' from project 'TwilioVerifySDK')
cd /Users/admin/builder/spi-builder-workspace/.swiftpm/xcode
builtin-SwiftPerFileCompile NetworkError.swift
SwiftCompile normal arm64_32 /Users/admin/builder/spi-builder-workspace/TwilioVerifySDK/TwilioVerify/Sources/Errors/OperationErrors.swift (in target 'TwilioVerifySDK' from project 'TwilioVerifySDK')
cd /Users/admin/builder/spi-builder-workspace/.swiftpm/xcode
builtin-SwiftPerFileCompile OperationErrors.swift
SwiftCompile normal arm64_32 Compiling\ Authentication.swift,\ BasicAuthorization.swift,\ HTTPHeaders.swift,\ HTTPMethod.swift,\ MediaType.swift,\ NetworkAdapter.swift /Users/admin/builder/spi-builder-workspace/TwilioVerifySDK/TwilioVerify/Sources/Networking/Authentication.swift /Users/admin/builder/spi-builder-workspace/TwilioVerifySDK/TwilioVerify/Sources/Networking/BasicAuthorization.swift /Users/admin/builder/spi-builder-workspace/TwilioVerifySDK/TwilioVerify/Sources/Networking/HTTPHeaders.swift /Users/admin/builder/spi-builder-workspace/TwilioVerifySDK/TwilioVerify/Sources/Networking/HTTPMethod.swift /Users/admin/builder/spi-builder-workspace/TwilioVerifySDK/TwilioVerify/Sources/Networking/MediaType.swift /Users/admin/builder/spi-builder-workspace/TwilioVerifySDK/TwilioVerify/Sources/Networking/NetworkAdapter.swift (in target 'TwilioVerifySDK' from project 'TwilioVerifySDK')
SwiftCompile normal arm64_32 /Users/admin/builder/spi-builder-workspace/TwilioVerifySDK/TwilioVerify/Sources/Networking/Authentication.swift (in target 'TwilioVerifySDK' from project 'TwilioVerifySDK')
cd /Users/admin/builder/spi-builder-workspace/.swiftpm/xcode
builtin-SwiftPerFileCompile Authentication.swift
SwiftCompile normal arm64_32 /Users/admin/builder/spi-builder-workspace/TwilioVerifySDK/TwilioVerify/Sources/Networking/BasicAuthorization.swift (in target 'TwilioVerifySDK' from project 'TwilioVerifySDK')
cd /Users/admin/builder/spi-builder-workspace/.swiftpm/xcode
builtin-SwiftPerFileCompile BasicAuthorization.swift
SwiftCompile normal arm64_32 /Users/admin/builder/spi-builder-workspace/TwilioVerifySDK/TwilioVerify/Sources/Networking/HTTPHeaders.swift (in target 'TwilioVerifySDK' from project 'TwilioVerifySDK')
cd /Users/admin/builder/spi-builder-workspace/.swiftpm/xcode
builtin-SwiftPerFileCompile HTTPHeaders.swift
SwiftCompile normal arm64_32 /Users/admin/builder/spi-builder-workspace/TwilioVerifySDK/TwilioVerify/Sources/Networking/HTTPMethod.swift (in target 'TwilioVerifySDK' from project 'TwilioVerifySDK')
cd /Users/admin/builder/spi-builder-workspace/.swiftpm/xcode
builtin-SwiftPerFileCompile HTTPMethod.swift
SwiftCompile normal arm64_32 /Users/admin/builder/spi-builder-workspace/TwilioVerifySDK/TwilioVerify/Sources/Networking/MediaType.swift (in target 'TwilioVerifySDK' from project 'TwilioVerifySDK')
cd /Users/admin/builder/spi-builder-workspace/.swiftpm/xcode
builtin-SwiftPerFileCompile MediaType.swift
SwiftCompile normal arm64_32 /Users/admin/builder/spi-builder-workspace/TwilioVerifySDK/TwilioVerify/Sources/Networking/NetworkAdapter.swift (in target 'TwilioVerifySDK' from project 'TwilioVerifySDK')
cd /Users/admin/builder/spi-builder-workspace/.swiftpm/xcode
builtin-SwiftPerFileCompile NetworkAdapter.swift
SwiftDriverJobDiscovery normal arm64 Compiling KeyPair.swift, ECSigner.swift, ECP256SignerTemplate.swift, Template.swift, KeyManager.swift, Keychain.swift, KeychainQuery.swift (in target 'TwilioVerifySDK' from project 'TwilioVerifySDK')
SwiftDriverJobDiscovery normal arm64 Compiling PushChallengeProcessor.swift, FactorFacade.swift, FactorMapper.swift, FactorMigrations.swift, FactorRepository.swift, MapperError.swift, PushFactorDTO.swift (in target 'TwilioVerifySDK' from project 'TwilioVerifySDK')
SwiftDriverJobDiscovery normal arm64 Compiling SecureStorage.swift, APIConstants.swift, BaseAPIClient.swift, ChallengeAPIClient.swift, FactorAPIClient.swift, DateProvider.swift, JwtGenerator.swift (in target 'TwilioVerifySDK' from project 'TwilioVerifySDK')
SwiftDriverJobDiscovery normal arm64 Compiling FactorDataPayload.swift, PushFactor.swift, PushFactory.swift, TwilioVerify.swift, TwilioVerifyManager.swift, NetworkError.swift, OperationErrors.swift (in target 'TwilioVerifySDK' from project 'TwilioVerifySDK')
SwiftDriverJobDiscovery normal arm64 Compiling JwtSigner.swift, KeyStorage.swift, Migration.swift, Storage+AccessGroup.swift, Storage+QueryMode.swift, Storage.swift, StorageProvider.swift (in target 'TwilioVerifySDK' from project 'TwilioVerifySDK')
SwiftCompile normal arm64 Compiling\ ChallengeListPayload.swift,\ Factor.swift,\ FactorPayload.swift,\ Metadata.swift,\ UpdateChallengePayload.swift,\ UpdateFactorPayload.swift,\ VerifyFactorPayload.swift /Users/admin/builder/spi-builder-workspace/TwilioVerifySDK/TwilioVerify/Sources/Models/ChallengeListPayload.swift /Users/admin/builder/spi-builder-workspace/TwilioVerifySDK/TwilioVerify/Sources/Models/Factor.swift /Users/admin/builder/spi-builder-workspace/TwilioVerifySDK/TwilioVerify/Sources/Models/FactorPayload.swift /Users/admin/builder/spi-builder-workspace/TwilioVerifySDK/TwilioVerify/Sources/Models/Metadata.swift /Users/admin/builder/spi-builder-workspace/TwilioVerifySDK/TwilioVerify/Sources/Models/UpdateChallengePayload.swift /Users/admin/builder/spi-builder-workspace/TwilioVerifySDK/TwilioVerify/Sources/Models/UpdateFactorPayload.swift /Users/admin/builder/spi-builder-workspace/TwilioVerifySDK/TwilioVerify/Sources/Models/VerifyFactorPayload.swift (in target 'TwilioVerifySDK' from project 'TwilioVerifySDK')
SwiftCompile normal arm64 /Users/admin/builder/spi-builder-workspace/TwilioVerifySDK/TwilioVerify/Sources/Models/ChallengeListPayload.swift (in target 'TwilioVerifySDK' from project 'TwilioVerifySDK')
cd /Users/admin/builder/spi-builder-workspace/.swiftpm/xcode
builtin-SwiftPerFileCompile ChallengeListPayload.swift
SwiftCompile normal arm64 /Users/admin/builder/spi-builder-workspace/TwilioVerifySDK/TwilioVerify/Sources/Models/Factor.swift (in target 'TwilioVerifySDK' from project 'TwilioVerifySDK')
cd /Users/admin/builder/spi-builder-workspace/.swiftpm/xcode
builtin-SwiftPerFileCompile Factor.swift
SwiftCompile normal arm64 /Users/admin/builder/spi-builder-workspace/TwilioVerifySDK/TwilioVerify/Sources/Models/FactorPayload.swift (in target 'TwilioVerifySDK' from project 'TwilioVerifySDK')
cd /Users/admin/builder/spi-builder-workspace/.swiftpm/xcode
builtin-SwiftPerFileCompile FactorPayload.swift
SwiftCompile normal arm64 /Users/admin/builder/spi-builder-workspace/TwilioVerifySDK/TwilioVerify/Sources/Models/Metadata.swift (in target 'TwilioVerifySDK' from project 'TwilioVerifySDK')
cd /Users/admin/builder/spi-builder-workspace/.swiftpm/xcode
builtin-SwiftPerFileCompile Metadata.swift
SwiftCompile normal arm64 /Users/admin/builder/spi-builder-workspace/TwilioVerifySDK/TwilioVerify/Sources/Models/UpdateChallengePayload.swift (in target 'TwilioVerifySDK' from project 'TwilioVerifySDK')
cd /Users/admin/builder/spi-builder-workspace/.swiftpm/xcode
builtin-SwiftPerFileCompile UpdateChallengePayload.swift
SwiftCompile normal arm64 /Users/admin/builder/spi-builder-workspace/TwilioVerifySDK/TwilioVerify/Sources/Models/UpdateFactorPayload.swift (in target 'TwilioVerifySDK' from project 'TwilioVerifySDK')
cd /Users/admin/builder/spi-builder-workspace/.swiftpm/xcode
builtin-SwiftPerFileCompile UpdateFactorPayload.swift
SwiftCompile normal arm64 /Users/admin/builder/spi-builder-workspace/TwilioVerifySDK/TwilioVerify/Sources/Models/VerifyFactorPayload.swift (in target 'TwilioVerifySDK' from project 'TwilioVerifySDK')
cd /Users/admin/builder/spi-builder-workspace/.swiftpm/xcode
builtin-SwiftPerFileCompile VerifyFactorPayload.swift
SwiftDriverJobDiscovery normal arm64 Compiling DateFormatter+Extensions.swift, StringInterpolation+Extensions.swift, DefaultLogger.swift, Logger.swift, OSLogWrapper.swift, Challenge.swift, ChallengeList.swift (in target 'TwilioVerifySDK' from project 'TwilioVerifySDK')
SwiftDriverJobDiscovery normal arm64_32 Compiling DateFormatter+Extensions.swift, StringInterpolation+Extensions.swift, DefaultLogger.swift, Logger.swift, OSLogWrapper.swift, Challenge.swift, ChallengeList.swift (in target 'TwilioVerifySDK' from project 'TwilioVerifySDK')
SwiftCompile normal arm64_32 Compiling\ JwtSigner.swift,\ KeyStorage.swift,\ Migration.swift,\ Storage+AccessGroup.swift,\ Storage+QueryMode.swift,\ Storage.swift,\ StorageProvider.swift /Users/admin/builder/spi-builder-workspace/TwilioVerifySDK/TwilioVerify/Sources/Data/JWT/JwtSigner.swift /Users/admin/builder/spi-builder-workspace/TwilioVerifySDK/TwilioVerify/Sources/Data/KeyStorage.swift /Users/admin/builder/spi-builder-workspace/TwilioVerifySDK/TwilioVerify/Sources/Data/Migration.swift /Users/admin/builder/spi-builder-workspace/TwilioVerifySDK/TwilioVerify/Sources/Data/Storage+AccessGroup.swift /Users/admin/builder/spi-builder-workspace/TwilioVerifySDK/TwilioVerify/Sources/Data/Storage+QueryMode.swift /Users/admin/builder/spi-builder-workspace/TwilioVerifySDK/TwilioVerify/Sources/Data/Storage.swift /Users/admin/builder/spi-builder-workspace/TwilioVerifySDK/TwilioVerify/Sources/Data/StorageProvider.swift (in target 'TwilioVerifySDK' from project 'TwilioVerifySDK')
SwiftCompile normal arm64_32 /Users/admin/builder/spi-builder-workspace/TwilioVerifySDK/TwilioVerify/Sources/Data/JWT/JwtSigner.swift (in target 'TwilioVerifySDK' from project 'TwilioVerifySDK')
cd /Users/admin/builder/spi-builder-workspace/.swiftpm/xcode
builtin-SwiftPerFileCompile JwtSigner.swift
SwiftCompile normal arm64_32 /Users/admin/builder/spi-builder-workspace/TwilioVerifySDK/TwilioVerify/Sources/Data/KeyStorage.swift (in target 'TwilioVerifySDK' from project 'TwilioVerifySDK')
cd /Users/admin/builder/spi-builder-workspace/.swiftpm/xcode
builtin-SwiftPerFileCompile KeyStorage.swift
SwiftCompile normal arm64_32 /Users/admin/builder/spi-builder-workspace/TwilioVerifySDK/TwilioVerify/Sources/Data/Migration.swift (in target 'TwilioVerifySDK' from project 'TwilioVerifySDK')
cd /Users/admin/builder/spi-builder-workspace/.swiftpm/xcode
builtin-SwiftPerFileCompile Migration.swift
SwiftCompile normal arm64_32 /Users/admin/builder/spi-builder-workspace/TwilioVerifySDK/TwilioVerify/Sources/Data/Storage+AccessGroup.swift (in target 'TwilioVerifySDK' from project 'TwilioVerifySDK')
cd /Users/admin/builder/spi-builder-workspace/.swiftpm/xcode
builtin-SwiftPerFileCompile Storage+AccessGroup.swift
SwiftCompile normal arm64_32 /Users/admin/builder/spi-builder-workspace/TwilioVerifySDK/TwilioVerify/Sources/Data/Storage+QueryMode.swift (in target 'TwilioVerifySDK' from project 'TwilioVerifySDK')
cd /Users/admin/builder/spi-builder-workspace/.swiftpm/xcode
builtin-SwiftPerFileCompile Storage+QueryMode.swift
SwiftCompile normal arm64_32 /Users/admin/builder/spi-builder-workspace/TwilioVerifySDK/TwilioVerify/Sources/Data/Storage.swift (in target 'TwilioVerifySDK' from project 'TwilioVerifySDK')
cd /Users/admin/builder/spi-builder-workspace/.swiftpm/xcode
builtin-SwiftPerFileCompile Storage.swift
SwiftCompile normal arm64_32 /Users/admin/builder/spi-builder-workspace/TwilioVerifySDK/TwilioVerify/Sources/Data/StorageProvider.swift (in target 'TwilioVerifySDK' from project 'TwilioVerifySDK')
cd /Users/admin/builder/spi-builder-workspace/.swiftpm/xcode
builtin-SwiftPerFileCompile StorageProvider.swift
SwiftDriverJobDiscovery normal arm64_32 Compiling ChallengeListPayload.swift, Factor.swift, FactorPayload.swift, Metadata.swift, UpdateChallengePayload.swift, UpdateFactorPayload.swift, VerifyFactorPayload.swift (in target 'TwilioVerifySDK' from project 'TwilioVerifySDK')
SwiftCompile normal arm64_32 Compiling\ ChallengeFacade.swift,\ ChallengeListMapper.swift,\ ChallengeMapper.swift,\ ChallengeRepository.swift,\ ChallengeDTO.swift,\ ChallengeListDTO.swift,\ FactorChallenge.swift /Users/admin/builder/spi-builder-workspace/TwilioVerifySDK/TwilioVerify/Sources/Domain/Challenge/ChallengeFacade.swift /Users/admin/builder/spi-builder-workspace/TwilioVerifySDK/TwilioVerify/Sources/Domain/Challenge/ChallengeListMapper.swift /Users/admin/builder/spi-builder-workspace/TwilioVerifySDK/TwilioVerify/Sources/Domain/Challenge/ChallengeMapper.swift /Users/admin/builder/spi-builder-workspace/TwilioVerifySDK/TwilioVerify/Sources/Domain/Challenge/ChallengeRepository.swift /Users/admin/builder/spi-builder-workspace/TwilioVerifySDK/TwilioVerify/Sources/Domain/Challenge/Models/DTO/ChallengeDTO.swift /Users/admin/builder/spi-builder-workspace/TwilioVerifySDK/TwilioVerify/Sources/Domain/Challenge/Models/DTO/ChallengeListDTO.swift /Users/admin/builder/spi-builder-workspace/TwilioVerifySDK/TwilioVerify/Sources/Domain/Challenge/Models/FactorChallenge.swift (in target 'TwilioVerifySDK' from project 'TwilioVerifySDK')
SwiftCompile normal arm64_32 /Users/admin/builder/spi-builder-workspace/TwilioVerifySDK/TwilioVerify/Sources/Domain/Challenge/ChallengeFacade.swift (in target 'TwilioVerifySDK' from project 'TwilioVerifySDK')
cd /Users/admin/builder/spi-builder-workspace/.swiftpm/xcode
builtin-SwiftPerFileCompile ChallengeFacade.swift
SwiftCompile normal arm64_32 /Users/admin/builder/spi-builder-workspace/TwilioVerifySDK/TwilioVerify/Sources/Domain/Challenge/ChallengeListMapper.swift (in target 'TwilioVerifySDK' from project 'TwilioVerifySDK')
cd /Users/admin/builder/spi-builder-workspace/.swiftpm/xcode
builtin-SwiftPerFileCompile ChallengeListMapper.swift
SwiftCompile normal arm64_32 /Users/admin/builder/spi-builder-workspace/TwilioVerifySDK/TwilioVerify/Sources/Domain/Challenge/ChallengeMapper.swift (in target 'TwilioVerifySDK' from project 'TwilioVerifySDK')
cd /Users/admin/builder/spi-builder-workspace/.swiftpm/xcode
builtin-SwiftPerFileCompile ChallengeMapper.swift
SwiftCompile normal arm64_32 /Users/admin/builder/spi-builder-workspace/TwilioVerifySDK/TwilioVerify/Sources/Domain/Challenge/ChallengeRepository.swift (in target 'TwilioVerifySDK' from project 'TwilioVerifySDK')
cd /Users/admin/builder/spi-builder-workspace/.swiftpm/xcode
builtin-SwiftPerFileCompile ChallengeRepository.swift
SwiftCompile normal arm64_32 /Users/admin/builder/spi-builder-workspace/TwilioVerifySDK/TwilioVerify/Sources/Domain/Challenge/Models/DTO/ChallengeDTO.swift (in target 'TwilioVerifySDK' from project 'TwilioVerifySDK')
cd /Users/admin/builder/spi-builder-workspace/.swiftpm/xcode
builtin-SwiftPerFileCompile ChallengeDTO.swift
SwiftCompile normal arm64_32 /Users/admin/builder/spi-builder-workspace/TwilioVerifySDK/TwilioVerify/Sources/Domain/Challenge/Models/DTO/ChallengeListDTO.swift (in target 'TwilioVerifySDK' from project 'TwilioVerifySDK')
cd /Users/admin/builder/spi-builder-workspace/.swiftpm/xcode
builtin-SwiftPerFileCompile ChallengeListDTO.swift
SwiftCompile normal arm64_32 /Users/admin/builder/spi-builder-workspace/TwilioVerifySDK/TwilioVerify/Sources/Domain/Challenge/Models/FactorChallenge.swift (in target 'TwilioVerifySDK' from project 'TwilioVerifySDK')
cd /Users/admin/builder/spi-builder-workspace/.swiftpm/xcode
builtin-SwiftPerFileCompile FactorChallenge.swift
SwiftDriverJobDiscovery normal arm64 Compiling ChallengeListPayload.swift, Factor.swift, FactorPayload.swift, Metadata.swift, UpdateChallengePayload.swift, UpdateFactorPayload.swift, VerifyFactorPayload.swift (in target 'TwilioVerifySDK' from project 'TwilioVerifySDK')
SwiftDriverJobDiscovery normal arm64_32 Compiling Authentication.swift, BasicAuthorization.swift, HTTPHeaders.swift, HTTPMethod.swift, MediaType.swift, NetworkAdapter.swift (in target 'TwilioVerifySDK' from project 'TwilioVerifySDK')
SwiftDriverJobDiscovery normal arm64_32 Compiling KeyPair.swift, ECSigner.swift, ECP256SignerTemplate.swift, Template.swift, KeyManager.swift, Keychain.swift, KeychainQuery.swift (in target 'TwilioVerifySDK' from project 'TwilioVerifySDK')
SwiftDriverJobDiscovery normal arm64_32 Compiling FactorDataPayload.swift, PushFactor.swift, PushFactory.swift, TwilioVerify.swift, TwilioVerifyManager.swift, NetworkError.swift, OperationErrors.swift (in target 'TwilioVerifySDK' from project 'TwilioVerifySDK')
SwiftDriverJobDiscovery normal arm64_32 Compiling PushChallengeProcessor.swift, FactorFacade.swift, FactorMapper.swift, FactorMigrations.swift, FactorRepository.swift, MapperError.swift, PushFactorDTO.swift (in target 'TwilioVerifySDK' from project 'TwilioVerifySDK')
SwiftDriverJobDiscovery normal arm64_32 Compiling SecureStorage.swift, APIConstants.swift, BaseAPIClient.swift, ChallengeAPIClient.swift, FactorAPIClient.swift, DateProvider.swift, JwtGenerator.swift (in target 'TwilioVerifySDK' from project 'TwilioVerifySDK')
SwiftDriverJobDiscovery normal arm64_32 Compiling JwtSigner.swift, KeyStorage.swift, Migration.swift, Storage+AccessGroup.swift, Storage+QueryMode.swift, Storage.swift, StorageProvider.swift (in target 'TwilioVerifySDK' from project 'TwilioVerifySDK')
SwiftDriverJobDiscovery normal arm64_32 Compiling ChallengeFacade.swift, ChallengeListMapper.swift, ChallengeMapper.swift, ChallengeRepository.swift, ChallengeDTO.swift, ChallengeListDTO.swift, FactorChallenge.swift (in target 'TwilioVerifySDK' from project 'TwilioVerifySDK')
PruneExplicitPrecompiledModules /Users/admin/builder/spi-builder-workspace/.derivedData/SDKExplicitPrecompiledModules
PruneExplicitPrecompiledModules /Users/admin/builder/spi-builder-workspace/.derivedData/Build/Intermediates.noindex/ExplicitPrecompiledModules
PruneExplicitPrecompiledModules /Users/admin/builder/spi-builder-workspace/.derivedData/Build/Intermediates.noindex/SwiftExplicitPrecompiledModules
2026-09-23 08:40:17.512 xcodebuild[677:4422] [MT] IDERunDestination: Supported platforms for the buildables in the current scheme is empty.
** BUILD FAILED **
The following build commands failed:
SwiftCompile normal arm64 /Users/admin/builder/spi-builder-workspace/TwilioVerifySDK/TwilioVerify/Sources/Networking/RequestHelper.swift (in target 'TwilioVerifySDK' from project 'TwilioVerifySDK')
SwiftCompile normal arm64 Compiling\ NetworkProvider+Models.swift,\ Parameters.swift,\ RequestHelper.swift,\ URLRequestBuilder.swift,\ TwilioVerifyConfig.swift,\ TwilioVerifyError.swift /Users/admin/builder/spi-builder-workspace/TwilioVerifySDK/TwilioVerify/Sources/Networking/NetworkProvider+Models.swift /Users/admin/builder/spi-builder-workspace/TwilioVerifySDK/TwilioVerify/Sources/Networking/Parameters.swift /Users/admin/builder/spi-builder-workspace/TwilioVerifySDK/TwilioVerify/Sources/Networking/RequestHelper.swift /Users/admin/builder/spi-builder-workspace/TwilioVerifySDK/TwilioVerify/Sources/Networking/URLRequestBuilder.swift /Users/admin/builder/spi-builder-workspace/TwilioVerifySDK/TwilioVerify/Sources/TwilioVerifyConfig.swift /Users/admin/builder/spi-builder-workspace/TwilioVerifySDK/TwilioVerify/Sources/TwilioVerifyError.swift (in target 'TwilioVerifySDK' from project 'TwilioVerifySDK')
Building workspace TwilioVerifySDK with scheme TwilioVerifySDK
(3 failures)
Command line invocation:
/Applications/Xcode-27.0.0-Release.Candidate.app/Contents/Developer/usr/bin/xcodebuild -IDEClonedSourcePackagesDirPathOverride=/Users/admin/builder/spi-builder-workspace/.dependencies -resolvePackageDependencies
Resolve Package Graph
Resolved source packages:
TwilioVerifySDK: /Users/admin/builder/spi-builder-workspace
resolved source packages: TwilioVerifySDK
2026-09-23 08:40:27.091 xcodebuild[816:5091] [MT] IDERunDestination: Supported platforms for the buildables in the current scheme is empty.
{
"dependencies" : [
],
"manifest_display_name" : "TwilioVerifySDK",
"name" : "TwilioVerifySDK",
"path" : "/Users/admin/builder/spi-builder-workspace",
"platforms" : [
{
"name" : "ios",
"version" : "12.0"
}
],
"products" : [
{
"name" : "TwilioVerifySDK",
"targets" : [
"TwilioVerifySDK"
],
"type" : {
"library" : [
"automatic"
]
}
}
],
"targets" : [
{
"c99name" : "TwilioVerifySDKTests",
"module_type" : "SwiftTarget",
"name" : "TwilioVerifySDKTests",
"path" : "TwilioVerifySDKTests",
"sources" : [
"Error/EquatableError.swift",
"Error/TestError.swift",
"TwilioSecurity/KeyPair/KeyPairFactory.swift",
"TwilioSecurity/Sources/Key/Signer/ECSignerTests.swift",
"TwilioSecurity/Sources/Key/Template/ECP256SignerTemplateTests.swift",
"TwilioSecurity/Sources/Keychain/KeyManagerTests.swift",
"TwilioSecurity/Sources/Keychain/KeychainQueryTests.swift",
"TwilioSecurity/Sources/Keychain/KeychainTests.swift",
"TwilioSecurity/Sources/Keychain/Mocks/KeyManagerSecurityMock.swift",
"TwilioSecurity/Sources/Keychain/Mocks/KeychainMock.swift",
"TwilioSecurity/Sources/Storage/SecureStorageTests.swift",
"TwilioVerify/Sources/API/ChallengeAPIClientTests.swift",
"TwilioVerify/Sources/API/FactorAPIClientTests.swift",
"TwilioVerify/Sources/API/Mocks/AuthenticationMock.swift",
"TwilioVerify/Sources/API/Mocks/ChallengeAPIClientMock.swift",
"TwilioVerify/Sources/API/Mocks/FactorAPIClientMock.swift",
"TwilioVerify/Sources/API/Mocks/NetworkProviderMock.swift",
"TwilioVerify/Sources/Data/DateProviderTests.swift",
"TwilioVerify/Sources/Data/JWT/JwtGeneratorTests.swift",
"TwilioVerify/Sources/Data/JWT/JwtSignerTests.swift",
"TwilioVerify/Sources/Data/KeyStorageAdapterTests.swift",
"TwilioVerify/Sources/Data/KeyStorageTests.swift",
"TwilioVerify/Sources/Data/Mocks/JwtGeneratorMock.swift",
"TwilioVerify/Sources/Data/Mocks/JwtSignerMock.swift",
"TwilioVerify/Sources/Data/Mocks/KeyManagerMock.swift",
"TwilioVerify/Sources/Data/Mocks/KeyStorageMock.swift",
"TwilioVerify/Sources/Data/Mocks/MigrationMock.swift",
"TwilioVerify/Sources/Data/Mocks/SecureStorageMock.swift",
"TwilioVerify/Sources/Data/Mocks/SignerMock.swift",
"TwilioVerify/Sources/Data/Mocks/StorageProviderMock.swift",
"TwilioVerify/Sources/Data/Mocks/UserDefaultsMock.swift",
"TwilioVerify/Sources/Data/Storage+AccessGroupTests.swift",
"TwilioVerify/Sources/Data/StorageTests.swift",
"TwilioVerify/Sources/Domain/Challenge/ChallengeFacadeTests.swift",
"TwilioVerify/Sources/Domain/Challenge/ChallengeListMapperTests.swift",
"TwilioVerify/Sources/Domain/Challenge/ChallengeMapperTests.swift",
"TwilioVerify/Sources/Domain/Challenge/ChallengeRepositoryTests.swift",
"TwilioVerify/Sources/Domain/Challenge/Mocks/ChallengeListMapperMock.swift",
"TwilioVerify/Sources/Domain/Challenge/Mocks/ChallengeMapperMock.swift",
"TwilioVerify/Sources/Domain/Challenge/Mocks/ChallengeProviderMock.swift",
"TwilioVerify/Sources/Domain/Challenge/Mocks/PushChallengeProcessorMock.swift",
"TwilioVerify/Sources/Domain/Challenge/PushChallengeProcessorTests.swift",
"TwilioVerify/Sources/Domain/Factor/FactorFacadeTests.swift",
"TwilioVerify/Sources/Domain/Factor/FactorMapperTests.swift",
"TwilioVerify/Sources/Domain/Factor/FactorRepositoryTests.swift",
"TwilioVerify/Sources/Domain/Factor/Mocks/FactorMapperMock.swift",
"TwilioVerify/Sources/Domain/Factor/Mocks/FactorRepositoryMock.swift",
"TwilioVerify/Sources/Domain/Factor/Mocks/PushFactoryMock.swift",
"TwilioVerify/Sources/Domain/Factor/PushFactoryTests.swift",
"TwilioVerify/Sources/Domain/Manager/Mocks/ChallengeFacadeMock.swift",
"TwilioVerify/Sources/Domain/Manager/Mocks/FactorFacadeMock.swift",
"TwilioVerify/Sources/Domain/Manager/TwilioVerifyManagerTests.swift",
"TwilioVerify/Sources/Integration/BaseFactorTests.swift",
"TwilioVerify/Sources/Integration/CreateFactorTests.swift",
"TwilioVerify/Sources/Integration/DeleteFactorTests.swift",
"TwilioVerify/Sources/Integration/GetAllChallengesTests.swift",
"TwilioVerify/Sources/Integration/GetChallengeTests.swift",
"TwilioVerify/Sources/Integration/TwilioVerifyTests.swift",
"TwilioVerify/Sources/Integration/UpdateChallengeTests.swift",
"TwilioVerify/Sources/Integration/UpdateFactorTests.swift",
"TwilioVerify/Sources/Integration/VerifyFactorTests.swift",
"TwilioVerify/Sources/Logger/DefaultLoggerTests.swift",
"TwilioVerify/Sources/Logger/Mocks/LoggerServiceMock.swift",
"TwilioVerify/Sources/Logger/Mocks/LoggerTests.swift",
"TwilioVerify/Sources/Logger/Mocks/OSLogWrapperMock.swift",
"TwilioVerify/Sources/Models/Mocks/ChallengeMock.swift",
"TwilioVerify/Sources/Models/Mocks/FactorMock.swift",
"TwilioVerify/Sources/Models/Mocks/FakeFactorPayload.swift",
"TwilioVerify/Sources/Networking/AuthenticationProviderTests.swift",
"TwilioVerify/Sources/Networking/BasicAuthorizationTests.swift",
"TwilioVerify/Sources/Networking/HTTPHeadersTests.swift",
"TwilioVerify/Sources/Networking/Mocks/DateProviderMock.swift",
"TwilioVerify/Sources/Networking/Mocks/URLSessionMock.swift",
"TwilioVerify/Sources/Networking/NetworkAdapterTests.swift",
"TwilioVerify/Sources/Networking/NetworkErrorTests.swift",
"TwilioVerify/Sources/Networking/ParametersTests.swift",
"TwilioVerify/Sources/Networking/RequestHelperTests.swift",
"TwilioVerify/Sources/Networking/URLRequestBuilderTests.swift"
],
"target_dependencies" : [
"TwilioVerifySDK"
],
"type" : "test"
},
{
"c99name" : "TwilioVerifySDK",
"module_type" : "SwiftTarget",
"name" : "TwilioVerifySDK",
"path" : "TwilioVerifySDK",
"product_memberships" : [
"TwilioVerifySDK"
],
"sources" : [
"TwilioSecurity/Sources/Key/KeyPair.swift",
"TwilioSecurity/Sources/Key/Signer/ECSigner.swift",
"TwilioSecurity/Sources/Key/Template/ECP256SignerTemplate.swift",
"TwilioSecurity/Sources/Key/Template/Template.swift",
"TwilioSecurity/Sources/Keychain/KeyManager.swift",
"TwilioSecurity/Sources/Keychain/Keychain.swift",
"TwilioSecurity/Sources/Keychain/KeychainQuery.swift",
"TwilioSecurity/Sources/Storage/SecureStorage.swift",
"TwilioVerify/Sources/API/APIConstants.swift",
"TwilioVerify/Sources/API/BaseAPIClient.swift",
"TwilioVerify/Sources/API/ChallengeAPIClient.swift",
"TwilioVerify/Sources/API/FactorAPIClient.swift",
"TwilioVerify/Sources/Data/DateProvider.swift",
"TwilioVerify/Sources/Data/JWT/JwtGenerator.swift",
"TwilioVerify/Sources/Data/JWT/JwtSigner.swift",
"TwilioVerify/Sources/Data/KeyStorage.swift",
"TwilioVerify/Sources/Data/Migration.swift",
"TwilioVerify/Sources/Data/Storage+AccessGroup.swift",
"TwilioVerify/Sources/Data/Storage+QueryMode.swift",
"TwilioVerify/Sources/Data/Storage.swift",
"TwilioVerify/Sources/Data/StorageProvider.swift",
"TwilioVerify/Sources/Domain/Challenge/ChallengeFacade.swift",
"TwilioVerify/Sources/Domain/Challenge/ChallengeListMapper.swift",
"TwilioVerify/Sources/Domain/Challenge/ChallengeMapper.swift",
"TwilioVerify/Sources/Domain/Challenge/ChallengeRepository.swift",
"TwilioVerify/Sources/Domain/Challenge/Models/DTO/ChallengeDTO.swift",
"TwilioVerify/Sources/Domain/Challenge/Models/DTO/ChallengeListDTO.swift",
"TwilioVerify/Sources/Domain/Challenge/Models/FactorChallenge.swift",
"TwilioVerify/Sources/Domain/Challenge/PushChallengeProcessor.swift",
"TwilioVerify/Sources/Domain/Factor/FactorFacade.swift",
"TwilioVerify/Sources/Domain/Factor/FactorMapper.swift",
"TwilioVerify/Sources/Domain/Factor/FactorMigrations.swift",
"TwilioVerify/Sources/Domain/Factor/FactorRepository.swift",
"TwilioVerify/Sources/Domain/Factor/MapperError.swift",
"TwilioVerify/Sources/Domain/Factor/Models/DTOs/PushFactorDTO.swift",
"TwilioVerify/Sources/Domain/Factor/Models/FactorDataPayload.swift",
"TwilioVerify/Sources/Domain/Factor/Models/PushFactor.swift",
"TwilioVerify/Sources/Domain/Factor/PushFactory.swift",
"TwilioVerify/Sources/Domain/Manager/TwilioVerify.swift",
"TwilioVerify/Sources/Domain/Manager/TwilioVerifyManager.swift",
"TwilioVerify/Sources/Errors/NetworkError.swift",
"TwilioVerify/Sources/Errors/OperationErrors.swift",
"TwilioVerify/Sources/Extensions/DateFormatter+Extensions.swift",
"TwilioVerify/Sources/Extensions/StringInterpolation+Extensions.swift",
"TwilioVerify/Sources/Logger/DefaultLogger.swift",
"TwilioVerify/Sources/Logger/Logger.swift",
"TwilioVerify/Sources/Logger/OSLogWrapper.swift",
"TwilioVerify/Sources/Models/Challenge.swift",
"TwilioVerify/Sources/Models/ChallengeList.swift",
"TwilioVerify/Sources/Models/ChallengeListPayload.swift",
"TwilioVerify/Sources/Models/Factor.swift",
"TwilioVerify/Sources/Models/FactorPayload.swift",
"TwilioVerify/Sources/Models/Metadata.swift",
"TwilioVerify/Sources/Models/UpdateChallengePayload.swift",
"TwilioVerify/Sources/Models/UpdateFactorPayload.swift",
"TwilioVerify/Sources/Models/VerifyFactorPayload.swift",
"TwilioVerify/Sources/Networking/Authentication.swift",
"TwilioVerify/Sources/Networking/BasicAuthorization.swift",
"TwilioVerify/Sources/Networking/HTTPHeaders.swift",
"TwilioVerify/Sources/Networking/HTTPMethod.swift",
"TwilioVerify/Sources/Networking/MediaType.swift",
"TwilioVerify/Sources/Networking/NetworkAdapter.swift",
"TwilioVerify/Sources/Networking/NetworkProvider+Models.swift",
"TwilioVerify/Sources/Networking/Parameters.swift",
"TwilioVerify/Sources/Networking/RequestHelper.swift",
"TwilioVerify/Sources/Networking/URLRequestBuilder.swift",
"TwilioVerify/Sources/TwilioVerifyConfig.swift",
"TwilioVerify/Sources/TwilioVerifyError.swift"
],
"type" : "library"
}
],
"tools_version" : "5.2"
}
{
"workspace" : {
"name" : "TwilioVerifySDK",
"schemes" : [
"TwilioVerifySDK"
]
}
}
2026-09-23 08:40:28.497 xcodebuild[824:5163] [MT] IDERunDestination: Supported platforms for the buildables in the current scheme is empty.
Running build ...
env DEVELOPER_DIR=/Applications/Xcode-27.0.0-Release.Candidate.app xcrun xcodebuild -IDEClonedSourcePackagesDirPathOverride=$PWD/.dependencies -skipMacroValidation -skipPackagePluginValidation -derivedDataPath $PWD/.derivedData build -scheme TwilioVerifySDK -destination generic/platform=watchOS
Command line invocation:
/Applications/Xcode-27.0.0-Release.Candidate.app/Contents/Developer/usr/bin/xcodebuild -IDEClonedSourcePackagesDirPathOverride=/Users/admin/builder/spi-builder-workspace/.dependencies -skipMacroValidation -skipPackagePluginValidation -derivedDataPath /Users/admin/builder/spi-builder-workspace/.derivedData build -scheme TwilioVerifySDK -destination generic/platform=watchOS
Resolve Package Graph
Resolved source packages:
TwilioVerifySDK: /Users/admin/builder/spi-builder-workspace
ComputePackagePrebuildTargetDependencyGraph
Prepare packages
CreateBuildRequest
SendProjectDescription
CreateBuildOperation
ComputeTargetDependencyGraph
note: Building targets in dependency order
note: Target dependency graph (2 targets)
Target 'TwilioVerifySDK-product' in project 'TwilioVerifySDK'
➜ Explicit dependency on target 'TwilioVerifySDK' in project 'TwilioVerifySDK'
Target 'TwilioVerifySDK' in project 'TwilioVerifySDK' (no dependencies)
GatherProvisioningInputs
CreateBuildDescription
ClangStatCache /Applications/Xcode-27.0.0-Release.Candidate.app/Contents/Developer/Toolchains/XcodeDefault.xctoolchain/usr/bin/clang-stat-cache /Applications/Xcode-27.0.0-Release.Candidate.app/Contents/Developer/Platforms/WatchOS.platform/Developer/SDKs/WatchOS27.0.sdk /Users/admin/builder/spi-builder-workspace/.derivedData/SDKStatCaches.noindex/watchos27.0-24R360-e829b21a6f8c9b70876ba0858053c04477534ef55a1706bf4c1112bbb242f0a2.sdkstatcache
cd /Users/admin/builder/spi-builder-workspace/.swiftpm/xcode
/Applications/Xcode-27.0.0-Release.Candidate.app/Contents/Developer/Toolchains/XcodeDefault.xctoolchain/usr/bin/clang-stat-cache /Applications/Xcode-27.0.0-Release.Candidate.app/Contents/Developer/Platforms/WatchOS.platform/Developer/SDKs/WatchOS27.0.sdk -o /Users/admin/builder/spi-builder-workspace/.derivedData/SDKStatCaches.noindex/watchos27.0-24R360-e829b21a6f8c9b70876ba0858053c04477534ef55a1706bf4c1112bbb242f0a2.sdkstatcache
SwiftDriver TwilioVerifySDK normal arm64 com.apple.xcode.tools.swift.compiler (in target 'TwilioVerifySDK' from project 'TwilioVerifySDK')
cd /Users/admin/builder/spi-builder-workspace/.swiftpm/xcode
builtin-SwiftDriver -- /Applications/Xcode-27.0.0-Release.Candidate.app/Contents/Developer/Toolchains/XcodeDefault.xctoolchain/usr/bin/swiftc -parse-as-library -module-name TwilioVerifySDK -Onone @/Users/admin/builder/spi-builder-workspace/.derivedData/Build/Intermediates.noindex/TwilioVerifySDK.build/Debug-watchos/TwilioVerifySDK-t.build/Objects-normal/arm64/TwilioVerifySDK.SwiftFileList -DSWIFT_PACKAGE -DDEBUG -DSWIFT_MODULE_RESOURCE_BUNDLE_UNAVAILABLE -DXcode -plugin-path /Applications/Xcode-27.0.0-Release.Candidate.app/Contents/Developer/Toolchains/XcodeDefault.xctoolchain/usr/lib/swift/host/plugins/testing -enable-experimental-feature DebugDescriptionMacro -sdk /Applications/Xcode-27.0.0-Release.Candidate.app/Contents/Developer/Platforms/WatchOS.platform/Developer/SDKs/WatchOS27.0.sdk -target arm64-apple-watchos9.0 -g -module-cache-path /Users/admin/builder/spi-builder-workspace/.derivedData/ModuleCache.noindex -Xfrontend -serialize-debugging-options -profile-coverage-mapping -profile-generate -enable-testing -index-store-path /Users/admin/builder/spi-builder-workspace/.derivedData/Index.noindex/DataStore -Xcc -D_LIBCPP_HARDENING_MODE\=_LIBCPP_HARDENING_MODE_DEBUG -swift-version 5 -I /Users/admin/builder/spi-builder-workspace/.derivedData/Build/Products/Debug-watchos -Isystem /Applications/Xcode-27.0.0-Release.Candidate.app/Contents/Developer/Platforms/WatchOS.platform/Developer/usr/lib -F /Users/admin/builder/spi-builder-workspace/.derivedData/Build/Products/Debug-watchos -F /Applications/Xcode-27.0.0-Release.Candidate.app/Contents/Developer/Platforms/WatchOS.platform/Developer/Library/Frameworks -F /Applications/Xcode-27.0.0-Release.Candidate.app/Contents/Developer/Platforms/WatchOS.platform/Developer/SDKs/WatchOS27.0.sdk/Developer/Library/Frameworks -c -j10 -enable-batch-mode -incremental -Xcc -ivfsstatcache -Xcc /Users/admin/builder/spi-builder-workspace/.derivedData/SDKStatCaches.noindex/watchos27.0-24R360-e829b21a6f8c9b70876ba0858053c04477534ef55a1706bf4c1112bbb242f0a2.sdkstatcache -output-file-map /Users/admin/builder/spi-builder-workspace/.derivedData/Build/Intermediates.noindex/TwilioVerifySDK.build/Debug-watchos/TwilioVerifySDK-t.build/Objects-normal/arm64/TwilioVerifySDK-OutputFileMap.json -save-temps -no-color-diagnostics -explicit-module-build -module-cache-path /Users/admin/builder/spi-builder-workspace/.derivedData/Build/Intermediates.noindex/SwiftExplicitPrecompiledModules -clang-scanner-module-cache-path /Users/admin/builder/spi-builder-workspace/.derivedData/ModuleCache.noindex -sdk-module-cache-path /Users/admin/builder/spi-builder-workspace/.derivedData/SDKExplicitPrecompiledModules -emit-dependencies -emit-module -emit-module-path /Users/admin/builder/spi-builder-workspace/.derivedData/Build/Intermediates.noindex/TwilioVerifySDK.build/Debug-watchos/TwilioVerifySDK-t.build/Objects-normal/arm64/TwilioVerifySDK.swiftmodule -serialize-diagnostics -dependency-scan-serialize-diagnostics-path /Users/admin/builder/spi-builder-workspace/.derivedData/Build/Intermediates.noindex/TwilioVerifySDK.build/Debug-watchos/TwilioVerifySDK-t.build/Objects-normal/arm64/TwilioVerifySDK-dependency-scan.dia -validate-clang-modules-once -clang-build-session-file /Users/admin/builder/spi-builder-workspace/.derivedData/ModuleCache.noindex/Session.modulevalidation -Xcc -fmodules-prune-interval\=86400 -Xcc -fmodules-prune-after\=345600 -emit-const-values -const-gather-protocols-list /Users/admin/builder/spi-builder-workspace/.derivedData/Build/Intermediates.noindex/TwilioVerifySDK.build/Debug-watchos/TwilioVerifySDK-t.build/Objects-normal/arm64/TwilioVerifySDK_const_extract_protocols.json -Xcc -I/Users/admin/builder/spi-builder-workspace/.derivedData/Build/Products/Debug-watchos/include -Xcc -I/Users/admin/builder/spi-builder-workspace/.derivedData/Build/Intermediates.noindex/TwilioVerifySDK.build/Debug-watchos/TwilioVerifySDK-t.build/DerivedSources-normal/arm64 -Xcc -I/Users/admin/builder/spi-builder-workspace/.derivedData/Build/Intermediates.noindex/TwilioVerifySDK.build/Debug-watchos/TwilioVerifySDK-t.build/DerivedSources/arm64 -Xcc -I/Users/admin/builder/spi-builder-workspace/.derivedData/Build/Intermediates.noindex/TwilioVerifySDK.build/Debug-watchos/TwilioVerifySDK-t.build/DerivedSources -Xcc -DSWIFT_PACKAGE -Xcc -DDEBUG\=1 -emit-objc-header -emit-objc-header-path /Users/admin/builder/spi-builder-workspace/.derivedData/Build/Intermediates.noindex/TwilioVerifySDK.build/Debug-watchos/TwilioVerifySDK-t.build/Objects-normal/arm64/TwilioVerifySDK-Swift.h -working-directory /Users/admin/builder/spi-builder-workspace/.swiftpm/xcode -experimental-emit-module-separately -disable-cmo
SwiftDriver TwilioVerifySDK normal arm64_32 com.apple.xcode.tools.swift.compiler (in target 'TwilioVerifySDK' from project 'TwilioVerifySDK')
cd /Users/admin/builder/spi-builder-workspace/.swiftpm/xcode
builtin-SwiftDriver -- /Applications/Xcode-27.0.0-Release.Candidate.app/Contents/Developer/Toolchains/XcodeDefault.xctoolchain/usr/bin/swiftc -parse-as-library -module-name TwilioVerifySDK -Onone @/Users/admin/builder/spi-builder-workspace/.derivedData/Build/Intermediates.noindex/TwilioVerifySDK.build/Debug-watchos/TwilioVerifySDK-t.build/Objects-normal/arm64_32/TwilioVerifySDK.SwiftFileList -DSWIFT_PACKAGE -DDEBUG -DSWIFT_MODULE_RESOURCE_BUNDLE_UNAVAILABLE -DXcode -plugin-path /Applications/Xcode-27.0.0-Release.Candidate.app/Contents/Developer/Toolchains/XcodeDefault.xctoolchain/usr/lib/swift/host/plugins/testing -enable-experimental-feature DebugDescriptionMacro -sdk /Applications/Xcode-27.0.0-Release.Candidate.app/Contents/Developer/Platforms/WatchOS.platform/Developer/SDKs/WatchOS27.0.sdk -target arm64_32-apple-watchos9.0 -g -module-cache-path /Users/admin/builder/spi-builder-workspace/.derivedData/ModuleCache.noindex -Xfrontend -serialize-debugging-options -profile-coverage-mapping -profile-generate -enable-testing -index-store-path /Users/admin/builder/spi-builder-workspace/.derivedData/Index.noindex/DataStore -Xcc -D_LIBCPP_HARDENING_MODE\=_LIBCPP_HARDENING_MODE_DEBUG -swift-version 5 -I /Users/admin/builder/spi-builder-workspace/.derivedData/Build/Products/Debug-watchos -Isystem /Applications/Xcode-27.0.0-Release.Candidate.app/Contents/Developer/Platforms/WatchOS.platform/Developer/usr/lib -F /Users/admin/builder/spi-builder-workspace/.derivedData/Build/Products/Debug-watchos -F /Applications/Xcode-27.0.0-Release.Candidate.app/Contents/Developer/Platforms/WatchOS.platform/Developer/Library/Frameworks -F /Applications/Xcode-27.0.0-Release.Candidate.app/Contents/Developer/Platforms/WatchOS.platform/Developer/SDKs/WatchOS27.0.sdk/Developer/Library/Frameworks -c -j10 -enable-batch-mode -incremental -Xcc -ivfsstatcache -Xcc /Users/admin/builder/spi-builder-workspace/.derivedData/SDKStatCaches.noindex/watchos27.0-24R360-e829b21a6f8c9b70876ba0858053c04477534ef55a1706bf4c1112bbb242f0a2.sdkstatcache -output-file-map /Users/admin/builder/spi-builder-workspace/.derivedData/Build/Intermediates.noindex/TwilioVerifySDK.build/Debug-watchos/TwilioVerifySDK-t.build/Objects-normal/arm64_32/TwilioVerifySDK-OutputFileMap.json -save-temps -no-color-diagnostics -explicit-module-build -module-cache-path /Users/admin/builder/spi-builder-workspace/.derivedData/Build/Intermediates.noindex/SwiftExplicitPrecompiledModules -clang-scanner-module-cache-path /Users/admin/builder/spi-builder-workspace/.derivedData/ModuleCache.noindex -sdk-module-cache-path /Users/admin/builder/spi-builder-workspace/.derivedData/SDKExplicitPrecompiledModules -emit-dependencies -emit-module -emit-module-path /Users/admin/builder/spi-builder-workspace/.derivedData/Build/Intermediates.noindex/TwilioVerifySDK.build/Debug-watchos/TwilioVerifySDK-t.build/Objects-normal/arm64_32/TwilioVerifySDK.swiftmodule -serialize-diagnostics -dependency-scan-serialize-diagnostics-path /Users/admin/builder/spi-builder-workspace/.derivedData/Build/Intermediates.noindex/TwilioVerifySDK.build/Debug-watchos/TwilioVerifySDK-t.build/Objects-normal/arm64_32/TwilioVerifySDK-dependency-scan.dia -validate-clang-modules-once -clang-build-session-file /Users/admin/builder/spi-builder-workspace/.derivedData/ModuleCache.noindex/Session.modulevalidation -Xcc -fmodules-prune-interval\=86400 -Xcc -fmodules-prune-after\=345600 -emit-const-values -const-gather-protocols-list /Users/admin/builder/spi-builder-workspace/.derivedData/Build/Intermediates.noindex/TwilioVerifySDK.build/Debug-watchos/TwilioVerifySDK-t.build/Objects-normal/arm64_32/TwilioVerifySDK_const_extract_protocols.json -Xcc -I/Users/admin/builder/spi-builder-workspace/.derivedData/Build/Products/Debug-watchos/include -Xcc -I/Users/admin/builder/spi-builder-workspace/.derivedData/Build/Intermediates.noindex/TwilioVerifySDK.build/Debug-watchos/TwilioVerifySDK-t.build/DerivedSources-normal/arm64_32 -Xcc -I/Users/admin/builder/spi-builder-workspace/.derivedData/Build/Intermediates.noindex/TwilioVerifySDK.build/Debug-watchos/TwilioVerifySDK-t.build/DerivedSources/arm64_32 -Xcc -I/Users/admin/builder/spi-builder-workspace/.derivedData/Build/Intermediates.noindex/TwilioVerifySDK.build/Debug-watchos/TwilioVerifySDK-t.build/DerivedSources -Xcc -DSWIFT_PACKAGE -Xcc -DDEBUG\=1 -emit-objc-header -emit-objc-header-path /Users/admin/builder/spi-builder-workspace/.derivedData/Build/Intermediates.noindex/TwilioVerifySDK.build/Debug-watchos/TwilioVerifySDK-t.build/Objects-normal/arm64_32/TwilioVerifySDK-Swift.h -working-directory /Users/admin/builder/spi-builder-workspace/.swiftpm/xcode -experimental-emit-module-separately -disable-cmo
SwiftCompile normal arm64_32 Compiling\ NetworkProvider+Models.swift /Users/admin/builder/spi-builder-workspace/TwilioVerifySDK/TwilioVerify/Sources/Networking/NetworkProvider+Models.swift (in target 'TwilioVerifySDK' from project 'TwilioVerifySDK')
SwiftCompile normal arm64_32 /Users/admin/builder/spi-builder-workspace/TwilioVerifySDK/TwilioVerify/Sources/Networking/NetworkProvider+Models.swift (in target 'TwilioVerifySDK' from project 'TwilioVerifySDK')
cd /Users/admin/builder/spi-builder-workspace/.swiftpm/xcode
builtin-SwiftPerFileCompile NetworkProvider+Models.swift
SwiftCompile normal arm64_32 Compiling\ Parameters.swift /Users/admin/builder/spi-builder-workspace/TwilioVerifySDK/TwilioVerify/Sources/Networking/Parameters.swift (in target 'TwilioVerifySDK' from project 'TwilioVerifySDK')
SwiftCompile normal arm64_32 /Users/admin/builder/spi-builder-workspace/TwilioVerifySDK/TwilioVerify/Sources/Networking/Parameters.swift (in target 'TwilioVerifySDK' from project 'TwilioVerifySDK')
cd /Users/admin/builder/spi-builder-workspace/.swiftpm/xcode
builtin-SwiftPerFileCompile Parameters.swift
SwiftCompile normal arm64_32 Compiling\ RequestHelper.swift /Users/admin/builder/spi-builder-workspace/TwilioVerifySDK/TwilioVerify/Sources/Networking/RequestHelper.swift (in target 'TwilioVerifySDK' from project 'TwilioVerifySDK')
/Users/admin/builder/spi-builder-workspace/TwilioVerifySDK/TwilioVerify/Sources/Networking/RequestHelper.swift:37:46: error: 'UIDevice' is unavailable in watchOS
35 | let appVersionName = appInfo?[Constants.appBundleShortVersionString] as? String ?? Constants.unknown
36 | let appBuildCode = appInfo?[Constants.appBundleVersion] as? String ?? Constants.unknown
37 | let osVersion = "\(Constants.platform) \(UIDevice.current.systemVersion)"
| `- error: 'UIDevice' is unavailable in watchOS
38 | let device = UIDevice.current.model
39 | let sdkName = Constants.sdkBundleName
/Applications/Xcode-27.0.0-Release.Candidate.app/Contents/Developer/Platforms/WatchOS.platform/Developer/SDKs/WatchOS27.0.sdk/System/Library/Frameworks/UIKit.framework/Headers/UIDevice.h:35:12: note: 'UIDevice' has been explicitly marked unavailable here
33 |
34 | UIKIT_EXTERN API_AVAILABLE(ios(2.0)) API_UNAVAILABLE(watchos) NS_SWIFT_UI_ACTOR
35 | @interface UIDevice : NSObject
| `- note: 'UIDevice' has been explicitly marked unavailable here
36 |
37 | @property(class, nonatomic, readonly) UIDevice *currentDevice;
/Users/admin/builder/spi-builder-workspace/TwilioVerifySDK/TwilioVerify/Sources/Networking/RequestHelper.swift:38:18: error: 'UIDevice' is unavailable in watchOS
36 | let appBuildCode = appInfo?[Constants.appBundleVersion] as? String ?? Constants.unknown
37 | let osVersion = "\(Constants.platform) \(UIDevice.current.systemVersion)"
38 | let device = UIDevice.current.model
| `- error: 'UIDevice' is unavailable in watchOS
39 | let sdkName = Constants.sdkBundleName
40 | let sdkVersionName = Constants.sdkVersion
/Applications/Xcode-27.0.0-Release.Candidate.app/Contents/Developer/Platforms/WatchOS.platform/Developer/SDKs/WatchOS27.0.sdk/System/Library/Frameworks/UIKit.framework/Headers/UIDevice.h:35:12: note: 'UIDevice' has been explicitly marked unavailable here
33 |
34 | UIKIT_EXTERN API_AVAILABLE(ios(2.0)) API_UNAVAILABLE(watchos) NS_SWIFT_UI_ACTOR
35 | @interface UIDevice : NSObject
| `- note: 'UIDevice' has been explicitly marked unavailable here
36 |
37 | @property(class, nonatomic, readonly) UIDevice *currentDevice;
Failed frontend command:
SwiftCompile normal arm64_32 /Users/admin/builder/spi-builder-workspace/TwilioVerifySDK/TwilioVerify/Sources/Networking/RequestHelper.swift (in target 'TwilioVerifySDK' from project 'TwilioVerifySDK')
cd /Users/admin/builder/spi-builder-workspace/.swiftpm/xcode
builtin-SwiftPerFileCompile RequestHelper.swift
/Applications/Xcode-27.0.0-Release.Candidate.app/Contents/Developer/Toolchains/XcodeDefault.xctoolchain/usr/bin/swift-frontend -frontend -c /Users/admin/builder/spi-builder-workspace/TwilioVerifySDK/TwilioSecurity/Sources/Key/KeyPair.swift /Users/admin/builder/spi-builder-workspace/TwilioVerifySDK/TwilioSecurity/Sources/Key/Signer/ECSigner.swift /Users/admin/builder/spi-builder-workspace/TwilioVerifySDK/TwilioSecurity/Sources/Key/Template/ECP256SignerTemplate.swift /Users/admin/builder/spi-builder-workspace/TwilioVerifySDK/TwilioSecurity/Sources/Key/Template/Template.swift /Users/admin/builder/spi-builder-workspace/TwilioVerifySDK/TwilioSecurity/Sources/Keychain/KeyManager.swift /Users/admin/builder/spi-builder-workspace/TwilioVerifySDK/TwilioSecurity/Sources/Keychain/Keychain.swift /Users/admin/builder/spi-builder-workspace/TwilioVerifySDK/TwilioSecurity/Sources/Keychain/KeychainQuery.swift /Users/admin/builder/spi-builder-workspace/TwilioVerifySDK/TwilioSecurity/Sources/Storage/SecureStorage.swift /Users/admin/builder/spi-builder-workspace/TwilioVerifySDK/TwilioVerify/Sources/API/APIConstants.swift /Users/admin/builder/spi-builder-workspace/TwilioVerifySDK/TwilioVerify/Sources/API/BaseAPIClient.swift /Users/admin/builder/spi-builder-workspace/TwilioVerifySDK/TwilioVerify/Sources/API/ChallengeAPIClient.swift /Users/admin/builder/spi-builder-workspace/TwilioVerifySDK/TwilioVerify/Sources/API/FactorAPIClient.swift /Users/admin/builder/spi-builder-workspace/TwilioVerifySDK/TwilioVerify/Sources/Data/DateProvider.swift /Users/admin/builder/spi-builder-workspace/TwilioVerifySDK/TwilioVerify/Sources/Data/JWT/JwtGenerator.swift /Users/admin/builder/spi-builder-workspace/TwilioVerifySDK/TwilioVerify/Sources/Data/JWT/JwtSigner.swift /Users/admin/builder/spi-builder-workspace/TwilioVerifySDK/TwilioVerify/Sources/Data/KeyStorage.swift /Users/admin/builder/spi-builder-workspace/TwilioVerifySDK/TwilioVerify/Sources/Data/Migration.swift /Users/admin/builder/spi-builder-workspace/TwilioVerifySDK/TwilioVerify/Sources/Data/Storage+AccessGroup.swift /Users/admin/builder/spi-builder-workspace/TwilioVerifySDK/TwilioVerify/Sources/Data/Storage+QueryMode.swift /Users/admin/builder/spi-builder-workspace/TwilioVerifySDK/TwilioVerify/Sources/Data/Storage.swift /Users/admin/builder/spi-builder-workspace/TwilioVerifySDK/TwilioVerify/Sources/Data/StorageProvider.swift /Users/admin/builder/spi-builder-workspace/TwilioVerifySDK/TwilioVerify/Sources/Domain/Challenge/ChallengeFacade.swift /Users/admin/builder/spi-builder-workspace/TwilioVerifySDK/TwilioVerify/Sources/Domain/Challenge/ChallengeListMapper.swift /Users/admin/builder/spi-builder-workspace/TwilioVerifySDK/TwilioVerify/Sources/Domain/Challenge/ChallengeMapper.swift /Users/admin/builder/spi-builder-workspace/TwilioVerifySDK/TwilioVerify/Sources/Domain/Challenge/ChallengeRepository.swift /Users/admin/builder/spi-builder-workspace/TwilioVerifySDK/TwilioVerify/Sources/Domain/Challenge/Models/DTO/ChallengeDTO.swift /Users/admin/builder/spi-builder-workspace/TwilioVerifySDK/TwilioVerify/Sources/Domain/Challenge/Models/DTO/ChallengeListDTO.swift /Users/admin/builder/spi-builder-workspace/TwilioVerifySDK/TwilioVerify/Sources/Domain/Challenge/Models/FactorChallenge.swift /Users/admin/builder/spi-builder-workspace/TwilioVerifySDK/TwilioVerify/Sources/Domain/Challenge/PushChallengeProcessor.swift /Users/admin/builder/spi-builder-workspace/TwilioVerifySDK/TwilioVerify/Sources/Domain/Factor/FactorFacade.swift /Users/admin/builder/spi-builder-workspace/TwilioVerifySDK/TwilioVerify/Sources/Domain/Factor/FactorMapper.swift /Users/admin/builder/spi-builder-workspace/TwilioVerifySDK/TwilioVerify/Sources/Domain/Factor/FactorMigrations.swift /Users/admin/builder/spi-builder-workspace/TwilioVerifySDK/TwilioVerify/Sources/Domain/Factor/FactorRepository.swift /Users/admin/builder/spi-builder-workspace/TwilioVerifySDK/TwilioVerify/Sources/Domain/Factor/MapperError.swift /Users/admin/builder/spi-builder-workspace/TwilioVerifySDK/TwilioVerify/Sources/Domain/Factor/Models/DTOs/PushFactorDTO.swift /Users/admin/builder/spi-builder-workspace/TwilioVerifySDK/TwilioVerify/Sources/Domain/Factor/Models/FactorDataPayload.swift /Users/admin/builder/spi-builder-workspace/TwilioVerifySDK/TwilioVerify/Sources/Domain/Factor/Models/PushFactor.swift /Users/admin/builder/spi-builder-workspace/TwilioVerifySDK/TwilioVerify/Sources/Domain/Factor/PushFactory.swift /Users/admin/builder/spi-builder-workspace/TwilioVerifySDK/TwilioVerify/Sources/Domain/Manager/TwilioVerify.swift /Users/admin/builder/spi-builder-workspace/TwilioVerifySDK/TwilioVerify/Sources/Domain/Manager/TwilioVerifyManager.swift /Users/admin/builder/spi-builder-workspace/TwilioVerifySDK/TwilioVerify/Sources/Errors/NetworkError.swift /Users/admin/builder/spi-builder-workspace/TwilioVerifySDK/TwilioVerify/Sources/Errors/OperationErrors.swift /Users/admin/builder/spi-builder-workspace/TwilioVerifySDK/TwilioVerify/Sources/Extensions/DateFormatter+Extensions.swift /Users/admin/builder/spi-builder-workspace/TwilioVerifySDK/TwilioVerify/Sources/Extensions/StringInterpolation+Extensions.swift /Users/admin/builder/spi-builder-workspace/TwilioVerifySDK/TwilioVerify/Sources/Logger/DefaultLogger.swift /Users/admin/builder/spi-builder-workspace/TwilioVerifySDK/TwilioVerify/Sources/Logger/Logger.swift /Users/admin/builder/spi-builder-workspace/TwilioVerifySDK/TwilioVerify/Sources/Logger/OSLogWrapper.swift /Users/admin/builder/spi-builder-workspace/TwilioVerifySDK/TwilioVerify/Sources/Models/Challenge.swift /Users/admin/builder/spi-builder-workspace/TwilioVerifySDK/TwilioVerify/Sources/Models/ChallengeList.swift /Users/admin/builder/spi-builder-workspace/TwilioVerifySDK/TwilioVerify/Sources/Models/ChallengeListPayload.swift /Users/admin/builder/spi-builder-workspace/TwilioVerifySDK/TwilioVerify/Sources/Models/Factor.swift /Users/admin/builder/spi-builder-workspace/TwilioVerifySDK/TwilioVerify/Sources/Models/FactorPayload.swift /Users/admin/builder/spi-builder-workspace/TwilioVerifySDK/TwilioVerify/Sources/Models/Metadata.swift /Users/admin/builder/spi-builder-workspace/TwilioVerifySDK/TwilioVerify/Sources/Models/UpdateChallengePayload.swift /Users/admin/builder/spi-builder-workspace/TwilioVerifySDK/TwilioVerify/Sources/Models/UpdateFactorPayload.swift /Users/admin/builder/spi-builder-workspace/TwilioVerifySDK/TwilioVerify/Sources/Models/VerifyFactorPayload.swift /Users/admin/builder/spi-builder-workspace/TwilioVerifySDK/TwilioVerify/Sources/Networking/Authentication.swift /Users/admin/builder/spi-builder-workspace/TwilioVerifySDK/TwilioVerify/Sources/Networking/BasicAuthorization.swift /Users/admin/builder/spi-builder-workspace/TwilioVerifySDK/TwilioVerify/Sources/Networking/HTTPHeaders.swift /Users/admin/builder/spi-builder-workspace/TwilioVerifySDK/TwilioVerify/Sources/Networking/HTTPMethod.swift /Users/admin/builder/spi-builder-workspace/TwilioVerifySDK/TwilioVerify/Sources/Networking/MediaType.swift /Users/admin/builder/spi-builder-workspace/TwilioVerifySDK/TwilioVerify/Sources/Networking/NetworkAdapter.swift /Users/admin/builder/spi-builder-workspace/TwilioVerifySDK/TwilioVerify/Sources/Networking/NetworkProvider+Models.swift /Users/admin/builder/spi-builder-workspace/TwilioVerifySDK/TwilioVerify/Sources/Networking/Parameters.swift -primary-file /Users/admin/builder/spi-builder-workspace/TwilioVerifySDK/TwilioVerify/Sources/Networking/RequestHelper.swift /Users/admin/builder/spi-builder-workspace/TwilioVerifySDK/TwilioVerify/Sources/Networking/URLRequestBuilder.swift /Users/admin/builder/spi-builder-workspace/TwilioVerifySDK/TwilioVerify/Sources/TwilioVerifyConfig.swift /Users/admin/builder/spi-builder-workspace/TwilioVerifySDK/TwilioVerify/Sources/TwilioVerifyError.swift -emit-dependencies-path /Users/admin/builder/spi-builder-workspace/.derivedData/Build/Intermediates.noindex/TwilioVerifySDK.build/Debug-watchos/TwilioVerifySDK-t.build/Objects-normal/arm64_32/RequestHelper.d -emit-const-values-path /Users/admin/builder/spi-builder-workspace/.derivedData/Build/Intermediates.noindex/TwilioVerifySDK.build/Debug-watchos/TwilioVerifySDK-t.build/Objects-normal/arm64_32/RequestHelper.swiftconstvalues -emit-reference-dependencies-path /Users/admin/builder/spi-builder-workspace/.derivedData/Build/Intermediates.noindex/TwilioVerifySDK.build/Debug-watchos/TwilioVerifySDK-t.build/Objects-normal/arm64_32/RequestHelper.swiftdeps -serialize-diagnostics-path /Users/admin/builder/spi-builder-workspace/.derivedData/Build/Intermediates.noindex/TwilioVerifySDK.build/Debug-watchos/TwilioVerifySDK-t.build/Objects-normal/arm64_32/RequestHelper.dia -target arm64_32-apple-watchos9.0 -disable-cross-import-overlay-search -load-resolved-plugin /Applications/Xcode-27.0.0-Release.Candidate.app/Contents/Developer/Platforms/WatchOS.platform/Developer/usr/lib/swift/host/plugins/libFoundationMacros.dylib\#/Applications/Xcode-27.0.0-Release.Candidate.app/Contents/Developer/Platforms/WatchOS.platform/Developer/usr/bin/swift-plugin-server\#FoundationMacros -load-resolved-plugin /Applications/Xcode-27.0.0-Release.Candidate.app/Contents/Developer/Platforms/WatchOS.platform/Developer/usr/lib/swift/host/plugins/libObservationMacros.dylib\#/Applications/Xcode-27.0.0-Release.Candidate.app/Contents/Developer/Platforms/WatchOS.platform/Developer/usr/bin/swift-plugin-server\#ObservationMacros -load-resolved-plugin /Applications/Xcode-27.0.0-Release.Candidate.app/Contents/Developer/Platforms/WatchOS.platform/Developer/usr/lib/swift/host/plugins/libSwiftMacros.dylib\#/Applications/Xcode-27.0.0-Release.Candidate.app/Contents/Developer/Platforms/WatchOS.platform/Developer/usr/bin/swift-plugin-server\#SwiftMacros -load-resolved-plugin /Applications/Xcode-27.0.0-Release.Candidate.app/Contents/Developer/Platforms/WatchOS.platform/Developer/usr/lib/swift/host/plugins/libSwiftUIMacros.dylib\#/Applications/Xcode-27.0.0-Release.Candidate.app/Contents/Developer/Platforms/WatchOS.platform/Developer/usr/bin/swift-plugin-server\#SwiftUIMacros -disable-implicit-swift-modules -Xcc -fno-implicit-modules -Xcc -fno-implicit-module-maps -explicit-swift-module-map-file /Users/admin/builder/spi-builder-workspace/.derivedData/Build/Intermediates.noindex/TwilioVerifySDK.build/Debug-watchos/TwilioVerifySDK-t.build/Objects-normal/arm64_32/TwilioVerifySDK-dependencies-1.json -enable-objc-interop -sdk /Applications/Xcode-27.0.0-Release.Candidate.app/Contents/Developer/Platforms/WatchOS.platform/Developer/SDKs/WatchOS27.0.sdk -I /Users/admin/builder/spi-builder-workspace/.derivedData/Build/Products/Debug-watchos -Isystem /Applications/Xcode-27.0.0-Release.Candidate.app/Contents/Developer/Platforms/WatchOS.platform/Developer/usr/lib -F /Users/admin/builder/spi-builder-workspace/.derivedData/Build/Products/Debug-watchos -F /Applications/Xcode-27.0.0-Release.Candidate.app/Contents/Developer/Platforms/WatchOS.platform/Developer/Library/Frameworks -F /Applications/Xcode-27.0.0-Release.Candidate.app/Contents/Developer/Platforms/WatchOS.platform/Developer/SDKs/WatchOS27.0.sdk/Developer/Library/Frameworks -module-cache-path /Users/admin/builder/spi-builder-workspace/.derivedData/Build/Intermediates.noindex/SwiftExplicitPrecompiledModules -no-color-diagnostics -Xcc -fno-color-diagnostics -enable-testing -g -debug-info-format\=dwarf -dwarf-version\=4 -profile-generate -profile-coverage-mapping -swift-version 5 -Onone -D SWIFT_PACKAGE -D DEBUG -D SWIFT_MODULE_RESOURCE_BUNDLE_UNAVAILABLE -D Xcode -serialize-debugging-options -enable-experimental-feature DebugDescriptionMacro -empty-abi-descriptor -validate-clang-modules-once -clang-build-session-file /Users/admin/builder/spi-builder-workspace/.derivedData/ModuleCache.noindex/Session.modulevalidation -Xcc -working-directory -Xcc /Users/admin/builder/spi-builder-workspace/.swiftpm/xcode -enable-anonymous-context-mangled-names -file-compilation-dir /Users/admin/builder/spi-builder-workspace/.swiftpm/xcode -Xcc -D_LIBCPP_HARDENING_MODE\=_LIBCPP_HARDENING_MODE_DEBUG -Xcc -ivfsstatcache -Xcc /Users/admin/builder/spi-builder-workspace/.derivedData/SDKStatCaches.noindex/watchos27.0-24R360-e829b21a6f8c9b70876ba0858053c04477534ef55a1706bf4c1112bbb242f0a2.sdkstatcache -Xcc -fmodules-prune-interval\=86400 -Xcc -fmodules-prune-after\=345600 -Xcc -I/Users/admin/builder/spi-builder-workspace/.derivedData/Build/Products/Debug-watchos/include -Xcc -I/Users/admin/builder/spi-builder-workspace/.derivedData/Build/Intermediates.noindex/TwilioVerifySDK.build/Debug-watchos/TwilioVerifySDK-t.build/DerivedSources-normal/arm64_32 -Xcc -I/Users/admin/builder/spi-builder-workspace/.derivedData/Build/Intermediates.noindex/TwilioVerifySDK.build/Debug-watchos/TwilioVerifySDK-t.build/DerivedSources/arm64_32 -Xcc -I/Users/admin/builder/spi-builder-workspace/.derivedData/Build/Intermediates.noindex/TwilioVerifySDK.build/Debug-watchos/TwilioVerifySDK-t.build/DerivedSources -Xcc -DSWIFT_PACKAGE -Xcc -DDEBUG\=1 -no-auto-bridging-header-chaining -module-name TwilioVerifySDK -const-gather-protocols-file /Users/admin/builder/spi-builder-workspace/.derivedData/Build/Intermediates.noindex/TwilioVerifySDK.build/Debug-watchos/TwilioVerifySDK-t.build/Objects-normal/arm64_32/TwilioVerifySDK_const_extract_protocols.json -disable-clang-spi -clang-target arm64_32-apple-watchos27.0 -target-sdk-version 27.0 -target-sdk-name watchos27.0 -in-process-plugin-server-path /Applications/Xcode-27.0.0-Release.Candidate.app/Contents/Developer/Toolchains/XcodeDefault.xctoolchain/usr/lib/swift/host/libSwiftInProcPluginServer.dylib -parse-as-library -o /Users/admin/builder/spi-builder-workspace/.derivedData/Build/Intermediates.noindex/TwilioVerifySDK.build/Debug-watchos/TwilioVerifySDK-t.build/Objects-normal/arm64_32/RequestHelper.o -debug-module-path /Users/admin/builder/spi-builder-workspace/.derivedData/Build/Intermediates.noindex/TwilioVerifySDK.build/Debug-watchos/TwilioVerifySDK-t.build/Objects-normal/arm64_32/TwilioVerifySDK.swiftmodule -index-unit-output-path /TwilioVerifySDK.build/Debug-watchos/TwilioVerifySDK-t.build/Objects-normal/arm64_32/RequestHelper.o -index-store-path /Users/admin/builder/spi-builder-workspace/.derivedData/Index.noindex/DataStore -index-system-modules
SwiftCompile normal arm64_32 Compiling\ TwilioVerifyError.swift /Users/admin/builder/spi-builder-workspace/TwilioVerifySDK/TwilioVerify/Sources/TwilioVerifyError.swift (in target 'TwilioVerifySDK' from project 'TwilioVerifySDK')
SwiftCompile normal arm64_32 /Users/admin/builder/spi-builder-workspace/TwilioVerifySDK/TwilioVerify/Sources/TwilioVerifyError.swift (in target 'TwilioVerifySDK' from project 'TwilioVerifySDK')
cd /Users/admin/builder/spi-builder-workspace/.swiftpm/xcode
builtin-SwiftPerFileCompile TwilioVerifyError.swift
SwiftEmitModule normal arm64_32 Emitting\ module\ for\ TwilioVerifySDK (in target 'TwilioVerifySDK' from project 'TwilioVerifySDK')
SwiftCompile normal arm64_32 (in target 'TwilioVerifySDK' from project 'TwilioVerifySDK')
cd /Users/admin/builder/spi-builder-workspace/.swiftpm/xcode
SwiftCompile normal arm64_32 Compiling\ TwilioVerifyConfig.swift /Users/admin/builder/spi-builder-workspace/TwilioVerifySDK/TwilioVerify/Sources/TwilioVerifyConfig.swift (in target 'TwilioVerifySDK' from project 'TwilioVerifySDK')
SwiftCompile normal arm64_32 /Users/admin/builder/spi-builder-workspace/TwilioVerifySDK/TwilioVerify/Sources/TwilioVerifyConfig.swift (in target 'TwilioVerifySDK' from project 'TwilioVerifySDK')
cd /Users/admin/builder/spi-builder-workspace/.swiftpm/xcode
builtin-SwiftPerFileCompile TwilioVerifyConfig.swift
SwiftCompile normal arm64_32 Compiling\ URLRequestBuilder.swift /Users/admin/builder/spi-builder-workspace/TwilioVerifySDK/TwilioVerify/Sources/Networking/URLRequestBuilder.swift (in target 'TwilioVerifySDK' from project 'TwilioVerifySDK')
SwiftCompile normal arm64_32 /Users/admin/builder/spi-builder-workspace/TwilioVerifySDK/TwilioVerify/Sources/Networking/URLRequestBuilder.swift (in target 'TwilioVerifySDK' from project 'TwilioVerifySDK')
cd /Users/admin/builder/spi-builder-workspace/.swiftpm/xcode
builtin-SwiftPerFileCompile URLRequestBuilder.swift
SwiftEmitModule normal arm64 Emitting\ module\ for\ TwilioVerifySDK (in target 'TwilioVerifySDK' from project 'TwilioVerifySDK')
SwiftCompile normal arm64 (in target 'TwilioVerifySDK' from project 'TwilioVerifySDK')
cd /Users/admin/builder/spi-builder-workspace/.swiftpm/xcode
SwiftCompile normal arm64 Compiling\ TwilioVerifyConfig.swift /Users/admin/builder/spi-builder-workspace/TwilioVerifySDK/TwilioVerify/Sources/TwilioVerifyConfig.swift (in target 'TwilioVerifySDK' from project 'TwilioVerifySDK')
SwiftCompile normal arm64 /Users/admin/builder/spi-builder-workspace/TwilioVerifySDK/TwilioVerify/Sources/TwilioVerifyConfig.swift (in target 'TwilioVerifySDK' from project 'TwilioVerifySDK')
cd /Users/admin/builder/spi-builder-workspace/.swiftpm/xcode
builtin-SwiftPerFileCompile TwilioVerifyConfig.swift
SwiftCompile normal arm64 Compiling\ URLRequestBuilder.swift /Users/admin/builder/spi-builder-workspace/TwilioVerifySDK/TwilioVerify/Sources/Networking/URLRequestBuilder.swift (in target 'TwilioVerifySDK' from project 'TwilioVerifySDK')
SwiftCompile normal arm64 /Users/admin/builder/spi-builder-workspace/TwilioVerifySDK/TwilioVerify/Sources/Networking/URLRequestBuilder.swift (in target 'TwilioVerifySDK' from project 'TwilioVerifySDK')
cd /Users/admin/builder/spi-builder-workspace/.swiftpm/xcode
builtin-SwiftPerFileCompile URLRequestBuilder.swift
SwiftCompile normal arm64 Compiling\ NetworkProvider+Models.swift /Users/admin/builder/spi-builder-workspace/TwilioVerifySDK/TwilioVerify/Sources/Networking/NetworkProvider+Models.swift (in target 'TwilioVerifySDK' from project 'TwilioVerifySDK')
SwiftCompile normal arm64 /Users/admin/builder/spi-builder-workspace/TwilioVerifySDK/TwilioVerify/Sources/Networking/NetworkProvider+Models.swift (in target 'TwilioVerifySDK' from project 'TwilioVerifySDK')
cd /Users/admin/builder/spi-builder-workspace/.swiftpm/xcode
builtin-SwiftPerFileCompile NetworkProvider+Models.swift
SwiftDriverJobDiscovery normal arm64 Compiling TwilioVerifyConfig.swift (in target 'TwilioVerifySDK' from project 'TwilioVerifySDK')
SwiftCompile normal arm64 Compiling\ FactorAPIClient.swift /Users/admin/builder/spi-builder-workspace/TwilioVerifySDK/TwilioVerify/Sources/API/FactorAPIClient.swift (in target 'TwilioVerifySDK' from project 'TwilioVerifySDK')
SwiftCompile normal arm64 /Users/admin/builder/spi-builder-workspace/TwilioVerifySDK/TwilioVerify/Sources/API/FactorAPIClient.swift (in target 'TwilioVerifySDK' from project 'TwilioVerifySDK')
cd /Users/admin/builder/spi-builder-workspace/.swiftpm/xcode
builtin-SwiftPerFileCompile FactorAPIClient.swift
SwiftDriverJobDiscovery normal arm64_32 Compiling TwilioVerifyConfig.swift (in target 'TwilioVerifySDK' from project 'TwilioVerifySDK')
SwiftCompile normal arm64_32 Compiling\ Storage.swift /Users/admin/builder/spi-builder-workspace/TwilioVerifySDK/TwilioVerify/Sources/Data/Storage.swift (in target 'TwilioVerifySDK' from project 'TwilioVerifySDK')
SwiftCompile normal arm64_32 /Users/admin/builder/spi-builder-workspace/TwilioVerifySDK/TwilioVerify/Sources/Data/Storage.swift (in target 'TwilioVerifySDK' from project 'TwilioVerifySDK')
cd /Users/admin/builder/spi-builder-workspace/.swiftpm/xcode
builtin-SwiftPerFileCompile Storage.swift
SwiftDriverJobDiscovery normal arm64_32 Compiling NetworkProvider+Models.swift (in target 'TwilioVerifySDK' from project 'TwilioVerifySDK')
SwiftCompile normal arm64_32 Compiling\ ChallengeAPIClient.swift /Users/admin/builder/spi-builder-workspace/TwilioVerifySDK/TwilioVerify/Sources/API/ChallengeAPIClient.swift (in target 'TwilioVerifySDK' from project 'TwilioVerifySDK')
SwiftCompile normal arm64_32 /Users/admin/builder/spi-builder-workspace/TwilioVerifySDK/TwilioVerify/Sources/API/ChallengeAPIClient.swift (in target 'TwilioVerifySDK' from project 'TwilioVerifySDK')
cd /Users/admin/builder/spi-builder-workspace/.swiftpm/xcode
builtin-SwiftPerFileCompile ChallengeAPIClient.swift
SwiftDriverJobDiscovery normal arm64_32 Compiling TwilioVerifyError.swift (in target 'TwilioVerifySDK' from project 'TwilioVerifySDK')
SwiftCompile normal arm64_32 Compiling\ ChallengeMapper.swift /Users/admin/builder/spi-builder-workspace/TwilioVerifySDK/TwilioVerify/Sources/Domain/Challenge/ChallengeMapper.swift (in target 'TwilioVerifySDK' from project 'TwilioVerifySDK')
SwiftCompile normal arm64_32 /Users/admin/builder/spi-builder-workspace/TwilioVerifySDK/TwilioVerify/Sources/Domain/Challenge/ChallengeMapper.swift (in target 'TwilioVerifySDK' from project 'TwilioVerifySDK')
cd /Users/admin/builder/spi-builder-workspace/.swiftpm/xcode
builtin-SwiftPerFileCompile ChallengeMapper.swift
SwiftDriverJobDiscovery normal arm64 Compiling URLRequestBuilder.swift (in target 'TwilioVerifySDK' from project 'TwilioVerifySDK')
SwiftCompile normal arm64_32 Compiling\ JwtSigner.swift /Users/admin/builder/spi-builder-workspace/TwilioVerifySDK/TwilioVerify/Sources/Data/JWT/JwtSigner.swift (in target 'TwilioVerifySDK' from project 'TwilioVerifySDK')
SwiftCompile normal arm64_32 /Users/admin/builder/spi-builder-workspace/TwilioVerifySDK/TwilioVerify/Sources/Data/JWT/JwtSigner.swift (in target 'TwilioVerifySDK' from project 'TwilioVerifySDK')
cd /Users/admin/builder/spi-builder-workspace/.swiftpm/xcode
builtin-SwiftPerFileCompile JwtSigner.swift
SwiftDriverJobDiscovery normal arm64_32 Compiling URLRequestBuilder.swift (in target 'TwilioVerifySDK' from project 'TwilioVerifySDK')
SwiftCompile normal arm64_32 Compiling\ NetworkAdapter.swift /Users/admin/builder/spi-builder-workspace/TwilioVerifySDK/TwilioVerify/Sources/Networking/NetworkAdapter.swift (in target 'TwilioVerifySDK' from project 'TwilioVerifySDK')
SwiftCompile normal arm64_32 /Users/admin/builder/spi-builder-workspace/TwilioVerifySDK/TwilioVerify/Sources/Networking/NetworkAdapter.swift (in target 'TwilioVerifySDK' from project 'TwilioVerifySDK')
cd /Users/admin/builder/spi-builder-workspace/.swiftpm/xcode
builtin-SwiftPerFileCompile NetworkAdapter.swift
SwiftDriverJobDiscovery normal arm64_32 Compiling Parameters.swift (in target 'TwilioVerifySDK' from project 'TwilioVerifySDK')
SwiftCompile normal arm64_32 Compiling\ PushFactorDTO.swift,\ PushFactor.swift /Users/admin/builder/spi-builder-workspace/TwilioVerifySDK/TwilioVerify/Sources/Domain/Factor/Models/DTOs/PushFactorDTO.swift /Users/admin/builder/spi-builder-workspace/TwilioVerifySDK/TwilioVerify/Sources/Domain/Factor/Models/PushFactor.swift (in target 'TwilioVerifySDK' from project 'TwilioVerifySDK')
SwiftCompile normal arm64_32 /Users/admin/builder/spi-builder-workspace/TwilioVerifySDK/TwilioVerify/Sources/Domain/Factor/Models/DTOs/PushFactorDTO.swift (in target 'TwilioVerifySDK' from project 'TwilioVerifySDK')
cd /Users/admin/builder/spi-builder-workspace/.swiftpm/xcode
builtin-SwiftPerFileCompile PushFactorDTO.swift
SwiftCompile normal arm64_32 /Users/admin/builder/spi-builder-workspace/TwilioVerifySDK/TwilioVerify/Sources/Domain/Factor/Models/PushFactor.swift (in target 'TwilioVerifySDK' from project 'TwilioVerifySDK')
cd /Users/admin/builder/spi-builder-workspace/.swiftpm/xcode
builtin-SwiftPerFileCompile PushFactor.swift
SwiftDriverJobDiscovery normal arm64 Compiling NetworkProvider+Models.swift (in target 'TwilioVerifySDK' from project 'TwilioVerifySDK')
SwiftCompile normal arm64 Compiling\ FactorRepository.swift /Users/admin/builder/spi-builder-workspace/TwilioVerifySDK/TwilioVerify/Sources/Domain/Factor/FactorRepository.swift (in target 'TwilioVerifySDK' from project 'TwilioVerifySDK')
SwiftCompile normal arm64 /Users/admin/builder/spi-builder-workspace/TwilioVerifySDK/TwilioVerify/Sources/Domain/Factor/FactorRepository.swift (in target 'TwilioVerifySDK' from project 'TwilioVerifySDK')
cd /Users/admin/builder/spi-builder-workspace/.swiftpm/xcode
builtin-SwiftPerFileCompile FactorRepository.swift
PruneExplicitPrecompiledModules /Users/admin/builder/spi-builder-workspace/.derivedData/Build/Intermediates.noindex/SwiftExplicitPrecompiledModules
PruneExplicitPrecompiledModules /Users/admin/builder/spi-builder-workspace/.derivedData/Build/Intermediates.noindex/ExplicitPrecompiledModules
PruneExplicitPrecompiledModules /Users/admin/builder/spi-builder-workspace/.derivedData/SDKExplicitPrecompiledModules
2026-09-23 08:40:29.674 xcodebuild[825:5190] [MT] IDERunDestination: Supported platforms for the buildables in the current scheme is empty.
** BUILD FAILED **
The following build commands failed:
SwiftCompile normal arm64_32 /Users/admin/builder/spi-builder-workspace/TwilioVerifySDK/TwilioVerify/Sources/Networking/RequestHelper.swift (in target 'TwilioVerifySDK' from project 'TwilioVerifySDK')
SwiftCompile normal arm64_32 Compiling\ RequestHelper.swift /Users/admin/builder/spi-builder-workspace/TwilioVerifySDK/TwilioVerify/Sources/Networking/RequestHelper.swift (in target 'TwilioVerifySDK' from project 'TwilioVerifySDK')
Building workspace TwilioVerifySDK with scheme TwilioVerifySDK
(3 failures)
BUILD FAILURE 6.4 watchOS