The Swift Package Index logo.Swift Package Index

Build Information

Failed to build MastodonPostScheduler, reference main (d228bf), with Swift 6.4 for tvOS using Xcode 27.0 on 21 Sep 2026 21:27:24 UTC.

Build Command

env DEVELOPER_DIR=/Applications/Xcode-27.0.0-Release.Candidate.app xcrun xcodebuild -IDEClonedSourcePackagesDirPathOverride=$PWD/.dependencies -skipMacroValidation -skipPackagePluginValidation -derivedDataPath $PWD/.derivedData build -scheme MastodonPostScheduler -destination generic/platform=tvOS

Build Log

2026-09-21 17:27:09.356 appintentsmetadataprocessor[1642:9392] Starting appintentsmetadataprocessor export
2026-09-21 17:27:09.425 appintentsmetadataprocessor[1642:9392] Extracted no relevant App Intents symbols, skipping writing output
SwiftExplicitDependencyGeneratePcm arm64 /Users/admin/builder/spi-builder-workspace/.derivedData/SDKExplicitPrecompiledModules/OSLog-7OT6HHTMY0ZFEQJ095LJZ6NLC.pcm
SwiftExplicitDependencyGeneratePcm arm64 /Users/admin/builder/spi-builder-workspace/.derivedData/SDKExplicitPrecompiledModules/simd-117QUXEUT3Z7UQCUYWV2UA228.pcm
Ld /Users/admin/builder/spi-builder-workspace/.derivedData/Build/Products/Debug-appletvos/NIO.o normal (in target 'NIO' from project 'swift-nio')
    cd /Users/admin/builder/spi-builder-workspace/.dependencies/checkouts/swift-nio
    /Applications/Xcode-27.0.0-Release.Candidate.app/Contents/Developer/Toolchains/XcodeDefault.xctoolchain/usr/bin/clang -Xlinker -reproducible -target arm64-apple-tvos15.0 -r -isysroot /Applications/Xcode-27.0.0-Release.Candidate.app/Contents/Developer/Platforms/AppleTVOS.platform/Developer/SDKs/AppleTVOS27.0.sdk -O0 -w -Xlinker -no_warn_duplicate_libraries -F/Users/admin/builder/spi-builder-workspace/.derivedData/Build/Intermediates.noindex/EagerLinkingTBDs/Debug-appletvos -F/Users/admin/builder/spi-builder-workspace/.derivedData/Build/Products/Debug-appletvos/PackageFrameworks -F/Users/admin/builder/spi-builder-workspace/.derivedData/Build/Products/Debug-appletvos -iframework /Applications/Xcode-27.0.0-Release.Candidate.app/Contents/Developer/Platforms/AppleTVOS.platform/Developer/Library/Frameworks -iframework /Applications/Xcode-27.0.0-Release.Candidate.app/Contents/Developer/Platforms/AppleTVOS.platform/Developer/SDKs/AppleTVOS27.0.sdk/Developer/Library/Frameworks -filelist /Users/admin/builder/spi-builder-workspace/.derivedData/Build/Intermediates.noindex/swift-nio.build/Debug-appletvos/NIO-t.build/Objects-normal/arm64/NIO.LinkFileList -nostdlib -Xlinker -object_path_lto -Xlinker /Users/admin/builder/spi-builder-workspace/.derivedData/Build/Intermediates.noindex/swift-nio.build/Debug-appletvos/NIO-t.build/Objects-normal/arm64/NIO_lto.o -Xlinker -no_deduplicate -Xlinker -dependency_info -Xlinker /Users/admin/builder/spi-builder-workspace/.derivedData/Build/Intermediates.noindex/swift-nio.build/Debug-appletvos/NIO-t.build/Objects-normal/arm64/NIO_dependency_info.dat -fobjc-link-runtime -L/Applications/Xcode-27.0.0-Release.Candidate.app/Contents/Developer/Toolchains/XcodeDefault.xctoolchain/usr/lib/swift/appletvos -L/usr/lib/swift -Xlinker -add_ast_path -Xlinker /Users/admin/builder/spi-builder-workspace/.derivedData/Build/Intermediates.noindex/swift-nio.build/Debug-appletvos/NIO-t.build/Objects-normal/arm64/NIO.swiftmodule -o /Users/admin/builder/spi-builder-workspace/.derivedData/Build/Products/Debug-appletvos/NIO.o
ExtractAppIntentsMetadata (in target 'NIO' from project 'swift-nio')
    cd /Users/admin/builder/spi-builder-workspace/.dependencies/checkouts/swift-nio
    /Applications/Xcode-27.0.0-Release.Candidate.app/Contents/Developer/Toolchains/XcodeDefault.xctoolchain/usr/bin/appintentsmetadataprocessor --toolchain-dir /var/run/com.apple.security.cryptexd/mnt/com.apple.MobileAsset.MetalToolchain-v27.1.266.1.6TnkTY/Metal.xctoolchain --module-name NIO --sdk-root /Applications/Xcode-27.0.0-Release.Candidate.app/Contents/Developer/Platforms/AppleTVOS.platform/Developer/SDKs/AppleTVOS27.0.sdk --xcode-version 27A266a --platform-family tvOS --deployment-target 15.0 --bundle-identifier swift-nio.NIO --output /Users/admin/builder/spi-builder-workspace/.derivedData/Build/Products/Debug-appletvos/NIO.appintents --target-triple arm64-apple-tvos15.0 --binary-file /Users/admin/builder/spi-builder-workspace/.derivedData/Build/Products/Debug-appletvos/NIO.o --dependency-file /Users/admin/builder/spi-builder-workspace/.derivedData/Build/Intermediates.noindex/swift-nio.build/Debug-appletvos/NIO-t.build/Objects-normal/arm64/NIO_dependency_info.dat --stringsdata-file /Users/admin/builder/spi-builder-workspace/.derivedData/Build/Intermediates.noindex/swift-nio.build/Debug-appletvos/NIO-t.build/Objects-normal/arm64/ExtractedAppShortcutsMetadata.stringsdata --source-file-list /Users/admin/builder/spi-builder-workspace/.derivedData/Build/Intermediates.noindex/swift-nio.build/Debug-appletvos/NIO-t.build/Objects-normal/arm64/NIO.SwiftFileList --metadata-file-list /Users/admin/builder/spi-builder-workspace/.derivedData/Build/Intermediates.noindex/swift-nio.build/Debug-appletvos/NIO-t.build/NIO.DependencyMetadataFileList --static-metadata-file-list /Users/admin/builder/spi-builder-workspace/.derivedData/Build/Intermediates.noindex/swift-nio.build/Debug-appletvos/NIO-t.build/NIO.DependencyStaticMetadataFileList --swift-const-vals-list /Users/admin/builder/spi-builder-workspace/.derivedData/Build/Intermediates.noindex/swift-nio.build/Debug-appletvos/NIO-t.build/Objects-normal/arm64/NIO.SwiftConstValuesFileList --force --compile-time-extraction --deployment-aware-processing --no-app-shortcuts-localization
2026-09-21 17:27:09.466 appintentsmetadataprocessor[1647:9409] Starting appintentsmetadataprocessor export
2026-09-21 17:27:09.525 appintentsmetadataprocessor[1647:9409] Extracted no relevant App Intents symbols, skipping writing output
SwiftExplicitDependencyGeneratePcm arm64 /Users/admin/builder/spi-builder-workspace/.derivedData/SDKExplicitPrecompiledModules/CoreVideo-DPU0PB5X0XLSVA2ETRGI6FJBM.pcm
Ld /Users/admin/builder/spi-builder-workspace/.derivedData/Build/Products/Debug-appletvos/NIOHTTP1.o normal (in target 'NIOHTTP1' from project 'swift-nio')
    cd /Users/admin/builder/spi-builder-workspace/.dependencies/checkouts/swift-nio
    /Applications/Xcode-27.0.0-Release.Candidate.app/Contents/Developer/Toolchains/XcodeDefault.xctoolchain/usr/bin/clang -Xlinker -reproducible -target arm64-apple-tvos15.0 -r -isysroot /Applications/Xcode-27.0.0-Release.Candidate.app/Contents/Developer/Platforms/AppleTVOS.platform/Developer/SDKs/AppleTVOS27.0.sdk -O0 -w -Xlinker -no_warn_duplicate_libraries -F/Users/admin/builder/spi-builder-workspace/.derivedData/Build/Intermediates.noindex/EagerLinkingTBDs/Debug-appletvos -F/Users/admin/builder/spi-builder-workspace/.derivedData/Build/Products/Debug-appletvos/PackageFrameworks -F/Users/admin/builder/spi-builder-workspace/.derivedData/Build/Products/Debug-appletvos -iframework /Applications/Xcode-27.0.0-Release.Candidate.app/Contents/Developer/Platforms/AppleTVOS.platform/Developer/Library/Frameworks -iframework /Applications/Xcode-27.0.0-Release.Candidate.app/Contents/Developer/Platforms/AppleTVOS.platform/Developer/SDKs/AppleTVOS27.0.sdk/Developer/Library/Frameworks -filelist /Users/admin/builder/spi-builder-workspace/.derivedData/Build/Intermediates.noindex/swift-nio.build/Debug-appletvos/NIOHTTP1-t.build/Objects-normal/arm64/NIOHTTP1.LinkFileList -nostdlib -Xlinker -object_path_lto -Xlinker /Users/admin/builder/spi-builder-workspace/.derivedData/Build/Intermediates.noindex/swift-nio.build/Debug-appletvos/NIOHTTP1-t.build/Objects-normal/arm64/NIOHTTP1_lto.o -Xlinker -no_deduplicate -Xlinker -dependency_info -Xlinker /Users/admin/builder/spi-builder-workspace/.derivedData/Build/Intermediates.noindex/swift-nio.build/Debug-appletvos/NIOHTTP1-t.build/Objects-normal/arm64/NIOHTTP1_dependency_info.dat -fobjc-link-runtime -L/Applications/Xcode-27.0.0-Release.Candidate.app/Contents/Developer/Toolchains/XcodeDefault.xctoolchain/usr/lib/swift/appletvos -L/usr/lib/swift -Xlinker -add_ast_path -Xlinker /Users/admin/builder/spi-builder-workspace/.derivedData/Build/Intermediates.noindex/swift-nio.build/Debug-appletvos/NIOHTTP1-t.build/Objects-normal/arm64/NIOHTTP1.swiftmodule -o /Users/admin/builder/spi-builder-workspace/.derivedData/Build/Products/Debug-appletvos/NIOHTTP1.o
SwiftExplicitDependencyGeneratePcm arm64 /Users/admin/builder/spi-builder-workspace/.derivedData/SDKExplicitPrecompiledModules/CoreImage-7S2AFJ8EIY3DUFYLEAX1JR1QV.pcm
SwiftExplicitDependencyGeneratePcm arm64 /Users/admin/builder/spi-builder-workspace/.derivedData/SDKExplicitPrecompiledModules/QuartzCore-DJSYAWKXFGVSAK5CQMOB3JSR.pcm
ExtractAppIntentsMetadata (in target 'NIOHTTP1' from project 'swift-nio')
    cd /Users/admin/builder/spi-builder-workspace/.dependencies/checkouts/swift-nio
    /Applications/Xcode-27.0.0-Release.Candidate.app/Contents/Developer/Toolchains/XcodeDefault.xctoolchain/usr/bin/appintentsmetadataprocessor --toolchain-dir /var/run/com.apple.security.cryptexd/mnt/com.apple.MobileAsset.MetalToolchain-v27.1.266.1.6TnkTY/Metal.xctoolchain --module-name NIOHTTP1 --sdk-root /Applications/Xcode-27.0.0-Release.Candidate.app/Contents/Developer/Platforms/AppleTVOS.platform/Developer/SDKs/AppleTVOS27.0.sdk --xcode-version 27A266a --platform-family tvOS --deployment-target 15.0 --bundle-identifier swift-nio.NIOHTTP1 --output /Users/admin/builder/spi-builder-workspace/.derivedData/Build/Products/Debug-appletvos/NIOHTTP1.appintents --target-triple arm64-apple-tvos15.0 --binary-file /Users/admin/builder/spi-builder-workspace/.derivedData/Build/Products/Debug-appletvos/NIOHTTP1.o --dependency-file /Users/admin/builder/spi-builder-workspace/.derivedData/Build/Intermediates.noindex/swift-nio.build/Debug-appletvos/NIOHTTP1-t.build/Objects-normal/arm64/NIOHTTP1_dependency_info.dat --stringsdata-file /Users/admin/builder/spi-builder-workspace/.derivedData/Build/Intermediates.noindex/swift-nio.build/Debug-appletvos/NIOHTTP1-t.build/Objects-normal/arm64/ExtractedAppShortcutsMetadata.stringsdata --source-file-list /Users/admin/builder/spi-builder-workspace/.derivedData/Build/Intermediates.noindex/swift-nio.build/Debug-appletvos/NIOHTTP1-t.build/Objects-normal/arm64/NIOHTTP1.SwiftFileList --metadata-file-list /Users/admin/builder/spi-builder-workspace/.derivedData/Build/Intermediates.noindex/swift-nio.build/Debug-appletvos/NIOHTTP1-t.build/NIOHTTP1.DependencyMetadataFileList --static-metadata-file-list /Users/admin/builder/spi-builder-workspace/.derivedData/Build/Intermediates.noindex/swift-nio.build/Debug-appletvos/NIOHTTP1-t.build/NIOHTTP1.DependencyStaticMetadataFileList --swift-const-vals-list /Users/admin/builder/spi-builder-workspace/.derivedData/Build/Intermediates.noindex/swift-nio.build/Debug-appletvos/NIOHTTP1-t.build/Objects-normal/arm64/NIOHTTP1.SwiftConstValuesFileList --force --compile-time-extraction --deployment-aware-processing --no-app-shortcuts-localization
2026-09-21 17:27:09.574 appintentsmetadataprocessor[1653:9429] Starting appintentsmetadataprocessor export
2026-09-21 17:27:09.638 appintentsmetadataprocessor[1653:9429] Extracted no relevant App Intents symbols, skipping writing output
SwiftExplicitDependencyGeneratePcm arm64 /Users/admin/builder/spi-builder-workspace/.derivedData/SDKExplicitPrecompiledModules/SwiftUICore-543QU5V2NHKUFCYFJDKUJ7NYG.pcm
Ld /Users/admin/builder/spi-builder-workspace/.derivedData/Build/Products/Debug-appletvos/MultipartKitTootSDK.o normal (in target 'MultipartKitTootSDK' from project 'TootSDK')
    cd /Users/admin/builder/spi-builder-workspace/.dependencies/checkouts/TootSDK
    /Applications/Xcode-27.0.0-Release.Candidate.app/Contents/Developer/Toolchains/XcodeDefault.xctoolchain/usr/bin/clang -Xlinker -reproducible -target arm64-apple-tvos15.0 -r -isysroot /Applications/Xcode-27.0.0-Release.Candidate.app/Contents/Developer/Platforms/AppleTVOS.platform/Developer/SDKs/AppleTVOS27.0.sdk -O0 -w -Xlinker -no_warn_duplicate_libraries -F/Users/admin/builder/spi-builder-workspace/.derivedData/Build/Intermediates.noindex/EagerLinkingTBDs/Debug-appletvos -F/Users/admin/builder/spi-builder-workspace/.derivedData/Build/Products/Debug-appletvos/PackageFrameworks -F/Users/admin/builder/spi-builder-workspace/.derivedData/Build/Products/Debug-appletvos -iframework /Applications/Xcode-27.0.0-Release.Candidate.app/Contents/Developer/Platforms/AppleTVOS.platform/Developer/Library/Frameworks -iframework /Applications/Xcode-27.0.0-Release.Candidate.app/Contents/Developer/Platforms/AppleTVOS.platform/Developer/SDKs/AppleTVOS27.0.sdk/Developer/Library/Frameworks -filelist /Users/admin/builder/spi-builder-workspace/.derivedData/Build/Intermediates.noindex/TootSDK.build/Debug-appletvos/MultipartKitTootSDK-t.build/Objects-normal/arm64/MultipartKitTootSDK.LinkFileList -nostdlib -Xlinker -object_path_lto -Xlinker /Users/admin/builder/spi-builder-workspace/.derivedData/Build/Intermediates.noindex/TootSDK.build/Debug-appletvos/MultipartKitTootSDK-t.build/Objects-normal/arm64/MultipartKitTootSDK_lto.o -Xlinker -no_deduplicate -Xlinker -dependency_info -Xlinker /Users/admin/builder/spi-builder-workspace/.derivedData/Build/Intermediates.noindex/TootSDK.build/Debug-appletvos/MultipartKitTootSDK-t.build/Objects-normal/arm64/MultipartKitTootSDK_dependency_info.dat -fobjc-link-runtime -L/Applications/Xcode-27.0.0-Release.Candidate.app/Contents/Developer/Toolchains/XcodeDefault.xctoolchain/usr/lib/swift/appletvos -L/usr/lib/swift -Xlinker -add_ast_path -Xlinker /Users/admin/builder/spi-builder-workspace/.derivedData/Build/Intermediates.noindex/TootSDK.build/Debug-appletvos/MultipartKitTootSDK-t.build/Objects-normal/arm64/MultipartKitTootSDK.swiftmodule -o /Users/admin/builder/spi-builder-workspace/.derivedData/Build/Products/Debug-appletvos/MultipartKitTootSDK.o
SwiftExplicitDependencyGeneratePcm arm64 /Users/admin/builder/spi-builder-workspace/.derivedData/SDKExplicitPrecompiledModules/UIKit-1TKWN7VC2X6N3ITMRVA2G0EB2.pcm
ExtractAppIntentsMetadata (in target 'MultipartKitTootSDK' from project 'TootSDK')
    cd /Users/admin/builder/spi-builder-workspace/.dependencies/checkouts/TootSDK
    /Applications/Xcode-27.0.0-Release.Candidate.app/Contents/Developer/Toolchains/XcodeDefault.xctoolchain/usr/bin/appintentsmetadataprocessor --toolchain-dir /var/run/com.apple.security.cryptexd/mnt/com.apple.MobileAsset.MetalToolchain-v27.1.266.1.6TnkTY/Metal.xctoolchain --module-name MultipartKitTootSDK --sdk-root /Applications/Xcode-27.0.0-Release.Candidate.app/Contents/Developer/Platforms/AppleTVOS.platform/Developer/SDKs/AppleTVOS27.0.sdk --xcode-version 27A266a --platform-family tvOS --deployment-target 15.0 --bundle-identifier tootsdk.MultipartKitTootSDK --output /Users/admin/builder/spi-builder-workspace/.derivedData/Build/Products/Debug-appletvos/MultipartKitTootSDK.appintents --target-triple arm64-apple-tvos15.0 --binary-file /Users/admin/builder/spi-builder-workspace/.derivedData/Build/Products/Debug-appletvos/MultipartKitTootSDK.o --dependency-file /Users/admin/builder/spi-builder-workspace/.derivedData/Build/Intermediates.noindex/TootSDK.build/Debug-appletvos/MultipartKitTootSDK-t.build/Objects-normal/arm64/MultipartKitTootSDK_dependency_info.dat --stringsdata-file /Users/admin/builder/spi-builder-workspace/.derivedData/Build/Intermediates.noindex/TootSDK.build/Debug-appletvos/MultipartKitTootSDK-t.build/Objects-normal/arm64/ExtractedAppShortcutsMetadata.stringsdata --source-file-list /Users/admin/builder/spi-builder-workspace/.derivedData/Build/Intermediates.noindex/TootSDK.build/Debug-appletvos/MultipartKitTootSDK-t.build/Objects-normal/arm64/MultipartKitTootSDK.SwiftFileList --metadata-file-list /Users/admin/builder/spi-builder-workspace/.derivedData/Build/Intermediates.noindex/TootSDK.build/Debug-appletvos/MultipartKitTootSDK-t.build/MultipartKitTootSDK.DependencyMetadataFileList --static-metadata-file-list /Users/admin/builder/spi-builder-workspace/.derivedData/Build/Intermediates.noindex/TootSDK.build/Debug-appletvos/MultipartKitTootSDK-t.build/MultipartKitTootSDK.DependencyStaticMetadataFileList --swift-const-vals-list /Users/admin/builder/spi-builder-workspace/.derivedData/Build/Intermediates.noindex/TootSDK.build/Debug-appletvos/MultipartKitTootSDK-t.build/Objects-normal/arm64/MultipartKitTootSDK.SwiftConstValuesFileList --force --compile-time-extraction --deployment-aware-processing --no-app-shortcuts-localization
2026-09-21 17:27:09.683 appintentsmetadataprocessor[1658:9447] Starting appintentsmetadataprocessor export
2026-09-21 17:27:09.747 appintentsmetadataprocessor[1658:9447] Extracted no relevant App Intents symbols, skipping writing output
SwiftExplicitDependencyGeneratePcm arm64 /Users/admin/builder/spi-builder-workspace/.derivedData/SDKExplicitPrecompiledModules/Spatial-7U8NLEFXSB8BR7PJQGVMF5A4Q.pcm
SwiftEmitModule normal arm64 Emitting\ module\ for\ TootSDK (in target 'TootSDK' from project 'TootSDK')
SwiftCompile normal arm64 (in target 'TootSDK' from project 'TootSDK')
    cd /Users/admin/builder/spi-builder-workspace/.swiftpm/xcode

SwiftCompile normal arm64 Compiling\ TootClient+Announcements.swift,\ TootClient+Conversation.swift,\ TootClient+DomainBlocks.swift,\ TootClient+FeaturedTags.swift,\ TootClient+Filters.swift,\ TootClient+FollowRequests.swift,\ TootClient+Instance.swift,\ TootClient+Lists.swift,\ TootClient+Markers.swift,\ TootClient+Media.swift,\ TootClient+Notifications.swift,\ TootClient+OauthApps.swift,\ TootClient+Poll.swift,\ TootClient+Post.swift,\ TootClient+ProfileDirectory.swift,\ TootClient+Relationships.swift /Users/admin/builder/spi-builder-workspace/.dependencies/checkouts/TootSDK/Sources/TootSDK/TootClient/TootClient+Announcements.swift /Users/admin/builder/spi-builder-workspace/.dependencies/checkouts/TootSDK/Sources/TootSDK/TootClient/TootClient+Conversation.swift /Users/admin/builder/spi-builder-workspace/.dependencies/checkouts/TootSDK/Sources/TootSDK/TootClient/TootClient+DomainBlocks.swift /Users/admin/builder/spi-builder-workspace/.dependencies/checkouts/TootSDK/Sources/TootSDK/TootClient/TootClient+FeaturedTags.swift /Users/admin/builder/spi-builder-workspace/.dependencies/checkouts/TootSDK/Sources/TootSDK/TootClient/TootClient+Filters.swift /Users/admin/builder/spi-builder-workspace/.dependencies/checkouts/TootSDK/Sources/TootSDK/TootClient/TootClient+FollowRequests.swift /Users/admin/builder/spi-builder-workspace/.dependencies/checkouts/TootSDK/Sources/TootSDK/TootClient/TootClient+Instance.swift /Users/admin/builder/spi-builder-workspace/.dependencies/checkouts/TootSDK/Sources/TootSDK/TootClient/TootClient+Lists.swift /Users/admin/builder/spi-builder-workspace/.dependencies/checkouts/TootSDK/Sources/TootSDK/TootClient/TootClient+Markers.swift /Users/admin/builder/spi-builder-workspace/.dependencies/checkouts/TootSDK/Sources/TootSDK/TootClient/TootClient+Media.swift /Users/admin/builder/spi-builder-workspace/.dependencies/checkouts/TootSDK/Sources/TootSDK/TootClient/TootClient+Notifications.swift /Users/admin/builder/spi-builder-workspace/.dependencies/checkouts/TootSDK/Sources/TootSDK/TootClient/TootClient+OauthApps.swift /Users/admin/builder/spi-builder-workspace/.dependencies/checkouts/TootSDK/Sources/TootSDK/TootClient/TootClient+Poll.swift /Users/admin/builder/spi-builder-workspace/.dependencies/checkouts/TootSDK/Sources/TootSDK/TootClient/TootClient+Post.swift /Users/admin/builder/spi-builder-workspace/.dependencies/checkouts/TootSDK/Sources/TootSDK/TootClient/TootClient+ProfileDirectory.swift /Users/admin/builder/spi-builder-workspace/.dependencies/checkouts/TootSDK/Sources/TootSDK/TootClient/TootClient+Relationships.swift (in target 'TootSDK' from project 'TootSDK')
SwiftCompile normal arm64 /Users/admin/builder/spi-builder-workspace/.dependencies/checkouts/TootSDK/Sources/TootSDK/TootClient/TootClient+Announcements.swift (in target 'TootSDK' from project 'TootSDK')
    cd /Users/admin/builder/spi-builder-workspace/.swiftpm/xcode
    builtin-SwiftPerFileCompile TootClient+Announcements.swift
SwiftCompile normal arm64 /Users/admin/builder/spi-builder-workspace/.dependencies/checkouts/TootSDK/Sources/TootSDK/TootClient/TootClient+Conversation.swift (in target 'TootSDK' from project 'TootSDK')
    cd /Users/admin/builder/spi-builder-workspace/.swiftpm/xcode
    builtin-SwiftPerFileCompile TootClient+Conversation.swift
SwiftCompile normal arm64 /Users/admin/builder/spi-builder-workspace/.dependencies/checkouts/TootSDK/Sources/TootSDK/TootClient/TootClient+DomainBlocks.swift (in target 'TootSDK' from project 'TootSDK')
    cd /Users/admin/builder/spi-builder-workspace/.swiftpm/xcode
    builtin-SwiftPerFileCompile TootClient+DomainBlocks.swift
SwiftCompile normal arm64 /Users/admin/builder/spi-builder-workspace/.dependencies/checkouts/TootSDK/Sources/TootSDK/TootClient/TootClient+FeaturedTags.swift (in target 'TootSDK' from project 'TootSDK')
    cd /Users/admin/builder/spi-builder-workspace/.swiftpm/xcode
    builtin-SwiftPerFileCompile TootClient+FeaturedTags.swift
SwiftCompile normal arm64 /Users/admin/builder/spi-builder-workspace/.dependencies/checkouts/TootSDK/Sources/TootSDK/TootClient/TootClient+Filters.swift (in target 'TootSDK' from project 'TootSDK')
    cd /Users/admin/builder/spi-builder-workspace/.swiftpm/xcode
    builtin-SwiftPerFileCompile TootClient+Filters.swift
SwiftCompile normal arm64 /Users/admin/builder/spi-builder-workspace/.dependencies/checkouts/TootSDK/Sources/TootSDK/TootClient/TootClient+FollowRequests.swift (in target 'TootSDK' from project 'TootSDK')
    cd /Users/admin/builder/spi-builder-workspace/.swiftpm/xcode
    builtin-SwiftPerFileCompile TootClient+FollowRequests.swift
SwiftCompile normal arm64 /Users/admin/builder/spi-builder-workspace/.dependencies/checkouts/TootSDK/Sources/TootSDK/TootClient/TootClient+Instance.swift (in target 'TootSDK' from project 'TootSDK')
    cd /Users/admin/builder/spi-builder-workspace/.swiftpm/xcode
    builtin-SwiftPerFileCompile TootClient+Instance.swift
SwiftCompile normal arm64 /Users/admin/builder/spi-builder-workspace/.dependencies/checkouts/TootSDK/Sources/TootSDK/TootClient/TootClient+Lists.swift (in target 'TootSDK' from project 'TootSDK')
    cd /Users/admin/builder/spi-builder-workspace/.swiftpm/xcode
    builtin-SwiftPerFileCompile TootClient+Lists.swift
SwiftCompile normal arm64 /Users/admin/builder/spi-builder-workspace/.dependencies/checkouts/TootSDK/Sources/TootSDK/TootClient/TootClient+Markers.swift (in target 'TootSDK' from project 'TootSDK')
    cd /Users/admin/builder/spi-builder-workspace/.swiftpm/xcode
    builtin-SwiftPerFileCompile TootClient+Markers.swift
SwiftCompile normal arm64 /Users/admin/builder/spi-builder-workspace/.dependencies/checkouts/TootSDK/Sources/TootSDK/TootClient/TootClient+Media.swift (in target 'TootSDK' from project 'TootSDK')
    cd /Users/admin/builder/spi-builder-workspace/.swiftpm/xcode
    builtin-SwiftPerFileCompile TootClient+Media.swift
SwiftCompile normal arm64 /Users/admin/builder/spi-builder-workspace/.dependencies/checkouts/TootSDK/Sources/TootSDK/TootClient/TootClient+Notifications.swift (in target 'TootSDK' from project 'TootSDK')
    cd /Users/admin/builder/spi-builder-workspace/.swiftpm/xcode
    builtin-SwiftPerFileCompile TootClient+Notifications.swift
SwiftCompile normal arm64 /Users/admin/builder/spi-builder-workspace/.dependencies/checkouts/TootSDK/Sources/TootSDK/TootClient/TootClient+OauthApps.swift (in target 'TootSDK' from project 'TootSDK')
    cd /Users/admin/builder/spi-builder-workspace/.swiftpm/xcode
    builtin-SwiftPerFileCompile TootClient+OauthApps.swift
SwiftCompile normal arm64 /Users/admin/builder/spi-builder-workspace/.dependencies/checkouts/TootSDK/Sources/TootSDK/TootClient/TootClient+Poll.swift (in target 'TootSDK' from project 'TootSDK')
    cd /Users/admin/builder/spi-builder-workspace/.swiftpm/xcode
    builtin-SwiftPerFileCompile TootClient+Poll.swift
SwiftCompile normal arm64 /Users/admin/builder/spi-builder-workspace/.dependencies/checkouts/TootSDK/Sources/TootSDK/TootClient/TootClient+Post.swift (in target 'TootSDK' from project 'TootSDK')
    cd /Users/admin/builder/spi-builder-workspace/.swiftpm/xcode
    builtin-SwiftPerFileCompile TootClient+Post.swift
SwiftCompile normal arm64 /Users/admin/builder/spi-builder-workspace/.dependencies/checkouts/TootSDK/Sources/TootSDK/TootClient/TootClient+ProfileDirectory.swift (in target 'TootSDK' from project 'TootSDK')
    cd /Users/admin/builder/spi-builder-workspace/.swiftpm/xcode
    builtin-SwiftPerFileCompile TootClient+ProfileDirectory.swift
SwiftCompile normal arm64 /Users/admin/builder/spi-builder-workspace/.dependencies/checkouts/TootSDK/Sources/TootSDK/TootClient/TootClient+Relationships.swift (in target 'TootSDK' from project 'TootSDK')
    cd /Users/admin/builder/spi-builder-workspace/.swiftpm/xcode
    builtin-SwiftPerFileCompile TootClient+Relationships.swift
SwiftCompile normal arm64 Compiling\ HTTPRequestBuilder.swift,\ PagedInfo.swift,\ PagedResult.swift,\ Pagination.swift,\ String+condensed.swift,\ URL+Extensions.swift,\ URLSession+asyncData.swift,\ AccessToken.swift,\ Account.swift,\ Activity.swift,\ AddAccountsToListParams.swift,\ Alerts.swift,\ Announcement.swift,\ AnnouncementParams.swift,\ AnnouncementReaction.swift,\ BlockDomainParams.swift,\ CallbackInfo.swift /Users/admin/builder/spi-builder-workspace/.dependencies/checkouts/TootSDK/Sources/TootSDK/HTTP/HTTPRequestBuilder.swift /Users/admin/builder/spi-builder-workspace/.dependencies/checkouts/TootSDK/Sources/TootSDK/HTTP/PagedInfo.swift /Users/admin/builder/spi-builder-workspace/.dependencies/checkouts/TootSDK/Sources/TootSDK/HTTP/PagedResult.swift /Users/admin/builder/spi-builder-workspace/.dependencies/checkouts/TootSDK/Sources/TootSDK/HTTP/Pagination.swift /Users/admin/builder/spi-builder-workspace/.dependencies/checkouts/TootSDK/Sources/TootSDK/HTTP/String+condensed.swift /Users/admin/builder/spi-builder-workspace/.dependencies/checkouts/TootSDK/Sources/TootSDK/HTTP/URL+Extensions.swift /Users/admin/builder/spi-builder-workspace/.dependencies/checkouts/TootSDK/Sources/TootSDK/HTTP/URLSession+asyncData.swift /Users/admin/builder/spi-builder-workspace/.dependencies/checkouts/TootSDK/Sources/TootSDK/Models/AccessToken.swift /Users/admin/builder/spi-builder-workspace/.dependencies/checkouts/TootSDK/Sources/TootSDK/Models/Account.swift /Users/admin/builder/spi-builder-workspace/.dependencies/checkouts/TootSDK/Sources/TootSDK/Models/Activity.swift /Users/admin/builder/spi-builder-workspace/.dependencies/checkouts/TootSDK/Sources/TootSDK/Models/AddAccountsToListParams.swift /Users/admin/builder/spi-builder-workspace/.dependencies/checkouts/TootSDK/Sources/TootSDK/Models/Alerts.swift /Users/admin/builder/spi-builder-workspace/.dependencies/checkouts/TootSDK/Sources/TootSDK/Models/Announcement.swift /Users/admin/builder/spi-builder-workspace/.dependencies/checkouts/TootSDK/Sources/TootSDK/Models/AnnouncementParams.swift /Users/admin/builder/spi-builder-workspace/.dependencies/checkouts/TootSDK/Sources/TootSDK/Models/AnnouncementReaction.swift /Users/admin/builder/spi-builder-workspace/.dependencies/checkouts/TootSDK/Sources/TootSDK/Models/BlockDomainParams.swift /Users/admin/builder/spi-builder-workspace/.dependencies/checkouts/TootSDK/Sources/TootSDK/Models/CallbackInfo.swift (in target 'TootSDK' from project 'TootSDK')
SwiftCompile normal arm64 /Users/admin/builder/spi-builder-workspace/.dependencies/checkouts/TootSDK/Sources/TootSDK/HTTP/HTTPRequestBuilder.swift (in target 'TootSDK' from project 'TootSDK')
    cd /Users/admin/builder/spi-builder-workspace/.swiftpm/xcode
    builtin-SwiftPerFileCompile HTTPRequestBuilder.swift
SwiftCompile normal arm64 /Users/admin/builder/spi-builder-workspace/.dependencies/checkouts/TootSDK/Sources/TootSDK/HTTP/PagedInfo.swift (in target 'TootSDK' from project 'TootSDK')
    cd /Users/admin/builder/spi-builder-workspace/.swiftpm/xcode
    builtin-SwiftPerFileCompile PagedInfo.swift
SwiftCompile normal arm64 /Users/admin/builder/spi-builder-workspace/.dependencies/checkouts/TootSDK/Sources/TootSDK/HTTP/PagedResult.swift (in target 'TootSDK' from project 'TootSDK')
    cd /Users/admin/builder/spi-builder-workspace/.swiftpm/xcode
    builtin-SwiftPerFileCompile PagedResult.swift
SwiftCompile normal arm64 /Users/admin/builder/spi-builder-workspace/.dependencies/checkouts/TootSDK/Sources/TootSDK/HTTP/Pagination.swift (in target 'TootSDK' from project 'TootSDK')
    cd /Users/admin/builder/spi-builder-workspace/.swiftpm/xcode
    builtin-SwiftPerFileCompile Pagination.swift
SwiftCompile normal arm64 /Users/admin/builder/spi-builder-workspace/.dependencies/checkouts/TootSDK/Sources/TootSDK/HTTP/String+condensed.swift (in target 'TootSDK' from project 'TootSDK')
    cd /Users/admin/builder/spi-builder-workspace/.swiftpm/xcode
    builtin-SwiftPerFileCompile String+condensed.swift
SwiftCompile normal arm64 /Users/admin/builder/spi-builder-workspace/.dependencies/checkouts/TootSDK/Sources/TootSDK/HTTP/URL+Extensions.swift (in target 'TootSDK' from project 'TootSDK')
    cd /Users/admin/builder/spi-builder-workspace/.swiftpm/xcode
    builtin-SwiftPerFileCompile URL+Extensions.swift
SwiftCompile normal arm64 /Users/admin/builder/spi-builder-workspace/.dependencies/checkouts/TootSDK/Sources/TootSDK/HTTP/URLSession+asyncData.swift (in target 'TootSDK' from project 'TootSDK')
    cd /Users/admin/builder/spi-builder-workspace/.swiftpm/xcode
    builtin-SwiftPerFileCompile URLSession+asyncData.swift
SwiftCompile normal arm64 /Users/admin/builder/spi-builder-workspace/.dependencies/checkouts/TootSDK/Sources/TootSDK/Models/AccessToken.swift (in target 'TootSDK' from project 'TootSDK')
    cd /Users/admin/builder/spi-builder-workspace/.swiftpm/xcode
    builtin-SwiftPerFileCompile AccessToken.swift
SwiftCompile normal arm64 /Users/admin/builder/spi-builder-workspace/.dependencies/checkouts/TootSDK/Sources/TootSDK/Models/Account.swift (in target 'TootSDK' from project 'TootSDK')
    cd /Users/admin/builder/spi-builder-workspace/.swiftpm/xcode
    builtin-SwiftPerFileCompile Account.swift
SwiftCompile normal arm64 /Users/admin/builder/spi-builder-workspace/.dependencies/checkouts/TootSDK/Sources/TootSDK/Models/Activity.swift (in target 'TootSDK' from project 'TootSDK')
    cd /Users/admin/builder/spi-builder-workspace/.swiftpm/xcode
    builtin-SwiftPerFileCompile Activity.swift
SwiftCompile normal arm64 /Users/admin/builder/spi-builder-workspace/.dependencies/checkouts/TootSDK/Sources/TootSDK/Models/AddAccountsToListParams.swift (in target 'TootSDK' from project 'TootSDK')
    cd /Users/admin/builder/spi-builder-workspace/.swiftpm/xcode
    builtin-SwiftPerFileCompile AddAccountsToListParams.swift
SwiftCompile normal arm64 /Users/admin/builder/spi-builder-workspace/.dependencies/checkouts/TootSDK/Sources/TootSDK/Models/Alerts.swift (in target 'TootSDK' from project 'TootSDK')
    cd /Users/admin/builder/spi-builder-workspace/.swiftpm/xcode
    builtin-SwiftPerFileCompile Alerts.swift
SwiftCompile normal arm64 /Users/admin/builder/spi-builder-workspace/.dependencies/checkouts/TootSDK/Sources/TootSDK/Models/Announcement.swift (in target 'TootSDK' from project 'TootSDK')
    cd /Users/admin/builder/spi-builder-workspace/.swiftpm/xcode
    builtin-SwiftPerFileCompile Announcement.swift
SwiftCompile normal arm64 /Users/admin/builder/spi-builder-workspace/.dependencies/checkouts/TootSDK/Sources/TootSDK/Models/AnnouncementParams.swift (in target 'TootSDK' from project 'TootSDK')
    cd /Users/admin/builder/spi-builder-workspace/.swiftpm/xcode
    builtin-SwiftPerFileCompile AnnouncementParams.swift
SwiftCompile normal arm64 /Users/admin/builder/spi-builder-workspace/.dependencies/checkouts/TootSDK/Sources/TootSDK/Models/AnnouncementReaction.swift (in target 'TootSDK' from project 'TootSDK')
    cd /Users/admin/builder/spi-builder-workspace/.swiftpm/xcode
    builtin-SwiftPerFileCompile AnnouncementReaction.swift
SwiftCompile normal arm64 /Users/admin/builder/spi-builder-workspace/.dependencies/checkouts/TootSDK/Sources/TootSDK/Models/BlockDomainParams.swift (in target 'TootSDK' from project 'TootSDK')
    cd /Users/admin/builder/spi-builder-workspace/.swiftpm/xcode
    builtin-SwiftPerFileCompile BlockDomainParams.swift
SwiftCompile normal arm64 /Users/admin/builder/spi-builder-workspace/.dependencies/checkouts/TootSDK/Sources/TootSDK/Models/CallbackInfo.swift (in target 'TootSDK' from project 'TootSDK')
    cd /Users/admin/builder/spi-builder-workspace/.swiftpm/xcode
    builtin-SwiftPerFileCompile CallbackInfo.swift
SwiftCompile normal arm64 Compiling\ StreamQuery.swift,\ StreamingEvent.swift,\ StreamingTimeline.swift,\ Suggestion.swift,\ Tag.swift,\ TagHistory.swift,\ FederatedTimelineQuery.swift,\ HashtagTimelineQuery.swift,\ LocalTimelineQuery.swift,\ Timeline.swift,\ TimelineQuery.swift,\ UserTimelineQuery.swift,\ TootApplication.swift,\ TootContent.swift,\ TootFeature.swift,\ TootField.swift,\ TootGrantType.swift /Users/admin/builder/spi-builder-workspace/.dependencies/checkouts/TootSDK/Sources/TootSDK/Models/Streaming/StreamQuery.swift /Users/admin/builder/spi-builder-workspace/.dependencies/checkouts/TootSDK/Sources/TootSDK/Models/Streaming/StreamingEvent.swift /Users/admin/builder/spi-builder-workspace/.dependencies/checkouts/TootSDK/Sources/TootSDK/Models/Streaming/StreamingTimeline.swift /Users/admin/builder/spi-builder-workspace/.dependencies/checkouts/TootSDK/Sources/TootSDK/Models/Suggestion.swift /Users/admin/builder/spi-builder-workspace/.dependencies/checkouts/TootSDK/Sources/TootSDK/Models/Tag.swift /Users/admin/builder/spi-builder-workspace/.dependencies/checkouts/TootSDK/Sources/TootSDK/Models/TagHistory.swift /Users/admin/builder/spi-builder-workspace/.dependencies/checkouts/TootSDK/Sources/TootSDK/Models/Timeline/FederatedTimelineQuery.swift /Users/admin/builder/spi-builder-workspace/.dependencies/checkouts/TootSDK/Sources/TootSDK/Models/Timeline/HashtagTimelineQuery.swift /Users/admin/builder/spi-builder-workspace/.dependencies/checkouts/TootSDK/Sources/TootSDK/Models/Timeline/LocalTimelineQuery.swift /Users/admin/builder/spi-builder-workspace/.dependencies/checkouts/TootSDK/Sources/TootSDK/Models/Timeline/Timeline.swift /Users/admin/builder/spi-builder-workspace/.dependencies/checkouts/TootSDK/Sources/TootSDK/Models/Timeline/TimelineQuery.swift /Users/admin/builder/spi-builder-workspace/.dependencies/checkouts/TootSDK/Sources/TootSDK/Models/Timeline/UserTimelineQuery.swift /Users/admin/builder/spi-builder-workspace/.dependencies/checkouts/TootSDK/Sources/TootSDK/Models/TootApplication.swift /Users/admin/builder/spi-builder-workspace/.dependencies/checkouts/TootSDK/Sources/TootSDK/Models/TootContent.swift /Users/admin/builder/spi-builder-workspace/.dependencies/checkouts/TootSDK/Sources/TootSDK/Models/TootFeature.swift /Users/admin/builder/spi-builder-workspace/.dependencies/checkouts/TootSDK/Sources/TootSDK/Models/TootField.swift /Users/admin/builder/spi-builder-workspace/.dependencies/checkouts/TootSDK/Sources/TootSDK/Models/TootGrantType.swift (in target 'TootSDK' from project 'TootSDK')
SwiftCompile normal arm64 /Users/admin/builder/spi-builder-workspace/.dependencies/checkouts/TootSDK/Sources/TootSDK/Models/Streaming/StreamQuery.swift (in target 'TootSDK' from project 'TootSDK')
    cd /Users/admin/builder/spi-builder-workspace/.swiftpm/xcode
    builtin-SwiftPerFileCompile StreamQuery.swift
SwiftCompile normal arm64 /Users/admin/builder/spi-builder-workspace/.dependencies/checkouts/TootSDK/Sources/TootSDK/Models/Streaming/StreamingEvent.swift (in target 'TootSDK' from project 'TootSDK')
    cd /Users/admin/builder/spi-builder-workspace/.swiftpm/xcode
    builtin-SwiftPerFileCompile StreamingEvent.swift
SwiftCompile normal arm64 /Users/admin/builder/spi-builder-workspace/.dependencies/checkouts/TootSDK/Sources/TootSDK/Models/Streaming/StreamingTimeline.swift (in target 'TootSDK' from project 'TootSDK')
    cd /Users/admin/builder/spi-builder-workspace/.swiftpm/xcode
    builtin-SwiftPerFileCompile StreamingTimeline.swift
SwiftCompile normal arm64 /Users/admin/builder/spi-builder-workspace/.dependencies/checkouts/TootSDK/Sources/TootSDK/Models/Suggestion.swift (in target 'TootSDK' from project 'TootSDK')
    cd /Users/admin/builder/spi-builder-workspace/.swiftpm/xcode
    builtin-SwiftPerFileCompile Suggestion.swift
SwiftCompile normal arm64 /Users/admin/builder/spi-builder-workspace/.dependencies/checkouts/TootSDK/Sources/TootSDK/Models/Tag.swift (in target 'TootSDK' from project 'TootSDK')
    cd /Users/admin/builder/spi-builder-workspace/.swiftpm/xcode
    builtin-SwiftPerFileCompile Tag.swift
SwiftCompile normal arm64 /Users/admin/builder/spi-builder-workspace/.dependencies/checkouts/TootSDK/Sources/TootSDK/Models/TagHistory.swift (in target 'TootSDK' from project 'TootSDK')
    cd /Users/admin/builder/spi-builder-workspace/.swiftpm/xcode
    builtin-SwiftPerFileCompile TagHistory.swift
SwiftCompile normal arm64 /Users/admin/builder/spi-builder-workspace/.dependencies/checkouts/TootSDK/Sources/TootSDK/Models/Timeline/FederatedTimelineQuery.swift (in target 'TootSDK' from project 'TootSDK')
    cd /Users/admin/builder/spi-builder-workspace/.swiftpm/xcode
    builtin-SwiftPerFileCompile FederatedTimelineQuery.swift
SwiftCompile normal arm64 /Users/admin/builder/spi-builder-workspace/.dependencies/checkouts/TootSDK/Sources/TootSDK/Models/Timeline/HashtagTimelineQuery.swift (in target 'TootSDK' from project 'TootSDK')
    cd /Users/admin/builder/spi-builder-workspace/.swiftpm/xcode
    builtin-SwiftPerFileCompile HashtagTimelineQuery.swift
SwiftCompile normal arm64 /Users/admin/builder/spi-builder-workspace/.dependencies/checkouts/TootSDK/Sources/TootSDK/Models/Timeline/LocalTimelineQuery.swift (in target 'TootSDK' from project 'TootSDK')
    cd /Users/admin/builder/spi-builder-workspace/.swiftpm/xcode
    builtin-SwiftPerFileCompile LocalTimelineQuery.swift
SwiftCompile normal arm64 /Users/admin/builder/spi-builder-workspace/.dependencies/checkouts/TootSDK/Sources/TootSDK/Models/Timeline/Timeline.swift (in target 'TootSDK' from project 'TootSDK')
    cd /Users/admin/builder/spi-builder-workspace/.swiftpm/xcode
    builtin-SwiftPerFileCompile Timeline.swift
SwiftCompile normal arm64 /Users/admin/builder/spi-builder-workspace/.dependencies/checkouts/TootSDK/Sources/TootSDK/Models/Timeline/TimelineQuery.swift (in target 'TootSDK' from project 'TootSDK')
    cd /Users/admin/builder/spi-builder-workspace/.swiftpm/xcode
    builtin-SwiftPerFileCompile TimelineQuery.swift
SwiftCompile normal arm64 /Users/admin/builder/spi-builder-workspace/.dependencies/checkouts/TootSDK/Sources/TootSDK/Models/Timeline/UserTimelineQuery.swift (in target 'TootSDK' from project 'TootSDK')
    cd /Users/admin/builder/spi-builder-workspace/.swiftpm/xcode
    builtin-SwiftPerFileCompile UserTimelineQuery.swift
SwiftCompile normal arm64 /Users/admin/builder/spi-builder-workspace/.dependencies/checkouts/TootSDK/Sources/TootSDK/Models/TootApplication.swift (in target 'TootSDK' from project 'TootSDK')
    cd /Users/admin/builder/spi-builder-workspace/.swiftpm/xcode
    builtin-SwiftPerFileCompile TootApplication.swift
SwiftCompile normal arm64 /Users/admin/builder/spi-builder-workspace/.dependencies/checkouts/TootSDK/Sources/TootSDK/Models/TootContent.swift (in target 'TootSDK' from project 'TootSDK')
    cd /Users/admin/builder/spi-builder-workspace/.swiftpm/xcode
    builtin-SwiftPerFileCompile TootContent.swift
SwiftCompile normal arm64 /Users/admin/builder/spi-builder-workspace/.dependencies/checkouts/TootSDK/Sources/TootSDK/Models/TootFeature.swift (in target 'TootSDK' from project 'TootSDK')
    cd /Users/admin/builder/spi-builder-workspace/.swiftpm/xcode
    builtin-SwiftPerFileCompile TootFeature.swift
SwiftCompile normal arm64 /Users/admin/builder/spi-builder-workspace/.dependencies/checkouts/TootSDK/Sources/TootSDK/Models/TootField.swift (in target 'TootSDK' from project 'TootSDK')
    cd /Users/admin/builder/spi-builder-workspace/.swiftpm/xcode
    builtin-SwiftPerFileCompile TootField.swift
SwiftCompile normal arm64 /Users/admin/builder/spi-builder-workspace/.dependencies/checkouts/TootSDK/Sources/TootSDK/Models/TootGrantType.swift (in target 'TootSDK' from project 'TootSDK')
    cd /Users/admin/builder/spi-builder-workspace/.swiftpm/xcode
    builtin-SwiftPerFileCompile TootGrantType.swift
SwiftCompile normal arm64 Compiling\ resource_bundle_accessor.swift,\ Decoding+Helpers.swift,\ NSAttributedString+helpers.swift,\ NSFont+Traits.swift,\ UIFont+Traits.swift,\ AppKitAttribStringRenderer.swift,\ AttributedString+Util.swift,\ AttributedStringRenderer.swift,\ TootHTML.swift,\ UIKitAttribStringRenderer.swift,\ UniversalRenderer.swift,\ Data+prettyPrintedJSONString.swift,\ Decoder.swift,\ Encoder.swift,\ HTTPBody.swift,\ HTTPMethod.swift,\ HTTPRequest.swift /Users/admin/builder/spi-builder-workspace/.derivedData/Build/Intermediates.noindex/TootSDK.build/Debug-appletvos/TootSDK-t.build/DerivedSources/resource_bundle_accessor.swift /Users/admin/builder/spi-builder-workspace/.dependencies/checkouts/TootSDK/Sources/TootSDK/Extensions/Decoding+Helpers.swift /Users/admin/builder/spi-builder-workspace/.dependencies/checkouts/TootSDK/Sources/TootSDK/Extensions/NSAttributedString+helpers.swift /Users/admin/builder/spi-builder-workspace/.dependencies/checkouts/TootSDK/Sources/TootSDK/Extensions/NSFont+Traits.swift /Users/admin/builder/spi-builder-workspace/.dependencies/checkouts/TootSDK/Sources/TootSDK/Extensions/UIFont+Traits.swift /Users/admin/builder/spi-builder-workspace/.dependencies/checkouts/TootSDK/Sources/TootSDK/HTMLRendering/AppKitAttribStringRenderer.swift /Users/admin/builder/spi-builder-workspace/.dependencies/checkouts/TootSDK/Sources/TootSDK/HTMLRendering/AttributedString+Util.swift /Users/admin/builder/spi-builder-workspace/.dependencies/checkouts/TootSDK/Sources/TootSDK/HTMLRendering/AttributedStringRenderer.swift /Users/admin/builder/spi-builder-workspace/.dependencies/checkouts/TootSDK/Sources/TootSDK/HTMLRendering/TootHTML.swift /Users/admin/builder/spi-builder-workspace/.dependencies/checkouts/TootSDK/Sources/TootSDK/HTMLRendering/UIKitAttribStringRenderer.swift /Users/admin/builder/spi-builder-workspace/.dependencies/checkouts/TootSDK/Sources/TootSDK/HTMLRendering/UniversalRenderer.swift /Users/admin/builder/spi-builder-workspace/.dependencies/checkouts/TootSDK/Sources/TootSDK/HTTP/Data+prettyPrintedJSONString.swift /Users/admin/builder/spi-builder-workspace/.dependencies/checkouts/TootSDK/Sources/TootSDK/HTTP/Decoder.swift /Users/admin/builder/spi-builder-workspace/.dependencies/checkouts/TootSDK/Sources/TootSDK/HTTP/Encoder.swift /Users/admin/builder/spi-builder-workspace/.dependencies/checkouts/TootSDK/Sources/TootSDK/HTTP/HTTPBody.swift /Users/admin/builder/spi-builder-workspace/.dependencies/checkouts/TootSDK/Sources/TootSDK/HTTP/HTTPMethod.swift /Users/admin/builder/spi-builder-workspace/.dependencies/checkouts/TootSDK/Sources/TootSDK/HTTP/HTTPRequest.swift (in target 'TootSDK' from project 'TootSDK')
SwiftCompile normal arm64 /Users/admin/builder/spi-builder-workspace/.derivedData/Build/Intermediates.noindex/TootSDK.build/Debug-appletvos/TootSDK-t.build/DerivedSources/resource_bundle_accessor.swift (in target 'TootSDK' from project 'TootSDK')
    cd /Users/admin/builder/spi-builder-workspace/.swiftpm/xcode
    builtin-SwiftPerFileCompile resource_bundle_accessor.swift
SwiftCompile normal arm64 /Users/admin/builder/spi-builder-workspace/.dependencies/checkouts/TootSDK/Sources/TootSDK/Extensions/Decoding+Helpers.swift (in target 'TootSDK' from project 'TootSDK')
    cd /Users/admin/builder/spi-builder-workspace/.swiftpm/xcode
    builtin-SwiftPerFileCompile Decoding+Helpers.swift
SwiftCompile normal arm64 /Users/admin/builder/spi-builder-workspace/.dependencies/checkouts/TootSDK/Sources/TootSDK/Extensions/NSAttributedString+helpers.swift (in target 'TootSDK' from project 'TootSDK')
    cd /Users/admin/builder/spi-builder-workspace/.swiftpm/xcode
    builtin-SwiftPerFileCompile NSAttributedString+helpers.swift
SwiftCompile normal arm64 /Users/admin/builder/spi-builder-workspace/.dependencies/checkouts/TootSDK/Sources/TootSDK/Extensions/NSFont+Traits.swift (in target 'TootSDK' from project 'TootSDK')
    cd /Users/admin/builder/spi-builder-workspace/.swiftpm/xcode
    builtin-SwiftPerFileCompile NSFont+Traits.swift
SwiftCompile normal arm64 /Users/admin/builder/spi-builder-workspace/.dependencies/checkouts/TootSDK/Sources/TootSDK/Extensions/UIFont+Traits.swift (in target 'TootSDK' from project 'TootSDK')
    cd /Users/admin/builder/spi-builder-workspace/.swiftpm/xcode
    builtin-SwiftPerFileCompile UIFont+Traits.swift
SwiftCompile normal arm64 /Users/admin/builder/spi-builder-workspace/.dependencies/checkouts/TootSDK/Sources/TootSDK/HTMLRendering/AppKitAttribStringRenderer.swift (in target 'TootSDK' from project 'TootSDK')
    cd /Users/admin/builder/spi-builder-workspace/.swiftpm/xcode
    builtin-SwiftPerFileCompile AppKitAttribStringRenderer.swift
SwiftCompile normal arm64 /Users/admin/builder/spi-builder-workspace/.dependencies/checkouts/TootSDK/Sources/TootSDK/HTMLRendering/AttributedString+Util.swift (in target 'TootSDK' from project 'TootSDK')
    cd /Users/admin/builder/spi-builder-workspace/.swiftpm/xcode
    builtin-SwiftPerFileCompile AttributedString+Util.swift
SwiftCompile normal arm64 /Users/admin/builder/spi-builder-workspace/.dependencies/checkouts/TootSDK/Sources/TootSDK/HTMLRendering/AttributedStringRenderer.swift (in target 'TootSDK' from project 'TootSDK')
    cd /Users/admin/builder/spi-builder-workspace/.swiftpm/xcode
    builtin-SwiftPerFileCompile AttributedStringRenderer.swift
SwiftCompile normal arm64 /Users/admin/builder/spi-builder-workspace/.dependencies/checkouts/TootSDK/Sources/TootSDK/HTMLRendering/TootHTML.swift (in target 'TootSDK' from project 'TootSDK')
    cd /Users/admin/builder/spi-builder-workspace/.swiftpm/xcode
    builtin-SwiftPerFileCompile TootHTML.swift
SwiftCompile normal arm64 /Users/admin/builder/spi-builder-workspace/.dependencies/checkouts/TootSDK/Sources/TootSDK/HTMLRendering/UIKitAttribStringRenderer.swift (in target 'TootSDK' from project 'TootSDK')
    cd /Users/admin/builder/spi-builder-workspace/.swiftpm/xcode
    builtin-SwiftPerFileCompile UIKitAttribStringRenderer.swift
SwiftCompile normal arm64 /Users/admin/builder/spi-builder-workspace/.dependencies/checkouts/TootSDK/Sources/TootSDK/HTMLRendering/UniversalRenderer.swift (in target 'TootSDK' from project 'TootSDK')
    cd /Users/admin/builder/spi-builder-workspace/.swiftpm/xcode
    builtin-SwiftPerFileCompile UniversalRenderer.swift
SwiftCompile normal arm64 /Users/admin/builder/spi-builder-workspace/.dependencies/checkouts/TootSDK/Sources/TootSDK/HTTP/Data+prettyPrintedJSONString.swift (in target 'TootSDK' from project 'TootSDK')
    cd /Users/admin/builder/spi-builder-workspace/.swiftpm/xcode
    builtin-SwiftPerFileCompile Data+prettyPrintedJSONString.swift
SwiftCompile normal arm64 /Users/admin/builder/spi-builder-workspace/.dependencies/checkouts/TootSDK/Sources/TootSDK/HTTP/Decoder.swift (in target 'TootSDK' from project 'TootSDK')
    cd /Users/admin/builder/spi-builder-workspace/.swiftpm/xcode
    builtin-SwiftPerFileCompile Decoder.swift
SwiftCompile normal arm64 /Users/admin/builder/spi-builder-workspace/.dependencies/checkouts/TootSDK/Sources/TootSDK/HTTP/Encoder.swift (in target 'TootSDK' from project 'TootSDK')
    cd /Users/admin/builder/spi-builder-workspace/.swiftpm/xcode
    builtin-SwiftPerFileCompile Encoder.swift
SwiftCompile normal arm64 /Users/admin/builder/spi-builder-workspace/.dependencies/checkouts/TootSDK/Sources/TootSDK/HTTP/HTTPBody.swift (in target 'TootSDK' from project 'TootSDK')
    cd /Users/admin/builder/spi-builder-workspace/.swiftpm/xcode
    builtin-SwiftPerFileCompile HTTPBody.swift
SwiftCompile normal arm64 /Users/admin/builder/spi-builder-workspace/.dependencies/checkouts/TootSDK/Sources/TootSDK/HTTP/HTTPMethod.swift (in target 'TootSDK' from project 'TootSDK')
    cd /Users/admin/builder/spi-builder-workspace/.swiftpm/xcode
    builtin-SwiftPerFileCompile HTTPMethod.swift
SwiftCompile normal arm64 /Users/admin/builder/spi-builder-workspace/.dependencies/checkouts/TootSDK/Sources/TootSDK/HTTP/HTTPRequest.swift (in target 'TootSDK' from project 'TootSDK')
    cd /Users/admin/builder/spi-builder-workspace/.swiftpm/xcode
    builtin-SwiftPerFileCompile HTTPRequest.swift
SwiftCompile normal arm64 Compiling\ FollowAccountParams.swift,\ IdentityProof.swift,\ Instance.swift,\ InstanceConfiguration.swift,\ InstanceRule.swift,\ InstanceV1.swift,\ InstanceV2.swift,\ List.swift,\ ListParams.swift,\ Marker.swift,\ MediaAttachment.swift,\ Mention.swift,\ MuteAccountParams.swift,\ NodeInfo.swift,\ ParsedContent.swift,\ PixelfedReportParams.swift,\ ListOauthAppsParams.swift /Users/admin/builder/spi-builder-workspace/.dependencies/checkouts/TootSDK/Sources/TootSDK/Models/FollowAccountParams.swift /Users/admin/builder/spi-builder-workspace/.dependencies/checkouts/TootSDK/Sources/TootSDK/Models/IdentityProof.swift /Users/admin/builder/spi-builder-workspace/.dependencies/checkouts/TootSDK/Sources/TootSDK/Models/Instance/Instance.swift /Users/admin/builder/spi-builder-workspace/.dependencies/checkouts/TootSDK/Sources/TootSDK/Models/Instance/InstanceConfiguration.swift /Users/admin/builder/spi-builder-workspace/.dependencies/checkouts/TootSDK/Sources/TootSDK/Models/Instance/InstanceRule.swift /Users/admin/builder/spi-builder-workspace/.dependencies/checkouts/TootSDK/Sources/TootSDK/Models/Instance/InstanceV1.swift /Users/admin/builder/spi-builder-workspace/.dependencies/checkouts/TootSDK/Sources/TootSDK/Models/Instance/InstanceV2.swift /Users/admin/builder/spi-builder-workspace/.dependencies/checkouts/TootSDK/Sources/TootSDK/Models/List.swift /Users/admin/builder/spi-builder-workspace/.dependencies/checkouts/TootSDK/Sources/TootSDK/Models/ListParams.swift /Users/admin/builder/spi-builder-workspace/.dependencies/checkouts/TootSDK/Sources/TootSDK/Models/Marker.swift /Users/admin/builder/spi-builder-workspace/.dependencies/checkouts/TootSDK/Sources/TootSDK/Models/MediaAttachment.swift /Users/admin/builder/spi-builder-workspace/.dependencies/checkouts/TootSDK/Sources/TootSDK/Models/Mention.swift /Users/admin/builder/spi-builder-workspace/.dependencies/checkouts/TootSDK/Sources/TootSDK/Models/MuteAccountParams.swift /Users/admin/builder/spi-builder-workspace/.dependencies/checkouts/TootSDK/Sources/TootSDK/Models/NodeInfo.swift /Users/admin/builder/spi-builder-workspace/.dependencies/checkouts/TootSDK/Sources/TootSDK/Models/ParsedContent.swift /Users/admin/builder/spi-builder-workspace/.dependencies/checkouts/TootSDK/Sources/TootSDK/Models/PixelfedReportParams.swift /Users/admin/builder/spi-builder-workspace/.dependencies/checkouts/TootSDK/Sources/TootSDK/Models/Pleroma/ListOauthAppsParams.swift (in target 'TootSDK' from project 'TootSDK')
SwiftCompile normal arm64 /Users/admin/builder/spi-builder-workspace/.dependencies/checkouts/TootSDK/Sources/TootSDK/Models/FollowAccountParams.swift (in target 'TootSDK' from project 'TootSDK')
    cd /Users/admin/builder/spi-builder-workspace/.swiftpm/xcode
    builtin-SwiftPerFileCompile FollowAccountParams.swift
SwiftCompile normal arm64 /Users/admin/builder/spi-builder-workspace/.dependencies/checkouts/TootSDK/Sources/TootSDK/Models/IdentityProof.swift (in target 'TootSDK' from project 'TootSDK')
    cd /Users/admin/builder/spi-builder-workspace/.swiftpm/xcode
    builtin-SwiftPerFileCompile IdentityProof.swift
SwiftCompile normal arm64 /Users/admin/builder/spi-builder-workspace/.dependencies/checkouts/TootSDK/Sources/TootSDK/Models/Instance/Instance.swift (in target 'TootSDK' from project 'TootSDK')
    cd /Users/admin/builder/spi-builder-workspace/.swiftpm/xcode
    builtin-SwiftPerFileCompile Instance.swift
SwiftCompile normal arm64 /Users/admin/builder/spi-builder-workspace/.dependencies/checkouts/TootSDK/Sources/TootSDK/Models/Instance/InstanceConfiguration.swift (in target 'TootSDK' from project 'TootSDK')
    cd /Users/admin/builder/spi-builder-workspace/.swiftpm/xcode
    builtin-SwiftPerFileCompile InstanceConfiguration.swift
SwiftCompile normal arm64 /Users/admin/builder/spi-builder-workspace/.dependencies/checkouts/TootSDK/Sources/TootSDK/Models/Instance/InstanceRule.swift (in target 'TootSDK' from project 'TootSDK')
    cd /Users/admin/builder/spi-builder-workspace/.swiftpm/xcode
    builtin-SwiftPerFileCompile InstanceRule.swift
SwiftCompile normal arm64 /Users/admin/builder/spi-builder-workspace/.dependencies/checkouts/TootSDK/Sources/TootSDK/Models/Instance/InstanceV1.swift (in target 'TootSDK' from project 'TootSDK')
    cd /Users/admin/builder/spi-builder-workspace/.swiftpm/xcode
    builtin-SwiftPerFileCompile InstanceV1.swift
SwiftCompile normal arm64 /Users/admin/builder/spi-builder-workspace/.dependencies/checkouts/TootSDK/Sources/TootSDK/Models/Instance/InstanceV2.swift (in target 'TootSDK' from project 'TootSDK')
    cd /Users/admin/builder/spi-builder-workspace/.swiftpm/xcode
    builtin-SwiftPerFileCompile InstanceV2.swift
SwiftCompile normal arm64 /Users/admin/builder/spi-builder-workspace/.dependencies/checkouts/TootSDK/Sources/TootSDK/Models/List.swift (in target 'TootSDK' from project 'TootSDK')
    cd /Users/admin/builder/spi-builder-workspace/.swiftpm/xcode
    builtin-SwiftPerFileCompile List.swift
SwiftCompile normal arm64 /Users/admin/builder/spi-builder-workspace/.dependencies/checkouts/TootSDK/Sources/TootSDK/Models/ListParams.swift (in target 'TootSDK' from project 'TootSDK')
    cd /Users/admin/builder/spi-builder-workspace/.swiftpm/xcode
    builtin-SwiftPerFileCompile ListParams.swift
SwiftCompile normal arm64 /Users/admin/builder/spi-builder-workspace/.dependencies/checkouts/TootSDK/Sources/TootSDK/Models/Marker.swift (in target 'TootSDK' from project 'TootSDK')
    cd /Users/admin/builder/spi-builder-workspace/.swiftpm/xcode
    builtin-SwiftPerFileCompile Marker.swift
SwiftCompile normal arm64 /Users/admin/builder/spi-builder-workspace/.dependencies/checkouts/TootSDK/Sources/TootSDK/Models/MediaAttachment.swift (in target 'TootSDK' from project 'TootSDK')
    cd /Users/admin/builder/spi-builder-workspace/.swiftpm/xcode
    builtin-SwiftPerFileCompile MediaAttachment.swift
SwiftCompile normal arm64 /Users/admin/builder/spi-builder-workspace/.dependencies/checkouts/TootSDK/Sources/TootSDK/Models/Mention.swift (in target 'TootSDK' from project 'TootSDK')
    cd /Users/admin/builder/spi-builder-workspace/.swiftpm/xcode
    builtin-SwiftPerFileCompile Mention.swift
SwiftCompile normal arm64 /Users/admin/builder/spi-builder-workspace/.dependencies/checkouts/TootSDK/Sources/TootSDK/Models/MuteAccountParams.swift (in target 'TootSDK' from project 'TootSDK')
    cd /Users/admin/builder/spi-builder-workspace/.swiftpm/xcode
    builtin-SwiftPerFileCompile MuteAccountParams.swift
SwiftCompile normal arm64 /Users/admin/builder/spi-builder-workspace/.dependencies/checkouts/TootSDK/Sources/TootSDK/Models/NodeInfo.swift (in target 'TootSDK' from project 'TootSDK')
    cd /Users/admin/builder/spi-builder-workspace/.swiftpm/xcode
    builtin-SwiftPerFileCompile NodeInfo.swift
SwiftCompile normal arm64 /Users/admin/builder/spi-builder-workspace/.dependencies/checkouts/TootSDK/Sources/TootSDK/Models/ParsedContent.swift (in target 'TootSDK' from project 'TootSDK')
    cd /Users/admin/builder/spi-builder-workspace/.swiftpm/xcode
    builtin-SwiftPerFileCompile ParsedContent.swift
SwiftCompile normal arm64 /Users/admin/builder/spi-builder-workspace/.dependencies/checkouts/TootSDK/Sources/TootSDK/Models/PixelfedReportParams.swift (in target 'TootSDK' from project 'TootSDK')
    cd /Users/admin/builder/spi-builder-workspace/.swiftpm/xcode
    builtin-SwiftPerFileCompile PixelfedReportParams.swift
SwiftCompile normal arm64 /Users/admin/builder/spi-builder-workspace/.dependencies/checkouts/TootSDK/Sources/TootSDK/Models/Pleroma/ListOauthAppsParams.swift (in target 'TootSDK' from project 'TootSDK')
    cd /Users/admin/builder/spi-builder-workspace/.swiftpm/xcode
    builtin-SwiftPerFileCompile ListOauthAppsParams.swift
SwiftCompile normal arm64 Compiling\ PleromaFollowByURIParams.swift,\ PleromaOauthApp.swift,\ PleromaOauthAppsResponse.swift,\ Poll.swift,\ Post.swift,\ PostEdit.swift,\ PostParams.swift,\ PostSource.swift,\ PostTranslationParams.swift,\ Preferences.swift,\ ProfileDirectoryParams.swift,\ PushNotification.swift,\ PushSubscription.swift,\ PushSubscriptionParams.swift,\ PushSubscriptionPolicy.swift,\ PushSubscriptionUpdateParams.swift,\ RegisterAccountErrors.swift /Users/admin/builder/spi-builder-workspace/.dependencies/checkouts/TootSDK/Sources/TootSDK/Models/Pleroma/PleromaFollowByURIParams.swift /Users/admin/builder/spi-builder-workspace/.dependencies/checkouts/TootSDK/Sources/TootSDK/Models/Pleroma/PleromaOauthApp.swift /Users/admin/builder/spi-builder-workspace/.dependencies/checkouts/TootSDK/Sources/TootSDK/Models/Pleroma/PleromaOauthAppsResponse.swift /Users/admin/builder/spi-builder-workspace/.dependencies/checkouts/TootSDK/Sources/TootSDK/Models/Poll.swift /Users/admin/builder/spi-builder-workspace/.dependencies/checkouts/TootSDK/Sources/TootSDK/Models/Post.swift /Users/admin/builder/spi-builder-workspace/.dependencies/checkouts/TootSDK/Sources/TootSDK/Models/PostEdit.swift /Users/admin/builder/spi-builder-workspace/.dependencies/checkouts/TootSDK/Sources/TootSDK/Models/PostParams.swift /Users/admin/builder/spi-builder-workspace/.dependencies/checkouts/TootSDK/Sources/TootSDK/Models/PostSource.swift /Users/admin/builder/spi-builder-workspace/.dependencies/checkouts/TootSDK/Sources/TootSDK/Models/PostTranslationParams.swift /Users/admin/builder/spi-builder-workspace/.dependencies/checkouts/TootSDK/Sources/TootSDK/Models/Preferences.swift /Users/admin/builder/spi-builder-workspace/.dependencies/checkouts/TootSDK/Sources/TootSDK/Models/ProfileDirectoryParams.swift /Users/admin/builder/spi-builder-workspace/.dependencies/checkouts/TootSDK/Sources/TootSDK/Models/PushNotification.swift /Users/admin/builder/spi-builder-workspace/.dependencies/checkouts/TootSDK/Sources/TootSDK/Models/PushSubscription.swift /Users/admin/builder/spi-builder-workspace/.dependencies/checkouts/TootSDK/Sources/TootSDK/Models/PushSubscriptionParams.swift /Users/admin/builder/spi-builder-workspace/.dependencies/checkouts/TootSDK/Sources/TootSDK/Models/PushSubscriptionPolicy.swift /Users/admin/builder/spi-builder-workspace/.dependencies/checkouts/TootSDK/Sources/TootSDK/Models/PushSubscriptionUpdateParams.swift /Users/admin/builder/spi-builder-workspace/.dependencies/checkouts/TootSDK/Sources/TootSDK/Models/RegisterAccountErrors.swift (in target 'TootSDK' from project 'TootSDK')
SwiftCompile normal arm64 /Users/admin/builder/spi-builder-workspace/.dependencies/checkouts/TootSDK/Sources/TootSDK/Models/Pleroma/PleromaFollowByURIParams.swift (in target 'TootSDK' from project 'TootSDK')
    cd /Users/admin/builder/spi-builder-workspace/.swiftpm/xcode
    builtin-SwiftPerFileCompile PleromaFollowByURIParams.swift
SwiftCompile normal arm64 /Users/admin/builder/spi-builder-workspace/.dependencies/checkouts/TootSDK/Sources/TootSDK/Models/Pleroma/PleromaOauthApp.swift (in target 'TootSDK' from project 'TootSDK')
    cd /Users/admin/builder/spi-builder-workspace/.swiftpm/xcode
    builtin-SwiftPerFileCompile PleromaOauthApp.swift
SwiftCompile normal arm64 /Users/admin/builder/spi-builder-workspace/.dependencies/checkouts/TootSDK/Sources/TootSDK/Models/Pleroma/PleromaOauthAppsResponse.swift (in target 'TootSDK' from project 'TootSDK')
    cd /Users/admin/builder/spi-builder-workspace/.swiftpm/xcode
    builtin-SwiftPerFileCompile PleromaOauthAppsResponse.swift
SwiftCompile normal arm64 /Users/admin/builder/spi-builder-workspace/.dependencies/checkouts/TootSDK/Sources/TootSDK/Models/Poll.swift (in target 'TootSDK' from project 'TootSDK')
    cd /Users/admin/builder/spi-builder-workspace/.swiftpm/xcode
    builtin-SwiftPerFileCompile Poll.swift
SwiftCompile normal arm64 /Users/admin/builder/spi-builder-workspace/.dependencies/checkouts/TootSDK/Sources/TootSDK/Models/Post.swift (in target 'TootSDK' from project 'TootSDK')
    cd /Users/admin/builder/spi-builder-workspace/.swiftpm/xcode
    builtin-SwiftPerFileCompile Post.swift
SwiftCompile normal arm64 /Users/admin/builder/spi-builder-workspace/.dependencies/checkouts/TootSDK/Sources/TootSDK/Models/PostEdit.swift (in target 'TootSDK' from project 'TootSDK')
    cd /Users/admin/builder/spi-builder-workspace/.swiftpm/xcode
    builtin-SwiftPerFileCompile PostEdit.swift
SwiftCompile normal arm64 /Users/admin/builder/spi-builder-workspace/.dependencies/checkouts/TootSDK/Sources/TootSDK/Models/PostParams.swift (in target 'TootSDK' from project 'TootSDK')
    cd /Users/admin/builder/spi-builder-workspace/.swiftpm/xcode
    builtin-SwiftPerFileCompile PostParams.swift
SwiftCompile normal arm64 /Users/admin/builder/spi-builder-workspace/.dependencies/checkouts/TootSDK/Sources/TootSDK/Models/PostSource.swift (in target 'TootSDK' from project 'TootSDK')
    cd /Users/admin/builder/spi-builder-workspace/.swiftpm/xcode
    builtin-SwiftPerFileCompile PostSource.swift
SwiftCompile normal arm64 /Users/admin/builder/spi-builder-workspace/.dependencies/checkouts/TootSDK/Sources/TootSDK/Models/PostTranslationParams.swift (in target 'TootSDK' from project 'TootSDK')
    cd /Users/admin/builder/spi-builder-workspace/.swiftpm/xcode
    builtin-SwiftPerFileCompile PostTranslationParams.swift
SwiftCompile normal arm64 /Users/admin/builder/spi-builder-workspace/.dependencies/checkouts/TootSDK/Sources/TootSDK/Models/Preferences.swift (in target 'TootSDK' from project 'TootSDK')
    cd /Users/admin/builder/spi-builder-workspace/.swiftpm/xcode
    builtin-SwiftPerFileCompile Preferences.swift
SwiftCompile normal arm64 /Users/admin/builder/spi-builder-workspace/.dependencies/checkouts/TootSDK/Sources/TootSDK/Models/ProfileDirectoryParams.swift (in target 'TootSDK' from project 'TootSDK')
    cd /Users/admin/builder/spi-builder-workspace/.swiftpm/xcode
    builtin-SwiftPerFileCompile ProfileDirectoryParams.swift
SwiftCompile normal arm64 /Users/admin/builder/spi-builder-workspace/.dependencies/checkouts/TootSDK/Sources/TootSDK/Models/PushNotification.swift (in target 'TootSDK' from project 'TootSDK')
    cd /Users/admin/builder/spi-builder-workspace/.swiftpm/xcode
    builtin-SwiftPerFileCompile PushNotification.swift
SwiftCompile normal arm64 /Users/admin/builder/spi-builder-workspace/.dependencies/checkouts/TootSDK/Sources/TootSDK/Models/PushSubscription.swift (in target 'TootSDK' from project 'TootSDK')
    cd /Users/admin/builder/spi-builder-workspace/.swiftpm/xcode
    builtin-SwiftPerFileCompile PushSubscription.swift
SwiftCompile normal arm64 /Users/admin/builder/spi-builder-workspace/.dependencies/checkouts/TootSDK/Sources/TootSDK/Models/PushSubscriptionParams.swift (in target 'TootSDK' from project 'TootSDK')
    cd /Users/admin/builder/spi-builder-workspace/.swiftpm/xcode
    builtin-SwiftPerFileCompile PushSubscriptionParams.swift
SwiftCompile normal arm64 /Users/admin/builder/spi-builder-workspace/.dependencies/checkouts/TootSDK/Sources/TootSDK/Models/PushSubscriptionPolicy.swift (in target 'TootSDK' from project 'TootSDK')
    cd /Users/admin/builder/spi-builder-workspace/.swiftpm/xcode
    builtin-SwiftPerFileCompile PushSubscriptionPolicy.swift
SwiftCompile normal arm64 /Users/admin/builder/spi-builder-workspace/.dependencies/checkouts/TootSDK/Sources/TootSDK/Models/PushSubscriptionUpdateParams.swift (in target 'TootSDK' from project 'TootSDK')
    cd /Users/admin/builder/spi-builder-workspace/.swiftpm/xcode
    builtin-SwiftPerFileCompile PushSubscriptionUpdateParams.swift
SwiftCompile normal arm64 /Users/admin/builder/spi-builder-workspace/.dependencies/checkouts/TootSDK/Sources/TootSDK/Models/RegisterAccountErrors.swift (in target 'TootSDK' from project 'TootSDK')
    cd /Users/admin/builder/spi-builder-workspace/.swiftpm/xcode
    builtin-SwiftPerFileCompile RegisterAccountErrors.swift
SwiftCompile normal arm64 Compiling\ TootClient+Reports.swift,\ TootClient+Request.swift,\ TootClient+ScheduledPost.swift,\ TootClient+Search.swift,\ TootClient+Streaming.swift,\ TootClient+Suggestions.swift,\ TootClient+Tags.swift,\ TootClient+TimeLine.swift,\ TootClient+Trends.swift,\ TootClient.swift,\ TootStream+Accounts.swift,\ TootStream+Posts.swift,\ TootStream.swift,\ PushSubscriptionKeys.swift,\ URLSafeBase64.swift,\ WebPushMessageEncryption.swift /Users/admin/builder/spi-builder-workspace/.dependencies/checkouts/TootSDK/Sources/TootSDK/TootClient/TootClient+Reports.swift /Users/admin/builder/spi-builder-workspace/.dependencies/checkouts/TootSDK/Sources/TootSDK/TootClient/TootClient+Request.swift /Users/admin/builder/spi-builder-workspace/.dependencies/checkouts/TootSDK/Sources/TootSDK/TootClient/TootClient+ScheduledPost.swift /Users/admin/builder/spi-builder-workspace/.dependencies/checkouts/TootSDK/Sources/TootSDK/TootClient/TootClient+Search.swift /Users/admin/builder/spi-builder-workspace/.dependencies/checkouts/TootSDK/Sources/TootSDK/TootClient/TootClient+Streaming.swift /Users/admin/builder/spi-builder-workspace/.dependencies/checkouts/TootSDK/Sources/TootSDK/TootClient/TootClient+Suggestions.swift /Users/admin/builder/spi-builder-workspace/.dependencies/checkouts/TootSDK/Sources/TootSDK/TootClient/TootClient+Tags.swift /Users/admin/builder/spi-builder-workspace/.dependencies/checkouts/TootSDK/Sources/TootSDK/TootClient/TootClient+TimeLine.swift /Users/admin/builder/spi-builder-workspace/.dependencies/checkouts/TootSDK/Sources/TootSDK/TootClient/TootClient+Trends.swift /Users/admin/builder/spi-builder-workspace/.dependencies/checkouts/TootSDK/Sources/TootSDK/TootClient/TootClient.swift /Users/admin/builder/spi-builder-workspace/.dependencies/checkouts/TootSDK/Sources/TootSDK/TootStream/TootStream+Accounts.swift /Users/admin/builder/spi-builder-workspace/.dependencies/checkouts/TootSDK/Sources/TootSDK/TootStream/TootStream+Posts.swift /Users/admin/builder/spi-builder-workspace/.dependencies/checkouts/TootSDK/Sources/TootSDK/TootStream/TootStream.swift /Users/admin/builder/spi-builder-workspace/.dependencies/checkouts/TootSDK/Sources/TootSDK/WebPushEncryption/PushSubscriptionKeys.swift /Users/admin/builder/spi-builder-workspace/.dependencies/checkouts/TootSDK/Sources/TootSDK/WebPushEncryption/URLSafeBase64.swift /Users/admin/builder/spi-builder-workspace/.dependencies/checkouts/TootSDK/Sources/TootSDK/WebPushEncryption/WebPushMessageEncryption.swift (in target 'TootSDK' from project 'TootSDK')
SwiftCompile normal arm64 /Users/admin/builder/spi-builder-workspace/.dependencies/checkouts/TootSDK/Sources/TootSDK/TootClient/TootClient+Reports.swift (in target 'TootSDK' from project 'TootSDK')
    cd /Users/admin/builder/spi-builder-workspace/.swiftpm/xcode
    builtin-SwiftPerFileCompile TootClient+Reports.swift
SwiftCompile normal arm64 /Users/admin/builder/spi-builder-workspace/.dependencies/checkouts/TootSDK/Sources/TootSDK/TootClient/TootClient+Request.swift (in target 'TootSDK' from project 'TootSDK')
    cd /Users/admin/builder/spi-builder-workspace/.swiftpm/xcode
    builtin-SwiftPerFileCompile TootClient+Request.swift
SwiftCompile normal arm64 /Users/admin/builder/spi-builder-workspace/.dependencies/checkouts/TootSDK/Sources/TootSDK/TootClient/TootClient+ScheduledPost.swift (in target 'TootSDK' from project 'TootSDK')
    cd /Users/admin/builder/spi-builder-workspace/.swiftpm/xcode
    builtin-SwiftPerFileCompile TootClient+ScheduledPost.swift
SwiftCompile normal arm64 /Users/admin/builder/spi-builder-workspace/.dependencies/checkouts/TootSDK/Sources/TootSDK/TootClient/TootClient+Search.swift (in target 'TootSDK' from project 'TootSDK')
    cd /Users/admin/builder/spi-builder-workspace/.swiftpm/xcode
    builtin-SwiftPerFileCompile TootClient+Search.swift
SwiftCompile normal arm64 /Users/admin/builder/spi-builder-workspace/.dependencies/checkouts/TootSDK/Sources/TootSDK/TootClient/TootClient+Streaming.swift (in target 'TootSDK' from project 'TootSDK')
    cd /Users/admin/builder/spi-builder-workspace/.swiftpm/xcode
    builtin-SwiftPerFileCompile TootClient+Streaming.swift
SwiftCompile normal arm64 /Users/admin/builder/spi-builder-workspace/.dependencies/checkouts/TootSDK/Sources/TootSDK/TootClient/TootClient+Suggestions.swift (in target 'TootSDK' from project 'TootSDK')
    cd /Users/admin/builder/spi-builder-workspace/.swiftpm/xcode
    builtin-SwiftPerFileCompile TootClient+Suggestions.swift
SwiftCompile normal arm64 /Users/admin/builder/spi-builder-workspace/.dependencies/checkouts/TootSDK/Sources/TootSDK/TootClient/TootClient+Tags.swift (in target 'TootSDK' from project 'TootSDK')
    cd /Users/admin/builder/spi-builder-workspace/.swiftpm/xcode
    builtin-SwiftPerFileCompile TootClient+Tags.swift
SwiftCompile normal arm64 /Users/admin/builder/spi-builder-workspace/.dependencies/checkouts/TootSDK/Sources/TootSDK/TootClient/TootClient+TimeLine.swift (in target 'TootSDK' from project 'TootSDK')
    cd /Users/admin/builder/spi-builder-workspace/.swiftpm/xcode
    builtin-SwiftPerFileCompile TootClient+TimeLine.swift
SwiftCompile normal arm64 /Users/admin/builder/spi-builder-workspace/.dependencies/checkouts/TootSDK/Sources/TootSDK/TootClient/TootClient+Trends.swift (in target 'TootSDK' from project 'TootSDK')
    cd /Users/admin/builder/spi-builder-workspace/.swiftpm/xcode
    builtin-SwiftPerFileCompile TootClient+Trends.swift
SwiftCompile normal arm64 /Users/admin/builder/spi-builder-workspace/.dependencies/checkouts/TootSDK/Sources/TootSDK/TootClient/TootClient.swift (in target 'TootSDK' from project 'TootSDK')
    cd /Users/admin/builder/spi-builder-workspace/.swiftpm/xcode
    builtin-SwiftPerFileCompile TootClient.swift
SwiftCompile normal arm64 /Users/admin/builder/spi-builder-workspace/.dependencies/checkouts/TootSDK/Sources/TootSDK/TootStream/TootStream+Accounts.swift (in target 'TootSDK' from project 'TootSDK')
    cd /Users/admin/builder/spi-builder-workspace/.swiftpm/xcode
    builtin-SwiftPerFileCompile TootStream+Accounts.swift
SwiftCompile normal arm64 /Users/admin/builder/spi-builder-workspace/.dependencies/checkouts/TootSDK/Sources/TootSDK/TootStream/TootStream+Posts.swift (in target 'TootSDK' from project 'TootSDK')
    cd /Users/admin/builder/spi-builder-workspace/.swiftpm/xcode
    builtin-SwiftPerFileCompile TootStream+Posts.swift
SwiftCompile normal arm64 /Users/admin/builder/spi-builder-workspace/.dependencies/checkouts/TootSDK/Sources/TootSDK/TootStream/TootStream.swift (in target 'TootSDK' from project 'TootSDK')
    cd /Users/admin/builder/spi-builder-workspace/.swiftpm/xcode
    builtin-SwiftPerFileCompile TootStream.swift
SwiftCompile normal arm64 /Users/admin/builder/spi-builder-workspace/.dependencies/checkouts/TootSDK/Sources/TootSDK/WebPushEncryption/PushSubscriptionKeys.swift (in target 'TootSDK' from project 'TootSDK')
    cd /Users/admin/builder/spi-builder-workspace/.swiftpm/xcode
    builtin-SwiftPerFileCompile PushSubscriptionKeys.swift
SwiftCompile normal arm64 /Users/admin/builder/spi-builder-workspace/.dependencies/checkouts/TootSDK/Sources/TootSDK/WebPushEncryption/URLSafeBase64.swift (in target 'TootSDK' from project 'TootSDK')
    cd /Users/admin/builder/spi-builder-workspace/.swiftpm/xcode
    builtin-SwiftPerFileCompile URLSafeBase64.swift
SwiftCompile normal arm64 /Users/admin/builder/spi-builder-workspace/.dependencies/checkouts/TootSDK/Sources/TootSDK/WebPushEncryption/WebPushMessageEncryption.swift (in target 'TootSDK' from project 'TootSDK')
    cd /Users/admin/builder/spi-builder-workspace/.swiftpm/xcode
    builtin-SwiftPerFileCompile WebPushMessageEncryption.swift
SwiftCompile normal arm64 Compiling\ TootNotification.swift,\ TootNotificationParams.swift,\ TootRole.swift,\ TootSDKError.swift,\ TootSDKFlavour.swift,\ TootSource.swift,\ Translation.swift,\ TrendingLink.swift,\ TrendingLinkHistory.swift,\ UpdateCredentialsParams.swift,\ UpdateFilterParams.swift,\ UpdateMediaAttachmentParams.swift,\ UploadMediaAttachmentParams.swift,\ StreamingClient.swift,\ TootClient+ASWebAuthentication.swift,\ TootClient+Account.swift /Users/admin/builder/spi-builder-workspace/.dependencies/checkouts/TootSDK/Sources/TootSDK/Models/TootNotification.swift /Users/admin/builder/spi-builder-workspace/.dependencies/checkouts/TootSDK/Sources/TootSDK/Models/TootNotificationParams.swift /Users/admin/builder/spi-builder-workspace/.dependencies/checkouts/TootSDK/Sources/TootSDK/Models/TootRole.swift /Users/admin/builder/spi-builder-workspace/.dependencies/checkouts/TootSDK/Sources/TootSDK/Models/TootSDKError.swift /Users/admin/builder/spi-builder-workspace/.dependencies/checkouts/TootSDK/Sources/TootSDK/Models/TootSDKFlavour.swift /Users/admin/builder/spi-builder-workspace/.dependencies/checkouts/TootSDK/Sources/TootSDK/Models/TootSource.swift /Users/admin/builder/spi-builder-workspace/.dependencies/checkouts/TootSDK/Sources/TootSDK/Models/Translation.swift /Users/admin/builder/spi-builder-workspace/.dependencies/checkouts/TootSDK/Sources/TootSDK/Models/TrendingLink.swift /Users/admin/builder/spi-builder-workspace/.dependencies/checkouts/TootSDK/Sources/TootSDK/Models/TrendingLinkHistory.swift /Users/admin/builder/spi-builder-workspace/.dependencies/checkouts/TootSDK/Sources/TootSDK/Models/UpdateCredentialsParams.swift /Users/admin/builder/spi-builder-workspace/.dependencies/checkouts/TootSDK/Sources/TootSDK/Models/UpdateFilterParams.swift /Users/admin/builder/spi-builder-workspace/.dependencies/checkouts/TootSDK/Sources/TootSDK/Models/UpdateMediaAttachmentParams.swift /Users/admin/builder/spi-builder-workspace/.dependencies/checkouts/TootSDK/Sources/TootSDK/Models/UploadMediaAttachmentParams.swift /Users/admin/builder/spi-builder-workspace/.dependencies/checkouts/TootSDK/Sources/TootSDK/TootClient/Streaming/StreamingClient.swift /Users/admin/builder/spi-builder-workspace/.dependencies/checkouts/TootSDK/Sources/TootSDK/TootClient/TootClient+ASWebAuthentication.swift /Users/admin/builder/spi-builder-workspace/.dependencies/checkouts/TootSDK/Sources/TootSDK/TootClient/TootClient+Account.swift (in target 'TootSDK' from project 'TootSDK')
SwiftCompile normal arm64 /Users/admin/builder/spi-builder-workspace/.dependencies/checkouts/TootSDK/Sources/TootSDK/Models/TootNotification.swift (in target 'TootSDK' from project 'TootSDK')
    cd /Users/admin/builder/spi-builder-workspace/.swiftpm/xcode
    builtin-SwiftPerFileCompile TootNotification.swift
SwiftCompile normal arm64 /Users/admin/builder/spi-builder-workspace/.dependencies/checkouts/TootSDK/Sources/TootSDK/Models/TootNotificationParams.swift (in target 'TootSDK' from project 'TootSDK')
    cd /Users/admin/builder/spi-builder-workspace/.swiftpm/xcode
    builtin-SwiftPerFileCompile TootNotificationParams.swift
SwiftCompile normal arm64 /Users/admin/builder/spi-builder-workspace/.dependencies/checkouts/TootSDK/Sources/TootSDK/Models/TootRole.swift (in target 'TootSDK' from project 'TootSDK')
    cd /Users/admin/builder/spi-builder-workspace/.swiftpm/xcode
    builtin-SwiftPerFileCompile TootRole.swift
SwiftCompile normal arm64 /Users/admin/builder/spi-builder-workspace/.dependencies/checkouts/TootSDK/Sources/TootSDK/Models/TootSDKError.swift (in target 'TootSDK' from project 'TootSDK')
    cd /Users/admin/builder/spi-builder-workspace/.swiftpm/xcode
    builtin-SwiftPerFileCompile TootSDKError.swift
SwiftCompile normal arm64 /Users/admin/builder/spi-builder-workspace/.dependencies/checkouts/TootSDK/Sources/TootSDK/Models/TootSDKFlavour.swift (in target 'TootSDK' from project 'TootSDK')
    cd /Users/admin/builder/spi-builder-workspace/.swiftpm/xcode
    builtin-SwiftPerFileCompile TootSDKFlavour.swift
SwiftCompile normal arm64 /Users/admin/builder/spi-builder-workspace/.dependencies/checkouts/TootSDK/Sources/TootSDK/Models/TootSource.swift (in target 'TootSDK' from project 'TootSDK')
    cd /Users/admin/builder/spi-builder-workspace/.swiftpm/xcode
    builtin-SwiftPerFileCompile TootSource.swift
SwiftCompile normal arm64 /Users/admin/builder/spi-builder-workspace/.dependencies/checkouts/TootSDK/Sources/TootSDK/Models/Translation.swift (in target 'TootSDK' from project 'TootSDK')
    cd /Users/admin/builder/spi-builder-workspace/.swiftpm/xcode
    builtin-SwiftPerFileCompile Translation.swift
SwiftCompile normal arm64 /Users/admin/builder/spi-builder-workspace/.dependencies/checkouts/TootSDK/Sources/TootSDK/Models/TrendingLink.swift (in target 'TootSDK' from project 'TootSDK')
    cd /Users/admin/builder/spi-builder-workspace/.swiftpm/xcode
    builtin-SwiftPerFileCompile TrendingLink.swift
SwiftCompile normal arm64 /Users/admin/builder/spi-builder-workspace/.dependencies/checkouts/TootSDK/Sources/TootSDK/Models/TrendingLinkHistory.swift (in target 'TootSDK' from project 'TootSDK')
    cd /Users/admin/builder/spi-builder-workspace/.swiftpm/xcode
    builtin-SwiftPerFileCompile TrendingLinkHistory.swift
SwiftCompile normal arm64 /Users/admin/builder/spi-builder-workspace/.dependencies/checkouts/TootSDK/Sources/TootSDK/Models/UpdateCredentialsParams.swift (in target 'TootSDK' from project 'TootSDK')
    cd /Users/admin/builder/spi-builder-workspace/.swiftpm/xcode
    builtin-SwiftPerFileCompile UpdateCredentialsParams.swift
SwiftCompile normal arm64 /Users/admin/builder/spi-builder-workspace/.dependencies/checkouts/TootSDK/Sources/TootSDK/Models/UpdateFilterParams.swift (in target 'TootSDK' from project 'TootSDK')
    cd /Users/admin/builder/spi-builder-workspace/.swiftpm/xcode
    builtin-SwiftPerFileCompile UpdateFilterParams.swift
SwiftCompile normal arm64 /Users/admin/builder/spi-builder-workspace/.dependencies/checkouts/TootSDK/Sources/TootSDK/Models/UpdateMediaAttachmentParams.swift (in target 'TootSDK' from project 'TootSDK')
    cd /Users/admin/builder/spi-builder-workspace/.swiftpm/xcode
    builtin-SwiftPerFileCompile UpdateMediaAttachmentParams.swift
SwiftCompile normal arm64 /Users/admin/builder/spi-builder-workspace/.dependencies/checkouts/TootSDK/Sources/TootSDK/Models/UploadMediaAttachmentParams.swift (in target 'TootSDK' from project 'TootSDK')
    cd /Users/admin/builder/spi-builder-workspace/.swiftpm/xcode
    builtin-SwiftPerFileCompile UploadMediaAttachmentParams.swift
SwiftCompile normal arm64 /Users/admin/builder/spi-builder-workspace/.dependencies/checkouts/TootSDK/Sources/TootSDK/TootClient/Streaming/StreamingClient.swift (in target 'TootSDK' from project 'TootSDK')
    cd /Users/admin/builder/spi-builder-workspace/.swiftpm/xcode
    builtin-SwiftPerFileCompile StreamingClient.swift
SwiftCompile normal arm64 /Users/admin/builder/spi-builder-workspace/.dependencies/checkouts/TootSDK/Sources/TootSDK/TootClient/TootClient+ASWebAuthentication.swift (in target 'TootSDK' from project 'TootSDK')
    cd /Users/admin/builder/spi-builder-workspace/.swiftpm/xcode
    builtin-SwiftPerFileCompile TootClient+ASWebAuthentication.swift
SwiftCompile normal arm64 /Users/admin/builder/spi-builder-workspace/.dependencies/checkouts/TootSDK/Sources/TootSDK/TootClient/TootClient+Account.swift (in target 'TootSDK' from project 'TootSDK')
    cd /Users/admin/builder/spi-builder-workspace/.swiftpm/xcode
    builtin-SwiftPerFileCompile TootClient+Account.swift
SwiftCompile normal arm64 Compiling\ Card.swift,\ Context.swift,\ Conversation.swift,\ CreateAppRequest.swift,\ CreateFilterParams.swift,\ CreatePoll.swift,\ DomainBlock.swift,\ EditPostParams.swift,\ Emoji.swift,\ ExtendedDescription.swift,\ FamiliarFollowers.swift,\ FeatureTagParams.swift,\ FeaturedTag.swift,\ Filter.swift,\ FilterKeyword.swift,\ FilterResult.swift,\ FilterStatus.swift /Users/admin/builder/spi-builder-workspace/.dependencies/checkouts/TootSDK/Sources/TootSDK/Models/Card.swift /Users/admin/builder/spi-builder-workspace/.dependencies/checkouts/TootSDK/Sources/TootSDK/Models/Context.swift /Users/admin/builder/spi-builder-workspace/.dependencies/checkouts/TootSDK/Sources/TootSDK/Models/Conversation.swift /Users/admin/builder/spi-builder-workspace/.dependencies/checkouts/TootSDK/Sources/TootSDK/Models/CreateAppRequest.swift /Users/admin/builder/spi-builder-workspace/.dependencies/checkouts/TootSDK/Sources/TootSDK/Models/CreateFilterParams.swift /Users/admin/builder/spi-builder-workspace/.dependencies/checkouts/TootSDK/Sources/TootSDK/Models/CreatePoll.swift /Users/admin/builder/spi-builder-workspace/.dependencies/checkouts/TootSDK/Sources/TootSDK/Models/DomainBlock.swift /Users/admin/builder/spi-builder-workspace/.dependencies/checkouts/TootSDK/Sources/TootSDK/Models/EditPostParams.swift /Users/admin/builder/spi-builder-workspace/.dependencies/checkouts/TootSDK/Sources/TootSDK/Models/Emoji.swift /Users/admin/builder/spi-builder-workspace/.dependencies/checkouts/TootSDK/Sources/TootSDK/Models/ExtendedDescription.swift /Users/admin/builder/spi-builder-workspace/.dependencies/checkouts/TootSDK/Sources/TootSDK/Models/FamiliarFollowers.swift /Users/admin/builder/spi-builder-workspace/.dependencies/checkouts/TootSDK/Sources/TootSDK/Models/FeatureTagParams.swift /Users/admin/builder/spi-builder-workspace/.dependencies/checkouts/TootSDK/Sources/TootSDK/Models/FeaturedTag.swift /Users/admin/builder/spi-builder-workspace/.dependencies/checkouts/TootSDK/Sources/TootSDK/Models/Filter.swift /Users/admin/builder/spi-builder-workspace/.dependencies/checkouts/TootSDK/Sources/TootSDK/Models/FilterKeyword.swift /Users/admin/builder/spi-builder-workspace/.dependencies/checkouts/TootSDK/Sources/TootSDK/Models/FilterResult.swift /Users/admin/builder/spi-builder-workspace/.dependencies/checkouts/TootSDK/Sources/TootSDK/Models/FilterStatus.swift (in target 'TootSDK' from project 'TootSDK')
SwiftCompile normal arm64 /Users/admin/builder/spi-builder-workspace/.dependencies/checkouts/TootSDK/Sources/TootSDK/Models/Card.swift (in target 'TootSDK' from project 'TootSDK')
    cd /Users/admin/builder/spi-builder-workspace/.swiftpm/xcode
    builtin-SwiftPerFileCompile Card.swift
SwiftCompile normal arm64 /Users/admin/builder/spi-builder-workspace/.dependencies/checkouts/TootSDK/Sources/TootSDK/Models/Context.swift (in target 'TootSDK' from project 'TootSDK')
    cd /Users/admin/builder/spi-builder-workspace/.swiftpm/xcode
    builtin-SwiftPerFileCompile Context.swift
SwiftCompile normal arm64 /Users/admin/builder/spi-builder-workspace/.dependencies/checkouts/TootSDK/Sources/TootSDK/Models/Conversation.swift (in target 'TootSDK' from project 'TootSDK')
    cd /Users/admin/builder/spi-builder-workspace/.swiftpm/xcode
    builtin-SwiftPerFileCompile Conversation.swift
SwiftCompile normal arm64 /Users/admin/builder/spi-builder-workspace/.dependencies/checkouts/TootSDK/Sources/TootSDK/Models/CreateAppRequest.swift (in target 'TootSDK' from project 'TootSDK')
    cd /Users/admin/builder/spi-builder-workspace/.swiftpm/xcode
    builtin-SwiftPerFileCompile CreateAppRequest.swift
SwiftCompile normal arm64 /Users/admin/builder/spi-builder-workspace/.dependencies/checkouts/TootSDK/Sources/TootSDK/Models/CreateFilterParams.swift (in target 'TootSDK' from project 'TootSDK')
    cd /Users/admin/builder/spi-builder-workspace/.swiftpm/xcode
    builtin-SwiftPerFileCompile CreateFilterParams.swift
SwiftCompile normal arm64 /Users/admin/builder/spi-builder-workspace/.dependencies/checkouts/TootSDK/Sources/TootSDK/Models/CreatePoll.swift (in target 'TootSDK' from project 'TootSDK')
    cd /Users/admin/builder/spi-builder-workspace/.swiftpm/xcode
    builtin-SwiftPerFileCompile CreatePoll.swift
SwiftCompile normal arm64 /Users/admin/builder/spi-builder-workspace/.dependencies/checkouts/TootSDK/Sources/TootSDK/Models/DomainBlock.swift (in target 'TootSDK' from project 'TootSDK')
    cd /Users/admin/builder/spi-builder-workspace/.swiftpm/xcode
    builtin-SwiftPerFileCompile DomainBlock.swift
SwiftCompile normal arm64 /Users/admin/builder/spi-builder-workspace/.dependencies/checkouts/TootSDK/Sources/TootSDK/Models/EditPostParams.swift (in target 'TootSDK' from project 'TootSDK')
    cd /Users/admin/builder/spi-builder-workspace/.swiftpm/xcode
    builtin-SwiftPerFileCompile EditPostParams.swift
SwiftCompile normal arm64 /Users/admin/builder/spi-builder-workspace/.dependencies/checkouts/TootSDK/Sources/TootSDK/Models/Emoji.swift (in target 'TootSDK' from project 'TootSDK')
    cd /Users/admin/builder/spi-builder-workspace/.swiftpm/xcode
    builtin-SwiftPerFileCompile Emoji.swift
SwiftCompile normal arm64 /Users/admin/builder/spi-builder-workspace/.dependencies/checkouts/TootSDK/Sources/TootSDK/Models/ExtendedDescription.swift (in target 'TootSDK' from project 'TootSDK')
    cd /Users/admin/builder/spi-builder-workspace/.swiftpm/xcode
    builtin-SwiftPerFileCompile ExtendedDescription.swift
SwiftCompile normal arm64 /Users/admin/builder/spi-builder-workspace/.dependencies/checkouts/TootSDK/Sources/TootSDK/Models/FamiliarFollowers.swift (in target 'TootSDK' from project 'TootSDK')
    cd /Users/admin/builder/spi-builder-workspace/.swiftpm/xcode
    builtin-SwiftPerFileCompile FamiliarFollowers.swift
SwiftCompile normal arm64 /Users/admin/builder/spi-builder-workspace/.dependencies/checkouts/TootSDK/Sources/TootSDK/Models/FeatureTagParams.swift (in target 'TootSDK' from project 'TootSDK')
    cd /Users/admin/builder/spi-builder-workspace/.swiftpm/xcode
    builtin-SwiftPerFileCompile FeatureTagParams.swift
SwiftCompile normal arm64 /Users/admin/builder/spi-builder-workspace/.dependencies/checkouts/TootSDK/Sources/TootSDK/Models/FeaturedTag.swift (in target 'TootSDK' from project 'TootSDK')
    cd /Users/admin/builder/spi-builder-workspace/.swiftpm/xcode
    builtin-SwiftPerFileCompile FeaturedTag.swift
SwiftCompile normal arm64 /Users/admin/builder/spi-builder-workspace/.dependencies/checkouts/TootSDK/Sources/TootSDK/Models/Filter.swift (in target 'TootSDK' from project 'TootSDK')
    cd /Users/admin/builder/spi-builder-workspace/.swiftpm/xcode
    builtin-SwiftPerFileCompile Filter.swift
SwiftCompile normal arm64 /Users/admin/builder/spi-builder-workspace/.dependencies/checkouts/TootSDK/Sources/TootSDK/Models/FilterKeyword.swift (in target 'TootSDK' from project 'TootSDK')
    cd /Users/admin/builder/spi-builder-workspace/.swiftpm/xcode
    builtin-SwiftPerFileCompile FilterKeyword.swift
SwiftCompile normal arm64 /Users/admin/builder/spi-builder-workspace/.dependencies/checkouts/TootSDK/Sources/TootSDK/Models/FilterResult.swift (in target 'TootSDK' from project 'TootSDK')
    cd /Users/admin/builder/spi-builder-workspace/.swiftpm/xcode
    builtin-SwiftPerFileCompile FilterResult.swift
SwiftCompile normal arm64 /Users/admin/builder/spi-builder-workspace/.dependencies/checkouts/TootSDK/Sources/TootSDK/Models/FilterStatus.swift (in target 'TootSDK' from project 'TootSDK')
    cd /Users/admin/builder/spi-builder-workspace/.swiftpm/xcode
    builtin-SwiftPerFileCompile FilterStatus.swift
SwiftCompile normal arm64 Compiling\ RegisterAccountParams.swift,\ Relationship.swift,\ RelationshipParams.swift,\ RelationshipSeveranceEvent.swift,\ RemoveAccountsFromListParams.swift,\ Report.swift,\ ReportCategory.swift,\ ReportParams.swift,\ Results.swift,\ ScheduledPost.swift,\ ScheduledPostParams.swift,\ ScheduledPostRequest.swift,\ Search.swift,\ SearchAccountsParams.swift,\ SearchParams.swift,\ SetNoteForAccountParams.swift,\ EventContent.swift /Users/admin/builder/spi-builder-workspace/.dependencies/checkouts/TootSDK/Sources/TootSDK/Models/RegisterAccountParams.swift /Users/admin/builder/spi-builder-workspace/.dependencies/checkouts/TootSDK/Sources/TootSDK/Models/Relationship.swift /Users/admin/builder/spi-builder-workspace/.dependencies/checkouts/TootSDK/Sources/TootSDK/Models/RelationshipParams.swift /Users/admin/builder/spi-builder-workspace/.dependencies/checkouts/TootSDK/Sources/TootSDK/Models/RelationshipSeveranceEvent.swift /Users/admin/builder/spi-builder-workspace/.dependencies/checkouts/TootSDK/Sources/TootSDK/Models/RemoveAccountsFromListParams.swift /Users/admin/builder/spi-builder-workspace/.dependencies/checkouts/TootSDK/Sources/TootSDK/Models/Report.swift /Users/admin/builder/spi-builder-workspace/.dependencies/checkouts/TootSDK/Sources/TootSDK/Models/ReportCategory.swift /Users/admin/builder/spi-builder-workspace/.dependencies/checkouts/TootSDK/Sources/TootSDK/Models/ReportParams.swift /Users/admin/builder/spi-builder-workspace/.dependencies/checkouts/TootSDK/Sources/TootSDK/Models/Results.swift /Users/admin/builder/spi-builder-workspace/.dependencies/checkouts/TootSDK/Sources/TootSDK/Models/ScheduledPost.swift /Users/admin/builder/spi-builder-workspace/.dependencies/checkouts/TootSDK/Sources/TootSDK/Models/ScheduledPostParams.swift /Users/admin/builder/spi-builder-workspace/.dependencies/checkouts/TootSDK/Sources/TootSDK/Models/ScheduledPostRequest.swift /Users/admin/builder/spi-builder-workspace/.dependencies/checkouts/TootSDK/Sources/TootSDK/Models/Search.swift /Users/admin/builder/spi-builder-workspace/.dependencies/checkouts/TootSDK/Sources/TootSDK/Models/SearchAccountsParams.swift /Users/admin/builder/spi-builder-workspace/.dependencies/checkouts/TootSDK/Sources/TootSDK/Models/SearchParams.swift /Users/admin/builder/spi-builder-workspace/.dependencies/checkouts/TootSDK/Sources/TootSDK/Models/SetNoteForAccountParams.swift /Users/admin/builder/spi-builder-workspace/.dependencies/checkouts/TootSDK/Sources/TootSDK/Models/Streaming/EventContent.swift (in target 'TootSDK' from project 'TootSDK')
SwiftCompile normal arm64 /Users/admin/builder/spi-builder-workspace/.dependencies/checkouts/TootSDK/Sources/TootSDK/Models/RegisterAccountParams.swift (in target 'TootSDK' from project 'TootSDK')
    cd /Users/admin/builder/spi-builder-workspace/.swiftpm/xcode
    builtin-SwiftPerFileCompile RegisterAccountParams.swift
SwiftCompile normal arm64 /Users/admin/builder/spi-builder-workspace/.dependencies/checkouts/TootSDK/Sources/TootSDK/Models/Relationship.swift (in target 'TootSDK' from project 'TootSDK')
    cd /Users/admin/builder/spi-builder-workspace/.swiftpm/xcode
    builtin-SwiftPerFileCompile Relationship.swift
SwiftCompile normal arm64 /Users/admin/builder/spi-builder-workspace/.dependencies/checkouts/TootSDK/Sources/TootSDK/Models/RelationshipParams.swift (in target 'TootSDK' from project 'TootSDK')
    cd /Users/admin/builder/spi-builder-workspace/.swiftpm/xcode
    builtin-SwiftPerFileCompile RelationshipParams.swift
SwiftCompile normal arm64 /Users/admin/builder/spi-builder-workspace/.dependencies/checkouts/TootSDK/Sources/TootSDK/Models/RelationshipSeveranceEvent.swift (in target 'TootSDK' from project 'TootSDK')
    cd /Users/admin/builder/spi-builder-workspace/.swiftpm/xcode
    builtin-SwiftPerFileCompile RelationshipSeveranceEvent.swift
SwiftCompile normal arm64 /Users/admin/builder/spi-builder-workspace/.dependencies/checkouts/TootSDK/Sources/TootSDK/Models/RemoveAccountsFromListParams.swift (in target 'TootSDK' from project 'TootSDK')
    cd /Users/admin/builder/spi-builder-workspace/.swiftpm/xcode
    builtin-SwiftPerFileCompile RemoveAccountsFromListParams.swift
SwiftCompile normal arm64 /Users/admin/builder/spi-builder-workspace/.dependencies/checkouts/TootSDK/Sources/TootSDK/Models/Report.swift (in target 'TootSDK' from project 'TootSDK')
    cd /Users/admin/builder/spi-builder-workspace/.swiftpm/xcode
    builtin-SwiftPerFileCompile Report.swift
SwiftCompile normal arm64 /Users/admin/builder/spi-builder-workspace/.dependencies/checkouts/TootSDK/Sources/TootSDK/Models/ReportCategory.swift (in target 'TootSDK' from project 'TootSDK')
    cd /Users/admin/builder/spi-builder-workspace/.swiftpm/xcode
    builtin-SwiftPerFileCompile ReportCategory.swift
SwiftCompile normal arm64 /Users/admin/builder/spi-builder-workspace/.dependencies/checkouts/TootSDK/Sources/TootSDK/Models/ReportParams.swift (in target 'TootSDK' from project 'TootSDK')
    cd /Users/admin/builder/spi-builder-workspace/.swiftpm/xcode
    builtin-SwiftPerFileCompile ReportParams.swift
SwiftCompile normal arm64 /Users/admin/builder/spi-builder-workspace/.dependencies/checkouts/TootSDK/Sources/TootSDK/Models/Results.swift (in target 'TootSDK' from project 'TootSDK')
    cd /Users/admin/builder/spi-builder-workspace/.swiftpm/xcode
    builtin-SwiftPerFileCompile Results.swift
SwiftCompile normal arm64 /Users/admin/builder/spi-builder-workspace/.dependencies/checkouts/TootSDK/Sources/TootSDK/Models/ScheduledPost.swift (in target 'TootSDK' from project 'TootSDK')
    cd /Users/admin/builder/spi-builder-workspace/.swiftpm/xcode
    builtin-SwiftPerFileCompile ScheduledPost.swift
SwiftCompile normal arm64 /Users/admin/builder/spi-builder-workspace/.dependencies/checkouts/TootSDK/Sources/TootSDK/Models/ScheduledPostParams.swift (in target 'TootSDK' from project 'TootSDK')
    cd /Users/admin/builder/spi-builder-workspace/.swiftpm/xcode
    builtin-SwiftPerFileCompile ScheduledPostParams.swift
SwiftCompile normal arm64 /Users/admin/builder/spi-builder-workspace/.dependencies/checkouts/TootSDK/Sources/TootSDK/Models/ScheduledPostRequest.swift (in target 'TootSDK' from project 'TootSDK')
    cd /Users/admin/builder/spi-builder-workspace/.swiftpm/xcode
    builtin-SwiftPerFileCompile ScheduledPostRequest.swift
SwiftCompile normal arm64 /Users/admin/builder/spi-builder-workspace/.dependencies/checkouts/TootSDK/Sources/TootSDK/Models/Search.swift (in target 'TootSDK' from project 'TootSDK')
    cd /Users/admin/builder/spi-builder-workspace/.swiftpm/xcode
    builtin-SwiftPerFileCompile Search.swift
SwiftCompile normal arm64 /Users/admin/builder/spi-builder-workspace/.dependencies/checkouts/TootSDK/Sources/TootSDK/Models/SearchAccountsParams.swift (in target 'TootSDK' from project 'TootSDK')
    cd /Users/admin/builder/spi-builder-workspace/.swiftpm/xcode
    builtin-SwiftPerFileCompile SearchAccountsParams.swift
SwiftCompile normal arm64 /Users/admin/builder/spi-builder-workspace/.dependencies/checkouts/TootSDK/Sources/TootSDK/Models/SearchParams.swift (in target 'TootSDK' from project 'TootSDK')
    cd /Users/admin/builder/spi-builder-workspace/.swiftpm/xcode
    builtin-SwiftPerFileCompile SearchParams.swift
SwiftCompile normal arm64 /Users/admin/builder/spi-builder-workspace/.dependencies/checkouts/TootSDK/Sources/TootSDK/Models/SetNoteForAccountParams.swift (in target 'TootSDK' from project 'TootSDK')
    cd /Users/admin/builder/spi-builder-workspace/.swiftpm/xcode
    builtin-SwiftPerFileCompile SetNoteForAccountParams.swift
SwiftCompile normal arm64 /Users/admin/builder/spi-builder-workspace/.dependencies/checkouts/TootSDK/Sources/TootSDK/Models/Streaming/EventContent.swift (in target 'TootSDK' from project 'TootSDK')
    cd /Users/admin/builder/spi-builder-workspace/.swiftpm/xcode
    builtin-SwiftPerFileCompile EventContent.swift
SwiftDriverJobDiscovery normal arm64 Compiling StreamQuery.swift, StreamingEvent.swift, StreamingTimeline.swift, Suggestion.swift, Tag.swift, TagHistory.swift, FederatedTimelineQuery.swift, HashtagTimelineQuery.swift, LocalTimelineQuery.swift, Timeline.swift, TimelineQuery.swift, UserTimelineQuery.swift, TootApplication.swift, TootContent.swift, TootFeature.swift, TootField.swift, TootGrantType.swift (in target 'TootSDK' from project 'TootSDK')
SwiftDriverJobDiscovery normal arm64 Emitting module for TootSDK (in target 'TootSDK' from project 'TootSDK')
SwiftDriver\ Compilation\ Requirements TootSDK normal arm64 com.apple.xcode.tools.swift.compiler (in target 'TootSDK' from project 'TootSDK')
    cd /Users/admin/builder/spi-builder-workspace/.swiftpm/xcode
    builtin-Swift-Compilation-Requirements -- /Applications/Xcode-27.0.0-Release.Candidate.app/Contents/Developer/Toolchains/XcodeDefault.xctoolchain/usr/bin/swiftc -parse-as-library -module-name TootSDK -Onone @/Users/admin/builder/spi-builder-workspace/.derivedData/Build/Intermediates.noindex/TootSDK.build/Debug-appletvos/TootSDK-t.build/Objects-normal/arm64/TootSDK.SwiftFileList -DSWIFT_PACKAGE -DDEBUG -DSWIFT_MODULE_RESOURCE_BUNDLE_AVAILABLE -Xcc -fmodule-map-file\=/Users/admin/builder/spi-builder-workspace/.dependencies/checkouts/swift-atomics/Sources/_AtomicsShims/include/module.modulemap -Xcc -fmodule-map-file\=/Users/admin/builder/spi-builder-workspace/.derivedData/Build/Intermediates.noindex/GeneratedModuleMaps-appletvos/CNIOLLHTTP.modulemap -Xcc -fmodule-map-file\=/Users/admin/builder/spi-builder-workspace/.derivedData/Build/Intermediates.noindex/GeneratedModuleMaps-appletvos/CNIOPosix.modulemap -Xcc -fmodule-map-file\=/Users/admin/builder/spi-builder-workspace/.derivedData/Build/Intermediates.noindex/GeneratedModuleMaps-appletvos/CNIOWASI.modulemap -Xcc -fmodule-map-file\=/Users/admin/builder/spi-builder-workspace/.dependencies/checkouts/swift-nio/Sources/CNIOWindows/include/module.modulemap -Xcc -fmodule-map-file\=/Users/admin/builder/spi-builder-workspace/.derivedData/Build/Intermediates.noindex/GeneratedModuleMaps-appletvos/CNIOLinux.modulemap -Xcc -fmodule-map-file\=/Users/admin/builder/spi-builder-workspace/.derivedData/Build/Intermediates.noindex/GeneratedModuleMaps-appletvos/CNIODarwin.modulemap -Xcc -fmodule-map-file\=/Users/admin/builder/spi-builder-workspace/.derivedData/Build/Intermediates.noindex/GeneratedModuleMaps-appletvos/CNIOFreeBSD.modulemap -Xcc -fmodule-map-file\=/Users/admin/builder/spi-builder-workspace/.derivedData/Build/Intermediates.noindex/GeneratedModuleMaps-appletvos/CNIOOpenBSD.modulemap -Xcc -fmodule-map-file\=/Users/admin/builder/spi-builder-workspace/.derivedData/Build/Intermediates.noindex/GeneratedModuleMaps-appletvos/CNIOAtomics.modulemap -DXcode -plugin-path /Applications/Xcode-27.0.0-Release.Candidate.app/Contents/Developer/Toolchains/XcodeDefault.xctoolchain/usr/lib/swift/host/plugins/testing -enable-experimental-feature DebugDescriptionMacro -sdk /Applications/Xcode-27.0.0-Release.Candidate.app/Contents/Developer/Platforms/AppleTVOS.platform/Developer/SDKs/AppleTVOS27.0.sdk -target arm64-apple-tvos15.0 -g -module-cache-path /Users/admin/builder/spi-builder-workspace/.derivedData/ModuleCache.noindex -Xfrontend -serialize-debugging-options -enable-testing -suppress-warnings -index-store-path /Users/admin/builder/spi-builder-workspace/.derivedData/Index.noindex/DataStore -Xcc -D_LIBCPP_HARDENING_MODE\=_LIBCPP_HARDENING_MODE_DEBUG -swift-version 5 -I /Users/admin/builder/spi-builder-workspace/.derivedData/Build/Products/Debug-appletvos -Isystem /Applications/Xcode-27.0.0-Release.Candidate.app/Contents/Developer/Platforms/AppleTVOS.platform/Developer/usr/lib -F /Users/admin/builder/spi-builder-workspace/.derivedData/Build/Products/Debug-appletvos/PackageFrameworks -F /Users/admin/builder/spi-builder-workspace/.derivedData/Build/Products/Debug-appletvos -F /Applications/Xcode-27.0.0-Release.Candidate.app/Contents/Developer/Platforms/AppleTVOS.platform/Developer/Library/Frameworks -F /Applications/Xcode-27.0.0-Release.Candidate.app/Contents/Developer/Platforms/AppleTVOS.platform/Developer/SDKs/AppleTVOS27.0.sdk/Developer/Library/Frameworks -c -j10 -enable-batch-mode -incremental -Xcc -ivfsstatcache -Xcc /Users/admin/builder/spi-builder-workspace/.derivedData/SDKStatCaches.noindex/appletvos27.0-24J360-e829b21a6f8c9b70876ba0858053c044b32bfd8d43560033f8d89884cdb90028.sdkstatcache -output-file-map /Users/admin/builder/spi-builder-workspace/.derivedData/Build/Intermediates.noindex/TootSDK.build/Debug-appletvos/TootSDK-t.build/Objects-normal/arm64/TootSDK-OutputFileMap.json -save-temps -no-color-diagnostics -explicit-module-build -module-cache-path /Users/admin/builder/spi-builder-workspace/.derivedData/Build/Intermediates.noindex/SwiftExplicitPrecompiledModules -clang-scanner-module-cache-path /Users/admin/builder/spi-builder-workspace/.derivedData/ModuleCache.noindex -sdk-module-cache-path /Users/admin/builder/spi-builder-workspace/.derivedData/SDKExplicitPrecompiledModules -emit-dependencies -emit-module -emit-module-path /Users/admin/builder/spi-builder-workspace/.derivedData/Build/Intermediates.noindex/TootSDK.build/Debug-appletvos/TootSDK-t.build/Objects-normal/arm64/TootSDK.swiftmodule -serialize-diagnostics -dependency-scan-serialize-diagnostics-path /Users/admin/builder/spi-builder-workspace/.derivedData/Build/Intermediates.noindex/TootSDK.build/Debug-appletvos/TootSDK-t.build/Objects-normal/arm64/TootSDK-dependency-scan.dia -validate-clang-modules-once -clang-build-session-file /Users/admin/builder/spi-builder-workspace/.derivedData/ModuleCache.noindex/Session.modulevalidation -Xcc -fmodules-prune-interval\=86400 -Xcc -fmodules-prune-after\=345600 -emit-const-values -const-gather-protocols-list /Users/admin/builder/spi-builder-workspace/.derivedData/Build/Intermediates.noindex/TootSDK.build/Debug-appletvos/TootSDK-t.build/Objects-normal/arm64/TootSDK_const_extract_protocols.json -Xcc -I/Users/admin/builder/spi-builder-workspace/.dependencies/checkouts/swift-atomics/Sources/_AtomicsShims/include -Xcc -I/Users/admin/builder/spi-builder-workspace/.dependencies/checkouts/swift-nio/Sources/CNIOLLHTTP/include -Xcc -I/Users/admin/builder/spi-builder-workspace/.dependencies/checkouts/swift-nio/Sources/CNIOPosix/include -Xcc -I/Users/admin/builder/spi-builder-workspace/.dependencies/checkouts/swift-nio/Sources/CNIOWASI/include -Xcc -I/Users/admin/builder/spi-builder-workspace/.dependencies/checkouts/swift-nio/Sources/CNIOWindows/include -Xcc -I/Users/admin/builder/spi-builder-workspace/.dependencies/checkouts/swift-nio/Sources/CNIOLinux/include -Xcc -I/Users/admin/builder/spi-builder-workspace/.dependencies/checkouts/swift-nio/Sources/CNIODarwin/include -Xcc -I/Users/admin/builder/spi-builder-workspace/.dependencies/checkouts/swift-nio/Sources/CNIOFreeBSD/include -Xcc -I/Users/admin/builder/spi-builder-workspace/.dependencies/checkouts/swift-nio/Sources/CNIOOpenBSD/include -Xcc -I/Users/admin/builder/spi-builder-workspace/.dependencies/checkouts/swift-nio/Sources/CNIOAtomics/include -Xcc -I/Users/admin/builder/spi-builder-workspace/.derivedData/Build/Products/Debug-appletvos/include -Xcc -I/Users/admin/builder/spi-builder-workspace/.derivedData/Build/Intermediates.noindex/TootSDK.build/Debug-appletvos/TootSDK-t.build/DerivedSources-normal/arm64 -Xcc -I/Users/admin/builder/spi-builder-workspace/.derivedData/Build/Intermediates.noindex/TootSDK.build/Debug-appletvos/TootSDK-t.build/DerivedSources/arm64 -Xcc -I/Users/admin/builder/spi-builder-workspace/.derivedData/Build/Intermediates.noindex/TootSDK.build/Debug-appletvos/TootSDK-t.build/DerivedSources -Xcc -DSWIFT_PACKAGE -Xcc -DDEBUG\=1 -emit-objc-header -emit-objc-header-path /Users/admin/builder/spi-builder-workspace/.derivedData/Build/Intermediates.noindex/TootSDK.build/Debug-appletvos/TootSDK-t.build/Objects-normal/arm64/TootSDK-Swift.h -working-directory /Users/admin/builder/spi-builder-workspace/.swiftpm/xcode -experimental-emit-module-separately -disable-cmo
SwiftMergeGeneratedHeaders /Users/admin/builder/spi-builder-workspace/.derivedData/Build/Intermediates.noindex/GeneratedModuleMaps-appletvos/TootSDK-Swift.h /Users/admin/builder/spi-builder-workspace/.derivedData/Build/Intermediates.noindex/TootSDK.build/Debug-appletvos/TootSDK-t.build/Objects-normal/arm64/TootSDK-Swift.h (in target 'TootSDK' from project 'TootSDK')
    cd /Users/admin/builder/spi-builder-workspace/.dependencies/checkouts/TootSDK
    builtin-swiftHeaderTool -arch arm64 /Users/admin/builder/spi-builder-workspace/.derivedData/Build/Intermediates.noindex/TootSDK.build/Debug-appletvos/TootSDK-t.build/Objects-normal/arm64/TootSDK-Swift.h -o /Users/admin/builder/spi-builder-workspace/.derivedData/Build/Intermediates.noindex/GeneratedModuleMaps-appletvos/TootSDK-Swift.h
Copy /Users/admin/builder/spi-builder-workspace/.derivedData/Build/Products/Debug-appletvos/TootSDK.swiftmodule/arm64-apple-tvos.swiftmodule /Users/admin/builder/spi-builder-workspace/.derivedData/Build/Intermediates.noindex/TootSDK.build/Debug-appletvos/TootSDK-t.build/Objects-normal/arm64/TootSDK.swiftmodule (in target 'TootSDK' from project 'TootSDK')
    cd /Users/admin/builder/spi-builder-workspace/.dependencies/checkouts/TootSDK
    builtin-copy -exclude .DS_Store -exclude CVS -exclude .svn -exclude .git -exclude .hg -resolve-src-symlinks -rename /Users/admin/builder/spi-builder-workspace/.derivedData/Build/Intermediates.noindex/TootSDK.build/Debug-appletvos/TootSDK-t.build/Objects-normal/arm64/TootSDK.swiftmodule /Users/admin/builder/spi-builder-workspace/.derivedData/Build/Products/Debug-appletvos/TootSDK.swiftmodule/arm64-apple-tvos.swiftmodule
Copy /Users/admin/builder/spi-builder-workspace/.derivedData/Build/Products/Debug-appletvos/TootSDK.swiftmodule/arm64-apple-tvos.swiftdoc /Users/admin/builder/spi-builder-workspace/.derivedData/Build/Intermediates.noindex/TootSDK.build/Debug-appletvos/TootSDK-t.build/Objects-normal/arm64/TootSDK.swiftdoc (in target 'TootSDK' from project 'TootSDK')
    cd /Users/admin/builder/spi-builder-workspace/.dependencies/checkouts/TootSDK
    builtin-copy -exclude .DS_Store -exclude CVS -exclude .svn -exclude .git -exclude .hg -resolve-src-symlinks -rename /Users/admin/builder/spi-builder-workspace/.derivedData/Build/Intermediates.noindex/TootSDK.build/Debug-appletvos/TootSDK-t.build/Objects-normal/arm64/TootSDK.swiftdoc /Users/admin/builder/spi-builder-workspace/.derivedData/Build/Products/Debug-appletvos/TootSDK.swiftmodule/arm64-apple-tvos.swiftdoc
Copy /Users/admin/builder/spi-builder-workspace/.derivedData/Build/Products/Debug-appletvos/TootSDK.swiftmodule/arm64-apple-tvos.abi.json /Users/admin/builder/spi-builder-workspace/.derivedData/Build/Intermediates.noindex/TootSDK.build/Debug-appletvos/TootSDK-t.build/Objects-normal/arm64/TootSDK.abi.json (in target 'TootSDK' from project 'TootSDK')
    cd /Users/admin/builder/spi-builder-workspace/.dependencies/checkouts/TootSDK
    builtin-copy -exclude .DS_Store -exclude CVS -exclude .svn -exclude .git -exclude .hg -resolve-src-symlinks -rename /Users/admin/builder/spi-builder-workspace/.derivedData/Build/Intermediates.noindex/TootSDK.build/Debug-appletvos/TootSDK-t.build/Objects-normal/arm64/TootSDK.abi.json /Users/admin/builder/spi-builder-workspace/.derivedData/Build/Products/Debug-appletvos/TootSDK.swiftmodule/arm64-apple-tvos.abi.json
Copy /Users/admin/builder/spi-builder-workspace/.derivedData/Build/Products/Debug-appletvos/TootSDK.swiftmodule/Project/arm64-apple-tvos.swiftsourceinfo /Users/admin/builder/spi-builder-workspace/.derivedData/Build/Intermediates.noindex/TootSDK.build/Debug-appletvos/TootSDK-t.build/Objects-normal/arm64/TootSDK.swiftsourceinfo (in target 'TootSDK' from project 'TootSDK')
    cd /Users/admin/builder/spi-builder-workspace/.dependencies/checkouts/TootSDK
    builtin-copy -exclude .DS_Store -exclude CVS -exclude .svn -exclude .git -exclude .hg -resolve-src-symlinks -rename /Users/admin/builder/spi-builder-workspace/.derivedData/Build/Intermediates.noindex/TootSDK.build/Debug-appletvos/TootSDK-t.build/Objects-normal/arm64/TootSDK.swiftsourceinfo /Users/admin/builder/spi-builder-workspace/.derivedData/Build/Products/Debug-appletvos/TootSDK.swiftmodule/Project/arm64-apple-tvos.swiftsourceinfo
SwiftDriver mastodon-post-scheduler normal arm64 com.apple.xcode.tools.swift.compiler (in target 'mastodon-post-scheduler-product' from project 'MastodonPostScheduler')
    cd /Users/admin/builder/spi-builder-workspace/.swiftpm/xcode
    builtin-SwiftDriver -- /Applications/Xcode-27.0.0-Release.Candidate.app/Contents/Developer/Toolchains/XcodeDefault.xctoolchain/usr/bin/swiftc -parse-as-library -module-name MastodonPostScheduler -Onone @/Users/admin/builder/spi-builder-workspace/.derivedData/Build/Intermediates.noindex/MastodonPostScheduler.build/Debug-appletvos/mastodon-post-scheduler-p.build/Objects-normal/arm64/mastodon-post-scheduler.SwiftFileList -DSWIFT_PACKAGE -DDEBUG -Xcc -fmodule-map-file\=/Users/admin/builder/spi-builder-workspace/.dependencies/checkouts/swift-atomics/Sources/_AtomicsShims/include/module.modulemap -Xcc -fmodule-map-file\=/Users/admin/builder/spi-builder-workspace/.derivedData/Build/Intermediates.noindex/GeneratedModuleMaps-appletvos/CNIOLLHTTP.modulemap -Xcc -fmodule-map-file\=/Users/admin/builder/spi-builder-workspace/.derivedData/Build/Intermediates.noindex/GeneratedModuleMaps-appletvos/CNIOPosix.modulemap -Xcc -fmodule-map-file\=/Users/admin/builder/spi-builder-workspace/.derivedData/Build/Intermediates.noindex/GeneratedModuleMaps-appletvos/CNIOWASI.modulemap -Xcc -fmodule-map-file\=/Users/admin/builder/spi-builder-workspace/.dependencies/checkouts/swift-nio/Sources/CNIOWindows/include/module.modulemap -Xcc -fmodule-map-file\=/Users/admin/builder/spi-builder-workspace/.derivedData/Build/Intermediates.noindex/GeneratedModuleMaps-appletvos/CNIOLinux.modulemap -Xcc -fmodule-map-file\=/Users/admin/builder/spi-builder-workspace/.derivedData/Build/Intermediates.noindex/GeneratedModuleMaps-appletvos/CNIODarwin.modulemap -Xcc -fmodule-map-file\=/Users/admin/builder/spi-builder-workspace/.derivedData/Build/Intermediates.noindex/GeneratedModuleMaps-appletvos/CNIOFreeBSD.modulemap -Xcc -fmodule-map-file\=/Users/admin/builder/spi-builder-workspace/.derivedData/Build/Intermediates.noindex/GeneratedModuleMaps-appletvos/CNIOOpenBSD.modulemap -Xcc -fmodule-map-file\=/Users/admin/builder/spi-builder-workspace/.derivedData/Build/Intermediates.noindex/GeneratedModuleMaps-appletvos/CNIOAtomics.modulemap -DXcode -plugin-path /Applications/Xcode-27.0.0-Release.Candidate.app/Contents/Developer/Toolchains/XcodeDefault.xctoolchain/usr/lib/swift/host/plugins/testing -enable-experimental-feature DebugDescriptionMacro -sdk /Applications/Xcode-27.0.0-Release.Candidate.app/Contents/Developer/Platforms/AppleTVOS.platform/Developer/SDKs/AppleTVOS27.0.sdk -target arm64-apple-tvos15.0 -g -module-cache-path /Users/admin/builder/spi-builder-workspace/.derivedData/ModuleCache.noindex -Xfrontend -serialize-debugging-options -enable-testing -index-store-path /Users/admin/builder/spi-builder-workspace/.derivedData/Index.noindex/DataStore -Xcc -D_LIBCPP_HARDENING_MODE\=_LIBCPP_HARDENING_MODE_DEBUG -swift-version 6 -I /Users/admin/builder/spi-builder-workspace/.derivedData/Build/Products/Debug-appletvos -Isystem /Applications/Xcode-27.0.0-Release.Candidate.app/Contents/Developer/Platforms/AppleTVOS.platform/Developer/usr/lib -F /Users/admin/builder/spi-builder-workspace/.derivedData/Build/Products/Debug-appletvos/PackageFrameworks -F /Users/admin/builder/spi-builder-workspace/.derivedData/Build/Products/Debug-appletvos -F /Applications/Xcode-27.0.0-Release.Candidate.app/Contents/Developer/Platforms/AppleTVOS.platform/Developer/Library/Frameworks -F /Applications/Xcode-27.0.0-Release.Candidate.app/Contents/Developer/Platforms/AppleTVOS.platform/Developer/SDKs/AppleTVOS27.0.sdk/Developer/Library/Frameworks -c -j10 -enable-batch-mode -incremental -Xcc -ivfsstatcache -Xcc /Users/admin/builder/spi-builder-workspace/.derivedData/SDKStatCaches.noindex/appletvos27.0-24J360-e829b21a6f8c9b70876ba0858053c044b32bfd8d43560033f8d89884cdb90028.sdkstatcache -output-file-map /Users/admin/builder/spi-builder-workspace/.derivedData/Build/Intermediates.noindex/MastodonPostScheduler.build/Debug-appletvos/mastodon-post-scheduler-p.build/Objects-normal/arm64/mastodon-post-scheduler-OutputFileMap.json -save-temps -no-color-diagnostics -explicit-module-build -module-cache-path /Users/admin/builder/spi-builder-workspace/.derivedData/Build/Intermediates.noindex/SwiftExplicitPrecompiledModules -clang-scanner-module-cache-path /Users/admin/builder/spi-builder-workspace/.derivedData/ModuleCache.noindex -sdk-module-cache-path /Users/admin/builder/spi-builder-workspace/.derivedData/SDKExplicitPrecompiledModules -emit-dependencies -emit-module -emit-module-path /Users/admin/builder/spi-builder-workspace/.derivedData/Build/Intermediates.noindex/MastodonPostScheduler.build/Debug-appletvos/mastodon-post-scheduler-p.build/Objects-normal/arm64/MastodonPostScheduler.swiftmodule -serialize-diagnostics -dependency-scan-serialize-diagnostics-path /Users/admin/builder/spi-builder-workspace/.derivedData/Build/Intermediates.noindex/MastodonPostScheduler.build/Debug-appletvos/mastodon-post-scheduler-p.build/Objects-normal/arm64/MastodonPostScheduler-dependency-scan.dia -validate-clang-modules-once -clang-build-session-file /Users/admin/builder/spi-builder-workspace/.derivedData/ModuleCache.noindex/Session.modulevalidation -Xcc -fmodules-prune-interval\=86400 -Xcc -fmodules-prune-after\=345600 -package-name spi_builder_workspace -emit-const-values -const-gather-protocols-list /Users/admin/builder/spi-builder-workspace/.derivedData/Build/Intermediates.noindex/MastodonPostScheduler.build/Debug-appletvos/mastodon-post-scheduler-p.build/Objects-normal/arm64/mastodon-post-scheduler_const_extract_protocols.json -Xcc -I/Users/admin/builder/spi-builder-workspace/.dependencies/checkouts/swift-atomics/Sources/_AtomicsShims/include -Xcc -I/Users/admin/builder/spi-builder-workspace/.dependencies/checkouts/swift-nio/Sources/CNIOLLHTTP/include -Xcc -I/Users/admin/builder/spi-builder-workspace/.dependencies/checkouts/swift-nio/Sources/CNIOPosix/include -Xcc -I/Users/admin/builder/spi-builder-workspace/.dependencies/checkouts/swift-nio/Sources/CNIOWASI/include -Xcc -I/Users/admin/builder/spi-builder-workspace/.dependencies/checkouts/swift-nio/Sources/CNIOWindows/include -Xcc -I/Users/admin/builder/spi-builder-workspace/.dependencies/checkouts/swift-nio/Sources/CNIOLinux/include -Xcc -I/Users/admin/builder/spi-builder-workspace/.dependencies/checkouts/swift-nio/Sources/CNIODarwin/include -Xcc -I/Users/admin/builder/spi-builder-workspace/.dependencies/checkouts/swift-nio/Sources/CNIOFreeBSD/include -Xcc -I/Users/admin/builder/spi-builder-workspace/.dependencies/checkouts/swift-nio/Sources/CNIOOpenBSD/include -Xcc -I/Users/admin/builder/spi-builder-workspace/.dependencies/checkouts/swift-nio/Sources/CNIOAtomics/include -Xcc -I/Users/admin/builder/spi-builder-workspace/.derivedData/Build/Products/Debug-appletvos/include -Xcc -I/Users/admin/builder/spi-builder-workspace/.derivedData/Build/Intermediates.noindex/MastodonPostScheduler.build/Debug-appletvos/mastodon-post-scheduler-p.build/DerivedSources-normal/arm64 -Xcc -I/Users/admin/builder/spi-builder-workspace/.derivedData/Build/Intermediates.noindex/MastodonPostScheduler.build/Debug-appletvos/mastodon-post-scheduler-p.build/DerivedSources/arm64 -Xcc -I/Users/admin/builder/spi-builder-workspace/.derivedData/Build/Intermediates.noindex/MastodonPostScheduler.build/Debug-appletvos/mastodon-post-scheduler-p.build/DerivedSources -Xcc -DSWIFT_PACKAGE -Xcc -DDEBUG\=1 -working-directory /Users/admin/builder/spi-builder-workspace/.swiftpm/xcode -experimental-emit-module-separately -disable-cmo
SwiftDriverJobDiscovery normal arm64 Compiling HTTPRequestBuilder.swift, PagedInfo.swift, PagedResult.swift, Pagination.swift, String+condensed.swift, URL+Extensions.swift, URLSession+asyncData.swift, AccessToken.swift, Account.swift, Activity.swift, AddAccountsToListParams.swift, Alerts.swift, Announcement.swift, AnnouncementParams.swift, AnnouncementReaction.swift, BlockDomainParams.swift, CallbackInfo.swift (in target 'TootSDK' from project 'TootSDK')
SwiftDriverJobDiscovery normal arm64 Compiling Card.swift, Context.swift, Conversation.swift, CreateAppRequest.swift, CreateFilterParams.swift, CreatePoll.swift, DomainBlock.swift, EditPostParams.swift, Emoji.swift, ExtendedDescription.swift, FamiliarFollowers.swift, FeatureTagParams.swift, FeaturedTag.swift, Filter.swift, FilterKeyword.swift, FilterResult.swift, FilterStatus.swift (in target 'TootSDK' from project 'TootSDK')
SwiftDriverJobDiscovery normal arm64 Compiling TootClient+Reports.swift, TootClient+Request.swift, TootClient+ScheduledPost.swift, TootClient+Search.swift, TootClient+Streaming.swift, TootClient+Suggestions.swift, TootClient+Tags.swift, TootClient+TimeLine.swift, TootClient+Trends.swift, TootClient.swift, TootStream+Accounts.swift, TootStream+Posts.swift, TootStream.swift, PushSubscriptionKeys.swift, URLSafeBase64.swift, WebPushMessageEncryption.swift (in target 'TootSDK' from project 'TootSDK')
SwiftDriverJobDiscovery normal arm64 Compiling TootClient+Announcements.swift, TootClient+Conversation.swift, TootClient+DomainBlocks.swift, TootClient+FeaturedTags.swift, TootClient+Filters.swift, TootClient+FollowRequests.swift, TootClient+Instance.swift, TootClient+Lists.swift, TootClient+Markers.swift, TootClient+Media.swift, TootClient+Notifications.swift, TootClient+OauthApps.swift, TootClient+Poll.swift, TootClient+Post.swift, TootClient+ProfileDirectory.swift, TootClient+Relationships.swift (in target 'TootSDK' from project 'TootSDK')
SwiftDriverJobDiscovery normal arm64 Compiling PleromaFollowByURIParams.swift, PleromaOauthApp.swift, PleromaOauthAppsResponse.swift, Poll.swift, Post.swift, PostEdit.swift, PostParams.swift, PostSource.swift, PostTranslationParams.swift, Preferences.swift, ProfileDirectoryParams.swift, PushNotification.swift, PushSubscription.swift, PushSubscriptionParams.swift, PushSubscriptionPolicy.swift, PushSubscriptionUpdateParams.swift, RegisterAccountErrors.swift (in target 'TootSDK' from project 'TootSDK')
SwiftExplicitDependencyGeneratePcm arm64 /Users/admin/builder/spi-builder-workspace/.derivedData/SDKExplicitPrecompiledModules/UserNotifications-AKH3GC0FQWUK55FNTW4WEMFQE.pcm
SwiftExplicitDependencyGeneratePcm arm64 /Users/admin/builder/spi-builder-workspace/.derivedData/SDKExplicitPrecompiledModules/DeveloperToolsSupport-CJV8SY9BXJUTONPFWMLQEGTXA.pcm
SwiftExplicitDependencyGeneratePcm arm64 /Users/admin/builder/spi-builder-workspace/.derivedData/SDKExplicitPrecompiledModules/CoreGraphics-D8Y0X4J52BHG7HHUQLTX6SXE1.pcm
SwiftExplicitDependencyGeneratePcm arm64 /Users/admin/builder/spi-builder-workspace/.derivedData/SDKExplicitPrecompiledModules/UniformTypeIdentifiers-DQ77M7R0D7VCBK0YUO3VHCRB1.pcm
SwiftExplicitDependencyGeneratePcm arm64 /Users/admin/builder/spi-builder-workspace/.derivedData/SDKExplicitPrecompiledModules/IOSurface-DEQULTJ8SC21O986FDCNTM8FX.pcm
SwiftExplicitDependencyGeneratePcm arm64 /Users/admin/builder/spi-builder-workspace/.derivedData/SDKExplicitPrecompiledModules/Symbols-9TNA7JIKOEYVTYC7A16HCS4Z8.pcm
SwiftExplicitDependencyGeneratePcm arm64 /Users/admin/builder/spi-builder-workspace/.derivedData/SDKExplicitPrecompiledModules/OSLog-1UX1YGRJSIOEO9YC3MNFFD818.pcm
SwiftExplicitDependencyGeneratePcm arm64 /Users/admin/builder/spi-builder-workspace/.derivedData/SDKExplicitPrecompiledModules/_Builtin_tgmath-320K271Z6IM134IWIB7S3LTD.pcm
SwiftExplicitDependencyGeneratePcm arm64 /Users/admin/builder/spi-builder-workspace/.derivedData/SDKExplicitPrecompiledModules/DataDetection-9IX0C1MAX33MS6TCZDSNKXEO8.pcm
SwiftExplicitDependencyGeneratePcm arm64 /Users/admin/builder/spi-builder-workspace/.derivedData/SDKExplicitPrecompiledModules/CoreTransferable-84B3V3M9DHRIQERK179SSQO5U.pcm
SwiftExplicitDependencyGeneratePcm arm64 /Users/admin/builder/spi-builder-workspace/.derivedData/SDKExplicitPrecompiledModules/OpenGLES-6Y33D4DDPO1R82EJXT1SIGNPS.pcm
SwiftExplicitDependencyGeneratePcm arm64 /Users/admin/builder/spi-builder-workspace/.derivedData/SDKExplicitPrecompiledModules/Metal-52GB3RCZ6A2WEZ7RWCXV2WL0N.pcm
SwiftDriverJobDiscovery normal arm64 Compiling TootNotification.swift, TootNotificationParams.swift, TootRole.swift, TootSDKError.swift, TootSDKFlavour.swift, TootSource.swift, Translation.swift, TrendingLink.swift, TrendingLinkHistory.swift, UpdateCredentialsParams.swift, UpdateFilterParams.swift, UpdateMediaAttachmentParams.swift, UploadMediaAttachmentParams.swift, StreamingClient.swift, TootClient+ASWebAuthentication.swift, TootClient+Account.swift (in target 'TootSDK' from project 'TootSDK')
SwiftExplicitDependencyGeneratePcm arm64 /Users/admin/builder/spi-builder-workspace/.derivedData/SDKExplicitPrecompiledModules/_Builtin_intrinsics-AQDFY8KQQX9Z38C6EI15S53EQ.pcm
SwiftExplicitDependencyGeneratePcm arm64 /Users/admin/builder/spi-builder-workspace/.derivedData/SDKExplicitPrecompiledModules/UIUtilities-9NQVCWATNLLVY125LB74695HY.pcm
SwiftExplicitDependencyGeneratePcm arm64 /Users/admin/builder/spi-builder-workspace/.derivedData/SDKExplicitPrecompiledModules/_LocationEssentials-2OY9351FRBO717MIULOKMYA9E.pcm
SwiftExplicitDependencyGeneratePcm arm64 /Users/admin/builder/spi-builder-workspace/.derivedData/SDKExplicitPrecompiledModules/Accessibility-EAPB6A95K5V0S27QNKR6ATG7F.pcm
SwiftExplicitDependencyGeneratePcm arm64 /Users/admin/builder/spi-builder-workspace/.derivedData/SDKExplicitPrecompiledModules/ImageIO-48DA7ET77Q34HPZP9CPHI9VS4.pcm
SwiftExplicitDependencyGeneratePcm arm64 /Users/admin/builder/spi-builder-workspace/.derivedData/SDKExplicitPrecompiledModules/CoreText-E0GG8D3D527TJX7D2QEHFQLM2.pcm
SwiftExplicitDependencyGeneratePcm arm64 /Users/admin/builder/spi-builder-workspace/.derivedData/SDKExplicitPrecompiledModules/CoreLocation-6939X9DMB2SA43P0TYB7Z14Z5.pcm
SwiftDriverJobDiscovery normal arm64 Compiling FollowAccountParams.swift, IdentityProof.swift, Instance.swift, InstanceConfiguration.swift, InstanceRule.swift, InstanceV1.swift, InstanceV2.swift, List.swift, ListParams.swift, Marker.swift, MediaAttachment.swift, Mention.swift, MuteAccountParams.swift, NodeInfo.swift, ParsedContent.swift, PixelfedReportParams.swift, ListOauthAppsParams.swift (in target 'TootSDK' from project 'TootSDK')
SwiftExplicitDependencyGeneratePcm arm64 /Users/admin/builder/spi-builder-workspace/.derivedData/SDKExplicitPrecompiledModules/CoreVideo-5G4VAY32QMJB00PUALI6188LK.pcm
SwiftExplicitDependencyGeneratePcm arm64 /Users/admin/builder/spi-builder-workspace/.derivedData/SDKExplicitPrecompiledModules/simd-D50CDGAQRFNF5E2BA2UWCCHLJ.pcm
SwiftDriverJobDiscovery normal arm64 Compiling RegisterAccountParams.swift, Relationship.swift, RelationshipParams.swift, RelationshipSeveranceEvent.swift, RemoveAccountsFromListParams.swift, Report.swift, ReportCategory.swift, ReportParams.swift, Results.swift, ScheduledPost.swift, ScheduledPostParams.swift, ScheduledPostRequest.swift, Search.swift, SearchAccountsParams.swift, SearchParams.swift, SetNoteForAccountParams.swift, EventContent.swift (in target 'TootSDK' from project 'TootSDK')
SwiftExplicitDependencyGeneratePcm arm64 /Users/admin/builder/spi-builder-workspace/.derivedData/SDKExplicitPrecompiledModules/CoreImage-ATUQ374FIDJPA1DF5BLR644CG.pcm
SwiftExplicitDependencyGeneratePcm arm64 /Users/admin/builder/spi-builder-workspace/.derivedData/SDKExplicitPrecompiledModules/QuartzCore-DSNZZA81DYNK4OK1ANRR6HM7G.pcm
SwiftDriverJobDiscovery normal arm64 Compiling resource_bundle_accessor.swift, Decoding+Helpers.swift, NSAttributedString+helpers.swift, NSFont+Traits.swift, UIFont+Traits.swift, AppKitAttribStringRenderer.swift, AttributedString+Util.swift, AttributedStringRenderer.swift, TootHTML.swift, UIKitAttribStringRenderer.swift, UniversalRenderer.swift, Data+prettyPrintedJSONString.swift, Decoder.swift, Encoder.swift, HTTPBody.swift, HTTPMethod.swift, HTTPRequest.swift (in target 'TootSDK' from project 'TootSDK')
SwiftExplicitDependencyGeneratePcm arm64 /Users/admin/builder/spi-builder-workspace/.derivedData/SDKExplicitPrecompiledModules/SwiftUICore-7SJQ9GB90ACGZV5NB09LFJIRX.pcm
SwiftDriver\ Compilation TootSDK normal arm64 com.apple.xcode.tools.swift.compiler (in target 'TootSDK' from project 'TootSDK')
    cd /Users/admin/builder/spi-builder-workspace/.swiftpm/xcode
    builtin-Swift-Compilation -- /Applications/Xcode-27.0.0-Release.Candidate.app/Contents/Developer/Toolchains/XcodeDefault.xctoolchain/usr/bin/swiftc -parse-as-library -module-name TootSDK -Onone @/Users/admin/builder/spi-builder-workspace/.derivedData/Build/Intermediates.noindex/TootSDK.build/Debug-appletvos/TootSDK-t.build/Objects-normal/arm64/TootSDK.SwiftFileList -DSWIFT_PACKAGE -DDEBUG -DSWIFT_MODULE_RESOURCE_BUNDLE_AVAILABLE -Xcc -fmodule-map-file\=/Users/admin/builder/spi-builder-workspace/.dependencies/checkouts/swift-atomics/Sources/_AtomicsShims/include/module.modulemap -Xcc -fmodule-map-file\=/Users/admin/builder/spi-builder-workspace/.derivedData/Build/Intermediates.noindex/GeneratedModuleMaps-appletvos/CNIOLLHTTP.modulemap -Xcc -fmodule-map-file\=/Users/admin/builder/spi-builder-workspace/.derivedData/Build/Intermediates.noindex/GeneratedModuleMaps-appletvos/CNIOPosix.modulemap -Xcc -fmodule-map-file\=/Users/admin/builder/spi-builder-workspace/.derivedData/Build/Intermediates.noindex/GeneratedModuleMaps-appletvos/CNIOWASI.modulemap -Xcc -fmodule-map-file\=/Users/admin/builder/spi-builder-workspace/.dependencies/checkouts/swift-nio/Sources/CNIOWindows/include/module.modulemap -Xcc -fmodule-map-file\=/Users/admin/builder/spi-builder-workspace/.derivedData/Build/Intermediates.noindex/GeneratedModuleMaps-appletvos/CNIOLinux.modulemap -Xcc -fmodule-map-file\=/Users/admin/builder/spi-builder-workspace/.derivedData/Build/Intermediates.noindex/GeneratedModuleMaps-appletvos/CNIODarwin.modulemap -Xcc -fmodule-map-file\=/Users/admin/builder/spi-builder-workspace/.derivedData/Build/Intermediates.noindex/GeneratedModuleMaps-appletvos/CNIOFreeBSD.modulemap -Xcc -fmodule-map-file\=/Users/admin/builder/spi-builder-workspace/.derivedData/Build/Intermediates.noindex/GeneratedModuleMaps-appletvos/CNIOOpenBSD.modulemap -Xcc -fmodule-map-file\=/Users/admin/builder/spi-builder-workspace/.derivedData/Build/Intermediates.noindex/GeneratedModuleMaps-appletvos/CNIOAtomics.modulemap -DXcode -plugin-path /Applications/Xcode-27.0.0-Release.Candidate.app/Contents/Developer/Toolchains/XcodeDefault.xctoolchain/usr/lib/swift/host/plugins/testing -enable-experimental-feature DebugDescriptionMacro -sdk /Applications/Xcode-27.0.0-Release.Candidate.app/Contents/Developer/Platforms/AppleTVOS.platform/Developer/SDKs/AppleTVOS27.0.sdk -target arm64-apple-tvos15.0 -g -module-cache-path /Users/admin/builder/spi-builder-workspace/.derivedData/ModuleCache.noindex -Xfrontend -serialize-debugging-options -enable-testing -suppress-warnings -index-store-path /Users/admin/builder/spi-builder-workspace/.derivedData/Index.noindex/DataStore -Xcc -D_LIBCPP_HARDENING_MODE\=_LIBCPP_HARDENING_MODE_DEBUG -swift-version 5 -I /Users/admin/builder/spi-builder-workspace/.derivedData/Build/Products/Debug-appletvos -Isystem /Applications/Xcode-27.0.0-Release.Candidate.app/Contents/Developer/Platforms/AppleTVOS.platform/Developer/usr/lib -F /Users/admin/builder/spi-builder-workspace/.derivedData/Build/Products/Debug-appletvos/PackageFrameworks -F /Users/admin/builder/spi-builder-workspace/.derivedData/Build/Products/Debug-appletvos -F /Applications/Xcode-27.0.0-Release.Candidate.app/Contents/Developer/Platforms/AppleTVOS.platform/Developer/Library/Frameworks -F /Applications/Xcode-27.0.0-Release.Candidate.app/Contents/Developer/Platforms/AppleTVOS.platform/Developer/SDKs/AppleTVOS27.0.sdk/Developer/Library/Frameworks -c -j10 -enable-batch-mode -incremental -Xcc -ivfsstatcache -Xcc /Users/admin/builder/spi-builder-workspace/.derivedData/SDKStatCaches.noindex/appletvos27.0-24J360-e829b21a6f8c9b70876ba0858053c044b32bfd8d43560033f8d89884cdb90028.sdkstatcache -output-file-map /Users/admin/builder/spi-builder-workspace/.derivedData/Build/Intermediates.noindex/TootSDK.build/Debug-appletvos/TootSDK-t.build/Objects-normal/arm64/TootSDK-OutputFileMap.json -save-temps -no-color-diagnostics -explicit-module-build -module-cache-path /Users/admin/builder/spi-builder-workspace/.derivedData/Build/Intermediates.noindex/SwiftExplicitPrecompiledModules -clang-scanner-module-cache-path /Users/admin/builder/spi-builder-workspace/.derivedData/ModuleCache.noindex -sdk-module-cache-path /Users/admin/builder/spi-builder-workspace/.derivedData/SDKExplicitPrecompiledModules -emit-dependencies -emit-module -emit-module-path /Users/admin/builder/spi-builder-workspace/.derivedData/Build/Intermediates.noindex/TootSDK.build/Debug-appletvos/TootSDK-t.build/Objects-normal/arm64/TootSDK.swiftmodule -serialize-diagnostics -dependency-scan-serialize-diagnostics-path /Users/admin/builder/spi-builder-workspace/.derivedData/Build/Intermediates.noindex/TootSDK.build/Debug-appletvos/TootSDK-t.build/Objects-normal/arm64/TootSDK-dependency-scan.dia -validate-clang-modules-once -clang-build-session-file /Users/admin/builder/spi-builder-workspace/.derivedData/ModuleCache.noindex/Session.modulevalidation -Xcc -fmodules-prune-interval\=86400 -Xcc -fmodules-prune-after\=345600 -emit-const-values -const-gather-protocols-list /Users/admin/builder/spi-builder-workspace/.derivedData/Build/Intermediates.noindex/TootSDK.build/Debug-appletvos/TootSDK-t.build/Objects-normal/arm64/TootSDK_const_extract_protocols.json -Xcc -I/Users/admin/builder/spi-builder-workspace/.dependencies/checkouts/swift-atomics/Sources/_AtomicsShims/include -Xcc -I/Users/admin/builder/spi-builder-workspace/.dependencies/checkouts/swift-nio/Sources/CNIOLLHTTP/include -Xcc -I/Users/admin/builder/spi-builder-workspace/.dependencies/checkouts/swift-nio/Sources/CNIOPosix/include -Xcc -I/Users/admin/builder/spi-builder-workspace/.dependencies/checkouts/swift-nio/Sources/CNIOWASI/include -Xcc -I/Users/admin/builder/spi-builder-workspace/.dependencies/checkouts/swift-nio/Sources/CNIOWindows/include -Xcc -I/Users/admin/builder/spi-builder-workspace/.dependencies/checkouts/swift-nio/Sources/CNIOLinux/include -Xcc -I/Users/admin/builder/spi-builder-workspace/.dependencies/checkouts/swift-nio/Sources/CNIODarwin/include -Xcc -I/Users/admin/builder/spi-builder-workspace/.dependencies/checkouts/swift-nio/Sources/CNIOFreeBSD/include -Xcc -I/Users/admin/builder/spi-builder-workspace/.dependencies/checkouts/swift-nio/Sources/CNIOOpenBSD/include -Xcc -I/Users/admin/builder/spi-builder-workspace/.dependencies/checkouts/swift-nio/Sources/CNIOAtomics/include -Xcc -I/Users/admin/builder/spi-builder-workspace/.derivedData/Build/Products/Debug-appletvos/include -Xcc -I/Users/admin/builder/spi-builder-workspace/.derivedData/Build/Intermediates.noindex/TootSDK.build/Debug-appletvos/TootSDK-t.build/DerivedSources-normal/arm64 -Xcc -I/Users/admin/builder/spi-builder-workspace/.derivedData/Build/Intermediates.noindex/TootSDK.build/Debug-appletvos/TootSDK-t.build/DerivedSources/arm64 -Xcc -I/Users/admin/builder/spi-builder-workspace/.derivedData/Build/Intermediates.noindex/TootSDK.build/Debug-appletvos/TootSDK-t.build/DerivedSources -Xcc -DSWIFT_PACKAGE -Xcc -DDEBUG\=1 -emit-objc-header -emit-objc-header-path /Users/admin/builder/spi-builder-workspace/.derivedData/Build/Intermediates.noindex/TootSDK.build/Debug-appletvos/TootSDK-t.build/Objects-normal/arm64/TootSDK-Swift.h -working-directory /Users/admin/builder/spi-builder-workspace/.swiftpm/xcode -experimental-emit-module-separately -disable-cmo
Ld /Users/admin/builder/spi-builder-workspace/.derivedData/Build/Products/Debug-appletvos/TootSDK.o normal (in target 'TootSDK' from project 'TootSDK')
    cd /Users/admin/builder/spi-builder-workspace/.dependencies/checkouts/TootSDK
    /Applications/Xcode-27.0.0-Release.Candidate.app/Contents/Developer/Toolchains/XcodeDefault.xctoolchain/usr/bin/clang -Xlinker -reproducible -target arm64-apple-tvos15.0 -r -isysroot /Applications/Xcode-27.0.0-Release.Candidate.app/Contents/Developer/Platforms/AppleTVOS.platform/Developer/SDKs/AppleTVOS27.0.sdk -O0 -w -Xlinker -no_warn_duplicate_libraries -F/Users/admin/builder/spi-builder-workspace/.derivedData/Build/Intermediates.noindex/EagerLinkingTBDs/Debug-appletvos -F/Users/admin/builder/spi-builder-workspace/.derivedData/Build/Products/Debug-appletvos/PackageFrameworks -F/Users/admin/builder/spi-builder-workspace/.derivedData/Build/Products/Debug-appletvos -iframework /Applications/Xcode-27.0.0-Release.Candidate.app/Contents/Developer/Platforms/AppleTVOS.platform/Developer/Library/Frameworks -iframework /Applications/Xcode-27.0.0-Release.Candidate.app/Contents/Developer/Platforms/AppleTVOS.platform/Developer/SDKs/AppleTVOS27.0.sdk/Developer/Library/Frameworks -filelist /Users/admin/builder/spi-builder-workspace/.derivedData/Build/Intermediates.noindex/TootSDK.build/Debug-appletvos/TootSDK-t.build/Objects-normal/arm64/TootSDK.LinkFileList -nostdlib -Xlinker -object_path_lto -Xlinker /Users/admin/builder/spi-builder-workspace/.derivedData/Build/Intermediates.noindex/TootSDK.build/Debug-appletvos/TootSDK-t.build/Objects-normal/arm64/TootSDK_lto.o -Xlinker -no_deduplicate -Xlinker -dependency_info -Xlinker /Users/admin/builder/spi-builder-workspace/.derivedData/Build/Intermediates.noindex/TootSDK.build/Debug-appletvos/TootSDK-t.build/Objects-normal/arm64/TootSDK_dependency_info.dat -fobjc-link-runtime -L/Applications/Xcode-27.0.0-Release.Candidate.app/Contents/Developer/Toolchains/XcodeDefault.xctoolchain/usr/lib/swift/appletvos -L/usr/lib/swift -Xlinker -add_ast_path -Xlinker /Users/admin/builder/spi-builder-workspace/.derivedData/Build/Intermediates.noindex/TootSDK.build/Debug-appletvos/TootSDK-t.build/Objects-normal/arm64/TootSDK.swiftmodule -o /Users/admin/builder/spi-builder-workspace/.derivedData/Build/Products/Debug-appletvos/TootSDK.o
SwiftExplicitDependencyGeneratePcm arm64 /Users/admin/builder/spi-builder-workspace/.derivedData/SDKExplicitPrecompiledModules/UIKit-42T2ZGON9LDZUXRIAUKELQ554.pcm
ExtractAppIntentsMetadata (in target 'TootSDK' from project 'TootSDK')
    cd /Users/admin/builder/spi-builder-workspace/.dependencies/checkouts/TootSDK
    /Applications/Xcode-27.0.0-Release.Candidate.app/Contents/Developer/Toolchains/XcodeDefault.xctoolchain/usr/bin/appintentsmetadataprocessor --toolchain-dir /var/run/com.apple.security.cryptexd/mnt/com.apple.MobileAsset.MetalToolchain-v27.1.266.1.6TnkTY/Metal.xctoolchain --module-name TootSDK --sdk-root /Applications/Xcode-27.0.0-Release.Candidate.app/Contents/Developer/Platforms/AppleTVOS.platform/Developer/SDKs/AppleTVOS27.0.sdk --xcode-version 27A266a --platform-family tvOS --deployment-target 15.0 --bundle-identifier tootsdk.TootSDK --output /Users/admin/builder/spi-builder-workspace/.derivedData/Build/Products/Debug-appletvos/TootSDK.appintents --target-triple arm64-apple-tvos15.0 --binary-file /Users/admin/builder/spi-builder-workspace/.derivedData/Build/Products/Debug-appletvos/TootSDK.o --dependency-file /Users/admin/builder/spi-builder-workspace/.derivedData/Build/Intermediates.noindex/TootSDK.build/Debug-appletvos/TootSDK-t.build/Objects-normal/arm64/TootSDK_dependency_info.dat --stringsdata-file /Users/admin/builder/spi-builder-workspace/.derivedData/Build/Intermediates.noindex/TootSDK.build/Debug-appletvos/TootSDK-t.build/Objects-normal/arm64/ExtractedAppShortcutsMetadata.stringsdata --source-file-list /Users/admin/builder/spi-builder-workspace/.derivedData/Build/Intermediates.noindex/TootSDK.build/Debug-appletvos/TootSDK-t.build/Objects-normal/arm64/TootSDK.SwiftFileList --metadata-file-list /Users/admin/builder/spi-builder-workspace/.derivedData/Build/Intermediates.noindex/TootSDK.build/Debug-appletvos/TootSDK-t.build/TootSDK.DependencyMetadataFileList --static-metadata-file-list /Users/admin/builder/spi-builder-workspace/.derivedData/Build/Intermediates.noindex/TootSDK.build/Debug-appletvos/TootSDK-t.build/TootSDK.DependencyStaticMetadataFileList --swift-const-vals-list /Users/admin/builder/spi-builder-workspace/.derivedData/Build/Intermediates.noindex/TootSDK.build/Debug-appletvos/TootSDK-t.build/Objects-normal/arm64/TootSDK.SwiftConstValuesFileList --force --compile-time-extraction --deployment-aware-processing --no-app-shortcuts-localization
2026-09-21 17:27:12.548 appintentsmetadataprocessor[1698:9779] Starting appintentsmetadataprocessor export
2026-09-21 17:27:12.615 appintentsmetadataprocessor[1698:9779] Extracted no relevant App Intents symbols, skipping writing output
SwiftExplicitDependencyGeneratePcm arm64 /Users/admin/builder/spi-builder-workspace/.derivedData/SDKExplicitPrecompiledModules/Spatial-2KZFBWN278VTZL619Y96SAJC9.pcm
SwiftCompile normal arm64 Compiling\ Schedule.swift /Users/admin/builder/spi-builder-workspace/Sources/MastodonPostScheduler/Schedule.swift (in target 'mastodon-post-scheduler-product' from project 'MastodonPostScheduler')
/Users/admin/builder/spi-builder-workspace/Sources/MastodonPostScheduler/Schedule.swift:15:45: error: 'init(filePath:directoryHint:relativeTo:)' is only available in tvOS 16.0 or newer
 6 |
 7 | extension MastodonPostScheduler {
 8 |     struct Schedule: AsyncParsableCommand {
   |            `- note: add '@available' attribute to enclosing struct
 9 |         static let configuration = CommandConfiguration(abstract: "Schedule a post.")
10 |
   :
12 |         @Option var input: String
13 |
14 |         mutating func run() async throws {
   |                       `- note: add '@available' attribute to enclosing instance method
15 |             let post = try Post(contentsOf: URL(filePath: input))
   |                                             |- error: 'init(filePath:directoryHint:relativeTo:)' is only available in tvOS 16.0 or newer
   |                                             `- note: add 'if #available' version check
16 |             print("Scheduling post at \(post.scheduledAt) on \(options.instance) ...")
17 |             let scheduledPost = try await MastodonPostScheduler.schedulePost(post, instance: options.instance, token: options.token)
Failed frontend command:
SwiftCompile normal arm64 /Users/admin/builder/spi-builder-workspace/Sources/MastodonPostScheduler/Schedule.swift (in target 'mastodon-post-scheduler-product' from project 'MastodonPostScheduler')
    cd /Users/admin/builder/spi-builder-workspace/.swiftpm/xcode
    builtin-SwiftPerFileCompile Schedule.swift
/Applications/Xcode-27.0.0-Release.Candidate.app/Contents/Developer/Toolchains/XcodeDefault.xctoolchain/usr/bin/swift-frontend -frontend -c /Users/admin/builder/spi-builder-workspace/Sources/MastodonPostScheduler/Delete.swift /Users/admin/builder/spi-builder-workspace/Sources/MastodonPostScheduler/List.swift /Users/admin/builder/spi-builder-workspace/Sources/MastodonPostScheduler/MastodonPostScheduler.swift /Users/admin/builder/spi-builder-workspace/Sources/MastodonPostScheduler/Models.swift -primary-file /Users/admin/builder/spi-builder-workspace/Sources/MastodonPostScheduler/Schedule.swift -emit-dependencies-path /Users/admin/builder/spi-builder-workspace/.derivedData/Build/Intermediates.noindex/MastodonPostScheduler.build/Debug-appletvos/mastodon-post-scheduler-p.build/Objects-normal/arm64/Schedule.d -emit-const-values-path /Users/admin/builder/spi-builder-workspace/.derivedData/Build/Intermediates.noindex/MastodonPostScheduler.build/Debug-appletvos/mastodon-post-scheduler-p.build/Objects-normal/arm64/Schedule.swiftconstvalues -emit-reference-dependencies-path /Users/admin/builder/spi-builder-workspace/.derivedData/Build/Intermediates.noindex/MastodonPostScheduler.build/Debug-appletvos/mastodon-post-scheduler-p.build/Objects-normal/arm64/Schedule.swiftdeps -serialize-diagnostics-path /Users/admin/builder/spi-builder-workspace/.derivedData/Build/Intermediates.noindex/MastodonPostScheduler.build/Debug-appletvos/mastodon-post-scheduler-p.build/Objects-normal/arm64/Schedule.dia -target arm64-apple-tvos15.0 -disable-cross-import-overlay-search -load-resolved-plugin /Applications/Xcode-27.0.0-Release.Candidate.app/Contents/Developer/Platforms/AppleTVOS.platform/Developer/usr/lib/swift/host/plugins/libFoundationMacros.dylib\#/Applications/Xcode-27.0.0-Release.Candidate.app/Contents/Developer/Platforms/AppleTVOS.platform/Developer/usr/bin/swift-plugin-server\#FoundationMacros -load-resolved-plugin /Applications/Xcode-27.0.0-Release.Candidate.app/Contents/Developer/Platforms/AppleTVOS.platform/Developer/usr/lib/swift/host/plugins/libObservationMacros.dylib\#/Applications/Xcode-27.0.0-Release.Candidate.app/Contents/Developer/Platforms/AppleTVOS.platform/Developer/usr/bin/swift-plugin-server\#ObservationMacros -load-resolved-plugin /Applications/Xcode-27.0.0-Release.Candidate.app/Contents/Developer/Platforms/AppleTVOS.platform/Developer/usr/lib/swift/host/plugins/libPreviewsMacros.dylib\#/Applications/Xcode-27.0.0-Release.Candidate.app/Contents/Developer/Platforms/AppleTVOS.platform/Developer/usr/bin/swift-plugin-server\#PreviewsMacros -load-resolved-plugin /Applications/Xcode-27.0.0-Release.Candidate.app/Contents/Developer/Platforms/AppleTVOS.platform/Developer/usr/lib/swift/host/plugins/libSwiftMacros.dylib\#/Applications/Xcode-27.0.0-Release.Candidate.app/Contents/Developer/Platforms/AppleTVOS.platform/Developer/usr/bin/swift-plugin-server\#SwiftMacros -load-resolved-plugin /Applications/Xcode-27.0.0-Release.Candidate.app/Contents/Developer/Platforms/AppleTVOS.platform/Developer/usr/lib/swift/host/plugins/libSwiftUIMacros.dylib\#/Applications/Xcode-27.0.0-Release.Candidate.app/Contents/Developer/Platforms/AppleTVOS.platform/Developer/usr/bin/swift-plugin-server\#SwiftUIMacros -disable-implicit-swift-modules -Xcc -fno-implicit-modules -Xcc -fno-implicit-module-maps -explicit-swift-module-map-file /Users/admin/builder/spi-builder-workspace/.derivedData/Build/Intermediates.noindex/MastodonPostScheduler.build/Debug-appletvos/mastodon-post-scheduler-p.build/Objects-normal/arm64/MastodonPostScheduler-dependencies-1.json -Xllvm -aarch64-use-tbi -enable-objc-interop -stack-check -sdk /Applications/Xcode-27.0.0-Release.Candidate.app/Contents/Developer/Platforms/AppleTVOS.platform/Developer/SDKs/AppleTVOS27.0.sdk -I /Users/admin/builder/spi-builder-workspace/.derivedData/Build/Products/Debug-appletvos -Isystem /Applications/Xcode-27.0.0-Release.Candidate.app/Contents/Developer/Platforms/AppleTVOS.platform/Developer/usr/lib -F /Users/admin/builder/spi-builder-workspace/.derivedData/Build/Products/Debug-appletvos/PackageFrameworks -F /Users/admin/builder/spi-builder-workspace/.derivedData/Build/Products/Debug-appletvos -F /Applications/Xcode-27.0.0-Release.Candidate.app/Contents/Developer/Platforms/AppleTVOS.platform/Developer/Library/Frameworks -F /Applications/Xcode-27.0.0-Release.Candidate.app/Contents/Developer/Platforms/AppleTVOS.platform/Developer/SDKs/AppleTVOS27.0.sdk/Developer/Library/Frameworks -module-cache-path /Users/admin/builder/spi-builder-workspace/.derivedData/Build/Intermediates.noindex/SwiftExplicitPrecompiledModules -no-color-diagnostics -Xcc -fno-color-diagnostics -enable-testing -g -debug-info-format\=dwarf -dwarf-version\=4 -swift-version 6 -Onone -D SWIFT_PACKAGE -D DEBUG -D Xcode -serialize-debugging-options -enable-experimental-feature DebugDescriptionMacro -empty-abi-descriptor -validate-clang-modules-once -clang-build-session-file /Users/admin/builder/spi-builder-workspace/.derivedData/ModuleCache.noindex/Session.modulevalidation -Xcc -working-directory -Xcc /Users/admin/builder/spi-builder-workspace/.swiftpm/xcode -enable-anonymous-context-mangled-names -file-compilation-dir /Users/admin/builder/spi-builder-workspace/.swiftpm/xcode -Xcc -fmodule-map-file\=/Users/admin/builder/spi-builder-workspace/.dependencies/checkouts/swift-atomics/Sources/_AtomicsShims/include/module.modulemap -Xcc -fmodule-map-file\=/Users/admin/builder/spi-builder-workspace/.derivedData/Build/Intermediates.noindex/GeneratedModuleMaps-appletvos/CNIOLLHTTP.modulemap -Xcc -fmodule-map-file\=/Users/admin/builder/spi-builder-workspace/.derivedData/Build/Intermediates.noindex/GeneratedModuleMaps-appletvos/CNIOPosix.modulemap -Xcc -fmodule-map-file\=/Users/admin/builder/spi-builder-workspace/.derivedData/Build/Intermediates.noindex/GeneratedModuleMaps-appletvos/CNIOWASI.modulemap -Xcc -fmodule-map-file\=/Users/admin/builder/spi-builder-workspace/.dependencies/checkouts/swift-nio/Sources/CNIOWindows/include/module.modulemap -Xcc -fmodule-map-file\=/Users/admin/builder/spi-builder-workspace/.derivedData/Build/Intermediates.noindex/GeneratedModuleMaps-appletvos/CNIOLinux.modulemap -Xcc -fmodule-map-file\=/Users/admin/builder/spi-builder-workspace/.derivedData/Build/Intermediates.noindex/GeneratedModuleMaps-appletvos/CNIODarwin.modulemap -Xcc -fmodule-map-file\=/Users/admin/builder/spi-builder-workspace/.derivedData/Build/Intermediates.noindex/GeneratedModuleMaps-appletvos/CNIOFreeBSD.modulemap -Xcc -fmodule-map-file\=/Users/admin/builder/spi-builder-workspace/.derivedData/Build/Intermediates.noindex/GeneratedModuleMaps-appletvos/CNIOOpenBSD.modulemap -Xcc -fmodule-map-file\=/Users/admin/builder/spi-builder-workspace/.derivedData/Build/Intermediates.noindex/GeneratedModuleMaps-appletvos/CNIOAtomics.modulemap -Xcc -D_LIBCPP_HARDENING_MODE\=_LIBCPP_HARDENING_MODE_DEBUG -Xcc -ivfsstatcache -Xcc /Users/admin/builder/spi-builder-workspace/.derivedData/SDKStatCaches.noindex/appletvos27.0-24J360-e829b21a6f8c9b70876ba0858053c044b32bfd8d43560033f8d89884cdb90028.sdkstatcache -Xcc -fmodules-prune-interval\=86400 -Xcc -fmodules-prune-after\=345600 -Xcc -I/Users/admin/builder/spi-builder-workspace/.dependencies/checkouts/swift-atomics/Sources/_AtomicsShims/include -Xcc -I/Users/admin/builder/spi-builder-workspace/.dependencies/checkouts/swift-nio/Sources/CNIOLLHTTP/include -Xcc -I/Users/admin/builder/spi-builder-workspace/.dependencies/checkouts/swift-nio/Sources/CNIOPosix/include -Xcc -I/Users/admin/builder/spi-builder-workspace/.dependencies/checkouts/swift-nio/Sources/CNIOWASI/include -Xcc -I/Users/admin/builder/spi-builder-workspace/.dependencies/checkouts/swift-nio/Sources/CNIOWindows/include -Xcc -I/Users/admin/builder/spi-builder-workspace/.dependencies/checkouts/swift-nio/Sources/CNIOLinux/include -Xcc -I/Users/admin/builder/spi-builder-workspace/.dependencies/checkouts/swift-nio/Sources/CNIODarwin/include -Xcc -I/Users/admin/builder/spi-builder-workspace/.dependencies/checkouts/swift-nio/Sources/CNIOFreeBSD/include -Xcc -I/Users/admin/builder/spi-builder-workspace/.dependencies/checkouts/swift-nio/Sources/CNIOOpenBSD/include -Xcc -I/Users/admin/builder/spi-builder-workspace/.dependencies/checkouts/swift-nio/Sources/CNIOAtomics/include -Xcc -I/Users/admin/builder/spi-builder-workspace/.derivedData/Build/Products/Debug-appletvos/include -Xcc -I/Users/admin/builder/spi-builder-workspace/.derivedData/Build/Intermediates.noindex/MastodonPostScheduler.build/Debug-appletvos/mastodon-post-scheduler-p.build/DerivedSources-normal/arm64 -Xcc -I/Users/admin/builder/spi-builder-workspace/.derivedData/Build/Intermediates.noindex/MastodonPostScheduler.build/Debug-appletvos/mastodon-post-scheduler-p.build/DerivedSources/arm64 -Xcc -I/Users/admin/builder/spi-builder-workspace/.derivedData/Build/Intermediates.noindex/MastodonPostScheduler.build/Debug-appletvos/mastodon-post-scheduler-p.build/DerivedSources -Xcc -DSWIFT_PACKAGE -Xcc -DDEBUG\=1 -no-auto-bridging-header-chaining -module-name MastodonPostScheduler -package-name spi_builder_workspace -const-gather-protocols-file /Users/admin/builder/spi-builder-workspace/.derivedData/Build/Intermediates.noindex/MastodonPostScheduler.build/Debug-appletvos/mastodon-post-scheduler-p.build/Objects-normal/arm64/mastodon-post-scheduler_const_extract_protocols.json -disable-clang-spi -clang-target arm64-apple-tvos27.0 -target-sdk-version 27.0 -target-sdk-name appletvos27.0 -in-process-plugin-server-path /Applications/Xcode-27.0.0-Release.Candidate.app/Contents/Developer/Toolchains/XcodeDefault.xctoolchain/usr/lib/swift/host/libSwiftInProcPluginServer.dylib -parse-as-library -o /Users/admin/builder/spi-builder-workspace/.derivedData/Build/Intermediates.noindex/MastodonPostScheduler.build/Debug-appletvos/mastodon-post-scheduler-p.build/Objects-normal/arm64/Schedule.o -debug-module-path /Users/admin/builder/spi-builder-workspace/.derivedData/Build/Intermediates.noindex/MastodonPostScheduler.build/Debug-appletvos/mastodon-post-scheduler-p.build/Objects-normal/arm64/MastodonPostScheduler.swiftmodule -index-unit-output-path /MastodonPostScheduler.build/Debug-appletvos/mastodon-post-scheduler-p.build/Objects-normal/arm64/Schedule.o -index-store-path /Users/admin/builder/spi-builder-workspace/.derivedData/Index.noindex/DataStore -index-system-modules
SwiftCompile normal arm64 Compiling\ Models.swift /Users/admin/builder/spi-builder-workspace/Sources/MastodonPostScheduler/Models.swift (in target 'mastodon-post-scheduler-product' from project 'MastodonPostScheduler')
SwiftCompile normal arm64 /Users/admin/builder/spi-builder-workspace/Sources/MastodonPostScheduler/Models.swift (in target 'mastodon-post-scheduler-product' from project 'MastodonPostScheduler')
    cd /Users/admin/builder/spi-builder-workspace/.swiftpm/xcode
    builtin-SwiftPerFileCompile Models.swift
SwiftEmitModule normal arm64 Emitting\ module\ for\ MastodonPostScheduler (in target 'mastodon-post-scheduler-product' from project 'MastodonPostScheduler')
SwiftCompile normal arm64 (in target 'mastodon-post-scheduler-product' from project 'MastodonPostScheduler')
    cd /Users/admin/builder/spi-builder-workspace/.swiftpm/xcode

SwiftCompile normal arm64 Compiling\ MastodonPostScheduler.swift /Users/admin/builder/spi-builder-workspace/Sources/MastodonPostScheduler/MastodonPostScheduler.swift (in target 'mastodon-post-scheduler-product' from project 'MastodonPostScheduler')
SwiftCompile normal arm64 /Users/admin/builder/spi-builder-workspace/Sources/MastodonPostScheduler/MastodonPostScheduler.swift (in target 'mastodon-post-scheduler-product' from project 'MastodonPostScheduler')
    cd /Users/admin/builder/spi-builder-workspace/.swiftpm/xcode
    builtin-SwiftPerFileCompile MastodonPostScheduler.swift
SwiftCompile normal arm64 Compiling\ Delete.swift /Users/admin/builder/spi-builder-workspace/Sources/MastodonPostScheduler/Delete.swift (in target 'mastodon-post-scheduler-product' from project 'MastodonPostScheduler')
SwiftCompile normal arm64 /Users/admin/builder/spi-builder-workspace/Sources/MastodonPostScheduler/Delete.swift (in target 'mastodon-post-scheduler-product' from project 'MastodonPostScheduler')
    cd /Users/admin/builder/spi-builder-workspace/.swiftpm/xcode
    builtin-SwiftPerFileCompile Delete.swift
SwiftCompile normal arm64 Compiling\ List.swift /Users/admin/builder/spi-builder-workspace/Sources/MastodonPostScheduler/List.swift (in target 'mastodon-post-scheduler-product' from project 'MastodonPostScheduler')
SwiftCompile normal arm64 /Users/admin/builder/spi-builder-workspace/Sources/MastodonPostScheduler/List.swift (in target 'mastodon-post-scheduler-product' from project 'MastodonPostScheduler')
    cd /Users/admin/builder/spi-builder-workspace/.swiftpm/xcode
    builtin-SwiftPerFileCompile List.swift
PruneExplicitPrecompiledModules /Users/admin/builder/spi-builder-workspace/.derivedData/Build/Intermediates.noindex/SwiftExplicitPrecompiledModules
PruneExplicitPrecompiledModules /Users/admin/builder/spi-builder-workspace/.derivedData/SDKExplicitPrecompiledModules
PruneExplicitPrecompiledModules /Users/admin/builder/spi-builder-workspace/.derivedData/Build/Intermediates.noindex/ExplicitPrecompiledModules
2026-09-21 17:26:44.241 xcodebuild[1044:5866] [MT] IDERunDestination: Supported platforms for the buildables in the current scheme is empty.
** BUILD FAILED **
The following build commands failed:
	SwiftCompile normal arm64 /Users/admin/builder/spi-builder-workspace/Sources/MastodonPostScheduler/Schedule.swift (in target 'mastodon-post-scheduler-product' from project 'MastodonPostScheduler')
	SwiftCompile normal arm64 Compiling\ Schedule.swift /Users/admin/builder/spi-builder-workspace/Sources/MastodonPostScheduler/Schedule.swift (in target 'mastodon-post-scheduler-product' from project 'MastodonPostScheduler')
	Building workspace MastodonPostScheduler with scheme MastodonPostScheduler
(3 failures)
Command line invocation:
    /Applications/Xcode-27.0.0-Release.Candidate.app/Contents/Developer/usr/bin/xcodebuild -IDEClonedSourcePackagesDirPathOverride=/Users/admin/builder/spi-builder-workspace/.dependencies -resolvePackageDependencies
Resolve Package Graph
Resolved source packages:
  swift-system: https://github.com/apple/swift-system.git @ 1.8.1
  swift-argument-parser: https://github.com/apple/swift-argument-parser.git @ 1.8.2
  TootSDK: https://github.com/TootSDK/TootSDK @ 12.2.0
  SwiftSoup: https://github.com/scinfu/SwiftSoup.git @ 2.13.9
  MastodonPostScheduler: /Users/admin/builder/spi-builder-workspace
  swift-atomics: https://github.com/apple/swift-atomics.git @ 1.3.1
  swift-url: https://github.com/karwa/swift-url.git @ 0.4.2
  swift-asn1: https://github.com/apple/swift-asn1.git @ 1.7.3
  swift-collections: https://github.com/apple/swift-collections.git @ 1.6.0
  swift-nio: https://github.com/apple/swift-nio.git @ 2.103.0
  swift-crypto: https://github.com/apple/swift-crypto.git @ 3.15.1
resolved source packages: swift-system, swift-argument-parser, TootSDK, SwiftSoup, MastodonPostScheduler, swift-atomics, swift-url, swift-asn1, swift-collections, swift-nio, swift-crypto
2026-09-21 17:27:15.999 xcodebuild[1706:9833] [MT] IDERunDestination: Supported platforms for the buildables in the current scheme is empty.
{
  "dependencies" : [
    {
      "identity" : "swift-argument-parser",
      "requirement" : {
        "range" : [
          {
            "lower_bound" : "1.5.0",
            "upper_bound" : "2.0.0"
          }
        ]
      },
      "type" : "sourceControl",
      "url" : "https://github.com/apple/swift-argument-parser.git"
    },
    {
      "identity" : "tootsdk",
      "requirement" : {
        "range" : [
          {
            "lower_bound" : "12.2.0",
            "upper_bound" : "13.0.0"
          }
        ]
      },
      "type" : "sourceControl",
      "url" : "https://github.com/TootSDK/TootSDK"
    }
  ],
  "manifest_display_name" : "MastodonPostScheduler",
  "name" : "MastodonPostScheduler",
  "path" : "/Users/admin/builder/spi-builder-workspace",
  "platforms" : [
    {
      "name" : "macos",
      "version" : "13.0"
    }
  ],
  "products" : [
    {
      "name" : "mastodon-post-scheduler",
      "targets" : [
        "MastodonPostScheduler"
      ],
      "type" : {
        "executable" : null
      }
    }
  ],
  "targets" : [
    {
      "c99name" : "MastodonPostScheduler",
      "module_type" : "SwiftTarget",
      "name" : "MastodonPostScheduler",
      "path" : "Sources/MastodonPostScheduler",
      "product_dependencies" : [
        "ArgumentParser",
        "TootSDK"
      ],
      "product_memberships" : [
        "mastodon-post-scheduler"
      ],
      "sources" : [
        "Delete.swift",
        "List.swift",
        "MastodonPostScheduler.swift",
        "Models.swift",
        "Schedule.swift"
      ],
      "type" : "executable"
    }
  ],
  "tools_version" : "6.0"
}
{
  "workspace" : {
    "name" : "MastodonPostScheduler",
    "schemes" : [
      "MastodonPostScheduler"
    ]
  }
}
2026-09-21 17:27:18.918 xcodebuild[1722:9952] [MT] IDERunDestination: Supported platforms for the buildables in the current scheme is empty.
Running build ...
env DEVELOPER_DIR=/Applications/Xcode-27.0.0-Release.Candidate.app xcrun xcodebuild -IDEClonedSourcePackagesDirPathOverride=$PWD/.dependencies -skipMacroValidation -skipPackagePluginValidation -derivedDataPath $PWD/.derivedData build -scheme MastodonPostScheduler -destination generic/platform=tvOS
Command line invocation:
    /Applications/Xcode-27.0.0-Release.Candidate.app/Contents/Developer/usr/bin/xcodebuild -IDEClonedSourcePackagesDirPathOverride=/Users/admin/builder/spi-builder-workspace/.dependencies -skipMacroValidation -skipPackagePluginValidation -derivedDataPath /Users/admin/builder/spi-builder-workspace/.derivedData build -scheme MastodonPostScheduler -destination generic/platform=tvOS
Resolve Package Graph
Resolved source packages:
  TootSDK: https://github.com/TootSDK/TootSDK @ 12.2.0
  swift-crypto: https://github.com/apple/swift-crypto.git @ 3.15.1
  SwiftSoup: https://github.com/scinfu/SwiftSoup.git @ 2.13.9
  swift-atomics: https://github.com/apple/swift-atomics.git @ 1.3.1
  MastodonPostScheduler: /Users/admin/builder/spi-builder-workspace
  swift-argument-parser: https://github.com/apple/swift-argument-parser.git @ 1.8.2
  swift-nio: https://github.com/apple/swift-nio.git @ 2.103.0
  swift-asn1: https://github.com/apple/swift-asn1.git @ 1.7.3
  swift-collections: https://github.com/apple/swift-collections.git @ 1.6.0
  swift-system: https://github.com/apple/swift-system.git @ 1.8.1
  swift-url: https://github.com/karwa/swift-url.git @ 0.4.2
ComputePackagePrebuildTargetDependencyGraph
Prepare packages
CreateBuildRequest
SendProjectDescription
CreateBuildOperation
ComputeTargetDependencyGraph
note: Building targets in dependency order
note: Target dependency graph (53 targets)
    Target 'mastodon-post-scheduler-product' in project 'MastodonPostScheduler'
        ➜ Explicit dependency on target 'ArgumentParser-product' in project 'swift-argument-parser'
        ➜ Explicit dependency on target 'TootSDK-product' in project 'TootSDK'
    Target 'TootSDK-product' in project 'TootSDK'
        ➜ Explicit dependency on target 'TootSDK' in project 'TootSDK'
        ➜ Explicit dependency on target 'TootSDK_TootSDK' in project 'TootSDK'
        ➜ Explicit dependency on target 'MultipartKitTootSDK' in project 'TootSDK'
        ➜ Explicit dependency on target 'NIO-product' in project 'swift-nio'
        ➜ Explicit dependency on target 'NIOHTTP1-product' in project 'swift-nio'
        ➜ Explicit dependency on target 'Collections-product' in project 'swift-collections'
        ➜ Explicit dependency on target 'SwiftSoup-product' in project 'SwiftSoup'
        ➜ Explicit dependency on target 'WebURL-product' in project 'swift-url'
        ➜ Explicit dependency on target 'WebURLFoundationExtras-product' in project 'swift-url'
        ➜ Explicit dependency on target 'Crypto-product' in project 'swift-crypto'
    Target 'TootSDK' in project 'TootSDK'
        ➜ Explicit dependency on target 'TootSDK_TootSDK' in project 'TootSDK'
        ➜ Explicit dependency on target 'MultipartKitTootSDK' in project 'TootSDK'
        ➜ Explicit dependency on target 'NIO-product' in project 'swift-nio'
        ➜ Explicit dependency on target 'NIOHTTP1-product' in project 'swift-nio'
        ➜ Explicit dependency on target 'Collections-product' in project 'swift-collections'
        ➜ Explicit dependency on target 'SwiftSoup-product' in project 'SwiftSoup'
        ➜ Explicit dependency on target 'WebURL-product' in project 'swift-url'
        ➜ Explicit dependency on target 'WebURLFoundationExtras-product' in project 'swift-url'
        ➜ Explicit dependency on target 'Crypto-product' in project 'swift-crypto'
    Target 'Crypto-product' in project 'swift-crypto'
        ➜ Explicit dependency on target 'Crypto' in project 'swift-crypto'
        ➜ Explicit dependency on target 'swift-crypto_Crypto' in project 'swift-crypto'
    Target 'Crypto' in project 'swift-crypto'
        ➜ Explicit dependency on target 'swift-crypto_Crypto' in project 'swift-crypto'
    Target 'swift-crypto_Crypto' in project 'swift-crypto' (no dependencies)
    Target 'WebURLFoundationExtras-product' in project 'swift-url'
        ➜ Explicit dependency on target 'WebURLFoundationExtras' in project 'swift-url'
        ➜ Explicit dependency on target 'UnicodeDataStructures' in project 'swift-url'
        ➜ Explicit dependency on target 'IDNA' in project 'swift-url'
        ➜ Explicit dependency on target 'WebURL' in project 'swift-url'
    Target 'WebURLFoundationExtras' in project 'swift-url'
        ➜ Explicit dependency on target 'UnicodeDataStructures' in project 'swift-url'
        ➜ Explicit dependency on target 'IDNA' in project 'swift-url'
        ➜ Explicit dependency on target 'WebURL' in project 'swift-url'
    Target 'WebURL-product' in project 'swift-url'
        ➜ Explicit dependency on target 'WebURL' in project 'swift-url'
        ➜ Explicit dependency on target 'UnicodeDataStructures' in project 'swift-url'
        ➜ Explicit dependency on target 'IDNA' in project 'swift-url'
    Target 'WebURL' in project 'swift-url'
        ➜ Explicit dependency on target 'UnicodeDataStructures' in project 'swift-url'
        ➜ Explicit dependency on target 'IDNA' in project 'swift-url'
    Target 'IDNA' in project 'swift-url'
        ➜ Explicit dependency on target 'UnicodeDataStructures' in project 'swift-url'
    Target 'UnicodeDataStructures' in project 'swift-url' (no dependencies)
    Target 'SwiftSoup-product' in project 'SwiftSoup'
        ➜ Explicit dependency on target 'SwiftSoup' in project 'SwiftSoup'
    Target 'SwiftSoup' in project 'SwiftSoup' (no dependencies)
    Target 'MultipartKitTootSDK' in project 'TootSDK'
        ➜ Explicit dependency on target 'NIO-product' in project 'swift-nio'
        ➜ Explicit dependency on target 'NIOHTTP1-product' in project 'swift-nio'
        ➜ Explicit dependency on target 'Collections-product' in project 'swift-collections'
    Target 'Collections-product' in project 'swift-collections'
        ➜ Explicit dependency on target 'Collections' in project 'swift-collections'
        ➜ Explicit dependency on target 'InternalCollectionsUtilities' in project 'swift-collections'
        ➜ Explicit dependency on target 'BitCollections' in project 'swift-collections'
        ➜ Explicit dependency on target 'ContainersPreview' in project 'swift-collections'
        ➜ Explicit dependency on target 'DequeModule' in project 'swift-collections'
        ➜ Explicit dependency on target 'HashTreeCollections' in project 'swift-collections'
        ➜ Explicit dependency on target 'HeapModule' in project 'swift-collections'
        ➜ Explicit dependency on target 'OrderedCollections' in project 'swift-collections'
        ➜ Explicit dependency on target '_RopeModule' in project 'swift-collections'
    Target 'Collections' in project 'swift-collections'
        ➜ Explicit dependency on target 'InternalCollectionsUtilities' in project 'swift-collections'
        ➜ Explicit dependency on target 'BitCollections' in project 'swift-collections'
        ➜ Explicit dependency on target 'ContainersPreview' in project 'swift-collections'
        ➜ Explicit dependency on target 'DequeModule' in project 'swift-collections'
        ➜ Explicit dependency on target 'HashTreeCollections' in project 'swift-collections'
        ➜ Explicit dependency on target 'HeapModule' in project 'swift-collections'
        ➜ Explicit dependency on target 'OrderedCollections' in project 'swift-collections'
        ➜ Explicit dependency on target '_RopeModule' in project 'swift-collections'
    Target '_RopeModule' in project 'swift-collections'
        ➜ Explicit dependency on target 'InternalCollectionsUtilities' in project 'swift-collections'
    Target 'OrderedCollections' in project 'swift-collections'
        ➜ Explicit dependency on target 'InternalCollectionsUtilities' in project 'swift-collections'
    Target 'HeapModule' in project 'swift-collections'
        ➜ Explicit dependency on target 'InternalCollectionsUtilities' in project 'swift-collections'
    Target 'HashTreeCollections' in project 'swift-collections'
        ➜ Explicit dependency on target 'InternalCollectionsUtilities' in project 'swift-collections'
    Target 'BitCollections' in project 'swift-collections'
        ➜ Explicit dependency on target 'InternalCollectionsUtilities' in project 'swift-collections'
    Target 'NIOHTTP1-product' in project 'swift-nio'
        ➜ Explicit dependency on target 'NIOHTTP1' in project 'swift-nio'
        ➜ Explicit dependency on target 'CNIOAtomics' in project 'swift-nio'
        ➜ Explicit dependency on target 'NIOConcurrencyHelpers' in project 'swift-nio'
        ➜ Explicit dependency on target '_NIOBase64' in project 'swift-nio'
        ➜ Explicit dependency on target 'CNIOOpenBSD' in project 'swift-nio'
        ➜ Explicit dependency on target 'CNIOFreeBSD' in project 'swift-nio'
        ➜ Explicit dependency on target 'CNIODarwin' in project 'swift-nio'
        ➜ Explicit dependency on target 'CNIOLinux' in project 'swift-nio'
        ➜ Explicit dependency on target 'CNIOWindows' in project 'swift-nio'
        ➜ Explicit dependency on target 'CNIOWASI' in project 'swift-nio'
        ➜ Explicit dependency on target '_NIODataStructures' in project 'swift-nio'
        ➜ Explicit dependency on target 'NIOCore' in project 'swift-nio'
        ➜ Explicit dependency on target 'NIOEmbedded' in project 'swift-nio'
        ➜ Explicit dependency on target 'CNIOPosix' in project 'swift-nio'
        ➜ Explicit dependency on target 'NIOPosix' in project 'swift-nio'
        ➜ Explicit dependency on target 'NIO' in project 'swift-nio'
        ➜ Explicit dependency on target 'CNIOLLHTTP' in project 'swift-nio'
        ➜ Explicit dependency on target 'DequeModule-product' in project 'swift-collections'
        ➜ Explicit dependency on target 'Atomics-product' in project 'swift-atomics'
    Target 'NIOHTTP1' in project 'swift-nio'
        ➜ Explicit dependency on target 'CNIOAtomics' in project 'swift-nio'
        ➜ Explicit dependency on target 'NIOConcurrencyHelpers' in project 'swift-nio'
        ➜ Explicit dependency on target '_NIOBase64' in project 'swift-nio'
        ➜ Explicit dependency on target 'CNIOOpenBSD' in project 'swift-nio'
        ➜ Explicit dependency on target 'CNIOFreeBSD' in project 'swift-nio'
        ➜ Explicit dependency on target 'CNIODarwin' in project 'swift-nio'
        ➜ Explicit dependency on target 'CNIOLinux' in project 'swift-nio'
        ➜ Explicit dependency on target 'CNIOWindows' in project 'swift-nio'
        ➜ Explicit dependency on target 'CNIOWASI' in project 'swift-nio'
        ➜ Explicit dependency on target '_NIODataStructures' in project 'swift-nio'
        ➜ Explicit dependency on target 'NIOCore' in project 'swift-nio'
        ➜ Explicit dependency on target 'NIOEmbedded' in project 'swift-nio'
        ➜ Explicit dependency on target 'CNIOPosix' in project 'swift-nio'
        ➜ Explicit dependency on target 'NIOPosix' in project 'swift-nio'
        ➜ Explicit dependency on target 'NIO' in project 'swift-nio'
        ➜ Explicit dependency on target 'CNIOLLHTTP' in project 'swift-nio'
        ➜ Explicit dependency on target 'DequeModule-product' in project 'swift-collections'
        ➜ Explicit dependency on target 'Atomics-product' in project 'swift-atomics'
    Target 'CNIOLLHTTP' in project 'swift-nio' (no dependencies)
    Target 'NIO-product' in project 'swift-nio'
        ➜ Explicit dependency on target 'NIO' in project 'swift-nio'
        ➜ Explicit dependency on target 'CNIOAtomics' in project 'swift-nio'
        ➜ Explicit dependency on target 'NIOConcurrencyHelpers' in project 'swift-nio'
        ➜ Explicit dependency on target '_NIOBase64' in project 'swift-nio'
        ➜ Explicit dependency on target 'CNIOOpenBSD' in project 'swift-nio'
        ➜ Explicit dependency on target 'CNIOFreeBSD' in project 'swift-nio'
        ➜ Explicit dependency on target 'CNIODarwin' in project 'swift-nio'
        ➜ Explicit dependency on target 'CNIOLinux' in project 'swift-nio'
        ➜ Explicit dependency on target 'CNIOWindows' in project 'swift-nio'
        ➜ Explicit dependency on target 'CNIOWASI' in project 'swift-nio'
        ➜ Explicit dependency on target '_NIODataStructures' in project 'swift-nio'
        ➜ Explicit dependency on target 'NIOCore' in project 'swift-nio'
        ➜ Explicit dependency on target 'NIOEmbedded' in project 'swift-nio'
        ➜ Explicit dependency on target 'CNIOPosix' in project 'swift-nio'
        ➜ Explicit dependency on target 'NIOPosix' in project 'swift-nio'
        ➜ Explicit dependency on target 'DequeModule-product' in project 'swift-collections'
        ➜ Explicit dependency on target 'Atomics-product' in project 'swift-atomics'
    Target 'NIO' in project 'swift-nio'
        ➜ Explicit dependency on target 'CNIOAtomics' in project 'swift-nio'
        ➜ Explicit dependency on target 'NIOConcurrencyHelpers' in project 'swift-nio'
        ➜ Explicit dependency on target '_NIOBase64' in project 'swift-nio'
        ➜ Explicit dependency on target 'CNIOOpenBSD' in project 'swift-nio'
        ➜ Explicit dependency on target 'CNIOFreeBSD' in project 'swift-nio'
        ➜ Explicit dependency on target 'CNIODarwin' in project 'swift-nio'
        ➜ Explicit dependency on target 'CNIOLinux' in project 'swift-nio'
        ➜ Explicit dependency on target 'CNIOWindows' in project 'swift-nio'
        ➜ Explicit dependency on target 'CNIOWASI' in project 'swift-nio'
        ➜ Explicit dependency on target '_NIODataStructures' in project 'swift-nio'
        ➜ Explicit dependency on target 'NIOCore' in project 'swift-nio'
        ➜ Explicit dependency on target 'NIOEmbedded' in project 'swift-nio'
        ➜ Explicit dependency on target 'CNIOPosix' in project 'swift-nio'
        ➜ Explicit dependency on target 'NIOPosix' in project 'swift-nio'
        ➜ Explicit dependency on target 'DequeModule-product' in project 'swift-collections'
        ➜ Explicit dependency on target 'Atomics-product' in project 'swift-atomics'
    Target 'NIOPosix' in project 'swift-nio'
        ➜ Explicit dependency on target 'swift-nio_NIOPosix' in project 'swift-nio'
        ➜ Explicit dependency on target 'CNIOOpenBSD' in project 'swift-nio'
        ➜ Explicit dependency on target 'CNIOLinux' in project 'swift-nio'
        ➜ Explicit dependency on target 'CNIODarwin' in project 'swift-nio'
        ➜ Explicit dependency on target 'CNIOWindows' in project 'swift-nio'
        ➜ Explicit dependency on target 'CNIOAtomics' in project 'swift-nio'
        ➜ Explicit dependency on target 'NIOConcurrencyHelpers' in project 'swift-nio'
        ➜ Explicit dependency on target '_NIOBase64' in project 'swift-nio'
        ➜ Explicit dependency on target 'CNIOFreeBSD' in project 'swift-nio'
        ➜ Explicit dependency on target 'CNIOWASI' in project 'swift-nio'
        ➜ Explicit dependency on target '_NIODataStructures' in project 'swift-nio'
        ➜ Explicit dependency on target 'NIOCore' in project 'swift-nio'
        ➜ Explicit dependency on target 'CNIOPosix' in project 'swift-nio'
        ➜ Explicit dependency on target 'DequeModule-product' in project 'swift-collections'
        ➜ Explicit dependency on target 'Atomics-product' in project 'swift-atomics'
    Target 'swift-nio_NIOPosix' in project 'swift-nio' (no dependencies)
    Target 'CNIOPosix' in project 'swift-nio' (no dependencies)
    Target 'NIOEmbedded' in project 'swift-nio'
        ➜ Explicit dependency on target 'CNIOAtomics' in project 'swift-nio'
        ➜ Explicit dependency on target 'NIOConcurrencyHelpers' in project 'swift-nio'
        ➜ Explicit dependency on target '_NIOBase64' in project 'swift-nio'
        ➜ Explicit dependency on target 'CNIOOpenBSD' in project 'swift-nio'
        ➜ Explicit dependency on target 'CNIOFreeBSD' in project 'swift-nio'
        ➜ Explicit dependency on target 'CNIODarwin' in project 'swift-nio'
        ➜ Explicit dependency on target 'CNIOLinux' in project 'swift-nio'
        ➜ Explicit dependency on target 'CNIOWindows' in project 'swift-nio'
        ➜ Explicit dependency on target 'CNIOWASI' in project 'swift-nio'
        ➜ Explicit dependency on target '_NIODataStructures' in project 'swift-nio'
        ➜ Explicit dependency on target 'NIOCore' in project 'swift-nio'
        ➜ Explicit dependency on target 'DequeModule-product' in project 'swift-collections'
        ➜ Explicit dependency on target 'Atomics-product' in project 'swift-atomics'
    Target 'NIOCore' in project 'swift-nio'
        ➜ Explicit dependency on target 'CNIOAtomics' in project 'swift-nio'
        ➜ Explicit dependency on target 'NIOConcurrencyHelpers' in project 'swift-nio'
        ➜ Explicit dependency on target '_NIOBase64' in project 'swift-nio'
        ➜ Explicit dependency on target 'CNIOOpenBSD' in project 'swift-nio'
        ➜ Explicit dependency on target 'CNIOFreeBSD' in project 'swift-nio'
        ➜ Explicit dependency on target 'CNIODarwin' in project 'swift-nio'
        ➜ Explicit dependency on target 'CNIOLinux' in project 'swift-nio'
        ➜ Explicit dependency on target 'CNIOWindows' in project 'swift-nio'
        ➜ Explicit dependency on target 'CNIOWASI' in project 'swift-nio'
        ➜ Explicit dependency on target '_NIODataStructures' in project 'swift-nio'
        ➜ Explicit dependency on target 'DequeModule-product' in project 'swift-collections'
        ➜ Explicit dependency on target 'Atomics-product' in project 'swift-atomics'
    Target 'Atomics-product' in project 'swift-atomics'
        ➜ Explicit dependency on target 'Atomics' in project 'swift-atomics'
        ➜ Explicit dependency on target '_AtomicsShims' in project 'swift-atomics'
    Target 'Atomics' in project 'swift-atomics'
        ➜ Explicit dependency on target '_AtomicsShims' in project 'swift-atomics'
    Target '_AtomicsShims' in project 'swift-atomics' (no dependencies)
    Target 'DequeModule-product' in project 'swift-collections'
        ➜ Explicit dependency on target 'DequeModule' in project 'swift-collections'
        ➜ Explicit dependency on target 'InternalCollectionsUtilities' in project 'swift-collections'
        ➜ Explicit dependency on target 'ContainersPreview' in project 'swift-collections'
    Target 'DequeModule' in project 'swift-collections'
        ➜ Explicit dependency on target 'InternalCollectionsUtilities' in project 'swift-collections'
        ➜ Explicit dependency on target 'ContainersPreview' in project 'swift-collections'
    Target 'ContainersPreview' in project 'swift-collections'
        ➜ Explicit dependency on target 'InternalCollectionsUtilities' in project 'swift-collections'
    Target 'InternalCollectionsUtilities' in project 'swift-collections' (no dependencies)
    Target '_NIODataStructures' in project 'swift-nio' (no dependencies)
    Target 'CNIOWASI' in project 'swift-nio' (no dependencies)
    Target 'CNIOWindows' in project 'swift-nio' (no dependencies)
    Target 'CNIOLinux' in project 'swift-nio' (no dependencies)
    Target 'CNIODarwin' in project 'swift-nio' (no dependencies)
    Target 'CNIOFreeBSD' in project 'swift-nio' (no dependencies)
    Target 'CNIOOpenBSD' in project 'swift-nio' (no dependencies)
    Target '_NIOBase64' in project 'swift-nio' (no dependencies)
    Target 'NIOConcurrencyHelpers' in project 'swift-nio'
        ➜ Explicit dependency on target 'CNIOAtomics' in project 'swift-nio'
    Target 'CNIOAtomics' in project 'swift-nio' (no dependencies)
    Target 'TootSDK_TootSDK' in project 'TootSDK' (no dependencies)
    Target 'ArgumentParser-product' in project 'swift-argument-parser'
        ➜ Explicit dependency on target 'ArgumentParser' in project 'swift-argument-parser'
        ➜ Explicit dependency on target 'ArgumentParserToolInfo' in project 'swift-argument-parser'
    Target 'ArgumentParser' in project 'swift-argument-parser'
        ➜ Explicit dependency on target 'ArgumentParserToolInfo' in project 'swift-argument-parser'
    Target 'ArgumentParserToolInfo' in project 'swift-argument-parser' (no dependencies)
GatherProvisioningInputs
CreateBuildDescription
ClangStatCache /Applications/Xcode-27.0.0-Release.Candidate.app/Contents/Developer/Toolchains/XcodeDefault.xctoolchain/usr/bin/clang-stat-cache /Applications/Xcode-27.0.0-Release.Candidate.app/Contents/Developer/Platforms/AppleTVOS.platform/Developer/SDKs/AppleTVOS27.0.sdk /Users/admin/builder/spi-builder-workspace/.derivedData/SDKStatCaches.noindex/appletvos27.0-24J360-e829b21a6f8c9b70876ba0858053c044b32bfd8d43560033f8d89884cdb90028.sdkstatcache
    cd /Users/admin/builder/spi-builder-workspace/.swiftpm/xcode
    /Applications/Xcode-27.0.0-Release.Candidate.app/Contents/Developer/Toolchains/XcodeDefault.xctoolchain/usr/bin/clang-stat-cache /Applications/Xcode-27.0.0-Release.Candidate.app/Contents/Developer/Platforms/AppleTVOS.platform/Developer/SDKs/AppleTVOS27.0.sdk -o /Users/admin/builder/spi-builder-workspace/.derivedData/SDKStatCaches.noindex/appletvos27.0-24J360-e829b21a6f8c9b70876ba0858053c044b32bfd8d43560033f8d89884cdb90028.sdkstatcache
SwiftDriver mastodon-post-scheduler normal arm64 com.apple.xcode.tools.swift.compiler (in target 'mastodon-post-scheduler-product' from project 'MastodonPostScheduler')
    cd /Users/admin/builder/spi-builder-workspace/.swiftpm/xcode
    builtin-SwiftDriver -- /Applications/Xcode-27.0.0-Release.Candidate.app/Contents/Developer/Toolchains/XcodeDefault.xctoolchain/usr/bin/swiftc -parse-as-library -module-name MastodonPostScheduler -Onone @/Users/admin/builder/spi-builder-workspace/.derivedData/Build/Intermediates.noindex/MastodonPostScheduler.build/Debug-appletvos/mastodon-post-scheduler-p.build/Objects-normal/arm64/mastodon-post-scheduler.SwiftFileList -DSWIFT_PACKAGE -DDEBUG -Xcc -fmodule-map-file\=/Users/admin/builder/spi-builder-workspace/.dependencies/checkouts/swift-atomics/Sources/_AtomicsShims/include/module.modulemap -Xcc -fmodule-map-file\=/Users/admin/builder/spi-builder-workspace/.derivedData/Build/Intermediates.noindex/GeneratedModuleMaps-appletvos/CNIOLLHTTP.modulemap -Xcc -fmodule-map-file\=/Users/admin/builder/spi-builder-workspace/.derivedData/Build/Intermediates.noindex/GeneratedModuleMaps-appletvos/CNIOPosix.modulemap -Xcc -fmodule-map-file\=/Users/admin/builder/spi-builder-workspace/.derivedData/Build/Intermediates.noindex/GeneratedModuleMaps-appletvos/CNIOWASI.modulemap -Xcc -fmodule-map-file\=/Users/admin/builder/spi-builder-workspace/.dependencies/checkouts/swift-nio/Sources/CNIOWindows/include/module.modulemap -Xcc -fmodule-map-file\=/Users/admin/builder/spi-builder-workspace/.derivedData/Build/Intermediates.noindex/GeneratedModuleMaps-appletvos/CNIOLinux.modulemap -Xcc -fmodule-map-file\=/Users/admin/builder/spi-builder-workspace/.derivedData/Build/Intermediates.noindex/GeneratedModuleMaps-appletvos/CNIODarwin.modulemap -Xcc -fmodule-map-file\=/Users/admin/builder/spi-builder-workspace/.derivedData/Build/Intermediates.noindex/GeneratedModuleMaps-appletvos/CNIOFreeBSD.modulemap -Xcc -fmodule-map-file\=/Users/admin/builder/spi-builder-workspace/.derivedData/Build/Intermediates.noindex/GeneratedModuleMaps-appletvos/CNIOOpenBSD.modulemap -Xcc -fmodule-map-file\=/Users/admin/builder/spi-builder-workspace/.derivedData/Build/Intermediates.noindex/GeneratedModuleMaps-appletvos/CNIOAtomics.modulemap -DXcode -plugin-path /Applications/Xcode-27.0.0-Release.Candidate.app/Contents/Developer/Toolchains/XcodeDefault.xctoolchain/usr/lib/swift/host/plugins/testing -enable-experimental-feature DebugDescriptionMacro -sdk /Applications/Xcode-27.0.0-Release.Candidate.app/Contents/Developer/Platforms/AppleTVOS.platform/Developer/SDKs/AppleTVOS27.0.sdk -target arm64-apple-tvos15.0 -g -module-cache-path /Users/admin/builder/spi-builder-workspace/.derivedData/ModuleCache.noindex -Xfrontend -serialize-debugging-options -enable-testing -index-store-path /Users/admin/builder/spi-builder-workspace/.derivedData/Index.noindex/DataStore -Xcc -D_LIBCPP_HARDENING_MODE\=_LIBCPP_HARDENING_MODE_DEBUG -swift-version 6 -I /Users/admin/builder/spi-builder-workspace/.derivedData/Build/Products/Debug-appletvos -Isystem /Applications/Xcode-27.0.0-Release.Candidate.app/Contents/Developer/Platforms/AppleTVOS.platform/Developer/usr/lib -F /Users/admin/builder/spi-builder-workspace/.derivedData/Build/Products/Debug-appletvos/PackageFrameworks -F /Users/admin/builder/spi-builder-workspace/.derivedData/Build/Products/Debug-appletvos -F /Applications/Xcode-27.0.0-Release.Candidate.app/Contents/Developer/Platforms/AppleTVOS.platform/Developer/Library/Frameworks -F /Applications/Xcode-27.0.0-Release.Candidate.app/Contents/Developer/Platforms/AppleTVOS.platform/Developer/SDKs/AppleTVOS27.0.sdk/Developer/Library/Frameworks -c -j10 -enable-batch-mode -incremental -Xcc -ivfsstatcache -Xcc /Users/admin/builder/spi-builder-workspace/.derivedData/SDKStatCaches.noindex/appletvos27.0-24J360-e829b21a6f8c9b70876ba0858053c044b32bfd8d43560033f8d89884cdb90028.sdkstatcache -output-file-map /Users/admin/builder/spi-builder-workspace/.derivedData/Build/Intermediates.noindex/MastodonPostScheduler.build/Debug-appletvos/mastodon-post-scheduler-p.build/Objects-normal/arm64/mastodon-post-scheduler-OutputFileMap.json -save-temps -no-color-diagnostics -explicit-module-build -module-cache-path /Users/admin/builder/spi-builder-workspace/.derivedData/Build/Intermediates.noindex/SwiftExplicitPrecompiledModules -clang-scanner-module-cache-path /Users/admin/builder/spi-builder-workspace/.derivedData/ModuleCache.noindex -sdk-module-cache-path /Users/admin/builder/spi-builder-workspace/.derivedData/SDKExplicitPrecompiledModules -emit-dependencies -emit-module -emit-module-path /Users/admin/builder/spi-builder-workspace/.derivedData/Build/Intermediates.noindex/MastodonPostScheduler.build/Debug-appletvos/mastodon-post-scheduler-p.build/Objects-normal/arm64/MastodonPostScheduler.swiftmodule -serialize-diagnostics -dependency-scan-serialize-diagnostics-path /Users/admin/builder/spi-builder-workspace/.derivedData/Build/Intermediates.noindex/MastodonPostScheduler.build/Debug-appletvos/mastodon-post-scheduler-p.build/Objects-normal/arm64/MastodonPostScheduler-dependency-scan.dia -validate-clang-modules-once -clang-build-session-file /Users/admin/builder/spi-builder-workspace/.derivedData/ModuleCache.noindex/Session.modulevalidation -Xcc -fmodules-prune-interval\=86400 -Xcc -fmodules-prune-after\=345600 -package-name spi_builder_workspace -emit-const-values -const-gather-protocols-list /Users/admin/builder/spi-builder-workspace/.derivedData/Build/Intermediates.noindex/MastodonPostScheduler.build/Debug-appletvos/mastodon-post-scheduler-p.build/Objects-normal/arm64/mastodon-post-scheduler_const_extract_protocols.json -Xcc -I/Users/admin/builder/spi-builder-workspace/.dependencies/checkouts/swift-atomics/Sources/_AtomicsShims/include -Xcc -I/Users/admin/builder/spi-builder-workspace/.dependencies/checkouts/swift-nio/Sources/CNIOLLHTTP/include -Xcc -I/Users/admin/builder/spi-builder-workspace/.dependencies/checkouts/swift-nio/Sources/CNIOPosix/include -Xcc -I/Users/admin/builder/spi-builder-workspace/.dependencies/checkouts/swift-nio/Sources/CNIOWASI/include -Xcc -I/Users/admin/builder/spi-builder-workspace/.dependencies/checkouts/swift-nio/Sources/CNIOWindows/include -Xcc -I/Users/admin/builder/spi-builder-workspace/.dependencies/checkouts/swift-nio/Sources/CNIOLinux/include -Xcc -I/Users/admin/builder/spi-builder-workspace/.dependencies/checkouts/swift-nio/Sources/CNIODarwin/include -Xcc -I/Users/admin/builder/spi-builder-workspace/.dependencies/checkouts/swift-nio/Sources/CNIOFreeBSD/include -Xcc -I/Users/admin/builder/spi-builder-workspace/.dependencies/checkouts/swift-nio/Sources/CNIOOpenBSD/include -Xcc -I/Users/admin/builder/spi-builder-workspace/.dependencies/checkouts/swift-nio/Sources/CNIOAtomics/include -Xcc -I/Users/admin/builder/spi-builder-workspace/.derivedData/Build/Products/Debug-appletvos/include -Xcc -I/Users/admin/builder/spi-builder-workspace/.derivedData/Build/Intermediates.noindex/MastodonPostScheduler.build/Debug-appletvos/mastodon-post-scheduler-p.build/DerivedSources-normal/arm64 -Xcc -I/Users/admin/builder/spi-builder-workspace/.derivedData/Build/Intermediates.noindex/MastodonPostScheduler.build/Debug-appletvos/mastodon-post-scheduler-p.build/DerivedSources/arm64 -Xcc -I/Users/admin/builder/spi-builder-workspace/.derivedData/Build/Intermediates.noindex/MastodonPostScheduler.build/Debug-appletvos/mastodon-post-scheduler-p.build/DerivedSources -Xcc -DSWIFT_PACKAGE -Xcc -DDEBUG\=1 -working-directory /Users/admin/builder/spi-builder-workspace/.swiftpm/xcode -experimental-emit-module-separately -disable-cmo
SwiftEmitModule normal arm64 Emitting\ module\ for\ MastodonPostScheduler (in target 'mastodon-post-scheduler-product' from project 'MastodonPostScheduler')
SwiftCompile normal arm64 (in target 'mastodon-post-scheduler-product' from project 'MastodonPostScheduler')
    cd /Users/admin/builder/spi-builder-workspace/.swiftpm/xcode

SwiftCompile normal arm64 Compiling\ Delete.swift /Users/admin/builder/spi-builder-workspace/Sources/MastodonPostScheduler/Delete.swift (in target 'mastodon-post-scheduler-product' from project 'MastodonPostScheduler')
SwiftCompile normal arm64 /Users/admin/builder/spi-builder-workspace/Sources/MastodonPostScheduler/Delete.swift (in target 'mastodon-post-scheduler-product' from project 'MastodonPostScheduler')
    cd /Users/admin/builder/spi-builder-workspace/.swiftpm/xcode
    builtin-SwiftPerFileCompile Delete.swift
SwiftCompile normal arm64 Compiling\ Models.swift /Users/admin/builder/spi-builder-workspace/Sources/MastodonPostScheduler/Models.swift (in target 'mastodon-post-scheduler-product' from project 'MastodonPostScheduler')
SwiftCompile normal arm64 /Users/admin/builder/spi-builder-workspace/Sources/MastodonPostScheduler/Models.swift (in target 'mastodon-post-scheduler-product' from project 'MastodonPostScheduler')
    cd /Users/admin/builder/spi-builder-workspace/.swiftpm/xcode
    builtin-SwiftPerFileCompile Models.swift
SwiftCompile normal arm64 Compiling\ Schedule.swift /Users/admin/builder/spi-builder-workspace/Sources/MastodonPostScheduler/Schedule.swift (in target 'mastodon-post-scheduler-product' from project 'MastodonPostScheduler')
/Users/admin/builder/spi-builder-workspace/Sources/MastodonPostScheduler/Schedule.swift:15:45: error: 'init(filePath:directoryHint:relativeTo:)' is only available in tvOS 16.0 or newer
 6 |
 7 | extension MastodonPostScheduler {
 8 |     struct Schedule: AsyncParsableCommand {
   |            `- note: add '@available' attribute to enclosing struct
 9 |         static let configuration = CommandConfiguration(abstract: "Schedule a post.")
10 |
   :
12 |         @Option var input: String
13 |
14 |         mutating func run() async throws {
   |                       `- note: add '@available' attribute to enclosing instance method
15 |             let post = try Post(contentsOf: URL(filePath: input))
   |                                             |- error: 'init(filePath:directoryHint:relativeTo:)' is only available in tvOS 16.0 or newer
   |                                             `- note: add 'if #available' version check
16 |             print("Scheduling post at \(post.scheduledAt) on \(options.instance) ...")
17 |             let scheduledPost = try await MastodonPostScheduler.schedulePost(post, instance: options.instance, token: options.token)
Failed frontend command:
/Applications/Xcode-27.0.0-Release.Candidate.app/Contents/Developer/Toolchains/XcodeDefault.xctoolchain/usr/bin/swift-frontend -frontend -c /Users/admin/builder/spi-builder-workspace/Sources/MastodonPostScheduler/Delete.swift /Users/admin/builder/spi-builder-workspace/Sources/MastodonPostScheduler/List.swift /Users/admin/builder/spi-builder-workspace/Sources/MastodonPostScheduler/MastodonPostScheduler.swift /Users/admin/builder/spi-builder-workspace/Sources/MastodonPostScheduler/Models.swift -primary-file /Users/admin/builder/spi-builder-workspace/Sources/MastodonPostScheduler/Schedule.swift -emit-dependencies-path /Users/admin/builder/spi-builder-workspace/.derivedData/Build/Intermediates.noindex/MastodonPostScheduler.build/Debug-appletvos/mastodon-post-scheduler-p.build/Objects-normal/arm64/Schedule.d -emit-const-values-path /Users/admin/builder/spi-builder-workspace/.derivedData/Build/Intermediates.noindex/MastodonPostScheduler.build/Debug-appletvos/mastodon-post-scheduler-p.build/Objects-normal/arm64/Schedule.swiftconstvalues -emit-reference-dependencies-path /Users/admin/builder/spi-builder-workspace/.derivedData/Build/Intermediates.noindex/MastodonPostScheduler.build/Debug-appletvos/mastodon-post-scheduler-p.build/Objects-normal/arm64/Schedule.swiftdeps -serialize-diagnostics-path /Users/admin/builder/spi-builder-workspace/.derivedData/Build/Intermediates.noindex/MastodonPostScheduler.build/Debug-appletvos/mastodon-post-scheduler-p.build/Objects-normal/arm64/Schedule.dia -target arm64-apple-tvos15.0 -disable-cross-import-overlay-search -load-resolved-plugin /Applications/Xcode-27.0.0-Release.Candidate.app/Contents/Developer/Platforms/AppleTVOS.platform/Developer/usr/lib/swift/host/plugins/libFoundationMacros.dylib\#/Applications/Xcode-27.0.0-Release.Candidate.app/Contents/Developer/Platforms/AppleTVOS.platform/Developer/usr/bin/swift-plugin-server\#FoundationMacros -load-resolved-plugin /Applications/Xcode-27.0.0-Release.Candidate.app/Contents/Developer/Platforms/AppleTVOS.platform/Developer/usr/lib/swift/host/plugins/libObservationMacros.dylib\#/Applications/Xcode-27.0.0-Release.Candidate.app/Contents/Developer/Platforms/AppleTVOS.platform/Developer/usr/bin/swift-plugin-server\#ObservationMacros -load-resolved-plugin /Applications/Xcode-27.0.0-Release.Candidate.app/Contents/Developer/Platforms/AppleTVOS.platform/Developer/usr/lib/swift/host/plugins/libPreviewsMacros.dylib\#/Applications/Xcode-27.0.0-Release.Candidate.app/Contents/Developer/Platforms/AppleTVOS.platform/Developer/usr/bin/swift-plugin-server\#PreviewsMacros -load-resolved-plugin /Applications/Xcode-27.0.0-Release.Candidate.app/Contents/Developer/Platforms/AppleTVOS.platform/Developer/usr/lib/swift/host/plugins/libSwiftMacros.dylib\#/Applications/Xcode-27.0.0-Release.Candidate.app/Contents/Developer/Platforms/AppleTVOS.platform/Developer/usr/bin/swift-plugin-server\#SwiftMacros -load-resolved-plugin /Applications/Xcode-27.0.0-Release.Candidate.app/Contents/Developer/Platforms/AppleTVOS.platform/Developer/usr/lib/swift/host/plugins/libSwiftUIMacros.dylib\#/Applications/Xcode-27.0.0-Release.Candidate.app/Contents/Developer/Platforms/AppleTVOS.platform/Developer/usr/bin/swift-plugin-server\#SwiftUIMacros -disable-implicit-swift-modules -Xcc -fno-implicit-modules -Xcc -fno-implicit-module-maps -explicit-swift-module-map-file /Users/admin/builder/spi-builder-workspace/.derivedData/Build/Intermediates.noindex/MastodonPostScheduler.build/Debug-appletvos/mastodon-post-scheduler-p.build/Objects-normal/arm64/MastodonPostScheduler-dependencies-1.json -Xllvm -aarch64-use-tbi -enable-objc-interop -stack-check -sdk /Applications/Xcode-27.0.0-Release.Candidate.app/Contents/Developer/Platforms/AppleTVOS.platform/Developer/SDKs/AppleTVOS27.0.sdk -I /Users/admin/builder/spi-builder-workspace/.derivedData/Build/Products/Debug-appletvos -Isystem /Applications/Xcode-27.0.0-Release.Candidate.app/Contents/Developer/Platforms/AppleTVOS.platform/Developer/usr/lib -F /Users/admin/builder/spi-builder-workspace/.derivedData/Build/Products/Debug-appletvos/PackageFrameworks -F /Users/admin/builder/spi-builder-workspace/.derivedData/Build/Products/Debug-appletvos -F /Applications/Xcode-27.0.0-Release.Candidate.app/Contents/Developer/Platforms/AppleTVOS.platform/Developer/Library/Frameworks -F /Applications/Xcode-27.0.0-Release.Candidate.app/Contents/Developer/Platforms/AppleTVOS.platform/Developer/SDKs/AppleTVOS27.0.sdk/Developer/Library/Frameworks -module-cache-path /Users/admin/builder/spi-builder-workspace/.derivedData/Build/Intermediates.noindex/SwiftExplicitPrecompiledModules -no-color-diagnostics -Xcc -fno-color-diagnostics -enable-testing -g -debug-info-format\=dwarf -dwarf-version\=4 -swift-version 6 -Onone -D SWIFT_PACKAGE -D DEBUG -D Xcode -serialize-debugging-options -enable-experimental-feature DebugDescriptionMacro -empty-abi-descriptor -validate-clang-modules-once -clang-build-session-file /Users/admin/builder/spi-builder-workspace/.derivedData/ModuleCache.noindex/Session.modulevalidation -Xcc -working-directory -Xcc /Users/admin/builder/spi-builder-workspace/.swiftpm/xcode -enable-anonymous-context-mangled-names -file-compilation-dir /Users/admin/builder/spi-builder-workspace/.swiftpm/xcode -Xcc -fmodule-map-file\=/Users/admin/builder/spi-builder-workspace/.dependencies/checkouts/swift-atomics/Sources/_AtomicsShims/include/module.modulemap -Xcc -fmodule-map-file\=/Users/admin/builder/spi-builder-workspace/.derivedData/Build/Intermediates.noindex/GeneratedModuleMaps-appletvos/CNIOLLHTTP.modulemap -Xcc -fmodule-map-file\=/Users/admin/builder/spi-builder-workspace/.derivedData/Build/Intermediates.noindex/GeneratedModuleMaps-appletvos/CNIOPosix.modulemap -Xcc -fmodule-map-file\=/Users/admin/builder/spi-builder-workspace/.derivedData/Build/Intermediates.noindex/GeneratedModuleMaps-appletvos/CNIOWASI.modulemap -Xcc -fmodule-map-file\=/Users/admin/builder/spi-builder-workspace/.dependencies/checkouts/swift-nio/Sources/CNIOWindows/include/module.modulemap -Xcc -fmodule-map-file\=/Users/admin/builder/spi-builder-workspace/.derivedData/Build/Intermediates.noindex/GeneratedModuleMaps-appletvos/CNIOLinux.modulemap -Xcc -fmodule-map-file\=/Users/admin/builder/spi-builder-workspace/.derivedData/Build/Intermediates.noindex/GeneratedModuleMaps-appletvos/CNIODarwin.modulemap -Xcc -fmodule-map-file\=/Users/admin/builder/spi-builder-workspace/.derivedData/Build/Intermediates.noindex/GeneratedModuleMaps-appletvos/CNIOFreeBSD.modulemap -Xcc -fmodule-map-file\=/Users/admin/builder/spi-builder-workspace/.derivedData/Build/Intermediates.noindex/GeneratedModuleMaps-appletvos/CNIOOpenBSD.modulemap -Xcc -fmodule-map-file\=/Users/admin/builder/spi-builder-workspace/.derivedData/Build/Intermediates.noindex/GeneratedModuleMaps-appletvos/CNIOAtomics.modulemap -Xcc -D_LIBCPP_HARDENING_MODE\=_LIBCPP_HARDENING_MODE_DEBUG -Xcc -ivfsstatcache -Xcc /Users/admin/builder/spi-builder-workspace/.derivedData/SDKStatCaches.noindex/appletvos27.0-24J360-e829b21a6f8c9b70876ba0858053c044b32bfd8d43560033f8d89884cdb90028.sdkstatcache -Xcc -fmodules-prune-interval\=86400 -Xcc -fmodules-prune-after\=345600 -Xcc -I/Users/admin/builder/spi-builder-workspace/.dependencies/checkouts/swift-atomics/Sources/_AtomicsShims/include -Xcc -I/Users/admin/builder/spi-builder-workspace/.dependencies/checkouts/swift-nio/Sources/CNIOLLHTTP/include -Xcc -I/Users/admin/builder/spi-builder-workspace/.dependencies/checkouts/swift-nio/Sources/CNIOPosix/include -Xcc -I/Users/admin/builder/spi-builder-workspace/.dependencies/checkouts/swift-nio/Sources/CNIOWASI/include -Xcc -I/Users/admin/builder/spi-builder-workspace/.dependencies/checkouts/swift-nio/Sources/CNIOWindows/include -Xcc -I/Users/admin/builder/spi-builder-workspace/.dependencies/checkouts/swift-nio/Sources/CNIOLinux/include -Xcc -I/Users/admin/builder/spi-builder-workspace/.dependencies/checkouts/swift-nio/Sources/CNIODarwin/include -Xcc -I/Users/admin/builder/spi-builder-workspace/.dependencies/checkouts/swift-nio/Sources/CNIOFreeBSD/include -Xcc -I/Users/admin/builder/spi-builder-workspace/.dependencies/checkouts/swift-nio/Sources/CNIOOpenBSD/include -Xcc -I/Users/admin/builder/spi-builder-workspace/.dependencies/checkouts/swift-nio/Sources/CNIOAtomics/include -Xcc -I/Users/admin/builder/spi-builder-workspace/.derivedData/Build/Products/Debug-appletvos/include -Xcc -I/Users/admin/builder/spi-builder-workspace/.derivedData/Build/Intermediates.noindex/MastodonPostScheduler.build/Debug-appletvos/mastodon-post-scheduler-p.build/DerivedSources-normal/arm64 -Xcc -I/Users/admin/builder/spi-builder-workspace/.derivedData/Build/Intermediates.noindex/MastodonPostScheduler.build/Debug-appletvos/mastodon-post-scheduler-p.build/DerivedSources/arm64 -Xcc -I/Users/admin/builder/spi-builder-workspace/.derivedData/Build/Intermediates.noindex/MastodonPostScheduler.build/Debug-appletvos/mastodon-post-scheduler-p.build/DerivedSources -Xcc -DSWIFT_PACKAGE -Xcc -DDEBUG\=1 -no-auto-bridging-header-chaining -module-name MastodonPostScheduler -package-name spi_builder_workspace -const-gather-protocols-file /Users/admin/builder/spi-builder-workspace/.derivedData/Build/Intermediates.noindex/MastodonPostScheduler.build/Debug-appletvos/mastodon-post-scheduler-p.build/Objects-normal/arm64/mastodon-post-scheduler_const_extract_protocols.json -disable-clang-spi -clang-target arm64-apple-tvos27.0 -target-sdk-version 27.0 -target-sdk-name appletvos27.0 -in-process-plugin-server-path /Applications/Xcode-27.0.0-Release.Candidate.app/Contents/Developer/Toolchains/XcodeDefault.xctoolchain/usr/lib/swift/host/libSwiftInProcPluginServer.dylib -parse-as-library -o /Users/admin/builder/spi-builder-workspace/.derivedData/Build/Intermediates.noindex/MastodonPostScheduler.build/Debug-appletvos/mastodon-post-scheduler-p.build/Objects-normal/arm64/Schedule.o -debug-module-path /Users/admin/builder/spi-builder-workspace/.derivedData/Build/Intermediates.noindex/MastodonPostScheduler.build/Debug-appletvos/mastodon-post-scheduler-p.build/Objects-normal/arm64/MastodonPostScheduler.swiftmodule -index-unit-output-path /MastodonPostScheduler.build/Debug-appletvos/mastodon-post-scheduler-p.build/Objects-normal/arm64/Schedule.o -index-store-path /Users/admin/builder/spi-builder-workspace/.derivedData/Index.noindex/DataStore -index-system-modules
SwiftCompile normal arm64 /Users/admin/builder/spi-builder-workspace/Sources/MastodonPostScheduler/Schedule.swift (in target 'mastodon-post-scheduler-product' from project 'MastodonPostScheduler')
    cd /Users/admin/builder/spi-builder-workspace/.swiftpm/xcode
    builtin-SwiftPerFileCompile Schedule.swift
SwiftCompile normal arm64 Compiling\ List.swift /Users/admin/builder/spi-builder-workspace/Sources/MastodonPostScheduler/List.swift (in target 'mastodon-post-scheduler-product' from project 'MastodonPostScheduler')
SwiftCompile normal arm64 /Users/admin/builder/spi-builder-workspace/Sources/MastodonPostScheduler/List.swift (in target 'mastodon-post-scheduler-product' from project 'MastodonPostScheduler')
    cd /Users/admin/builder/spi-builder-workspace/.swiftpm/xcode
    builtin-SwiftPerFileCompile List.swift
SwiftCompile normal arm64 Compiling\ MastodonPostScheduler.swift /Users/admin/builder/spi-builder-workspace/Sources/MastodonPostScheduler/MastodonPostScheduler.swift (in target 'mastodon-post-scheduler-product' from project 'MastodonPostScheduler')
SwiftCompile normal arm64 /Users/admin/builder/spi-builder-workspace/Sources/MastodonPostScheduler/MastodonPostScheduler.swift (in target 'mastodon-post-scheduler-product' from project 'MastodonPostScheduler')
    cd /Users/admin/builder/spi-builder-workspace/.swiftpm/xcode
    builtin-SwiftPerFileCompile MastodonPostScheduler.swift
PruneExplicitPrecompiledModules /Users/admin/builder/spi-builder-workspace/.derivedData/Build/Intermediates.noindex/ExplicitPrecompiledModules
PruneExplicitPrecompiledModules /Users/admin/builder/spi-builder-workspace/.derivedData/SDKExplicitPrecompiledModules
PruneExplicitPrecompiledModules /Users/admin/builder/spi-builder-workspace/.derivedData/Build/Intermediates.noindex/SwiftExplicitPrecompiledModules
2026-09-21 17:27:21.622 xcodebuild[1731:10028] [MT] IDERunDestination: Supported platforms for the buildables in the current scheme is empty.
** BUILD FAILED **
The following build commands failed:
	SwiftCompile normal arm64 Compiling\ Schedule.swift /Users/admin/builder/spi-builder-workspace/Sources/MastodonPostScheduler/Schedule.swift (in target 'mastodon-post-scheduler-product' from project 'MastodonPostScheduler')
	SwiftCompile normal arm64 /Users/admin/builder/spi-builder-workspace/Sources/MastodonPostScheduler/Schedule.swift (in target 'mastodon-post-scheduler-product' from project 'MastodonPostScheduler')
	Building workspace MastodonPostScheduler with scheme MastodonPostScheduler
(3 failures)
BUILD FAILURE 6.4 tvOS