Build Information
Failed to build WebFormsCore, reference 2.1.0 (db05a8), with Swift 6.1 for watchOS using Xcode 16.3 on 28 Sep 2026 16:53:03 UTC.
Build Command
env DEVELOPER_DIR=/Applications/Xcode-16.3.0.app xcrun xcodebuild -IDEClonedSourcePackagesDirPathOverride=$PWD/.dependencies -skipMacroValidation -skipPackagePluginValidation -derivedDataPath $PWD/.derivedData build -scheme WebFormsCore -destination generic/platform=watchOSBuild Log
========================================
RunAll
========================================
Builder version: 5.1.0
Interrupt handler set up.
========================================
Checkout
========================================
Clone URL: https://github.com/webforms-core/swift.git
Reference: 2.1.0
Initialized empty Git repository in /Users/admin/builder/spi-builder-workspace/.git/
From https://github.com/webforms-core/swift
* tag 2.1.0 -> FETCH_HEAD
HEAD is now at db05a89 Add files via upload
Cloned https://github.com/webforms-core/swift.git
Revision (git rev-parse @):
db05a8931caa9d32d8345e70db0cdba02f34590b
SUCCESS checkout https://github.com/webforms-core/swift.git at 2.1.0
========================================
Build
========================================
Selected platform: watchOS
Swift version: 6.1
Building package at path: $PWD
https://github.com/webforms-core/swift.git
https://github.com/webforms-core/swift.git
{
"dependencies" : [
],
"manifest_display_name" : "WebFormsCore",
"name" : "WebFormsCore",
"path" : "/Users/admin/builder/spi-builder-workspace",
"platforms" : [
],
"products" : [
{
"name" : "WebFormsCore",
"targets" : [
"WebFormsCore"
],
"type" : {
"library" : [
"automatic"
]
}
}
],
"targets" : [
{
"c99name" : "WebFormsCoreTests",
"module_type" : "SwiftTarget",
"name" : "WebFormsCoreTests",
"path" : "Tests/WebFormsCoreTests",
"sources" : [
"WebFormsCoreTests.swift"
],
"target_dependencies" : [
"WebFormsCore"
],
"type" : "test"
},
{
"c99name" : "WebFormsCore",
"module_type" : "SwiftTarget",
"name" : "WebFormsCore",
"path" : "Sources/WebFormsCore",
"product_memberships" : [
"WebFormsCore"
],
"sources" : [
"WebForms.swift"
],
"type" : "library"
}
],
"tools_version" : "5.9"
}
Command line invocation:
/Applications/Xcode-16.3.0.app/Contents/Developer/usr/bin/xcodebuild -IDEClonedSourcePackagesDirPathOverride=/Users/admin/builder/spi-builder-workspace/.dependencies -resolvePackageDependencies
Resolve Package Graph
Resolve Package Graph
Resolved source packages:
WebFormsCore: /Users/admin/builder/spi-builder-workspace
resolved source packages: WebFormsCore
{
"dependencies" : [
],
"manifest_display_name" : "WebFormsCore",
"name" : "WebFormsCore",
"path" : "/Users/admin/builder/spi-builder-workspace",
"platforms" : [
],
"products" : [
{
"name" : "WebFormsCore",
"targets" : [
"WebFormsCore"
],
"type" : {
"library" : [
"automatic"
]
}
}
],
"targets" : [
{
"c99name" : "WebFormsCoreTests",
"module_type" : "SwiftTarget",
"name" : "WebFormsCoreTests",
"path" : "Tests/WebFormsCoreTests",
"sources" : [
"WebFormsCoreTests.swift"
],
"target_dependencies" : [
"WebFormsCore"
],
"type" : "test"
},
{
"c99name" : "WebFormsCore",
"module_type" : "SwiftTarget",
"name" : "WebFormsCore",
"path" : "Sources/WebFormsCore",
"product_memberships" : [
"WebFormsCore"
],
"sources" : [
"WebForms.swift"
],
"type" : "library"
}
],
"tools_version" : "5.9"
}
{
"workspace" : {
"name" : "spi-builder-workspace",
"schemes" : [
"WebFormsCore"
]
}
}
Running build ...
env DEVELOPER_DIR=/Applications/Xcode-16.3.0.app xcrun xcodebuild -IDEClonedSourcePackagesDirPathOverride=$PWD/.dependencies -skipMacroValidation -skipPackagePluginValidation -derivedDataPath $PWD/.derivedData build -scheme WebFormsCore -destination generic/platform=watchOS OTHER_SWIFT_FLAGS=-stats-output-dir .stats -strict-concurrency=complete -enable-upcoming-feature StrictConcurrency -enable-upcoming-feature DisableOutwardActorInference -enable-upcoming-feature GlobalActorIsolatedTypesUsability -enable-upcoming-feature InferSendableFromCaptures
Command line invocation:
/Applications/Xcode-16.3.0.app/Contents/Developer/usr/bin/xcodebuild -IDEClonedSourcePackagesDirPathOverride=/Users/admin/builder/spi-builder-workspace/.dependencies -skipMacroValidation -skipPackagePluginValidation -derivedDataPath /Users/admin/builder/spi-builder-workspace/.derivedData build -scheme WebFormsCore -destination generic/platform=watchOS "OTHER_SWIFT_FLAGS=-stats-output-dir .stats -strict-concurrency=complete -enable-upcoming-feature StrictConcurrency -enable-upcoming-feature DisableOutwardActorInference -enable-upcoming-feature GlobalActorIsolatedTypesUsability -enable-upcoming-feature InferSendableFromCaptures"
Build settings from command line:
OTHER_SWIFT_FLAGS = -stats-output-dir .stats -strict-concurrency=complete -enable-upcoming-feature StrictConcurrency -enable-upcoming-feature DisableOutwardActorInference -enable-upcoming-feature GlobalActorIsolatedTypesUsability -enable-upcoming-feature InferSendableFromCaptures
Resolve Package Graph
Resolved source packages:
WebFormsCore: /Users/admin/builder/spi-builder-workspace
ComputePackagePrebuildTargetDependencyGraph
Prepare packages
CreateBuildRequest
SendProjectDescription
CreateBuildOperation
ComputeTargetDependencyGraph
note: Building targets in dependency order
note: Target dependency graph (2 targets)
Target 'WebFormsCore' in project 'WebFormsCore'
➜ Explicit dependency on target 'WebFormsCore' in project 'WebFormsCore'
Target 'WebFormsCore' in project 'WebFormsCore' (no dependencies)
GatherProvisioningInputs
CreateBuildDescription
ExecuteExternalTool /Applications/Xcode-16.3.0.app/Contents/Developer/Toolchains/XcodeDefault.xctoolchain/usr/bin/clang -v -E -dM -isysroot /Applications/Xcode-16.3.0.app/Contents/Developer/Platforms/WatchOS.platform/Developer/SDKs/WatchOS11.4.sdk -x c -c /dev/null
ExecuteExternalTool /Applications/Xcode-16.3.0.app/Contents/Developer/Toolchains/XcodeDefault.xctoolchain/usr/bin/swiftc --version
ExecuteExternalTool /Applications/Xcode-16.3.0.app/Contents/Developer/Toolchains/XcodeDefault.xctoolchain/usr/bin/ld -version_details
Build description signature: 8f3d1baf58b6c50e678c02c5d64fe117
Build description path: /Users/admin/builder/spi-builder-workspace/.derivedData/Build/Intermediates.noindex/XCBuildData/8f3d1baf58b6c50e678c02c5d64fe117.xcbuilddata
CreateBuildDirectory /Users/admin/builder/spi-builder-workspace/.derivedData/Build/Products
cd /Users/admin/builder/spi-builder-workspace/.swiftpm/xcode
builtin-create-build-directory /Users/admin/builder/spi-builder-workspace/.derivedData/Build/Products
CreateBuildDirectory /Users/admin/builder/spi-builder-workspace/.derivedData/Build/Intermediates.noindex
cd /Users/admin/builder/spi-builder-workspace/.swiftpm/xcode
builtin-create-build-directory /Users/admin/builder/spi-builder-workspace/.derivedData/Build/Intermediates.noindex
ClangStatCache /Applications/Xcode-16.3.0.app/Contents/Developer/Toolchains/XcodeDefault.xctoolchain/usr/bin/clang-stat-cache /Applications/Xcode-16.3.0.app/Contents/Developer/Platforms/WatchOS.platform/Developer/SDKs/WatchOS11.4.sdk /Users/admin/builder/spi-builder-workspace/.derivedData/SDKStatCaches.noindex/watchos11.4-22T246-43efb940ff07ba2497b70ec94253f576.sdkstatcache
cd /Users/admin/builder/spi-builder-workspace/.swiftpm/xcode
/Applications/Xcode-16.3.0.app/Contents/Developer/Toolchains/XcodeDefault.xctoolchain/usr/bin/clang-stat-cache /Applications/Xcode-16.3.0.app/Contents/Developer/Platforms/WatchOS.platform/Developer/SDKs/WatchOS11.4.sdk -o /Users/admin/builder/spi-builder-workspace/.derivedData/SDKStatCaches.noindex/watchos11.4-22T246-43efb940ff07ba2497b70ec94253f576.sdkstatcache
CreateBuildDirectory /Users/admin/builder/spi-builder-workspace/.derivedData/Build/Products/Debug-watchos
cd /Users/admin/builder/spi-builder-workspace/.swiftpm/xcode
builtin-create-build-directory /Users/admin/builder/spi-builder-workspace/.derivedData/Build/Products/Debug-watchos
CreateBuildDirectory /Users/admin/builder/spi-builder-workspace/.derivedData/Build/Intermediates.noindex/EagerLinkingTBDs/Debug-watchos
cd /Users/admin/builder/spi-builder-workspace/.swiftpm/xcode
builtin-create-build-directory /Users/admin/builder/spi-builder-workspace/.derivedData/Build/Intermediates.noindex/EagerLinkingTBDs/Debug-watchos
CreateBuildDirectory /Users/admin/builder/spi-builder-workspace/.derivedData/Build/Products/Debug-watchos/PackageFrameworks
cd /Users/admin/builder/spi-builder-workspace/.swiftpm/xcode
builtin-create-build-directory /Users/admin/builder/spi-builder-workspace/.derivedData/Build/Products/Debug-watchos/PackageFrameworks
WriteAuxiliaryFile /Users/admin/builder/spi-builder-workspace/.derivedData/Build/Intermediates.noindex/WebFormsCore.build/Debug-watchos/WebFormsCore.build/WebFormsCore.modulemap (in target 'WebFormsCore' from project 'WebFormsCore')
cd /Users/admin/builder/spi-builder-workspace
write-file /Users/admin/builder/spi-builder-workspace/.derivedData/Build/Intermediates.noindex/WebFormsCore.build/Debug-watchos/WebFormsCore.build/WebFormsCore.modulemap
WriteAuxiliaryFile /Users/admin/builder/spi-builder-workspace/.derivedData/Build/Intermediates.noindex/WebFormsCore.build/Debug-watchos/WebFormsCore.build/Objects-normal/arm64_32/WebFormsCore-OutputFileMap.json (in target 'WebFormsCore' from project 'WebFormsCore')
cd /Users/admin/builder/spi-builder-workspace
write-file /Users/admin/builder/spi-builder-workspace/.derivedData/Build/Intermediates.noindex/WebFormsCore.build/Debug-watchos/WebFormsCore.build/Objects-normal/arm64_32/WebFormsCore-OutputFileMap.json
WriteAuxiliaryFile /Users/admin/builder/spi-builder-workspace/.derivedData/Build/Intermediates.noindex/WebFormsCore.build/Debug-watchos/WebFormsCore.build/Objects-normal/arm64_32/WebFormsCore_const_extract_protocols.json (in target 'WebFormsCore' from project 'WebFormsCore')
cd /Users/admin/builder/spi-builder-workspace
write-file /Users/admin/builder/spi-builder-workspace/.derivedData/Build/Intermediates.noindex/WebFormsCore.build/Debug-watchos/WebFormsCore.build/Objects-normal/arm64_32/WebFormsCore_const_extract_protocols.json
WriteAuxiliaryFile /Users/admin/builder/spi-builder-workspace/.derivedData/Build/Intermediates.noindex/WebFormsCore.build/Debug-watchos/WebFormsCore.build/Objects-normal/armv7k/WebFormsCore_const_extract_protocols.json (in target 'WebFormsCore' from project 'WebFormsCore')
cd /Users/admin/builder/spi-builder-workspace
write-file /Users/admin/builder/spi-builder-workspace/.derivedData/Build/Intermediates.noindex/WebFormsCore.build/Debug-watchos/WebFormsCore.build/Objects-normal/armv7k/WebFormsCore_const_extract_protocols.json
WriteAuxiliaryFile /Users/admin/builder/spi-builder-workspace/.derivedData/Build/Intermediates.noindex/WebFormsCore.build/Debug-watchos/WebFormsCore.build/Objects-normal/armv7k/WebFormsCore-OutputFileMap.json (in target 'WebFormsCore' from project 'WebFormsCore')
cd /Users/admin/builder/spi-builder-workspace
write-file /Users/admin/builder/spi-builder-workspace/.derivedData/Build/Intermediates.noindex/WebFormsCore.build/Debug-watchos/WebFormsCore.build/Objects-normal/armv7k/WebFormsCore-OutputFileMap.json
WriteAuxiliaryFile /Users/admin/builder/spi-builder-workspace/.derivedData/Build/Intermediates.noindex/WebFormsCore.build/Debug-watchos/WebFormsCore.build/Objects-normal/armv7k/WebFormsCore.LinkFileList (in target 'WebFormsCore' from project 'WebFormsCore')
cd /Users/admin/builder/spi-builder-workspace
write-file /Users/admin/builder/spi-builder-workspace/.derivedData/Build/Intermediates.noindex/WebFormsCore.build/Debug-watchos/WebFormsCore.build/Objects-normal/armv7k/WebFormsCore.LinkFileList
WriteAuxiliaryFile /Users/admin/builder/spi-builder-workspace/.derivedData/Build/Intermediates.noindex/WebFormsCore.build/Debug-watchos/WebFormsCore.build/Objects-normal/arm64_32/WebFormsCore.LinkFileList (in target 'WebFormsCore' from project 'WebFormsCore')
cd /Users/admin/builder/spi-builder-workspace
write-file /Users/admin/builder/spi-builder-workspace/.derivedData/Build/Intermediates.noindex/WebFormsCore.build/Debug-watchos/WebFormsCore.build/Objects-normal/arm64_32/WebFormsCore.LinkFileList
WriteAuxiliaryFile /Users/admin/builder/spi-builder-workspace/.derivedData/Build/Intermediates.noindex/WebFormsCore.build/Debug-watchos/WebFormsCore.build/Objects-normal/arm64/WebFormsCore-OutputFileMap.json (in target 'WebFormsCore' from project 'WebFormsCore')
cd /Users/admin/builder/spi-builder-workspace
write-file /Users/admin/builder/spi-builder-workspace/.derivedData/Build/Intermediates.noindex/WebFormsCore.build/Debug-watchos/WebFormsCore.build/Objects-normal/arm64/WebFormsCore-OutputFileMap.json
WriteAuxiliaryFile /Users/admin/builder/spi-builder-workspace/.derivedData/Build/Intermediates.noindex/WebFormsCore.build/Debug-watchos/WebFormsCore.build/Objects-normal/arm64/WebFormsCore_const_extract_protocols.json (in target 'WebFormsCore' from project 'WebFormsCore')
cd /Users/admin/builder/spi-builder-workspace
write-file /Users/admin/builder/spi-builder-workspace/.derivedData/Build/Intermediates.noindex/WebFormsCore.build/Debug-watchos/WebFormsCore.build/Objects-normal/arm64/WebFormsCore_const_extract_protocols.json
WriteAuxiliaryFile /Users/admin/builder/spi-builder-workspace/.derivedData/Build/Intermediates.noindex/WebFormsCore.build/Debug-watchos/WebFormsCore.build/WebFormsCore.DependencyStaticMetadataFileList (in target 'WebFormsCore' from project 'WebFormsCore')
cd /Users/admin/builder/spi-builder-workspace
write-file /Users/admin/builder/spi-builder-workspace/.derivedData/Build/Intermediates.noindex/WebFormsCore.build/Debug-watchos/WebFormsCore.build/WebFormsCore.DependencyStaticMetadataFileList
WriteAuxiliaryFile /Users/admin/builder/spi-builder-workspace/.derivedData/Build/Intermediates.noindex/WebFormsCore.build/Debug-watchos/WebFormsCore.build/WebFormsCore.DependencyMetadataFileList (in target 'WebFormsCore' from project 'WebFormsCore')
cd /Users/admin/builder/spi-builder-workspace
write-file /Users/admin/builder/spi-builder-workspace/.derivedData/Build/Intermediates.noindex/WebFormsCore.build/Debug-watchos/WebFormsCore.build/WebFormsCore.DependencyMetadataFileList
WriteAuxiliaryFile /Users/admin/builder/spi-builder-workspace/.derivedData/Build/Intermediates.noindex/WebFormsCore.build/Debug-watchos/WebFormsCore.build/Objects-normal/armv7k/WebFormsCore.SwiftFileList (in target 'WebFormsCore' from project 'WebFormsCore')
cd /Users/admin/builder/spi-builder-workspace
write-file /Users/admin/builder/spi-builder-workspace/.derivedData/Build/Intermediates.noindex/WebFormsCore.build/Debug-watchos/WebFormsCore.build/Objects-normal/armv7k/WebFormsCore.SwiftFileList
WriteAuxiliaryFile /Users/admin/builder/spi-builder-workspace/.derivedData/Build/Intermediates.noindex/WebFormsCore.build/Debug-watchos/WebFormsCore.build/Objects-normal/armv7k/WebFormsCore.SwiftConstValuesFileList (in target 'WebFormsCore' from project 'WebFormsCore')
cd /Users/admin/builder/spi-builder-workspace
write-file /Users/admin/builder/spi-builder-workspace/.derivedData/Build/Intermediates.noindex/WebFormsCore.build/Debug-watchos/WebFormsCore.build/Objects-normal/armv7k/WebFormsCore.SwiftConstValuesFileList
WriteAuxiliaryFile /Users/admin/builder/spi-builder-workspace/.derivedData/Build/Intermediates.noindex/WebFormsCore.build/Debug-watchos/WebFormsCore.build/Objects-normal/arm64_32/WebFormsCore.SwiftFileList (in target 'WebFormsCore' from project 'WebFormsCore')
cd /Users/admin/builder/spi-builder-workspace
write-file /Users/admin/builder/spi-builder-workspace/.derivedData/Build/Intermediates.noindex/WebFormsCore.build/Debug-watchos/WebFormsCore.build/Objects-normal/arm64_32/WebFormsCore.SwiftFileList
WriteAuxiliaryFile /Users/admin/builder/spi-builder-workspace/.derivedData/Build/Intermediates.noindex/WebFormsCore.build/Debug-watchos/WebFormsCore.build/Objects-normal/arm64_32/WebFormsCore.SwiftConstValuesFileList (in target 'WebFormsCore' from project 'WebFormsCore')
cd /Users/admin/builder/spi-builder-workspace
write-file /Users/admin/builder/spi-builder-workspace/.derivedData/Build/Intermediates.noindex/WebFormsCore.build/Debug-watchos/WebFormsCore.build/Objects-normal/arm64_32/WebFormsCore.SwiftConstValuesFileList
WriteAuxiliaryFile /Users/admin/builder/spi-builder-workspace/.derivedData/Build/Intermediates.noindex/WebFormsCore.build/Debug-watchos/WebFormsCore.build/Objects-normal/arm64/WebFormsCore.SwiftFileList (in target 'WebFormsCore' from project 'WebFormsCore')
cd /Users/admin/builder/spi-builder-workspace
write-file /Users/admin/builder/spi-builder-workspace/.derivedData/Build/Intermediates.noindex/WebFormsCore.build/Debug-watchos/WebFormsCore.build/Objects-normal/arm64/WebFormsCore.SwiftFileList
WriteAuxiliaryFile /Users/admin/builder/spi-builder-workspace/.derivedData/Build/Intermediates.noindex/WebFormsCore.build/Debug-watchos/WebFormsCore.build/Objects-normal/arm64/WebFormsCore.SwiftConstValuesFileList (in target 'WebFormsCore' from project 'WebFormsCore')
cd /Users/admin/builder/spi-builder-workspace
write-file /Users/admin/builder/spi-builder-workspace/.derivedData/Build/Intermediates.noindex/WebFormsCore.build/Debug-watchos/WebFormsCore.build/Objects-normal/arm64/WebFormsCore.SwiftConstValuesFileList
WriteAuxiliaryFile /Users/admin/builder/spi-builder-workspace/.derivedData/Build/Intermediates.noindex/WebFormsCore.build/Debug-watchos/WebFormsCore.build/Objects-normal/arm64/WebFormsCore.LinkFileList (in target 'WebFormsCore' from project 'WebFormsCore')
cd /Users/admin/builder/spi-builder-workspace
write-file /Users/admin/builder/spi-builder-workspace/.derivedData/Build/Intermediates.noindex/WebFormsCore.build/Debug-watchos/WebFormsCore.build/Objects-normal/arm64/WebFormsCore.LinkFileList
Copy /Users/admin/builder/spi-builder-workspace/.derivedData/Build/Intermediates.noindex/GeneratedModuleMaps-watchos/WebFormsCore.modulemap /Users/admin/builder/spi-builder-workspace/.derivedData/Build/Intermediates.noindex/WebFormsCore.build/Debug-watchos/WebFormsCore.build/WebFormsCore.modulemap (in target 'WebFormsCore' from project 'WebFormsCore')
cd /Users/admin/builder/spi-builder-workspace
builtin-copy -exclude .DS_Store -exclude CVS -exclude .svn -exclude .git -exclude .hg -resolve-src-symlinks /Users/admin/builder/spi-builder-workspace/.derivedData/Build/Intermediates.noindex/WebFormsCore.build/Debug-watchos/WebFormsCore.build/WebFormsCore.modulemap /Users/admin/builder/spi-builder-workspace/.derivedData/Build/Intermediates.noindex/GeneratedModuleMaps-watchos
SwiftDriver WebFormsCore normal armv7k com.apple.xcode.tools.swift.compiler (in target 'WebFormsCore' from project 'WebFormsCore')
cd /Users/admin/builder/spi-builder-workspace/.swiftpm/xcode
builtin-SwiftDriver -- /Applications/Xcode-16.3.0.app/Contents/Developer/Toolchains/XcodeDefault.xctoolchain/usr/bin/swiftc -module-name WebFormsCore -Onone -enforce-exclusivity\=checked @/Users/admin/builder/spi-builder-workspace/.derivedData/Build/Intermediates.noindex/WebFormsCore.build/Debug-watchos/WebFormsCore.build/Objects-normal/armv7k/WebFormsCore.SwiftFileList -DSWIFT_PACKAGE -DDEBUG -stats-output-dir .stats -strict-concurrency\=complete -enable-upcoming-feature StrictConcurrency -enable-upcoming-feature DisableOutwardActorInference -enable-upcoming-feature GlobalActorIsolatedTypesUsability -enable-upcoming-feature InferSendableFromCaptures -plugin-path /Applications/Xcode-16.3.0.app/Contents/Developer/Toolchains/XcodeDefault.xctoolchain/usr/lib/swift/host/plugins/testing -enable-experimental-feature DebugDescriptionMacro -sdk /Applications/Xcode-16.3.0.app/Contents/Developer/Platforms/WatchOS.platform/Developer/SDKs/WatchOS11.4.sdk -target armv7k-apple-watchos5.0 -g -module-cache-path /Users/admin/builder/spi-builder-workspace/.derivedData/ModuleCache.noindex -Xfrontend -serialize-debugging-options -profile-coverage-mapping -profile-generate -enable-testing -index-store-path /Users/admin/builder/spi-builder-workspace/.derivedData/Index.noindex/DataStore -swift-version 5 -I /Users/admin/builder/spi-builder-workspace/.derivedData/Build/Products/Debug-watchos -I /Applications/Xcode-16.3.0.app/Contents/Developer/Platforms/WatchOS.platform/Developer/usr/lib -F /Users/admin/builder/spi-builder-workspace/.derivedData/Build/Products/Debug-watchos -F /Applications/Xcode-16.3.0.app/Contents/Developer/Platforms/WatchOS.platform/Developer/Library/Frameworks -F /Applications/Xcode-16.3.0.app/Contents/Developer/Platforms/WatchOS.platform/Developer/SDKs/WatchOS11.4.sdk/Developer/Library/Frameworks -parse-as-library -c -j10 -enable-batch-mode -incremental -Xcc -ivfsstatcache -Xcc /Users/admin/builder/spi-builder-workspace/.derivedData/SDKStatCaches.noindex/watchos11.4-22T246-43efb940ff07ba2497b70ec94253f576.sdkstatcache -output-file-map /Users/admin/builder/spi-builder-workspace/.derivedData/Build/Intermediates.noindex/WebFormsCore.build/Debug-watchos/WebFormsCore.build/Objects-normal/armv7k/WebFormsCore-OutputFileMap.json -use-frontend-parseable-output -save-temps -no-color-diagnostics -serialize-diagnostics -emit-dependencies -emit-module -emit-module-path /Users/admin/builder/spi-builder-workspace/.derivedData/Build/Intermediates.noindex/WebFormsCore.build/Debug-watchos/WebFormsCore.build/Objects-normal/armv7k/WebFormsCore.swiftmodule -validate-clang-modules-once -clang-build-session-file /Users/admin/builder/spi-builder-workspace/.derivedData/ModuleCache.noindex/Session.modulevalidation -package-name spi_builder_workspace -Xcc -I/Users/admin/builder/spi-builder-workspace/.derivedData/Build/Intermediates.noindex/WebFormsCore.build/Debug-watchos/WebFormsCore.build/swift-overrides.hmap -emit-const-values -Xfrontend -const-gather-protocols-file -Xfrontend /Users/admin/builder/spi-builder-workspace/.derivedData/Build/Intermediates.noindex/WebFormsCore.build/Debug-watchos/WebFormsCore.build/Objects-normal/armv7k/WebFormsCore_const_extract_protocols.json -Xcc -I/Users/admin/builder/spi-builder-workspace/.derivedData/Build/Products/Debug-watchos/include -Xcc -I/Users/admin/builder/spi-builder-workspace/.derivedData/Build/Intermediates.noindex/WebFormsCore.build/Debug-watchos/WebFormsCore.build/DerivedSources-normal/armv7k -Xcc -I/Users/admin/builder/spi-builder-workspace/.derivedData/Build/Intermediates.noindex/WebFormsCore.build/Debug-watchos/WebFormsCore.build/DerivedSources/armv7k -Xcc -I/Users/admin/builder/spi-builder-workspace/.derivedData/Build/Intermediates.noindex/WebFormsCore.build/Debug-watchos/WebFormsCore.build/DerivedSources -Xcc -DSWIFT_PACKAGE -Xcc -DDEBUG\=1 -emit-objc-header -emit-objc-header-path /Users/admin/builder/spi-builder-workspace/.derivedData/Build/Intermediates.noindex/WebFormsCore.build/Debug-watchos/WebFormsCore.build/Objects-normal/armv7k/WebFormsCore-Swift.h -working-directory /Users/admin/builder/spi-builder-workspace/.swiftpm/xcode -experimental-emit-module-separately -disable-cmo
SwiftDriver WebFormsCore normal arm64 com.apple.xcode.tools.swift.compiler (in target 'WebFormsCore' from project 'WebFormsCore')
cd /Users/admin/builder/spi-builder-workspace/.swiftpm/xcode
builtin-SwiftDriver -- /Applications/Xcode-16.3.0.app/Contents/Developer/Toolchains/XcodeDefault.xctoolchain/usr/bin/swiftc -module-name WebFormsCore -Onone -enforce-exclusivity\=checked @/Users/admin/builder/spi-builder-workspace/.derivedData/Build/Intermediates.noindex/WebFormsCore.build/Debug-watchos/WebFormsCore.build/Objects-normal/arm64/WebFormsCore.SwiftFileList -DSWIFT_PACKAGE -DDEBUG -stats-output-dir .stats -strict-concurrency\=complete -enable-upcoming-feature StrictConcurrency -enable-upcoming-feature DisableOutwardActorInference -enable-upcoming-feature GlobalActorIsolatedTypesUsability -enable-upcoming-feature InferSendableFromCaptures -plugin-path /Applications/Xcode-16.3.0.app/Contents/Developer/Toolchains/XcodeDefault.xctoolchain/usr/lib/swift/host/plugins/testing -enable-experimental-feature DebugDescriptionMacro -sdk /Applications/Xcode-16.3.0.app/Contents/Developer/Platforms/WatchOS.platform/Developer/SDKs/WatchOS11.4.sdk -target arm64-apple-watchos5.0 -g -module-cache-path /Users/admin/builder/spi-builder-workspace/.derivedData/ModuleCache.noindex -Xfrontend -serialize-debugging-options -profile-coverage-mapping -profile-generate -enable-testing -index-store-path /Users/admin/builder/spi-builder-workspace/.derivedData/Index.noindex/DataStore -swift-version 5 -I /Users/admin/builder/spi-builder-workspace/.derivedData/Build/Products/Debug-watchos -I /Applications/Xcode-16.3.0.app/Contents/Developer/Platforms/WatchOS.platform/Developer/usr/lib -F /Users/admin/builder/spi-builder-workspace/.derivedData/Build/Products/Debug-watchos -F /Applications/Xcode-16.3.0.app/Contents/Developer/Platforms/WatchOS.platform/Developer/Library/Frameworks -F /Applications/Xcode-16.3.0.app/Contents/Developer/Platforms/WatchOS.platform/Developer/SDKs/WatchOS11.4.sdk/Developer/Library/Frameworks -parse-as-library -c -j10 -enable-batch-mode -incremental -Xcc -ivfsstatcache -Xcc /Users/admin/builder/spi-builder-workspace/.derivedData/SDKStatCaches.noindex/watchos11.4-22T246-43efb940ff07ba2497b70ec94253f576.sdkstatcache -output-file-map /Users/admin/builder/spi-builder-workspace/.derivedData/Build/Intermediates.noindex/WebFormsCore.build/Debug-watchos/WebFormsCore.build/Objects-normal/arm64/WebFormsCore-OutputFileMap.json -use-frontend-parseable-output -save-temps -no-color-diagnostics -serialize-diagnostics -emit-dependencies -emit-module -emit-module-path /Users/admin/builder/spi-builder-workspace/.derivedData/Build/Intermediates.noindex/WebFormsCore.build/Debug-watchos/WebFormsCore.build/Objects-normal/arm64/WebFormsCore.swiftmodule -validate-clang-modules-once -clang-build-session-file /Users/admin/builder/spi-builder-workspace/.derivedData/ModuleCache.noindex/Session.modulevalidation -package-name spi_builder_workspace -Xcc -I/Users/admin/builder/spi-builder-workspace/.derivedData/Build/Intermediates.noindex/WebFormsCore.build/Debug-watchos/WebFormsCore.build/swift-overrides.hmap -emit-const-values -Xfrontend -const-gather-protocols-file -Xfrontend /Users/admin/builder/spi-builder-workspace/.derivedData/Build/Intermediates.noindex/WebFormsCore.build/Debug-watchos/WebFormsCore.build/Objects-normal/arm64/WebFormsCore_const_extract_protocols.json -Xcc -I/Users/admin/builder/spi-builder-workspace/.derivedData/Build/Products/Debug-watchos/include -Xcc -I/Users/admin/builder/spi-builder-workspace/.derivedData/Build/Intermediates.noindex/WebFormsCore.build/Debug-watchos/WebFormsCore.build/DerivedSources-normal/arm64 -Xcc -I/Users/admin/builder/spi-builder-workspace/.derivedData/Build/Intermediates.noindex/WebFormsCore.build/Debug-watchos/WebFormsCore.build/DerivedSources/arm64 -Xcc -I/Users/admin/builder/spi-builder-workspace/.derivedData/Build/Intermediates.noindex/WebFormsCore.build/Debug-watchos/WebFormsCore.build/DerivedSources -Xcc -DSWIFT_PACKAGE -Xcc -DDEBUG\=1 -emit-objc-header -emit-objc-header-path /Users/admin/builder/spi-builder-workspace/.derivedData/Build/Intermediates.noindex/WebFormsCore.build/Debug-watchos/WebFormsCore.build/Objects-normal/arm64/WebFormsCore-Swift.h -working-directory /Users/admin/builder/spi-builder-workspace/.swiftpm/xcode -experimental-emit-module-separately -disable-cmo
SwiftDriver WebFormsCore normal arm64_32 com.apple.xcode.tools.swift.compiler (in target 'WebFormsCore' from project 'WebFormsCore')
cd /Users/admin/builder/spi-builder-workspace/.swiftpm/xcode
builtin-SwiftDriver -- /Applications/Xcode-16.3.0.app/Contents/Developer/Toolchains/XcodeDefault.xctoolchain/usr/bin/swiftc -module-name WebFormsCore -Onone -enforce-exclusivity\=checked @/Users/admin/builder/spi-builder-workspace/.derivedData/Build/Intermediates.noindex/WebFormsCore.build/Debug-watchos/WebFormsCore.build/Objects-normal/arm64_32/WebFormsCore.SwiftFileList -DSWIFT_PACKAGE -DDEBUG -stats-output-dir .stats -strict-concurrency\=complete -enable-upcoming-feature StrictConcurrency -enable-upcoming-feature DisableOutwardActorInference -enable-upcoming-feature GlobalActorIsolatedTypesUsability -enable-upcoming-feature InferSendableFromCaptures -plugin-path /Applications/Xcode-16.3.0.app/Contents/Developer/Toolchains/XcodeDefault.xctoolchain/usr/lib/swift/host/plugins/testing -enable-experimental-feature DebugDescriptionMacro -sdk /Applications/Xcode-16.3.0.app/Contents/Developer/Platforms/WatchOS.platform/Developer/SDKs/WatchOS11.4.sdk -target arm64_32-apple-watchos5.0 -g -module-cache-path /Users/admin/builder/spi-builder-workspace/.derivedData/ModuleCache.noindex -Xfrontend -serialize-debugging-options -profile-coverage-mapping -profile-generate -enable-testing -index-store-path /Users/admin/builder/spi-builder-workspace/.derivedData/Index.noindex/DataStore -swift-version 5 -I /Users/admin/builder/spi-builder-workspace/.derivedData/Build/Products/Debug-watchos -I /Applications/Xcode-16.3.0.app/Contents/Developer/Platforms/WatchOS.platform/Developer/usr/lib -F /Users/admin/builder/spi-builder-workspace/.derivedData/Build/Products/Debug-watchos -F /Applications/Xcode-16.3.0.app/Contents/Developer/Platforms/WatchOS.platform/Developer/Library/Frameworks -F /Applications/Xcode-16.3.0.app/Contents/Developer/Platforms/WatchOS.platform/Developer/SDKs/WatchOS11.4.sdk/Developer/Library/Frameworks -parse-as-library -c -j10 -enable-batch-mode -incremental -Xcc -ivfsstatcache -Xcc /Users/admin/builder/spi-builder-workspace/.derivedData/SDKStatCaches.noindex/watchos11.4-22T246-43efb940ff07ba2497b70ec94253f576.sdkstatcache -output-file-map /Users/admin/builder/spi-builder-workspace/.derivedData/Build/Intermediates.noindex/WebFormsCore.build/Debug-watchos/WebFormsCore.build/Objects-normal/arm64_32/WebFormsCore-OutputFileMap.json -use-frontend-parseable-output -save-temps -no-color-diagnostics -serialize-diagnostics -emit-dependencies -emit-module -emit-module-path /Users/admin/builder/spi-builder-workspace/.derivedData/Build/Intermediates.noindex/WebFormsCore.build/Debug-watchos/WebFormsCore.build/Objects-normal/arm64_32/WebFormsCore.swiftmodule -validate-clang-modules-once -clang-build-session-file /Users/admin/builder/spi-builder-workspace/.derivedData/ModuleCache.noindex/Session.modulevalidation -package-name spi_builder_workspace -Xcc -I/Users/admin/builder/spi-builder-workspace/.derivedData/Build/Intermediates.noindex/WebFormsCore.build/Debug-watchos/WebFormsCore.build/swift-overrides.hmap -emit-const-values -Xfrontend -const-gather-protocols-file -Xfrontend /Users/admin/builder/spi-builder-workspace/.derivedData/Build/Intermediates.noindex/WebFormsCore.build/Debug-watchos/WebFormsCore.build/Objects-normal/arm64_32/WebFormsCore_const_extract_protocols.json -Xcc -I/Users/admin/builder/spi-builder-workspace/.derivedData/Build/Products/Debug-watchos/include -Xcc -I/Users/admin/builder/spi-builder-workspace/.derivedData/Build/Intermediates.noindex/WebFormsCore.build/Debug-watchos/WebFormsCore.build/DerivedSources-normal/arm64_32 -Xcc -I/Users/admin/builder/spi-builder-workspace/.derivedData/Build/Intermediates.noindex/WebFormsCore.build/Debug-watchos/WebFormsCore.build/DerivedSources/arm64_32 -Xcc -I/Users/admin/builder/spi-builder-workspace/.derivedData/Build/Intermediates.noindex/WebFormsCore.build/Debug-watchos/WebFormsCore.build/DerivedSources -Xcc -DSWIFT_PACKAGE -Xcc -DDEBUG\=1 -emit-objc-header -emit-objc-header-path /Users/admin/builder/spi-builder-workspace/.derivedData/Build/Intermediates.noindex/WebFormsCore.build/Debug-watchos/WebFormsCore.build/Objects-normal/arm64_32/WebFormsCore-Swift.h -working-directory /Users/admin/builder/spi-builder-workspace/.swiftpm/xcode -experimental-emit-module-separately -disable-cmo
SwiftEmitModule normal arm64 Emitting\ module\ for\ WebFormsCore (in target 'WebFormsCore' from project 'WebFormsCore')
SwiftCompile normal arm64 /Users/admin/builder/spi-builder-workspace/Sources/WebFormsCore/WebForms.swift (in target 'WebFormsCore' from project 'WebFormsCore')
cd /Users/admin/builder/spi-builder-workspace/.swiftpm/xcode
SwiftCompile normal arm64 Compiling\ WebForms.swift /Users/admin/builder/spi-builder-workspace/Sources/WebFormsCore/WebForms.swift (in target 'WebFormsCore' from project 'WebFormsCore')
SwiftCompile normal arm64 /Users/admin/builder/spi-builder-workspace/Sources/WebFormsCore/WebForms.swift (in target 'WebFormsCore' from project 'WebFormsCore')
cd /Users/admin/builder/spi-builder-workspace/.swiftpm/xcode
SwiftEmitModule normal arm64_32 Emitting\ module\ for\ WebFormsCore (in target 'WebFormsCore' from project 'WebFormsCore')
SwiftCompile normal arm64_32 /Users/admin/builder/spi-builder-workspace/Sources/WebFormsCore/WebForms.swift (in target 'WebFormsCore' from project 'WebFormsCore')
cd /Users/admin/builder/spi-builder-workspace/.swiftpm/xcode
SwiftEmitModule normal armv7k Emitting\ module\ for\ WebFormsCore (in target 'WebFormsCore' from project 'WebFormsCore')
SwiftCompile normal armv7k /Users/admin/builder/spi-builder-workspace/Sources/WebFormsCore/WebForms.swift (in target 'WebFormsCore' from project 'WebFormsCore')
cd /Users/admin/builder/spi-builder-workspace/.swiftpm/xcode
SwiftCompile normal arm64_32 Compiling\ WebForms.swift /Users/admin/builder/spi-builder-workspace/Sources/WebFormsCore/WebForms.swift (in target 'WebFormsCore' from project 'WebFormsCore')
Failed frontend command:
/Applications/Xcode-16.3.0.app/Contents/Developer/Toolchains/XcodeDefault.xctoolchain/usr/bin/swift-frontend -frontend -c -primary-file /Users/admin/builder/spi-builder-workspace/Sources/WebFormsCore/WebForms.swift -emit-dependencies-path /Users/admin/builder/spi-builder-workspace/.derivedData/Build/Intermediates.noindex/WebFormsCore.build/Debug-watchos/WebFormsCore.build/Objects-normal/arm64_32/WebForms.d -emit-const-values-path /Users/admin/builder/spi-builder-workspace/.derivedData/Build/Intermediates.noindex/WebFormsCore.build/Debug-watchos/WebFormsCore.build/Objects-normal/arm64_32/WebForms.swiftconstvalues -emit-reference-dependencies-path /Users/admin/builder/spi-builder-workspace/.derivedData/Build/Intermediates.noindex/WebFormsCore.build/Debug-watchos/WebFormsCore.build/Objects-normal/arm64_32/WebForms.swiftdeps -serialize-diagnostics-path /Users/admin/builder/spi-builder-workspace/.derivedData/Build/Intermediates.noindex/WebFormsCore.build/Debug-watchos/WebFormsCore.build/Objects-normal/arm64_32/WebForms.dia -target arm64_32-apple-watchos5.0 -enable-objc-interop -sdk /Applications/Xcode-16.3.0.app/Contents/Developer/Platforms/WatchOS.platform/Developer/SDKs/WatchOS11.4.sdk -I /Users/admin/builder/spi-builder-workspace/.derivedData/Build/Products/Debug-watchos -I /Applications/Xcode-16.3.0.app/Contents/Developer/Platforms/WatchOS.platform/Developer/usr/lib -F /Users/admin/builder/spi-builder-workspace/.derivedData/Build/Products/Debug-watchos -F /Applications/Xcode-16.3.0.app/Contents/Developer/Platforms/WatchOS.platform/Developer/Library/Frameworks -F /Applications/Xcode-16.3.0.app/Contents/Developer/Platforms/WatchOS.platform/Developer/SDKs/WatchOS11.4.sdk/Developer/Library/Frameworks -no-color-diagnostics -enable-testing -g -debug-info-format\=dwarf -dwarf-version\=4 -module-cache-path /Users/admin/builder/spi-builder-workspace/.derivedData/ModuleCache.noindex -profile-generate -profile-coverage-mapping -swift-version 5 -enforce-exclusivity\=checked -stats-output-dir /Users/admin/builder/spi-builder-workspace/.swiftpm/xcode/.stats -Onone -D SWIFT_PACKAGE -D DEBUG -serialize-debugging-options -const-gather-protocols-file /Users/admin/builder/spi-builder-workspace/.derivedData/Build/Intermediates.noindex/WebFormsCore.build/Debug-watchos/WebFormsCore.build/Objects-normal/arm64_32/WebFormsCore_const_extract_protocols.json -enable-upcoming-feature StrictConcurrency -enable-upcoming-feature DisableOutwardActorInference -enable-upcoming-feature GlobalActorIsolatedTypesUsability -enable-upcoming-feature InferSendableFromCaptures -enable-experimental-feature DebugDescriptionMacro -strict-concurrency\=complete -empty-abi-descriptor -plugin-path /Applications/Xcode-16.3.0.app/Contents/Developer/Toolchains/XcodeDefault.xctoolchain/usr/lib/swift/host/plugins/testing -validate-clang-modules-once -clang-build-session-file /Users/admin/builder/spi-builder-workspace/.derivedData/ModuleCache.noindex/Session.modulevalidation -Xcc -working-directory -Xcc /Users/admin/builder/spi-builder-workspace/.swiftpm/xcode -resource-dir /Applications/Xcode-16.3.0.app/Contents/Developer/Toolchains/XcodeDefault.xctoolchain/usr/lib/swift -enable-anonymous-context-mangled-names -file-compilation-dir /Users/admin/builder/spi-builder-workspace/.swiftpm/xcode -Xcc -ivfsstatcache -Xcc /Users/admin/builder/spi-builder-workspace/.derivedData/SDKStatCaches.noindex/watchos11.4-22T246-43efb940ff07ba2497b70ec94253f576.sdkstatcache -Xcc -I/Users/admin/builder/spi-builder-workspace/.derivedData/Build/Intermediates.noindex/WebFormsCore.build/Debug-watchos/WebFormsCore.build/swift-overrides.hmap -Xcc -I/Users/admin/builder/spi-builder-workspace/.derivedData/Build/Products/Debug-watchos/include -Xcc -I/Users/admin/builder/spi-builder-workspace/.derivedData/Build/Intermediates.noindex/WebFormsCore.build/Debug-watchos/WebFormsCore.build/DerivedSources-normal/arm64_32 -Xcc -I/Users/admin/builder/spi-builder-workspace/.derivedData/Build/Intermediates.noindex/WebFormsCore.build/Debug-watchos/WebFormsCore.build/DerivedSources/arm64_32 -Xcc -I/Users/admin/builder/spi-builder-workspace/.derivedData/Build/Intermediates.noindex/WebFormsCore.build/Debug-watchos/WebFormsCore.build/DerivedSources -Xcc -DSWIFT_PACKAGE -Xcc -DDEBUG\=1 -module-name WebFormsCore -package-name spi_builder_workspace -frontend-parseable-output -disable-clang-spi -target-sdk-version 11.4 -target-sdk-name watchos11.4 -external-plugin-path /Applications/Xcode-16.3.0.app/Contents/Developer/Platforms/WatchOS.platform/Developer/usr/lib/swift/host/plugins\#/Applications/Xcode-16.3.0.app/Contents/Developer/Platforms/WatchOS.platform/Developer/usr/bin/swift-plugin-server -external-plugin-path /Applications/Xcode-16.3.0.app/Contents/Developer/Platforms/WatchOS.platform/Developer/usr/local/lib/swift/host/plugins\#/Applications/Xcode-16.3.0.app/Contents/Developer/Platforms/WatchOS.platform/Developer/usr/bin/swift-plugin-server -in-process-plugin-server-path /Applications/Xcode-16.3.0.app/Contents/Developer/Toolchains/XcodeDefault.xctoolchain/usr/lib/swift/host/libSwiftInProcPluginServer.dylib -plugin-path /Applications/Xcode-16.3.0.app/Contents/Developer/Toolchains/XcodeDefault.xctoolchain/usr/lib/swift/host/plugins -plugin-path /Applications/Xcode-16.3.0.app/Contents/Developer/Toolchains/XcodeDefault.xctoolchain/usr/local/lib/swift/host/plugins -parse-as-library -o /Users/admin/builder/spi-builder-workspace/.derivedData/Build/Intermediates.noindex/WebFormsCore.build/Debug-watchos/WebFormsCore.build/Objects-normal/arm64_32/WebForms.o -index-unit-output-path /WebFormsCore.build/Debug-watchos/WebFormsCore.build/Objects-normal/arm64_32/WebForms.o -index-store-path /Users/admin/builder/spi-builder-workspace/.derivedData/Index.noindex/DataStore -index-system-modules
SwiftCompile normal arm64_32 /Users/admin/builder/spi-builder-workspace/Sources/WebFormsCore/WebForms.swift (in target 'WebFormsCore' from project 'WebFormsCore')
cd /Users/admin/builder/spi-builder-workspace/.swiftpm/xcode
/Users/admin/builder/spi-builder-workspace/Sources/WebFormsCore/WebForms.swift:253:238: error: the compiler is unable to type-check this expression in reasonable time; try breaking up the expression into distinct sub-expressions
public func setSendEvent(_ inputPlace: String, _ htmlEvent: String, _ data: String, _ path: String? = nil, _ method: String = "POST", _ isMultiPart: Bool = false, _ contentType: String = "text/plain", _ outputPlace: String? = nil) { add("En" + inputPlace, htmlEvent + WebForms.GS + data.replacingOccurrences(of: "\n", with: "$[ln];").replacingOccurrences(of: "\"", with: "$[dq];").replacingOccurrences(of: "'", with: "$[sq];") + WebForms.GS + (!(path ?? "").isEmpty ? path! : "#") + WebForms.GS + method + WebForms.GS + (isMultiPart ? "1" : "0") + WebForms.GS + contentType + WebForms.GS + outputPlace) }
^~~~~~~~~~~~~~~~~~~~~~~~~~~~~~~~~~~~~~~~~~~~~~~~~~~~~~~~~~~~~~~~~~~~~~~~~~~~~~~~~~~~~~~~~~~~~~~~~~~~~~~~~~~~~~~~~~~~~~~~~~~~~~~~~~~~~~~~~~~~~~~~~~~~~~~~~~~~~~~~~~~~~~~~~~~~~~~~~~~~~~~~~~~~~~~~~~~~~~~~~~~~~~~~~~~~~~~~~~~~~~~~~~~~~~~~~~~~~~~~~~~~~~~~~~~~~~~~~~~~~~~~~~~~~~~~~~~~~~~~~~~~~~~~~~~~~~~~~~~~~~~~~~~~~~~~~~~~~~~~~~~~~~~~~~~~~~~~~~~~~~~~~~~~~~~~~~~~~~~~~~~~~~~~~
/Users/admin/builder/spi-builder-workspace/Sources/WebFormsCore/WebForms.swift:254:254: error: the compiler is unable to type-check this expression in reasonable time; try breaking up the expression into distinct sub-expressions
public func setSendEventListener(_ inputPlace: String, _ htmlEventListener: String, _ data: String, _ path: String? = nil, _ method: String = "POST", _ isMultiPart: Bool = false, _ contentType: String = "text/plain", _ outputPlace: String? = nil) { add("EN" + inputPlace, htmlEventListener + WebForms.GS + data.replacingOccurrences(of: "\n", with: "$[ln];") + WebForms.GS + (!(path ?? "").isEmpty ? path! : "#") + WebForms.GS + method + WebForms.GS + (isMultiPart ? "1" : "0") + WebForms.GS + contentType + WebForms.GS + outputPlace) }
^~~~~~~~~~~~~~~~~~~~~~~~~~~~~~~~~~~~~~~~~~~~~~~~~~~~~~~~~~~~~~~~~~~~~~~~~~~~~~~~~~~~~~~~~~~~~~~~~~~~~~~~~~~~~~~~~~~~~~~~~~~~~~~~~~~~~~~~~~~~~~~~~~~~~~~~~~~~~~~~~~~~~~~~~~~~~~~~~~~~~~~~~~~~~~~~~~~~~~~~~~~~~~~~~~~~~~~~~~~~~~~~~~~~~~~~~~~~~~~~~~~~~~~~~~~~~~~~~~~~~~~~~~~~~~~~~~~~~~~~~~~~
/Users/admin/builder/spi-builder-workspace/Sources/WebFormsCore/WebForms.swift:255:181: error: value of optional type 'String?' must be unwrapped to a value of type 'String'
public func setCommentEvent(_ inputPlace: String, _ htmlEvent: String, _ index: String? = nil, _ outputPlace: String? = nil) { add("Eb" + inputPlace, htmlEvent + WebForms.GS + index + WebForms.GS + outputPlace) }
^
/Users/admin/builder/spi-builder-workspace/Sources/WebFormsCore/WebForms.swift:255:181: note: coalesce using '??' to provide a default when the optional value contains 'nil'
public func setCommentEvent(_ inputPlace: String, _ htmlEvent: String, _ index: String? = nil, _ outputPlace: String? = nil) { add("Eb" + inputPlace, htmlEvent + WebForms.GS + index + WebForms.GS + outputPlace) }
^
( ?? <#default value#>)
/Users/admin/builder/spi-builder-workspace/Sources/WebFormsCore/WebForms.swift:255:181: note: force-unwrap using '!' to abort execution if the optional value contains 'nil'
public func setCommentEvent(_ inputPlace: String, _ htmlEvent: String, _ index: String? = nil, _ outputPlace: String? = nil) { add("Eb" + inputPlace, htmlEvent + WebForms.GS + index + WebForms.GS + outputPlace) }
^
!
/Users/admin/builder/spi-builder-workspace/Sources/WebFormsCore/WebForms.swift:255:203: error: value of optional type 'String?' must be unwrapped to a value of type 'String'
public func setCommentEvent(_ inputPlace: String, _ htmlEvent: String, _ index: String? = nil, _ outputPlace: String? = nil) { add("Eb" + inputPlace, htmlEvent + WebForms.GS + index + WebForms.GS + outputPlace) }
^
/Users/admin/builder/spi-builder-workspace/Sources/WebFormsCore/WebForms.swift:255:203: note: coalesce using '??' to provide a default when the optional value contains 'nil'
public func setCommentEvent(_ inputPlace: String, _ htmlEvent: String, _ index: String? = nil, _ outputPlace: String? = nil) { add("Eb" + inputPlace, htmlEvent + WebForms.GS + index + WebForms.GS + outputPlace) }
^
( ?? <#default value#>)
/Users/admin/builder/spi-builder-workspace/Sources/WebFormsCore/WebForms.swift:255:203: note: force-unwrap using '!' to abort execution if the optional value contains 'nil'
public func setCommentEvent(_ inputPlace: String, _ htmlEvent: String, _ index: String? = nil, _ outputPlace: String? = nil) { add("Eb" + inputPlace, htmlEvent + WebForms.GS + index + WebForms.GS + outputPlace) }
^
!
/Users/admin/builder/spi-builder-workspace/Sources/WebFormsCore/WebForms.swift:257:205: error: value of optional type 'String?' must be unwrapped to a value of type 'String'
public func setCommentEventListener(_ inputPlace: String, _ htmlEventListener: String, _ index: String? = nil, _ outputPlace: String? = nil) { add("EB" + inputPlace, htmlEventListener + WebForms.GS + index + WebForms.GS + outputPlace) }
^
/Users/admin/builder/spi-builder-workspace/Sources/WebFormsCore/WebForms.swift:257:205: note: coalesce using '??' to provide a default when the optional value contains 'nil'
public func setCommentEventListener(_ inputPlace: String, _ htmlEventListener: String, _ index: String? = nil, _ outputPlace: String? = nil) { add("EB" + inputPlace, htmlEventListener + WebForms.GS + index + WebForms.GS + outputPlace) }
^
( ?? <#default value#>)
/Users/admin/builder/spi-builder-workspace/Sources/WebFormsCore/WebForms.swift:257:205: note: force-unwrap using '!' to abort execution if the optional value contains 'nil'
public func setCommentEventListener(_ inputPlace: String, _ htmlEventListener: String, _ index: String? = nil, _ outputPlace: String? = nil) { add("EB" + inputPlace, htmlEventListener + WebForms.GS + index + WebForms.GS + outputPlace) }
^
!
/Users/admin/builder/spi-builder-workspace/Sources/WebFormsCore/WebForms.swift:257:227: error: value of optional type 'String?' must be unwrapped to a value of type 'String'
public func setCommentEventListener(_ inputPlace: String, _ htmlEventListener: String, _ index: String? = nil, _ outputPlace: String? = nil) { add("EB" + inputPlace, htmlEventListener + WebForms.GS + index + WebForms.GS + outputPlace) }
^
/Users/admin/builder/spi-builder-workspace/Sources/WebFormsCore/WebForms.swift:257:227: note: coalesce using '??' to provide a default when the optional value contains 'nil'
public func setCommentEventListener(_ inputPlace: String, _ htmlEventListener: String, _ index: String? = nil, _ outputPlace: String? = nil) { add("EB" + inputPlace, htmlEventListener + WebForms.GS + index + WebForms.GS + outputPlace) }
^
( ?? <#default value#>)
/Users/admin/builder/spi-builder-workspace/Sources/WebFormsCore/WebForms.swift:257:227: note: force-unwrap using '!' to abort execution if the optional value contains 'nil'
public func setCommentEventListener(_ inputPlace: String, _ htmlEventListener: String, _ index: String? = nil, _ outputPlace: String? = nil) { add("EB" + inputPlace, htmlEventListener + WebForms.GS + index + WebForms.GS + outputPlace) }
^
!
/Users/admin/builder/spi-builder-workspace/Sources/WebFormsCore/WebForms.swift:264:9: error: the compiler is unable to type-check this expression in reasonable time; try breaking up the expression into distinct sub-expressions
add("Ey" + inputPlace, htmlEvent + WebForms.GS + wasmLanguage + WebForms.GS + wasmUrl + WebForms.GS + methodName + WebForms.GS + argsJoin + WebForms.GS + outputPlace)
^~~~~~~~~~~~~~~~~~~~~~~~~~~~~~~~~~~~~~~~~~~~~~~~~~~~~~~~~~~~~~~~~~~~~~~~~~~~~~~~~~~~~~~~~~~~~~~~~~~~~~~~~~~~~~~~~~~~~~~~~~~~~~~~~~~~~~~~~~~~~~~~~~~~~~~~~~~~~~~~~~~~~~
/Users/admin/builder/spi-builder-workspace/Sources/WebFormsCore/WebForms.swift:271:9: error: the compiler is unable to type-check this expression in reasonable time; try breaking up the expression into distinct sub-expressions
add("EY" + inputPlace, htmlEventListener + WebForms.GS + wasmLanguage + WebForms.GS + wasmUrl + WebForms.GS + methodName + WebForms.GS + argsJoin + WebForms.GS + outputPlace)
^~~~~~~~~~~~~~~~~~~~~~~~~~~~~~~~~~~~~~~~~~~~~~~~~~~~~~~~~~~~~~~~~~~~~~~~~~~~~~~~~~~~~~~~~~~~~~~~~~~~~~~~~~~~~~~~~~~~~~~~~~~~~~~~~~~~~~~~~~~~~~~~~~~~~~~~~~~~~~~~~~~~~~~~~~~~~~
/Users/admin/builder/spi-builder-workspace/Sources/WebFormsCore/WebForms.swift:284:9: error: the compiler is unable to type-check this expression in reasonable time; try breaking up the expression into distinct sub-expressions
add("Ej" + inputPlace, htmlEvent + WebForms.GS + modulePath + WebForms.GS + outputPlace + argsJoin)
^~~~~~~~~~~~~~~~~~~~~~~~~~~~~~~~~~~~~~~~~~~~~~~~~~~~~~~~~~~~~~~~~~~~~~~~~~~~~~~~~~~~~~~~~~~~~~~~~~~
/Users/admin/builder/spi-builder-workspace/Sources/WebFormsCore/WebForms.swift:291:9: error: the compiler is unable to type-check this expression in reasonable time; try breaking up the expression into distinct sub-expressions
add("EJ" + inputPlace, htmlEventListener + WebForms.GS + modulePath + WebForms.GS + outputPlace + argsJoin)
^~~~~~~~~~~~~~~~~~~~~~~~~~~~~~~~~~~~~~~~~~~~~~~~~~~~~~~~~~~~~~~~~~~~~~~~~~~~~~~~~~~~~~~~~~~~~~~~~~~~~~~~~~~
/Users/admin/builder/spi-builder-workspace/Sources/WebFormsCore/WebForms.swift:293:161: error: value of optional type 'String?' must be unwrapped to a value of type 'String'
public func setMasterPagesEvent(_ inputPlace: String, _ htmlEvent: String, _ outputPlace: String? = nil) { add("Eu" + inputPlace, htmlEvent + WebForms.GS + outputPlace) }
^
/Users/admin/builder/spi-builder-workspace/Sources/WebFormsCore/WebForms.swift:293:161: note: coalesce using '??' to provide a default when the optional value contains 'nil'
public func setMasterPagesEvent(_ inputPlace: String, _ htmlEvent: String, _ outputPlace: String? = nil) { add("Eu" + inputPlace, htmlEvent + WebForms.GS + outputPlace) }
^
( ?? <#default value#>)
/Users/admin/builder/spi-builder-workspace/Sources/WebFormsCore/WebForms.swift:293:161: note: force-unwrap using '!' to abort execution if the optional value contains 'nil'
public func setMasterPagesEvent(_ inputPlace: String, _ htmlEvent: String, _ outputPlace: String? = nil) { add("Eu" + inputPlace, htmlEvent + WebForms.GS + outputPlace) }
^
!
/Users/admin/builder/spi-builder-workspace/Sources/WebFormsCore/WebForms.swift:294:185: error: value of optional type 'String?' must be unwrapped to a value of type 'String'
public func setMasterPagesEventListener(_ inputPlace: String, _ htmlEventListener: String, _ outputPlace: String? = nil) { add("EU" + inputPlace, htmlEventListener + WebForms.GS + outputPlace) }
^
/Users/admin/builder/spi-builder-workspace/Sources/WebFormsCore/WebForms.swift:294:185: note: coalesce using '??' to provide a default when the optional value contains 'nil'
public func setMasterPagesEventListener(_ inputPlace: String, _ htmlEventListener: String, _ outputPlace: String? = nil) { add("EU" + inputPlace, htmlEventListener + WebForms.GS + outputPlace) }
^
( ?? <#default value#>)
/Users/admin/builder/spi-builder-workspace/Sources/WebFormsCore/WebForms.swift:294:185: note: force-unwrap using '!' to abort execution if the optional value contains 'nil'
public func setMasterPagesEventListener(_ inputPlace: String, _ htmlEventListener: String, _ outputPlace: String? = nil) { add("EU" + inputPlace, htmlEventListener + WebForms.GS + outputPlace) }
^
!
/Users/admin/builder/spi-builder-workspace/Sources/WebFormsCore/WebForms.swift:408:82: error: value of optional type 'String?' must be unwrapped to a value of type 'String'
public func serviceWorkerDeleteRouteAlias(_ path: String? = nil) { add("wC", path) }
^
/Users/admin/builder/spi-builder-workspace/Sources/WebFormsCore/WebForms.swift:408:82: note: coalesce using '??' to provide a default when the optional value contains 'nil'
public func serviceWorkerDeleteRouteAlias(_ path: String? = nil) { add("wC", path) }
^
?? <#default value#>
/Users/admin/builder/spi-builder-workspace/Sources/WebFormsCore/WebForms.swift:408:82: note: force-unwrap using '!' to abort execution if the optional value contains 'nil'
public func serviceWorkerDeleteRouteAlias(_ path: String? = nil) { add("wC", path) }
^
!
/Users/admin/builder/spi-builder-workspace/Sources/WebFormsCore/WebForms.swift:421:64: error: value of optional type 'String?' must be unwrapped to a value of type 'String'
public func deleteState(_ path: String? = nil) { add("DS", path) }
^
/Users/admin/builder/spi-builder-workspace/Sources/WebFormsCore/WebForms.swift:421:64: note: coalesce using '??' to provide a default when the optional value contains 'nil'
public func deleteState(_ path: String? = nil) { add("DS", path) }
^
?? <#default value#>
/Users/admin/builder/spi-builder-workspace/Sources/WebFormsCore/WebForms.swift:421:64: note: force-unwrap using '!' to abort execution if the optional value contains 'nil'
public func deleteState(_ path: String? = nil) { add("DS", path) }
^
!
/Users/admin/builder/spi-builder-workspace/Sources/WebFormsCore/WebForms.swift:494:158: error: the compiler is unable to type-check this expression in reasonable time; try breaking up the expression into distinct sub-expressions
public func runActionControls(_ actionControls: String, _ withoutWebFormsSection: Bool = true, _ index: String? = nil, _ useCurrentEvent: Bool = true) { add("lA", (useCurrentEvent ? "1" : "0") + WebForms.GS + (withoutWebFormsSection ? "1" : "0") + WebForms.GS + index + WebForms.GS + actionControls) }
^~~~~~~~~~~~~~~~~~~~~~~~~~~~~~~~~~~~~~~~~~~~~~~~~~~~~~~~~~~~~~~~~~~~~~~~~~~~~~~~~~~~~~~~~~~~~~~~~~~~~~~~~~~~~~~~~~~~~~~~~~~~~~~~~~~~~~~~~~~~~~~~~~
/Users/admin/builder/spi-builder-workspace/Sources/WebFormsCore/WebForms.swift:511:176: error: value of optional type 'String?' must be unwrapped to a value of type 'String'
public func callCommentBack(_ index: String? = nil, _ inputPlace: String? = nil, _ useCurrentEvent: Bool = true) { add("LC", (useCurrentEvent ? "1" : "0") + WebForms.GS + index + WebForms.GS + inputPlace) }
^
/Users/admin/builder/spi-builder-workspace/Sources/WebFormsCore/WebForms.swift:511:176: note: coalesce using '??' to provide a default when the optional value contains 'nil'
public func callCommentBack(_ index: String? = nil, _ inputPlace: String? = nil, _ useCurrentEvent: Bool = true) { add("LC", (useCurrentEvent ? "1" : "0") + WebForms.GS + index + WebForms.GS + inputPlace) }
^
( ?? <#default value#>)
/Users/admin/builder/spi-builder-workspace/Sources/WebFormsCore/WebForms.swift:511:176: note: force-unwrap using '!' to abort execution if the optional value contains 'nil'
public func callCommentBack(_ index: String? = nil, _ inputPlace: String? = nil, _ useCurrentEvent: Bool = true) { add("LC", (useCurrentEvent ? "1" : "0") + WebForms.GS + index + WebForms.GS + inputPlace) }
^
!
/Users/admin/builder/spi-builder-workspace/Sources/WebFormsCore/WebForms.swift:511:198: error: value of optional type 'String?' must be unwrapped to a value of type 'String'
public func callCommentBack(_ index: String? = nil, _ inputPlace: String? = nil, _ useCurrentEvent: Bool = true) { add("LC", (useCurrentEvent ? "1" : "0") + WebForms.GS + index + WebForms.GS + inputPlace) }
^
/Users/admin/builder/spi-builder-workspace/Sources/WebFormsCore/WebForms.swift:511:198: note: coalesce using '??' to provide a default when the optional value contains 'nil'
public func callCommentBack(_ index: String? = nil, _ inputPlace: String? = nil, _ useCurrentEvent: Bool = true) { add("LC", (useCurrentEvent ? "1" : "0") + WebForms.GS + index + WebForms.GS + inputPlace) }
^
( ?? <#default value#>)
/Users/admin/builder/spi-builder-workspace/Sources/WebFormsCore/WebForms.swift:511:198: note: force-unwrap using '!' to abort execution if the optional value contains 'nil'
public func callCommentBack(_ index: String? = nil, _ inputPlace: String? = nil, _ useCurrentEvent: Bool = true) { add("LC", (useCurrentEvent ? "1" : "0") + WebForms.GS + index + WebForms.GS + inputPlace) }
^
!
/Users/admin/builder/spi-builder-workspace/Sources/WebFormsCore/WebForms.swift:518:9: error: the compiler is unable to type-check this expression in reasonable time; try breaking up the expression into distinct sub-expressions
add("Ly", (useCurrentEvent ? "1" : "0") + WebForms.GS + wasmLanguage + WebForms.GS + wasmUrl + WebForms.GS + methodName + WebForms.GS + argsJoin + WebForms.GS + outputPlace)
^~~~~~~~~~~~~~~~~~~~~~~~~~~~~~~~~~~~~~~~~~~~~~~~~~~~~~~~~~~~~~~~~~~~~~~~~~~~~~~~~~~~~~~~~~~~~~~~~~~~~~~~~~~~~~~~~~~~~~~~~~~~~~~~~~~~~~~~~~~~~~~~~~~~~~~~~~~~~~~~~~~~~~~~~~~~~
/Users/admin/builder/spi-builder-workspace/Sources/WebFormsCore/WebForms.swift:528:9: error: the compiler is unable to type-check this expression in reasonable time; try breaking up the expression into distinct sub-expressions
add("Lj", (useCurrentEvent ? "1" : "0") + WebForms.GS + modulePath + WebForms.GS + outputPlace + argsJoin)
^~~~~~~~~~~~~~~~~~~~~~~~~~~~~~~~~~~~~~~~~~~~~~~~~~~~~~~~~~~~~~~~~~~~~~~~~~~~~~~~~~~~~~~~~~~~~~~~~~~~~~~~~~
/Users/admin/builder/spi-builder-workspace/Sources/WebFormsCore/WebForms.swift:882:97: error: the compiler is unable to type-check this expression in reasonable time; try breaking up the expression into distinct sub-expressions
public func addXML(_ key: String, _ path: String, _ name: String, _ value: String? = nil) { add(".a", key + WebForms.GS + "x" + WebForms.GS + name + WebForms.GS + value + WebForms.GS + path) }
^~~~~~~~~~~~~~~~~~~~~~~~~~~~~~~~~~~~~~~~~~~~~~~~~~~~~~~~~~~~~~~~~~~~~~~~~~~~~~~~~~~~~~~~~~~~~~~~~~
SwiftCompile normal armv7k Compiling\ WebForms.swift /Users/admin/builder/spi-builder-workspace/Sources/WebFormsCore/WebForms.swift (in target 'WebFormsCore' from project 'WebFormsCore')
Failed frontend command:
/Applications/Xcode-16.3.0.app/Contents/Developer/Toolchains/XcodeDefault.xctoolchain/usr/bin/swift-frontend -frontend -c -primary-file /Users/admin/builder/spi-builder-workspace/Sources/WebFormsCore/WebForms.swift -emit-dependencies-path /Users/admin/builder/spi-builder-workspace/.derivedData/Build/Intermediates.noindex/WebFormsCore.build/Debug-watchos/WebFormsCore.build/Objects-normal/armv7k/WebForms.d -emit-const-values-path /Users/admin/builder/spi-builder-workspace/.derivedData/Build/Intermediates.noindex/WebFormsCore.build/Debug-watchos/WebFormsCore.build/Objects-normal/armv7k/WebForms.swiftconstvalues -emit-reference-dependencies-path /Users/admin/builder/spi-builder-workspace/.derivedData/Build/Intermediates.noindex/WebFormsCore.build/Debug-watchos/WebFormsCore.build/Objects-normal/armv7k/WebForms.swiftdeps -serialize-diagnostics-path /Users/admin/builder/spi-builder-workspace/.derivedData/Build/Intermediates.noindex/WebFormsCore.build/Debug-watchos/WebFormsCore.build/Objects-normal/armv7k/WebForms.dia -target armv7k-apple-watchos5.0 -enable-objc-interop -sdk /Applications/Xcode-16.3.0.app/Contents/Developer/Platforms/WatchOS.platform/Developer/SDKs/WatchOS11.4.sdk -I /Users/admin/builder/spi-builder-workspace/.derivedData/Build/Products/Debug-watchos -I /Applications/Xcode-16.3.0.app/Contents/Developer/Platforms/WatchOS.platform/Developer/usr/lib -F /Users/admin/builder/spi-builder-workspace/.derivedData/Build/Products/Debug-watchos -F /Applications/Xcode-16.3.0.app/Contents/Developer/Platforms/WatchOS.platform/Developer/Library/Frameworks -F /Applications/Xcode-16.3.0.app/Contents/Developer/Platforms/WatchOS.platform/Developer/SDKs/WatchOS11.4.sdk/Developer/Library/Frameworks -no-color-diagnostics -enable-testing -g -debug-info-format\=dwarf -dwarf-version\=4 -module-cache-path /Users/admin/builder/spi-builder-workspace/.derivedData/ModuleCache.noindex -profile-generate -profile-coverage-mapping -swift-version 5 -enforce-exclusivity\=checked -stats-output-dir /Users/admin/builder/spi-builder-workspace/.swiftpm/xcode/.stats -Onone -D SWIFT_PACKAGE -D DEBUG -serialize-debugging-options -const-gather-protocols-file /Users/admin/builder/spi-builder-workspace/.derivedData/Build/Intermediates.noindex/WebFormsCore.build/Debug-watchos/WebFormsCore.build/Objects-normal/armv7k/WebFormsCore_const_extract_protocols.json -enable-upcoming-feature StrictConcurrency -enable-upcoming-feature DisableOutwardActorInference -enable-upcoming-feature GlobalActorIsolatedTypesUsability -enable-upcoming-feature InferSendableFromCaptures -enable-experimental-feature DebugDescriptionMacro -strict-concurrency\=complete -empty-abi-descriptor -plugin-path /Applications/Xcode-16.3.0.app/Contents/Developer/Toolchains/XcodeDefault.xctoolchain/usr/lib/swift/host/plugins/testing -validate-clang-modules-once -clang-build-session-file /Users/admin/builder/spi-builder-workspace/.derivedData/ModuleCache.noindex/Session.modulevalidation -Xcc -working-directory -Xcc /Users/admin/builder/spi-builder-workspace/.swiftpm/xcode -resource-dir /Applications/Xcode-16.3.0.app/Contents/Developer/Toolchains/XcodeDefault.xctoolchain/usr/lib/swift -enable-anonymous-context-mangled-names -file-compilation-dir /Users/admin/builder/spi-builder-workspace/.swiftpm/xcode -Xcc -ivfsstatcache -Xcc /Users/admin/builder/spi-builder-workspace/.derivedData/SDKStatCaches.noindex/watchos11.4-22T246-43efb940ff07ba2497b70ec94253f576.sdkstatcache -Xcc -I/Users/admin/builder/spi-builder-workspace/.derivedData/Build/Intermediates.noindex/WebFormsCore.build/Debug-watchos/WebFormsCore.build/swift-overrides.hmap -Xcc -I/Users/admin/builder/spi-builder-workspace/.derivedData/Build/Products/Debug-watchos/include -Xcc -I/Users/admin/builder/spi-builder-workspace/.derivedData/Build/Intermediates.noindex/WebFormsCore.build/Debug-watchos/WebFormsCore.build/DerivedSources-normal/armv7k -Xcc -I/Users/admin/builder/spi-builder-workspace/.derivedData/Build/Intermediates.noindex/WebFormsCore.build/Debug-watchos/WebFormsCore.build/DerivedSources/armv7k -Xcc -I/Users/admin/builder/spi-builder-workspace/.derivedData/Build/Intermediates.noindex/WebFormsCore.build/Debug-watchos/WebFormsCore.build/DerivedSources -Xcc -DSWIFT_PACKAGE -Xcc -DDEBUG\=1 -module-name WebFormsCore -package-name spi_builder_workspace -frontend-parseable-output -disable-clang-spi -target-sdk-version 11.4 -target-sdk-name watchos11.4 -external-plugin-path /Applications/Xcode-16.3.0.app/Contents/Developer/Platforms/WatchOS.platform/Developer/usr/lib/swift/host/plugins\#/Applications/Xcode-16.3.0.app/Contents/Developer/Platforms/WatchOS.platform/Developer/usr/bin/swift-plugin-server -external-plugin-path /Applications/Xcode-16.3.0.app/Contents/Developer/Platforms/WatchOS.platform/Developer/usr/local/lib/swift/host/plugins\#/Applications/Xcode-16.3.0.app/Contents/Developer/Platforms/WatchOS.platform/Developer/usr/bin/swift-plugin-server -in-process-plugin-server-path /Applications/Xcode-16.3.0.app/Contents/Developer/Toolchains/XcodeDefault.xctoolchain/usr/lib/swift/host/libSwiftInProcPluginServer.dylib -plugin-path /Applications/Xcode-16.3.0.app/Contents/Developer/Toolchains/XcodeDefault.xctoolchain/usr/lib/swift/host/plugins -plugin-path /Applications/Xcode-16.3.0.app/Contents/Developer/Toolchains/XcodeDefault.xctoolchain/usr/local/lib/swift/host/plugins -parse-as-library -o /Users/admin/builder/spi-builder-workspace/.derivedData/Build/Intermediates.noindex/WebFormsCore.build/Debug-watchos/WebFormsCore.build/Objects-normal/armv7k/WebForms.o -index-unit-output-path /WebFormsCore.build/Debug-watchos/WebFormsCore.build/Objects-normal/armv7k/WebForms.o -index-store-path /Users/admin/builder/spi-builder-workspace/.derivedData/Index.noindex/DataStore -index-system-modules
SwiftCompile normal armv7k /Users/admin/builder/spi-builder-workspace/Sources/WebFormsCore/WebForms.swift (in target 'WebFormsCore' from project 'WebFormsCore')
cd /Users/admin/builder/spi-builder-workspace/.swiftpm/xcode
/Users/admin/builder/spi-builder-workspace/Sources/WebFormsCore/WebForms.swift:253:238: error: the compiler is unable to type-check this expression in reasonable time; try breaking up the expression into distinct sub-expressions
public func setSendEvent(_ inputPlace: String, _ htmlEvent: String, _ data: String, _ path: String? = nil, _ method: String = "POST", _ isMultiPart: Bool = false, _ contentType: String = "text/plain", _ outputPlace: String? = nil) { add("En" + inputPlace, htmlEvent + WebForms.GS + data.replacingOccurrences(of: "\n", with: "$[ln];").replacingOccurrences(of: "\"", with: "$[dq];").replacingOccurrences(of: "'", with: "$[sq];") + WebForms.GS + (!(path ?? "").isEmpty ? path! : "#") + WebForms.GS + method + WebForms.GS + (isMultiPart ? "1" : "0") + WebForms.GS + contentType + WebForms.GS + outputPlace) }
^~~~~~~~~~~~~~~~~~~~~~~~~~~~~~~~~~~~~~~~~~~~~~~~~~~~~~~~~~~~~~~~~~~~~~~~~~~~~~~~~~~~~~~~~~~~~~~~~~~~~~~~~~~~~~~~~~~~~~~~~~~~~~~~~~~~~~~~~~~~~~~~~~~~~~~~~~~~~~~~~~~~~~~~~~~~~~~~~~~~~~~~~~~~~~~~~~~~~~~~~~~~~~~~~~~~~~~~~~~~~~~~~~~~~~~~~~~~~~~~~~~~~~~~~~~~~~~~~~~~~~~~~~~~~~~~~~~~~~~~~~~~~~~~~~~~~~~~~~~~~~~~~~~~~~~~~~~~~~~~~~~~~~~~~~~~~~~~~~~~~~~~~~~~~~~~~~~~~~~~~~~~~~~~~
/Users/admin/builder/spi-builder-workspace/Sources/WebFormsCore/WebForms.swift:254:254: error: the compiler is unable to type-check this expression in reasonable time; try breaking up the expression into distinct sub-expressions
public func setSendEventListener(_ inputPlace: String, _ htmlEventListener: String, _ data: String, _ path: String? = nil, _ method: String = "POST", _ isMultiPart: Bool = false, _ contentType: String = "text/plain", _ outputPlace: String? = nil) { add("EN" + inputPlace, htmlEventListener + WebForms.GS + data.replacingOccurrences(of: "\n", with: "$[ln];") + WebForms.GS + (!(path ?? "").isEmpty ? path! : "#") + WebForms.GS + method + WebForms.GS + (isMultiPart ? "1" : "0") + WebForms.GS + contentType + WebForms.GS + outputPlace) }
^~~~~~~~~~~~~~~~~~~~~~~~~~~~~~~~~~~~~~~~~~~~~~~~~~~~~~~~~~~~~~~~~~~~~~~~~~~~~~~~~~~~~~~~~~~~~~~~~~~~~~~~~~~~~~~~~~~~~~~~~~~~~~~~~~~~~~~~~~~~~~~~~~~~~~~~~~~~~~~~~~~~~~~~~~~~~~~~~~~~~~~~~~~~~~~~~~~~~~~~~~~~~~~~~~~~~~~~~~~~~~~~~~~~~~~~~~~~~~~~~~~~~~~~~~~~~~~~~~~~~~~~~~~~~~~~~~~~~~~~~~~~
/Users/admin/builder/spi-builder-workspace/Sources/WebFormsCore/WebForms.swift:255:181: error: value of optional type 'String?' must be unwrapped to a value of type 'String'
public func setCommentEvent(_ inputPlace: String, _ htmlEvent: String, _ index: String? = nil, _ outputPlace: String? = nil) { add("Eb" + inputPlace, htmlEvent + WebForms.GS + index + WebForms.GS + outputPlace) }
^
/Users/admin/builder/spi-builder-workspace/Sources/WebFormsCore/WebForms.swift:255:181: note: coalesce using '??' to provide a default when the optional value contains 'nil'
public func setCommentEvent(_ inputPlace: String, _ htmlEvent: String, _ index: String? = nil, _ outputPlace: String? = nil) { add("Eb" + inputPlace, htmlEvent + WebForms.GS + index + WebForms.GS + outputPlace) }
^
( ?? <#default value#>)
/Users/admin/builder/spi-builder-workspace/Sources/WebFormsCore/WebForms.swift:255:181: note: force-unwrap using '!' to abort execution if the optional value contains 'nil'
public func setCommentEvent(_ inputPlace: String, _ htmlEvent: String, _ index: String? = nil, _ outputPlace: String? = nil) { add("Eb" + inputPlace, htmlEvent + WebForms.GS + index + WebForms.GS + outputPlace) }
^
!
/Users/admin/builder/spi-builder-workspace/Sources/WebFormsCore/WebForms.swift:255:203: error: value of optional type 'String?' must be unwrapped to a value of type 'String'
public func setCommentEvent(_ inputPlace: String, _ htmlEvent: String, _ index: String? = nil, _ outputPlace: String? = nil) { add("Eb" + inputPlace, htmlEvent + WebForms.GS + index + WebForms.GS + outputPlace) }
^
/Users/admin/builder/spi-builder-workspace/Sources/WebFormsCore/WebForms.swift:255:203: note: coalesce using '??' to provide a default when the optional value contains 'nil'
public func setCommentEvent(_ inputPlace: String, _ htmlEvent: String, _ index: String? = nil, _ outputPlace: String? = nil) { add("Eb" + inputPlace, htmlEvent + WebForms.GS + index + WebForms.GS + outputPlace) }
^
( ?? <#default value#>)
/Users/admin/builder/spi-builder-workspace/Sources/WebFormsCore/WebForms.swift:255:203: note: force-unwrap using '!' to abort execution if the optional value contains 'nil'
public func setCommentEvent(_ inputPlace: String, _ htmlEvent: String, _ index: String? = nil, _ outputPlace: String? = nil) { add("Eb" + inputPlace, htmlEvent + WebForms.GS + index + WebForms.GS + outputPlace) }
^
!
/Users/admin/builder/spi-builder-workspace/Sources/WebFormsCore/WebForms.swift:257:205: error: value of optional type 'String?' must be unwrapped to a value of type 'String'
public func setCommentEventListener(_ inputPlace: String, _ htmlEventListener: String, _ index: String? = nil, _ outputPlace: String? = nil) { add("EB" + inputPlace, htmlEventListener + WebForms.GS + index + WebForms.GS + outputPlace) }
^
/Users/admin/builder/spi-builder-workspace/Sources/WebFormsCore/WebForms.swift:257:205: note: coalesce using '??' to provide a default when the optional value contains 'nil'
public func setCommentEventListener(_ inputPlace: String, _ htmlEventListener: String, _ index: String? = nil, _ outputPlace: String? = nil) { add("EB" + inputPlace, htmlEventListener + WebForms.GS + index + WebForms.GS + outputPlace) }
^
( ?? <#default value#>)
/Users/admin/builder/spi-builder-workspace/Sources/WebFormsCore/WebForms.swift:257:205: note: force-unwrap using '!' to abort execution if the optional value contains 'nil'
public func setCommentEventListener(_ inputPlace: String, _ htmlEventListener: String, _ index: String? = nil, _ outputPlace: String? = nil) { add("EB" + inputPlace, htmlEventListener + WebForms.GS + index + WebForms.GS + outputPlace) }
^
!
/Users/admin/builder/spi-builder-workspace/Sources/WebFormsCore/WebForms.swift:257:227: error: value of optional type 'String?' must be unwrapped to a value of type 'String'
public func setCommentEventListener(_ inputPlace: String, _ htmlEventListener: String, _ index: String? = nil, _ outputPlace: String? = nil) { add("EB" + inputPlace, htmlEventListener + WebForms.GS + index + WebForms.GS + outputPlace) }
^
/Users/admin/builder/spi-builder-workspace/Sources/WebFormsCore/WebForms.swift:257:227: note: coalesce using '??' to provide a default when the optional value contains 'nil'
public func setCommentEventListener(_ inputPlace: String, _ htmlEventListener: String, _ index: String? = nil, _ outputPlace: String? = nil) { add("EB" + inputPlace, htmlEventListener + WebForms.GS + index + WebForms.GS + outputPlace) }
^
( ?? <#default value#>)
/Users/admin/builder/spi-builder-workspace/Sources/WebFormsCore/WebForms.swift:257:227: note: force-unwrap using '!' to abort execution if the optional value contains 'nil'
public func setCommentEventListener(_ inputPlace: String, _ htmlEventListener: String, _ index: String? = nil, _ outputPlace: String? = nil) { add("EB" + inputPlace, htmlEventListener + WebForms.GS + index + WebForms.GS + outputPlace) }
^
!
/Users/admin/builder/spi-builder-workspace/Sources/WebFormsCore/WebForms.swift:264:9: error: the compiler is unable to type-check this expression in reasonable time; try breaking up the expression into distinct sub-expressions
add("Ey" + inputPlace, htmlEvent + WebForms.GS + wasmLanguage + WebForms.GS + wasmUrl + WebForms.GS + methodName + WebForms.GS + argsJoin + WebForms.GS + outputPlace)
^~~~~~~~~~~~~~~~~~~~~~~~~~~~~~~~~~~~~~~~~~~~~~~~~~~~~~~~~~~~~~~~~~~~~~~~~~~~~~~~~~~~~~~~~~~~~~~~~~~~~~~~~~~~~~~~~~~~~~~~~~~~~~~~~~~~~~~~~~~~~~~~~~~~~~~~~~~~~~~~~~~~~~
/Users/admin/builder/spi-builder-workspace/Sources/WebFormsCore/WebForms.swift:271:9: error: the compiler is unable to type-check this expression in reasonable time; try breaking up the expression into distinct sub-expressions
add("EY" + inputPlace, htmlEventListener + WebForms.GS + wasmLanguage + WebForms.GS + wasmUrl + WebForms.GS + methodName + WebForms.GS + argsJoin + WebForms.GS + outputPlace)
^~~~~~~~~~~~~~~~~~~~~~~~~~~~~~~~~~~~~~~~~~~~~~~~~~~~~~~~~~~~~~~~~~~~~~~~~~~~~~~~~~~~~~~~~~~~~~~~~~~~~~~~~~~~~~~~~~~~~~~~~~~~~~~~~~~~~~~~~~~~~~~~~~~~~~~~~~~~~~~~~~~~~~~~~~~~~~
/Users/admin/builder/spi-builder-workspace/Sources/WebFormsCore/WebForms.swift:284:9: error: the compiler is unable to type-check this expression in reasonable time; try breaking up the expression into distinct sub-expressions
add("Ej" + inputPlace, htmlEvent + WebForms.GS + modulePath + WebForms.GS + outputPlace + argsJoin)
^~~~~~~~~~~~~~~~~~~~~~~~~~~~~~~~~~~~~~~~~~~~~~~~~~~~~~~~~~~~~~~~~~~~~~~~~~~~~~~~~~~~~~~~~~~~~~~~~~~
/Users/admin/builder/spi-builder-workspace/Sources/WebFormsCore/WebForms.swift:291:9: error: the compiler is unable to type-check this expression in reasonable time; try breaking up the expression into distinct sub-expressions
add("EJ" + inputPlace, htmlEventListener + WebForms.GS + modulePath + WebForms.GS + outputPlace + argsJoin)
^~~~~~~~~~~~~~~~~~~~~~~~~~~~~~~~~~~~~~~~~~~~~~~~~~~~~~~~~~~~~~~~~~~~~~~~~~~~~~~~~~~~~~~~~~~~~~~~~~~~~~~~~~~
/Users/admin/builder/spi-builder-workspace/Sources/WebFormsCore/WebForms.swift:293:161: error: value of optional type 'String?' must be unwrapped to a value of type 'String'
public func setMasterPagesEvent(_ inputPlace: String, _ htmlEvent: String, _ outputPlace: String? = nil) { add("Eu" + inputPlace, htmlEvent + WebForms.GS + outputPlace) }
^
/Users/admin/builder/spi-builder-workspace/Sources/WebFormsCore/WebForms.swift:293:161: note: coalesce using '??' to provide a default when the optional value contains 'nil'
public func setMasterPagesEvent(_ inputPlace: String, _ htmlEvent: String, _ outputPlace: String? = nil) { add("Eu" + inputPlace, htmlEvent + WebForms.GS + outputPlace) }
^
( ?? <#default value#>)
/Users/admin/builder/spi-builder-workspace/Sources/WebFormsCore/WebForms.swift:293:161: note: force-unwrap using '!' to abort execution if the optional value contains 'nil'
public func setMasterPagesEvent(_ inputPlace: String, _ htmlEvent: String, _ outputPlace: String? = nil) { add("Eu" + inputPlace, htmlEvent + WebForms.GS + outputPlace) }
^
!
/Users/admin/builder/spi-builder-workspace/Sources/WebFormsCore/WebForms.swift:294:185: error: value of optional type 'String?' must be unwrapped to a value of type 'String'
public func setMasterPagesEventListener(_ inputPlace: String, _ htmlEventListener: String, _ outputPlace: String? = nil) { add("EU" + inputPlace, htmlEventListener + WebForms.GS + outputPlace) }
^
/Users/admin/builder/spi-builder-workspace/Sources/WebFormsCore/WebForms.swift:294:185: note: coalesce using '??' to provide a default when the optional value contains 'nil'
public func setMasterPagesEventListener(_ inputPlace: String, _ htmlEventListener: String, _ outputPlace: String? = nil) { add("EU" + inputPlace, htmlEventListener + WebForms.GS + outputPlace) }
^
( ?? <#default value#>)
/Users/admin/builder/spi-builder-workspace/Sources/WebFormsCore/WebForms.swift:294:185: note: force-unwrap using '!' to abort execution if the optional value contains 'nil'
public func setMasterPagesEventListener(_ inputPlace: String, _ htmlEventListener: String, _ outputPlace: String? = nil) { add("EU" + inputPlace, htmlEventListener + WebForms.GS + outputPlace) }
^
!
/Users/admin/builder/spi-builder-workspace/Sources/WebFormsCore/WebForms.swift:408:82: error: value of optional type 'String?' must be unwrapped to a value of type 'String'
public func serviceWorkerDeleteRouteAlias(_ path: String? = nil) { add("wC", path) }
^
/Users/admin/builder/spi-builder-workspace/Sources/WebFormsCore/WebForms.swift:408:82: note: coalesce using '??' to provide a default when the optional value contains 'nil'
public func serviceWorkerDeleteRouteAlias(_ path: String? = nil) { add("wC", path) }
^
?? <#default value#>
/Users/admin/builder/spi-builder-workspace/Sources/WebFormsCore/WebForms.swift:408:82: note: force-unwrap using '!' to abort execution if the optional value contains 'nil'
public func serviceWorkerDeleteRouteAlias(_ path: String? = nil) { add("wC", path) }
^
!
/Users/admin/builder/spi-builder-workspace/Sources/WebFormsCore/WebForms.swift:421:64: error: value of optional type 'String?' must be unwrapped to a value of type 'String'
public func deleteState(_ path: String? = nil) { add("DS", path) }
^
/Users/admin/builder/spi-builder-workspace/Sources/WebFormsCore/WebForms.swift:421:64: note: coalesce using '??' to provide a default when the optional value contains 'nil'
public func deleteState(_ path: String? = nil) { add("DS", path) }
^
?? <#default value#>
/Users/admin/builder/spi-builder-workspace/Sources/WebFormsCore/WebForms.swift:421:64: note: force-unwrap using '!' to abort execution if the optional value contains 'nil'
public func deleteState(_ path: String? = nil) { add("DS", path) }
^
!
/Users/admin/builder/spi-builder-workspace/Sources/WebFormsCore/WebForms.swift:494:158: error: the compiler is unable to type-check this expression in reasonable time; try breaking up the expression into distinct sub-expressions
public func runActionControls(_ actionControls: String, _ withoutWebFormsSection: Bool = true, _ index: String? = nil, _ useCurrentEvent: Bool = true) { add("lA", (useCurrentEvent ? "1" : "0") + WebForms.GS + (withoutWebFormsSection ? "1" : "0") + WebForms.GS + index + WebForms.GS + actionControls) }
^~~~~~~~~~~~~~~~~~~~~~~~~~~~~~~~~~~~~~~~~~~~~~~~~~~~~~~~~~~~~~~~~~~~~~~~~~~~~~~~~~~~~~~~~~~~~~~~~~~~~~~~~~~~~~~~~~~~~~~~~~~~~~~~~~~~~~~~~~~~~~~~~~
/Users/admin/builder/spi-builder-workspace/Sources/WebFormsCore/WebForms.swift:511:176: error: value of optional type 'String?' must be unwrapped to a value of type 'String'
public func callCommentBack(_ index: String? = nil, _ inputPlace: String? = nil, _ useCurrentEvent: Bool = true) { add("LC", (useCurrentEvent ? "1" : "0") + WebForms.GS + index + WebForms.GS + inputPlace) }
^
/Users/admin/builder/spi-builder-workspace/Sources/WebFormsCore/WebForms.swift:511:176: note: coalesce using '??' to provide a default when the optional value contains 'nil'
public func callCommentBack(_ index: String? = nil, _ inputPlace: String? = nil, _ useCurrentEvent: Bool = true) { add("LC", (useCurrentEvent ? "1" : "0") + WebForms.GS + index + WebForms.GS + inputPlace) }
^
( ?? <#default value#>)
/Users/admin/builder/spi-builder-workspace/Sources/WebFormsCore/WebForms.swift:511:176: note: force-unwrap using '!' to abort execution if the optional value contains 'nil'
public func callCommentBack(_ index: String? = nil, _ inputPlace: String? = nil, _ useCurrentEvent: Bool = true) { add("LC", (useCurrentEvent ? "1" : "0") + WebForms.GS + index + WebForms.GS + inputPlace) }
^
!
/Users/admin/builder/spi-builder-workspace/Sources/WebFormsCore/WebForms.swift:511:198: error: value of optional type 'String?' must be unwrapped to a value of type 'String'
public func callCommentBack(_ index: String? = nil, _ inputPlace: String? = nil, _ useCurrentEvent: Bool = true) { add("LC", (useCurrentEvent ? "1" : "0") + WebForms.GS + index + WebForms.GS + inputPlace) }
^
/Users/admin/builder/spi-builder-workspace/Sources/WebFormsCore/WebForms.swift:511:198: note: coalesce using '??' to provide a default when the optional value contains 'nil'
public func callCommentBack(_ index: String? = nil, _ inputPlace: String? = nil, _ useCurrentEvent: Bool = true) { add("LC", (useCurrentEvent ? "1" : "0") + WebForms.GS + index + WebForms.GS + inputPlace) }
^
( ?? <#default value#>)
/Users/admin/builder/spi-builder-workspace/Sources/WebFormsCore/WebForms.swift:511:198: note: force-unwrap using '!' to abort execution if the optional value contains 'nil'
public func callCommentBack(_ index: String? = nil, _ inputPlace: String? = nil, _ useCurrentEvent: Bool = true) { add("LC", (useCurrentEvent ? "1" : "0") + WebForms.GS + index + WebForms.GS + inputPlace) }
^
!
/Users/admin/builder/spi-builder-workspace/Sources/WebFormsCore/WebForms.swift:518:9: error: the compiler is unable to type-check this expression in reasonable time; try breaking up the expression into distinct sub-expressions
add("Ly", (useCurrentEvent ? "1" : "0") + WebForms.GS + wasmLanguage + WebForms.GS + wasmUrl + WebForms.GS + methodName + WebForms.GS + argsJoin + WebForms.GS + outputPlace)
^~~~~~~~~~~~~~~~~~~~~~~~~~~~~~~~~~~~~~~~~~~~~~~~~~~~~~~~~~~~~~~~~~~~~~~~~~~~~~~~~~~~~~~~~~~~~~~~~~~~~~~~~~~~~~~~~~~~~~~~~~~~~~~~~~~~~~~~~~~~~~~~~~~~~~~~~~~~~~~~~~~~~~~~~~~~~
/Users/admin/builder/spi-builder-workspace/Sources/WebFormsCore/WebForms.swift:528:9: error: the compiler is unable to type-check this expression in reasonable time; try breaking up the expression into distinct sub-expressions
add("Lj", (useCurrentEvent ? "1" : "0") + WebForms.GS + modulePath + WebForms.GS + outputPlace + argsJoin)
^~~~~~~~~~~~~~~~~~~~~~~~~~~~~~~~~~~~~~~~~~~~~~~~~~~~~~~~~~~~~~~~~~~~~~~~~~~~~~~~~~~~~~~~~~~~~~~~~~~~~~~~~~
/Users/admin/builder/spi-builder-workspace/Sources/WebFormsCore/WebForms.swift:882:97: error: the compiler is unable to type-check this expression in reasonable time; try breaking up the expression into distinct sub-expressions
public func addXML(_ key: String, _ path: String, _ name: String, _ value: String? = nil) { add(".a", key + WebForms.GS + "x" + WebForms.GS + name + WebForms.GS + value + WebForms.GS + path) }
^~~~~~~~~~~~~~~~~~~~~~~~~~~~~~~~~~~~~~~~~~~~~~~~~~~~~~~~~~~~~~~~~~~~~~~~~~~~~~~~~~~~~~~~~~~~~~~~~~
SwiftDriverJobDiscovery normal arm64_32 Emitting module for WebFormsCore (in target 'WebFormsCore' from project 'WebFormsCore')
SwiftDriverJobDiscovery normal armv7k Emitting module for WebFormsCore (in target 'WebFormsCore' from project 'WebFormsCore')
SwiftDriverJobDiscovery normal arm64 Emitting module for WebFormsCore (in target 'WebFormsCore' from project 'WebFormsCore')
SwiftDriver\ Compilation\ Requirements WebFormsCore normal arm64_32 com.apple.xcode.tools.swift.compiler (in target 'WebFormsCore' from project 'WebFormsCore')
cd /Users/admin/builder/spi-builder-workspace/.swiftpm/xcode
builtin-Swift-Compilation-Requirements -- /Applications/Xcode-16.3.0.app/Contents/Developer/Toolchains/XcodeDefault.xctoolchain/usr/bin/swiftc -module-name WebFormsCore -Onone -enforce-exclusivity\=checked @/Users/admin/builder/spi-builder-workspace/.derivedData/Build/Intermediates.noindex/WebFormsCore.build/Debug-watchos/WebFormsCore.build/Objects-normal/arm64_32/WebFormsCore.SwiftFileList -DSWIFT_PACKAGE -DDEBUG -stats-output-dir .stats -strict-concurrency\=complete -enable-upcoming-feature StrictConcurrency -enable-upcoming-feature DisableOutwardActorInference -enable-upcoming-feature GlobalActorIsolatedTypesUsability -enable-upcoming-feature InferSendableFromCaptures -plugin-path /Applications/Xcode-16.3.0.app/Contents/Developer/Toolchains/XcodeDefault.xctoolchain/usr/lib/swift/host/plugins/testing -enable-experimental-feature DebugDescriptionMacro -sdk /Applications/Xcode-16.3.0.app/Contents/Developer/Platforms/WatchOS.platform/Developer/SDKs/WatchOS11.4.sdk -target arm64_32-apple-watchos5.0 -g -module-cache-path /Users/admin/builder/spi-builder-workspace/.derivedData/ModuleCache.noindex -Xfrontend -serialize-debugging-options -profile-coverage-mapping -profile-generate -enable-testing -index-store-path /Users/admin/builder/spi-builder-workspace/.derivedData/Index.noindex/DataStore -swift-version 5 -I /Users/admin/builder/spi-builder-workspace/.derivedData/Build/Products/Debug-watchos -I /Applications/Xcode-16.3.0.app/Contents/Developer/Platforms/WatchOS.platform/Developer/usr/lib -F /Users/admin/builder/spi-builder-workspace/.derivedData/Build/Products/Debug-watchos -F /Applications/Xcode-16.3.0.app/Contents/Developer/Platforms/WatchOS.platform/Developer/Library/Frameworks -F /Applications/Xcode-16.3.0.app/Contents/Developer/Platforms/WatchOS.platform/Developer/SDKs/WatchOS11.4.sdk/Developer/Library/Frameworks -parse-as-library -c -j10 -enable-batch-mode -incremental -Xcc -ivfsstatcache -Xcc /Users/admin/builder/spi-builder-workspace/.derivedData/SDKStatCaches.noindex/watchos11.4-22T246-43efb940ff07ba2497b70ec94253f576.sdkstatcache -output-file-map /Users/admin/builder/spi-builder-workspace/.derivedData/Build/Intermediates.noindex/WebFormsCore.build/Debug-watchos/WebFormsCore.build/Objects-normal/arm64_32/WebFormsCore-OutputFileMap.json -use-frontend-parseable-output -save-temps -no-color-diagnostics -serialize-diagnostics -emit-dependencies -emit-module -emit-module-path /Users/admin/builder/spi-builder-workspace/.derivedData/Build/Intermediates.noindex/WebFormsCore.build/Debug-watchos/WebFormsCore.build/Objects-normal/arm64_32/WebFormsCore.swiftmodule -validate-clang-modules-once -clang-build-session-file /Users/admin/builder/spi-builder-workspace/.derivedData/ModuleCache.noindex/Session.modulevalidation -package-name spi_builder_workspace -Xcc -I/Users/admin/builder/spi-builder-workspace/.derivedData/Build/Intermediates.noindex/WebFormsCore.build/Debug-watchos/WebFormsCore.build/swift-overrides.hmap -emit-const-values -Xfrontend -const-gather-protocols-file -Xfrontend /Users/admin/builder/spi-builder-workspace/.derivedData/Build/Intermediates.noindex/WebFormsCore.build/Debug-watchos/WebFormsCore.build/Objects-normal/arm64_32/WebFormsCore_const_extract_protocols.json -Xcc -I/Users/admin/builder/spi-builder-workspace/.derivedData/Build/Products/Debug-watchos/include -Xcc -I/Users/admin/builder/spi-builder-workspace/.derivedData/Build/Intermediates.noindex/WebFormsCore.build/Debug-watchos/WebFormsCore.build/DerivedSources-normal/arm64_32 -Xcc -I/Users/admin/builder/spi-builder-workspace/.derivedData/Build/Intermediates.noindex/WebFormsCore.build/Debug-watchos/WebFormsCore.build/DerivedSources/arm64_32 -Xcc -I/Users/admin/builder/spi-builder-workspace/.derivedData/Build/Intermediates.noindex/WebFormsCore.build/Debug-watchos/WebFormsCore.build/DerivedSources -Xcc -DSWIFT_PACKAGE -Xcc -DDEBUG\=1 -emit-objc-header -emit-objc-header-path /Users/admin/builder/spi-builder-workspace/.derivedData/Build/Intermediates.noindex/WebFormsCore.build/Debug-watchos/WebFormsCore.build/Objects-normal/arm64_32/WebFormsCore-Swift.h -working-directory /Users/admin/builder/spi-builder-workspace/.swiftpm/xcode -experimental-emit-module-separately -disable-cmo
SwiftDriver\ Compilation\ Requirements WebFormsCore normal armv7k com.apple.xcode.tools.swift.compiler (in target 'WebFormsCore' from project 'WebFormsCore')
cd /Users/admin/builder/spi-builder-workspace/.swiftpm/xcode
builtin-Swift-Compilation-Requirements -- /Applications/Xcode-16.3.0.app/Contents/Developer/Toolchains/XcodeDefault.xctoolchain/usr/bin/swiftc -module-name WebFormsCore -Onone -enforce-exclusivity\=checked @/Users/admin/builder/spi-builder-workspace/.derivedData/Build/Intermediates.noindex/WebFormsCore.build/Debug-watchos/WebFormsCore.build/Objects-normal/armv7k/WebFormsCore.SwiftFileList -DSWIFT_PACKAGE -DDEBUG -stats-output-dir .stats -strict-concurrency\=complete -enable-upcoming-feature StrictConcurrency -enable-upcoming-feature DisableOutwardActorInference -enable-upcoming-feature GlobalActorIsolatedTypesUsability -enable-upcoming-feature InferSendableFromCaptures -plugin-path /Applications/Xcode-16.3.0.app/Contents/Developer/Toolchains/XcodeDefault.xctoolchain/usr/lib/swift/host/plugins/testing -enable-experimental-feature DebugDescriptionMacro -sdk /Applications/Xcode-16.3.0.app/Contents/Developer/Platforms/WatchOS.platform/Developer/SDKs/WatchOS11.4.sdk -target armv7k-apple-watchos5.0 -g -module-cache-path /Users/admin/builder/spi-builder-workspace/.derivedData/ModuleCache.noindex -Xfrontend -serialize-debugging-options -profile-coverage-mapping -profile-generate -enable-testing -index-store-path /Users/admin/builder/spi-builder-workspace/.derivedData/Index.noindex/DataStore -swift-version 5 -I /Users/admin/builder/spi-builder-workspace/.derivedData/Build/Products/Debug-watchos -I /Applications/Xcode-16.3.0.app/Contents/Developer/Platforms/WatchOS.platform/Developer/usr/lib -F /Users/admin/builder/spi-builder-workspace/.derivedData/Build/Products/Debug-watchos -F /Applications/Xcode-16.3.0.app/Contents/Developer/Platforms/WatchOS.platform/Developer/Library/Frameworks -F /Applications/Xcode-16.3.0.app/Contents/Developer/Platforms/WatchOS.platform/Developer/SDKs/WatchOS11.4.sdk/Developer/Library/Frameworks -parse-as-library -c -j10 -enable-batch-mode -incremental -Xcc -ivfsstatcache -Xcc /Users/admin/builder/spi-builder-workspace/.derivedData/SDKStatCaches.noindex/watchos11.4-22T246-43efb940ff07ba2497b70ec94253f576.sdkstatcache -output-file-map /Users/admin/builder/spi-builder-workspace/.derivedData/Build/Intermediates.noindex/WebFormsCore.build/Debug-watchos/WebFormsCore.build/Objects-normal/armv7k/WebFormsCore-OutputFileMap.json -use-frontend-parseable-output -save-temps -no-color-diagnostics -serialize-diagnostics -emit-dependencies -emit-module -emit-module-path /Users/admin/builder/spi-builder-workspace/.derivedData/Build/Intermediates.noindex/WebFormsCore.build/Debug-watchos/WebFormsCore.build/Objects-normal/armv7k/WebFormsCore.swiftmodule -validate-clang-modules-once -clang-build-session-file /Users/admin/builder/spi-builder-workspace/.derivedData/ModuleCache.noindex/Session.modulevalidation -package-name spi_builder_workspace -Xcc -I/Users/admin/builder/spi-builder-workspace/.derivedData/Build/Intermediates.noindex/WebFormsCore.build/Debug-watchos/WebFormsCore.build/swift-overrides.hmap -emit-const-values -Xfrontend -const-gather-protocols-file -Xfrontend /Users/admin/builder/spi-builder-workspace/.derivedData/Build/Intermediates.noindex/WebFormsCore.build/Debug-watchos/WebFormsCore.build/Objects-normal/armv7k/WebFormsCore_const_extract_protocols.json -Xcc -I/Users/admin/builder/spi-builder-workspace/.derivedData/Build/Products/Debug-watchos/include -Xcc -I/Users/admin/builder/spi-builder-workspace/.derivedData/Build/Intermediates.noindex/WebFormsCore.build/Debug-watchos/WebFormsCore.build/DerivedSources-normal/armv7k -Xcc -I/Users/admin/builder/spi-builder-workspace/.derivedData/Build/Intermediates.noindex/WebFormsCore.build/Debug-watchos/WebFormsCore.build/DerivedSources/armv7k -Xcc -I/Users/admin/builder/spi-builder-workspace/.derivedData/Build/Intermediates.noindex/WebFormsCore.build/Debug-watchos/WebFormsCore.build/DerivedSources -Xcc -DSWIFT_PACKAGE -Xcc -DDEBUG\=1 -emit-objc-header -emit-objc-header-path /Users/admin/builder/spi-builder-workspace/.derivedData/Build/Intermediates.noindex/WebFormsCore.build/Debug-watchos/WebFormsCore.build/Objects-normal/armv7k/WebFormsCore-Swift.h -working-directory /Users/admin/builder/spi-builder-workspace/.swiftpm/xcode -experimental-emit-module-separately -disable-cmo
SwiftDriver\ Compilation\ Requirements WebFormsCore normal arm64 com.apple.xcode.tools.swift.compiler (in target 'WebFormsCore' from project 'WebFormsCore')
cd /Users/admin/builder/spi-builder-workspace/.swiftpm/xcode
builtin-Swift-Compilation-Requirements -- /Applications/Xcode-16.3.0.app/Contents/Developer/Toolchains/XcodeDefault.xctoolchain/usr/bin/swiftc -module-name WebFormsCore -Onone -enforce-exclusivity\=checked @/Users/admin/builder/spi-builder-workspace/.derivedData/Build/Intermediates.noindex/WebFormsCore.build/Debug-watchos/WebFormsCore.build/Objects-normal/arm64/WebFormsCore.SwiftFileList -DSWIFT_PACKAGE -DDEBUG -stats-output-dir .stats -strict-concurrency\=complete -enable-upcoming-feature StrictConcurrency -enable-upcoming-feature DisableOutwardActorInference -enable-upcoming-feature GlobalActorIsolatedTypesUsability -enable-upcoming-feature InferSendableFromCaptures -plugin-path /Applications/Xcode-16.3.0.app/Contents/Developer/Toolchains/XcodeDefault.xctoolchain/usr/lib/swift/host/plugins/testing -enable-experimental-feature DebugDescriptionMacro -sdk /Applications/Xcode-16.3.0.app/Contents/Developer/Platforms/WatchOS.platform/Developer/SDKs/WatchOS11.4.sdk -target arm64-apple-watchos5.0 -g -module-cache-path /Users/admin/builder/spi-builder-workspace/.derivedData/ModuleCache.noindex -Xfrontend -serialize-debugging-options -profile-coverage-mapping -profile-generate -enable-testing -index-store-path /Users/admin/builder/spi-builder-workspace/.derivedData/Index.noindex/DataStore -swift-version 5 -I /Users/admin/builder/spi-builder-workspace/.derivedData/Build/Products/Debug-watchos -I /Applications/Xcode-16.3.0.app/Contents/Developer/Platforms/WatchOS.platform/Developer/usr/lib -F /Users/admin/builder/spi-builder-workspace/.derivedData/Build/Products/Debug-watchos -F /Applications/Xcode-16.3.0.app/Contents/Developer/Platforms/WatchOS.platform/Developer/Library/Frameworks -F /Applications/Xcode-16.3.0.app/Contents/Developer/Platforms/WatchOS.platform/Developer/SDKs/WatchOS11.4.sdk/Developer/Library/Frameworks -parse-as-library -c -j10 -enable-batch-mode -incremental -Xcc -ivfsstatcache -Xcc /Users/admin/builder/spi-builder-workspace/.derivedData/SDKStatCaches.noindex/watchos11.4-22T246-43efb940ff07ba2497b70ec94253f576.sdkstatcache -output-file-map /Users/admin/builder/spi-builder-workspace/.derivedData/Build/Intermediates.noindex/WebFormsCore.build/Debug-watchos/WebFormsCore.build/Objects-normal/arm64/WebFormsCore-OutputFileMap.json -use-frontend-parseable-output -save-temps -no-color-diagnostics -serialize-diagnostics -emit-dependencies -emit-module -emit-module-path /Users/admin/builder/spi-builder-workspace/.derivedData/Build/Intermediates.noindex/WebFormsCore.build/Debug-watchos/WebFormsCore.build/Objects-normal/arm64/WebFormsCore.swiftmodule -validate-clang-modules-once -clang-build-session-file /Users/admin/builder/spi-builder-workspace/.derivedData/ModuleCache.noindex/Session.modulevalidation -package-name spi_builder_workspace -Xcc -I/Users/admin/builder/spi-builder-workspace/.derivedData/Build/Intermediates.noindex/WebFormsCore.build/Debug-watchos/WebFormsCore.build/swift-overrides.hmap -emit-const-values -Xfrontend -const-gather-protocols-file -Xfrontend /Users/admin/builder/spi-builder-workspace/.derivedData/Build/Intermediates.noindex/WebFormsCore.build/Debug-watchos/WebFormsCore.build/Objects-normal/arm64/WebFormsCore_const_extract_protocols.json -Xcc -I/Users/admin/builder/spi-builder-workspace/.derivedData/Build/Products/Debug-watchos/include -Xcc -I/Users/admin/builder/spi-builder-workspace/.derivedData/Build/Intermediates.noindex/WebFormsCore.build/Debug-watchos/WebFormsCore.build/DerivedSources-normal/arm64 -Xcc -I/Users/admin/builder/spi-builder-workspace/.derivedData/Build/Intermediates.noindex/WebFormsCore.build/Debug-watchos/WebFormsCore.build/DerivedSources/arm64 -Xcc -I/Users/admin/builder/spi-builder-workspace/.derivedData/Build/Intermediates.noindex/WebFormsCore.build/Debug-watchos/WebFormsCore.build/DerivedSources -Xcc -DSWIFT_PACKAGE -Xcc -DDEBUG\=1 -emit-objc-header -emit-objc-header-path /Users/admin/builder/spi-builder-workspace/.derivedData/Build/Intermediates.noindex/WebFormsCore.build/Debug-watchos/WebFormsCore.build/Objects-normal/arm64/WebFormsCore-Swift.h -working-directory /Users/admin/builder/spi-builder-workspace/.swiftpm/xcode -experimental-emit-module-separately -disable-cmo
SwiftMergeGeneratedHeaders /Users/admin/builder/spi-builder-workspace/.derivedData/Build/Intermediates.noindex/GeneratedModuleMaps-watchos/WebFormsCore-Swift.h /Users/admin/builder/spi-builder-workspace/.derivedData/Build/Intermediates.noindex/WebFormsCore.build/Debug-watchos/WebFormsCore.build/Objects-normal/arm64/WebFormsCore-Swift.h /Users/admin/builder/spi-builder-workspace/.derivedData/Build/Intermediates.noindex/WebFormsCore.build/Debug-watchos/WebFormsCore.build/Objects-normal/arm64_32/WebFormsCore-Swift.h /Users/admin/builder/spi-builder-workspace/.derivedData/Build/Intermediates.noindex/WebFormsCore.build/Debug-watchos/WebFormsCore.build/Objects-normal/armv7k/WebFormsCore-Swift.h (in target 'WebFormsCore' from project 'WebFormsCore')
cd /Users/admin/builder/spi-builder-workspace
builtin-swiftHeaderTool -arch arm64 /Users/admin/builder/spi-builder-workspace/.derivedData/Build/Intermediates.noindex/WebFormsCore.build/Debug-watchos/WebFormsCore.build/Objects-normal/arm64/WebFormsCore-Swift.h -arch arm64_32 /Users/admin/builder/spi-builder-workspace/.derivedData/Build/Intermediates.noindex/WebFormsCore.build/Debug-watchos/WebFormsCore.build/Objects-normal/arm64_32/WebFormsCore-Swift.h -arch armv7k /Users/admin/builder/spi-builder-workspace/.derivedData/Build/Intermediates.noindex/WebFormsCore.build/Debug-watchos/WebFormsCore.build/Objects-normal/armv7k/WebFormsCore-Swift.h -o /Users/admin/builder/spi-builder-workspace/.derivedData/Build/Intermediates.noindex/GeneratedModuleMaps-watchos/WebFormsCore-Swift.h
Copy /Users/admin/builder/spi-builder-workspace/.derivedData/Build/Products/Debug-watchos/WebFormsCore.swiftmodule/arm64_32-apple-watchos.swiftmodule /Users/admin/builder/spi-builder-workspace/.derivedData/Build/Intermediates.noindex/WebFormsCore.build/Debug-watchos/WebFormsCore.build/Objects-normal/arm64_32/WebFormsCore.swiftmodule (in target 'WebFormsCore' from project 'WebFormsCore')
cd /Users/admin/builder/spi-builder-workspace
builtin-copy -exclude .DS_Store -exclude CVS -exclude .svn -exclude .git -exclude .hg -resolve-src-symlinks -rename /Users/admin/builder/spi-builder-workspace/.derivedData/Build/Intermediates.noindex/WebFormsCore.build/Debug-watchos/WebFormsCore.build/Objects-normal/arm64_32/WebFormsCore.swiftmodule /Users/admin/builder/spi-builder-workspace/.derivedData/Build/Products/Debug-watchos/WebFormsCore.swiftmodule/arm64_32-apple-watchos.swiftmodule
Copy /Users/admin/builder/spi-builder-workspace/.derivedData/Build/Products/Debug-watchos/WebFormsCore.swiftmodule/armv7k-apple-watchos.abi.json /Users/admin/builder/spi-builder-workspace/.derivedData/Build/Intermediates.noindex/WebFormsCore.build/Debug-watchos/WebFormsCore.build/Objects-normal/armv7k/WebFormsCore.abi.json (in target 'WebFormsCore' from project 'WebFormsCore')
cd /Users/admin/builder/spi-builder-workspace
builtin-copy -exclude .DS_Store -exclude CVS -exclude .svn -exclude .git -exclude .hg -resolve-src-symlinks -rename /Users/admin/builder/spi-builder-workspace/.derivedData/Build/Intermediates.noindex/WebFormsCore.build/Debug-watchos/WebFormsCore.build/Objects-normal/armv7k/WebFormsCore.abi.json /Users/admin/builder/spi-builder-workspace/.derivedData/Build/Products/Debug-watchos/WebFormsCore.swiftmodule/armv7k-apple-watchos.abi.json
Copy /Users/admin/builder/spi-builder-workspace/.derivedData/Build/Products/Debug-watchos/WebFormsCore.swiftmodule/armv7k-apple-watchos.swiftmodule /Users/admin/builder/spi-builder-workspace/.derivedData/Build/Intermediates.noindex/WebFormsCore.build/Debug-watchos/WebFormsCore.build/Objects-normal/armv7k/WebFormsCore.swiftmodule (in target 'WebFormsCore' from project 'WebFormsCore')
cd /Users/admin/builder/spi-builder-workspace
builtin-copy -exclude .DS_Store -exclude CVS -exclude .svn -exclude .git -exclude .hg -resolve-src-symlinks -rename /Users/admin/builder/spi-builder-workspace/.derivedData/Build/Intermediates.noindex/WebFormsCore.build/Debug-watchos/WebFormsCore.build/Objects-normal/armv7k/WebFormsCore.swiftmodule /Users/admin/builder/spi-builder-workspace/.derivedData/Build/Products/Debug-watchos/WebFormsCore.swiftmodule/armv7k-apple-watchos.swiftmodule
Copy /Users/admin/builder/spi-builder-workspace/.derivedData/Build/Products/Debug-watchos/WebFormsCore.swiftmodule/arm64-apple-watchos.swiftmodule /Users/admin/builder/spi-builder-workspace/.derivedData/Build/Intermediates.noindex/WebFormsCore.build/Debug-watchos/WebFormsCore.build/Objects-normal/arm64/WebFormsCore.swiftmodule (in target 'WebFormsCore' from project 'WebFormsCore')
cd /Users/admin/builder/spi-builder-workspace
builtin-copy -exclude .DS_Store -exclude CVS -exclude .svn -exclude .git -exclude .hg -resolve-src-symlinks -rename /Users/admin/builder/spi-builder-workspace/.derivedData/Build/Intermediates.noindex/WebFormsCore.build/Debug-watchos/WebFormsCore.build/Objects-normal/arm64/WebFormsCore.swiftmodule /Users/admin/builder/spi-builder-workspace/.derivedData/Build/Products/Debug-watchos/WebFormsCore.swiftmodule/arm64-apple-watchos.swiftmodule
Copy /Users/admin/builder/spi-builder-workspace/.derivedData/Build/Products/Debug-watchos/WebFormsCore.swiftmodule/arm64-apple-watchos.swiftdoc /Users/admin/builder/spi-builder-workspace/.derivedData/Build/Intermediates.noindex/WebFormsCore.build/Debug-watchos/WebFormsCore.build/Objects-normal/arm64/WebFormsCore.swiftdoc (in target 'WebFormsCore' from project 'WebFormsCore')
cd /Users/admin/builder/spi-builder-workspace
builtin-copy -exclude .DS_Store -exclude CVS -exclude .svn -exclude .git -exclude .hg -resolve-src-symlinks -rename /Users/admin/builder/spi-builder-workspace/.derivedData/Build/Intermediates.noindex/WebFormsCore.build/Debug-watchos/WebFormsCore.build/Objects-normal/arm64/WebFormsCore.swiftdoc /Users/admin/builder/spi-builder-workspace/.derivedData/Build/Products/Debug-watchos/WebFormsCore.swiftmodule/arm64-apple-watchos.swiftdoc
Copy /Users/admin/builder/spi-builder-workspace/.derivedData/Build/Products/Debug-watchos/WebFormsCore.swiftmodule/armv7k-apple-watchos.swiftdoc /Users/admin/builder/spi-builder-workspace/.derivedData/Build/Intermediates.noindex/WebFormsCore.build/Debug-watchos/WebFormsCore.build/Objects-normal/armv7k/WebFormsCore.swiftdoc (in target 'WebFormsCore' from project 'WebFormsCore')
cd /Users/admin/builder/spi-builder-workspace
builtin-copy -exclude .DS_Store -exclude CVS -exclude .svn -exclude .git -exclude .hg -resolve-src-symlinks -rename /Users/admin/builder/spi-builder-workspace/.derivedData/Build/Intermediates.noindex/WebFormsCore.build/Debug-watchos/WebFormsCore.build/Objects-normal/armv7k/WebFormsCore.swiftdoc /Users/admin/builder/spi-builder-workspace/.derivedData/Build/Products/Debug-watchos/WebFormsCore.swiftmodule/armv7k-apple-watchos.swiftdoc
Copy /Users/admin/builder/spi-builder-workspace/.derivedData/Build/Products/Debug-watchos/WebFormsCore.swiftmodule/arm64_32-apple-watchos.swiftdoc /Users/admin/builder/spi-builder-workspace/.derivedData/Build/Intermediates.noindex/WebFormsCore.build/Debug-watchos/WebFormsCore.build/Objects-normal/arm64_32/WebFormsCore.swiftdoc (in target 'WebFormsCore' from project 'WebFormsCore')
cd /Users/admin/builder/spi-builder-workspace
builtin-copy -exclude .DS_Store -exclude CVS -exclude .svn -exclude .git -exclude .hg -resolve-src-symlinks -rename /Users/admin/builder/spi-builder-workspace/.derivedData/Build/Intermediates.noindex/WebFormsCore.build/Debug-watchos/WebFormsCore.build/Objects-normal/arm64_32/WebFormsCore.swiftdoc /Users/admin/builder/spi-builder-workspace/.derivedData/Build/Products/Debug-watchos/WebFormsCore.swiftmodule/arm64_32-apple-watchos.swiftdoc
Copy /Users/admin/builder/spi-builder-workspace/.derivedData/Build/Products/Debug-watchos/WebFormsCore.swiftmodule/arm64_32-apple-watchos.abi.json /Users/admin/builder/spi-builder-workspace/.derivedData/Build/Intermediates.noindex/WebFormsCore.build/Debug-watchos/WebFormsCore.build/Objects-normal/arm64_32/WebFormsCore.abi.json (in target 'WebFormsCore' from project 'WebFormsCore')
cd /Users/admin/builder/spi-builder-workspace
builtin-copy -exclude .DS_Store -exclude CVS -exclude .svn -exclude .git -exclude .hg -resolve-src-symlinks -rename /Users/admin/builder/spi-builder-workspace/.derivedData/Build/Intermediates.noindex/WebFormsCore.build/Debug-watchos/WebFormsCore.build/Objects-normal/arm64_32/WebFormsCore.abi.json /Users/admin/builder/spi-builder-workspace/.derivedData/Build/Products/Debug-watchos/WebFormsCore.swiftmodule/arm64_32-apple-watchos.abi.json
Copy /Users/admin/builder/spi-builder-workspace/.derivedData/Build/Products/Debug-watchos/WebFormsCore.swiftmodule/arm64-apple-watchos.abi.json /Users/admin/builder/spi-builder-workspace/.derivedData/Build/Intermediates.noindex/WebFormsCore.build/Debug-watchos/WebFormsCore.build/Objects-normal/arm64/WebFormsCore.abi.json (in target 'WebFormsCore' from project 'WebFormsCore')
cd /Users/admin/builder/spi-builder-workspace
builtin-copy -exclude .DS_Store -exclude CVS -exclude .svn -exclude .git -exclude .hg -resolve-src-symlinks -rename /Users/admin/builder/spi-builder-workspace/.derivedData/Build/Intermediates.noindex/WebFormsCore.build/Debug-watchos/WebFormsCore.build/Objects-normal/arm64/WebFormsCore.abi.json /Users/admin/builder/spi-builder-workspace/.derivedData/Build/Products/Debug-watchos/WebFormsCore.swiftmodule/arm64-apple-watchos.abi.json
Copy /Users/admin/builder/spi-builder-workspace/.derivedData/Build/Products/Debug-watchos/WebFormsCore.swiftmodule/Project/armv7k-apple-watchos.swiftsourceinfo /Users/admin/builder/spi-builder-workspace/.derivedData/Build/Intermediates.noindex/WebFormsCore.build/Debug-watchos/WebFormsCore.build/Objects-normal/armv7k/WebFormsCore.swiftsourceinfo (in target 'WebFormsCore' from project 'WebFormsCore')
cd /Users/admin/builder/spi-builder-workspace
builtin-copy -exclude .DS_Store -exclude CVS -exclude .svn -exclude .git -exclude .hg -resolve-src-symlinks -rename /Users/admin/builder/spi-builder-workspace/.derivedData/Build/Intermediates.noindex/WebFormsCore.build/Debug-watchos/WebFormsCore.build/Objects-normal/armv7k/WebFormsCore.swiftsourceinfo /Users/admin/builder/spi-builder-workspace/.derivedData/Build/Products/Debug-watchos/WebFormsCore.swiftmodule/Project/armv7k-apple-watchos.swiftsourceinfo
Copy /Users/admin/builder/spi-builder-workspace/.derivedData/Build/Products/Debug-watchos/WebFormsCore.swiftmodule/Project/arm64-apple-watchos.swiftsourceinfo /Users/admin/builder/spi-builder-workspace/.derivedData/Build/Intermediates.noindex/WebFormsCore.build/Debug-watchos/WebFormsCore.build/Objects-normal/arm64/WebFormsCore.swiftsourceinfo (in target 'WebFormsCore' from project 'WebFormsCore')
cd /Users/admin/builder/spi-builder-workspace
builtin-copy -exclude .DS_Store -exclude CVS -exclude .svn -exclude .git -exclude .hg -resolve-src-symlinks -rename /Users/admin/builder/spi-builder-workspace/.derivedData/Build/Intermediates.noindex/WebFormsCore.build/Debug-watchos/WebFormsCore.build/Objects-normal/arm64/WebFormsCore.swiftsourceinfo /Users/admin/builder/spi-builder-workspace/.derivedData/Build/Products/Debug-watchos/WebFormsCore.swiftmodule/Project/arm64-apple-watchos.swiftsourceinfo
Copy /Users/admin/builder/spi-builder-workspace/.derivedData/Build/Products/Debug-watchos/WebFormsCore.swiftmodule/Project/arm64_32-apple-watchos.swiftsourceinfo /Users/admin/builder/spi-builder-workspace/.derivedData/Build/Intermediates.noindex/WebFormsCore.build/Debug-watchos/WebFormsCore.build/Objects-normal/arm64_32/WebFormsCore.swiftsourceinfo (in target 'WebFormsCore' from project 'WebFormsCore')
cd /Users/admin/builder/spi-builder-workspace
builtin-copy -exclude .DS_Store -exclude CVS -exclude .svn -exclude .git -exclude .hg -resolve-src-symlinks -rename /Users/admin/builder/spi-builder-workspace/.derivedData/Build/Intermediates.noindex/WebFormsCore.build/Debug-watchos/WebFormsCore.build/Objects-normal/arm64_32/WebFormsCore.swiftsourceinfo /Users/admin/builder/spi-builder-workspace/.derivedData/Build/Products/Debug-watchos/WebFormsCore.swiftmodule/Project/arm64_32-apple-watchos.swiftsourceinfo
** BUILD FAILED **
The following build commands failed:
SwiftCompile normal arm64_32 Compiling\ WebForms.swift /Users/admin/builder/spi-builder-workspace/Sources/WebFormsCore/WebForms.swift (in target 'WebFormsCore' from project 'WebFormsCore')
SwiftCompile normal arm64_32 /Users/admin/builder/spi-builder-workspace/Sources/WebFormsCore/WebForms.swift (in target 'WebFormsCore' from project 'WebFormsCore')
SwiftCompile normal armv7k Compiling\ WebForms.swift /Users/admin/builder/spi-builder-workspace/Sources/WebFormsCore/WebForms.swift (in target 'WebFormsCore' from project 'WebFormsCore')
SwiftCompile normal armv7k /Users/admin/builder/spi-builder-workspace/Sources/WebFormsCore/WebForms.swift (in target 'WebFormsCore' from project 'WebFormsCore')
Building workspace spi-builder-workspace with scheme WebFormsCore
(5 failures)
Command line invocation:
/Applications/Xcode-16.3.0.app/Contents/Developer/usr/bin/xcodebuild -IDEClonedSourcePackagesDirPathOverride=/Users/admin/builder/spi-builder-workspace/.dependencies -resolvePackageDependencies
Resolve Package Graph
Resolved source packages:
WebFormsCore: /Users/admin/builder/spi-builder-workspace
resolved source packages: WebFormsCore
{
"dependencies" : [
],
"manifest_display_name" : "WebFormsCore",
"name" : "WebFormsCore",
"path" : "/Users/admin/builder/spi-builder-workspace",
"platforms" : [
],
"products" : [
{
"name" : "WebFormsCore",
"targets" : [
"WebFormsCore"
],
"type" : {
"library" : [
"automatic"
]
}
}
],
"targets" : [
{
"c99name" : "WebFormsCoreTests",
"module_type" : "SwiftTarget",
"name" : "WebFormsCoreTests",
"path" : "Tests/WebFormsCoreTests",
"sources" : [
"WebFormsCoreTests.swift"
],
"target_dependencies" : [
"WebFormsCore"
],
"type" : "test"
},
{
"c99name" : "WebFormsCore",
"module_type" : "SwiftTarget",
"name" : "WebFormsCore",
"path" : "Sources/WebFormsCore",
"product_memberships" : [
"WebFormsCore"
],
"sources" : [
"WebForms.swift"
],
"type" : "library"
}
],
"tools_version" : "5.9"
}
{
"workspace" : {
"name" : "spi-builder-workspace",
"schemes" : [
"WebFormsCore"
]
}
}
Running build ...
env DEVELOPER_DIR=/Applications/Xcode-16.3.0.app xcrun xcodebuild -IDEClonedSourcePackagesDirPathOverride=$PWD/.dependencies -skipMacroValidation -skipPackagePluginValidation -derivedDataPath $PWD/.derivedData build -scheme WebFormsCore -destination generic/platform=watchOS
Command line invocation:
/Applications/Xcode-16.3.0.app/Contents/Developer/usr/bin/xcodebuild -IDEClonedSourcePackagesDirPathOverride=/Users/admin/builder/spi-builder-workspace/.dependencies -skipMacroValidation -skipPackagePluginValidation -derivedDataPath /Users/admin/builder/spi-builder-workspace/.derivedData build -scheme WebFormsCore -destination generic/platform=watchOS
Resolve Package Graph
Resolved source packages:
WebFormsCore: /Users/admin/builder/spi-builder-workspace
ComputePackagePrebuildTargetDependencyGraph
Prepare packages
CreateBuildRequest
SendProjectDescription
CreateBuildOperation
ComputeTargetDependencyGraph
note: Building targets in dependency order
note: Target dependency graph (2 targets)
Target 'WebFormsCore' in project 'WebFormsCore'
➜ Explicit dependency on target 'WebFormsCore' in project 'WebFormsCore'
Target 'WebFormsCore' in project 'WebFormsCore' (no dependencies)
GatherProvisioningInputs
CreateBuildDescription
ExecuteExternalTool /Applications/Xcode-16.3.0.app/Contents/Developer/Toolchains/XcodeDefault.xctoolchain/usr/bin/clang -v -E -dM -isysroot /Applications/Xcode-16.3.0.app/Contents/Developer/Platforms/WatchOS.platform/Developer/SDKs/WatchOS11.4.sdk -x c -c /dev/null
ExecuteExternalTool /Applications/Xcode-16.3.0.app/Contents/Developer/Toolchains/XcodeDefault.xctoolchain/usr/bin/swiftc --version
ExecuteExternalTool /Applications/Xcode-16.3.0.app/Contents/Developer/Toolchains/XcodeDefault.xctoolchain/usr/bin/ld -version_details
Build description signature: e5cdae7e2f7a6e66e9a861babef3e326
Build description path: /Users/admin/builder/spi-builder-workspace/.derivedData/Build/Intermediates.noindex/XCBuildData/e5cdae7e2f7a6e66e9a861babef3e326.xcbuilddata
ClangStatCache /Applications/Xcode-16.3.0.app/Contents/Developer/Toolchains/XcodeDefault.xctoolchain/usr/bin/clang-stat-cache /Applications/Xcode-16.3.0.app/Contents/Developer/Platforms/WatchOS.platform/Developer/SDKs/WatchOS11.4.sdk /Users/admin/builder/spi-builder-workspace/.derivedData/SDKStatCaches.noindex/watchos11.4-22T246-43efb940ff07ba2497b70ec94253f576.sdkstatcache
cd /Users/admin/builder/spi-builder-workspace/.swiftpm/xcode
/Applications/Xcode-16.3.0.app/Contents/Developer/Toolchains/XcodeDefault.xctoolchain/usr/bin/clang-stat-cache /Applications/Xcode-16.3.0.app/Contents/Developer/Platforms/WatchOS.platform/Developer/SDKs/WatchOS11.4.sdk -o /Users/admin/builder/spi-builder-workspace/.derivedData/SDKStatCaches.noindex/watchos11.4-22T246-43efb940ff07ba2497b70ec94253f576.sdkstatcache
SwiftDriver WebFormsCore normal arm64 com.apple.xcode.tools.swift.compiler (in target 'WebFormsCore' from project 'WebFormsCore')
cd /Users/admin/builder/spi-builder-workspace/.swiftpm/xcode
builtin-SwiftDriver -- /Applications/Xcode-16.3.0.app/Contents/Developer/Toolchains/XcodeDefault.xctoolchain/usr/bin/swiftc -module-name WebFormsCore -Onone -enforce-exclusivity\=checked @/Users/admin/builder/spi-builder-workspace/.derivedData/Build/Intermediates.noindex/WebFormsCore.build/Debug-watchos/WebFormsCore.build/Objects-normal/arm64/WebFormsCore.SwiftFileList -DSWIFT_PACKAGE -DDEBUG -DXcode -plugin-path /Applications/Xcode-16.3.0.app/Contents/Developer/Toolchains/XcodeDefault.xctoolchain/usr/lib/swift/host/plugins/testing -enable-experimental-feature DebugDescriptionMacro -sdk /Applications/Xcode-16.3.0.app/Contents/Developer/Platforms/WatchOS.platform/Developer/SDKs/WatchOS11.4.sdk -target arm64-apple-watchos5.0 -g -module-cache-path /Users/admin/builder/spi-builder-workspace/.derivedData/ModuleCache.noindex -Xfrontend -serialize-debugging-options -profile-coverage-mapping -profile-generate -enable-testing -index-store-path /Users/admin/builder/spi-builder-workspace/.derivedData/Index.noindex/DataStore -swift-version 5 -I /Users/admin/builder/spi-builder-workspace/.derivedData/Build/Products/Debug-watchos -I /Applications/Xcode-16.3.0.app/Contents/Developer/Platforms/WatchOS.platform/Developer/usr/lib -F /Users/admin/builder/spi-builder-workspace/.derivedData/Build/Products/Debug-watchos -F /Applications/Xcode-16.3.0.app/Contents/Developer/Platforms/WatchOS.platform/Developer/Library/Frameworks -F /Applications/Xcode-16.3.0.app/Contents/Developer/Platforms/WatchOS.platform/Developer/SDKs/WatchOS11.4.sdk/Developer/Library/Frameworks -parse-as-library -c -j10 -enable-batch-mode -incremental -Xcc -ivfsstatcache -Xcc /Users/admin/builder/spi-builder-workspace/.derivedData/SDKStatCaches.noindex/watchos11.4-22T246-43efb940ff07ba2497b70ec94253f576.sdkstatcache -output-file-map /Users/admin/builder/spi-builder-workspace/.derivedData/Build/Intermediates.noindex/WebFormsCore.build/Debug-watchos/WebFormsCore.build/Objects-normal/arm64/WebFormsCore-OutputFileMap.json -use-frontend-parseable-output -save-temps -no-color-diagnostics -serialize-diagnostics -emit-dependencies -emit-module -emit-module-path /Users/admin/builder/spi-builder-workspace/.derivedData/Build/Intermediates.noindex/WebFormsCore.build/Debug-watchos/WebFormsCore.build/Objects-normal/arm64/WebFormsCore.swiftmodule -validate-clang-modules-once -clang-build-session-file /Users/admin/builder/spi-builder-workspace/.derivedData/ModuleCache.noindex/Session.modulevalidation -package-name spi_builder_workspace -Xcc -I/Users/admin/builder/spi-builder-workspace/.derivedData/Build/Intermediates.noindex/WebFormsCore.build/Debug-watchos/WebFormsCore.build/swift-overrides.hmap -emit-const-values -Xfrontend -const-gather-protocols-file -Xfrontend /Users/admin/builder/spi-builder-workspace/.derivedData/Build/Intermediates.noindex/WebFormsCore.build/Debug-watchos/WebFormsCore.build/Objects-normal/arm64/WebFormsCore_const_extract_protocols.json -Xcc -I/Users/admin/builder/spi-builder-workspace/.derivedData/Build/Products/Debug-watchos/include -Xcc -I/Users/admin/builder/spi-builder-workspace/.derivedData/Build/Intermediates.noindex/WebFormsCore.build/Debug-watchos/WebFormsCore.build/DerivedSources-normal/arm64 -Xcc -I/Users/admin/builder/spi-builder-workspace/.derivedData/Build/Intermediates.noindex/WebFormsCore.build/Debug-watchos/WebFormsCore.build/DerivedSources/arm64 -Xcc -I/Users/admin/builder/spi-builder-workspace/.derivedData/Build/Intermediates.noindex/WebFormsCore.build/Debug-watchos/WebFormsCore.build/DerivedSources -Xcc -DSWIFT_PACKAGE -Xcc -DDEBUG\=1 -emit-objc-header -emit-objc-header-path /Users/admin/builder/spi-builder-workspace/.derivedData/Build/Intermediates.noindex/WebFormsCore.build/Debug-watchos/WebFormsCore.build/Objects-normal/arm64/WebFormsCore-Swift.h -working-directory /Users/admin/builder/spi-builder-workspace/.swiftpm/xcode -experimental-emit-module-separately -disable-cmo
SwiftDriver WebFormsCore normal arm64_32 com.apple.xcode.tools.swift.compiler (in target 'WebFormsCore' from project 'WebFormsCore')
cd /Users/admin/builder/spi-builder-workspace/.swiftpm/xcode
builtin-SwiftDriver -- /Applications/Xcode-16.3.0.app/Contents/Developer/Toolchains/XcodeDefault.xctoolchain/usr/bin/swiftc -module-name WebFormsCore -Onone -enforce-exclusivity\=checked @/Users/admin/builder/spi-builder-workspace/.derivedData/Build/Intermediates.noindex/WebFormsCore.build/Debug-watchos/WebFormsCore.build/Objects-normal/arm64_32/WebFormsCore.SwiftFileList -DSWIFT_PACKAGE -DDEBUG -DXcode -plugin-path /Applications/Xcode-16.3.0.app/Contents/Developer/Toolchains/XcodeDefault.xctoolchain/usr/lib/swift/host/plugins/testing -enable-experimental-feature DebugDescriptionMacro -sdk /Applications/Xcode-16.3.0.app/Contents/Developer/Platforms/WatchOS.platform/Developer/SDKs/WatchOS11.4.sdk -target arm64_32-apple-watchos5.0 -g -module-cache-path /Users/admin/builder/spi-builder-workspace/.derivedData/ModuleCache.noindex -Xfrontend -serialize-debugging-options -profile-coverage-mapping -profile-generate -enable-testing -index-store-path /Users/admin/builder/spi-builder-workspace/.derivedData/Index.noindex/DataStore -swift-version 5 -I /Users/admin/builder/spi-builder-workspace/.derivedData/Build/Products/Debug-watchos -I /Applications/Xcode-16.3.0.app/Contents/Developer/Platforms/WatchOS.platform/Developer/usr/lib -F /Users/admin/builder/spi-builder-workspace/.derivedData/Build/Products/Debug-watchos -F /Applications/Xcode-16.3.0.app/Contents/Developer/Platforms/WatchOS.platform/Developer/Library/Frameworks -F /Applications/Xcode-16.3.0.app/Contents/Developer/Platforms/WatchOS.platform/Developer/SDKs/WatchOS11.4.sdk/Developer/Library/Frameworks -parse-as-library -c -j10 -enable-batch-mode -incremental -Xcc -ivfsstatcache -Xcc /Users/admin/builder/spi-builder-workspace/.derivedData/SDKStatCaches.noindex/watchos11.4-22T246-43efb940ff07ba2497b70ec94253f576.sdkstatcache -output-file-map /Users/admin/builder/spi-builder-workspace/.derivedData/Build/Intermediates.noindex/WebFormsCore.build/Debug-watchos/WebFormsCore.build/Objects-normal/arm64_32/WebFormsCore-OutputFileMap.json -use-frontend-parseable-output -save-temps -no-color-diagnostics -serialize-diagnostics -emit-dependencies -emit-module -emit-module-path /Users/admin/builder/spi-builder-workspace/.derivedData/Build/Intermediates.noindex/WebFormsCore.build/Debug-watchos/WebFormsCore.build/Objects-normal/arm64_32/WebFormsCore.swiftmodule -validate-clang-modules-once -clang-build-session-file /Users/admin/builder/spi-builder-workspace/.derivedData/ModuleCache.noindex/Session.modulevalidation -package-name spi_builder_workspace -Xcc -I/Users/admin/builder/spi-builder-workspace/.derivedData/Build/Intermediates.noindex/WebFormsCore.build/Debug-watchos/WebFormsCore.build/swift-overrides.hmap -emit-const-values -Xfrontend -const-gather-protocols-file -Xfrontend /Users/admin/builder/spi-builder-workspace/.derivedData/Build/Intermediates.noindex/WebFormsCore.build/Debug-watchos/WebFormsCore.build/Objects-normal/arm64_32/WebFormsCore_const_extract_protocols.json -Xcc -I/Users/admin/builder/spi-builder-workspace/.derivedData/Build/Products/Debug-watchos/include -Xcc -I/Users/admin/builder/spi-builder-workspace/.derivedData/Build/Intermediates.noindex/WebFormsCore.build/Debug-watchos/WebFormsCore.build/DerivedSources-normal/arm64_32 -Xcc -I/Users/admin/builder/spi-builder-workspace/.derivedData/Build/Intermediates.noindex/WebFormsCore.build/Debug-watchos/WebFormsCore.build/DerivedSources/arm64_32 -Xcc -I/Users/admin/builder/spi-builder-workspace/.derivedData/Build/Intermediates.noindex/WebFormsCore.build/Debug-watchos/WebFormsCore.build/DerivedSources -Xcc -DSWIFT_PACKAGE -Xcc -DDEBUG\=1 -emit-objc-header -emit-objc-header-path /Users/admin/builder/spi-builder-workspace/.derivedData/Build/Intermediates.noindex/WebFormsCore.build/Debug-watchos/WebFormsCore.build/Objects-normal/arm64_32/WebFormsCore-Swift.h -working-directory /Users/admin/builder/spi-builder-workspace/.swiftpm/xcode -experimental-emit-module-separately -disable-cmo
SwiftDriver WebFormsCore normal armv7k com.apple.xcode.tools.swift.compiler (in target 'WebFormsCore' from project 'WebFormsCore')
cd /Users/admin/builder/spi-builder-workspace/.swiftpm/xcode
builtin-SwiftDriver -- /Applications/Xcode-16.3.0.app/Contents/Developer/Toolchains/XcodeDefault.xctoolchain/usr/bin/swiftc -module-name WebFormsCore -Onone -enforce-exclusivity\=checked @/Users/admin/builder/spi-builder-workspace/.derivedData/Build/Intermediates.noindex/WebFormsCore.build/Debug-watchos/WebFormsCore.build/Objects-normal/armv7k/WebFormsCore.SwiftFileList -DSWIFT_PACKAGE -DDEBUG -DXcode -plugin-path /Applications/Xcode-16.3.0.app/Contents/Developer/Toolchains/XcodeDefault.xctoolchain/usr/lib/swift/host/plugins/testing -enable-experimental-feature DebugDescriptionMacro -sdk /Applications/Xcode-16.3.0.app/Contents/Developer/Platforms/WatchOS.platform/Developer/SDKs/WatchOS11.4.sdk -target armv7k-apple-watchos5.0 -g -module-cache-path /Users/admin/builder/spi-builder-workspace/.derivedData/ModuleCache.noindex -Xfrontend -serialize-debugging-options -profile-coverage-mapping -profile-generate -enable-testing -index-store-path /Users/admin/builder/spi-builder-workspace/.derivedData/Index.noindex/DataStore -swift-version 5 -I /Users/admin/builder/spi-builder-workspace/.derivedData/Build/Products/Debug-watchos -I /Applications/Xcode-16.3.0.app/Contents/Developer/Platforms/WatchOS.platform/Developer/usr/lib -F /Users/admin/builder/spi-builder-workspace/.derivedData/Build/Products/Debug-watchos -F /Applications/Xcode-16.3.0.app/Contents/Developer/Platforms/WatchOS.platform/Developer/Library/Frameworks -F /Applications/Xcode-16.3.0.app/Contents/Developer/Platforms/WatchOS.platform/Developer/SDKs/WatchOS11.4.sdk/Developer/Library/Frameworks -parse-as-library -c -j10 -enable-batch-mode -incremental -Xcc -ivfsstatcache -Xcc /Users/admin/builder/spi-builder-workspace/.derivedData/SDKStatCaches.noindex/watchos11.4-22T246-43efb940ff07ba2497b70ec94253f576.sdkstatcache -output-file-map /Users/admin/builder/spi-builder-workspace/.derivedData/Build/Intermediates.noindex/WebFormsCore.build/Debug-watchos/WebFormsCore.build/Objects-normal/armv7k/WebFormsCore-OutputFileMap.json -use-frontend-parseable-output -save-temps -no-color-diagnostics -serialize-diagnostics -emit-dependencies -emit-module -emit-module-path /Users/admin/builder/spi-builder-workspace/.derivedData/Build/Intermediates.noindex/WebFormsCore.build/Debug-watchos/WebFormsCore.build/Objects-normal/armv7k/WebFormsCore.swiftmodule -validate-clang-modules-once -clang-build-session-file /Users/admin/builder/spi-builder-workspace/.derivedData/ModuleCache.noindex/Session.modulevalidation -package-name spi_builder_workspace -Xcc -I/Users/admin/builder/spi-builder-workspace/.derivedData/Build/Intermediates.noindex/WebFormsCore.build/Debug-watchos/WebFormsCore.build/swift-overrides.hmap -emit-const-values -Xfrontend -const-gather-protocols-file -Xfrontend /Users/admin/builder/spi-builder-workspace/.derivedData/Build/Intermediates.noindex/WebFormsCore.build/Debug-watchos/WebFormsCore.build/Objects-normal/armv7k/WebFormsCore_const_extract_protocols.json -Xcc -I/Users/admin/builder/spi-builder-workspace/.derivedData/Build/Products/Debug-watchos/include -Xcc -I/Users/admin/builder/spi-builder-workspace/.derivedData/Build/Intermediates.noindex/WebFormsCore.build/Debug-watchos/WebFormsCore.build/DerivedSources-normal/armv7k -Xcc -I/Users/admin/builder/spi-builder-workspace/.derivedData/Build/Intermediates.noindex/WebFormsCore.build/Debug-watchos/WebFormsCore.build/DerivedSources/armv7k -Xcc -I/Users/admin/builder/spi-builder-workspace/.derivedData/Build/Intermediates.noindex/WebFormsCore.build/Debug-watchos/WebFormsCore.build/DerivedSources -Xcc -DSWIFT_PACKAGE -Xcc -DDEBUG\=1 -emit-objc-header -emit-objc-header-path /Users/admin/builder/spi-builder-workspace/.derivedData/Build/Intermediates.noindex/WebFormsCore.build/Debug-watchos/WebFormsCore.build/Objects-normal/armv7k/WebFormsCore-Swift.h -working-directory /Users/admin/builder/spi-builder-workspace/.swiftpm/xcode -experimental-emit-module-separately -disable-cmo
SwiftEmitModule normal armv7k Emitting\ module\ for\ WebFormsCore (in target 'WebFormsCore' from project 'WebFormsCore')
SwiftCompile normal armv7k /Users/admin/builder/spi-builder-workspace/Sources/WebFormsCore/WebForms.swift (in target 'WebFormsCore' from project 'WebFormsCore')
cd /Users/admin/builder/spi-builder-workspace/.swiftpm/xcode
SwiftEmitModule normal arm64 Emitting\ module\ for\ WebFormsCore (in target 'WebFormsCore' from project 'WebFormsCore')
SwiftCompile normal arm64 /Users/admin/builder/spi-builder-workspace/Sources/WebFormsCore/WebForms.swift (in target 'WebFormsCore' from project 'WebFormsCore')
cd /Users/admin/builder/spi-builder-workspace/.swiftpm/xcode
SwiftEmitModule normal arm64_32 Emitting\ module\ for\ WebFormsCore (in target 'WebFormsCore' from project 'WebFormsCore')
SwiftCompile normal arm64_32 /Users/admin/builder/spi-builder-workspace/Sources/WebFormsCore/WebForms.swift (in target 'WebFormsCore' from project 'WebFormsCore')
cd /Users/admin/builder/spi-builder-workspace/.swiftpm/xcode
SwiftCompile normal armv7k Compiling\ WebForms.swift /Users/admin/builder/spi-builder-workspace/Sources/WebFormsCore/WebForms.swift (in target 'WebFormsCore' from project 'WebFormsCore')
SwiftCompile normal armv7k /Users/admin/builder/spi-builder-workspace/Sources/WebFormsCore/WebForms.swift (in target 'WebFormsCore' from project 'WebFormsCore')
cd /Users/admin/builder/spi-builder-workspace/.swiftpm/xcode
/Users/admin/builder/spi-builder-workspace/Sources/WebFormsCore/WebForms.swift:253:238: error: the compiler is unable to type-check this expression in reasonable time; try breaking up the expression into distinct sub-expressions
public func setSendEvent(_ inputPlace: String, _ htmlEvent: String, _ data: String, _ path: String? = nil, _ method: String = "POST", _ isMultiPart: Bool = false, _ contentType: String = "text/plain", _ outputPlace: String? = nil) { add("En" + inputPlace, htmlEvent + WebForms.GS + data.replacingOccurrences(of: "\n", with: "$[ln];").replacingOccurrences(of: "\"", with: "$[dq];").replacingOccurrences(of: "'", with: "$[sq];") + WebForms.GS + (!(path ?? "").isEmpty ? path! : "#") + WebForms.GS + method + WebForms.GS + (isMultiPart ? "1" : "0") + WebForms.GS + contentType + WebForms.GS + outputPlace) }
^~~~~~~~~~~~~~~~~~~~~~~~~~~~~~~~~~~~~~~~~~~~~~~~~~~~~~~~~~~~~~~~~~~~~~~~~~~~~~~~~~~~~~~~~~~~~~~~~~~~~~~~~~~~~~~~~~~~~~~~~~~~~~~~~~~~~~~~~~~~~~~~~~~~~~~~~~~~~~~~~~~~~~~~~~~~~~~~~~~~~~~~~~~~~~~~~~~~~~~~~~~~~~~~~~~~~~~~~~~~~~~~~~~~~~~~~~~~~~~~~~~~~~~~~~~~~~~~~~~~~~~~~~~~~~~~~~~~~~~~~~~~~~~~~~~~~~~~~~~~~~~~~~~~~~~~~~~~~~~~~~~~~~~~~~~~~~~~~~~~~~~~~~~~~~~~~~~~~~~~~~~~~~~~~
/Users/admin/builder/spi-builder-workspace/Sources/WebFormsCore/WebForms.swift:254:254: error: the compiler is unable to type-check this expression in reasonable time; try breaking up the expression into distinct sub-expressions
public func setSendEventListener(_ inputPlace: String, _ htmlEventListener: String, _ data: String, _ path: String? = nil, _ method: String = "POST", _ isMultiPart: Bool = false, _ contentType: String = "text/plain", _ outputPlace: String? = nil) { add("EN" + inputPlace, htmlEventListener + WebForms.GS + data.replacingOccurrences(of: "\n", with: "$[ln];") + WebForms.GS + (!(path ?? "").isEmpty ? path! : "#") + WebForms.GS + method + WebForms.GS + (isMultiPart ? "1" : "0") + WebForms.GS + contentType + WebForms.GS + outputPlace) }
^~~~~~~~~~~~~~~~~~~~~~~~~~~~~~~~~~~~~~~~~~~~~~~~~~~~~~~~~~~~~~~~~~~~~~~~~~~~~~~~~~~~~~~~~~~~~~~~~~~~~~~~~~~~~~~~~~~~~~~~~~~~~~~~~~~~~~~~~~~~~~~~~~~~~~~~~~~~~~~~~~~~~~~~~~~~~~~~~~~~~~~~~~~~~~~~~~~~~~~~~~~~~~~~~~~~~~~~~~~~~~~~~~~~~~~~~~~~~~~~~~~~~~~~~~~~~~~~~~~~~~~~~~~~~~~~~~~~~~~~~~~~
/Users/admin/builder/spi-builder-workspace/Sources/WebFormsCore/WebForms.swift:255:181: error: value of optional type 'String?' must be unwrapped to a value of type 'String'
public func setCommentEvent(_ inputPlace: String, _ htmlEvent: String, _ index: String? = nil, _ outputPlace: String? = nil) { add("Eb" + inputPlace, htmlEvent + WebForms.GS + index + WebForms.GS + outputPlace) }
^
/Users/admin/builder/spi-builder-workspace/Sources/WebFormsCore/WebForms.swift:255:181: note: coalesce using '??' to provide a default when the optional value contains 'nil'
public func setCommentEvent(_ inputPlace: String, _ htmlEvent: String, _ index: String? = nil, _ outputPlace: String? = nil) { add("Eb" + inputPlace, htmlEvent + WebForms.GS + index + WebForms.GS + outputPlace) }
^
( ?? <#default value#>)
/Users/admin/builder/spi-builder-workspace/Sources/WebFormsCore/WebForms.swift:255:181: note: force-unwrap using '!' to abort execution if the optional value contains 'nil'
public func setCommentEvent(_ inputPlace: String, _ htmlEvent: String, _ index: String? = nil, _ outputPlace: String? = nil) { add("Eb" + inputPlace, htmlEvent + WebForms.GS + index + WebForms.GS + outputPlace) }
^
!
/Users/admin/builder/spi-builder-workspace/Sources/WebFormsCore/WebForms.swift:255:203: error: value of optional type 'String?' must be unwrapped to a value of type 'String'
public func setCommentEvent(_ inputPlace: String, _ htmlEvent: String, _ index: String? = nil, _ outputPlace: String? = nil) { add("Eb" + inputPlace, htmlEvent + WebForms.GS + index + WebForms.GS + outputPlace) }
^
/Users/admin/builder/spi-builder-workspace/Sources/WebFormsCore/WebForms.swift:255:203: note: coalesce using '??' to provide a default when the optional value contains 'nil'
public func setCommentEvent(_ inputPlace: String, _ htmlEvent: String, _ index: String? = nil, _ outputPlace: String? = nil) { add("Eb" + inputPlace, htmlEvent + WebForms.GS + index + WebForms.GS + outputPlace) }
^
( ?? <#default value#>)
/Users/admin/builder/spi-builder-workspace/Sources/WebFormsCore/WebForms.swift:255:203: note: force-unwrap using '!' to abort execution if the optional value contains 'nil'
public func setCommentEvent(_ inputPlace: String, _ htmlEvent: String, _ index: String? = nil, _ outputPlace: String? = nil) { add("Eb" + inputPlace, htmlEvent + WebForms.GS + index + WebForms.GS + outputPlace) }
^
!
/Users/admin/builder/spi-builder-workspace/Sources/WebFormsCore/WebForms.swift:257:205: error: value of optional type 'String?' must be unwrapped to a value of type 'String'
public func setCommentEventListener(_ inputPlace: String, _ htmlEventListener: String, _ index: String? = nil, _ outputPlace: String? = nil) { add("EB" + inputPlace, htmlEventListener + WebForms.GS + index + WebForms.GS + outputPlace) }
^
/Users/admin/builder/spi-builder-workspace/Sources/WebFormsCore/WebForms.swift:257:205: note: coalesce using '??' to provide a default when the optional value contains 'nil'
public func setCommentEventListener(_ inputPlace: String, _ htmlEventListener: String, _ index: String? = nil, _ outputPlace: String? = nil) { add("EB" + inputPlace, htmlEventListener + WebForms.GS + index + WebForms.GS + outputPlace) }
^
( ?? <#default value#>)
/Users/admin/builder/spi-builder-workspace/Sources/WebFormsCore/WebForms.swift:257:205: note: force-unwrap using '!' to abort execution if the optional value contains 'nil'
public func setCommentEventListener(_ inputPlace: String, _ htmlEventListener: String, _ index: String? = nil, _ outputPlace: String? = nil) { add("EB" + inputPlace, htmlEventListener + WebForms.GS + index + WebForms.GS + outputPlace) }
^
!
/Users/admin/builder/spi-builder-workspace/Sources/WebFormsCore/WebForms.swift:257:227: error: value of optional type 'String?' must be unwrapped to a value of type 'String'
public func setCommentEventListener(_ inputPlace: String, _ htmlEventListener: String, _ index: String? = nil, _ outputPlace: String? = nil) { add("EB" + inputPlace, htmlEventListener + WebForms.GS + index + WebForms.GS + outputPlace) }
^
/Users/admin/builder/spi-builder-workspace/Sources/WebFormsCore/WebForms.swift:257:227: note: coalesce using '??' to provide a default when the optional value contains 'nil'
public func setCommentEventListener(_ inputPlace: String, _ htmlEventListener: String, _ index: String? = nil, _ outputPlace: String? = nil) { add("EB" + inputPlace, htmlEventListener + WebForms.GS + index + WebForms.GS + outputPlace) }
^
( ?? <#default value#>)
/Users/admin/builder/spi-builder-workspace/Sources/WebFormsCore/WebForms.swift:257:227: note: force-unwrap using '!' to abort execution if the optional value contains 'nil'
public func setCommentEventListener(_ inputPlace: String, _ htmlEventListener: String, _ index: String? = nil, _ outputPlace: String? = nil) { add("EB" + inputPlace, htmlEventListener + WebForms.GS + index + WebForms.GS + outputPlace) }
^
!
/Users/admin/builder/spi-builder-workspace/Sources/WebFormsCore/WebForms.swift:264:9: error: the compiler is unable to type-check this expression in reasonable time; try breaking up the expression into distinct sub-expressions
add("Ey" + inputPlace, htmlEvent + WebForms.GS + wasmLanguage + WebForms.GS + wasmUrl + WebForms.GS + methodName + WebForms.GS + argsJoin + WebForms.GS + outputPlace)
^~~~~~~~~~~~~~~~~~~~~~~~~~~~~~~~~~~~~~~~~~~~~~~~~~~~~~~~~~~~~~~~~~~~~~~~~~~~~~~~~~~~~~~~~~~~~~~~~~~~~~~~~~~~~~~~~~~~~~~~~~~~~~~~~~~~~~~~~~~~~~~~~~~~~~~~~~~~~~~~~~~~~~
/Users/admin/builder/spi-builder-workspace/Sources/WebFormsCore/WebForms.swift:271:9: error: the compiler is unable to type-check this expression in reasonable time; try breaking up the expression into distinct sub-expressions
add("EY" + inputPlace, htmlEventListener + WebForms.GS + wasmLanguage + WebForms.GS + wasmUrl + WebForms.GS + methodName + WebForms.GS + argsJoin + WebForms.GS + outputPlace)
^~~~~~~~~~~~~~~~~~~~~~~~~~~~~~~~~~~~~~~~~~~~~~~~~~~~~~~~~~~~~~~~~~~~~~~~~~~~~~~~~~~~~~~~~~~~~~~~~~~~~~~~~~~~~~~~~~~~~~~~~~~~~~~~~~~~~~~~~~~~~~~~~~~~~~~~~~~~~~~~~~~~~~~~~~~~~~
/Users/admin/builder/spi-builder-workspace/Sources/WebFormsCore/WebForms.swift:284:9: error: the compiler is unable to type-check this expression in reasonable time; try breaking up the expression into distinct sub-expressions
add("Ej" + inputPlace, htmlEvent + WebForms.GS + modulePath + WebForms.GS + outputPlace + argsJoin)
^~~~~~~~~~~~~~~~~~~~~~~~~~~~~~~~~~~~~~~~~~~~~~~~~~~~~~~~~~~~~~~~~~~~~~~~~~~~~~~~~~~~~~~~~~~~~~~~~~~
/Users/admin/builder/spi-builder-workspace/Sources/WebFormsCore/WebForms.swift:291:9: error: the compiler is unable to type-check this expression in reasonable time; try breaking up the expression into distinct sub-expressions
add("EJ" + inputPlace, htmlEventListener + WebForms.GS + modulePath + WebForms.GS + outputPlace + argsJoin)
^~~~~~~~~~~~~~~~~~~~~~~~~~~~~~~~~~~~~~~~~~~~~~~~~~~~~~~~~~~~~~~~~~~~~~~~~~~~~~~~~~~~~~~~~~~~~~~~~~~~~~~~~~~
/Users/admin/builder/spi-builder-workspace/Sources/WebFormsCore/WebForms.swift:293:161: error: value of optional type 'String?' must be unwrapped to a value of type 'String'
public func setMasterPagesEvent(_ inputPlace: String, _ htmlEvent: String, _ outputPlace: String? = nil) { add("Eu" + inputPlace, htmlEvent + WebForms.GS + outputPlace) }
^
/Users/admin/builder/spi-builder-workspace/Sources/WebFormsCore/WebForms.swift:293:161: note: coalesce using '??' to provide a default when the optional value contains 'nil'
public func setMasterPagesEvent(_ inputPlace: String, _ htmlEvent: String, _ outputPlace: String? = nil) { add("Eu" + inputPlace, htmlEvent + WebForms.GS + outputPlace) }
^
( ?? <#default value#>)
/Users/admin/builder/spi-builder-workspace/Sources/WebFormsCore/WebForms.swift:293:161: note: force-unwrap using '!' to abort execution if the optional value contains 'nil'
public func setMasterPagesEvent(_ inputPlace: String, _ htmlEvent: String, _ outputPlace: String? = nil) { add("Eu" + inputPlace, htmlEvent + WebForms.GS + outputPlace) }
^
!
/Users/admin/builder/spi-builder-workspace/Sources/WebFormsCore/WebForms.swift:294:185: error: value of optional type 'String?' must be unwrapped to a value of type 'String'
public func setMasterPagesEventListener(_ inputPlace: String, _ htmlEventListener: String, _ outputPlace: String? = nil) { add("EU" + inputPlace, htmlEventListener + WebForms.GS + outputPlace) }
^
/Users/admin/builder/spi-builder-workspace/Sources/WebFormsCore/WebForms.swift:294:185: note: coalesce using '??' to provide a default when the optional value contains 'nil'
public func setMasterPagesEventListener(_ inputPlace: String, _ htmlEventListener: String, _ outputPlace: String? = nil) { add("EU" + inputPlace, htmlEventListener + WebForms.GS + outputPlace) }
^
( ?? <#default value#>)
/Users/admin/builder/spi-builder-workspace/Sources/WebFormsCore/WebForms.swift:294:185: note: force-unwrap using '!' to abort execution if the optional value contains 'nil'
public func setMasterPagesEventListener(_ inputPlace: String, _ htmlEventListener: String, _ outputPlace: String? = nil) { add("EU" + inputPlace, htmlEventListener + WebForms.GS + outputPlace) }
^
!
/Users/admin/builder/spi-builder-workspace/Sources/WebFormsCore/WebForms.swift:408:82: error: value of optional type 'String?' must be unwrapped to a value of type 'String'
public func serviceWorkerDeleteRouteAlias(_ path: String? = nil) { add("wC", path) }
^
/Users/admin/builder/spi-builder-workspace/Sources/WebFormsCore/WebForms.swift:408:82: note: coalesce using '??' to provide a default when the optional value contains 'nil'
public func serviceWorkerDeleteRouteAlias(_ path: String? = nil) { add("wC", path) }
^
?? <#default value#>
/Users/admin/builder/spi-builder-workspace/Sources/WebFormsCore/WebForms.swift:408:82: note: force-unwrap using '!' to abort execution if the optional value contains 'nil'
public func serviceWorkerDeleteRouteAlias(_ path: String? = nil) { add("wC", path) }
^
!
/Users/admin/builder/spi-builder-workspace/Sources/WebFormsCore/WebForms.swift:421:64: error: value of optional type 'String?' must be unwrapped to a value of type 'String'
public func deleteState(_ path: String? = nil) { add("DS", path) }
^
/Users/admin/builder/spi-builder-workspace/Sources/WebFormsCore/WebForms.swift:421:64: note: coalesce using '??' to provide a default when the optional value contains 'nil'
public func deleteState(_ path: String? = nil) { add("DS", path) }
^
?? <#default value#>
/Users/admin/builder/spi-builder-workspace/Sources/WebFormsCore/WebForms.swift:421:64: note: force-unwrap using '!' to abort execution if the optional value contains 'nil'
public func deleteState(_ path: String? = nil) { add("DS", path) }
^
!
/Users/admin/builder/spi-builder-workspace/Sources/WebFormsCore/WebForms.swift:494:158: error: the compiler is unable to type-check this expression in reasonable time; try breaking up the expression into distinct sub-expressions
public func runActionControls(_ actionControls: String, _ withoutWebFormsSection: Bool = true, _ index: String? = nil, _ useCurrentEvent: Bool = true) { add("lA", (useCurrentEvent ? "1" : "0") + WebForms.GS + (withoutWebFormsSection ? "1" : "0") + WebForms.GS + index + WebForms.GS + actionControls) }
^~~~~~~~~~~~~~~~~~~~~~~~~~~~~~~~~~~~~~~~~~~~~~~~~~~~~~~~~~~~~~~~~~~~~~~~~~~~~~~~~~~~~~~~~~~~~~~~~~~~~~~~~~~~~~~~~~~~~~~~~~~~~~~~~~~~~~~~~~~~~~~~~~
/Users/admin/builder/spi-builder-workspace/Sources/WebFormsCore/WebForms.swift:511:176: error: value of optional type 'String?' must be unwrapped to a value of type 'String'
public func callCommentBack(_ index: String? = nil, _ inputPlace: String? = nil, _ useCurrentEvent: Bool = true) { add("LC", (useCurrentEvent ? "1" : "0") + WebForms.GS + index + WebForms.GS + inputPlace) }
^
/Users/admin/builder/spi-builder-workspace/Sources/WebFormsCore/WebForms.swift:511:176: note: coalesce using '??' to provide a default when the optional value contains 'nil'
public func callCommentBack(_ index: String? = nil, _ inputPlace: String? = nil, _ useCurrentEvent: Bool = true) { add("LC", (useCurrentEvent ? "1" : "0") + WebForms.GS + index + WebForms.GS + inputPlace) }
^
( ?? <#default value#>)
/Users/admin/builder/spi-builder-workspace/Sources/WebFormsCore/WebForms.swift:511:176: note: force-unwrap using '!' to abort execution if the optional value contains 'nil'
public func callCommentBack(_ index: String? = nil, _ inputPlace: String? = nil, _ useCurrentEvent: Bool = true) { add("LC", (useCurrentEvent ? "1" : "0") + WebForms.GS + index + WebForms.GS + inputPlace) }
^
!
/Users/admin/builder/spi-builder-workspace/Sources/WebFormsCore/WebForms.swift:511:198: error: value of optional type 'String?' must be unwrapped to a value of type 'String'
public func callCommentBack(_ index: String? = nil, _ inputPlace: String? = nil, _ useCurrentEvent: Bool = true) { add("LC", (useCurrentEvent ? "1" : "0") + WebForms.GS + index + WebForms.GS + inputPlace) }
^
/Users/admin/builder/spi-builder-workspace/Sources/WebFormsCore/WebForms.swift:511:198: note: coalesce using '??' to provide a default when the optional value contains 'nil'
public func callCommentBack(_ index: String? = nil, _ inputPlace: String? = nil, _ useCurrentEvent: Bool = true) { add("LC", (useCurrentEvent ? "1" : "0") + WebForms.GS + index + WebForms.GS + inputPlace) }
^
( ?? <#default value#>)
/Users/admin/builder/spi-builder-workspace/Sources/WebFormsCore/WebForms.swift:511:198: note: force-unwrap using '!' to abort execution if the optional value contains 'nil'
public func callCommentBack(_ index: String? = nil, _ inputPlace: String? = nil, _ useCurrentEvent: Bool = true) { add("LC", (useCurrentEvent ? "1" : "0") + WebForms.GS + index + WebForms.GS + inputPlace) }
^
!
/Users/admin/builder/spi-builder-workspace/Sources/WebFormsCore/WebForms.swift:518:9: error: the compiler is unable to type-check this expression in reasonable time; try breaking up the expression into distinct sub-expressions
add("Ly", (useCurrentEvent ? "1" : "0") + WebForms.GS + wasmLanguage + WebForms.GS + wasmUrl + WebForms.GS + methodName + WebForms.GS + argsJoin + WebForms.GS + outputPlace)
^~~~~~~~~~~~~~~~~~~~~~~~~~~~~~~~~~~~~~~~~~~~~~~~~~~~~~~~~~~~~~~~~~~~~~~~~~~~~~~~~~~~~~~~~~~~~~~~~~~~~~~~~~~~~~~~~~~~~~~~~~~~~~~~~~~~~~~~~~~~~~~~~~~~~~~~~~~~~~~~~~~~~~~~~~~~~
/Users/admin/builder/spi-builder-workspace/Sources/WebFormsCore/WebForms.swift:528:9: error: the compiler is unable to type-check this expression in reasonable time; try breaking up the expression into distinct sub-expressions
add("Lj", (useCurrentEvent ? "1" : "0") + WebForms.GS + modulePath + WebForms.GS + outputPlace + argsJoin)
^~~~~~~~~~~~~~~~~~~~~~~~~~~~~~~~~~~~~~~~~~~~~~~~~~~~~~~~~~~~~~~~~~~~~~~~~~~~~~~~~~~~~~~~~~~~~~~~~~~~~~~~~~
/Users/admin/builder/spi-builder-workspace/Sources/WebFormsCore/WebForms.swift:882:97: error: the compiler is unable to type-check this expression in reasonable time; try breaking up the expression into distinct sub-expressions
public func addXML(_ key: String, _ path: String, _ name: String, _ value: String? = nil) { add(".a", key + WebForms.GS + "x" + WebForms.GS + name + WebForms.GS + value + WebForms.GS + path) }
^~~~~~~~~~~~~~~~~~~~~~~~~~~~~~~~~~~~~~~~~~~~~~~~~~~~~~~~~~~~~~~~~~~~~~~~~~~~~~~~~~~~~~~~~~~~~~~~~~
Failed frontend command:
/Applications/Xcode-16.3.0.app/Contents/Developer/Toolchains/XcodeDefault.xctoolchain/usr/bin/swift-frontend -frontend -c -primary-file /Users/admin/builder/spi-builder-workspace/Sources/WebFormsCore/WebForms.swift -emit-dependencies-path /Users/admin/builder/spi-builder-workspace/.derivedData/Build/Intermediates.noindex/WebFormsCore.build/Debug-watchos/WebFormsCore.build/Objects-normal/armv7k/WebForms.d -emit-const-values-path /Users/admin/builder/spi-builder-workspace/.derivedData/Build/Intermediates.noindex/WebFormsCore.build/Debug-watchos/WebFormsCore.build/Objects-normal/armv7k/WebForms.swiftconstvalues -emit-reference-dependencies-path /Users/admin/builder/spi-builder-workspace/.derivedData/Build/Intermediates.noindex/WebFormsCore.build/Debug-watchos/WebFormsCore.build/Objects-normal/armv7k/WebForms.swiftdeps -serialize-diagnostics-path /Users/admin/builder/spi-builder-workspace/.derivedData/Build/Intermediates.noindex/WebFormsCore.build/Debug-watchos/WebFormsCore.build/Objects-normal/armv7k/WebForms.dia -target armv7k-apple-watchos5.0 -enable-objc-interop -sdk /Applications/Xcode-16.3.0.app/Contents/Developer/Platforms/WatchOS.platform/Developer/SDKs/WatchOS11.4.sdk -I /Users/admin/builder/spi-builder-workspace/.derivedData/Build/Products/Debug-watchos -I /Applications/Xcode-16.3.0.app/Contents/Developer/Platforms/WatchOS.platform/Developer/usr/lib -F /Users/admin/builder/spi-builder-workspace/.derivedData/Build/Products/Debug-watchos -F /Applications/Xcode-16.3.0.app/Contents/Developer/Platforms/WatchOS.platform/Developer/Library/Frameworks -F /Applications/Xcode-16.3.0.app/Contents/Developer/Platforms/WatchOS.platform/Developer/SDKs/WatchOS11.4.sdk/Developer/Library/Frameworks -no-color-diagnostics -enable-testing -g -debug-info-format\=dwarf -dwarf-version\=4 -module-cache-path /Users/admin/builder/spi-builder-workspace/.derivedData/ModuleCache.noindex -profile-generate -profile-coverage-mapping -swift-version 5 -enforce-exclusivity\=checked -Onone -D SWIFT_PACKAGE -D DEBUG -D Xcode -serialize-debugging-options -const-gather-protocols-file /Users/admin/builder/spi-builder-workspace/.derivedData/Build/Intermediates.noindex/WebFormsCore.build/Debug-watchos/WebFormsCore.build/Objects-normal/armv7k/WebFormsCore_const_extract_protocols.json -enable-experimental-feature DebugDescriptionMacro -empty-abi-descriptor -plugin-path /Applications/Xcode-16.3.0.app/Contents/Developer/Toolchains/XcodeDefault.xctoolchain/usr/lib/swift/host/plugins/testing -validate-clang-modules-once -clang-build-session-file /Users/admin/builder/spi-builder-workspace/.derivedData/ModuleCache.noindex/Session.modulevalidation -Xcc -working-directory -Xcc /Users/admin/builder/spi-builder-workspace/.swiftpm/xcode -resource-dir /Applications/Xcode-16.3.0.app/Contents/Developer/Toolchains/XcodeDefault.xctoolchain/usr/lib/swift -enable-anonymous-context-mangled-names -file-compilation-dir /Users/admin/builder/spi-builder-workspace/.swiftpm/xcode -Xcc -ivfsstatcache -Xcc /Users/admin/builder/spi-builder-workspace/.derivedData/SDKStatCaches.noindex/watchos11.4-22T246-43efb940ff07ba2497b70ec94253f576.sdkstatcache -Xcc -I/Users/admin/builder/spi-builder-workspace/.derivedData/Build/Intermediates.noindex/WebFormsCore.build/Debug-watchos/WebFormsCore.build/swift-overrides.hmap -Xcc -I/Users/admin/builder/spi-builder-workspace/.derivedData/Build/Products/Debug-watchos/include -Xcc -I/Users/admin/builder/spi-builder-workspace/.derivedData/Build/Intermediates.noindex/WebFormsCore.build/Debug-watchos/WebFormsCore.build/DerivedSources-normal/armv7k -Xcc -I/Users/admin/builder/spi-builder-workspace/.derivedData/Build/Intermediates.noindex/WebFormsCore.build/Debug-watchos/WebFormsCore.build/DerivedSources/armv7k -Xcc -I/Users/admin/builder/spi-builder-workspace/.derivedData/Build/Intermediates.noindex/WebFormsCore.build/Debug-watchos/WebFormsCore.build/DerivedSources -Xcc -DSWIFT_PACKAGE -Xcc -DDEBUG\=1 -module-name WebFormsCore -package-name spi_builder_workspace -frontend-parseable-output -disable-clang-spi -target-sdk-version 11.4 -target-sdk-name watchos11.4 -external-plugin-path /Applications/Xcode-16.3.0.app/Contents/Developer/Platforms/WatchOS.platform/Developer/usr/lib/swift/host/plugins\#/Applications/Xcode-16.3.0.app/Contents/Developer/Platforms/WatchOS.platform/Developer/usr/bin/swift-plugin-server -external-plugin-path /Applications/Xcode-16.3.0.app/Contents/Developer/Platforms/WatchOS.platform/Developer/usr/local/lib/swift/host/plugins\#/Applications/Xcode-16.3.0.app/Contents/Developer/Platforms/WatchOS.platform/Developer/usr/bin/swift-plugin-server -in-process-plugin-server-path /Applications/Xcode-16.3.0.app/Contents/Developer/Toolchains/XcodeDefault.xctoolchain/usr/lib/swift/host/libSwiftInProcPluginServer.dylib -plugin-path /Applications/Xcode-16.3.0.app/Contents/Developer/Toolchains/XcodeDefault.xctoolchain/usr/lib/swift/host/plugins -plugin-path /Applications/Xcode-16.3.0.app/Contents/Developer/Toolchains/XcodeDefault.xctoolchain/usr/local/lib/swift/host/plugins -parse-as-library -o /Users/admin/builder/spi-builder-workspace/.derivedData/Build/Intermediates.noindex/WebFormsCore.build/Debug-watchos/WebFormsCore.build/Objects-normal/armv7k/WebForms.o -index-unit-output-path /WebFormsCore.build/Debug-watchos/WebFormsCore.build/Objects-normal/armv7k/WebForms.o -index-store-path /Users/admin/builder/spi-builder-workspace/.derivedData/Index.noindex/DataStore -index-system-modules
SwiftCompile normal arm64_32 Compiling\ WebForms.swift /Users/admin/builder/spi-builder-workspace/Sources/WebFormsCore/WebForms.swift (in target 'WebFormsCore' from project 'WebFormsCore')
SwiftCompile normal arm64_32 /Users/admin/builder/spi-builder-workspace/Sources/WebFormsCore/WebForms.swift (in target 'WebFormsCore' from project 'WebFormsCore')
cd /Users/admin/builder/spi-builder-workspace/.swiftpm/xcode
SwiftCompile normal arm64 Compiling\ WebForms.swift /Users/admin/builder/spi-builder-workspace/Sources/WebFormsCore/WebForms.swift (in target 'WebFormsCore' from project 'WebFormsCore')
SwiftCompile normal arm64 /Users/admin/builder/spi-builder-workspace/Sources/WebFormsCore/WebForms.swift (in target 'WebFormsCore' from project 'WebFormsCore')
cd /Users/admin/builder/spi-builder-workspace/.swiftpm/xcode
SwiftDriverJobDiscovery normal arm64_32 Emitting module for WebFormsCore (in target 'WebFormsCore' from project 'WebFormsCore')
SwiftDriverJobDiscovery normal armv7k Emitting module for WebFormsCore (in target 'WebFormsCore' from project 'WebFormsCore')
SwiftDriverJobDiscovery normal arm64 Emitting module for WebFormsCore (in target 'WebFormsCore' from project 'WebFormsCore')
SwiftDriver\ Compilation\ Requirements WebFormsCore normal armv7k com.apple.xcode.tools.swift.compiler (in target 'WebFormsCore' from project 'WebFormsCore')
cd /Users/admin/builder/spi-builder-workspace/.swiftpm/xcode
builtin-Swift-Compilation-Requirements -- /Applications/Xcode-16.3.0.app/Contents/Developer/Toolchains/XcodeDefault.xctoolchain/usr/bin/swiftc -module-name WebFormsCore -Onone -enforce-exclusivity\=checked @/Users/admin/builder/spi-builder-workspace/.derivedData/Build/Intermediates.noindex/WebFormsCore.build/Debug-watchos/WebFormsCore.build/Objects-normal/armv7k/WebFormsCore.SwiftFileList -DSWIFT_PACKAGE -DDEBUG -DXcode -plugin-path /Applications/Xcode-16.3.0.app/Contents/Developer/Toolchains/XcodeDefault.xctoolchain/usr/lib/swift/host/plugins/testing -enable-experimental-feature DebugDescriptionMacro -sdk /Applications/Xcode-16.3.0.app/Contents/Developer/Platforms/WatchOS.platform/Developer/SDKs/WatchOS11.4.sdk -target armv7k-apple-watchos5.0 -g -module-cache-path /Users/admin/builder/spi-builder-workspace/.derivedData/ModuleCache.noindex -Xfrontend -serialize-debugging-options -profile-coverage-mapping -profile-generate -enable-testing -index-store-path /Users/admin/builder/spi-builder-workspace/.derivedData/Index.noindex/DataStore -swift-version 5 -I /Users/admin/builder/spi-builder-workspace/.derivedData/Build/Products/Debug-watchos -I /Applications/Xcode-16.3.0.app/Contents/Developer/Platforms/WatchOS.platform/Developer/usr/lib -F /Users/admin/builder/spi-builder-workspace/.derivedData/Build/Products/Debug-watchos -F /Applications/Xcode-16.3.0.app/Contents/Developer/Platforms/WatchOS.platform/Developer/Library/Frameworks -F /Applications/Xcode-16.3.0.app/Contents/Developer/Platforms/WatchOS.platform/Developer/SDKs/WatchOS11.4.sdk/Developer/Library/Frameworks -parse-as-library -c -j10 -enable-batch-mode -incremental -Xcc -ivfsstatcache -Xcc /Users/admin/builder/spi-builder-workspace/.derivedData/SDKStatCaches.noindex/watchos11.4-22T246-43efb940ff07ba2497b70ec94253f576.sdkstatcache -output-file-map /Users/admin/builder/spi-builder-workspace/.derivedData/Build/Intermediates.noindex/WebFormsCore.build/Debug-watchos/WebFormsCore.build/Objects-normal/armv7k/WebFormsCore-OutputFileMap.json -use-frontend-parseable-output -save-temps -no-color-diagnostics -serialize-diagnostics -emit-dependencies -emit-module -emit-module-path /Users/admin/builder/spi-builder-workspace/.derivedData/Build/Intermediates.noindex/WebFormsCore.build/Debug-watchos/WebFormsCore.build/Objects-normal/armv7k/WebFormsCore.swiftmodule -validate-clang-modules-once -clang-build-session-file /Users/admin/builder/spi-builder-workspace/.derivedData/ModuleCache.noindex/Session.modulevalidation -package-name spi_builder_workspace -Xcc -I/Users/admin/builder/spi-builder-workspace/.derivedData/Build/Intermediates.noindex/WebFormsCore.build/Debug-watchos/WebFormsCore.build/swift-overrides.hmap -emit-const-values -Xfrontend -const-gather-protocols-file -Xfrontend /Users/admin/builder/spi-builder-workspace/.derivedData/Build/Intermediates.noindex/WebFormsCore.build/Debug-watchos/WebFormsCore.build/Objects-normal/armv7k/WebFormsCore_const_extract_protocols.json -Xcc -I/Users/admin/builder/spi-builder-workspace/.derivedData/Build/Products/Debug-watchos/include -Xcc -I/Users/admin/builder/spi-builder-workspace/.derivedData/Build/Intermediates.noindex/WebFormsCore.build/Debug-watchos/WebFormsCore.build/DerivedSources-normal/armv7k -Xcc -I/Users/admin/builder/spi-builder-workspace/.derivedData/Build/Intermediates.noindex/WebFormsCore.build/Debug-watchos/WebFormsCore.build/DerivedSources/armv7k -Xcc -I/Users/admin/builder/spi-builder-workspace/.derivedData/Build/Intermediates.noindex/WebFormsCore.build/Debug-watchos/WebFormsCore.build/DerivedSources -Xcc -DSWIFT_PACKAGE -Xcc -DDEBUG\=1 -emit-objc-header -emit-objc-header-path /Users/admin/builder/spi-builder-workspace/.derivedData/Build/Intermediates.noindex/WebFormsCore.build/Debug-watchos/WebFormsCore.build/Objects-normal/armv7k/WebFormsCore-Swift.h -working-directory /Users/admin/builder/spi-builder-workspace/.swiftpm/xcode -experimental-emit-module-separately -disable-cmo
SwiftDriver\ Compilation\ Requirements WebFormsCore normal arm64 com.apple.xcode.tools.swift.compiler (in target 'WebFormsCore' from project 'WebFormsCore')
cd /Users/admin/builder/spi-builder-workspace/.swiftpm/xcode
builtin-Swift-Compilation-Requirements -- /Applications/Xcode-16.3.0.app/Contents/Developer/Toolchains/XcodeDefault.xctoolchain/usr/bin/swiftc -module-name WebFormsCore -Onone -enforce-exclusivity\=checked @/Users/admin/builder/spi-builder-workspace/.derivedData/Build/Intermediates.noindex/WebFormsCore.build/Debug-watchos/WebFormsCore.build/Objects-normal/arm64/WebFormsCore.SwiftFileList -DSWIFT_PACKAGE -DDEBUG -DXcode -plugin-path /Applications/Xcode-16.3.0.app/Contents/Developer/Toolchains/XcodeDefault.xctoolchain/usr/lib/swift/host/plugins/testing -enable-experimental-feature DebugDescriptionMacro -sdk /Applications/Xcode-16.3.0.app/Contents/Developer/Platforms/WatchOS.platform/Developer/SDKs/WatchOS11.4.sdk -target arm64-apple-watchos5.0 -g -module-cache-path /Users/admin/builder/spi-builder-workspace/.derivedData/ModuleCache.noindex -Xfrontend -serialize-debugging-options -profile-coverage-mapping -profile-generate -enable-testing -index-store-path /Users/admin/builder/spi-builder-workspace/.derivedData/Index.noindex/DataStore -swift-version 5 -I /Users/admin/builder/spi-builder-workspace/.derivedData/Build/Products/Debug-watchos -I /Applications/Xcode-16.3.0.app/Contents/Developer/Platforms/WatchOS.platform/Developer/usr/lib -F /Users/admin/builder/spi-builder-workspace/.derivedData/Build/Products/Debug-watchos -F /Applications/Xcode-16.3.0.app/Contents/Developer/Platforms/WatchOS.platform/Developer/Library/Frameworks -F /Applications/Xcode-16.3.0.app/Contents/Developer/Platforms/WatchOS.platform/Developer/SDKs/WatchOS11.4.sdk/Developer/Library/Frameworks -parse-as-library -c -j10 -enable-batch-mode -incremental -Xcc -ivfsstatcache -Xcc /Users/admin/builder/spi-builder-workspace/.derivedData/SDKStatCaches.noindex/watchos11.4-22T246-43efb940ff07ba2497b70ec94253f576.sdkstatcache -output-file-map /Users/admin/builder/spi-builder-workspace/.derivedData/Build/Intermediates.noindex/WebFormsCore.build/Debug-watchos/WebFormsCore.build/Objects-normal/arm64/WebFormsCore-OutputFileMap.json -use-frontend-parseable-output -save-temps -no-color-diagnostics -serialize-diagnostics -emit-dependencies -emit-module -emit-module-path /Users/admin/builder/spi-builder-workspace/.derivedData/Build/Intermediates.noindex/WebFormsCore.build/Debug-watchos/WebFormsCore.build/Objects-normal/arm64/WebFormsCore.swiftmodule -validate-clang-modules-once -clang-build-session-file /Users/admin/builder/spi-builder-workspace/.derivedData/ModuleCache.noindex/Session.modulevalidation -package-name spi_builder_workspace -Xcc -I/Users/admin/builder/spi-builder-workspace/.derivedData/Build/Intermediates.noindex/WebFormsCore.build/Debug-watchos/WebFormsCore.build/swift-overrides.hmap -emit-const-values -Xfrontend -const-gather-protocols-file -Xfrontend /Users/admin/builder/spi-builder-workspace/.derivedData/Build/Intermediates.noindex/WebFormsCore.build/Debug-watchos/WebFormsCore.build/Objects-normal/arm64/WebFormsCore_const_extract_protocols.json -Xcc -I/Users/admin/builder/spi-builder-workspace/.derivedData/Build/Products/Debug-watchos/include -Xcc -I/Users/admin/builder/spi-builder-workspace/.derivedData/Build/Intermediates.noindex/WebFormsCore.build/Debug-watchos/WebFormsCore.build/DerivedSources-normal/arm64 -Xcc -I/Users/admin/builder/spi-builder-workspace/.derivedData/Build/Intermediates.noindex/WebFormsCore.build/Debug-watchos/WebFormsCore.build/DerivedSources/arm64 -Xcc -I/Users/admin/builder/spi-builder-workspace/.derivedData/Build/Intermediates.noindex/WebFormsCore.build/Debug-watchos/WebFormsCore.build/DerivedSources -Xcc -DSWIFT_PACKAGE -Xcc -DDEBUG\=1 -emit-objc-header -emit-objc-header-path /Users/admin/builder/spi-builder-workspace/.derivedData/Build/Intermediates.noindex/WebFormsCore.build/Debug-watchos/WebFormsCore.build/Objects-normal/arm64/WebFormsCore-Swift.h -working-directory /Users/admin/builder/spi-builder-workspace/.swiftpm/xcode -experimental-emit-module-separately -disable-cmo
SwiftDriver\ Compilation\ Requirements WebFormsCore normal arm64_32 com.apple.xcode.tools.swift.compiler (in target 'WebFormsCore' from project 'WebFormsCore')
cd /Users/admin/builder/spi-builder-workspace/.swiftpm/xcode
builtin-Swift-Compilation-Requirements -- /Applications/Xcode-16.3.0.app/Contents/Developer/Toolchains/XcodeDefault.xctoolchain/usr/bin/swiftc -module-name WebFormsCore -Onone -enforce-exclusivity\=checked @/Users/admin/builder/spi-builder-workspace/.derivedData/Build/Intermediates.noindex/WebFormsCore.build/Debug-watchos/WebFormsCore.build/Objects-normal/arm64_32/WebFormsCore.SwiftFileList -DSWIFT_PACKAGE -DDEBUG -DXcode -plugin-path /Applications/Xcode-16.3.0.app/Contents/Developer/Toolchains/XcodeDefault.xctoolchain/usr/lib/swift/host/plugins/testing -enable-experimental-feature DebugDescriptionMacro -sdk /Applications/Xcode-16.3.0.app/Contents/Developer/Platforms/WatchOS.platform/Developer/SDKs/WatchOS11.4.sdk -target arm64_32-apple-watchos5.0 -g -module-cache-path /Users/admin/builder/spi-builder-workspace/.derivedData/ModuleCache.noindex -Xfrontend -serialize-debugging-options -profile-coverage-mapping -profile-generate -enable-testing -index-store-path /Users/admin/builder/spi-builder-workspace/.derivedData/Index.noindex/DataStore -swift-version 5 -I /Users/admin/builder/spi-builder-workspace/.derivedData/Build/Products/Debug-watchos -I /Applications/Xcode-16.3.0.app/Contents/Developer/Platforms/WatchOS.platform/Developer/usr/lib -F /Users/admin/builder/spi-builder-workspace/.derivedData/Build/Products/Debug-watchos -F /Applications/Xcode-16.3.0.app/Contents/Developer/Platforms/WatchOS.platform/Developer/Library/Frameworks -F /Applications/Xcode-16.3.0.app/Contents/Developer/Platforms/WatchOS.platform/Developer/SDKs/WatchOS11.4.sdk/Developer/Library/Frameworks -parse-as-library -c -j10 -enable-batch-mode -incremental -Xcc -ivfsstatcache -Xcc /Users/admin/builder/spi-builder-workspace/.derivedData/SDKStatCaches.noindex/watchos11.4-22T246-43efb940ff07ba2497b70ec94253f576.sdkstatcache -output-file-map /Users/admin/builder/spi-builder-workspace/.derivedData/Build/Intermediates.noindex/WebFormsCore.build/Debug-watchos/WebFormsCore.build/Objects-normal/arm64_32/WebFormsCore-OutputFileMap.json -use-frontend-parseable-output -save-temps -no-color-diagnostics -serialize-diagnostics -emit-dependencies -emit-module -emit-module-path /Users/admin/builder/spi-builder-workspace/.derivedData/Build/Intermediates.noindex/WebFormsCore.build/Debug-watchos/WebFormsCore.build/Objects-normal/arm64_32/WebFormsCore.swiftmodule -validate-clang-modules-once -clang-build-session-file /Users/admin/builder/spi-builder-workspace/.derivedData/ModuleCache.noindex/Session.modulevalidation -package-name spi_builder_workspace -Xcc -I/Users/admin/builder/spi-builder-workspace/.derivedData/Build/Intermediates.noindex/WebFormsCore.build/Debug-watchos/WebFormsCore.build/swift-overrides.hmap -emit-const-values -Xfrontend -const-gather-protocols-file -Xfrontend /Users/admin/builder/spi-builder-workspace/.derivedData/Build/Intermediates.noindex/WebFormsCore.build/Debug-watchos/WebFormsCore.build/Objects-normal/arm64_32/WebFormsCore_const_extract_protocols.json -Xcc -I/Users/admin/builder/spi-builder-workspace/.derivedData/Build/Products/Debug-watchos/include -Xcc -I/Users/admin/builder/spi-builder-workspace/.derivedData/Build/Intermediates.noindex/WebFormsCore.build/Debug-watchos/WebFormsCore.build/DerivedSources-normal/arm64_32 -Xcc -I/Users/admin/builder/spi-builder-workspace/.derivedData/Build/Intermediates.noindex/WebFormsCore.build/Debug-watchos/WebFormsCore.build/DerivedSources/arm64_32 -Xcc -I/Users/admin/builder/spi-builder-workspace/.derivedData/Build/Intermediates.noindex/WebFormsCore.build/Debug-watchos/WebFormsCore.build/DerivedSources -Xcc -DSWIFT_PACKAGE -Xcc -DDEBUG\=1 -emit-objc-header -emit-objc-header-path /Users/admin/builder/spi-builder-workspace/.derivedData/Build/Intermediates.noindex/WebFormsCore.build/Debug-watchos/WebFormsCore.build/Objects-normal/arm64_32/WebFormsCore-Swift.h -working-directory /Users/admin/builder/spi-builder-workspace/.swiftpm/xcode -experimental-emit-module-separately -disable-cmo
Copy /Users/admin/builder/spi-builder-workspace/.derivedData/Build/Products/Debug-watchos/WebFormsCore.swiftmodule/armv7k-apple-watchos.abi.json /Users/admin/builder/spi-builder-workspace/.derivedData/Build/Intermediates.noindex/WebFormsCore.build/Debug-watchos/WebFormsCore.build/Objects-normal/armv7k/WebFormsCore.abi.json (in target 'WebFormsCore' from project 'WebFormsCore')
cd /Users/admin/builder/spi-builder-workspace
builtin-copy -exclude .DS_Store -exclude CVS -exclude .svn -exclude .git -exclude .hg -resolve-src-symlinks -rename /Users/admin/builder/spi-builder-workspace/.derivedData/Build/Intermediates.noindex/WebFormsCore.build/Debug-watchos/WebFormsCore.build/Objects-normal/armv7k/WebFormsCore.abi.json /Users/admin/builder/spi-builder-workspace/.derivedData/Build/Products/Debug-watchos/WebFormsCore.swiftmodule/armv7k-apple-watchos.abi.json
Copy /Users/admin/builder/spi-builder-workspace/.derivedData/Build/Products/Debug-watchos/WebFormsCore.swiftmodule/arm64_32-apple-watchos.abi.json /Users/admin/builder/spi-builder-workspace/.derivedData/Build/Intermediates.noindex/WebFormsCore.build/Debug-watchos/WebFormsCore.build/Objects-normal/arm64_32/WebFormsCore.abi.json (in target 'WebFormsCore' from project 'WebFormsCore')
cd /Users/admin/builder/spi-builder-workspace
builtin-copy -exclude .DS_Store -exclude CVS -exclude .svn -exclude .git -exclude .hg -resolve-src-symlinks -rename /Users/admin/builder/spi-builder-workspace/.derivedData/Build/Intermediates.noindex/WebFormsCore.build/Debug-watchos/WebFormsCore.build/Objects-normal/arm64_32/WebFormsCore.abi.json /Users/admin/builder/spi-builder-workspace/.derivedData/Build/Products/Debug-watchos/WebFormsCore.swiftmodule/arm64_32-apple-watchos.abi.json
Copy /Users/admin/builder/spi-builder-workspace/.derivedData/Build/Products/Debug-watchos/WebFormsCore.swiftmodule/arm64-apple-watchos.abi.json /Users/admin/builder/spi-builder-workspace/.derivedData/Build/Intermediates.noindex/WebFormsCore.build/Debug-watchos/WebFormsCore.build/Objects-normal/arm64/WebFormsCore.abi.json (in target 'WebFormsCore' from project 'WebFormsCore')
cd /Users/admin/builder/spi-builder-workspace
builtin-copy -exclude .DS_Store -exclude CVS -exclude .svn -exclude .git -exclude .hg -resolve-src-symlinks -rename /Users/admin/builder/spi-builder-workspace/.derivedData/Build/Intermediates.noindex/WebFormsCore.build/Debug-watchos/WebFormsCore.build/Objects-normal/arm64/WebFormsCore.abi.json /Users/admin/builder/spi-builder-workspace/.derivedData/Build/Products/Debug-watchos/WebFormsCore.swiftmodule/arm64-apple-watchos.abi.json
** BUILD FAILED **
The following build commands failed:
SwiftCompile normal armv7k /Users/admin/builder/spi-builder-workspace/Sources/WebFormsCore/WebForms.swift (in target 'WebFormsCore' from project 'WebFormsCore')
SwiftCompile normal armv7k Compiling\ WebForms.swift /Users/admin/builder/spi-builder-workspace/Sources/WebFormsCore/WebForms.swift (in target 'WebFormsCore' from project 'WebFormsCore')
Building workspace spi-builder-workspace with scheme WebFormsCore
(3 failures)
BUILD FAILURE 6.1 watchOS