Build Information
Failed to build SimpleSalesforceSDK, reference main (f518fe), with Swift 6.4 for watchOS using Xcode 27.0 on 20 Sep 2026 13:06:02 UTC.
Build Command
env DEVELOPER_DIR=/Applications/Xcode-27.0.0-Release.Candidate.app xcrun xcodebuild -IDEClonedSourcePackagesDirPathOverride=$PWD/.dependencies -skipMacroValidation -skipPackagePluginValidation -derivedDataPath $PWD/.derivedData build -scheme SimpleSalesforceSDK -destination generic/platform=watchOSBuild Log
========================================
RunAll
========================================
Builder version: 5.1.0
Interrupt handler set up.
========================================
Checkout
========================================
Clone URL: https://github.com/deveronuas/sssdk.git
Reference: main
Initialized empty Git repository in /Users/admin/builder/spi-builder-workspace/.git/
From https://github.com/deveronuas/sssdk
* branch main -> FETCH_HEAD
* [new branch] main -> origin/main
HEAD is now at f518fe2 Merge pull request #28 from deveronuas/feature/add-fetch-user-information-method
Cloned https://github.com/deveronuas/sssdk.git
Revision (git rev-parse @):
f518fe2f6595dd31ce90fb994a8d630ddca88640
SUCCESS checkout https://github.com/deveronuas/sssdk.git at main
========================================
Build
========================================
Selected platform: watchOS
Swift version: 6.4
Building package at path: $PWD
https://github.com/deveronuas/sssdk.git
Command line invocation:
/Applications/Xcode-27.0.0-Release.Candidate.app/Contents/Developer/usr/bin/xcodebuild -IDEClonedSourcePackagesDirPathOverride=/Users/admin/builder/spi-builder-workspace/.dependencies -resolvePackageDependencies
Resolve Package Graph
Fetching from https://github.com/jrendel/SwiftKeychainWrapper
Creating working copy of package ‘SwiftKeychainWrapper’
Checking out 4.0.1 of package ‘SwiftKeychainWrapper’
Resolve Package Graph
Resolved source packages:
SimpleSalesforceSDK: /Users/admin/builder/spi-builder-workspace
SwiftKeychainWrapper: https://github.com/jrendel/SwiftKeychainWrapper @ 4.0.1
resolved source packages: SimpleSalesforceSDK, SwiftKeychainWrapper
2026-09-20 09:05:10.045 xcodebuild[529:3058] [MT] IDERunDestination: Supported platforms for the buildables in the current scheme is empty.
{
"dependencies" : [
{
"identity" : "swiftkeychainwrapper",
"requirement" : {
"range" : [
{
"lower_bound" : "4.0.0",
"upper_bound" : "5.0.0"
}
]
},
"type" : "sourceControl",
"url" : "https://github.com/jrendel/SwiftKeychainWrapper"
}
],
"manifest_display_name" : "SimpleSalesforceSDK",
"name" : "SimpleSalesforceSDK",
"path" : "/Users/admin/builder/spi-builder-workspace",
"platforms" : [
{
"name" : "ios",
"version" : "15.0"
}
],
"products" : [
{
"name" : "SimpleSalesforceSDK",
"targets" : [
"SimpleSalesforceSDK"
],
"type" : {
"library" : [
"automatic"
]
}
}
],
"targets" : [
{
"c99name" : "SimpleSalesforceSDKTests",
"module_type" : "SwiftTarget",
"name" : "SimpleSalesforceSDKTests",
"path" : "Tests/SimpleSalesforceSDKTests",
"sources" : [
"APIResponseTests.swift",
"SSSDKNotConfiguredTests.swift",
"SSSDKTests.swift",
"misc/MockData.swift"
],
"target_dependencies" : [
"SimpleSalesforceSDK"
],
"type" : "test"
},
{
"c99name" : "SimpleSalesforceSDK",
"module_type" : "SwiftTarget",
"name" : "SimpleSalesforceSDK",
"path" : "Sources",
"product_dependencies" : [
"SwiftKeychainWrapper"
],
"product_memberships" : [
"SimpleSalesforceSDK"
],
"sources" : [
"SimpleSalesforceSDK/Models/Errors.swift",
"SimpleSalesforceSDK/Models/IntrospectResponse.swift",
"SimpleSalesforceSDK/Models/RefreshTokenResponse.swift",
"SimpleSalesforceSDK/Models/SFAuth.swift",
"SimpleSalesforceSDK/Models/SFConfig.swift",
"SimpleSalesforceSDK/Models/URLBuilder.swift",
"SimpleSalesforceSDK/Models/URLRequestBuilder.swift",
"SimpleSalesforceSDK/SSSDK.swift",
"SimpleSalesforceSDK/Services/KeychainService.swift",
"SimpleSalesforceSDK/Services/WebService.swift",
"SimpleSalesforceSDK/Views/LoginView.swift",
"SimpleSalesforceSDK/Views/SafariView.swift"
],
"type" : "library"
}
],
"tools_version" : "5.6"
}
{
"workspace" : {
"name" : "SimpleSalesforceSDK",
"schemes" : [
"SimpleSalesforceSDK"
]
}
}
2026-09-20 09:05:51.635 xcodebuild[684:4363] [MT] IDERunDestination: Supported platforms for the buildables in the current scheme is empty.
Running build ...
env DEVELOPER_DIR=/Applications/Xcode-27.0.0-Release.Candidate.app xcrun xcodebuild -IDEClonedSourcePackagesDirPathOverride=$PWD/.dependencies -skipMacroValidation -skipPackagePluginValidation -derivedDataPath $PWD/.derivedData build -scheme SimpleSalesforceSDK -destination generic/platform=watchOS
Command line invocation:
/Applications/Xcode-27.0.0-Release.Candidate.app/Contents/Developer/usr/bin/xcodebuild -IDEClonedSourcePackagesDirPathOverride=/Users/admin/builder/spi-builder-workspace/.dependencies -skipMacroValidation -skipPackagePluginValidation -derivedDataPath /Users/admin/builder/spi-builder-workspace/.derivedData build -scheme SimpleSalesforceSDK -destination generic/platform=watchOS
Resolve Package Graph
Resolve Package Graph
Resolved source packages:
SwiftKeychainWrapper: https://github.com/jrendel/SwiftKeychainWrapper @ 4.0.1
SimpleSalesforceSDK: /Users/admin/builder/spi-builder-workspace
ComputePackagePrebuildTargetDependencyGraph
Prepare packages
CreateBuildRequest
SendProjectDescription
CreateBuildOperation
ComputeTargetDependencyGraph
note: Building targets in dependency order
note: Target dependency graph (4 targets)
Target 'SimpleSalesforceSDK-product' in project 'SimpleSalesforceSDK'
➜ Explicit dependency on target 'SimpleSalesforceSDK' in project 'SimpleSalesforceSDK'
➜ Explicit dependency on target 'SwiftKeychainWrapper-product' in project 'SwiftKeychainWrapper'
Target 'SimpleSalesforceSDK' in project 'SimpleSalesforceSDK'
➜ Explicit dependency on target 'SwiftKeychainWrapper-product' in project 'SwiftKeychainWrapper'
Target 'SwiftKeychainWrapper-product' in project 'SwiftKeychainWrapper'
➜ Explicit dependency on target 'SwiftKeychainWrapper' in project 'SwiftKeychainWrapper'
Target 'SwiftKeychainWrapper' in project 'SwiftKeychainWrapper' (no dependencies)
GatherProvisioningInputs
CreateBuildDescription
ExecuteExternalTool /Applications/Xcode-27.0.0-Release.Candidate.app/Contents/Developer/Toolchains/XcodeDefault.xctoolchain/usr/bin/clang -v -E -dM -isysroot /Applications/Xcode-27.0.0-Release.Candidate.app/Contents/Developer/Platforms/WatchOS.platform/Developer/SDKs/WatchOS27.0.sdk -x c -c /dev/null
ExecuteExternalTool /Applications/Xcode-27.0.0-Release.Candidate.app/Contents/Developer/Toolchains/XcodeDefault.xctoolchain/usr/bin/swiftc --version
ExecuteExternalTool /Applications/Xcode-27.0.0-Release.Candidate.app/Contents/Developer/Toolchains/XcodeDefault.xctoolchain/usr/bin/ld -version_details
Build description signature: 7e6638f7f2145cb206a9b44c79c9e37a
Build description path: /Users/admin/builder/spi-builder-workspace/.derivedData/Build/Intermediates.noindex/XCBuildData/7e6638f7f2145cb206a9b44c79c9e37a.xcbuilddata
CreateBuildDirectory /Users/admin/builder/spi-builder-workspace/.derivedData/SDKExplicitPrecompiledModules
cd /Users/admin/builder/spi-builder-workspace/.swiftpm/xcode
builtin-create-build-directory /Users/admin/builder/spi-builder-workspace/.derivedData/SDKExplicitPrecompiledModules
CreateBuildDirectory /Users/admin/builder/spi-builder-workspace/.derivedData/ModuleCache.noindex
cd /Users/admin/builder/spi-builder-workspace/.swiftpm/xcode
builtin-create-build-directory /Users/admin/builder/spi-builder-workspace/.derivedData/ModuleCache.noindex
CreateBuildDirectory /Users/admin/builder/spi-builder-workspace/.derivedData/CompilationCache.noindex
cd /Users/admin/builder/spi-builder-workspace/.swiftpm/xcode
builtin-create-build-directory /Users/admin/builder/spi-builder-workspace/.derivedData/CompilationCache.noindex
ClangStatCache /Applications/Xcode-27.0.0-Release.Candidate.app/Contents/Developer/Toolchains/XcodeDefault.xctoolchain/usr/bin/clang-stat-cache /Applications/Xcode-27.0.0-Release.Candidate.app/Contents/Developer/Platforms/WatchOS.platform/Developer/SDKs/WatchOS27.0.sdk /Users/admin/builder/spi-builder-workspace/.derivedData/SDKStatCaches.noindex/watchos27.0-24R360-e829b21a6f8c9b70876ba0858053c04477534ef55a1706bf4c1112bbb242f0a2.sdkstatcache
cd /Users/admin/builder/spi-builder-workspace/.swiftpm/xcode
/Applications/Xcode-27.0.0-Release.Candidate.app/Contents/Developer/Toolchains/XcodeDefault.xctoolchain/usr/bin/clang-stat-cache /Applications/Xcode-27.0.0-Release.Candidate.app/Contents/Developer/Platforms/WatchOS.platform/Developer/SDKs/WatchOS27.0.sdk -o /Users/admin/builder/spi-builder-workspace/.derivedData/SDKStatCaches.noindex/watchos27.0-24R360-e829b21a6f8c9b70876ba0858053c04477534ef55a1706bf4c1112bbb242f0a2.sdkstatcache
CreateBuildDirectory /Users/admin/builder/spi-builder-workspace/.derivedData/Build/Products
cd /Users/admin/builder/spi-builder-workspace/.swiftpm/xcode
builtin-create-build-directory /Users/admin/builder/spi-builder-workspace/.derivedData/Build/Products
CreateBuildDirectory /Users/admin/builder/spi-builder-workspace/.derivedData/Build/Intermediates.noindex
cd /Users/admin/builder/spi-builder-workspace/.swiftpm/xcode
builtin-create-build-directory /Users/admin/builder/spi-builder-workspace/.derivedData/Build/Intermediates.noindex
CreateBuildDirectory /Users/admin/builder/spi-builder-workspace/.derivedData/Build/Intermediates.noindex/SwiftExplicitPrecompiledModules
cd /Users/admin/builder/spi-builder-workspace/.swiftpm/xcode
builtin-create-build-directory /Users/admin/builder/spi-builder-workspace/.derivedData/Build/Intermediates.noindex/SwiftExplicitPrecompiledModules
CreateBuildDirectory /Users/admin/builder/spi-builder-workspace/.derivedData/Build/Intermediates.noindex/ExplicitPrecompiledModules
cd /Users/admin/builder/spi-builder-workspace/.swiftpm/xcode
builtin-create-build-directory /Users/admin/builder/spi-builder-workspace/.derivedData/Build/Intermediates.noindex/ExplicitPrecompiledModules
CreateBuildDirectory /Users/admin/builder/spi-builder-workspace/.derivedData/Build/Intermediates.noindex/PrecompiledHeaders
cd /Users/admin/builder/spi-builder-workspace/.swiftpm/xcode
builtin-create-build-directory /Users/admin/builder/spi-builder-workspace/.derivedData/Build/Intermediates.noindex/PrecompiledHeaders
CreateBuildDirectory /Users/admin/builder/spi-builder-workspace/.derivedData/Build/Products/Debug-watchos
cd /Users/admin/builder/spi-builder-workspace/.swiftpm/xcode
builtin-create-build-directory /Users/admin/builder/spi-builder-workspace/.derivedData/Build/Products/Debug-watchos
CreateBuildDirectory /Users/admin/builder/spi-builder-workspace/.derivedData/Build/Intermediates.noindex/EagerLinkingTBDs/Debug-watchos
cd /Users/admin/builder/spi-builder-workspace/.swiftpm/xcode
builtin-create-build-directory /Users/admin/builder/spi-builder-workspace/.derivedData/Build/Intermediates.noindex/EagerLinkingTBDs/Debug-watchos
CreateBuildDirectory /Users/admin/builder/spi-builder-workspace/.derivedData/Build/Products/Debug-watchos/PackageFrameworks
cd /Users/admin/builder/spi-builder-workspace/.swiftpm/xcode
builtin-create-build-directory /Users/admin/builder/spi-builder-workspace/.derivedData/Build/Products/Debug-watchos/PackageFrameworks
WriteAuxiliaryFile /Users/admin/builder/spi-builder-workspace/.derivedData/Build/Intermediates.noindex/SwiftKeychainWrapper.build/Debug-watchos/SwiftKeychainWrapper-t.build/Objects-normal/arm64_32/SwiftKeychainWrapper-OutputFileMap.json (in target 'SwiftKeychainWrapper' from project 'SwiftKeychainWrapper')
cd /Users/admin/builder/spi-builder-workspace/.dependencies/checkouts/SwiftKeychainWrapper
write-file /Users/admin/builder/spi-builder-workspace/.derivedData/Build/Intermediates.noindex/SwiftKeychainWrapper.build/Debug-watchos/SwiftKeychainWrapper-t.build/Objects-normal/arm64_32/SwiftKeychainWrapper-OutputFileMap.json
WriteAuxiliaryFile /Users/admin/builder/spi-builder-workspace/.derivedData/Build/Intermediates.noindex/SwiftKeychainWrapper.build/Debug-watchos/SwiftKeychainWrapper-t.build/Objects-normal/arm64_32/SwiftKeychainWrapper.SwiftFileList (in target 'SwiftKeychainWrapper' from project 'SwiftKeychainWrapper')
cd /Users/admin/builder/spi-builder-workspace/.dependencies/checkouts/SwiftKeychainWrapper
write-file /Users/admin/builder/spi-builder-workspace/.derivedData/Build/Intermediates.noindex/SwiftKeychainWrapper.build/Debug-watchos/SwiftKeychainWrapper-t.build/Objects-normal/arm64_32/SwiftKeychainWrapper.SwiftFileList
WriteAuxiliaryFile /Users/admin/builder/spi-builder-workspace/.derivedData/Build/Intermediates.noindex/SwiftKeychainWrapper.build/Debug-watchos/SwiftKeychainWrapper-t.build/Objects-normal/arm64_32/SwiftKeychainWrapper.LinkFileList (in target 'SwiftKeychainWrapper' from project 'SwiftKeychainWrapper')
cd /Users/admin/builder/spi-builder-workspace/.dependencies/checkouts/SwiftKeychainWrapper
write-file /Users/admin/builder/spi-builder-workspace/.derivedData/Build/Intermediates.noindex/SwiftKeychainWrapper.build/Debug-watchos/SwiftKeychainWrapper-t.build/Objects-normal/arm64_32/SwiftKeychainWrapper.LinkFileList
WriteAuxiliaryFile /Users/admin/builder/spi-builder-workspace/.derivedData/Build/Intermediates.noindex/SwiftKeychainWrapper.build/Debug-watchos/SwiftKeychainWrapper-t.build/Objects-normal/arm64_32/SwiftKeychainWrapper_const_extract_protocols.json (in target 'SwiftKeychainWrapper' from project 'SwiftKeychainWrapper')
cd /Users/admin/builder/spi-builder-workspace/.dependencies/checkouts/SwiftKeychainWrapper
write-file /Users/admin/builder/spi-builder-workspace/.derivedData/Build/Intermediates.noindex/SwiftKeychainWrapper.build/Debug-watchos/SwiftKeychainWrapper-t.build/Objects-normal/arm64_32/SwiftKeychainWrapper_const_extract_protocols.json
WriteAuxiliaryFile /Users/admin/builder/spi-builder-workspace/.derivedData/Build/Intermediates.noindex/SwiftKeychainWrapper.build/Debug-watchos/SwiftKeychainWrapper-t.build/SwiftKeychainWrapper.modulemap (in target 'SwiftKeychainWrapper' from project 'SwiftKeychainWrapper')
cd /Users/admin/builder/spi-builder-workspace/.dependencies/checkouts/SwiftKeychainWrapper
write-file /Users/admin/builder/spi-builder-workspace/.derivedData/Build/Intermediates.noindex/SwiftKeychainWrapper.build/Debug-watchos/SwiftKeychainWrapper-t.build/SwiftKeychainWrapper.modulemap
WriteAuxiliaryFile /Users/admin/builder/spi-builder-workspace/.derivedData/Build/Intermediates.noindex/SwiftKeychainWrapper.build/Debug-watchos/SwiftKeychainWrapper-t.build/Objects-normal/arm64_32/SwiftKeychainWrapper.SwiftConstValuesFileList (in target 'SwiftKeychainWrapper' from project 'SwiftKeychainWrapper')
cd /Users/admin/builder/spi-builder-workspace/.dependencies/checkouts/SwiftKeychainWrapper
write-file /Users/admin/builder/spi-builder-workspace/.derivedData/Build/Intermediates.noindex/SwiftKeychainWrapper.build/Debug-watchos/SwiftKeychainWrapper-t.build/Objects-normal/arm64_32/SwiftKeychainWrapper.SwiftConstValuesFileList
WriteAuxiliaryFile /Users/admin/builder/spi-builder-workspace/.derivedData/Build/Intermediates.noindex/SwiftKeychainWrapper.build/Debug-watchos/SwiftKeychainWrapper-t.build/Objects-normal/arm64/SwiftKeychainWrapper.SwiftFileList (in target 'SwiftKeychainWrapper' from project 'SwiftKeychainWrapper')
cd /Users/admin/builder/spi-builder-workspace/.dependencies/checkouts/SwiftKeychainWrapper
write-file /Users/admin/builder/spi-builder-workspace/.derivedData/Build/Intermediates.noindex/SwiftKeychainWrapper.build/Debug-watchos/SwiftKeychainWrapper-t.build/Objects-normal/arm64/SwiftKeychainWrapper.SwiftFileList
WriteAuxiliaryFile /Users/admin/builder/spi-builder-workspace/.derivedData/Build/Intermediates.noindex/SwiftKeychainWrapper.build/Debug-watchos/SwiftKeychainWrapper-t.build/Objects-normal/arm64/SwiftKeychainWrapper-OutputFileMap.json (in target 'SwiftKeychainWrapper' from project 'SwiftKeychainWrapper')
cd /Users/admin/builder/spi-builder-workspace/.dependencies/checkouts/SwiftKeychainWrapper
write-file /Users/admin/builder/spi-builder-workspace/.derivedData/Build/Intermediates.noindex/SwiftKeychainWrapper.build/Debug-watchos/SwiftKeychainWrapper-t.build/Objects-normal/arm64/SwiftKeychainWrapper-OutputFileMap.json
WriteAuxiliaryFile /Users/admin/builder/spi-builder-workspace/.derivedData/Build/Intermediates.noindex/SwiftKeychainWrapper.build/Debug-watchos/SwiftKeychainWrapper-t.build/Objects-normal/arm64/SwiftKeychainWrapper_const_extract_protocols.json (in target 'SwiftKeychainWrapper' from project 'SwiftKeychainWrapper')
cd /Users/admin/builder/spi-builder-workspace/.dependencies/checkouts/SwiftKeychainWrapper
write-file /Users/admin/builder/spi-builder-workspace/.derivedData/Build/Intermediates.noindex/SwiftKeychainWrapper.build/Debug-watchos/SwiftKeychainWrapper-t.build/Objects-normal/arm64/SwiftKeychainWrapper_const_extract_protocols.json
WriteAuxiliaryFile /Users/admin/builder/spi-builder-workspace/.derivedData/Build/Intermediates.noindex/SwiftKeychainWrapper.build/Debug-watchos/SwiftKeychainWrapper-t.build/SwiftKeychainWrapper.DependencyStaticMetadataFileList (in target 'SwiftKeychainWrapper' from project 'SwiftKeychainWrapper')
cd /Users/admin/builder/spi-builder-workspace/.dependencies/checkouts/SwiftKeychainWrapper
write-file /Users/admin/builder/spi-builder-workspace/.derivedData/Build/Intermediates.noindex/SwiftKeychainWrapper.build/Debug-watchos/SwiftKeychainWrapper-t.build/SwiftKeychainWrapper.DependencyStaticMetadataFileList
WriteAuxiliaryFile /Users/admin/builder/spi-builder-workspace/.derivedData/Build/Intermediates.noindex/SwiftKeychainWrapper.build/Debug-watchos/SwiftKeychainWrapper-t.build/SwiftKeychainWrapper.DependencyMetadataFileList (in target 'SwiftKeychainWrapper' from project 'SwiftKeychainWrapper')
cd /Users/admin/builder/spi-builder-workspace/.dependencies/checkouts/SwiftKeychainWrapper
write-file /Users/admin/builder/spi-builder-workspace/.derivedData/Build/Intermediates.noindex/SwiftKeychainWrapper.build/Debug-watchos/SwiftKeychainWrapper-t.build/SwiftKeychainWrapper.DependencyMetadataFileList
WriteAuxiliaryFile /Users/admin/builder/spi-builder-workspace/.derivedData/Build/Intermediates.noindex/SwiftKeychainWrapper.build/Debug-watchos/SwiftKeychainWrapper-t.build/Objects-normal/arm64/SwiftKeychainWrapper.SwiftConstValuesFileList (in target 'SwiftKeychainWrapper' from project 'SwiftKeychainWrapper')
cd /Users/admin/builder/spi-builder-workspace/.dependencies/checkouts/SwiftKeychainWrapper
write-file /Users/admin/builder/spi-builder-workspace/.derivedData/Build/Intermediates.noindex/SwiftKeychainWrapper.build/Debug-watchos/SwiftKeychainWrapper-t.build/Objects-normal/arm64/SwiftKeychainWrapper.SwiftConstValuesFileList
WriteAuxiliaryFile /Users/admin/builder/spi-builder-workspace/.derivedData/Build/Intermediates.noindex/SwiftKeychainWrapper.build/Debug-watchos/SwiftKeychainWrapper-t.build/Objects-normal/arm64/SwiftKeychainWrapper.LinkFileList (in target 'SwiftKeychainWrapper' from project 'SwiftKeychainWrapper')
cd /Users/admin/builder/spi-builder-workspace/.dependencies/checkouts/SwiftKeychainWrapper
write-file /Users/admin/builder/spi-builder-workspace/.derivedData/Build/Intermediates.noindex/SwiftKeychainWrapper.build/Debug-watchos/SwiftKeychainWrapper-t.build/Objects-normal/arm64/SwiftKeychainWrapper.LinkFileList
WriteAuxiliaryFile /Users/admin/builder/spi-builder-workspace/.derivedData/Build/Intermediates.noindex/SimpleSalesforceSDK.build/Debug-watchos/SimpleSalesforceSDK-t.build/SimpleSalesforceSDK.modulemap (in target 'SimpleSalesforceSDK' from project 'SimpleSalesforceSDK')
cd /Users/admin/builder/spi-builder-workspace
write-file /Users/admin/builder/spi-builder-workspace/.derivedData/Build/Intermediates.noindex/SimpleSalesforceSDK.build/Debug-watchos/SimpleSalesforceSDK-t.build/SimpleSalesforceSDK.modulemap
WriteAuxiliaryFile /Users/admin/builder/spi-builder-workspace/.derivedData/Build/Intermediates.noindex/SimpleSalesforceSDK.build/Debug-watchos/SimpleSalesforceSDK-t.build/SimpleSalesforceSDK.DependencyStaticMetadataFileList (in target 'SimpleSalesforceSDK' from project 'SimpleSalesforceSDK')
cd /Users/admin/builder/spi-builder-workspace
write-file /Users/admin/builder/spi-builder-workspace/.derivedData/Build/Intermediates.noindex/SimpleSalesforceSDK.build/Debug-watchos/SimpleSalesforceSDK-t.build/SimpleSalesforceSDK.DependencyStaticMetadataFileList
WriteAuxiliaryFile /Users/admin/builder/spi-builder-workspace/.derivedData/Build/Intermediates.noindex/SimpleSalesforceSDK.build/Debug-watchos/SimpleSalesforceSDK-t.build/SimpleSalesforceSDK.DependencyMetadataFileList (in target 'SimpleSalesforceSDK' from project 'SimpleSalesforceSDK')
cd /Users/admin/builder/spi-builder-workspace
write-file /Users/admin/builder/spi-builder-workspace/.derivedData/Build/Intermediates.noindex/SimpleSalesforceSDK.build/Debug-watchos/SimpleSalesforceSDK-t.build/SimpleSalesforceSDK.DependencyMetadataFileList
Copy /Users/admin/builder/spi-builder-workspace/.derivedData/Build/Intermediates.noindex/GeneratedModuleMaps-watchos/SwiftKeychainWrapper.modulemap /Users/admin/builder/spi-builder-workspace/.derivedData/Build/Intermediates.noindex/SwiftKeychainWrapper.build/Debug-watchos/SwiftKeychainWrapper-t.build/SwiftKeychainWrapper.modulemap (in target 'SwiftKeychainWrapper' from project 'SwiftKeychainWrapper')
cd /Users/admin/builder/spi-builder-workspace/.dependencies/checkouts/SwiftKeychainWrapper
builtin-copy -exclude .DS_Store -exclude CVS -exclude .svn -exclude .git -exclude .hg -resolve-src-symlinks /Users/admin/builder/spi-builder-workspace/.derivedData/Build/Intermediates.noindex/SwiftKeychainWrapper.build/Debug-watchos/SwiftKeychainWrapper-t.build/SwiftKeychainWrapper.modulemap /Users/admin/builder/spi-builder-workspace/.derivedData/Build/Intermediates.noindex/GeneratedModuleMaps-watchos
WriteAuxiliaryFile /Users/admin/builder/spi-builder-workspace/.derivedData/Build/Intermediates.noindex/SimpleSalesforceSDK.build/Debug-watchos/SimpleSalesforceSDK-t.build/Objects-normal/arm64_32/SimpleSalesforceSDK_const_extract_protocols.json (in target 'SimpleSalesforceSDK' from project 'SimpleSalesforceSDK')
cd /Users/admin/builder/spi-builder-workspace
write-file /Users/admin/builder/spi-builder-workspace/.derivedData/Build/Intermediates.noindex/SimpleSalesforceSDK.build/Debug-watchos/SimpleSalesforceSDK-t.build/Objects-normal/arm64_32/SimpleSalesforceSDK_const_extract_protocols.json
WriteAuxiliaryFile /Users/admin/builder/spi-builder-workspace/.derivedData/Build/Intermediates.noindex/SimpleSalesforceSDK.build/Debug-watchos/SimpleSalesforceSDK-t.build/Objects-normal/arm64_32/SimpleSalesforceSDK.SwiftFileList (in target 'SimpleSalesforceSDK' from project 'SimpleSalesforceSDK')
cd /Users/admin/builder/spi-builder-workspace
write-file /Users/admin/builder/spi-builder-workspace/.derivedData/Build/Intermediates.noindex/SimpleSalesforceSDK.build/Debug-watchos/SimpleSalesforceSDK-t.build/Objects-normal/arm64_32/SimpleSalesforceSDK.SwiftFileList
WriteAuxiliaryFile /Users/admin/builder/spi-builder-workspace/.derivedData/Build/Intermediates.noindex/SimpleSalesforceSDK.build/Debug-watchos/SimpleSalesforceSDK-t.build/Objects-normal/arm64_32/SimpleSalesforceSDK.SwiftConstValuesFileList (in target 'SimpleSalesforceSDK' from project 'SimpleSalesforceSDK')
cd /Users/admin/builder/spi-builder-workspace
write-file /Users/admin/builder/spi-builder-workspace/.derivedData/Build/Intermediates.noindex/SimpleSalesforceSDK.build/Debug-watchos/SimpleSalesforceSDK-t.build/Objects-normal/arm64_32/SimpleSalesforceSDK.SwiftConstValuesFileList
WriteAuxiliaryFile /Users/admin/builder/spi-builder-workspace/.derivedData/Build/Intermediates.noindex/SimpleSalesforceSDK.build/Debug-watchos/SimpleSalesforceSDK-t.build/Objects-normal/arm64_32/SimpleSalesforceSDK.LinkFileList (in target 'SimpleSalesforceSDK' from project 'SimpleSalesforceSDK')
cd /Users/admin/builder/spi-builder-workspace
write-file /Users/admin/builder/spi-builder-workspace/.derivedData/Build/Intermediates.noindex/SimpleSalesforceSDK.build/Debug-watchos/SimpleSalesforceSDK-t.build/Objects-normal/arm64_32/SimpleSalesforceSDK.LinkFileList
WriteAuxiliaryFile /Users/admin/builder/spi-builder-workspace/.derivedData/Build/Intermediates.noindex/SimpleSalesforceSDK.build/Debug-watchos/SimpleSalesforceSDK-t.build/Objects-normal/arm64_32/SimpleSalesforceSDK-OutputFileMap.json (in target 'SimpleSalesforceSDK' from project 'SimpleSalesforceSDK')
cd /Users/admin/builder/spi-builder-workspace
write-file /Users/admin/builder/spi-builder-workspace/.derivedData/Build/Intermediates.noindex/SimpleSalesforceSDK.build/Debug-watchos/SimpleSalesforceSDK-t.build/Objects-normal/arm64_32/SimpleSalesforceSDK-OutputFileMap.json
WriteAuxiliaryFile /Users/admin/builder/spi-builder-workspace/.derivedData/Build/Intermediates.noindex/SimpleSalesforceSDK.build/Debug-watchos/SimpleSalesforceSDK-t.build/Objects-normal/arm64/SimpleSalesforceSDK_const_extract_protocols.json (in target 'SimpleSalesforceSDK' from project 'SimpleSalesforceSDK')
cd /Users/admin/builder/spi-builder-workspace
write-file /Users/admin/builder/spi-builder-workspace/.derivedData/Build/Intermediates.noindex/SimpleSalesforceSDK.build/Debug-watchos/SimpleSalesforceSDK-t.build/Objects-normal/arm64/SimpleSalesforceSDK_const_extract_protocols.json
WriteAuxiliaryFile /Users/admin/builder/spi-builder-workspace/.derivedData/Build/Intermediates.noindex/SimpleSalesforceSDK.build/Debug-watchos/SimpleSalesforceSDK-t.build/Objects-normal/arm64/SimpleSalesforceSDK.SwiftFileList (in target 'SimpleSalesforceSDK' from project 'SimpleSalesforceSDK')
cd /Users/admin/builder/spi-builder-workspace
write-file /Users/admin/builder/spi-builder-workspace/.derivedData/Build/Intermediates.noindex/SimpleSalesforceSDK.build/Debug-watchos/SimpleSalesforceSDK-t.build/Objects-normal/arm64/SimpleSalesforceSDK.SwiftFileList
WriteAuxiliaryFile /Users/admin/builder/spi-builder-workspace/.derivedData/Build/Intermediates.noindex/SimpleSalesforceSDK.build/Debug-watchos/SimpleSalesforceSDK-t.build/Objects-normal/arm64/SimpleSalesforceSDK.SwiftConstValuesFileList (in target 'SimpleSalesforceSDK' from project 'SimpleSalesforceSDK')
cd /Users/admin/builder/spi-builder-workspace
write-file /Users/admin/builder/spi-builder-workspace/.derivedData/Build/Intermediates.noindex/SimpleSalesforceSDK.build/Debug-watchos/SimpleSalesforceSDK-t.build/Objects-normal/arm64/SimpleSalesforceSDK.SwiftConstValuesFileList
WriteAuxiliaryFile /Users/admin/builder/spi-builder-workspace/.derivedData/Build/Intermediates.noindex/SimpleSalesforceSDK.build/Debug-watchos/SimpleSalesforceSDK-t.build/Objects-normal/arm64/SimpleSalesforceSDK.LinkFileList (in target 'SimpleSalesforceSDK' from project 'SimpleSalesforceSDK')
cd /Users/admin/builder/spi-builder-workspace
write-file /Users/admin/builder/spi-builder-workspace/.derivedData/Build/Intermediates.noindex/SimpleSalesforceSDK.build/Debug-watchos/SimpleSalesforceSDK-t.build/Objects-normal/arm64/SimpleSalesforceSDK.LinkFileList
WriteAuxiliaryFile /Users/admin/builder/spi-builder-workspace/.derivedData/Build/Intermediates.noindex/SimpleSalesforceSDK.build/Debug-watchos/SimpleSalesforceSDK-t.build/Objects-normal/arm64/SimpleSalesforceSDK-OutputFileMap.json (in target 'SimpleSalesforceSDK' from project 'SimpleSalesforceSDK')
cd /Users/admin/builder/spi-builder-workspace
write-file /Users/admin/builder/spi-builder-workspace/.derivedData/Build/Intermediates.noindex/SimpleSalesforceSDK.build/Debug-watchos/SimpleSalesforceSDK-t.build/Objects-normal/arm64/SimpleSalesforceSDK-OutputFileMap.json
Copy /Users/admin/builder/spi-builder-workspace/.derivedData/Build/Intermediates.noindex/GeneratedModuleMaps-watchos/SimpleSalesforceSDK.modulemap /Users/admin/builder/spi-builder-workspace/.derivedData/Build/Intermediates.noindex/SimpleSalesforceSDK.build/Debug-watchos/SimpleSalesforceSDK-t.build/SimpleSalesforceSDK.modulemap (in target 'SimpleSalesforceSDK' from project 'SimpleSalesforceSDK')
cd /Users/admin/builder/spi-builder-workspace
builtin-copy -exclude .DS_Store -exclude CVS -exclude .svn -exclude .git -exclude .hg -resolve-src-symlinks /Users/admin/builder/spi-builder-workspace/.derivedData/Build/Intermediates.noindex/SimpleSalesforceSDK.build/Debug-watchos/SimpleSalesforceSDK-t.build/SimpleSalesforceSDK.modulemap /Users/admin/builder/spi-builder-workspace/.derivedData/Build/Intermediates.noindex/GeneratedModuleMaps-watchos
SwiftDriver SwiftKeychainWrapper normal arm64_32 com.apple.xcode.tools.swift.compiler (in target 'SwiftKeychainWrapper' from project 'SwiftKeychainWrapper')
cd /Users/admin/builder/spi-builder-workspace/.swiftpm/xcode
builtin-SwiftDriver -- /Applications/Xcode-27.0.0-Release.Candidate.app/Contents/Developer/Toolchains/XcodeDefault.xctoolchain/usr/bin/swiftc -parse-as-library -module-name SwiftKeychainWrapper -Onone @/Users/admin/builder/spi-builder-workspace/.derivedData/Build/Intermediates.noindex/SwiftKeychainWrapper.build/Debug-watchos/SwiftKeychainWrapper-t.build/Objects-normal/arm64_32/SwiftKeychainWrapper.SwiftFileList -DSWIFT_PACKAGE -DDEBUG -DSWIFT_MODULE_RESOURCE_BUNDLE_UNAVAILABLE -DXcode -plugin-path /Applications/Xcode-27.0.0-Release.Candidate.app/Contents/Developer/Toolchains/XcodeDefault.xctoolchain/usr/lib/swift/host/plugins/testing -enable-experimental-feature DebugDescriptionMacro -sdk /Applications/Xcode-27.0.0-Release.Candidate.app/Contents/Developer/Platforms/WatchOS.platform/Developer/SDKs/WatchOS27.0.sdk -target arm64_32-apple-watchos9.0 -g -module-cache-path /Users/admin/builder/spi-builder-workspace/.derivedData/ModuleCache.noindex -Xfrontend -serialize-debugging-options -profile-coverage-mapping -profile-generate -enable-testing -suppress-warnings -index-store-path /Users/admin/builder/spi-builder-workspace/.derivedData/Index.noindex/DataStore -Xcc -D_LIBCPP_HARDENING_MODE\=_LIBCPP_HARDENING_MODE_DEBUG -swift-version 4 -I /Users/admin/builder/spi-builder-workspace/.derivedData/Build/Products/Debug-watchos -Isystem /Applications/Xcode-27.0.0-Release.Candidate.app/Contents/Developer/Platforms/WatchOS.platform/Developer/usr/lib -F /Users/admin/builder/spi-builder-workspace/.derivedData/Build/Products/Debug-watchos -F /Applications/Xcode-27.0.0-Release.Candidate.app/Contents/Developer/Platforms/WatchOS.platform/Developer/Library/Frameworks -F /Applications/Xcode-27.0.0-Release.Candidate.app/Contents/Developer/Platforms/WatchOS.platform/Developer/SDKs/WatchOS27.0.sdk/Developer/Library/Frameworks -c -j10 -enable-batch-mode -incremental -Xcc -ivfsstatcache -Xcc /Users/admin/builder/spi-builder-workspace/.derivedData/SDKStatCaches.noindex/watchos27.0-24R360-e829b21a6f8c9b70876ba0858053c04477534ef55a1706bf4c1112bbb242f0a2.sdkstatcache -output-file-map /Users/admin/builder/spi-builder-workspace/.derivedData/Build/Intermediates.noindex/SwiftKeychainWrapper.build/Debug-watchos/SwiftKeychainWrapper-t.build/Objects-normal/arm64_32/SwiftKeychainWrapper-OutputFileMap.json -save-temps -no-color-diagnostics -emit-dependencies -emit-module -emit-module-path /Users/admin/builder/spi-builder-workspace/.derivedData/Build/Intermediates.noindex/SwiftKeychainWrapper.build/Debug-watchos/SwiftKeychainWrapper-t.build/Objects-normal/arm64_32/SwiftKeychainWrapper.swiftmodule -serialize-diagnostics -validate-clang-modules-once -clang-build-session-file /Users/admin/builder/spi-builder-workspace/.derivedData/ModuleCache.noindex/Session.modulevalidation -Xcc -fmodules-prune-interval\=86400 -Xcc -fmodules-prune-after\=345600 -emit-const-values -const-gather-protocols-list /Users/admin/builder/spi-builder-workspace/.derivedData/Build/Intermediates.noindex/SwiftKeychainWrapper.build/Debug-watchos/SwiftKeychainWrapper-t.build/Objects-normal/arm64_32/SwiftKeychainWrapper_const_extract_protocols.json -Xcc -I/Users/admin/builder/spi-builder-workspace/.derivedData/Build/Products/Debug-watchos/include -Xcc -I/Users/admin/builder/spi-builder-workspace/.derivedData/Build/Intermediates.noindex/SwiftKeychainWrapper.build/Debug-watchos/SwiftKeychainWrapper-t.build/DerivedSources-normal/arm64_32 -Xcc -I/Users/admin/builder/spi-builder-workspace/.derivedData/Build/Intermediates.noindex/SwiftKeychainWrapper.build/Debug-watchos/SwiftKeychainWrapper-t.build/DerivedSources/arm64_32 -Xcc -I/Users/admin/builder/spi-builder-workspace/.derivedData/Build/Intermediates.noindex/SwiftKeychainWrapper.build/Debug-watchos/SwiftKeychainWrapper-t.build/DerivedSources -Xcc -DSWIFT_PACKAGE -Xcc -DDEBUG\=1 -emit-objc-header -emit-objc-header-path /Users/admin/builder/spi-builder-workspace/.derivedData/Build/Intermediates.noindex/SwiftKeychainWrapper.build/Debug-watchos/SwiftKeychainWrapper-t.build/Objects-normal/arm64_32/SwiftKeychainWrapper-Swift.h -working-directory /Users/admin/builder/spi-builder-workspace/.swiftpm/xcode -experimental-emit-module-separately -disable-cmo
SwiftDriver SwiftKeychainWrapper normal arm64 com.apple.xcode.tools.swift.compiler (in target 'SwiftKeychainWrapper' from project 'SwiftKeychainWrapper')
cd /Users/admin/builder/spi-builder-workspace/.swiftpm/xcode
builtin-SwiftDriver -- /Applications/Xcode-27.0.0-Release.Candidate.app/Contents/Developer/Toolchains/XcodeDefault.xctoolchain/usr/bin/swiftc -parse-as-library -module-name SwiftKeychainWrapper -Onone @/Users/admin/builder/spi-builder-workspace/.derivedData/Build/Intermediates.noindex/SwiftKeychainWrapper.build/Debug-watchos/SwiftKeychainWrapper-t.build/Objects-normal/arm64/SwiftKeychainWrapper.SwiftFileList -DSWIFT_PACKAGE -DDEBUG -DSWIFT_MODULE_RESOURCE_BUNDLE_UNAVAILABLE -DXcode -plugin-path /Applications/Xcode-27.0.0-Release.Candidate.app/Contents/Developer/Toolchains/XcodeDefault.xctoolchain/usr/lib/swift/host/plugins/testing -enable-experimental-feature DebugDescriptionMacro -sdk /Applications/Xcode-27.0.0-Release.Candidate.app/Contents/Developer/Platforms/WatchOS.platform/Developer/SDKs/WatchOS27.0.sdk -target arm64-apple-watchos9.0 -g -module-cache-path /Users/admin/builder/spi-builder-workspace/.derivedData/ModuleCache.noindex -Xfrontend -serialize-debugging-options -profile-coverage-mapping -profile-generate -enable-testing -suppress-warnings -index-store-path /Users/admin/builder/spi-builder-workspace/.derivedData/Index.noindex/DataStore -Xcc -D_LIBCPP_HARDENING_MODE\=_LIBCPP_HARDENING_MODE_DEBUG -swift-version 4 -I /Users/admin/builder/spi-builder-workspace/.derivedData/Build/Products/Debug-watchos -Isystem /Applications/Xcode-27.0.0-Release.Candidate.app/Contents/Developer/Platforms/WatchOS.platform/Developer/usr/lib -F /Users/admin/builder/spi-builder-workspace/.derivedData/Build/Products/Debug-watchos -F /Applications/Xcode-27.0.0-Release.Candidate.app/Contents/Developer/Platforms/WatchOS.platform/Developer/Library/Frameworks -F /Applications/Xcode-27.0.0-Release.Candidate.app/Contents/Developer/Platforms/WatchOS.platform/Developer/SDKs/WatchOS27.0.sdk/Developer/Library/Frameworks -c -j10 -enable-batch-mode -incremental -Xcc -ivfsstatcache -Xcc /Users/admin/builder/spi-builder-workspace/.derivedData/SDKStatCaches.noindex/watchos27.0-24R360-e829b21a6f8c9b70876ba0858053c04477534ef55a1706bf4c1112bbb242f0a2.sdkstatcache -output-file-map /Users/admin/builder/spi-builder-workspace/.derivedData/Build/Intermediates.noindex/SwiftKeychainWrapper.build/Debug-watchos/SwiftKeychainWrapper-t.build/Objects-normal/arm64/SwiftKeychainWrapper-OutputFileMap.json -save-temps -no-color-diagnostics -emit-dependencies -emit-module -emit-module-path /Users/admin/builder/spi-builder-workspace/.derivedData/Build/Intermediates.noindex/SwiftKeychainWrapper.build/Debug-watchos/SwiftKeychainWrapper-t.build/Objects-normal/arm64/SwiftKeychainWrapper.swiftmodule -serialize-diagnostics -validate-clang-modules-once -clang-build-session-file /Users/admin/builder/spi-builder-workspace/.derivedData/ModuleCache.noindex/Session.modulevalidation -Xcc -fmodules-prune-interval\=86400 -Xcc -fmodules-prune-after\=345600 -emit-const-values -const-gather-protocols-list /Users/admin/builder/spi-builder-workspace/.derivedData/Build/Intermediates.noindex/SwiftKeychainWrapper.build/Debug-watchos/SwiftKeychainWrapper-t.build/Objects-normal/arm64/SwiftKeychainWrapper_const_extract_protocols.json -Xcc -I/Users/admin/builder/spi-builder-workspace/.derivedData/Build/Products/Debug-watchos/include -Xcc -I/Users/admin/builder/spi-builder-workspace/.derivedData/Build/Intermediates.noindex/SwiftKeychainWrapper.build/Debug-watchos/SwiftKeychainWrapper-t.build/DerivedSources-normal/arm64 -Xcc -I/Users/admin/builder/spi-builder-workspace/.derivedData/Build/Intermediates.noindex/SwiftKeychainWrapper.build/Debug-watchos/SwiftKeychainWrapper-t.build/DerivedSources/arm64 -Xcc -I/Users/admin/builder/spi-builder-workspace/.derivedData/Build/Intermediates.noindex/SwiftKeychainWrapper.build/Debug-watchos/SwiftKeychainWrapper-t.build/DerivedSources -Xcc -DSWIFT_PACKAGE -Xcc -DDEBUG\=1 -emit-objc-header -emit-objc-header-path /Users/admin/builder/spi-builder-workspace/.derivedData/Build/Intermediates.noindex/SwiftKeychainWrapper.build/Debug-watchos/SwiftKeychainWrapper-t.build/Objects-normal/arm64/SwiftKeychainWrapper-Swift.h -working-directory /Users/admin/builder/spi-builder-workspace/.swiftpm/xcode -experimental-emit-module-separately -disable-cmo
SwiftEmitModule normal arm64_32 Emitting\ module\ for\ SwiftKeychainWrapper (in target 'SwiftKeychainWrapper' from project 'SwiftKeychainWrapper')
SwiftCompile normal arm64_32 (in target 'SwiftKeychainWrapper' from project 'SwiftKeychainWrapper')
cd /Users/admin/builder/spi-builder-workspace/.swiftpm/xcode
SwiftCompile normal arm64_32 Compiling\ KeychainItemAccessibility.swift /Users/admin/builder/spi-builder-workspace/.dependencies/checkouts/SwiftKeychainWrapper/SwiftKeychainWrapper/KeychainItemAccessibility.swift (in target 'SwiftKeychainWrapper' from project 'SwiftKeychainWrapper')
SwiftCompile normal arm64_32 /Users/admin/builder/spi-builder-workspace/.dependencies/checkouts/SwiftKeychainWrapper/SwiftKeychainWrapper/KeychainItemAccessibility.swift (in target 'SwiftKeychainWrapper' from project 'SwiftKeychainWrapper')
cd /Users/admin/builder/spi-builder-workspace/.swiftpm/xcode
builtin-SwiftPerFileCompile KeychainItemAccessibility.swift
SwiftCompile normal arm64_32 Compiling\ KeychainWrapperSubscript.swift /Users/admin/builder/spi-builder-workspace/.dependencies/checkouts/SwiftKeychainWrapper/SwiftKeychainWrapper/KeychainWrapperSubscript.swift (in target 'SwiftKeychainWrapper' from project 'SwiftKeychainWrapper')
SwiftCompile normal arm64_32 /Users/admin/builder/spi-builder-workspace/.dependencies/checkouts/SwiftKeychainWrapper/SwiftKeychainWrapper/KeychainWrapperSubscript.swift (in target 'SwiftKeychainWrapper' from project 'SwiftKeychainWrapper')
cd /Users/admin/builder/spi-builder-workspace/.swiftpm/xcode
builtin-SwiftPerFileCompile KeychainWrapperSubscript.swift
SwiftCompile normal arm64_32 Compiling\ KeychainWrapper.swift /Users/admin/builder/spi-builder-workspace/.dependencies/checkouts/SwiftKeychainWrapper/SwiftKeychainWrapper/KeychainWrapper.swift (in target 'SwiftKeychainWrapper' from project 'SwiftKeychainWrapper')
SwiftCompile normal arm64_32 /Users/admin/builder/spi-builder-workspace/.dependencies/checkouts/SwiftKeychainWrapper/SwiftKeychainWrapper/KeychainWrapper.swift (in target 'SwiftKeychainWrapper' from project 'SwiftKeychainWrapper')
cd /Users/admin/builder/spi-builder-workspace/.swiftpm/xcode
builtin-SwiftPerFileCompile KeychainWrapper.swift
SwiftCompile normal arm64 Compiling\ KeychainWrapper.swift /Users/admin/builder/spi-builder-workspace/.dependencies/checkouts/SwiftKeychainWrapper/SwiftKeychainWrapper/KeychainWrapper.swift (in target 'SwiftKeychainWrapper' from project 'SwiftKeychainWrapper')
SwiftCompile normal arm64 /Users/admin/builder/spi-builder-workspace/.dependencies/checkouts/SwiftKeychainWrapper/SwiftKeychainWrapper/KeychainWrapper.swift (in target 'SwiftKeychainWrapper' from project 'SwiftKeychainWrapper')
cd /Users/admin/builder/spi-builder-workspace/.swiftpm/xcode
builtin-SwiftPerFileCompile KeychainWrapper.swift
SwiftCompile normal arm64 Compiling\ KeychainItemAccessibility.swift /Users/admin/builder/spi-builder-workspace/.dependencies/checkouts/SwiftKeychainWrapper/SwiftKeychainWrapper/KeychainItemAccessibility.swift (in target 'SwiftKeychainWrapper' from project 'SwiftKeychainWrapper')
SwiftCompile normal arm64 /Users/admin/builder/spi-builder-workspace/.dependencies/checkouts/SwiftKeychainWrapper/SwiftKeychainWrapper/KeychainItemAccessibility.swift (in target 'SwiftKeychainWrapper' from project 'SwiftKeychainWrapper')
cd /Users/admin/builder/spi-builder-workspace/.swiftpm/xcode
builtin-SwiftPerFileCompile KeychainItemAccessibility.swift
SwiftEmitModule normal arm64 Emitting\ module\ for\ SwiftKeychainWrapper (in target 'SwiftKeychainWrapper' from project 'SwiftKeychainWrapper')
SwiftCompile normal arm64 (in target 'SwiftKeychainWrapper' from project 'SwiftKeychainWrapper')
cd /Users/admin/builder/spi-builder-workspace/.swiftpm/xcode
SwiftCompile normal arm64 Compiling\ KeychainWrapperSubscript.swift /Users/admin/builder/spi-builder-workspace/.dependencies/checkouts/SwiftKeychainWrapper/SwiftKeychainWrapper/KeychainWrapperSubscript.swift (in target 'SwiftKeychainWrapper' from project 'SwiftKeychainWrapper')
SwiftCompile normal arm64 /Users/admin/builder/spi-builder-workspace/.dependencies/checkouts/SwiftKeychainWrapper/SwiftKeychainWrapper/KeychainWrapperSubscript.swift (in target 'SwiftKeychainWrapper' from project 'SwiftKeychainWrapper')
cd /Users/admin/builder/spi-builder-workspace/.swiftpm/xcode
builtin-SwiftPerFileCompile KeychainWrapperSubscript.swift
SwiftDriverJobDiscovery normal arm64_32 Emitting module for SwiftKeychainWrapper (in target 'SwiftKeychainWrapper' from project 'SwiftKeychainWrapper')
SwiftDriver\ Compilation\ Requirements SwiftKeychainWrapper normal arm64_32 com.apple.xcode.tools.swift.compiler (in target 'SwiftKeychainWrapper' from project 'SwiftKeychainWrapper')
cd /Users/admin/builder/spi-builder-workspace/.swiftpm/xcode
builtin-Swift-Compilation-Requirements -- /Applications/Xcode-27.0.0-Release.Candidate.app/Contents/Developer/Toolchains/XcodeDefault.xctoolchain/usr/bin/swiftc -parse-as-library -module-name SwiftKeychainWrapper -Onone @/Users/admin/builder/spi-builder-workspace/.derivedData/Build/Intermediates.noindex/SwiftKeychainWrapper.build/Debug-watchos/SwiftKeychainWrapper-t.build/Objects-normal/arm64_32/SwiftKeychainWrapper.SwiftFileList -DSWIFT_PACKAGE -DDEBUG -DSWIFT_MODULE_RESOURCE_BUNDLE_UNAVAILABLE -DXcode -plugin-path /Applications/Xcode-27.0.0-Release.Candidate.app/Contents/Developer/Toolchains/XcodeDefault.xctoolchain/usr/lib/swift/host/plugins/testing -enable-experimental-feature DebugDescriptionMacro -sdk /Applications/Xcode-27.0.0-Release.Candidate.app/Contents/Developer/Platforms/WatchOS.platform/Developer/SDKs/WatchOS27.0.sdk -target arm64_32-apple-watchos9.0 -g -module-cache-path /Users/admin/builder/spi-builder-workspace/.derivedData/ModuleCache.noindex -Xfrontend -serialize-debugging-options -profile-coverage-mapping -profile-generate -enable-testing -suppress-warnings -index-store-path /Users/admin/builder/spi-builder-workspace/.derivedData/Index.noindex/DataStore -Xcc -D_LIBCPP_HARDENING_MODE\=_LIBCPP_HARDENING_MODE_DEBUG -swift-version 4 -I /Users/admin/builder/spi-builder-workspace/.derivedData/Build/Products/Debug-watchos -Isystem /Applications/Xcode-27.0.0-Release.Candidate.app/Contents/Developer/Platforms/WatchOS.platform/Developer/usr/lib -F /Users/admin/builder/spi-builder-workspace/.derivedData/Build/Products/Debug-watchos -F /Applications/Xcode-27.0.0-Release.Candidate.app/Contents/Developer/Platforms/WatchOS.platform/Developer/Library/Frameworks -F /Applications/Xcode-27.0.0-Release.Candidate.app/Contents/Developer/Platforms/WatchOS.platform/Developer/SDKs/WatchOS27.0.sdk/Developer/Library/Frameworks -c -j10 -enable-batch-mode -incremental -Xcc -ivfsstatcache -Xcc /Users/admin/builder/spi-builder-workspace/.derivedData/SDKStatCaches.noindex/watchos27.0-24R360-e829b21a6f8c9b70876ba0858053c04477534ef55a1706bf4c1112bbb242f0a2.sdkstatcache -output-file-map /Users/admin/builder/spi-builder-workspace/.derivedData/Build/Intermediates.noindex/SwiftKeychainWrapper.build/Debug-watchos/SwiftKeychainWrapper-t.build/Objects-normal/arm64_32/SwiftKeychainWrapper-OutputFileMap.json -save-temps -no-color-diagnostics -emit-dependencies -emit-module -emit-module-path /Users/admin/builder/spi-builder-workspace/.derivedData/Build/Intermediates.noindex/SwiftKeychainWrapper.build/Debug-watchos/SwiftKeychainWrapper-t.build/Objects-normal/arm64_32/SwiftKeychainWrapper.swiftmodule -serialize-diagnostics -validate-clang-modules-once -clang-build-session-file /Users/admin/builder/spi-builder-workspace/.derivedData/ModuleCache.noindex/Session.modulevalidation -Xcc -fmodules-prune-interval\=86400 -Xcc -fmodules-prune-after\=345600 -emit-const-values -const-gather-protocols-list /Users/admin/builder/spi-builder-workspace/.derivedData/Build/Intermediates.noindex/SwiftKeychainWrapper.build/Debug-watchos/SwiftKeychainWrapper-t.build/Objects-normal/arm64_32/SwiftKeychainWrapper_const_extract_protocols.json -Xcc -I/Users/admin/builder/spi-builder-workspace/.derivedData/Build/Products/Debug-watchos/include -Xcc -I/Users/admin/builder/spi-builder-workspace/.derivedData/Build/Intermediates.noindex/SwiftKeychainWrapper.build/Debug-watchos/SwiftKeychainWrapper-t.build/DerivedSources-normal/arm64_32 -Xcc -I/Users/admin/builder/spi-builder-workspace/.derivedData/Build/Intermediates.noindex/SwiftKeychainWrapper.build/Debug-watchos/SwiftKeychainWrapper-t.build/DerivedSources/arm64_32 -Xcc -I/Users/admin/builder/spi-builder-workspace/.derivedData/Build/Intermediates.noindex/SwiftKeychainWrapper.build/Debug-watchos/SwiftKeychainWrapper-t.build/DerivedSources -Xcc -DSWIFT_PACKAGE -Xcc -DDEBUG\=1 -emit-objc-header -emit-objc-header-path /Users/admin/builder/spi-builder-workspace/.derivedData/Build/Intermediates.noindex/SwiftKeychainWrapper.build/Debug-watchos/SwiftKeychainWrapper-t.build/Objects-normal/arm64_32/SwiftKeychainWrapper-Swift.h -working-directory /Users/admin/builder/spi-builder-workspace/.swiftpm/xcode -experimental-emit-module-separately -disable-cmo
Copy /Users/admin/builder/spi-builder-workspace/.derivedData/Build/Products/Debug-watchos/SwiftKeychainWrapper.swiftmodule/arm64_32-apple-watchos.swiftmodule /Users/admin/builder/spi-builder-workspace/.derivedData/Build/Intermediates.noindex/SwiftKeychainWrapper.build/Debug-watchos/SwiftKeychainWrapper-t.build/Objects-normal/arm64_32/SwiftKeychainWrapper.swiftmodule (in target 'SwiftKeychainWrapper' from project 'SwiftKeychainWrapper')
cd /Users/admin/builder/spi-builder-workspace/.dependencies/checkouts/SwiftKeychainWrapper
builtin-copy -exclude .DS_Store -exclude CVS -exclude .svn -exclude .git -exclude .hg -resolve-src-symlinks -rename /Users/admin/builder/spi-builder-workspace/.derivedData/Build/Intermediates.noindex/SwiftKeychainWrapper.build/Debug-watchos/SwiftKeychainWrapper-t.build/Objects-normal/arm64_32/SwiftKeychainWrapper.swiftmodule /Users/admin/builder/spi-builder-workspace/.derivedData/Build/Products/Debug-watchos/SwiftKeychainWrapper.swiftmodule/arm64_32-apple-watchos.swiftmodule
Copy /Users/admin/builder/spi-builder-workspace/.derivedData/Build/Products/Debug-watchos/SwiftKeychainWrapper.swiftmodule/arm64_32-apple-watchos.abi.json /Users/admin/builder/spi-builder-workspace/.derivedData/Build/Intermediates.noindex/SwiftKeychainWrapper.build/Debug-watchos/SwiftKeychainWrapper-t.build/Objects-normal/arm64_32/SwiftKeychainWrapper.abi.json (in target 'SwiftKeychainWrapper' from project 'SwiftKeychainWrapper')
cd /Users/admin/builder/spi-builder-workspace/.dependencies/checkouts/SwiftKeychainWrapper
builtin-copy -exclude .DS_Store -exclude CVS -exclude .svn -exclude .git -exclude .hg -resolve-src-symlinks -rename /Users/admin/builder/spi-builder-workspace/.derivedData/Build/Intermediates.noindex/SwiftKeychainWrapper.build/Debug-watchos/SwiftKeychainWrapper-t.build/Objects-normal/arm64_32/SwiftKeychainWrapper.abi.json /Users/admin/builder/spi-builder-workspace/.derivedData/Build/Products/Debug-watchos/SwiftKeychainWrapper.swiftmodule/arm64_32-apple-watchos.abi.json
Copy /Users/admin/builder/spi-builder-workspace/.derivedData/Build/Products/Debug-watchos/SwiftKeychainWrapper.swiftmodule/arm64_32-apple-watchos.swiftdoc /Users/admin/builder/spi-builder-workspace/.derivedData/Build/Intermediates.noindex/SwiftKeychainWrapper.build/Debug-watchos/SwiftKeychainWrapper-t.build/Objects-normal/arm64_32/SwiftKeychainWrapper.swiftdoc (in target 'SwiftKeychainWrapper' from project 'SwiftKeychainWrapper')
cd /Users/admin/builder/spi-builder-workspace/.dependencies/checkouts/SwiftKeychainWrapper
builtin-copy -exclude .DS_Store -exclude CVS -exclude .svn -exclude .git -exclude .hg -resolve-src-symlinks -rename /Users/admin/builder/spi-builder-workspace/.derivedData/Build/Intermediates.noindex/SwiftKeychainWrapper.build/Debug-watchos/SwiftKeychainWrapper-t.build/Objects-normal/arm64_32/SwiftKeychainWrapper.swiftdoc /Users/admin/builder/spi-builder-workspace/.derivedData/Build/Products/Debug-watchos/SwiftKeychainWrapper.swiftmodule/arm64_32-apple-watchos.swiftdoc
Copy /Users/admin/builder/spi-builder-workspace/.derivedData/Build/Products/Debug-watchos/SwiftKeychainWrapper.swiftmodule/Project/arm64_32-apple-watchos.swiftsourceinfo /Users/admin/builder/spi-builder-workspace/.derivedData/Build/Intermediates.noindex/SwiftKeychainWrapper.build/Debug-watchos/SwiftKeychainWrapper-t.build/Objects-normal/arm64_32/SwiftKeychainWrapper.swiftsourceinfo (in target 'SwiftKeychainWrapper' from project 'SwiftKeychainWrapper')
cd /Users/admin/builder/spi-builder-workspace/.dependencies/checkouts/SwiftKeychainWrapper
builtin-copy -exclude .DS_Store -exclude CVS -exclude .svn -exclude .git -exclude .hg -resolve-src-symlinks -rename /Users/admin/builder/spi-builder-workspace/.derivedData/Build/Intermediates.noindex/SwiftKeychainWrapper.build/Debug-watchos/SwiftKeychainWrapper-t.build/Objects-normal/arm64_32/SwiftKeychainWrapper.swiftsourceinfo /Users/admin/builder/spi-builder-workspace/.derivedData/Build/Products/Debug-watchos/SwiftKeychainWrapper.swiftmodule/Project/arm64_32-apple-watchos.swiftsourceinfo
SwiftDriverJobDiscovery normal arm64 Emitting module for SwiftKeychainWrapper (in target 'SwiftKeychainWrapper' from project 'SwiftKeychainWrapper')
SwiftDriver\ Compilation\ Requirements SwiftKeychainWrapper normal arm64 com.apple.xcode.tools.swift.compiler (in target 'SwiftKeychainWrapper' from project 'SwiftKeychainWrapper')
cd /Users/admin/builder/spi-builder-workspace/.swiftpm/xcode
builtin-Swift-Compilation-Requirements -- /Applications/Xcode-27.0.0-Release.Candidate.app/Contents/Developer/Toolchains/XcodeDefault.xctoolchain/usr/bin/swiftc -parse-as-library -module-name SwiftKeychainWrapper -Onone @/Users/admin/builder/spi-builder-workspace/.derivedData/Build/Intermediates.noindex/SwiftKeychainWrapper.build/Debug-watchos/SwiftKeychainWrapper-t.build/Objects-normal/arm64/SwiftKeychainWrapper.SwiftFileList -DSWIFT_PACKAGE -DDEBUG -DSWIFT_MODULE_RESOURCE_BUNDLE_UNAVAILABLE -DXcode -plugin-path /Applications/Xcode-27.0.0-Release.Candidate.app/Contents/Developer/Toolchains/XcodeDefault.xctoolchain/usr/lib/swift/host/plugins/testing -enable-experimental-feature DebugDescriptionMacro -sdk /Applications/Xcode-27.0.0-Release.Candidate.app/Contents/Developer/Platforms/WatchOS.platform/Developer/SDKs/WatchOS27.0.sdk -target arm64-apple-watchos9.0 -g -module-cache-path /Users/admin/builder/spi-builder-workspace/.derivedData/ModuleCache.noindex -Xfrontend -serialize-debugging-options -profile-coverage-mapping -profile-generate -enable-testing -suppress-warnings -index-store-path /Users/admin/builder/spi-builder-workspace/.derivedData/Index.noindex/DataStore -Xcc -D_LIBCPP_HARDENING_MODE\=_LIBCPP_HARDENING_MODE_DEBUG -swift-version 4 -I /Users/admin/builder/spi-builder-workspace/.derivedData/Build/Products/Debug-watchos -Isystem /Applications/Xcode-27.0.0-Release.Candidate.app/Contents/Developer/Platforms/WatchOS.platform/Developer/usr/lib -F /Users/admin/builder/spi-builder-workspace/.derivedData/Build/Products/Debug-watchos -F /Applications/Xcode-27.0.0-Release.Candidate.app/Contents/Developer/Platforms/WatchOS.platform/Developer/Library/Frameworks -F /Applications/Xcode-27.0.0-Release.Candidate.app/Contents/Developer/Platforms/WatchOS.platform/Developer/SDKs/WatchOS27.0.sdk/Developer/Library/Frameworks -c -j10 -enable-batch-mode -incremental -Xcc -ivfsstatcache -Xcc /Users/admin/builder/spi-builder-workspace/.derivedData/SDKStatCaches.noindex/watchos27.0-24R360-e829b21a6f8c9b70876ba0858053c04477534ef55a1706bf4c1112bbb242f0a2.sdkstatcache -output-file-map /Users/admin/builder/spi-builder-workspace/.derivedData/Build/Intermediates.noindex/SwiftKeychainWrapper.build/Debug-watchos/SwiftKeychainWrapper-t.build/Objects-normal/arm64/SwiftKeychainWrapper-OutputFileMap.json -save-temps -no-color-diagnostics -emit-dependencies -emit-module -emit-module-path /Users/admin/builder/spi-builder-workspace/.derivedData/Build/Intermediates.noindex/SwiftKeychainWrapper.build/Debug-watchos/SwiftKeychainWrapper-t.build/Objects-normal/arm64/SwiftKeychainWrapper.swiftmodule -serialize-diagnostics -validate-clang-modules-once -clang-build-session-file /Users/admin/builder/spi-builder-workspace/.derivedData/ModuleCache.noindex/Session.modulevalidation -Xcc -fmodules-prune-interval\=86400 -Xcc -fmodules-prune-after\=345600 -emit-const-values -const-gather-protocols-list /Users/admin/builder/spi-builder-workspace/.derivedData/Build/Intermediates.noindex/SwiftKeychainWrapper.build/Debug-watchos/SwiftKeychainWrapper-t.build/Objects-normal/arm64/SwiftKeychainWrapper_const_extract_protocols.json -Xcc -I/Users/admin/builder/spi-builder-workspace/.derivedData/Build/Products/Debug-watchos/include -Xcc -I/Users/admin/builder/spi-builder-workspace/.derivedData/Build/Intermediates.noindex/SwiftKeychainWrapper.build/Debug-watchos/SwiftKeychainWrapper-t.build/DerivedSources-normal/arm64 -Xcc -I/Users/admin/builder/spi-builder-workspace/.derivedData/Build/Intermediates.noindex/SwiftKeychainWrapper.build/Debug-watchos/SwiftKeychainWrapper-t.build/DerivedSources/arm64 -Xcc -I/Users/admin/builder/spi-builder-workspace/.derivedData/Build/Intermediates.noindex/SwiftKeychainWrapper.build/Debug-watchos/SwiftKeychainWrapper-t.build/DerivedSources -Xcc -DSWIFT_PACKAGE -Xcc -DDEBUG\=1 -emit-objc-header -emit-objc-header-path /Users/admin/builder/spi-builder-workspace/.derivedData/Build/Intermediates.noindex/SwiftKeychainWrapper.build/Debug-watchos/SwiftKeychainWrapper-t.build/Objects-normal/arm64/SwiftKeychainWrapper-Swift.h -working-directory /Users/admin/builder/spi-builder-workspace/.swiftpm/xcode -experimental-emit-module-separately -disable-cmo
SwiftMergeGeneratedHeaders /Users/admin/builder/spi-builder-workspace/.derivedData/Build/Intermediates.noindex/GeneratedModuleMaps-watchos/SwiftKeychainWrapper-Swift.h /Users/admin/builder/spi-builder-workspace/.derivedData/Build/Intermediates.noindex/SwiftKeychainWrapper.build/Debug-watchos/SwiftKeychainWrapper-t.build/Objects-normal/arm64/SwiftKeychainWrapper-Swift.h /Users/admin/builder/spi-builder-workspace/.derivedData/Build/Intermediates.noindex/SwiftKeychainWrapper.build/Debug-watchos/SwiftKeychainWrapper-t.build/Objects-normal/arm64_32/SwiftKeychainWrapper-Swift.h (in target 'SwiftKeychainWrapper' from project 'SwiftKeychainWrapper')
cd /Users/admin/builder/spi-builder-workspace/.dependencies/checkouts/SwiftKeychainWrapper
builtin-swiftHeaderTool -arch arm64 /Users/admin/builder/spi-builder-workspace/.derivedData/Build/Intermediates.noindex/SwiftKeychainWrapper.build/Debug-watchos/SwiftKeychainWrapper-t.build/Objects-normal/arm64/SwiftKeychainWrapper-Swift.h -arch arm64_32 /Users/admin/builder/spi-builder-workspace/.derivedData/Build/Intermediates.noindex/SwiftKeychainWrapper.build/Debug-watchos/SwiftKeychainWrapper-t.build/Objects-normal/arm64_32/SwiftKeychainWrapper-Swift.h -o /Users/admin/builder/spi-builder-workspace/.derivedData/Build/Intermediates.noindex/GeneratedModuleMaps-watchos/SwiftKeychainWrapper-Swift.h
Copy /Users/admin/builder/spi-builder-workspace/.derivedData/Build/Products/Debug-watchos/SwiftKeychainWrapper.swiftmodule/arm64-apple-watchos.swiftmodule /Users/admin/builder/spi-builder-workspace/.derivedData/Build/Intermediates.noindex/SwiftKeychainWrapper.build/Debug-watchos/SwiftKeychainWrapper-t.build/Objects-normal/arm64/SwiftKeychainWrapper.swiftmodule (in target 'SwiftKeychainWrapper' from project 'SwiftKeychainWrapper')
cd /Users/admin/builder/spi-builder-workspace/.dependencies/checkouts/SwiftKeychainWrapper
builtin-copy -exclude .DS_Store -exclude CVS -exclude .svn -exclude .git -exclude .hg -resolve-src-symlinks -rename /Users/admin/builder/spi-builder-workspace/.derivedData/Build/Intermediates.noindex/SwiftKeychainWrapper.build/Debug-watchos/SwiftKeychainWrapper-t.build/Objects-normal/arm64/SwiftKeychainWrapper.swiftmodule /Users/admin/builder/spi-builder-workspace/.derivedData/Build/Products/Debug-watchos/SwiftKeychainWrapper.swiftmodule/arm64-apple-watchos.swiftmodule
Copy /Users/admin/builder/spi-builder-workspace/.derivedData/Build/Products/Debug-watchos/SwiftKeychainWrapper.swiftmodule/arm64-apple-watchos.abi.json /Users/admin/builder/spi-builder-workspace/.derivedData/Build/Intermediates.noindex/SwiftKeychainWrapper.build/Debug-watchos/SwiftKeychainWrapper-t.build/Objects-normal/arm64/SwiftKeychainWrapper.abi.json (in target 'SwiftKeychainWrapper' from project 'SwiftKeychainWrapper')
cd /Users/admin/builder/spi-builder-workspace/.dependencies/checkouts/SwiftKeychainWrapper
builtin-copy -exclude .DS_Store -exclude CVS -exclude .svn -exclude .git -exclude .hg -resolve-src-symlinks -rename /Users/admin/builder/spi-builder-workspace/.derivedData/Build/Intermediates.noindex/SwiftKeychainWrapper.build/Debug-watchos/SwiftKeychainWrapper-t.build/Objects-normal/arm64/SwiftKeychainWrapper.abi.json /Users/admin/builder/spi-builder-workspace/.derivedData/Build/Products/Debug-watchos/SwiftKeychainWrapper.swiftmodule/arm64-apple-watchos.abi.json
Copy /Users/admin/builder/spi-builder-workspace/.derivedData/Build/Products/Debug-watchos/SwiftKeychainWrapper.swiftmodule/arm64-apple-watchos.swiftdoc /Users/admin/builder/spi-builder-workspace/.derivedData/Build/Intermediates.noindex/SwiftKeychainWrapper.build/Debug-watchos/SwiftKeychainWrapper-t.build/Objects-normal/arm64/SwiftKeychainWrapper.swiftdoc (in target 'SwiftKeychainWrapper' from project 'SwiftKeychainWrapper')
cd /Users/admin/builder/spi-builder-workspace/.dependencies/checkouts/SwiftKeychainWrapper
builtin-copy -exclude .DS_Store -exclude CVS -exclude .svn -exclude .git -exclude .hg -resolve-src-symlinks -rename /Users/admin/builder/spi-builder-workspace/.derivedData/Build/Intermediates.noindex/SwiftKeychainWrapper.build/Debug-watchos/SwiftKeychainWrapper-t.build/Objects-normal/arm64/SwiftKeychainWrapper.swiftdoc /Users/admin/builder/spi-builder-workspace/.derivedData/Build/Products/Debug-watchos/SwiftKeychainWrapper.swiftmodule/arm64-apple-watchos.swiftdoc
Copy /Users/admin/builder/spi-builder-workspace/.derivedData/Build/Products/Debug-watchos/SwiftKeychainWrapper.swiftmodule/Project/arm64-apple-watchos.swiftsourceinfo /Users/admin/builder/spi-builder-workspace/.derivedData/Build/Intermediates.noindex/SwiftKeychainWrapper.build/Debug-watchos/SwiftKeychainWrapper-t.build/Objects-normal/arm64/SwiftKeychainWrapper.swiftsourceinfo (in target 'SwiftKeychainWrapper' from project 'SwiftKeychainWrapper')
cd /Users/admin/builder/spi-builder-workspace/.dependencies/checkouts/SwiftKeychainWrapper
builtin-copy -exclude .DS_Store -exclude CVS -exclude .svn -exclude .git -exclude .hg -resolve-src-symlinks -rename /Users/admin/builder/spi-builder-workspace/.derivedData/Build/Intermediates.noindex/SwiftKeychainWrapper.build/Debug-watchos/SwiftKeychainWrapper-t.build/Objects-normal/arm64/SwiftKeychainWrapper.swiftsourceinfo /Users/admin/builder/spi-builder-workspace/.derivedData/Build/Products/Debug-watchos/SwiftKeychainWrapper.swiftmodule/Project/arm64-apple-watchos.swiftsourceinfo
SwiftDriver SimpleSalesforceSDK normal arm64_32 com.apple.xcode.tools.swift.compiler (in target 'SimpleSalesforceSDK' from project 'SimpleSalesforceSDK')
cd /Users/admin/builder/spi-builder-workspace/.swiftpm/xcode
builtin-SwiftDriver -- /Applications/Xcode-27.0.0-Release.Candidate.app/Contents/Developer/Toolchains/XcodeDefault.xctoolchain/usr/bin/swiftc -parse-as-library -module-name SimpleSalesforceSDK -Onone @/Users/admin/builder/spi-builder-workspace/.derivedData/Build/Intermediates.noindex/SimpleSalesforceSDK.build/Debug-watchos/SimpleSalesforceSDK-t.build/Objects-normal/arm64_32/SimpleSalesforceSDK.SwiftFileList -DSWIFT_PACKAGE -DDEBUG -DSWIFT_MODULE_RESOURCE_BUNDLE_UNAVAILABLE -DXcode -plugin-path /Applications/Xcode-27.0.0-Release.Candidate.app/Contents/Developer/Toolchains/XcodeDefault.xctoolchain/usr/lib/swift/host/plugins/testing -enable-experimental-feature DebugDescriptionMacro -sdk /Applications/Xcode-27.0.0-Release.Candidate.app/Contents/Developer/Platforms/WatchOS.platform/Developer/SDKs/WatchOS27.0.sdk -target arm64_32-apple-watchos9.0 -g -module-cache-path /Users/admin/builder/spi-builder-workspace/.derivedData/ModuleCache.noindex -Xfrontend -serialize-debugging-options -profile-coverage-mapping -profile-generate -enable-testing -index-store-path /Users/admin/builder/spi-builder-workspace/.derivedData/Index.noindex/DataStore -Xcc -D_LIBCPP_HARDENING_MODE\=_LIBCPP_HARDENING_MODE_DEBUG -swift-version 5 -I /Users/admin/builder/spi-builder-workspace/.derivedData/Build/Products/Debug-watchos -Isystem /Applications/Xcode-27.0.0-Release.Candidate.app/Contents/Developer/Platforms/WatchOS.platform/Developer/usr/lib -F /Users/admin/builder/spi-builder-workspace/.derivedData/Build/Products/Debug-watchos/PackageFrameworks -F /Users/admin/builder/spi-builder-workspace/.derivedData/Build/Products/Debug-watchos -F /Applications/Xcode-27.0.0-Release.Candidate.app/Contents/Developer/Platforms/WatchOS.platform/Developer/Library/Frameworks -F /Applications/Xcode-27.0.0-Release.Candidate.app/Contents/Developer/Platforms/WatchOS.platform/Developer/SDKs/WatchOS27.0.sdk/Developer/Library/Frameworks -c -j10 -enable-batch-mode -incremental -Xcc -ivfsstatcache -Xcc /Users/admin/builder/spi-builder-workspace/.derivedData/SDKStatCaches.noindex/watchos27.0-24R360-e829b21a6f8c9b70876ba0858053c04477534ef55a1706bf4c1112bbb242f0a2.sdkstatcache -output-file-map /Users/admin/builder/spi-builder-workspace/.derivedData/Build/Intermediates.noindex/SimpleSalesforceSDK.build/Debug-watchos/SimpleSalesforceSDK-t.build/Objects-normal/arm64_32/SimpleSalesforceSDK-OutputFileMap.json -save-temps -no-color-diagnostics -explicit-module-build -module-cache-path /Users/admin/builder/spi-builder-workspace/.derivedData/Build/Intermediates.noindex/SwiftExplicitPrecompiledModules -clang-scanner-module-cache-path /Users/admin/builder/spi-builder-workspace/.derivedData/ModuleCache.noindex -sdk-module-cache-path /Users/admin/builder/spi-builder-workspace/.derivedData/SDKExplicitPrecompiledModules -emit-dependencies -emit-module -emit-module-path /Users/admin/builder/spi-builder-workspace/.derivedData/Build/Intermediates.noindex/SimpleSalesforceSDK.build/Debug-watchos/SimpleSalesforceSDK-t.build/Objects-normal/arm64_32/SimpleSalesforceSDK.swiftmodule -serialize-diagnostics -dependency-scan-serialize-diagnostics-path /Users/admin/builder/spi-builder-workspace/.derivedData/Build/Intermediates.noindex/SimpleSalesforceSDK.build/Debug-watchos/SimpleSalesforceSDK-t.build/Objects-normal/arm64_32/SimpleSalesforceSDK-dependency-scan.dia -validate-clang-modules-once -clang-build-session-file /Users/admin/builder/spi-builder-workspace/.derivedData/ModuleCache.noindex/Session.modulevalidation -Xcc -fmodules-prune-interval\=86400 -Xcc -fmodules-prune-after\=345600 -emit-const-values -const-gather-protocols-list /Users/admin/builder/spi-builder-workspace/.derivedData/Build/Intermediates.noindex/SimpleSalesforceSDK.build/Debug-watchos/SimpleSalesforceSDK-t.build/Objects-normal/arm64_32/SimpleSalesforceSDK_const_extract_protocols.json -Xcc -I/Users/admin/builder/spi-builder-workspace/.derivedData/Build/Products/Debug-watchos/include -Xcc -I/Users/admin/builder/spi-builder-workspace/.derivedData/Build/Intermediates.noindex/SimpleSalesforceSDK.build/Debug-watchos/SimpleSalesforceSDK-t.build/DerivedSources-normal/arm64_32 -Xcc -I/Users/admin/builder/spi-builder-workspace/.derivedData/Build/Intermediates.noindex/SimpleSalesforceSDK.build/Debug-watchos/SimpleSalesforceSDK-t.build/DerivedSources/arm64_32 -Xcc -I/Users/admin/builder/spi-builder-workspace/.derivedData/Build/Intermediates.noindex/SimpleSalesforceSDK.build/Debug-watchos/SimpleSalesforceSDK-t.build/DerivedSources -Xcc -DSWIFT_PACKAGE -Xcc -DDEBUG\=1 -emit-objc-header -emit-objc-header-path /Users/admin/builder/spi-builder-workspace/.derivedData/Build/Intermediates.noindex/SimpleSalesforceSDK.build/Debug-watchos/SimpleSalesforceSDK-t.build/Objects-normal/arm64_32/SimpleSalesforceSDK-Swift.h -working-directory /Users/admin/builder/spi-builder-workspace/.swiftpm/xcode -experimental-emit-module-separately -disable-cmo
/Users/admin/builder/spi-builder-workspace/Sources/SimpleSalesforceSDK/Views/SafariView.swift:3:8: error: Unable to resolve module dependency: 'SafariServices' (in target 'SimpleSalesforceSDK' from project 'SimpleSalesforceSDK')
note: A dependency of main module 'SimpleSalesforceSDK'
/Users/admin/builder/spi-builder-workspace/Sources/SimpleSalesforceSDK/Views/SafariView.swift:3:8: note: A dependency of main module 'SimpleSalesforceSDK'
import SafariServices
^ (in target 'SimpleSalesforceSDK' from project 'SimpleSalesforceSDK')
SwiftDriver SimpleSalesforceSDK normal arm64 com.apple.xcode.tools.swift.compiler (in target 'SimpleSalesforceSDK' from project 'SimpleSalesforceSDK')
cd /Users/admin/builder/spi-builder-workspace/.swiftpm/xcode
builtin-SwiftDriver -- /Applications/Xcode-27.0.0-Release.Candidate.app/Contents/Developer/Toolchains/XcodeDefault.xctoolchain/usr/bin/swiftc -parse-as-library -module-name SimpleSalesforceSDK -Onone @/Users/admin/builder/spi-builder-workspace/.derivedData/Build/Intermediates.noindex/SimpleSalesforceSDK.build/Debug-watchos/SimpleSalesforceSDK-t.build/Objects-normal/arm64/SimpleSalesforceSDK.SwiftFileList -DSWIFT_PACKAGE -DDEBUG -DSWIFT_MODULE_RESOURCE_BUNDLE_UNAVAILABLE -DXcode -plugin-path /Applications/Xcode-27.0.0-Release.Candidate.app/Contents/Developer/Toolchains/XcodeDefault.xctoolchain/usr/lib/swift/host/plugins/testing -enable-experimental-feature DebugDescriptionMacro -sdk /Applications/Xcode-27.0.0-Release.Candidate.app/Contents/Developer/Platforms/WatchOS.platform/Developer/SDKs/WatchOS27.0.sdk -target arm64-apple-watchos9.0 -g -module-cache-path /Users/admin/builder/spi-builder-workspace/.derivedData/ModuleCache.noindex -Xfrontend -serialize-debugging-options -profile-coverage-mapping -profile-generate -enable-testing -index-store-path /Users/admin/builder/spi-builder-workspace/.derivedData/Index.noindex/DataStore -Xcc -D_LIBCPP_HARDENING_MODE\=_LIBCPP_HARDENING_MODE_DEBUG -swift-version 5 -I /Users/admin/builder/spi-builder-workspace/.derivedData/Build/Products/Debug-watchos -Isystem /Applications/Xcode-27.0.0-Release.Candidate.app/Contents/Developer/Platforms/WatchOS.platform/Developer/usr/lib -F /Users/admin/builder/spi-builder-workspace/.derivedData/Build/Products/Debug-watchos/PackageFrameworks -F /Users/admin/builder/spi-builder-workspace/.derivedData/Build/Products/Debug-watchos -F /Applications/Xcode-27.0.0-Release.Candidate.app/Contents/Developer/Platforms/WatchOS.platform/Developer/Library/Frameworks -F /Applications/Xcode-27.0.0-Release.Candidate.app/Contents/Developer/Platforms/WatchOS.platform/Developer/SDKs/WatchOS27.0.sdk/Developer/Library/Frameworks -c -j10 -enable-batch-mode -incremental -Xcc -ivfsstatcache -Xcc /Users/admin/builder/spi-builder-workspace/.derivedData/SDKStatCaches.noindex/watchos27.0-24R360-e829b21a6f8c9b70876ba0858053c04477534ef55a1706bf4c1112bbb242f0a2.sdkstatcache -output-file-map /Users/admin/builder/spi-builder-workspace/.derivedData/Build/Intermediates.noindex/SimpleSalesforceSDK.build/Debug-watchos/SimpleSalesforceSDK-t.build/Objects-normal/arm64/SimpleSalesforceSDK-OutputFileMap.json -save-temps -no-color-diagnostics -explicit-module-build -module-cache-path /Users/admin/builder/spi-builder-workspace/.derivedData/Build/Intermediates.noindex/SwiftExplicitPrecompiledModules -clang-scanner-module-cache-path /Users/admin/builder/spi-builder-workspace/.derivedData/ModuleCache.noindex -sdk-module-cache-path /Users/admin/builder/spi-builder-workspace/.derivedData/SDKExplicitPrecompiledModules -emit-dependencies -emit-module -emit-module-path /Users/admin/builder/spi-builder-workspace/.derivedData/Build/Intermediates.noindex/SimpleSalesforceSDK.build/Debug-watchos/SimpleSalesforceSDK-t.build/Objects-normal/arm64/SimpleSalesforceSDK.swiftmodule -serialize-diagnostics -dependency-scan-serialize-diagnostics-path /Users/admin/builder/spi-builder-workspace/.derivedData/Build/Intermediates.noindex/SimpleSalesforceSDK.build/Debug-watchos/SimpleSalesforceSDK-t.build/Objects-normal/arm64/SimpleSalesforceSDK-dependency-scan.dia -validate-clang-modules-once -clang-build-session-file /Users/admin/builder/spi-builder-workspace/.derivedData/ModuleCache.noindex/Session.modulevalidation -Xcc -fmodules-prune-interval\=86400 -Xcc -fmodules-prune-after\=345600 -emit-const-values -const-gather-protocols-list /Users/admin/builder/spi-builder-workspace/.derivedData/Build/Intermediates.noindex/SimpleSalesforceSDK.build/Debug-watchos/SimpleSalesforceSDK-t.build/Objects-normal/arm64/SimpleSalesforceSDK_const_extract_protocols.json -Xcc -I/Users/admin/builder/spi-builder-workspace/.derivedData/Build/Products/Debug-watchos/include -Xcc -I/Users/admin/builder/spi-builder-workspace/.derivedData/Build/Intermediates.noindex/SimpleSalesforceSDK.build/Debug-watchos/SimpleSalesforceSDK-t.build/DerivedSources-normal/arm64 -Xcc -I/Users/admin/builder/spi-builder-workspace/.derivedData/Build/Intermediates.noindex/SimpleSalesforceSDK.build/Debug-watchos/SimpleSalesforceSDK-t.build/DerivedSources/arm64 -Xcc -I/Users/admin/builder/spi-builder-workspace/.derivedData/Build/Intermediates.noindex/SimpleSalesforceSDK.build/Debug-watchos/SimpleSalesforceSDK-t.build/DerivedSources -Xcc -DSWIFT_PACKAGE -Xcc -DDEBUG\=1 -emit-objc-header -emit-objc-header-path /Users/admin/builder/spi-builder-workspace/.derivedData/Build/Intermediates.noindex/SimpleSalesforceSDK.build/Debug-watchos/SimpleSalesforceSDK-t.build/Objects-normal/arm64/SimpleSalesforceSDK-Swift.h -working-directory /Users/admin/builder/spi-builder-workspace/.swiftpm/xcode -experimental-emit-module-separately -disable-cmo
/Users/admin/builder/spi-builder-workspace/Sources/SimpleSalesforceSDK/Views/SafariView.swift:3:8: error: Unable to resolve module dependency: 'SafariServices' (in target 'SimpleSalesforceSDK' from project 'SimpleSalesforceSDK')
note: A dependency of main module 'SimpleSalesforceSDK'
/Users/admin/builder/spi-builder-workspace/Sources/SimpleSalesforceSDK/Views/SafariView.swift:3:8: note: A dependency of main module 'SimpleSalesforceSDK'
import SafariServices
^ (in target 'SimpleSalesforceSDK' from project 'SimpleSalesforceSDK')
PruneExplicitPrecompiledModules /Users/admin/builder/spi-builder-workspace/.derivedData/Build/Intermediates.noindex/SwiftExplicitPrecompiledModules
PruneExplicitPrecompiledModules /Users/admin/builder/spi-builder-workspace/.derivedData/SDKExplicitPrecompiledModules
PruneExplicitPrecompiledModules /Users/admin/builder/spi-builder-workspace/.derivedData/Build/Intermediates.noindex/ExplicitPrecompiledModules
2026-09-20 09:05:53.839 xcodebuild[685:4414] [MT] IDERunDestination: Supported platforms for the buildables in the current scheme is empty.
** BUILD FAILED **
The following build commands failed:
SwiftDriver SimpleSalesforceSDK normal arm64_32 com.apple.xcode.tools.swift.compiler (in target 'SimpleSalesforceSDK' from project 'SimpleSalesforceSDK')
SwiftDriver SimpleSalesforceSDK normal arm64 com.apple.xcode.tools.swift.compiler (in target 'SimpleSalesforceSDK' from project 'SimpleSalesforceSDK')
Building workspace SimpleSalesforceSDK with scheme SimpleSalesforceSDK
(3 failures)
Command line invocation:
/Applications/Xcode-27.0.0-Release.Candidate.app/Contents/Developer/usr/bin/xcodebuild -IDEClonedSourcePackagesDirPathOverride=/Users/admin/builder/spi-builder-workspace/.dependencies -resolvePackageDependencies
Resolve Package Graph
Resolved source packages:
SwiftKeychainWrapper: https://github.com/jrendel/SwiftKeychainWrapper @ 4.0.1
SimpleSalesforceSDK: /Users/admin/builder/spi-builder-workspace
resolved source packages: SwiftKeychainWrapper, SimpleSalesforceSDK
2026-09-20 09:05:58.938 xcodebuild[716:4796] [MT] IDERunDestination: Supported platforms for the buildables in the current scheme is empty.
{
"dependencies" : [
{
"identity" : "swiftkeychainwrapper",
"requirement" : {
"range" : [
{
"lower_bound" : "4.0.0",
"upper_bound" : "5.0.0"
}
]
},
"type" : "sourceControl",
"url" : "https://github.com/jrendel/SwiftKeychainWrapper"
}
],
"manifest_display_name" : "SimpleSalesforceSDK",
"name" : "SimpleSalesforceSDK",
"path" : "/Users/admin/builder/spi-builder-workspace",
"platforms" : [
{
"name" : "ios",
"version" : "15.0"
}
],
"products" : [
{
"name" : "SimpleSalesforceSDK",
"targets" : [
"SimpleSalesforceSDK"
],
"type" : {
"library" : [
"automatic"
]
}
}
],
"targets" : [
{
"c99name" : "SimpleSalesforceSDKTests",
"module_type" : "SwiftTarget",
"name" : "SimpleSalesforceSDKTests",
"path" : "Tests/SimpleSalesforceSDKTests",
"sources" : [
"APIResponseTests.swift",
"SSSDKNotConfiguredTests.swift",
"SSSDKTests.swift",
"misc/MockData.swift"
],
"target_dependencies" : [
"SimpleSalesforceSDK"
],
"type" : "test"
},
{
"c99name" : "SimpleSalesforceSDK",
"module_type" : "SwiftTarget",
"name" : "SimpleSalesforceSDK",
"path" : "Sources",
"product_dependencies" : [
"SwiftKeychainWrapper"
],
"product_memberships" : [
"SimpleSalesforceSDK"
],
"sources" : [
"SimpleSalesforceSDK/Models/Errors.swift",
"SimpleSalesforceSDK/Models/IntrospectResponse.swift",
"SimpleSalesforceSDK/Models/RefreshTokenResponse.swift",
"SimpleSalesforceSDK/Models/SFAuth.swift",
"SimpleSalesforceSDK/Models/SFConfig.swift",
"SimpleSalesforceSDK/Models/URLBuilder.swift",
"SimpleSalesforceSDK/Models/URLRequestBuilder.swift",
"SimpleSalesforceSDK/SSSDK.swift",
"SimpleSalesforceSDK/Services/KeychainService.swift",
"SimpleSalesforceSDK/Services/WebService.swift",
"SimpleSalesforceSDK/Views/LoginView.swift",
"SimpleSalesforceSDK/Views/SafariView.swift"
],
"type" : "library"
}
],
"tools_version" : "5.6"
}
{
"workspace" : {
"name" : "SimpleSalesforceSDK",
"schemes" : [
"SimpleSalesforceSDK"
]
}
}
2026-09-20 09:06:00.223 xcodebuild[724:4866] [MT] IDERunDestination: Supported platforms for the buildables in the current scheme is empty.
Running build ...
env DEVELOPER_DIR=/Applications/Xcode-27.0.0-Release.Candidate.app xcrun xcodebuild -IDEClonedSourcePackagesDirPathOverride=$PWD/.dependencies -skipMacroValidation -skipPackagePluginValidation -derivedDataPath $PWD/.derivedData build -scheme SimpleSalesforceSDK -destination generic/platform=watchOS
Command line invocation:
/Applications/Xcode-27.0.0-Release.Candidate.app/Contents/Developer/usr/bin/xcodebuild -IDEClonedSourcePackagesDirPathOverride=/Users/admin/builder/spi-builder-workspace/.dependencies -skipMacroValidation -skipPackagePluginValidation -derivedDataPath /Users/admin/builder/spi-builder-workspace/.derivedData build -scheme SimpleSalesforceSDK -destination generic/platform=watchOS
Resolve Package Graph
Resolved source packages:
SwiftKeychainWrapper: https://github.com/jrendel/SwiftKeychainWrapper @ 4.0.1
SimpleSalesforceSDK: /Users/admin/builder/spi-builder-workspace
ComputePackagePrebuildTargetDependencyGraph
Prepare packages
CreateBuildRequest
SendProjectDescription
CreateBuildOperation
ComputeTargetDependencyGraph
note: Building targets in dependency order
note: Target dependency graph (4 targets)
Target 'SimpleSalesforceSDK-product' in project 'SimpleSalesforceSDK'
➜ Explicit dependency on target 'SimpleSalesforceSDK' in project 'SimpleSalesforceSDK'
➜ Explicit dependency on target 'SwiftKeychainWrapper-product' in project 'SwiftKeychainWrapper'
Target 'SimpleSalesforceSDK' in project 'SimpleSalesforceSDK'
➜ Explicit dependency on target 'SwiftKeychainWrapper-product' in project 'SwiftKeychainWrapper'
Target 'SwiftKeychainWrapper-product' in project 'SwiftKeychainWrapper'
➜ Explicit dependency on target 'SwiftKeychainWrapper' in project 'SwiftKeychainWrapper'
Target 'SwiftKeychainWrapper' in project 'SwiftKeychainWrapper' (no dependencies)
GatherProvisioningInputs
CreateBuildDescription
ClangStatCache /Applications/Xcode-27.0.0-Release.Candidate.app/Contents/Developer/Toolchains/XcodeDefault.xctoolchain/usr/bin/clang-stat-cache /Applications/Xcode-27.0.0-Release.Candidate.app/Contents/Developer/Platforms/WatchOS.platform/Developer/SDKs/WatchOS27.0.sdk /Users/admin/builder/spi-builder-workspace/.derivedData/SDKStatCaches.noindex/watchos27.0-24R360-e829b21a6f8c9b70876ba0858053c04477534ef55a1706bf4c1112bbb242f0a2.sdkstatcache
cd /Users/admin/builder/spi-builder-workspace/.swiftpm/xcode
/Applications/Xcode-27.0.0-Release.Candidate.app/Contents/Developer/Toolchains/XcodeDefault.xctoolchain/usr/bin/clang-stat-cache /Applications/Xcode-27.0.0-Release.Candidate.app/Contents/Developer/Platforms/WatchOS.platform/Developer/SDKs/WatchOS27.0.sdk -o /Users/admin/builder/spi-builder-workspace/.derivedData/SDKStatCaches.noindex/watchos27.0-24R360-e829b21a6f8c9b70876ba0858053c04477534ef55a1706bf4c1112bbb242f0a2.sdkstatcache
SwiftDriver SwiftKeychainWrapper normal arm64_32 com.apple.xcode.tools.swift.compiler (in target 'SwiftKeychainWrapper' from project 'SwiftKeychainWrapper')
cd /Users/admin/builder/spi-builder-workspace/.swiftpm/xcode
builtin-SwiftDriver -- /Applications/Xcode-27.0.0-Release.Candidate.app/Contents/Developer/Toolchains/XcodeDefault.xctoolchain/usr/bin/swiftc -parse-as-library -module-name SwiftKeychainWrapper -Onone @/Users/admin/builder/spi-builder-workspace/.derivedData/Build/Intermediates.noindex/SwiftKeychainWrapper.build/Debug-watchos/SwiftKeychainWrapper-t.build/Objects-normal/arm64_32/SwiftKeychainWrapper.SwiftFileList -DSWIFT_PACKAGE -DDEBUG -DSWIFT_MODULE_RESOURCE_BUNDLE_UNAVAILABLE -DXcode -plugin-path /Applications/Xcode-27.0.0-Release.Candidate.app/Contents/Developer/Toolchains/XcodeDefault.xctoolchain/usr/lib/swift/host/plugins/testing -enable-experimental-feature DebugDescriptionMacro -sdk /Applications/Xcode-27.0.0-Release.Candidate.app/Contents/Developer/Platforms/WatchOS.platform/Developer/SDKs/WatchOS27.0.sdk -target arm64_32-apple-watchos9.0 -g -module-cache-path /Users/admin/builder/spi-builder-workspace/.derivedData/ModuleCache.noindex -Xfrontend -serialize-debugging-options -profile-coverage-mapping -profile-generate -enable-testing -suppress-warnings -index-store-path /Users/admin/builder/spi-builder-workspace/.derivedData/Index.noindex/DataStore -Xcc -D_LIBCPP_HARDENING_MODE\=_LIBCPP_HARDENING_MODE_DEBUG -swift-version 4 -I /Users/admin/builder/spi-builder-workspace/.derivedData/Build/Products/Debug-watchos -Isystem /Applications/Xcode-27.0.0-Release.Candidate.app/Contents/Developer/Platforms/WatchOS.platform/Developer/usr/lib -F /Users/admin/builder/spi-builder-workspace/.derivedData/Build/Products/Debug-watchos -F /Applications/Xcode-27.0.0-Release.Candidate.app/Contents/Developer/Platforms/WatchOS.platform/Developer/Library/Frameworks -F /Applications/Xcode-27.0.0-Release.Candidate.app/Contents/Developer/Platforms/WatchOS.platform/Developer/SDKs/WatchOS27.0.sdk/Developer/Library/Frameworks -c -j10 -enable-batch-mode -incremental -Xcc -ivfsstatcache -Xcc /Users/admin/builder/spi-builder-workspace/.derivedData/SDKStatCaches.noindex/watchos27.0-24R360-e829b21a6f8c9b70876ba0858053c04477534ef55a1706bf4c1112bbb242f0a2.sdkstatcache -output-file-map /Users/admin/builder/spi-builder-workspace/.derivedData/Build/Intermediates.noindex/SwiftKeychainWrapper.build/Debug-watchos/SwiftKeychainWrapper-t.build/Objects-normal/arm64_32/SwiftKeychainWrapper-OutputFileMap.json -save-temps -no-color-diagnostics -emit-dependencies -emit-module -emit-module-path /Users/admin/builder/spi-builder-workspace/.derivedData/Build/Intermediates.noindex/SwiftKeychainWrapper.build/Debug-watchos/SwiftKeychainWrapper-t.build/Objects-normal/arm64_32/SwiftKeychainWrapper.swiftmodule -serialize-diagnostics -validate-clang-modules-once -clang-build-session-file /Users/admin/builder/spi-builder-workspace/.derivedData/ModuleCache.noindex/Session.modulevalidation -Xcc -fmodules-prune-interval\=86400 -Xcc -fmodules-prune-after\=345600 -emit-const-values -const-gather-protocols-list /Users/admin/builder/spi-builder-workspace/.derivedData/Build/Intermediates.noindex/SwiftKeychainWrapper.build/Debug-watchos/SwiftKeychainWrapper-t.build/Objects-normal/arm64_32/SwiftKeychainWrapper_const_extract_protocols.json -Xcc -I/Users/admin/builder/spi-builder-workspace/.derivedData/Build/Products/Debug-watchos/include -Xcc -I/Users/admin/builder/spi-builder-workspace/.derivedData/Build/Intermediates.noindex/SwiftKeychainWrapper.build/Debug-watchos/SwiftKeychainWrapper-t.build/DerivedSources-normal/arm64_32 -Xcc -I/Users/admin/builder/spi-builder-workspace/.derivedData/Build/Intermediates.noindex/SwiftKeychainWrapper.build/Debug-watchos/SwiftKeychainWrapper-t.build/DerivedSources/arm64_32 -Xcc -I/Users/admin/builder/spi-builder-workspace/.derivedData/Build/Intermediates.noindex/SwiftKeychainWrapper.build/Debug-watchos/SwiftKeychainWrapper-t.build/DerivedSources -Xcc -DSWIFT_PACKAGE -Xcc -DDEBUG\=1 -emit-objc-header -emit-objc-header-path /Users/admin/builder/spi-builder-workspace/.derivedData/Build/Intermediates.noindex/SwiftKeychainWrapper.build/Debug-watchos/SwiftKeychainWrapper-t.build/Objects-normal/arm64_32/SwiftKeychainWrapper-Swift.h -working-directory /Users/admin/builder/spi-builder-workspace/.swiftpm/xcode -experimental-emit-module-separately -disable-cmo
SwiftDriver SwiftKeychainWrapper normal arm64 com.apple.xcode.tools.swift.compiler (in target 'SwiftKeychainWrapper' from project 'SwiftKeychainWrapper')
cd /Users/admin/builder/spi-builder-workspace/.swiftpm/xcode
builtin-SwiftDriver -- /Applications/Xcode-27.0.0-Release.Candidate.app/Contents/Developer/Toolchains/XcodeDefault.xctoolchain/usr/bin/swiftc -parse-as-library -module-name SwiftKeychainWrapper -Onone @/Users/admin/builder/spi-builder-workspace/.derivedData/Build/Intermediates.noindex/SwiftKeychainWrapper.build/Debug-watchos/SwiftKeychainWrapper-t.build/Objects-normal/arm64/SwiftKeychainWrapper.SwiftFileList -DSWIFT_PACKAGE -DDEBUG -DSWIFT_MODULE_RESOURCE_BUNDLE_UNAVAILABLE -DXcode -plugin-path /Applications/Xcode-27.0.0-Release.Candidate.app/Contents/Developer/Toolchains/XcodeDefault.xctoolchain/usr/lib/swift/host/plugins/testing -enable-experimental-feature DebugDescriptionMacro -sdk /Applications/Xcode-27.0.0-Release.Candidate.app/Contents/Developer/Platforms/WatchOS.platform/Developer/SDKs/WatchOS27.0.sdk -target arm64-apple-watchos9.0 -g -module-cache-path /Users/admin/builder/spi-builder-workspace/.derivedData/ModuleCache.noindex -Xfrontend -serialize-debugging-options -profile-coverage-mapping -profile-generate -enable-testing -suppress-warnings -index-store-path /Users/admin/builder/spi-builder-workspace/.derivedData/Index.noindex/DataStore -Xcc -D_LIBCPP_HARDENING_MODE\=_LIBCPP_HARDENING_MODE_DEBUG -swift-version 4 -I /Users/admin/builder/spi-builder-workspace/.derivedData/Build/Products/Debug-watchos -Isystem /Applications/Xcode-27.0.0-Release.Candidate.app/Contents/Developer/Platforms/WatchOS.platform/Developer/usr/lib -F /Users/admin/builder/spi-builder-workspace/.derivedData/Build/Products/Debug-watchos -F /Applications/Xcode-27.0.0-Release.Candidate.app/Contents/Developer/Platforms/WatchOS.platform/Developer/Library/Frameworks -F /Applications/Xcode-27.0.0-Release.Candidate.app/Contents/Developer/Platforms/WatchOS.platform/Developer/SDKs/WatchOS27.0.sdk/Developer/Library/Frameworks -c -j10 -enable-batch-mode -incremental -Xcc -ivfsstatcache -Xcc /Users/admin/builder/spi-builder-workspace/.derivedData/SDKStatCaches.noindex/watchos27.0-24R360-e829b21a6f8c9b70876ba0858053c04477534ef55a1706bf4c1112bbb242f0a2.sdkstatcache -output-file-map /Users/admin/builder/spi-builder-workspace/.derivedData/Build/Intermediates.noindex/SwiftKeychainWrapper.build/Debug-watchos/SwiftKeychainWrapper-t.build/Objects-normal/arm64/SwiftKeychainWrapper-OutputFileMap.json -save-temps -no-color-diagnostics -emit-dependencies -emit-module -emit-module-path /Users/admin/builder/spi-builder-workspace/.derivedData/Build/Intermediates.noindex/SwiftKeychainWrapper.build/Debug-watchos/SwiftKeychainWrapper-t.build/Objects-normal/arm64/SwiftKeychainWrapper.swiftmodule -serialize-diagnostics -validate-clang-modules-once -clang-build-session-file /Users/admin/builder/spi-builder-workspace/.derivedData/ModuleCache.noindex/Session.modulevalidation -Xcc -fmodules-prune-interval\=86400 -Xcc -fmodules-prune-after\=345600 -emit-const-values -const-gather-protocols-list /Users/admin/builder/spi-builder-workspace/.derivedData/Build/Intermediates.noindex/SwiftKeychainWrapper.build/Debug-watchos/SwiftKeychainWrapper-t.build/Objects-normal/arm64/SwiftKeychainWrapper_const_extract_protocols.json -Xcc -I/Users/admin/builder/spi-builder-workspace/.derivedData/Build/Products/Debug-watchos/include -Xcc -I/Users/admin/builder/spi-builder-workspace/.derivedData/Build/Intermediates.noindex/SwiftKeychainWrapper.build/Debug-watchos/SwiftKeychainWrapper-t.build/DerivedSources-normal/arm64 -Xcc -I/Users/admin/builder/spi-builder-workspace/.derivedData/Build/Intermediates.noindex/SwiftKeychainWrapper.build/Debug-watchos/SwiftKeychainWrapper-t.build/DerivedSources/arm64 -Xcc -I/Users/admin/builder/spi-builder-workspace/.derivedData/Build/Intermediates.noindex/SwiftKeychainWrapper.build/Debug-watchos/SwiftKeychainWrapper-t.build/DerivedSources -Xcc -DSWIFT_PACKAGE -Xcc -DDEBUG\=1 -emit-objc-header -emit-objc-header-path /Users/admin/builder/spi-builder-workspace/.derivedData/Build/Intermediates.noindex/SwiftKeychainWrapper.build/Debug-watchos/SwiftKeychainWrapper-t.build/Objects-normal/arm64/SwiftKeychainWrapper-Swift.h -working-directory /Users/admin/builder/spi-builder-workspace/.swiftpm/xcode -experimental-emit-module-separately -disable-cmo
SwiftDriver SimpleSalesforceSDK normal arm64_32 com.apple.xcode.tools.swift.compiler (in target 'SimpleSalesforceSDK' from project 'SimpleSalesforceSDK')
cd /Users/admin/builder/spi-builder-workspace/.swiftpm/xcode
builtin-SwiftDriver -- /Applications/Xcode-27.0.0-Release.Candidate.app/Contents/Developer/Toolchains/XcodeDefault.xctoolchain/usr/bin/swiftc -parse-as-library -module-name SimpleSalesforceSDK -Onone @/Users/admin/builder/spi-builder-workspace/.derivedData/Build/Intermediates.noindex/SimpleSalesforceSDK.build/Debug-watchos/SimpleSalesforceSDK-t.build/Objects-normal/arm64_32/SimpleSalesforceSDK.SwiftFileList -DSWIFT_PACKAGE -DDEBUG -DSWIFT_MODULE_RESOURCE_BUNDLE_UNAVAILABLE -DXcode -plugin-path /Applications/Xcode-27.0.0-Release.Candidate.app/Contents/Developer/Toolchains/XcodeDefault.xctoolchain/usr/lib/swift/host/plugins/testing -enable-experimental-feature DebugDescriptionMacro -sdk /Applications/Xcode-27.0.0-Release.Candidate.app/Contents/Developer/Platforms/WatchOS.platform/Developer/SDKs/WatchOS27.0.sdk -target arm64_32-apple-watchos9.0 -g -module-cache-path /Users/admin/builder/spi-builder-workspace/.derivedData/ModuleCache.noindex -Xfrontend -serialize-debugging-options -profile-coverage-mapping -profile-generate -enable-testing -index-store-path /Users/admin/builder/spi-builder-workspace/.derivedData/Index.noindex/DataStore -Xcc -D_LIBCPP_HARDENING_MODE\=_LIBCPP_HARDENING_MODE_DEBUG -swift-version 5 -I /Users/admin/builder/spi-builder-workspace/.derivedData/Build/Products/Debug-watchos -Isystem /Applications/Xcode-27.0.0-Release.Candidate.app/Contents/Developer/Platforms/WatchOS.platform/Developer/usr/lib -F /Users/admin/builder/spi-builder-workspace/.derivedData/Build/Products/Debug-watchos/PackageFrameworks -F /Users/admin/builder/spi-builder-workspace/.derivedData/Build/Products/Debug-watchos -F /Applications/Xcode-27.0.0-Release.Candidate.app/Contents/Developer/Platforms/WatchOS.platform/Developer/Library/Frameworks -F /Applications/Xcode-27.0.0-Release.Candidate.app/Contents/Developer/Platforms/WatchOS.platform/Developer/SDKs/WatchOS27.0.sdk/Developer/Library/Frameworks -c -j10 -enable-batch-mode -incremental -Xcc -ivfsstatcache -Xcc /Users/admin/builder/spi-builder-workspace/.derivedData/SDKStatCaches.noindex/watchos27.0-24R360-e829b21a6f8c9b70876ba0858053c04477534ef55a1706bf4c1112bbb242f0a2.sdkstatcache -output-file-map /Users/admin/builder/spi-builder-workspace/.derivedData/Build/Intermediates.noindex/SimpleSalesforceSDK.build/Debug-watchos/SimpleSalesforceSDK-t.build/Objects-normal/arm64_32/SimpleSalesforceSDK-OutputFileMap.json -save-temps -no-color-diagnostics -explicit-module-build -module-cache-path /Users/admin/builder/spi-builder-workspace/.derivedData/Build/Intermediates.noindex/SwiftExplicitPrecompiledModules -clang-scanner-module-cache-path /Users/admin/builder/spi-builder-workspace/.derivedData/ModuleCache.noindex -sdk-module-cache-path /Users/admin/builder/spi-builder-workspace/.derivedData/SDKExplicitPrecompiledModules -emit-dependencies -emit-module -emit-module-path /Users/admin/builder/spi-builder-workspace/.derivedData/Build/Intermediates.noindex/SimpleSalesforceSDK.build/Debug-watchos/SimpleSalesforceSDK-t.build/Objects-normal/arm64_32/SimpleSalesforceSDK.swiftmodule -serialize-diagnostics -dependency-scan-serialize-diagnostics-path /Users/admin/builder/spi-builder-workspace/.derivedData/Build/Intermediates.noindex/SimpleSalesforceSDK.build/Debug-watchos/SimpleSalesforceSDK-t.build/Objects-normal/arm64_32/SimpleSalesforceSDK-dependency-scan.dia -validate-clang-modules-once -clang-build-session-file /Users/admin/builder/spi-builder-workspace/.derivedData/ModuleCache.noindex/Session.modulevalidation -Xcc -fmodules-prune-interval\=86400 -Xcc -fmodules-prune-after\=345600 -emit-const-values -const-gather-protocols-list /Users/admin/builder/spi-builder-workspace/.derivedData/Build/Intermediates.noindex/SimpleSalesforceSDK.build/Debug-watchos/SimpleSalesforceSDK-t.build/Objects-normal/arm64_32/SimpleSalesforceSDK_const_extract_protocols.json -Xcc -I/Users/admin/builder/spi-builder-workspace/.derivedData/Build/Products/Debug-watchos/include -Xcc -I/Users/admin/builder/spi-builder-workspace/.derivedData/Build/Intermediates.noindex/SimpleSalesforceSDK.build/Debug-watchos/SimpleSalesforceSDK-t.build/DerivedSources-normal/arm64_32 -Xcc -I/Users/admin/builder/spi-builder-workspace/.derivedData/Build/Intermediates.noindex/SimpleSalesforceSDK.build/Debug-watchos/SimpleSalesforceSDK-t.build/DerivedSources/arm64_32 -Xcc -I/Users/admin/builder/spi-builder-workspace/.derivedData/Build/Intermediates.noindex/SimpleSalesforceSDK.build/Debug-watchos/SimpleSalesforceSDK-t.build/DerivedSources -Xcc -DSWIFT_PACKAGE -Xcc -DDEBUG\=1 -emit-objc-header -emit-objc-header-path /Users/admin/builder/spi-builder-workspace/.derivedData/Build/Intermediates.noindex/SimpleSalesforceSDK.build/Debug-watchos/SimpleSalesforceSDK-t.build/Objects-normal/arm64_32/SimpleSalesforceSDK-Swift.h -working-directory /Users/admin/builder/spi-builder-workspace/.swiftpm/xcode -experimental-emit-module-separately -disable-cmo
/Users/admin/builder/spi-builder-workspace/Sources/SimpleSalesforceSDK/Views/SafariView.swift:3:8: error: Unable to resolve module dependency: 'SafariServices' (in target 'SimpleSalesforceSDK' from project 'SimpleSalesforceSDK')
note: A dependency of main module 'SimpleSalesforceSDK'
/Users/admin/builder/spi-builder-workspace/Sources/SimpleSalesforceSDK/Views/SafariView.swift:3:8: note: A dependency of main module 'SimpleSalesforceSDK'
import SafariServices
^ (in target 'SimpleSalesforceSDK' from project 'SimpleSalesforceSDK')
SwiftDriver SimpleSalesforceSDK normal arm64 com.apple.xcode.tools.swift.compiler (in target 'SimpleSalesforceSDK' from project 'SimpleSalesforceSDK')
cd /Users/admin/builder/spi-builder-workspace/.swiftpm/xcode
builtin-SwiftDriver -- /Applications/Xcode-27.0.0-Release.Candidate.app/Contents/Developer/Toolchains/XcodeDefault.xctoolchain/usr/bin/swiftc -parse-as-library -module-name SimpleSalesforceSDK -Onone @/Users/admin/builder/spi-builder-workspace/.derivedData/Build/Intermediates.noindex/SimpleSalesforceSDK.build/Debug-watchos/SimpleSalesforceSDK-t.build/Objects-normal/arm64/SimpleSalesforceSDK.SwiftFileList -DSWIFT_PACKAGE -DDEBUG -DSWIFT_MODULE_RESOURCE_BUNDLE_UNAVAILABLE -DXcode -plugin-path /Applications/Xcode-27.0.0-Release.Candidate.app/Contents/Developer/Toolchains/XcodeDefault.xctoolchain/usr/lib/swift/host/plugins/testing -enable-experimental-feature DebugDescriptionMacro -sdk /Applications/Xcode-27.0.0-Release.Candidate.app/Contents/Developer/Platforms/WatchOS.platform/Developer/SDKs/WatchOS27.0.sdk -target arm64-apple-watchos9.0 -g -module-cache-path /Users/admin/builder/spi-builder-workspace/.derivedData/ModuleCache.noindex -Xfrontend -serialize-debugging-options -profile-coverage-mapping -profile-generate -enable-testing -index-store-path /Users/admin/builder/spi-builder-workspace/.derivedData/Index.noindex/DataStore -Xcc -D_LIBCPP_HARDENING_MODE\=_LIBCPP_HARDENING_MODE_DEBUG -swift-version 5 -I /Users/admin/builder/spi-builder-workspace/.derivedData/Build/Products/Debug-watchos -Isystem /Applications/Xcode-27.0.0-Release.Candidate.app/Contents/Developer/Platforms/WatchOS.platform/Developer/usr/lib -F /Users/admin/builder/spi-builder-workspace/.derivedData/Build/Products/Debug-watchos/PackageFrameworks -F /Users/admin/builder/spi-builder-workspace/.derivedData/Build/Products/Debug-watchos -F /Applications/Xcode-27.0.0-Release.Candidate.app/Contents/Developer/Platforms/WatchOS.platform/Developer/Library/Frameworks -F /Applications/Xcode-27.0.0-Release.Candidate.app/Contents/Developer/Platforms/WatchOS.platform/Developer/SDKs/WatchOS27.0.sdk/Developer/Library/Frameworks -c -j10 -enable-batch-mode -incremental -Xcc -ivfsstatcache -Xcc /Users/admin/builder/spi-builder-workspace/.derivedData/SDKStatCaches.noindex/watchos27.0-24R360-e829b21a6f8c9b70876ba0858053c04477534ef55a1706bf4c1112bbb242f0a2.sdkstatcache -output-file-map /Users/admin/builder/spi-builder-workspace/.derivedData/Build/Intermediates.noindex/SimpleSalesforceSDK.build/Debug-watchos/SimpleSalesforceSDK-t.build/Objects-normal/arm64/SimpleSalesforceSDK-OutputFileMap.json -save-temps -no-color-diagnostics -explicit-module-build -module-cache-path /Users/admin/builder/spi-builder-workspace/.derivedData/Build/Intermediates.noindex/SwiftExplicitPrecompiledModules -clang-scanner-module-cache-path /Users/admin/builder/spi-builder-workspace/.derivedData/ModuleCache.noindex -sdk-module-cache-path /Users/admin/builder/spi-builder-workspace/.derivedData/SDKExplicitPrecompiledModules -emit-dependencies -emit-module -emit-module-path /Users/admin/builder/spi-builder-workspace/.derivedData/Build/Intermediates.noindex/SimpleSalesforceSDK.build/Debug-watchos/SimpleSalesforceSDK-t.build/Objects-normal/arm64/SimpleSalesforceSDK.swiftmodule -serialize-diagnostics -dependency-scan-serialize-diagnostics-path /Users/admin/builder/spi-builder-workspace/.derivedData/Build/Intermediates.noindex/SimpleSalesforceSDK.build/Debug-watchos/SimpleSalesforceSDK-t.build/Objects-normal/arm64/SimpleSalesforceSDK-dependency-scan.dia -validate-clang-modules-once -clang-build-session-file /Users/admin/builder/spi-builder-workspace/.derivedData/ModuleCache.noindex/Session.modulevalidation -Xcc -fmodules-prune-interval\=86400 -Xcc -fmodules-prune-after\=345600 -emit-const-values -const-gather-protocols-list /Users/admin/builder/spi-builder-workspace/.derivedData/Build/Intermediates.noindex/SimpleSalesforceSDK.build/Debug-watchos/SimpleSalesforceSDK-t.build/Objects-normal/arm64/SimpleSalesforceSDK_const_extract_protocols.json -Xcc -I/Users/admin/builder/spi-builder-workspace/.derivedData/Build/Products/Debug-watchos/include -Xcc -I/Users/admin/builder/spi-builder-workspace/.derivedData/Build/Intermediates.noindex/SimpleSalesforceSDK.build/Debug-watchos/SimpleSalesforceSDK-t.build/DerivedSources-normal/arm64 -Xcc -I/Users/admin/builder/spi-builder-workspace/.derivedData/Build/Intermediates.noindex/SimpleSalesforceSDK.build/Debug-watchos/SimpleSalesforceSDK-t.build/DerivedSources/arm64 -Xcc -I/Users/admin/builder/spi-builder-workspace/.derivedData/Build/Intermediates.noindex/SimpleSalesforceSDK.build/Debug-watchos/SimpleSalesforceSDK-t.build/DerivedSources -Xcc -DSWIFT_PACKAGE -Xcc -DDEBUG\=1 -emit-objc-header -emit-objc-header-path /Users/admin/builder/spi-builder-workspace/.derivedData/Build/Intermediates.noindex/SimpleSalesforceSDK.build/Debug-watchos/SimpleSalesforceSDK-t.build/Objects-normal/arm64/SimpleSalesforceSDK-Swift.h -working-directory /Users/admin/builder/spi-builder-workspace/.swiftpm/xcode -experimental-emit-module-separately -disable-cmo
/Users/admin/builder/spi-builder-workspace/Sources/SimpleSalesforceSDK/Views/SafariView.swift:3:8: error: Unable to resolve module dependency: 'SafariServices' (in target 'SimpleSalesforceSDK' from project 'SimpleSalesforceSDK')
note: A dependency of main module 'SimpleSalesforceSDK'
/Users/admin/builder/spi-builder-workspace/Sources/SimpleSalesforceSDK/Views/SafariView.swift:3:8: note: A dependency of main module 'SimpleSalesforceSDK'
import SafariServices
^ (in target 'SimpleSalesforceSDK' from project 'SimpleSalesforceSDK')
SwiftCompile normal arm64_32 Compiling\ KeychainWrapperSubscript.swift /Users/admin/builder/spi-builder-workspace/.dependencies/checkouts/SwiftKeychainWrapper/SwiftKeychainWrapper/KeychainWrapperSubscript.swift (in target 'SwiftKeychainWrapper' from project 'SwiftKeychainWrapper')
SwiftCompile normal arm64_32 /Users/admin/builder/spi-builder-workspace/.dependencies/checkouts/SwiftKeychainWrapper/SwiftKeychainWrapper/KeychainWrapperSubscript.swift (in target 'SwiftKeychainWrapper' from project 'SwiftKeychainWrapper')
cd /Users/admin/builder/spi-builder-workspace/.swiftpm/xcode
builtin-SwiftPerFileCompile KeychainWrapperSubscript.swift
SwiftEmitModule normal arm64_32 Emitting\ module\ for\ SwiftKeychainWrapper (in target 'SwiftKeychainWrapper' from project 'SwiftKeychainWrapper')
SwiftCompile normal arm64_32 (in target 'SwiftKeychainWrapper' from project 'SwiftKeychainWrapper')
cd /Users/admin/builder/spi-builder-workspace/.swiftpm/xcode
SwiftCompile normal arm64_32 Compiling\ KeychainItemAccessibility.swift /Users/admin/builder/spi-builder-workspace/.dependencies/checkouts/SwiftKeychainWrapper/SwiftKeychainWrapper/KeychainItemAccessibility.swift (in target 'SwiftKeychainWrapper' from project 'SwiftKeychainWrapper')
SwiftCompile normal arm64_32 /Users/admin/builder/spi-builder-workspace/.dependencies/checkouts/SwiftKeychainWrapper/SwiftKeychainWrapper/KeychainItemAccessibility.swift (in target 'SwiftKeychainWrapper' from project 'SwiftKeychainWrapper')
cd /Users/admin/builder/spi-builder-workspace/.swiftpm/xcode
builtin-SwiftPerFileCompile KeychainItemAccessibility.swift
SwiftCompile normal arm64_32 Compiling\ KeychainWrapper.swift /Users/admin/builder/spi-builder-workspace/.dependencies/checkouts/SwiftKeychainWrapper/SwiftKeychainWrapper/KeychainWrapper.swift (in target 'SwiftKeychainWrapper' from project 'SwiftKeychainWrapper')
SwiftCompile normal arm64_32 /Users/admin/builder/spi-builder-workspace/.dependencies/checkouts/SwiftKeychainWrapper/SwiftKeychainWrapper/KeychainWrapper.swift (in target 'SwiftKeychainWrapper' from project 'SwiftKeychainWrapper')
cd /Users/admin/builder/spi-builder-workspace/.swiftpm/xcode
builtin-SwiftPerFileCompile KeychainWrapper.swift
SwiftCompile normal arm64 Compiling\ KeychainItemAccessibility.swift /Users/admin/builder/spi-builder-workspace/.dependencies/checkouts/SwiftKeychainWrapper/SwiftKeychainWrapper/KeychainItemAccessibility.swift (in target 'SwiftKeychainWrapper' from project 'SwiftKeychainWrapper')
SwiftCompile normal arm64 /Users/admin/builder/spi-builder-workspace/.dependencies/checkouts/SwiftKeychainWrapper/SwiftKeychainWrapper/KeychainItemAccessibility.swift (in target 'SwiftKeychainWrapper' from project 'SwiftKeychainWrapper')
cd /Users/admin/builder/spi-builder-workspace/.swiftpm/xcode
builtin-SwiftPerFileCompile KeychainItemAccessibility.swift
SwiftCompile normal arm64 Compiling\ KeychainWrapperSubscript.swift /Users/admin/builder/spi-builder-workspace/.dependencies/checkouts/SwiftKeychainWrapper/SwiftKeychainWrapper/KeychainWrapperSubscript.swift (in target 'SwiftKeychainWrapper' from project 'SwiftKeychainWrapper')
SwiftCompile normal arm64 /Users/admin/builder/spi-builder-workspace/.dependencies/checkouts/SwiftKeychainWrapper/SwiftKeychainWrapper/KeychainWrapperSubscript.swift (in target 'SwiftKeychainWrapper' from project 'SwiftKeychainWrapper')
cd /Users/admin/builder/spi-builder-workspace/.swiftpm/xcode
builtin-SwiftPerFileCompile KeychainWrapperSubscript.swift
SwiftEmitModule normal arm64 Emitting\ module\ for\ SwiftKeychainWrapper (in target 'SwiftKeychainWrapper' from project 'SwiftKeychainWrapper')
SwiftCompile normal arm64 (in target 'SwiftKeychainWrapper' from project 'SwiftKeychainWrapper')
cd /Users/admin/builder/spi-builder-workspace/.swiftpm/xcode
SwiftCompile normal arm64 Compiling\ KeychainWrapper.swift /Users/admin/builder/spi-builder-workspace/.dependencies/checkouts/SwiftKeychainWrapper/SwiftKeychainWrapper/KeychainWrapper.swift (in target 'SwiftKeychainWrapper' from project 'SwiftKeychainWrapper')
SwiftCompile normal arm64 /Users/admin/builder/spi-builder-workspace/.dependencies/checkouts/SwiftKeychainWrapper/SwiftKeychainWrapper/KeychainWrapper.swift (in target 'SwiftKeychainWrapper' from project 'SwiftKeychainWrapper')
cd /Users/admin/builder/spi-builder-workspace/.swiftpm/xcode
builtin-SwiftPerFileCompile KeychainWrapper.swift
PruneExplicitPrecompiledModules /Users/admin/builder/spi-builder-workspace/.derivedData/Build/Intermediates.noindex/SwiftExplicitPrecompiledModules
PruneExplicitPrecompiledModules /Users/admin/builder/spi-builder-workspace/.derivedData/SDKExplicitPrecompiledModules
PruneExplicitPrecompiledModules /Users/admin/builder/spi-builder-workspace/.derivedData/Build/Intermediates.noindex/ExplicitPrecompiledModules
2026-09-20 09:06:01.224 xcodebuild[725:4889] [MT] IDERunDestination: Supported platforms for the buildables in the current scheme is empty.
** BUILD FAILED **
The following build commands failed:
SwiftDriver SimpleSalesforceSDK normal arm64_32 com.apple.xcode.tools.swift.compiler (in target 'SimpleSalesforceSDK' from project 'SimpleSalesforceSDK')
SwiftDriver SimpleSalesforceSDK normal arm64 com.apple.xcode.tools.swift.compiler (in target 'SimpleSalesforceSDK' from project 'SimpleSalesforceSDK')
Building workspace SimpleSalesforceSDK with scheme SimpleSalesforceSDK
(3 failures)
BUILD FAILURE 6.4 watchOS