The Swift Package Index logo.Swift Package Index

Build Information

Failed to build FacialAttributeDetection, reference 1.0.0 (67524d), with Swift 6.4 for watchOS using Xcode 27.0 on 23 Sep 2026 08:48:25 UTC.

Build Command

env DEVELOPER_DIR=/Applications/Xcode-27.0.0-Release.Candidate.app xcrun xcodebuild -IDEClonedSourcePackagesDirPathOverride=$PWD/.dependencies -skipMacroValidation -skipPackagePluginValidation -derivedDataPath $PWD/.derivedData build -scheme FacialAttributeDetection-Package -destination generic/platform=watchOS

Build Log

========================================
RunAll
========================================
Builder version: 5.1.0
Interrupt handler set up.
========================================
Checkout
========================================
Clone URL: https://github.com/AppliedRecognition/Facial-Attribute-Detection-Apple.git
Reference: 1.0.0
Initialized empty Git repository in /Users/admin/builder/spi-builder-workspace/.git/
From https://github.com/AppliedRecognition/Facial-Attribute-Detection-Apple
 * tag               1.0.0      -> FETCH_HEAD
HEAD is now at 67524da Merge branch 'development'
Cloned https://github.com/AppliedRecognition/Facial-Attribute-Detection-Apple.git
Revision (git rev-parse @):
67524da7eb87a7684c4c4a7fcd0595f08ae0a9db
SUCCESS checkout https://github.com/AppliedRecognition/Facial-Attribute-Detection-Apple.git at 1.0.0
========================================
Build
========================================
Selected platform:         watchOS
Swift version:             6.4
Building package at path:  $PWD
https://github.com/AppliedRecognition/Facial-Attribute-Detection-Apple.git
Command line invocation:
    /Applications/Xcode-27.0.0-Release.Candidate.app/Contents/Developer/usr/bin/xcodebuild -IDEClonedSourcePackagesDirPathOverride=/Users/admin/builder/spi-builder-workspace/.dependencies -resolvePackageDependencies
Resolve Package Graph
Fetching from https://github.com/AppliedRecognition/Ver-ID-Common-Types-Apple.git
Fetching from https://github.com/AppliedRecognition/Face-Detection-RetinaFace-Apple.git
Creating working copy of package ‘Face-Detection-RetinaFace-Apple’
Checking out 1.0.5 of package ‘Face-Detection-RetinaFace-Apple’
Creating working copy of package ‘Ver-ID-Common-Types-Apple’
Checking out 3.3.0 of package ‘Ver-ID-Common-Types-Apple’
Resolve Package Graph
Resolved source packages:
  VerIDCommonTypes: https://github.com/AppliedRecognition/Ver-ID-Common-Types-Apple.git @ 3.3.0
  FaceDetectionRetinaFace: https://github.com/AppliedRecognition/Face-Detection-RetinaFace-Apple.git @ 1.0.5
  FacialAttributeDetection: /Users/admin/builder/spi-builder-workspace
resolved source packages: VerIDCommonTypes, FaceDetectionRetinaFace, FacialAttributeDetection
2026-09-23 04:47:43.346 xcodebuild[529:3047] [MT] IDERunDestination: Supported platforms for the buildables in the current scheme is empty.
{
  "dependencies" : [
    {
      "identity" : "ver-id-common-types-apple",
      "requirement" : {
        "range" : [
          {
            "lower_bound" : "3.1.1",
            "upper_bound" : "4.0.0"
          }
        ]
      },
      "type" : "sourceControl",
      "url" : "https://github.com/AppliedRecognition/Ver-ID-Common-Types-Apple.git"
    },
    {
      "identity" : "face-detection-retinaface-apple",
      "requirement" : {
        "range" : [
          {
            "lower_bound" : "1.0.5",
            "upper_bound" : "2.0.0"
          }
        ]
      },
      "type" : "sourceControl",
      "url" : "https://github.com/AppliedRecognition/Face-Detection-RetinaFace-Apple.git"
    }
  ],
  "manifest_display_name" : "FacialAttributeDetection",
  "name" : "FacialAttributeDetection",
  "path" : "/Users/admin/builder/spi-builder-workspace",
  "platforms" : [
    {
      "name" : "ios",
      "version" : "15.0"
    }
  ],
  "products" : [
    {
      "name" : "FacialAttributeDetectionCore",
      "targets" : [
        "FacialAttributeDetectionCore"
      ],
      "type" : {
        "library" : [
          "automatic"
        ]
      }
    },
    {
      "name" : "FaceCoveringDetection",
      "targets" : [
        "FaceCoveringDetection"
      ],
      "type" : {
        "library" : [
          "automatic"
        ]
      }
    },
    {
      "name" : "EyewearDetection",
      "targets" : [
        "EyewearDetection"
      ],
      "type" : {
        "library" : [
          "automatic"
        ]
      }
    }
  ],
  "targets" : [
    {
      "c99name" : "FacialAttributeDetectionTests",
      "module_type" : "SwiftTarget",
      "name" : "FacialAttributeDetectionTests",
      "path" : "Tests/FacialAttributeDetectionTests",
      "product_dependencies" : [
        "VerIDCommonTypes",
        "FaceDetectionRetinaFace"
      ],
      "resources" : [
        {
          "path" : "/Users/admin/builder/spi-builder-workspace/Tests/FacialAttributeDetectionTests/Resources/clear.jpg",
          "rule" : {
            "process" : {
            }
          }
        },
        {
          "path" : "/Users/admin/builder/spi-builder-workspace/Tests/FacialAttributeDetectionTests/Resources/face-covering.jpg",
          "rule" : {
            "process" : {
            }
          }
        },
        {
          "path" : "/Users/admin/builder/spi-builder-workspace/Tests/FacialAttributeDetectionTests/Resources/glasses.jpg",
          "rule" : {
            "process" : {
            }
          }
        },
        {
          "path" : "/Users/admin/builder/spi-builder-workspace/Tests/FacialAttributeDetectionTests/Resources/sunglasses.jpg",
          "rule" : {
            "process" : {
            }
          }
        }
      ],
      "sources" : [
        "FaceClassificationTests.swift"
      ],
      "target_dependencies" : [
        "FacialAttributeDetectionCore",
        "FaceCoveringDetection",
        "EyewearDetection"
      ],
      "type" : "test"
    },
    {
      "c99name" : "FacialAttributeDetectionCore",
      "module_type" : "SwiftTarget",
      "name" : "FacialAttributeDetectionCore",
      "path" : "Sources/FacialAttributeDetectionCore",
      "product_dependencies" : [
        "VerIDCommonTypes"
      ],
      "product_memberships" : [
        "FacialAttributeDetectionCore",
        "FaceCoveringDetection",
        "EyewearDetection"
      ],
      "sources" : [
        "Errors.swift",
        "FaceAlignment.swift",
        "FacialAttributeDetector.swift",
        "Preprocessing.swift"
      ],
      "type" : "library"
    },
    {
      "c99name" : "FaceCoveringDetection",
      "module_type" : "SwiftTarget",
      "name" : "FaceCoveringDetection",
      "path" : "Sources/FaceCoveringDetection",
      "product_memberships" : [
        "FaceCoveringDetection"
      ],
      "resources" : [
        {
          "path" : "/Users/admin/builder/spi-builder-workspace/Sources/FaceCoveringDetection/Resources/FaceCovering.mlpackage/Data/com.apple.CoreML/model.mlmodel",
          "rule" : {
            "process" : {
            }
          }
        },
        {
          "path" : "/Users/admin/builder/spi-builder-workspace/Sources/FaceCoveringDetection/Resources/FaceCovering.mlpackage/Data/com.apple.CoreML/weights/weight.bin",
          "rule" : {
            "process" : {
            }
          }
        },
        {
          "path" : "/Users/admin/builder/spi-builder-workspace/Sources/FaceCoveringDetection/Resources/FaceCovering.mlpackage/Manifest.json",
          "rule" : {
            "process" : {
            }
          }
        }
      ],
      "sources" : [
        "FaceCoveringDetector.swift"
      ],
      "target_dependencies" : [
        "FacialAttributeDetectionCore"
      ],
      "type" : "library"
    },
    {
      "c99name" : "EyewearDetection",
      "module_type" : "SwiftTarget",
      "name" : "EyewearDetection",
      "path" : "Sources/EyewearDetection",
      "product_memberships" : [
        "EyewearDetection"
      ],
      "resources" : [
        {
          "path" : "/Users/admin/builder/spi-builder-workspace/Sources/EyewearDetection/Resources/Glasses.mlpackage/Data/com.apple.CoreML/model.mlmodel",
          "rule" : {
            "process" : {
            }
          }
        },
        {
          "path" : "/Users/admin/builder/spi-builder-workspace/Sources/EyewearDetection/Resources/Glasses.mlpackage/Data/com.apple.CoreML/weights/weight.bin",
          "rule" : {
            "process" : {
            }
          }
        },
        {
          "path" : "/Users/admin/builder/spi-builder-workspace/Sources/EyewearDetection/Resources/Glasses.mlpackage/Manifest.json",
          "rule" : {
            "process" : {
            }
          }
        }
      ],
      "sources" : [
        "EyewearDetector.swift"
      ],
      "target_dependencies" : [
        "FacialAttributeDetectionCore"
      ],
      "type" : "library"
    }
  ],
  "tools_version" : "5.9"
}
{
  "workspace" : {
    "name" : "FacialAttributeDetection",
    "schemes" : [
      "EyewearDetection",
      "FaceCoveringDetection",
      "FacialAttributeDetection-Package",
      "FacialAttributeDetectionCore"
    ]
  }
}
2026-09-23 04:48:15.112 xcodebuild[701:4217] [MT] IDERunDestination: Supported platforms for the buildables in the current scheme is empty.
Running build ...
env DEVELOPER_DIR=/Applications/Xcode-27.0.0-Release.Candidate.app xcrun xcodebuild -IDEClonedSourcePackagesDirPathOverride=$PWD/.dependencies -skipMacroValidation -skipPackagePluginValidation -derivedDataPath $PWD/.derivedData build -scheme FacialAttributeDetection-Package -destination generic/platform=watchOS
Command line invocation:
    /Applications/Xcode-27.0.0-Release.Candidate.app/Contents/Developer/usr/bin/xcodebuild -IDEClonedSourcePackagesDirPathOverride=/Users/admin/builder/spi-builder-workspace/.dependencies -skipMacroValidation -skipPackagePluginValidation -derivedDataPath /Users/admin/builder/spi-builder-workspace/.derivedData build -scheme FacialAttributeDetection-Package -destination generic/platform=watchOS
Resolve Package Graph
Resolve Package Graph
Resolved source packages:
  FaceDetectionRetinaFace: https://github.com/AppliedRecognition/Face-Detection-RetinaFace-Apple.git @ 1.0.5
  FacialAttributeDetection: /Users/admin/builder/spi-builder-workspace
  VerIDCommonTypes: https://github.com/AppliedRecognition/Ver-ID-Common-Types-Apple.git @ 3.3.0
ComputePackagePrebuildTargetDependencyGraph
Prepare packages
CreateBuildRequest
SendProjectDescription
CreateBuildOperation
ComputeTargetDependencyGraph
note: Building targets in dependency order
note: Target dependency graph (10 targets)
    Target 'EyewearDetection-product' in project 'FacialAttributeDetection'
        ➜ Explicit dependency on target 'EyewearDetection' in project 'FacialAttributeDetection'
        ➜ Explicit dependency on target 'FacialAttributeDetection_EyewearDetection' in project 'FacialAttributeDetection'
        ➜ Explicit dependency on target 'VerIDCommonTypes-product' in project 'VerIDCommonTypes'
        ➜ Explicit dependency on target 'FacialAttributeDetectionCore' in project 'FacialAttributeDetection'
    Target 'EyewearDetection' in project 'FacialAttributeDetection'
        ➜ Explicit dependency on target 'FacialAttributeDetection_EyewearDetection' in project 'FacialAttributeDetection'
        ➜ Explicit dependency on target 'VerIDCommonTypes-product' in project 'VerIDCommonTypes'
        ➜ Explicit dependency on target 'FacialAttributeDetectionCore' in project 'FacialAttributeDetection'
    Target 'FacialAttributeDetection_EyewearDetection' in project 'FacialAttributeDetection' (no dependencies)
    Target 'FaceCoveringDetection-product' in project 'FacialAttributeDetection'
        ➜ Explicit dependency on target 'FaceCoveringDetection' in project 'FacialAttributeDetection'
        ➜ Explicit dependency on target 'FacialAttributeDetection_FaceCoveringDetection' in project 'FacialAttributeDetection'
        ➜ Explicit dependency on target 'VerIDCommonTypes-product' in project 'VerIDCommonTypes'
        ➜ Explicit dependency on target 'FacialAttributeDetectionCore' in project 'FacialAttributeDetection'
    Target 'FaceCoveringDetection' in project 'FacialAttributeDetection'
        ➜ Explicit dependency on target 'FacialAttributeDetection_FaceCoveringDetection' in project 'FacialAttributeDetection'
        ➜ Explicit dependency on target 'VerIDCommonTypes-product' in project 'VerIDCommonTypes'
        ➜ Explicit dependency on target 'FacialAttributeDetectionCore' in project 'FacialAttributeDetection'
    Target 'FacialAttributeDetection_FaceCoveringDetection' in project 'FacialAttributeDetection' (no dependencies)
    Target 'FacialAttributeDetectionCore-product' in project 'FacialAttributeDetection'
        ➜ Explicit dependency on target 'FacialAttributeDetectionCore' in project 'FacialAttributeDetection'
        ➜ Explicit dependency on target 'VerIDCommonTypes-product' in project 'VerIDCommonTypes'
    Target 'FacialAttributeDetectionCore' in project 'FacialAttributeDetection'
        ➜ Explicit dependency on target 'VerIDCommonTypes-product' in project 'VerIDCommonTypes'
    Target 'VerIDCommonTypes-product' in project 'VerIDCommonTypes'
        ➜ Explicit dependency on target 'VerIDCommonTypes' in project 'VerIDCommonTypes'
    Target 'VerIDCommonTypes' in project 'VerIDCommonTypes' (no dependencies)
GatherProvisioningInputs
CreateBuildDescription
ExecuteExternalTool /Applications/Xcode-27.0.0-Release.Candidate.app/Contents/Developer/Toolchains/XcodeDefault.xctoolchain/usr/bin/swiftc --version
ExecuteExternalTool /usr/bin/what -q /Applications/Xcode-27.0.0-Release.Candidate.app/Contents/Developer/Toolchains/XcodeDefault.xctoolchain/usr/bin/coremlc
ExecuteExternalTool /Applications/Xcode-27.0.0-Release.Candidate.app/Contents/Developer/Toolchains/XcodeDefault.xctoolchain/usr/bin/clang -v -E -dM -isysroot /Applications/Xcode-27.0.0-Release.Candidate.app/Contents/Developer/Platforms/WatchOS.platform/Developer/SDKs/WatchOS27.0.sdk -x c -c /dev/null
ExecuteExternalTool /Applications/Xcode-27.0.0-Release.Candidate.app/Contents/Developer/Toolchains/XcodeDefault.xctoolchain/usr/bin/ld -version_details
ReadFileContents /Applications/Xcode-27.0.0-Release.Candidate.app/Contents/Developer/Toolchains/XcodeDefault.xctoolchain/usr/share/docc/features.json
ExecuteExternalTool /Applications/Xcode-27.0.0-Release.Candidate.app/Contents/Developer/Toolchains/XcodeDefault.xctoolchain/usr/bin/coremlc generate /Users/admin/builder/spi-builder-workspace/Sources/EyewearDetection/Resources/Glasses.mlpackage /Users/admin/builder/spi-builder-workspace/.derivedData/Build/Intermediates.noindex/FacialAttributeDetection.build/Debug-watchos/EyewearDetection-t.build/DerivedSources/CoreMLGenerated/Glasses --dry-run yes --deployment-target 9.0 --sdkroot /Applications/Xcode-27.0.0-Release.Candidate.app/Contents/Developer/Platforms/WatchOS.platform/Developer/SDKs/WatchOS27.0.sdk --platform watchos --output-partial-info-plist /Users/admin/builder/spi-builder-workspace/.derivedData/Build/Intermediates.noindex/FacialAttributeDetection.build/Debug-watchos/EyewearDetection-t.build/Glasses-CoreMLPartialInfo.plist --container swift-package --language Swift --swift-version 5 --public-access
ExecuteExternalTool /Applications/Xcode-27.0.0-Release.Candidate.app/Contents/Developer/Toolchains/XcodeDefault.xctoolchain/usr/bin/coremlc generate /Users/admin/builder/spi-builder-workspace/Sources/FaceCoveringDetection/Resources/FaceCovering.mlpackage /Users/admin/builder/spi-builder-workspace/.derivedData/Build/Intermediates.noindex/FacialAttributeDetection.build/Debug-watchos/FaceCoveringDetection-t.build/DerivedSources/CoreMLGenerated/FaceCovering --dry-run yes --deployment-target 9.0 --sdkroot /Applications/Xcode-27.0.0-Release.Candidate.app/Contents/Developer/Platforms/WatchOS.platform/Developer/SDKs/WatchOS27.0.sdk --platform watchos --output-partial-info-plist /Users/admin/builder/spi-builder-workspace/.derivedData/Build/Intermediates.noindex/FacialAttributeDetection.build/Debug-watchos/FaceCoveringDetection-t.build/FaceCovering-CoreMLPartialInfo.plist --container swift-package --language Swift --swift-version 5 --public-access
Build description signature: 9ece4aac0ab3c437ac81623e8e4da1f4
Build description path: /Users/admin/builder/spi-builder-workspace/.derivedData/Build/Intermediates.noindex/XCBuildData/9ece4aac0ab3c437ac81623e8e4da1f4.xcbuilddata
CreateBuildDirectory /Users/admin/builder/spi-builder-workspace/.derivedData/SDKExplicitPrecompiledModules
    cd /Users/admin/builder/spi-builder-workspace/.swiftpm/xcode
    builtin-create-build-directory /Users/admin/builder/spi-builder-workspace/.derivedData/SDKExplicitPrecompiledModules
CreateBuildDirectory /Users/admin/builder/spi-builder-workspace/.derivedData/CompilationCache.noindex
    cd /Users/admin/builder/spi-builder-workspace/.swiftpm/xcode
    builtin-create-build-directory /Users/admin/builder/spi-builder-workspace/.derivedData/CompilationCache.noindex
CreateBuildDirectory /Users/admin/builder/spi-builder-workspace/.derivedData/ModuleCache.noindex
    cd /Users/admin/builder/spi-builder-workspace/.swiftpm/xcode
    builtin-create-build-directory /Users/admin/builder/spi-builder-workspace/.derivedData/ModuleCache.noindex
CreateBuildDirectory /Users/admin/builder/spi-builder-workspace/.derivedData/Build/Intermediates.noindex
    cd /Users/admin/builder/spi-builder-workspace/.swiftpm/xcode
    builtin-create-build-directory /Users/admin/builder/spi-builder-workspace/.derivedData/Build/Intermediates.noindex
CreateBuildDirectory /Users/admin/builder/spi-builder-workspace/.derivedData/Build/Products
    cd /Users/admin/builder/spi-builder-workspace/.swiftpm/xcode
    builtin-create-build-directory /Users/admin/builder/spi-builder-workspace/.derivedData/Build/Products
ClangStatCache /Applications/Xcode-27.0.0-Release.Candidate.app/Contents/Developer/Toolchains/XcodeDefault.xctoolchain/usr/bin/clang-stat-cache /Applications/Xcode-27.0.0-Release.Candidate.app/Contents/Developer/Platforms/WatchOS.platform/Developer/SDKs/WatchOS27.0.sdk /Users/admin/builder/spi-builder-workspace/.derivedData/SDKStatCaches.noindex/watchos27.0-24R360-e829b21a6f8c9b70876ba0858053c04477534ef55a1706bf4c1112bbb242f0a2.sdkstatcache
    cd /Users/admin/builder/spi-builder-workspace/.swiftpm/xcode
    /Applications/Xcode-27.0.0-Release.Candidate.app/Contents/Developer/Toolchains/XcodeDefault.xctoolchain/usr/bin/clang-stat-cache /Applications/Xcode-27.0.0-Release.Candidate.app/Contents/Developer/Platforms/WatchOS.platform/Developer/SDKs/WatchOS27.0.sdk -o /Users/admin/builder/spi-builder-workspace/.derivedData/SDKStatCaches.noindex/watchos27.0-24R360-e829b21a6f8c9b70876ba0858053c04477534ef55a1706bf4c1112bbb242f0a2.sdkstatcache
CreateBuildDirectory /Users/admin/builder/spi-builder-workspace/.derivedData/Build/Intermediates.noindex/SwiftExplicitPrecompiledModules
    cd /Users/admin/builder/spi-builder-workspace/.swiftpm/xcode
    builtin-create-build-directory /Users/admin/builder/spi-builder-workspace/.derivedData/Build/Intermediates.noindex/SwiftExplicitPrecompiledModules
CreateBuildDirectory /Users/admin/builder/spi-builder-workspace/.derivedData/Build/Intermediates.noindex/PrecompiledHeaders
    cd /Users/admin/builder/spi-builder-workspace/.swiftpm/xcode
    builtin-create-build-directory /Users/admin/builder/spi-builder-workspace/.derivedData/Build/Intermediates.noindex/PrecompiledHeaders
CreateBuildDirectory /Users/admin/builder/spi-builder-workspace/.derivedData/Build/Intermediates.noindex/ExplicitPrecompiledModules
    cd /Users/admin/builder/spi-builder-workspace/.swiftpm/xcode
    builtin-create-build-directory /Users/admin/builder/spi-builder-workspace/.derivedData/Build/Intermediates.noindex/ExplicitPrecompiledModules
CreateBuildDirectory /Users/admin/builder/spi-builder-workspace/.derivedData/Build/Intermediates.noindex/EagerLinkingTBDs/Debug-watchos
    cd /Users/admin/builder/spi-builder-workspace/.swiftpm/xcode
    builtin-create-build-directory /Users/admin/builder/spi-builder-workspace/.derivedData/Build/Intermediates.noindex/EagerLinkingTBDs/Debug-watchos
CreateBuildDirectory /Users/admin/builder/spi-builder-workspace/.derivedData/Build/Products/Debug-watchos
    cd /Users/admin/builder/spi-builder-workspace/.swiftpm/xcode
    builtin-create-build-directory /Users/admin/builder/spi-builder-workspace/.derivedData/Build/Products/Debug-watchos
CreateBuildDirectory /Users/admin/builder/spi-builder-workspace/.derivedData/Build/Products/Debug-watchos/PackageFrameworks
    cd /Users/admin/builder/spi-builder-workspace/.swiftpm/xcode
    builtin-create-build-directory /Users/admin/builder/spi-builder-workspace/.derivedData/Build/Products/Debug-watchos/PackageFrameworks
WriteAuxiliaryFile /Users/admin/builder/spi-builder-workspace/.derivedData/Build/Intermediates.noindex/VerIDCommonTypes.build/Debug-watchos/VerIDCommonTypes-product-t.build/empty-VerIDCommonTypes.plist (in target 'VerIDCommonTypes-product' from project 'VerIDCommonTypes')
    cd /Users/admin/builder/spi-builder-workspace/.dependencies/checkouts/Ver-ID-Common-Types-Apple
    write-file /Users/admin/builder/spi-builder-workspace/.derivedData/Build/Intermediates.noindex/VerIDCommonTypes.build/Debug-watchos/VerIDCommonTypes-product-t.build/empty-VerIDCommonTypes.plist
WriteAuxiliaryFile /Users/admin/builder/spi-builder-workspace/.derivedData/Build/Intermediates.noindex/VerIDCommonTypes.build/Debug-watchos/VerIDCommonTypes-t.build/VerIDCommonTypes.DependencyStaticMetadataFileList (in target 'VerIDCommonTypes' from project 'VerIDCommonTypes')
    cd /Users/admin/builder/spi-builder-workspace/.dependencies/checkouts/Ver-ID-Common-Types-Apple
    write-file /Users/admin/builder/spi-builder-workspace/.derivedData/Build/Intermediates.noindex/VerIDCommonTypes.build/Debug-watchos/VerIDCommonTypes-t.build/VerIDCommonTypes.DependencyStaticMetadataFileList
WriteAuxiliaryFile /Users/admin/builder/spi-builder-workspace/.derivedData/Build/Intermediates.noindex/VerIDCommonTypes.build/Debug-watchos/VerIDCommonTypes-product-t.build/VerIDCommonTypes.DependencyMetadataFileList (in target 'VerIDCommonTypes-product' from project 'VerIDCommonTypes')
    cd /Users/admin/builder/spi-builder-workspace/.dependencies/checkouts/Ver-ID-Common-Types-Apple
    write-file /Users/admin/builder/spi-builder-workspace/.derivedData/Build/Intermediates.noindex/VerIDCommonTypes.build/Debug-watchos/VerIDCommonTypes-product-t.build/VerIDCommonTypes.DependencyMetadataFileList
WriteAuxiliaryFile /Users/admin/builder/spi-builder-workspace/.derivedData/Build/Intermediates.noindex/VerIDCommonTypes.build/Debug-watchos/VerIDCommonTypes-t.build/VerIDCommonTypes.DependencyMetadataFileList (in target 'VerIDCommonTypes' from project 'VerIDCommonTypes')
    cd /Users/admin/builder/spi-builder-workspace/.dependencies/checkouts/Ver-ID-Common-Types-Apple
    write-file /Users/admin/builder/spi-builder-workspace/.derivedData/Build/Intermediates.noindex/VerIDCommonTypes.build/Debug-watchos/VerIDCommonTypes-t.build/VerIDCommonTypes.DependencyMetadataFileList
WriteAuxiliaryFile /Users/admin/builder/spi-builder-workspace/.derivedData/Build/Intermediates.noindex/VerIDCommonTypes.build/Debug-watchos/VerIDCommonTypes-product-t.build/VerIDCommonTypes.DependencyStaticMetadataFileList (in target 'VerIDCommonTypes-product' from project 'VerIDCommonTypes')
    cd /Users/admin/builder/spi-builder-workspace/.dependencies/checkouts/Ver-ID-Common-Types-Apple
    write-file /Users/admin/builder/spi-builder-workspace/.derivedData/Build/Intermediates.noindex/VerIDCommonTypes.build/Debug-watchos/VerIDCommonTypes-product-t.build/VerIDCommonTypes.DependencyStaticMetadataFileList
WriteAuxiliaryFile /Users/admin/builder/spi-builder-workspace/.derivedData/Build/Intermediates.noindex/VerIDCommonTypes.build/Debug-watchos/VerIDCommonTypes-t.build/VerIDCommonTypes.modulemap (in target 'VerIDCommonTypes' from project 'VerIDCommonTypes')
    cd /Users/admin/builder/spi-builder-workspace/.dependencies/checkouts/Ver-ID-Common-Types-Apple
    write-file /Users/admin/builder/spi-builder-workspace/.derivedData/Build/Intermediates.noindex/VerIDCommonTypes.build/Debug-watchos/VerIDCommonTypes-t.build/VerIDCommonTypes.modulemap
WriteAuxiliaryFile /Users/admin/builder/spi-builder-workspace/.derivedData/Build/Intermediates.noindex/VerIDCommonTypes.build/Debug-watchos/VerIDCommonTypes-product-t.build/Objects-normal/arm64/VerIDCommonTypes.LinkFileList (in target 'VerIDCommonTypes-product' from project 'VerIDCommonTypes')
    cd /Users/admin/builder/spi-builder-workspace/.dependencies/checkouts/Ver-ID-Common-Types-Apple
    write-file /Users/admin/builder/spi-builder-workspace/.derivedData/Build/Intermediates.noindex/VerIDCommonTypes.build/Debug-watchos/VerIDCommonTypes-product-t.build/Objects-normal/arm64/VerIDCommonTypes.LinkFileList
WriteAuxiliaryFile /Users/admin/builder/spi-builder-workspace/.derivedData/Build/Intermediates.noindex/VerIDCommonTypes.build/Debug-watchos/VerIDCommonTypes-product-t.build/Objects-normal/arm64_32/VerIDCommonTypes.LinkFileList (in target 'VerIDCommonTypes-product' from project 'VerIDCommonTypes')
    cd /Users/admin/builder/spi-builder-workspace/.dependencies/checkouts/Ver-ID-Common-Types-Apple
    write-file /Users/admin/builder/spi-builder-workspace/.derivedData/Build/Intermediates.noindex/VerIDCommonTypes.build/Debug-watchos/VerIDCommonTypes-product-t.build/Objects-normal/arm64_32/VerIDCommonTypes.LinkFileList
WriteAuxiliaryFile /Users/admin/builder/spi-builder-workspace/.derivedData/Build/Intermediates.noindex/VerIDCommonTypes.build/Debug-watchos/VerIDCommonTypes-t.build/Objects-normal/arm64_32/VerIDCommonTypes-OutputFileMap.json (in target 'VerIDCommonTypes' from project 'VerIDCommonTypes')
    cd /Users/admin/builder/spi-builder-workspace/.dependencies/checkouts/Ver-ID-Common-Types-Apple
    write-file /Users/admin/builder/spi-builder-workspace/.derivedData/Build/Intermediates.noindex/VerIDCommonTypes.build/Debug-watchos/VerIDCommonTypes-t.build/Objects-normal/arm64_32/VerIDCommonTypes-OutputFileMap.json
WriteAuxiliaryFile /Users/admin/builder/spi-builder-workspace/.derivedData/Build/Intermediates.noindex/VerIDCommonTypes.build/Debug-watchos/VerIDCommonTypes-t.build/Objects-normal/arm64_32/VerIDCommonTypes.SwiftConstValuesFileList (in target 'VerIDCommonTypes' from project 'VerIDCommonTypes')
    cd /Users/admin/builder/spi-builder-workspace/.dependencies/checkouts/Ver-ID-Common-Types-Apple
    write-file /Users/admin/builder/spi-builder-workspace/.derivedData/Build/Intermediates.noindex/VerIDCommonTypes.build/Debug-watchos/VerIDCommonTypes-t.build/Objects-normal/arm64_32/VerIDCommonTypes.SwiftConstValuesFileList
WriteAuxiliaryFile /Users/admin/builder/spi-builder-workspace/.derivedData/Build/Intermediates.noindex/VerIDCommonTypes.build/Debug-watchos/VerIDCommonTypes-t.build/Objects-normal/arm64_32/VerIDCommonTypes.LinkFileList (in target 'VerIDCommonTypes' from project 'VerIDCommonTypes')
    cd /Users/admin/builder/spi-builder-workspace/.dependencies/checkouts/Ver-ID-Common-Types-Apple
    write-file /Users/admin/builder/spi-builder-workspace/.derivedData/Build/Intermediates.noindex/VerIDCommonTypes.build/Debug-watchos/VerIDCommonTypes-t.build/Objects-normal/arm64_32/VerIDCommonTypes.LinkFileList
WriteAuxiliaryFile /Users/admin/builder/spi-builder-workspace/.derivedData/Build/Intermediates.noindex/VerIDCommonTypes.build/Debug-watchos/VerIDCommonTypes-t.build/Objects-normal/arm64_32/VerIDCommonTypes_const_extract_protocols.json (in target 'VerIDCommonTypes' from project 'VerIDCommonTypes')
    cd /Users/admin/builder/spi-builder-workspace/.dependencies/checkouts/Ver-ID-Common-Types-Apple
    write-file /Users/admin/builder/spi-builder-workspace/.derivedData/Build/Intermediates.noindex/VerIDCommonTypes.build/Debug-watchos/VerIDCommonTypes-t.build/Objects-normal/arm64_32/VerIDCommonTypes_const_extract_protocols.json
WriteAuxiliaryFile /Users/admin/builder/spi-builder-workspace/.derivedData/Build/Intermediates.noindex/VerIDCommonTypes.build/Debug-watchos/VerIDCommonTypes-t.build/Objects-normal/arm64_32/VerIDCommonTypes.SwiftFileList (in target 'VerIDCommonTypes' from project 'VerIDCommonTypes')
    cd /Users/admin/builder/spi-builder-workspace/.dependencies/checkouts/Ver-ID-Common-Types-Apple
    write-file /Users/admin/builder/spi-builder-workspace/.derivedData/Build/Intermediates.noindex/VerIDCommonTypes.build/Debug-watchos/VerIDCommonTypes-t.build/Objects-normal/arm64_32/VerIDCommonTypes.SwiftFileList
WriteAuxiliaryFile /Users/admin/builder/spi-builder-workspace/.derivedData/Build/Intermediates.noindex/VerIDCommonTypes.build/Debug-watchos/VerIDCommonTypes-t.build/Objects-normal/arm64/VerIDCommonTypes_const_extract_protocols.json (in target 'VerIDCommonTypes' from project 'VerIDCommonTypes')
    cd /Users/admin/builder/spi-builder-workspace/.dependencies/checkouts/Ver-ID-Common-Types-Apple
    write-file /Users/admin/builder/spi-builder-workspace/.derivedData/Build/Intermediates.noindex/VerIDCommonTypes.build/Debug-watchos/VerIDCommonTypes-t.build/Objects-normal/arm64/VerIDCommonTypes_const_extract_protocols.json
WriteAuxiliaryFile /Users/admin/builder/spi-builder-workspace/.derivedData/Build/Intermediates.noindex/VerIDCommonTypes.build/Debug-watchos/VerIDCommonTypes-t.build/Objects-normal/arm64/VerIDCommonTypes.SwiftFileList (in target 'VerIDCommonTypes' from project 'VerIDCommonTypes')
    cd /Users/admin/builder/spi-builder-workspace/.dependencies/checkouts/Ver-ID-Common-Types-Apple
    write-file /Users/admin/builder/spi-builder-workspace/.derivedData/Build/Intermediates.noindex/VerIDCommonTypes.build/Debug-watchos/VerIDCommonTypes-t.build/Objects-normal/arm64/VerIDCommonTypes.SwiftFileList
WriteAuxiliaryFile /Users/admin/builder/spi-builder-workspace/.derivedData/Build/Intermediates.noindex/VerIDCommonTypes.build/Debug-watchos/VerIDCommonTypes-t.build/Objects-normal/arm64/VerIDCommonTypes.SwiftConstValuesFileList (in target 'VerIDCommonTypes' from project 'VerIDCommonTypes')
    cd /Users/admin/builder/spi-builder-workspace/.dependencies/checkouts/Ver-ID-Common-Types-Apple
    write-file /Users/admin/builder/spi-builder-workspace/.derivedData/Build/Intermediates.noindex/VerIDCommonTypes.build/Debug-watchos/VerIDCommonTypes-t.build/Objects-normal/arm64/VerIDCommonTypes.SwiftConstValuesFileList
WriteAuxiliaryFile /Users/admin/builder/spi-builder-workspace/.derivedData/Build/Intermediates.noindex/VerIDCommonTypes.build/Debug-watchos/VerIDCommonTypes-t.build/Objects-normal/arm64/VerIDCommonTypes.LinkFileList (in target 'VerIDCommonTypes' from project 'VerIDCommonTypes')
    cd /Users/admin/builder/spi-builder-workspace/.dependencies/checkouts/Ver-ID-Common-Types-Apple
    write-file /Users/admin/builder/spi-builder-workspace/.derivedData/Build/Intermediates.noindex/VerIDCommonTypes.build/Debug-watchos/VerIDCommonTypes-t.build/Objects-normal/arm64/VerIDCommonTypes.LinkFileList
WriteAuxiliaryFile /Users/admin/builder/spi-builder-workspace/.derivedData/Build/Intermediates.noindex/VerIDCommonTypes.build/Debug-watchos/VerIDCommonTypes-t.build/Objects-normal/arm64/VerIDCommonTypes-OutputFileMap.json (in target 'VerIDCommonTypes' from project 'VerIDCommonTypes')
    cd /Users/admin/builder/spi-builder-workspace/.dependencies/checkouts/Ver-ID-Common-Types-Apple
    write-file /Users/admin/builder/spi-builder-workspace/.derivedData/Build/Intermediates.noindex/VerIDCommonTypes.build/Debug-watchos/VerIDCommonTypes-t.build/Objects-normal/arm64/VerIDCommonTypes-OutputFileMap.json
Copy /Users/admin/builder/spi-builder-workspace/.derivedData/Build/Intermediates.noindex/GeneratedModuleMaps-watchos/VerIDCommonTypes.modulemap /Users/admin/builder/spi-builder-workspace/.derivedData/Build/Intermediates.noindex/VerIDCommonTypes.build/Debug-watchos/VerIDCommonTypes-t.build/VerIDCommonTypes.modulemap (in target 'VerIDCommonTypes' from project 'VerIDCommonTypes')
    cd /Users/admin/builder/spi-builder-workspace/.dependencies/checkouts/Ver-ID-Common-Types-Apple
    builtin-copy -exclude .DS_Store -exclude CVS -exclude .svn -exclude .git -exclude .hg -resolve-src-symlinks /Users/admin/builder/spi-builder-workspace/.derivedData/Build/Intermediates.noindex/VerIDCommonTypes.build/Debug-watchos/VerIDCommonTypes-t.build/VerIDCommonTypes.modulemap /Users/admin/builder/spi-builder-workspace/.derivedData/Build/Intermediates.noindex/GeneratedModuleMaps-watchos
WriteAuxiliaryFile /Users/admin/builder/spi-builder-workspace/.derivedData/Build/Intermediates.noindex/FacialAttributeDetection.build/Debug-watchos/FacialAttributeDetection_FaceCoveringDetection-b.build/FacialAttributeDetection_FaceCoveringDetection.DependencyStaticMetadataFileList (in target 'FacialAttributeDetection_FaceCoveringDetection' from project 'FacialAttributeDetection')
    cd /Users/admin/builder/spi-builder-workspace
    write-file /Users/admin/builder/spi-builder-workspace/.derivedData/Build/Intermediates.noindex/FacialAttributeDetection.build/Debug-watchos/FacialAttributeDetection_FaceCoveringDetection-b.build/FacialAttributeDetection_FaceCoveringDetection.DependencyStaticMetadataFileList
WriteAuxiliaryFile /Users/admin/builder/spi-builder-workspace/.derivedData/Build/Intermediates.noindex/FacialAttributeDetection.build/Debug-watchos/FacialAttributeDetection_EyewearDetection-b.build/empty-FacialAttributeDetection_EyewearDetection.plist (in target 'FacialAttributeDetection_EyewearDetection' from project 'FacialAttributeDetection')
    cd /Users/admin/builder/spi-builder-workspace
    write-file /Users/admin/builder/spi-builder-workspace/.derivedData/Build/Intermediates.noindex/FacialAttributeDetection.build/Debug-watchos/FacialAttributeDetection_EyewearDetection-b.build/empty-FacialAttributeDetection_EyewearDetection.plist
WriteAuxiliaryFile /Users/admin/builder/spi-builder-workspace/.derivedData/Build/Intermediates.noindex/FacialAttributeDetection.build/Debug-watchos/FacialAttributeDetection_FaceCoveringDetection-b.build/empty-FacialAttributeDetection_FaceCoveringDetection.plist (in target 'FacialAttributeDetection_FaceCoveringDetection' from project 'FacialAttributeDetection')
    cd /Users/admin/builder/spi-builder-workspace
    write-file /Users/admin/builder/spi-builder-workspace/.derivedData/Build/Intermediates.noindex/FacialAttributeDetection.build/Debug-watchos/FacialAttributeDetection_FaceCoveringDetection-b.build/empty-FacialAttributeDetection_FaceCoveringDetection.plist
WriteAuxiliaryFile /Users/admin/builder/spi-builder-workspace/.derivedData/Build/Intermediates.noindex/FacialAttributeDetection.build/Debug-watchos/FacialAttributeDetection_FaceCoveringDetection-b.build/d6d722490ac05326b9a1b6c7e3746843.sb (in target 'FacialAttributeDetection_FaceCoveringDetection' from project 'FacialAttributeDetection')
    cd /Users/admin/builder/spi-builder-workspace
    write-file /Users/admin/builder/spi-builder-workspace/.derivedData/Build/Intermediates.noindex/FacialAttributeDetection.build/Debug-watchos/FacialAttributeDetection_FaceCoveringDetection-b.build/d6d722490ac05326b9a1b6c7e3746843.sb
WriteAuxiliaryFile /Users/admin/builder/spi-builder-workspace/.derivedData/Build/Intermediates.noindex/FacialAttributeDetection.build/Debug-watchos/FacialAttributeDetection_FaceCoveringDetection-b.build/FacialAttributeDetection_FaceCoveringDetection.DependencyMetadataFileList (in target 'FacialAttributeDetection_FaceCoveringDetection' from project 'FacialAttributeDetection')
    cd /Users/admin/builder/spi-builder-workspace
    write-file /Users/admin/builder/spi-builder-workspace/.derivedData/Build/Intermediates.noindex/FacialAttributeDetection.build/Debug-watchos/FacialAttributeDetection_FaceCoveringDetection-b.build/FacialAttributeDetection_FaceCoveringDetection.DependencyMetadataFileList
WriteAuxiliaryFile /Users/admin/builder/spi-builder-workspace/.derivedData/Build/Intermediates.noindex/FacialAttributeDetection.build/Debug-watchos/FacialAttributeDetection_EyewearDetection-b.build/FacialAttributeDetection_EyewearDetection.DependencyMetadataFileList (in target 'FacialAttributeDetection_EyewearDetection' from project 'FacialAttributeDetection')
    cd /Users/admin/builder/spi-builder-workspace
    write-file /Users/admin/builder/spi-builder-workspace/.derivedData/Build/Intermediates.noindex/FacialAttributeDetection.build/Debug-watchos/FacialAttributeDetection_EyewearDetection-b.build/FacialAttributeDetection_EyewearDetection.DependencyMetadataFileList
WriteAuxiliaryFile /Users/admin/builder/spi-builder-workspace/.derivedData/Build/Intermediates.noindex/FacialAttributeDetection.build/Debug-watchos/FacialAttributeDetection_EyewearDetection-b.build/FacialAttributeDetection_EyewearDetection.DependencyStaticMetadataFileList (in target 'FacialAttributeDetection_EyewearDetection' from project 'FacialAttributeDetection')
    cd /Users/admin/builder/spi-builder-workspace
    write-file /Users/admin/builder/spi-builder-workspace/.derivedData/Build/Intermediates.noindex/FacialAttributeDetection.build/Debug-watchos/FacialAttributeDetection_EyewearDetection-b.build/FacialAttributeDetection_EyewearDetection.DependencyStaticMetadataFileList
WriteAuxiliaryFile /Users/admin/builder/spi-builder-workspace/.derivedData/Build/Intermediates.noindex/FacialAttributeDetection.build/Debug-watchos/FacialAttributeDetection_EyewearDetection-b.build/043fd5ca01bc884b3af4a2360fea0425.sb (in target 'FacialAttributeDetection_EyewearDetection' from project 'FacialAttributeDetection')
    cd /Users/admin/builder/spi-builder-workspace
    write-file /Users/admin/builder/spi-builder-workspace/.derivedData/Build/Intermediates.noindex/FacialAttributeDetection.build/Debug-watchos/FacialAttributeDetection_EyewearDetection-b.build/043fd5ca01bc884b3af4a2360fea0425.sb
WriteAuxiliaryFile /Users/admin/builder/spi-builder-workspace/.derivedData/Build/Intermediates.noindex/FacialAttributeDetection.build/Debug-watchos/FacialAttributeDetectionCore-t.build/Objects-normal/arm64_32/FacialAttributeDetectionCore.SwiftFileList (in target 'FacialAttributeDetectionCore' from project 'FacialAttributeDetection')
    cd /Users/admin/builder/spi-builder-workspace
    write-file /Users/admin/builder/spi-builder-workspace/.derivedData/Build/Intermediates.noindex/FacialAttributeDetection.build/Debug-watchos/FacialAttributeDetectionCore-t.build/Objects-normal/arm64_32/FacialAttributeDetectionCore.SwiftFileList
WriteAuxiliaryFile /Users/admin/builder/spi-builder-workspace/.derivedData/Build/Intermediates.noindex/FacialAttributeDetection.build/Debug-watchos/FacialAttributeDetectionCore-t.build/Objects-normal/arm64_32/FacialAttributeDetectionCore_const_extract_protocols.json (in target 'FacialAttributeDetectionCore' from project 'FacialAttributeDetection')
    cd /Users/admin/builder/spi-builder-workspace
    write-file /Users/admin/builder/spi-builder-workspace/.derivedData/Build/Intermediates.noindex/FacialAttributeDetection.build/Debug-watchos/FacialAttributeDetectionCore-t.build/Objects-normal/arm64_32/FacialAttributeDetectionCore_const_extract_protocols.json
WriteAuxiliaryFile /Users/admin/builder/spi-builder-workspace/.derivedData/Build/Intermediates.noindex/FacialAttributeDetection.build/Debug-watchos/FacialAttributeDetectionCore-t.build/Objects-normal/arm64_32/FacialAttributeDetectionCore.SwiftConstValuesFileList (in target 'FacialAttributeDetectionCore' from project 'FacialAttributeDetection')
    cd /Users/admin/builder/spi-builder-workspace
    write-file /Users/admin/builder/spi-builder-workspace/.derivedData/Build/Intermediates.noindex/FacialAttributeDetection.build/Debug-watchos/FacialAttributeDetectionCore-t.build/Objects-normal/arm64_32/FacialAttributeDetectionCore.SwiftConstValuesFileList
WriteAuxiliaryFile /Users/admin/builder/spi-builder-workspace/.derivedData/Build/Intermediates.noindex/FacialAttributeDetection.build/Debug-watchos/FacialAttributeDetectionCore-t.build/Objects-normal/arm64_32/FacialAttributeDetectionCore.LinkFileList (in target 'FacialAttributeDetectionCore' from project 'FacialAttributeDetection')
    cd /Users/admin/builder/spi-builder-workspace
    write-file /Users/admin/builder/spi-builder-workspace/.derivedData/Build/Intermediates.noindex/FacialAttributeDetection.build/Debug-watchos/FacialAttributeDetectionCore-t.build/Objects-normal/arm64_32/FacialAttributeDetectionCore.LinkFileList
WriteAuxiliaryFile /Users/admin/builder/spi-builder-workspace/.derivedData/Build/Intermediates.noindex/FacialAttributeDetection.build/Debug-watchos/FacialAttributeDetectionCore-t.build/Objects-normal/arm64_32/FacialAttributeDetectionCore-OutputFileMap.json (in target 'FacialAttributeDetectionCore' from project 'FacialAttributeDetection')
    cd /Users/admin/builder/spi-builder-workspace
    write-file /Users/admin/builder/spi-builder-workspace/.derivedData/Build/Intermediates.noindex/FacialAttributeDetection.build/Debug-watchos/FacialAttributeDetectionCore-t.build/Objects-normal/arm64_32/FacialAttributeDetectionCore-OutputFileMap.json
WriteAuxiliaryFile /Users/admin/builder/spi-builder-workspace/.derivedData/Build/Intermediates.noindex/FacialAttributeDetection.build/Debug-watchos/FacialAttributeDetectionCore-t.build/Objects-normal/arm64/FacialAttributeDetectionCore_const_extract_protocols.json (in target 'FacialAttributeDetectionCore' from project 'FacialAttributeDetection')
    cd /Users/admin/builder/spi-builder-workspace
    write-file /Users/admin/builder/spi-builder-workspace/.derivedData/Build/Intermediates.noindex/FacialAttributeDetection.build/Debug-watchos/FacialAttributeDetectionCore-t.build/Objects-normal/arm64/FacialAttributeDetectionCore_const_extract_protocols.json
WriteAuxiliaryFile /Users/admin/builder/spi-builder-workspace/.derivedData/Build/Intermediates.noindex/FacialAttributeDetection.build/Debug-watchos/FacialAttributeDetectionCore-t.build/Objects-normal/arm64/FacialAttributeDetectionCore.SwiftFileList (in target 'FacialAttributeDetectionCore' from project 'FacialAttributeDetection')
    cd /Users/admin/builder/spi-builder-workspace
    write-file /Users/admin/builder/spi-builder-workspace/.derivedData/Build/Intermediates.noindex/FacialAttributeDetection.build/Debug-watchos/FacialAttributeDetectionCore-t.build/Objects-normal/arm64/FacialAttributeDetectionCore.SwiftFileList
WriteAuxiliaryFile /Users/admin/builder/spi-builder-workspace/.derivedData/Build/Intermediates.noindex/FacialAttributeDetection.build/Debug-watchos/FacialAttributeDetectionCore-t.build/Objects-normal/arm64/FacialAttributeDetectionCore.SwiftConstValuesFileList (in target 'FacialAttributeDetectionCore' from project 'FacialAttributeDetection')
    cd /Users/admin/builder/spi-builder-workspace
    write-file /Users/admin/builder/spi-builder-workspace/.derivedData/Build/Intermediates.noindex/FacialAttributeDetection.build/Debug-watchos/FacialAttributeDetectionCore-t.build/Objects-normal/arm64/FacialAttributeDetectionCore.SwiftConstValuesFileList
WriteAuxiliaryFile /Users/admin/builder/spi-builder-workspace/.derivedData/Build/Intermediates.noindex/FacialAttributeDetection.build/Debug-watchos/FacialAttributeDetectionCore-t.build/Objects-normal/arm64/FacialAttributeDetectionCore.LinkFileList (in target 'FacialAttributeDetectionCore' from project 'FacialAttributeDetection')
    cd /Users/admin/builder/spi-builder-workspace
    write-file /Users/admin/builder/spi-builder-workspace/.derivedData/Build/Intermediates.noindex/FacialAttributeDetection.build/Debug-watchos/FacialAttributeDetectionCore-t.build/Objects-normal/arm64/FacialAttributeDetectionCore.LinkFileList
WriteAuxiliaryFile /Users/admin/builder/spi-builder-workspace/.derivedData/Build/Intermediates.noindex/FacialAttributeDetection.build/Debug-watchos/FacialAttributeDetectionCore-t.build/Objects-normal/arm64/FacialAttributeDetectionCore-OutputFileMap.json (in target 'FacialAttributeDetectionCore' from project 'FacialAttributeDetection')
    cd /Users/admin/builder/spi-builder-workspace
    write-file /Users/admin/builder/spi-builder-workspace/.derivedData/Build/Intermediates.noindex/FacialAttributeDetection.build/Debug-watchos/FacialAttributeDetectionCore-t.build/Objects-normal/arm64/FacialAttributeDetectionCore-OutputFileMap.json
WriteAuxiliaryFile /Users/admin/builder/spi-builder-workspace/.derivedData/Build/Intermediates.noindex/FacialAttributeDetection.build/Debug-watchos/FacialAttributeDetectionCore-t.build/FacialAttributeDetectionCore.modulemap (in target 'FacialAttributeDetectionCore' from project 'FacialAttributeDetection')
    cd /Users/admin/builder/spi-builder-workspace
    write-file /Users/admin/builder/spi-builder-workspace/.derivedData/Build/Intermediates.noindex/FacialAttributeDetection.build/Debug-watchos/FacialAttributeDetectionCore-t.build/FacialAttributeDetectionCore.modulemap
WriteAuxiliaryFile /Users/admin/builder/spi-builder-workspace/.derivedData/Build/Intermediates.noindex/FacialAttributeDetection.build/Debug-watchos/FacialAttributeDetectionCore-t.build/FacialAttributeDetectionCore.DependencyStaticMetadataFileList (in target 'FacialAttributeDetectionCore' from project 'FacialAttributeDetection')
    cd /Users/admin/builder/spi-builder-workspace
    write-file /Users/admin/builder/spi-builder-workspace/.derivedData/Build/Intermediates.noindex/FacialAttributeDetection.build/Debug-watchos/FacialAttributeDetectionCore-t.build/FacialAttributeDetectionCore.DependencyStaticMetadataFileList
WriteAuxiliaryFile /Users/admin/builder/spi-builder-workspace/.derivedData/Build/Intermediates.noindex/FacialAttributeDetection.build/Debug-watchos/FacialAttributeDetectionCore-t.build/FacialAttributeDetectionCore.DependencyMetadataFileList (in target 'FacialAttributeDetectionCore' from project 'FacialAttributeDetection')
    cd /Users/admin/builder/spi-builder-workspace
    write-file /Users/admin/builder/spi-builder-workspace/.derivedData/Build/Intermediates.noindex/FacialAttributeDetection.build/Debug-watchos/FacialAttributeDetectionCore-t.build/FacialAttributeDetectionCore.DependencyMetadataFileList
WriteAuxiliaryFile /Users/admin/builder/spi-builder-workspace/.derivedData/Build/Intermediates.noindex/FacialAttributeDetection.build/Debug-watchos/FaceCoveringDetection-t.build/Objects-normal/arm64_32/FaceCoveringDetection_const_extract_protocols.json (in target 'FaceCoveringDetection' from project 'FacialAttributeDetection')
    cd /Users/admin/builder/spi-builder-workspace
    write-file /Users/admin/builder/spi-builder-workspace/.derivedData/Build/Intermediates.noindex/FacialAttributeDetection.build/Debug-watchos/FaceCoveringDetection-t.build/Objects-normal/arm64_32/FaceCoveringDetection_const_extract_protocols.json
WriteAuxiliaryFile /Users/admin/builder/spi-builder-workspace/.derivedData/Build/Intermediates.noindex/FacialAttributeDetection.build/Debug-watchos/FaceCoveringDetection-t.build/Objects-normal/arm64_32/FaceCoveringDetection.SwiftFileList (in target 'FaceCoveringDetection' from project 'FacialAttributeDetection')
    cd /Users/admin/builder/spi-builder-workspace
    write-file /Users/admin/builder/spi-builder-workspace/.derivedData/Build/Intermediates.noindex/FacialAttributeDetection.build/Debug-watchos/FaceCoveringDetection-t.build/Objects-normal/arm64_32/FaceCoveringDetection.SwiftFileList
WriteAuxiliaryFile /Users/admin/builder/spi-builder-workspace/.derivedData/Build/Intermediates.noindex/FacialAttributeDetection.build/Debug-watchos/FaceCoveringDetection-t.build/Objects-normal/arm64_32/FaceCoveringDetection.SwiftConstValuesFileList (in target 'FaceCoveringDetection' from project 'FacialAttributeDetection')
    cd /Users/admin/builder/spi-builder-workspace
    write-file /Users/admin/builder/spi-builder-workspace/.derivedData/Build/Intermediates.noindex/FacialAttributeDetection.build/Debug-watchos/FaceCoveringDetection-t.build/Objects-normal/arm64_32/FaceCoveringDetection.SwiftConstValuesFileList
WriteAuxiliaryFile /Users/admin/builder/spi-builder-workspace/.derivedData/Build/Intermediates.noindex/FacialAttributeDetection.build/Debug-watchos/FaceCoveringDetection-t.build/Objects-normal/arm64_32/FaceCoveringDetection.LinkFileList (in target 'FaceCoveringDetection' from project 'FacialAttributeDetection')
    cd /Users/admin/builder/spi-builder-workspace
    write-file /Users/admin/builder/spi-builder-workspace/.derivedData/Build/Intermediates.noindex/FacialAttributeDetection.build/Debug-watchos/FaceCoveringDetection-t.build/Objects-normal/arm64_32/FaceCoveringDetection.LinkFileList
WriteAuxiliaryFile /Users/admin/builder/spi-builder-workspace/.derivedData/Build/Intermediates.noindex/FacialAttributeDetection.build/Debug-watchos/FaceCoveringDetection-t.build/Objects-normal/arm64_32/FaceCoveringDetection-OutputFileMap.json (in target 'FaceCoveringDetection' from project 'FacialAttributeDetection')
    cd /Users/admin/builder/spi-builder-workspace
    write-file /Users/admin/builder/spi-builder-workspace/.derivedData/Build/Intermediates.noindex/FacialAttributeDetection.build/Debug-watchos/FaceCoveringDetection-t.build/Objects-normal/arm64_32/FaceCoveringDetection-OutputFileMap.json
WriteAuxiliaryFile /Users/admin/builder/spi-builder-workspace/.derivedData/Build/Intermediates.noindex/FacialAttributeDetection.build/Debug-watchos/FaceCoveringDetection-t.build/Objects-normal/arm64/FaceCoveringDetection_const_extract_protocols.json (in target 'FaceCoveringDetection' from project 'FacialAttributeDetection')
    cd /Users/admin/builder/spi-builder-workspace
    write-file /Users/admin/builder/spi-builder-workspace/.derivedData/Build/Intermediates.noindex/FacialAttributeDetection.build/Debug-watchos/FaceCoveringDetection-t.build/Objects-normal/arm64/FaceCoveringDetection_const_extract_protocols.json
WriteAuxiliaryFile /Users/admin/builder/spi-builder-workspace/.derivedData/Build/Intermediates.noindex/FacialAttributeDetection.build/Debug-watchos/FaceCoveringDetection-t.build/Objects-normal/arm64/FaceCoveringDetection.SwiftFileList (in target 'FaceCoveringDetection' from project 'FacialAttributeDetection')
    cd /Users/admin/builder/spi-builder-workspace
    write-file /Users/admin/builder/spi-builder-workspace/.derivedData/Build/Intermediates.noindex/FacialAttributeDetection.build/Debug-watchos/FaceCoveringDetection-t.build/Objects-normal/arm64/FaceCoveringDetection.SwiftFileList
Copy /Users/admin/builder/spi-builder-workspace/.derivedData/Build/Intermediates.noindex/GeneratedModuleMaps-watchos/FacialAttributeDetectionCore.modulemap /Users/admin/builder/spi-builder-workspace/.derivedData/Build/Intermediates.noindex/FacialAttributeDetection.build/Debug-watchos/FacialAttributeDetectionCore-t.build/FacialAttributeDetectionCore.modulemap (in target 'FacialAttributeDetectionCore' from project 'FacialAttributeDetection')
    cd /Users/admin/builder/spi-builder-workspace
    builtin-copy -exclude .DS_Store -exclude CVS -exclude .svn -exclude .git -exclude .hg -resolve-src-symlinks /Users/admin/builder/spi-builder-workspace/.derivedData/Build/Intermediates.noindex/FacialAttributeDetection.build/Debug-watchos/FacialAttributeDetectionCore-t.build/FacialAttributeDetectionCore.modulemap /Users/admin/builder/spi-builder-workspace/.derivedData/Build/Intermediates.noindex/GeneratedModuleMaps-watchos
WriteAuxiliaryFile /Users/admin/builder/spi-builder-workspace/.derivedData/Build/Intermediates.noindex/FacialAttributeDetection.build/Debug-watchos/FaceCoveringDetection-t.build/Objects-normal/arm64/FaceCoveringDetection.SwiftConstValuesFileList (in target 'FaceCoveringDetection' from project 'FacialAttributeDetection')
    cd /Users/admin/builder/spi-builder-workspace
    write-file /Users/admin/builder/spi-builder-workspace/.derivedData/Build/Intermediates.noindex/FacialAttributeDetection.build/Debug-watchos/FaceCoveringDetection-t.build/Objects-normal/arm64/FaceCoveringDetection.SwiftConstValuesFileList
WriteAuxiliaryFile /Users/admin/builder/spi-builder-workspace/.derivedData/Build/Intermediates.noindex/FacialAttributeDetection.build/Debug-watchos/FaceCoveringDetection-t.build/Objects-normal/arm64/FaceCoveringDetection.LinkFileList (in target 'FaceCoveringDetection' from project 'FacialAttributeDetection')
    cd /Users/admin/builder/spi-builder-workspace
    write-file /Users/admin/builder/spi-builder-workspace/.derivedData/Build/Intermediates.noindex/FacialAttributeDetection.build/Debug-watchos/FaceCoveringDetection-t.build/Objects-normal/arm64/FaceCoveringDetection.LinkFileList
WriteAuxiliaryFile /Users/admin/builder/spi-builder-workspace/.derivedData/Build/Intermediates.noindex/FacialAttributeDetection.build/Debug-watchos/FaceCoveringDetection-t.build/Objects-normal/arm64/FaceCoveringDetection-OutputFileMap.json (in target 'FaceCoveringDetection' from project 'FacialAttributeDetection')
    cd /Users/admin/builder/spi-builder-workspace
    write-file /Users/admin/builder/spi-builder-workspace/.derivedData/Build/Intermediates.noindex/FacialAttributeDetection.build/Debug-watchos/FaceCoveringDetection-t.build/Objects-normal/arm64/FaceCoveringDetection-OutputFileMap.json
WriteAuxiliaryFile /Users/admin/builder/spi-builder-workspace/.derivedData/Build/Intermediates.noindex/FacialAttributeDetection.build/Debug-watchos/FaceCoveringDetection-t.build/FaceCoveringDetection.modulemap (in target 'FaceCoveringDetection' from project 'FacialAttributeDetection')
    cd /Users/admin/builder/spi-builder-workspace
    write-file /Users/admin/builder/spi-builder-workspace/.derivedData/Build/Intermediates.noindex/FacialAttributeDetection.build/Debug-watchos/FaceCoveringDetection-t.build/FaceCoveringDetection.modulemap
WriteAuxiliaryFile /Users/admin/builder/spi-builder-workspace/.derivedData/Build/Intermediates.noindex/FacialAttributeDetection.build/Debug-watchos/FaceCoveringDetection-t.build/FaceCoveringDetection.DependencyStaticMetadataFileList (in target 'FaceCoveringDetection' from project 'FacialAttributeDetection')
    cd /Users/admin/builder/spi-builder-workspace
    write-file /Users/admin/builder/spi-builder-workspace/.derivedData/Build/Intermediates.noindex/FacialAttributeDetection.build/Debug-watchos/FaceCoveringDetection-t.build/FaceCoveringDetection.DependencyStaticMetadataFileList
WriteAuxiliaryFile /Users/admin/builder/spi-builder-workspace/.derivedData/Build/Intermediates.noindex/FacialAttributeDetection.build/Debug-watchos/FaceCoveringDetection-t.build/FaceCoveringDetection.DependencyMetadataFileList (in target 'FaceCoveringDetection' from project 'FacialAttributeDetection')
    cd /Users/admin/builder/spi-builder-workspace
    write-file /Users/admin/builder/spi-builder-workspace/.derivedData/Build/Intermediates.noindex/FacialAttributeDetection.build/Debug-watchos/FaceCoveringDetection-t.build/FaceCoveringDetection.DependencyMetadataFileList
WriteAuxiliaryFile /Users/admin/builder/spi-builder-workspace/.derivedData/Build/Intermediates.noindex/FacialAttributeDetection.build/Debug-watchos/FaceCoveringDetection-t.build/8466515ab5ee0bca715ff50c183196e0.sb (in target 'FaceCoveringDetection' from project 'FacialAttributeDetection')
    cd /Users/admin/builder/spi-builder-workspace
    write-file /Users/admin/builder/spi-builder-workspace/.derivedData/Build/Intermediates.noindex/FacialAttributeDetection.build/Debug-watchos/FaceCoveringDetection-t.build/8466515ab5ee0bca715ff50c183196e0.sb
WriteAuxiliaryFile /Users/admin/builder/spi-builder-workspace/.derivedData/Build/Intermediates.noindex/FacialAttributeDetection.build/Debug-watchos/FaceCoveringDetection-t.build/58573ad7eff9a179cf8cc98f43533d72.sb (in target 'FaceCoveringDetection' from project 'FacialAttributeDetection')
    cd /Users/admin/builder/spi-builder-workspace
    write-file /Users/admin/builder/spi-builder-workspace/.derivedData/Build/Intermediates.noindex/FacialAttributeDetection.build/Debug-watchos/FaceCoveringDetection-t.build/58573ad7eff9a179cf8cc98f43533d72.sb
WriteAuxiliaryFile /Users/admin/builder/spi-builder-workspace/.derivedData/Build/Intermediates.noindex/FacialAttributeDetection.build/Debug-watchos/FaceCoveringDetection-t.build/DerivedSources/resource_bundle_accessor.swift (in target 'FaceCoveringDetection' from project 'FacialAttributeDetection')
    cd /Users/admin/builder/spi-builder-workspace
    write-file /Users/admin/builder/spi-builder-workspace/.derivedData/Build/Intermediates.noindex/FacialAttributeDetection.build/Debug-watchos/FaceCoveringDetection-t.build/DerivedSources/resource_bundle_accessor.swift
WriteAuxiliaryFile /Users/admin/builder/spi-builder-workspace/.derivedData/Build/Intermediates.noindex/FacialAttributeDetection.build/Debug-watchos/EyewearDetection-t.build/e18fea5299eae74f749e3ff2730c0bc2.sb (in target 'EyewearDetection' from project 'FacialAttributeDetection')
    cd /Users/admin/builder/spi-builder-workspace
    write-file /Users/admin/builder/spi-builder-workspace/.derivedData/Build/Intermediates.noindex/FacialAttributeDetection.build/Debug-watchos/EyewearDetection-t.build/e18fea5299eae74f749e3ff2730c0bc2.sb
WriteAuxiliaryFile /Users/admin/builder/spi-builder-workspace/.derivedData/Build/Intermediates.noindex/FacialAttributeDetection.build/Debug-watchos/EyewearDetection-t.build/ad9c92818687f301c68112f43e682fcc.sb (in target 'EyewearDetection' from project 'FacialAttributeDetection')
    cd /Users/admin/builder/spi-builder-workspace
    write-file /Users/admin/builder/spi-builder-workspace/.derivedData/Build/Intermediates.noindex/FacialAttributeDetection.build/Debug-watchos/EyewearDetection-t.build/ad9c92818687f301c68112f43e682fcc.sb
WriteAuxiliaryFile /Users/admin/builder/spi-builder-workspace/.derivedData/Build/Intermediates.noindex/FacialAttributeDetection.build/Debug-watchos/EyewearDetection-t.build/Objects-normal/arm64_32/EyewearDetection.SwiftFileList (in target 'EyewearDetection' from project 'FacialAttributeDetection')
    cd /Users/admin/builder/spi-builder-workspace
    write-file /Users/admin/builder/spi-builder-workspace/.derivedData/Build/Intermediates.noindex/FacialAttributeDetection.build/Debug-watchos/EyewearDetection-t.build/Objects-normal/arm64_32/EyewearDetection.SwiftFileList
WriteAuxiliaryFile /Users/admin/builder/spi-builder-workspace/.derivedData/Build/Intermediates.noindex/FacialAttributeDetection.build/Debug-watchos/EyewearDetection-t.build/Objects-normal/arm64_32/EyewearDetection_const_extract_protocols.json (in target 'EyewearDetection' from project 'FacialAttributeDetection')
    cd /Users/admin/builder/spi-builder-workspace
    write-file /Users/admin/builder/spi-builder-workspace/.derivedData/Build/Intermediates.noindex/FacialAttributeDetection.build/Debug-watchos/EyewearDetection-t.build/Objects-normal/arm64_32/EyewearDetection_const_extract_protocols.json
Copy /Users/admin/builder/spi-builder-workspace/.derivedData/Build/Intermediates.noindex/GeneratedModuleMaps-watchos/FaceCoveringDetection.modulemap /Users/admin/builder/spi-builder-workspace/.derivedData/Build/Intermediates.noindex/FacialAttributeDetection.build/Debug-watchos/FaceCoveringDetection-t.build/FaceCoveringDetection.modulemap (in target 'FaceCoveringDetection' from project 'FacialAttributeDetection')
    cd /Users/admin/builder/spi-builder-workspace
    builtin-copy -exclude .DS_Store -exclude CVS -exclude .svn -exclude .git -exclude .hg -resolve-src-symlinks /Users/admin/builder/spi-builder-workspace/.derivedData/Build/Intermediates.noindex/FacialAttributeDetection.build/Debug-watchos/FaceCoveringDetection-t.build/FaceCoveringDetection.modulemap /Users/admin/builder/spi-builder-workspace/.derivedData/Build/Intermediates.noindex/GeneratedModuleMaps-watchos
WriteAuxiliaryFile /Users/admin/builder/spi-builder-workspace/.derivedData/Build/Intermediates.noindex/FacialAttributeDetection.build/Debug-watchos/EyewearDetection-t.build/Objects-normal/arm64_32/EyewearDetection.SwiftConstValuesFileList (in target 'EyewearDetection' from project 'FacialAttributeDetection')
    cd /Users/admin/builder/spi-builder-workspace
    write-file /Users/admin/builder/spi-builder-workspace/.derivedData/Build/Intermediates.noindex/FacialAttributeDetection.build/Debug-watchos/EyewearDetection-t.build/Objects-normal/arm64_32/EyewearDetection.SwiftConstValuesFileList
WriteAuxiliaryFile /Users/admin/builder/spi-builder-workspace/.derivedData/Build/Intermediates.noindex/FacialAttributeDetection.build/Debug-watchos/EyewearDetection-t.build/Objects-normal/arm64_32/EyewearDetection.LinkFileList (in target 'EyewearDetection' from project 'FacialAttributeDetection')
    cd /Users/admin/builder/spi-builder-workspace
    write-file /Users/admin/builder/spi-builder-workspace/.derivedData/Build/Intermediates.noindex/FacialAttributeDetection.build/Debug-watchos/EyewearDetection-t.build/Objects-normal/arm64_32/EyewearDetection.LinkFileList
WriteAuxiliaryFile /Users/admin/builder/spi-builder-workspace/.derivedData/Build/Intermediates.noindex/FacialAttributeDetection.build/Debug-watchos/EyewearDetection-t.build/Objects-normal/arm64_32/EyewearDetection-OutputFileMap.json (in target 'EyewearDetection' from project 'FacialAttributeDetection')
    cd /Users/admin/builder/spi-builder-workspace
    write-file /Users/admin/builder/spi-builder-workspace/.derivedData/Build/Intermediates.noindex/FacialAttributeDetection.build/Debug-watchos/EyewearDetection-t.build/Objects-normal/arm64_32/EyewearDetection-OutputFileMap.json
WriteAuxiliaryFile /Users/admin/builder/spi-builder-workspace/.derivedData/Build/Intermediates.noindex/FacialAttributeDetection.build/Debug-watchos/EyewearDetection-t.build/Objects-normal/arm64/EyewearDetection_const_extract_protocols.json (in target 'EyewearDetection' from project 'FacialAttributeDetection')
    cd /Users/admin/builder/spi-builder-workspace
    write-file /Users/admin/builder/spi-builder-workspace/.derivedData/Build/Intermediates.noindex/FacialAttributeDetection.build/Debug-watchos/EyewearDetection-t.build/Objects-normal/arm64/EyewearDetection_const_extract_protocols.json
WriteAuxiliaryFile /Users/admin/builder/spi-builder-workspace/.derivedData/Build/Intermediates.noindex/FacialAttributeDetection.build/Debug-watchos/EyewearDetection-t.build/Objects-normal/arm64/EyewearDetection.SwiftFileList (in target 'EyewearDetection' from project 'FacialAttributeDetection')
    cd /Users/admin/builder/spi-builder-workspace
    write-file /Users/admin/builder/spi-builder-workspace/.derivedData/Build/Intermediates.noindex/FacialAttributeDetection.build/Debug-watchos/EyewearDetection-t.build/Objects-normal/arm64/EyewearDetection.SwiftFileList
WriteAuxiliaryFile /Users/admin/builder/spi-builder-workspace/.derivedData/Build/Intermediates.noindex/FacialAttributeDetection.build/Debug-watchos/EyewearDetection-t.build/Objects-normal/arm64/EyewearDetection.SwiftConstValuesFileList (in target 'EyewearDetection' from project 'FacialAttributeDetection')
    cd /Users/admin/builder/spi-builder-workspace
    write-file /Users/admin/builder/spi-builder-workspace/.derivedData/Build/Intermediates.noindex/FacialAttributeDetection.build/Debug-watchos/EyewearDetection-t.build/Objects-normal/arm64/EyewearDetection.SwiftConstValuesFileList
WriteAuxiliaryFile /Users/admin/builder/spi-builder-workspace/.derivedData/Build/Intermediates.noindex/FacialAttributeDetection.build/Debug-watchos/EyewearDetection-t.build/Objects-normal/arm64/EyewearDetection.LinkFileList (in target 'EyewearDetection' from project 'FacialAttributeDetection')
    cd /Users/admin/builder/spi-builder-workspace
    write-file /Users/admin/builder/spi-builder-workspace/.derivedData/Build/Intermediates.noindex/FacialAttributeDetection.build/Debug-watchos/EyewearDetection-t.build/Objects-normal/arm64/EyewearDetection.LinkFileList
WriteAuxiliaryFile /Users/admin/builder/spi-builder-workspace/.derivedData/Build/Intermediates.noindex/FacialAttributeDetection.build/Debug-watchos/EyewearDetection-t.build/Objects-normal/arm64/EyewearDetection-OutputFileMap.json (in target 'EyewearDetection' from project 'FacialAttributeDetection')
    cd /Users/admin/builder/spi-builder-workspace
    write-file /Users/admin/builder/spi-builder-workspace/.derivedData/Build/Intermediates.noindex/FacialAttributeDetection.build/Debug-watchos/EyewearDetection-t.build/Objects-normal/arm64/EyewearDetection-OutputFileMap.json
WriteAuxiliaryFile /Users/admin/builder/spi-builder-workspace/.derivedData/Build/Intermediates.noindex/FacialAttributeDetection.build/Debug-watchos/EyewearDetection-t.build/EyewearDetection.modulemap (in target 'EyewearDetection' from project 'FacialAttributeDetection')
    cd /Users/admin/builder/spi-builder-workspace
    write-file /Users/admin/builder/spi-builder-workspace/.derivedData/Build/Intermediates.noindex/FacialAttributeDetection.build/Debug-watchos/EyewearDetection-t.build/EyewearDetection.modulemap
WriteAuxiliaryFile /Users/admin/builder/spi-builder-workspace/.derivedData/Build/Intermediates.noindex/FacialAttributeDetection.build/Debug-watchos/EyewearDetection-t.build/EyewearDetection.DependencyStaticMetadataFileList (in target 'EyewearDetection' from project 'FacialAttributeDetection')
    cd /Users/admin/builder/spi-builder-workspace
    write-file /Users/admin/builder/spi-builder-workspace/.derivedData/Build/Intermediates.noindex/FacialAttributeDetection.build/Debug-watchos/EyewearDetection-t.build/EyewearDetection.DependencyStaticMetadataFileList
WriteAuxiliaryFile /Users/admin/builder/spi-builder-workspace/.derivedData/Build/Intermediates.noindex/FacialAttributeDetection.build/Debug-watchos/EyewearDetection-t.build/EyewearDetection.DependencyMetadataFileList (in target 'EyewearDetection' from project 'FacialAttributeDetection')
    cd /Users/admin/builder/spi-builder-workspace
    write-file /Users/admin/builder/spi-builder-workspace/.derivedData/Build/Intermediates.noindex/FacialAttributeDetection.build/Debug-watchos/EyewearDetection-t.build/EyewearDetection.DependencyMetadataFileList
MkDir /Users/admin/builder/spi-builder-workspace/.derivedData/Build/Products/Debug-watchos/PackageFrameworks/VerIDCommonTypes.framework (in target 'VerIDCommonTypes-product' from project 'VerIDCommonTypes')
    cd /Users/admin/builder/spi-builder-workspace/.dependencies/checkouts/Ver-ID-Common-Types-Apple
    /bin/mkdir -p /Users/admin/builder/spi-builder-workspace/.derivedData/Build/Products/Debug-watchos/PackageFrameworks/VerIDCommonTypes.framework
WriteAuxiliaryFile /Users/admin/builder/spi-builder-workspace/.derivedData/Build/Intermediates.noindex/FacialAttributeDetection.build/Debug-watchos/EyewearDetection-t.build/DerivedSources/resource_bundle_accessor.swift (in target 'EyewearDetection' from project 'FacialAttributeDetection')
    cd /Users/admin/builder/spi-builder-workspace
    write-file /Users/admin/builder/spi-builder-workspace/.derivedData/Build/Intermediates.noindex/FacialAttributeDetection.build/Debug-watchos/EyewearDetection-t.build/DerivedSources/resource_bundle_accessor.swift
MkDir /Users/admin/builder/spi-builder-workspace/.derivedData/Build/Products/Debug-watchos/FacialAttributeDetection_FaceCoveringDetection.bundle (in target 'FacialAttributeDetection_FaceCoveringDetection' from project 'FacialAttributeDetection')
    cd /Users/admin/builder/spi-builder-workspace
    /bin/mkdir -p /Users/admin/builder/spi-builder-workspace/.derivedData/Build/Products/Debug-watchos/FacialAttributeDetection_FaceCoveringDetection.bundle
Copy /Users/admin/builder/spi-builder-workspace/.derivedData/Build/Intermediates.noindex/GeneratedModuleMaps-watchos/EyewearDetection.modulemap /Users/admin/builder/spi-builder-workspace/.derivedData/Build/Intermediates.noindex/FacialAttributeDetection.build/Debug-watchos/EyewearDetection-t.build/EyewearDetection.modulemap (in target 'EyewearDetection' from project 'FacialAttributeDetection')
    cd /Users/admin/builder/spi-builder-workspace
    builtin-copy -exclude .DS_Store -exclude CVS -exclude .svn -exclude .git -exclude .hg -resolve-src-symlinks /Users/admin/builder/spi-builder-workspace/.derivedData/Build/Intermediates.noindex/FacialAttributeDetection.build/Debug-watchos/EyewearDetection-t.build/EyewearDetection.modulemap /Users/admin/builder/spi-builder-workspace/.derivedData/Build/Intermediates.noindex/GeneratedModuleMaps-watchos
MkDir /Users/admin/builder/spi-builder-workspace/.derivedData/Build/Products/Debug-watchos/FacialAttributeDetection_EyewearDetection.bundle (in target 'FacialAttributeDetection_EyewearDetection' from project 'FacialAttributeDetection')
    cd /Users/admin/builder/spi-builder-workspace
    /bin/mkdir -p /Users/admin/builder/spi-builder-workspace/.derivedData/Build/Products/Debug-watchos/FacialAttributeDetection_EyewearDetection.bundle
CoreMLModelCompile /Users/admin/builder/spi-builder-workspace/.derivedData/Build/Products/Debug-watchos/FacialAttributeDetection_FaceCoveringDetection.bundle/ /Users/admin/builder/spi-builder-workspace/Sources/FaceCoveringDetection/Resources/FaceCovering.mlpackage (in target 'FacialAttributeDetection_FaceCoveringDetection' from project 'FacialAttributeDetection')
    cd /Users/admin/builder/spi-builder-workspace
    /usr/bin/sandbox-exec -D SCRIPT_OUTPUT_FILE_0\=/Users/admin/builder/spi-builder-workspace/.derivedData/Build/Products/Debug-watchos/FacialAttributeDetection_FaceCoveringDetection.bundle/FaceCovering.mlmodelc -D SCRIPT_OUTPUT_FILE_1\=/Users/admin/builder/spi-builder-workspace/.derivedData/Build/Intermediates.noindex/FacialAttributeDetection.build/Debug-watchos/FacialAttributeDetection_FaceCoveringDetection-b.build/FaceCovering-CoreMLPartialInfo.plist -D SCRIPT_INPUT_FILE_0\=/Users/admin/builder/spi-builder-workspace/Sources/FaceCoveringDetection/Resources/FaceCovering.mlpackage -D SCRIPT_INPUT_FILE_1\=/Users/admin/builder/spi-builder-workspace/Sources/FaceCoveringDetection/Resources/FaceCovering.mlpackage -D SCRIPT_INPUT_ANCESTOR_0\=/ -D SCRIPT_INPUT_ANCESTOR_1\=/Users -D SCRIPT_INPUT_ANCESTOR_2\=/Users/admin -D SCRIPT_INPUT_ANCESTOR_3\=/Users/admin/builder -D SCRIPT_INPUT_ANCESTOR_4\=/Users/admin/builder/spi-builder-workspace -D SCRIPT_INPUT_ANCESTOR_5\=/Users/admin/builder/spi-builder-workspace/Sources -D SCRIPT_INPUT_ANCESTOR_6\=/Users/admin/builder/spi-builder-workspace/Sources/FaceCoveringDetection -D SCRIPT_INPUT_ANCESTOR_7\=/Users/admin/builder/spi-builder-workspace/Sources/FaceCoveringDetection/Resources -D SCRIPT_OUTPUT_ANCESTOR_0\=/ -D SCRIPT_OUTPUT_ANCESTOR_1\=/Users -D SCRIPT_OUTPUT_ANCESTOR_2\=/Users/admin -D SCRIPT_OUTPUT_ANCESTOR_3\=/Users/admin/builder -D SCRIPT_OUTPUT_ANCESTOR_4\=/Users/admin/builder/spi-builder-workspace -D SCRIPT_OUTPUT_ANCESTOR_5\=/Users/admin/builder/spi-builder-workspace/.derivedData -D SCRIPT_OUTPUT_ANCESTOR_6\=/Users/admin/builder/spi-builder-workspace/.derivedData/Build -D SCRIPT_OUTPUT_ANCESTOR_7\=/Users/admin/builder/spi-builder-workspace/.derivedData/Build/Intermediates.noindex -D SCRIPT_OUTPUT_ANCESTOR_8\=/Users/admin/builder/spi-builder-workspace/.derivedData/Build/Intermediates.noindex/FacialAttributeDetection.build -D SCRIPT_OUTPUT_ANCESTOR_9\=/Users/admin/builder/spi-builder-workspace/.derivedData/Build/Intermediates.noindex/FacialAttributeDetection.build/Debug-watchos -D SCRIPT_OUTPUT_ANCESTOR_10\=/Users/admin/builder/spi-builder-workspace/.derivedData/Build/Intermediates.noindex/FacialAttributeDetection.build/Debug-watchos/FacialAttributeDetection_FaceCoveringDetection-b.build -D SCRIPT_OUTPUT_ANCESTOR_11\=/Users/admin/builder/spi-builder-workspace/.derivedData/Build/Products -D SCRIPT_OUTPUT_ANCESTOR_12\=/Users/admin/builder/spi-builder-workspace/.derivedData/Build/Products/Debug-watchos -D SCRIPT_OUTPUT_ANCESTOR_13\=/Users/admin/builder/spi-builder-workspace/.derivedData/Build/Products/Debug-watchos/FacialAttributeDetection_FaceCoveringDetection.bundle -D SRCROOT\=/Users/admin/builder/spi-builder-workspace -D PROJECT_DIR\=/Users/admin/builder/spi-builder-workspace -D OBJROOT\=/Users/admin/builder/spi-builder-workspace/.derivedData/Build/Intermediates.noindex -D SYMROOT\=/Users/admin/builder/spi-builder-workspace/.derivedData/Build/Products -D DSTROOT\=/tmp/FacialAttributeDetection.dst -D SHARED_PRECOMPS_DIR\=/Users/admin/builder/spi-builder-workspace/.derivedData/Build/Intermediates.noindex/PrecompiledHeaders -D CACHE_ROOT\=/var/folders/xq/y_g06wb113726d38xsyx71_h0000gn/C/com.apple.DeveloperTools/27.0-27A266a/Xcode -D CONFIGURATION_BUILD_DIR\=/Users/admin/builder/spi-builder-workspace/.derivedData/Build/Products/Debug-watchos -D CONFIGURATION_TEMP_DIR\=/Users/admin/builder/spi-builder-workspace/.derivedData/Build/Intermediates.noindex/FacialAttributeDetection.build/Debug-watchos -D LOCROOT\=/Users/admin/builder/spi-builder-workspace -D LOCSYMROOT\=/Users/admin/builder/spi-builder-workspace -D INDEX_PRECOMPS_DIR\=/Users/admin/builder/spi-builder-workspace/.derivedData/Index.noindex/PrecompiledHeaders -D INDEX_DATA_STORE_DIR\=/Users/admin/builder/spi-builder-workspace/.derivedData/Index.noindex/DataStore -D TEMP_DIR\=/Users/admin/builder/spi-builder-workspace/.derivedData/Build/Intermediates.noindex/FacialAttributeDetection.build/Debug-watchos/FacialAttributeDetection_FaceCoveringDetection-b.build -D TARGET_TEMP_DIR\=/Users/admin/builder/spi-builder-workspace/.derivedData/Build/Intermediates.noindex/FacialAttributeDetection.build/Debug-watchos/FacialAttributeDetection_FaceCoveringDetection-b.build -D DERIVED_FILE_DIR\=/Users/admin/builder/spi-builder-workspace/.derivedData/Build/Intermediates.noindex/FacialAttributeDetection.build/Debug-watchos/FacialAttributeDetection_FaceCoveringDetection-b.build/DerivedSources -f /Users/admin/builder/spi-builder-workspace/.derivedData/Build/Intermediates.noindex/FacialAttributeDetection.build/Debug-watchos/FacialAttributeDetection_FaceCoveringDetection-b.build/d6d722490ac05326b9a1b6c7e3746843.sb /Applications/Xcode-27.0.0-Release.Candidate.app/Contents/Developer/Toolchains/XcodeDefault.xctoolchain/usr/bin/coremlc compile /Users/admin/builder/spi-builder-workspace/Sources/FaceCoveringDetection/Resources/FaceCovering.mlpackage /Users/admin/builder/spi-builder-workspace/.derivedData/Build/Products/Debug-watchos/FacialAttributeDetection_FaceCoveringDetection.bundle/ --deployment-target 9.0 --sdkroot /Applications/Xcode-27.0.0-Release.Candidate.app/Contents/Developer/Platforms/WatchOS.platform/Developer/SDKs/WatchOS27.0.sdk --platform watchos --output-partial-info-plist /Users/admin/builder/spi-builder-workspace/.derivedData/Build/Intermediates.noindex/FacialAttributeDetection.build/Debug-watchos/FacialAttributeDetection_FaceCoveringDetection-b.build/FaceCovering-CoreMLPartialInfo.plist --container swift-package
/Users/admin/builder/spi-builder-workspace/.derivedData/Build/Products/Debug-watchos/FacialAttributeDetection_FaceCoveringDetection.bundle/FaceCovering.mlmodelc/coremldata.bin
CoreMLModelCompile /Users/admin/builder/spi-builder-workspace/.derivedData/Build/Products/Debug-watchos/FacialAttributeDetection_EyewearDetection.bundle/ /Users/admin/builder/spi-builder-workspace/Sources/EyewearDetection/Resources/Glasses.mlpackage (in target 'FacialAttributeDetection_EyewearDetection' from project 'FacialAttributeDetection')
    cd /Users/admin/builder/spi-builder-workspace
    /usr/bin/sandbox-exec -D SCRIPT_OUTPUT_FILE_0\=/Users/admin/builder/spi-builder-workspace/.derivedData/Build/Products/Debug-watchos/FacialAttributeDetection_EyewearDetection.bundle/Glasses.mlmodelc -D SCRIPT_OUTPUT_FILE_1\=/Users/admin/builder/spi-builder-workspace/.derivedData/Build/Intermediates.noindex/FacialAttributeDetection.build/Debug-watchos/FacialAttributeDetection_EyewearDetection-b.build/Glasses-CoreMLPartialInfo.plist -D SCRIPT_INPUT_FILE_0\=/Users/admin/builder/spi-builder-workspace/Sources/EyewearDetection/Resources/Glasses.mlpackage -D SCRIPT_INPUT_FILE_1\=/Users/admin/builder/spi-builder-workspace/Sources/EyewearDetection/Resources/Glasses.mlpackage -D SCRIPT_INPUT_ANCESTOR_0\=/ -D SCRIPT_INPUT_ANCESTOR_1\=/Users -D SCRIPT_INPUT_ANCESTOR_2\=/Users/admin -D SCRIPT_INPUT_ANCESTOR_3\=/Users/admin/builder -D SCRIPT_INPUT_ANCESTOR_4\=/Users/admin/builder/spi-builder-workspace -D SCRIPT_INPUT_ANCESTOR_5\=/Users/admin/builder/spi-builder-workspace/Sources -D SCRIPT_INPUT_ANCESTOR_6\=/Users/admin/builder/spi-builder-workspace/Sources/EyewearDetection -D SCRIPT_INPUT_ANCESTOR_7\=/Users/admin/builder/spi-builder-workspace/Sources/EyewearDetection/Resources -D SCRIPT_OUTPUT_ANCESTOR_0\=/ -D SCRIPT_OUTPUT_ANCESTOR_1\=/Users -D SCRIPT_OUTPUT_ANCESTOR_2\=/Users/admin -D SCRIPT_OUTPUT_ANCESTOR_3\=/Users/admin/builder -D SCRIPT_OUTPUT_ANCESTOR_4\=/Users/admin/builder/spi-builder-workspace -D SCRIPT_OUTPUT_ANCESTOR_5\=/Users/admin/builder/spi-builder-workspace/.derivedData -D SCRIPT_OUTPUT_ANCESTOR_6\=/Users/admin/builder/spi-builder-workspace/.derivedData/Build -D SCRIPT_OUTPUT_ANCESTOR_7\=/Users/admin/builder/spi-builder-workspace/.derivedData/Build/Intermediates.noindex -D SCRIPT_OUTPUT_ANCESTOR_8\=/Users/admin/builder/spi-builder-workspace/.derivedData/Build/Intermediates.noindex/FacialAttributeDetection.build -D SCRIPT_OUTPUT_ANCESTOR_9\=/Users/admin/builder/spi-builder-workspace/.derivedData/Build/Intermediates.noindex/FacialAttributeDetection.build/Debug-watchos -D SCRIPT_OUTPUT_ANCESTOR_10\=/Users/admin/builder/spi-builder-workspace/.derivedData/Build/Intermediates.noindex/FacialAttributeDetection.build/Debug-watchos/FacialAttributeDetection_EyewearDetection-b.build -D SCRIPT_OUTPUT_ANCESTOR_11\=/Users/admin/builder/spi-builder-workspace/.derivedData/Build/Products -D SCRIPT_OUTPUT_ANCESTOR_12\=/Users/admin/builder/spi-builder-workspace/.derivedData/Build/Products/Debug-watchos -D SCRIPT_OUTPUT_ANCESTOR_13\=/Users/admin/builder/spi-builder-workspace/.derivedData/Build/Products/Debug-watchos/FacialAttributeDetection_EyewearDetection.bundle -D SRCROOT\=/Users/admin/builder/spi-builder-workspace -D PROJECT_DIR\=/Users/admin/builder/spi-builder-workspace -D OBJROOT\=/Users/admin/builder/spi-builder-workspace/.derivedData/Build/Intermediates.noindex -D SYMROOT\=/Users/admin/builder/spi-builder-workspace/.derivedData/Build/Products -D DSTROOT\=/tmp/FacialAttributeDetection.dst -D SHARED_PRECOMPS_DIR\=/Users/admin/builder/spi-builder-workspace/.derivedData/Build/Intermediates.noindex/PrecompiledHeaders -D CACHE_ROOT\=/var/folders/xq/y_g06wb113726d38xsyx71_h0000gn/C/com.apple.DeveloperTools/27.0-27A266a/Xcode -D CONFIGURATION_BUILD_DIR\=/Users/admin/builder/spi-builder-workspace/.derivedData/Build/Products/Debug-watchos -D CONFIGURATION_TEMP_DIR\=/Users/admin/builder/spi-builder-workspace/.derivedData/Build/Intermediates.noindex/FacialAttributeDetection.build/Debug-watchos -D LOCROOT\=/Users/admin/builder/spi-builder-workspace -D LOCSYMROOT\=/Users/admin/builder/spi-builder-workspace -D INDEX_PRECOMPS_DIR\=/Users/admin/builder/spi-builder-workspace/.derivedData/Index.noindex/PrecompiledHeaders -D INDEX_DATA_STORE_DIR\=/Users/admin/builder/spi-builder-workspace/.derivedData/Index.noindex/DataStore -D TEMP_DIR\=/Users/admin/builder/spi-builder-workspace/.derivedData/Build/Intermediates.noindex/FacialAttributeDetection.build/Debug-watchos/FacialAttributeDetection_EyewearDetection-b.build -D TARGET_TEMP_DIR\=/Users/admin/builder/spi-builder-workspace/.derivedData/Build/Intermediates.noindex/FacialAttributeDetection.build/Debug-watchos/FacialAttributeDetection_EyewearDetection-b.build -D DERIVED_FILE_DIR\=/Users/admin/builder/spi-builder-workspace/.derivedData/Build/Intermediates.noindex/FacialAttributeDetection.build/Debug-watchos/FacialAttributeDetection_EyewearDetection-b.build/DerivedSources -f /Users/admin/builder/spi-builder-workspace/.derivedData/Build/Intermediates.noindex/FacialAttributeDetection.build/Debug-watchos/FacialAttributeDetection_EyewearDetection-b.build/043fd5ca01bc884b3af4a2360fea0425.sb /Applications/Xcode-27.0.0-Release.Candidate.app/Contents/Developer/Toolchains/XcodeDefault.xctoolchain/usr/bin/coremlc compile /Users/admin/builder/spi-builder-workspace/Sources/EyewearDetection/Resources/Glasses.mlpackage /Users/admin/builder/spi-builder-workspace/.derivedData/Build/Products/Debug-watchos/FacialAttributeDetection_EyewearDetection.bundle/ --deployment-target 9.0 --sdkroot /Applications/Xcode-27.0.0-Release.Candidate.app/Contents/Developer/Platforms/WatchOS.platform/Developer/SDKs/WatchOS27.0.sdk --platform watchos --output-partial-info-plist /Users/admin/builder/spi-builder-workspace/.derivedData/Build/Intermediates.noindex/FacialAttributeDetection.build/Debug-watchos/FacialAttributeDetection_EyewearDetection-b.build/Glasses-CoreMLPartialInfo.plist --container swift-package
/Users/admin/builder/spi-builder-workspace/.derivedData/Build/Products/Debug-watchos/FacialAttributeDetection_EyewearDetection.bundle/Glasses.mlmodelc/coremldata.bin
ProcessInfoPlistFile /Users/admin/builder/spi-builder-workspace/.derivedData/Build/Products/Debug-watchos/FacialAttributeDetection_FaceCoveringDetection.bundle/Info.plist /Users/admin/builder/spi-builder-workspace/.derivedData/Build/Intermediates.noindex/FacialAttributeDetection.build/Debug-watchos/FacialAttributeDetection_FaceCoveringDetection-b.build/empty-FacialAttributeDetection_FaceCoveringDetection.plist (in target 'FacialAttributeDetection_FaceCoveringDetection' from project 'FacialAttributeDetection')
    cd /Users/admin/builder/spi-builder-workspace
    builtin-infoPlistUtility /Users/admin/builder/spi-builder-workspace/.derivedData/Build/Intermediates.noindex/FacialAttributeDetection.build/Debug-watchos/FacialAttributeDetection_FaceCoveringDetection-b.build/empty-FacialAttributeDetection_FaceCoveringDetection.plist -producttype com.apple.product-type.bundle -expandbuildsettings -format binary -platform watchos -additionalcontentfile /Users/admin/builder/spi-builder-workspace/.derivedData/Build/Intermediates.noindex/FacialAttributeDetection.build/Debug-watchos/FacialAttributeDetection_FaceCoveringDetection-b.build/FaceCovering-CoreMLPartialInfo.plist -o /Users/admin/builder/spi-builder-workspace/.derivedData/Build/Products/Debug-watchos/FacialAttributeDetection_FaceCoveringDetection.bundle/Info.plist
ProcessInfoPlistFile /Users/admin/builder/spi-builder-workspace/.derivedData/Build/Products/Debug-watchos/FacialAttributeDetection_EyewearDetection.bundle/Info.plist /Users/admin/builder/spi-builder-workspace/.derivedData/Build/Intermediates.noindex/FacialAttributeDetection.build/Debug-watchos/FacialAttributeDetection_EyewearDetection-b.build/empty-FacialAttributeDetection_EyewearDetection.plist (in target 'FacialAttributeDetection_EyewearDetection' from project 'FacialAttributeDetection')
    cd /Users/admin/builder/spi-builder-workspace
    builtin-infoPlistUtility /Users/admin/builder/spi-builder-workspace/.derivedData/Build/Intermediates.noindex/FacialAttributeDetection.build/Debug-watchos/FacialAttributeDetection_EyewearDetection-b.build/empty-FacialAttributeDetection_EyewearDetection.plist -producttype com.apple.product-type.bundle -expandbuildsettings -format binary -platform watchos -additionalcontentfile /Users/admin/builder/spi-builder-workspace/.derivedData/Build/Intermediates.noindex/FacialAttributeDetection.build/Debug-watchos/FacialAttributeDetection_EyewearDetection-b.build/Glasses-CoreMLPartialInfo.plist -o /Users/admin/builder/spi-builder-workspace/.derivedData/Build/Products/Debug-watchos/FacialAttributeDetection_EyewearDetection.bundle/Info.plist
RegisterExecutionPolicyException /Users/admin/builder/spi-builder-workspace/.derivedData/Build/Products/Debug-watchos/FacialAttributeDetection_FaceCoveringDetection.bundle (in target 'FacialAttributeDetection_FaceCoveringDetection' from project 'FacialAttributeDetection')
    cd /Users/admin/builder/spi-builder-workspace
    builtin-RegisterExecutionPolicyException /Users/admin/builder/spi-builder-workspace/.derivedData/Build/Products/Debug-watchos/FacialAttributeDetection_FaceCoveringDetection.bundle
RegisterExecutionPolicyException /Users/admin/builder/spi-builder-workspace/.derivedData/Build/Products/Debug-watchos/FacialAttributeDetection_EyewearDetection.bundle (in target 'FacialAttributeDetection_EyewearDetection' from project 'FacialAttributeDetection')
    cd /Users/admin/builder/spi-builder-workspace
    builtin-RegisterExecutionPolicyException /Users/admin/builder/spi-builder-workspace/.derivedData/Build/Products/Debug-watchos/FacialAttributeDetection_EyewearDetection.bundle
Touch /Users/admin/builder/spi-builder-workspace/.derivedData/Build/Products/Debug-watchos/FacialAttributeDetection_FaceCoveringDetection.bundle (in target 'FacialAttributeDetection_FaceCoveringDetection' from project 'FacialAttributeDetection')
    cd /Users/admin/builder/spi-builder-workspace
    /usr/bin/touch -c /Users/admin/builder/spi-builder-workspace/.derivedData/Build/Products/Debug-watchos/FacialAttributeDetection_FaceCoveringDetection.bundle
Touch /Users/admin/builder/spi-builder-workspace/.derivedData/Build/Products/Debug-watchos/FacialAttributeDetection_EyewearDetection.bundle (in target 'FacialAttributeDetection_EyewearDetection' from project 'FacialAttributeDetection')
    cd /Users/admin/builder/spi-builder-workspace
    /usr/bin/touch -c /Users/admin/builder/spi-builder-workspace/.derivedData/Build/Products/Debug-watchos/FacialAttributeDetection_EyewearDetection.bundle
SwiftDriver VerIDCommonTypes normal arm64_32 com.apple.xcode.tools.swift.compiler (in target 'VerIDCommonTypes' from project 'VerIDCommonTypes')
    cd /Users/admin/builder/spi-builder-workspace/.swiftpm/xcode
    builtin-SwiftDriver -- /Applications/Xcode-27.0.0-Release.Candidate.app/Contents/Developer/Toolchains/XcodeDefault.xctoolchain/usr/bin/swiftc -parse-as-library -module-name VerIDCommonTypes -Onone @/Users/admin/builder/spi-builder-workspace/.derivedData/Build/Intermediates.noindex/VerIDCommonTypes.build/Debug-watchos/VerIDCommonTypes-t.build/Objects-normal/arm64_32/VerIDCommonTypes.SwiftFileList -DSWIFT_PACKAGE -DDEBUG -DSWIFT_MODULE_RESOURCE_BUNDLE_UNAVAILABLE -DXcode -plugin-path /Applications/Xcode-27.0.0-Release.Candidate.app/Contents/Developer/Toolchains/XcodeDefault.xctoolchain/usr/lib/swift/host/plugins/testing -enable-experimental-feature DebugDescriptionMacro -sdk /Applications/Xcode-27.0.0-Release.Candidate.app/Contents/Developer/Platforms/WatchOS.platform/Developer/SDKs/WatchOS27.0.sdk -target arm64_32-apple-watchos9.0 -g -module-cache-path /Users/admin/builder/spi-builder-workspace/.derivedData/ModuleCache.noindex -Xfrontend -serialize-debugging-options -profile-coverage-mapping -profile-generate -enable-testing -suppress-warnings -index-store-path /Users/admin/builder/spi-builder-workspace/.derivedData/Index.noindex/DataStore -Xcc -D_LIBCPP_HARDENING_MODE\=_LIBCPP_HARDENING_MODE_DEBUG -swift-version 5 -I /Users/admin/builder/spi-builder-workspace/.derivedData/Build/Products/Debug-watchos -Isystem /Applications/Xcode-27.0.0-Release.Candidate.app/Contents/Developer/Platforms/WatchOS.platform/Developer/usr/lib -F /Users/admin/builder/spi-builder-workspace/.derivedData/Build/Products/Debug-watchos -F /Applications/Xcode-27.0.0-Release.Candidate.app/Contents/Developer/Platforms/WatchOS.platform/Developer/Library/Frameworks -F /Applications/Xcode-27.0.0-Release.Candidate.app/Contents/Developer/Platforms/WatchOS.platform/Developer/SDKs/WatchOS27.0.sdk/Developer/Library/Frameworks -c -j10 -enable-batch-mode -incremental -Xcc -ivfsstatcache -Xcc /Users/admin/builder/spi-builder-workspace/.derivedData/SDKStatCaches.noindex/watchos27.0-24R360-e829b21a6f8c9b70876ba0858053c04477534ef55a1706bf4c1112bbb242f0a2.sdkstatcache -output-file-map /Users/admin/builder/spi-builder-workspace/.derivedData/Build/Intermediates.noindex/VerIDCommonTypes.build/Debug-watchos/VerIDCommonTypes-t.build/Objects-normal/arm64_32/VerIDCommonTypes-OutputFileMap.json -save-temps -no-color-diagnostics -explicit-module-build -module-cache-path /Users/admin/builder/spi-builder-workspace/.derivedData/Build/Intermediates.noindex/SwiftExplicitPrecompiledModules -clang-scanner-module-cache-path /Users/admin/builder/spi-builder-workspace/.derivedData/ModuleCache.noindex -sdk-module-cache-path /Users/admin/builder/spi-builder-workspace/.derivedData/SDKExplicitPrecompiledModules -emit-dependencies -emit-module -emit-module-path /Users/admin/builder/spi-builder-workspace/.derivedData/Build/Intermediates.noindex/VerIDCommonTypes.build/Debug-watchos/VerIDCommonTypes-t.build/Objects-normal/arm64_32/VerIDCommonTypes.swiftmodule -serialize-diagnostics -dependency-scan-serialize-diagnostics-path /Users/admin/builder/spi-builder-workspace/.derivedData/Build/Intermediates.noindex/VerIDCommonTypes.build/Debug-watchos/VerIDCommonTypes-t.build/Objects-normal/arm64_32/VerIDCommonTypes-dependency-scan.dia -validate-clang-modules-once -clang-build-session-file /Users/admin/builder/spi-builder-workspace/.derivedData/ModuleCache.noindex/Session.modulevalidation -Xcc -fmodules-prune-interval\=86400 -Xcc -fmodules-prune-after\=345600 -package-name ver_id_common_types_apple -emit-const-values -const-gather-protocols-list /Users/admin/builder/spi-builder-workspace/.derivedData/Build/Intermediates.noindex/VerIDCommonTypes.build/Debug-watchos/VerIDCommonTypes-t.build/Objects-normal/arm64_32/VerIDCommonTypes_const_extract_protocols.json -Xcc -I/Users/admin/builder/spi-builder-workspace/.derivedData/Build/Products/Debug-watchos/include -Xcc -I/Users/admin/builder/spi-builder-workspace/.derivedData/Build/Intermediates.noindex/VerIDCommonTypes.build/Debug-watchos/VerIDCommonTypes-t.build/DerivedSources-normal/arm64_32 -Xcc -I/Users/admin/builder/spi-builder-workspace/.derivedData/Build/Intermediates.noindex/VerIDCommonTypes.build/Debug-watchos/VerIDCommonTypes-t.build/DerivedSources/arm64_32 -Xcc -I/Users/admin/builder/spi-builder-workspace/.derivedData/Build/Intermediates.noindex/VerIDCommonTypes.build/Debug-watchos/VerIDCommonTypes-t.build/DerivedSources -Xcc -DSWIFT_PACKAGE -Xcc -DDEBUG\=1 -emit-objc-header -emit-objc-header-path /Users/admin/builder/spi-builder-workspace/.derivedData/Build/Intermediates.noindex/VerIDCommonTypes.build/Debug-watchos/VerIDCommonTypes-t.build/Objects-normal/arm64_32/VerIDCommonTypes-Swift.h -working-directory /Users/admin/builder/spi-builder-workspace/.swiftpm/xcode -experimental-emit-module-separately -disable-cmo
/Users/admin/builder/spi-builder-workspace/.dependencies/checkouts/Ver-ID-Common-Types-Apple/Sources/VerIDCommonTypes/Image.swift:17:8: error: Unable to resolve module dependency: 'CoreImage' (in target 'VerIDCommonTypes' from project 'VerIDCommonTypes')
    note: A dependency of main module 'VerIDCommonTypes'
/Users/admin/builder/spi-builder-workspace/.dependencies/checkouts/Ver-ID-Common-Types-Apple/Sources/VerIDCommonTypes/Image.swift:17:8: note: A dependency of main module 'VerIDCommonTypes'
import CoreImage
       ^ (in target 'VerIDCommonTypes' from project 'VerIDCommonTypes')
SwiftDriver VerIDCommonTypes normal arm64 com.apple.xcode.tools.swift.compiler (in target 'VerIDCommonTypes' from project 'VerIDCommonTypes')
    cd /Users/admin/builder/spi-builder-workspace/.swiftpm/xcode
    builtin-SwiftDriver -- /Applications/Xcode-27.0.0-Release.Candidate.app/Contents/Developer/Toolchains/XcodeDefault.xctoolchain/usr/bin/swiftc -parse-as-library -module-name VerIDCommonTypes -Onone @/Users/admin/builder/spi-builder-workspace/.derivedData/Build/Intermediates.noindex/VerIDCommonTypes.build/Debug-watchos/VerIDCommonTypes-t.build/Objects-normal/arm64/VerIDCommonTypes.SwiftFileList -DSWIFT_PACKAGE -DDEBUG -DSWIFT_MODULE_RESOURCE_BUNDLE_UNAVAILABLE -DXcode -plugin-path /Applications/Xcode-27.0.0-Release.Candidate.app/Contents/Developer/Toolchains/XcodeDefault.xctoolchain/usr/lib/swift/host/plugins/testing -enable-experimental-feature DebugDescriptionMacro -sdk /Applications/Xcode-27.0.0-Release.Candidate.app/Contents/Developer/Platforms/WatchOS.platform/Developer/SDKs/WatchOS27.0.sdk -target arm64-apple-watchos9.0 -g -module-cache-path /Users/admin/builder/spi-builder-workspace/.derivedData/ModuleCache.noindex -Xfrontend -serialize-debugging-options -profile-coverage-mapping -profile-generate -enable-testing -suppress-warnings -index-store-path /Users/admin/builder/spi-builder-workspace/.derivedData/Index.noindex/DataStore -Xcc -D_LIBCPP_HARDENING_MODE\=_LIBCPP_HARDENING_MODE_DEBUG -swift-version 5 -I /Users/admin/builder/spi-builder-workspace/.derivedData/Build/Products/Debug-watchos -Isystem /Applications/Xcode-27.0.0-Release.Candidate.app/Contents/Developer/Platforms/WatchOS.platform/Developer/usr/lib -F /Users/admin/builder/spi-builder-workspace/.derivedData/Build/Products/Debug-watchos -F /Applications/Xcode-27.0.0-Release.Candidate.app/Contents/Developer/Platforms/WatchOS.platform/Developer/Library/Frameworks -F /Applications/Xcode-27.0.0-Release.Candidate.app/Contents/Developer/Platforms/WatchOS.platform/Developer/SDKs/WatchOS27.0.sdk/Developer/Library/Frameworks -c -j10 -enable-batch-mode -incremental -Xcc -ivfsstatcache -Xcc /Users/admin/builder/spi-builder-workspace/.derivedData/SDKStatCaches.noindex/watchos27.0-24R360-e829b21a6f8c9b70876ba0858053c04477534ef55a1706bf4c1112bbb242f0a2.sdkstatcache -output-file-map /Users/admin/builder/spi-builder-workspace/.derivedData/Build/Intermediates.noindex/VerIDCommonTypes.build/Debug-watchos/VerIDCommonTypes-t.build/Objects-normal/arm64/VerIDCommonTypes-OutputFileMap.json -save-temps -no-color-diagnostics -explicit-module-build -module-cache-path /Users/admin/builder/spi-builder-workspace/.derivedData/Build/Intermediates.noindex/SwiftExplicitPrecompiledModules -clang-scanner-module-cache-path /Users/admin/builder/spi-builder-workspace/.derivedData/ModuleCache.noindex -sdk-module-cache-path /Users/admin/builder/spi-builder-workspace/.derivedData/SDKExplicitPrecompiledModules -emit-dependencies -emit-module -emit-module-path /Users/admin/builder/spi-builder-workspace/.derivedData/Build/Intermediates.noindex/VerIDCommonTypes.build/Debug-watchos/VerIDCommonTypes-t.build/Objects-normal/arm64/VerIDCommonTypes.swiftmodule -serialize-diagnostics -dependency-scan-serialize-diagnostics-path /Users/admin/builder/spi-builder-workspace/.derivedData/Build/Intermediates.noindex/VerIDCommonTypes.build/Debug-watchos/VerIDCommonTypes-t.build/Objects-normal/arm64/VerIDCommonTypes-dependency-scan.dia -validate-clang-modules-once -clang-build-session-file /Users/admin/builder/spi-builder-workspace/.derivedData/ModuleCache.noindex/Session.modulevalidation -Xcc -fmodules-prune-interval\=86400 -Xcc -fmodules-prune-after\=345600 -package-name ver_id_common_types_apple -emit-const-values -const-gather-protocols-list /Users/admin/builder/spi-builder-workspace/.derivedData/Build/Intermediates.noindex/VerIDCommonTypes.build/Debug-watchos/VerIDCommonTypes-t.build/Objects-normal/arm64/VerIDCommonTypes_const_extract_protocols.json -Xcc -I/Users/admin/builder/spi-builder-workspace/.derivedData/Build/Products/Debug-watchos/include -Xcc -I/Users/admin/builder/spi-builder-workspace/.derivedData/Build/Intermediates.noindex/VerIDCommonTypes.build/Debug-watchos/VerIDCommonTypes-t.build/DerivedSources-normal/arm64 -Xcc -I/Users/admin/builder/spi-builder-workspace/.derivedData/Build/Intermediates.noindex/VerIDCommonTypes.build/Debug-watchos/VerIDCommonTypes-t.build/DerivedSources/arm64 -Xcc -I/Users/admin/builder/spi-builder-workspace/.derivedData/Build/Intermediates.noindex/VerIDCommonTypes.build/Debug-watchos/VerIDCommonTypes-t.build/DerivedSources -Xcc -DSWIFT_PACKAGE -Xcc -DDEBUG\=1 -emit-objc-header -emit-objc-header-path /Users/admin/builder/spi-builder-workspace/.derivedData/Build/Intermediates.noindex/VerIDCommonTypes.build/Debug-watchos/VerIDCommonTypes-t.build/Objects-normal/arm64/VerIDCommonTypes-Swift.h -working-directory /Users/admin/builder/spi-builder-workspace/.swiftpm/xcode -experimental-emit-module-separately -disable-cmo
/Users/admin/builder/spi-builder-workspace/.dependencies/checkouts/Ver-ID-Common-Types-Apple/Sources/VerIDCommonTypes/Image.swift:17:8: error: Unable to resolve module dependency: 'CoreImage' (in target 'VerIDCommonTypes' from project 'VerIDCommonTypes')
    note: A dependency of main module 'VerIDCommonTypes'
/Users/admin/builder/spi-builder-workspace/.dependencies/checkouts/Ver-ID-Common-Types-Apple/Sources/VerIDCommonTypes/Image.swift:17:8: note: A dependency of main module 'VerIDCommonTypes'
import CoreImage
       ^ (in target 'VerIDCommonTypes' from project 'VerIDCommonTypes')
PruneExplicitPrecompiledModules /Users/admin/builder/spi-builder-workspace/.derivedData/Build/Intermediates.noindex/SwiftExplicitPrecompiledModules
PruneExplicitPrecompiledModules /Users/admin/builder/spi-builder-workspace/.derivedData/SDKExplicitPrecompiledModules
PruneExplicitPrecompiledModules /Users/admin/builder/spi-builder-workspace/.derivedData/Build/Intermediates.noindex/ExplicitPrecompiledModules
2026-09-23 04:48:17.705 xcodebuild[721:4421] [MT] IDERunDestination: Supported platforms for the buildables in the current scheme is empty.
** BUILD FAILED **
The following build commands failed:
	SwiftDriver VerIDCommonTypes normal arm64_32 com.apple.xcode.tools.swift.compiler (in target 'VerIDCommonTypes' from project 'VerIDCommonTypes')
	SwiftDriver VerIDCommonTypes normal arm64 com.apple.xcode.tools.swift.compiler (in target 'VerIDCommonTypes' from project 'VerIDCommonTypes')
	Building workspace FacialAttributeDetection with scheme FacialAttributeDetection-Package
(3 failures)
Command line invocation:
    /Applications/Xcode-27.0.0-Release.Candidate.app/Contents/Developer/usr/bin/xcodebuild -IDEClonedSourcePackagesDirPathOverride=/Users/admin/builder/spi-builder-workspace/.dependencies -resolvePackageDependencies
Resolve Package Graph
Resolved source packages:
  FaceDetectionRetinaFace: https://github.com/AppliedRecognition/Face-Detection-RetinaFace-Apple.git @ 1.0.5
  VerIDCommonTypes: https://github.com/AppliedRecognition/Ver-ID-Common-Types-Apple.git @ 3.3.0
  FacialAttributeDetection: /Users/admin/builder/spi-builder-workspace
resolved source packages: FaceDetectionRetinaFace, VerIDCommonTypes, FacialAttributeDetection
2026-09-23 04:48:21.632 xcodebuild[764:4803] [MT] IDERunDestination: Supported platforms for the buildables in the current scheme is empty.
{
  "dependencies" : [
    {
      "identity" : "ver-id-common-types-apple",
      "requirement" : {
        "range" : [
          {
            "lower_bound" : "3.1.1",
            "upper_bound" : "4.0.0"
          }
        ]
      },
      "type" : "sourceControl",
      "url" : "https://github.com/AppliedRecognition/Ver-ID-Common-Types-Apple.git"
    },
    {
      "identity" : "face-detection-retinaface-apple",
      "requirement" : {
        "range" : [
          {
            "lower_bound" : "1.0.5",
            "upper_bound" : "2.0.0"
          }
        ]
      },
      "type" : "sourceControl",
      "url" : "https://github.com/AppliedRecognition/Face-Detection-RetinaFace-Apple.git"
    }
  ],
  "manifest_display_name" : "FacialAttributeDetection",
  "name" : "FacialAttributeDetection",
  "path" : "/Users/admin/builder/spi-builder-workspace",
  "platforms" : [
    {
      "name" : "ios",
      "version" : "15.0"
    }
  ],
  "products" : [
    {
      "name" : "FacialAttributeDetectionCore",
      "targets" : [
        "FacialAttributeDetectionCore"
      ],
      "type" : {
        "library" : [
          "automatic"
        ]
      }
    },
    {
      "name" : "FaceCoveringDetection",
      "targets" : [
        "FaceCoveringDetection"
      ],
      "type" : {
        "library" : [
          "automatic"
        ]
      }
    },
    {
      "name" : "EyewearDetection",
      "targets" : [
        "EyewearDetection"
      ],
      "type" : {
        "library" : [
          "automatic"
        ]
      }
    }
  ],
  "targets" : [
    {
      "c99name" : "FacialAttributeDetectionTests",
      "module_type" : "SwiftTarget",
      "name" : "FacialAttributeDetectionTests",
      "path" : "Tests/FacialAttributeDetectionTests",
      "product_dependencies" : [
        "VerIDCommonTypes",
        "FaceDetectionRetinaFace"
      ],
      "resources" : [
        {
          "path" : "/Users/admin/builder/spi-builder-workspace/Tests/FacialAttributeDetectionTests/Resources/clear.jpg",
          "rule" : {
            "process" : {
            }
          }
        },
        {
          "path" : "/Users/admin/builder/spi-builder-workspace/Tests/FacialAttributeDetectionTests/Resources/face-covering.jpg",
          "rule" : {
            "process" : {
            }
          }
        },
        {
          "path" : "/Users/admin/builder/spi-builder-workspace/Tests/FacialAttributeDetectionTests/Resources/glasses.jpg",
          "rule" : {
            "process" : {
            }
          }
        },
        {
          "path" : "/Users/admin/builder/spi-builder-workspace/Tests/FacialAttributeDetectionTests/Resources/sunglasses.jpg",
          "rule" : {
            "process" : {
            }
          }
        }
      ],
      "sources" : [
        "FaceClassificationTests.swift"
      ],
      "target_dependencies" : [
        "FacialAttributeDetectionCore",
        "FaceCoveringDetection",
        "EyewearDetection"
      ],
      "type" : "test"
    },
    {
      "c99name" : "FacialAttributeDetectionCore",
      "module_type" : "SwiftTarget",
      "name" : "FacialAttributeDetectionCore",
      "path" : "Sources/FacialAttributeDetectionCore",
      "product_dependencies" : [
        "VerIDCommonTypes"
      ],
      "product_memberships" : [
        "FacialAttributeDetectionCore",
        "FaceCoveringDetection",
        "EyewearDetection"
      ],
      "sources" : [
        "Errors.swift",
        "FaceAlignment.swift",
        "FacialAttributeDetector.swift",
        "Preprocessing.swift"
      ],
      "type" : "library"
    },
    {
      "c99name" : "FaceCoveringDetection",
      "module_type" : "SwiftTarget",
      "name" : "FaceCoveringDetection",
      "path" : "Sources/FaceCoveringDetection",
      "product_memberships" : [
        "FaceCoveringDetection"
      ],
      "resources" : [
        {
          "path" : "/Users/admin/builder/spi-builder-workspace/Sources/FaceCoveringDetection/Resources/FaceCovering.mlpackage/Data/com.apple.CoreML/model.mlmodel",
          "rule" : {
            "process" : {
            }
          }
        },
        {
          "path" : "/Users/admin/builder/spi-builder-workspace/Sources/FaceCoveringDetection/Resources/FaceCovering.mlpackage/Data/com.apple.CoreML/weights/weight.bin",
          "rule" : {
            "process" : {
            }
          }
        },
        {
          "path" : "/Users/admin/builder/spi-builder-workspace/Sources/FaceCoveringDetection/Resources/FaceCovering.mlpackage/Manifest.json",
          "rule" : {
            "process" : {
            }
          }
        }
      ],
      "sources" : [
        "FaceCoveringDetector.swift"
      ],
      "target_dependencies" : [
        "FacialAttributeDetectionCore"
      ],
      "type" : "library"
    },
    {
      "c99name" : "EyewearDetection",
      "module_type" : "SwiftTarget",
      "name" : "EyewearDetection",
      "path" : "Sources/EyewearDetection",
      "product_memberships" : [
        "EyewearDetection"
      ],
      "resources" : [
        {
          "path" : "/Users/admin/builder/spi-builder-workspace/Sources/EyewearDetection/Resources/Glasses.mlpackage/Data/com.apple.CoreML/model.mlmodel",
          "rule" : {
            "process" : {
            }
          }
        },
        {
          "path" : "/Users/admin/builder/spi-builder-workspace/Sources/EyewearDetection/Resources/Glasses.mlpackage/Data/com.apple.CoreML/weights/weight.bin",
          "rule" : {
            "process" : {
            }
          }
        },
        {
          "path" : "/Users/admin/builder/spi-builder-workspace/Sources/EyewearDetection/Resources/Glasses.mlpackage/Manifest.json",
          "rule" : {
            "process" : {
            }
          }
        }
      ],
      "sources" : [
        "EyewearDetector.swift"
      ],
      "target_dependencies" : [
        "FacialAttributeDetectionCore"
      ],
      "type" : "library"
    }
  ],
  "tools_version" : "5.9"
}
{
  "workspace" : {
    "name" : "FacialAttributeDetection",
    "schemes" : [
      "EyewearDetection",
      "FaceCoveringDetection",
      "FacialAttributeDetection-Package",
      "FacialAttributeDetectionCore"
    ]
  }
}
2026-09-23 04:48:22.942 xcodebuild[772:4866] [MT] IDERunDestination: Supported platforms for the buildables in the current scheme is empty.
Running build ...
env DEVELOPER_DIR=/Applications/Xcode-27.0.0-Release.Candidate.app xcrun xcodebuild -IDEClonedSourcePackagesDirPathOverride=$PWD/.dependencies -skipMacroValidation -skipPackagePluginValidation -derivedDataPath $PWD/.derivedData build -scheme FacialAttributeDetection-Package -destination generic/platform=watchOS
Command line invocation:
    /Applications/Xcode-27.0.0-Release.Candidate.app/Contents/Developer/usr/bin/xcodebuild -IDEClonedSourcePackagesDirPathOverride=/Users/admin/builder/spi-builder-workspace/.dependencies -skipMacroValidation -skipPackagePluginValidation -derivedDataPath /Users/admin/builder/spi-builder-workspace/.derivedData build -scheme FacialAttributeDetection-Package -destination generic/platform=watchOS
Resolve Package Graph
Resolved source packages:
  VerIDCommonTypes: https://github.com/AppliedRecognition/Ver-ID-Common-Types-Apple.git @ 3.3.0
  FacialAttributeDetection: /Users/admin/builder/spi-builder-workspace
  FaceDetectionRetinaFace: https://github.com/AppliedRecognition/Face-Detection-RetinaFace-Apple.git @ 1.0.5
ComputePackagePrebuildTargetDependencyGraph
Prepare packages
CreateBuildRequest
SendProjectDescription
CreateBuildOperation
ComputeTargetDependencyGraph
note: Building targets in dependency order
note: Target dependency graph (10 targets)
    Target 'EyewearDetection-product' in project 'FacialAttributeDetection'
        ➜ Explicit dependency on target 'EyewearDetection' in project 'FacialAttributeDetection'
        ➜ Explicit dependency on target 'FacialAttributeDetection_EyewearDetection' in project 'FacialAttributeDetection'
        ➜ Explicit dependency on target 'VerIDCommonTypes-product' in project 'VerIDCommonTypes'
        ➜ Explicit dependency on target 'FacialAttributeDetectionCore' in project 'FacialAttributeDetection'
    Target 'EyewearDetection' in project 'FacialAttributeDetection'
        ➜ Explicit dependency on target 'FacialAttributeDetection_EyewearDetection' in project 'FacialAttributeDetection'
        ➜ Explicit dependency on target 'VerIDCommonTypes-product' in project 'VerIDCommonTypes'
        ➜ Explicit dependency on target 'FacialAttributeDetectionCore' in project 'FacialAttributeDetection'
    Target 'FacialAttributeDetection_EyewearDetection' in project 'FacialAttributeDetection' (no dependencies)
    Target 'FaceCoveringDetection-product' in project 'FacialAttributeDetection'
        ➜ Explicit dependency on target 'FaceCoveringDetection' in project 'FacialAttributeDetection'
        ➜ Explicit dependency on target 'FacialAttributeDetection_FaceCoveringDetection' in project 'FacialAttributeDetection'
        ➜ Explicit dependency on target 'VerIDCommonTypes-product' in project 'VerIDCommonTypes'
        ➜ Explicit dependency on target 'FacialAttributeDetectionCore' in project 'FacialAttributeDetection'
    Target 'FaceCoveringDetection' in project 'FacialAttributeDetection'
        ➜ Explicit dependency on target 'FacialAttributeDetection_FaceCoveringDetection' in project 'FacialAttributeDetection'
        ➜ Explicit dependency on target 'VerIDCommonTypes-product' in project 'VerIDCommonTypes'
        ➜ Explicit dependency on target 'FacialAttributeDetectionCore' in project 'FacialAttributeDetection'
    Target 'FacialAttributeDetection_FaceCoveringDetection' in project 'FacialAttributeDetection' (no dependencies)
    Target 'FacialAttributeDetectionCore-product' in project 'FacialAttributeDetection'
        ➜ Explicit dependency on target 'FacialAttributeDetectionCore' in project 'FacialAttributeDetection'
        ➜ Explicit dependency on target 'VerIDCommonTypes-product' in project 'VerIDCommonTypes'
    Target 'FacialAttributeDetectionCore' in project 'FacialAttributeDetection'
        ➜ Explicit dependency on target 'VerIDCommonTypes-product' in project 'VerIDCommonTypes'
    Target 'VerIDCommonTypes-product' in project 'VerIDCommonTypes'
        ➜ Explicit dependency on target 'VerIDCommonTypes' in project 'VerIDCommonTypes'
    Target 'VerIDCommonTypes' in project 'VerIDCommonTypes' (no dependencies)
GatherProvisioningInputs
CreateBuildDescription
ClangStatCache /Applications/Xcode-27.0.0-Release.Candidate.app/Contents/Developer/Toolchains/XcodeDefault.xctoolchain/usr/bin/clang-stat-cache /Applications/Xcode-27.0.0-Release.Candidate.app/Contents/Developer/Platforms/WatchOS.platform/Developer/SDKs/WatchOS27.0.sdk /Users/admin/builder/spi-builder-workspace/.derivedData/SDKStatCaches.noindex/watchos27.0-24R360-e829b21a6f8c9b70876ba0858053c04477534ef55a1706bf4c1112bbb242f0a2.sdkstatcache
    cd /Users/admin/builder/spi-builder-workspace/.swiftpm/xcode
    /Applications/Xcode-27.0.0-Release.Candidate.app/Contents/Developer/Toolchains/XcodeDefault.xctoolchain/usr/bin/clang-stat-cache /Applications/Xcode-27.0.0-Release.Candidate.app/Contents/Developer/Platforms/WatchOS.platform/Developer/SDKs/WatchOS27.0.sdk -o /Users/admin/builder/spi-builder-workspace/.derivedData/SDKStatCaches.noindex/watchos27.0-24R360-e829b21a6f8c9b70876ba0858053c04477534ef55a1706bf4c1112bbb242f0a2.sdkstatcache
SwiftDriver VerIDCommonTypes normal arm64_32 com.apple.xcode.tools.swift.compiler (in target 'VerIDCommonTypes' from project 'VerIDCommonTypes')
    cd /Users/admin/builder/spi-builder-workspace/.swiftpm/xcode
    builtin-SwiftDriver -- /Applications/Xcode-27.0.0-Release.Candidate.app/Contents/Developer/Toolchains/XcodeDefault.xctoolchain/usr/bin/swiftc -parse-as-library -module-name VerIDCommonTypes -Onone @/Users/admin/builder/spi-builder-workspace/.derivedData/Build/Intermediates.noindex/VerIDCommonTypes.build/Debug-watchos/VerIDCommonTypes-t.build/Objects-normal/arm64_32/VerIDCommonTypes.SwiftFileList -DSWIFT_PACKAGE -DDEBUG -DSWIFT_MODULE_RESOURCE_BUNDLE_UNAVAILABLE -DXcode -plugin-path /Applications/Xcode-27.0.0-Release.Candidate.app/Contents/Developer/Toolchains/XcodeDefault.xctoolchain/usr/lib/swift/host/plugins/testing -enable-experimental-feature DebugDescriptionMacro -sdk /Applications/Xcode-27.0.0-Release.Candidate.app/Contents/Developer/Platforms/WatchOS.platform/Developer/SDKs/WatchOS27.0.sdk -target arm64_32-apple-watchos9.0 -g -module-cache-path /Users/admin/builder/spi-builder-workspace/.derivedData/ModuleCache.noindex -Xfrontend -serialize-debugging-options -profile-coverage-mapping -profile-generate -enable-testing -suppress-warnings -index-store-path /Users/admin/builder/spi-builder-workspace/.derivedData/Index.noindex/DataStore -Xcc -D_LIBCPP_HARDENING_MODE\=_LIBCPP_HARDENING_MODE_DEBUG -swift-version 5 -I /Users/admin/builder/spi-builder-workspace/.derivedData/Build/Products/Debug-watchos -Isystem /Applications/Xcode-27.0.0-Release.Candidate.app/Contents/Developer/Platforms/WatchOS.platform/Developer/usr/lib -F /Users/admin/builder/spi-builder-workspace/.derivedData/Build/Products/Debug-watchos -F /Applications/Xcode-27.0.0-Release.Candidate.app/Contents/Developer/Platforms/WatchOS.platform/Developer/Library/Frameworks -F /Applications/Xcode-27.0.0-Release.Candidate.app/Contents/Developer/Platforms/WatchOS.platform/Developer/SDKs/WatchOS27.0.sdk/Developer/Library/Frameworks -c -j10 -enable-batch-mode -incremental -Xcc -ivfsstatcache -Xcc /Users/admin/builder/spi-builder-workspace/.derivedData/SDKStatCaches.noindex/watchos27.0-24R360-e829b21a6f8c9b70876ba0858053c04477534ef55a1706bf4c1112bbb242f0a2.sdkstatcache -output-file-map /Users/admin/builder/spi-builder-workspace/.derivedData/Build/Intermediates.noindex/VerIDCommonTypes.build/Debug-watchos/VerIDCommonTypes-t.build/Objects-normal/arm64_32/VerIDCommonTypes-OutputFileMap.json -save-temps -no-color-diagnostics -explicit-module-build -module-cache-path /Users/admin/builder/spi-builder-workspace/.derivedData/Build/Intermediates.noindex/SwiftExplicitPrecompiledModules -clang-scanner-module-cache-path /Users/admin/builder/spi-builder-workspace/.derivedData/ModuleCache.noindex -sdk-module-cache-path /Users/admin/builder/spi-builder-workspace/.derivedData/SDKExplicitPrecompiledModules -emit-dependencies -emit-module -emit-module-path /Users/admin/builder/spi-builder-workspace/.derivedData/Build/Intermediates.noindex/VerIDCommonTypes.build/Debug-watchos/VerIDCommonTypes-t.build/Objects-normal/arm64_32/VerIDCommonTypes.swiftmodule -serialize-diagnostics -dependency-scan-serialize-diagnostics-path /Users/admin/builder/spi-builder-workspace/.derivedData/Build/Intermediates.noindex/VerIDCommonTypes.build/Debug-watchos/VerIDCommonTypes-t.build/Objects-normal/arm64_32/VerIDCommonTypes-dependency-scan.dia -validate-clang-modules-once -clang-build-session-file /Users/admin/builder/spi-builder-workspace/.derivedData/ModuleCache.noindex/Session.modulevalidation -Xcc -fmodules-prune-interval\=86400 -Xcc -fmodules-prune-after\=345600 -package-name ver_id_common_types_apple -emit-const-values -const-gather-protocols-list /Users/admin/builder/spi-builder-workspace/.derivedData/Build/Intermediates.noindex/VerIDCommonTypes.build/Debug-watchos/VerIDCommonTypes-t.build/Objects-normal/arm64_32/VerIDCommonTypes_const_extract_protocols.json -Xcc -I/Users/admin/builder/spi-builder-workspace/.derivedData/Build/Products/Debug-watchos/include -Xcc -I/Users/admin/builder/spi-builder-workspace/.derivedData/Build/Intermediates.noindex/VerIDCommonTypes.build/Debug-watchos/VerIDCommonTypes-t.build/DerivedSources-normal/arm64_32 -Xcc -I/Users/admin/builder/spi-builder-workspace/.derivedData/Build/Intermediates.noindex/VerIDCommonTypes.build/Debug-watchos/VerIDCommonTypes-t.build/DerivedSources/arm64_32 -Xcc -I/Users/admin/builder/spi-builder-workspace/.derivedData/Build/Intermediates.noindex/VerIDCommonTypes.build/Debug-watchos/VerIDCommonTypes-t.build/DerivedSources -Xcc -DSWIFT_PACKAGE -Xcc -DDEBUG\=1 -emit-objc-header -emit-objc-header-path /Users/admin/builder/spi-builder-workspace/.derivedData/Build/Intermediates.noindex/VerIDCommonTypes.build/Debug-watchos/VerIDCommonTypes-t.build/Objects-normal/arm64_32/VerIDCommonTypes-Swift.h -working-directory /Users/admin/builder/spi-builder-workspace/.swiftpm/xcode -experimental-emit-module-separately -disable-cmo
/Users/admin/builder/spi-builder-workspace/.dependencies/checkouts/Ver-ID-Common-Types-Apple/Sources/VerIDCommonTypes/Image.swift:17:8: error: Unable to resolve module dependency: 'CoreImage' (in target 'VerIDCommonTypes' from project 'VerIDCommonTypes')
    note: A dependency of main module 'VerIDCommonTypes'
/Users/admin/builder/spi-builder-workspace/.dependencies/checkouts/Ver-ID-Common-Types-Apple/Sources/VerIDCommonTypes/Image.swift:17:8: note: A dependency of main module 'VerIDCommonTypes'
import CoreImage
       ^ (in target 'VerIDCommonTypes' from project 'VerIDCommonTypes')
SwiftDriver VerIDCommonTypes normal arm64 com.apple.xcode.tools.swift.compiler (in target 'VerIDCommonTypes' from project 'VerIDCommonTypes')
    cd /Users/admin/builder/spi-builder-workspace/.swiftpm/xcode
    builtin-SwiftDriver -- /Applications/Xcode-27.0.0-Release.Candidate.app/Contents/Developer/Toolchains/XcodeDefault.xctoolchain/usr/bin/swiftc -parse-as-library -module-name VerIDCommonTypes -Onone @/Users/admin/builder/spi-builder-workspace/.derivedData/Build/Intermediates.noindex/VerIDCommonTypes.build/Debug-watchos/VerIDCommonTypes-t.build/Objects-normal/arm64/VerIDCommonTypes.SwiftFileList -DSWIFT_PACKAGE -DDEBUG -DSWIFT_MODULE_RESOURCE_BUNDLE_UNAVAILABLE -DXcode -plugin-path /Applications/Xcode-27.0.0-Release.Candidate.app/Contents/Developer/Toolchains/XcodeDefault.xctoolchain/usr/lib/swift/host/plugins/testing -enable-experimental-feature DebugDescriptionMacro -sdk /Applications/Xcode-27.0.0-Release.Candidate.app/Contents/Developer/Platforms/WatchOS.platform/Developer/SDKs/WatchOS27.0.sdk -target arm64-apple-watchos9.0 -g -module-cache-path /Users/admin/builder/spi-builder-workspace/.derivedData/ModuleCache.noindex -Xfrontend -serialize-debugging-options -profile-coverage-mapping -profile-generate -enable-testing -suppress-warnings -index-store-path /Users/admin/builder/spi-builder-workspace/.derivedData/Index.noindex/DataStore -Xcc -D_LIBCPP_HARDENING_MODE\=_LIBCPP_HARDENING_MODE_DEBUG -swift-version 5 -I /Users/admin/builder/spi-builder-workspace/.derivedData/Build/Products/Debug-watchos -Isystem /Applications/Xcode-27.0.0-Release.Candidate.app/Contents/Developer/Platforms/WatchOS.platform/Developer/usr/lib -F /Users/admin/builder/spi-builder-workspace/.derivedData/Build/Products/Debug-watchos -F /Applications/Xcode-27.0.0-Release.Candidate.app/Contents/Developer/Platforms/WatchOS.platform/Developer/Library/Frameworks -F /Applications/Xcode-27.0.0-Release.Candidate.app/Contents/Developer/Platforms/WatchOS.platform/Developer/SDKs/WatchOS27.0.sdk/Developer/Library/Frameworks -c -j10 -enable-batch-mode -incremental -Xcc -ivfsstatcache -Xcc /Users/admin/builder/spi-builder-workspace/.derivedData/SDKStatCaches.noindex/watchos27.0-24R360-e829b21a6f8c9b70876ba0858053c04477534ef55a1706bf4c1112bbb242f0a2.sdkstatcache -output-file-map /Users/admin/builder/spi-builder-workspace/.derivedData/Build/Intermediates.noindex/VerIDCommonTypes.build/Debug-watchos/VerIDCommonTypes-t.build/Objects-normal/arm64/VerIDCommonTypes-OutputFileMap.json -save-temps -no-color-diagnostics -explicit-module-build -module-cache-path /Users/admin/builder/spi-builder-workspace/.derivedData/Build/Intermediates.noindex/SwiftExplicitPrecompiledModules -clang-scanner-module-cache-path /Users/admin/builder/spi-builder-workspace/.derivedData/ModuleCache.noindex -sdk-module-cache-path /Users/admin/builder/spi-builder-workspace/.derivedData/SDKExplicitPrecompiledModules -emit-dependencies -emit-module -emit-module-path /Users/admin/builder/spi-builder-workspace/.derivedData/Build/Intermediates.noindex/VerIDCommonTypes.build/Debug-watchos/VerIDCommonTypes-t.build/Objects-normal/arm64/VerIDCommonTypes.swiftmodule -serialize-diagnostics -dependency-scan-serialize-diagnostics-path /Users/admin/builder/spi-builder-workspace/.derivedData/Build/Intermediates.noindex/VerIDCommonTypes.build/Debug-watchos/VerIDCommonTypes-t.build/Objects-normal/arm64/VerIDCommonTypes-dependency-scan.dia -validate-clang-modules-once -clang-build-session-file /Users/admin/builder/spi-builder-workspace/.derivedData/ModuleCache.noindex/Session.modulevalidation -Xcc -fmodules-prune-interval\=86400 -Xcc -fmodules-prune-after\=345600 -package-name ver_id_common_types_apple -emit-const-values -const-gather-protocols-list /Users/admin/builder/spi-builder-workspace/.derivedData/Build/Intermediates.noindex/VerIDCommonTypes.build/Debug-watchos/VerIDCommonTypes-t.build/Objects-normal/arm64/VerIDCommonTypes_const_extract_protocols.json -Xcc -I/Users/admin/builder/spi-builder-workspace/.derivedData/Build/Products/Debug-watchos/include -Xcc -I/Users/admin/builder/spi-builder-workspace/.derivedData/Build/Intermediates.noindex/VerIDCommonTypes.build/Debug-watchos/VerIDCommonTypes-t.build/DerivedSources-normal/arm64 -Xcc -I/Users/admin/builder/spi-builder-workspace/.derivedData/Build/Intermediates.noindex/VerIDCommonTypes.build/Debug-watchos/VerIDCommonTypes-t.build/DerivedSources/arm64 -Xcc -I/Users/admin/builder/spi-builder-workspace/.derivedData/Build/Intermediates.noindex/VerIDCommonTypes.build/Debug-watchos/VerIDCommonTypes-t.build/DerivedSources -Xcc -DSWIFT_PACKAGE -Xcc -DDEBUG\=1 -emit-objc-header -emit-objc-header-path /Users/admin/builder/spi-builder-workspace/.derivedData/Build/Intermediates.noindex/VerIDCommonTypes.build/Debug-watchos/VerIDCommonTypes-t.build/Objects-normal/arm64/VerIDCommonTypes-Swift.h -working-directory /Users/admin/builder/spi-builder-workspace/.swiftpm/xcode -experimental-emit-module-separately -disable-cmo
/Users/admin/builder/spi-builder-workspace/.dependencies/checkouts/Ver-ID-Common-Types-Apple/Sources/VerIDCommonTypes/Image.swift:17:8: error: Unable to resolve module dependency: 'CoreImage' (in target 'VerIDCommonTypes' from project 'VerIDCommonTypes')
    note: A dependency of main module 'VerIDCommonTypes'
/Users/admin/builder/spi-builder-workspace/.dependencies/checkouts/Ver-ID-Common-Types-Apple/Sources/VerIDCommonTypes/Image.swift:17:8: note: A dependency of main module 'VerIDCommonTypes'
import CoreImage
       ^ (in target 'VerIDCommonTypes' from project 'VerIDCommonTypes')
PruneExplicitPrecompiledModules /Users/admin/builder/spi-builder-workspace/.derivedData/Build/Intermediates.noindex/ExplicitPrecompiledModules
PruneExplicitPrecompiledModules /Users/admin/builder/spi-builder-workspace/.derivedData/Build/Intermediates.noindex/SwiftExplicitPrecompiledModules
PruneExplicitPrecompiledModules /Users/admin/builder/spi-builder-workspace/.derivedData/SDKExplicitPrecompiledModules
2026-09-23 04:48:23.995 xcodebuild[773:4896] [MT] IDERunDestination: Supported platforms for the buildables in the current scheme is empty.
** BUILD FAILED **
The following build commands failed:
	SwiftDriver VerIDCommonTypes normal arm64_32 com.apple.xcode.tools.swift.compiler (in target 'VerIDCommonTypes' from project 'VerIDCommonTypes')
	SwiftDriver VerIDCommonTypes normal arm64 com.apple.xcode.tools.swift.compiler (in target 'VerIDCommonTypes' from project 'VerIDCommonTypes')
	Building workspace FacialAttributeDetection with scheme FacialAttributeDetection-Package
(3 failures)
BUILD FAILURE 6.4 watchOS