Build Information
Failed to build NumericGauge, reference main (d8f3fa), with Swift 6.4 for watchOS using Xcode 27.0 on 30 Sep 2026 17:04:34 UTC.
Build Command
No build command. This typically means the build failed at an early stage where we determine the build command.Build Log
========================================
RunAll
========================================
Builder version: 5.1.1
Interrupt handler set up.
========================================
Checkout
========================================
Clone URL: https://github.com/JoshuaSullivan/NumericGauge.git
Reference: main
Initialized empty Git repository in /Users/admin/builder/spi-builder-workspace/.git/
From https://github.com/JoshuaSullivan/NumericGauge
* branch main -> FETCH_HEAD
* [new branch] main -> origin/main
HEAD is now at d8f3fac Compile away on macOS
Cloned https://github.com/JoshuaSullivan/NumericGauge.git
Revision (git rev-parse @):
d8f3facc0b78f8a7e8546e2de0a51e2a4f2d4049
SUCCESS checkout https://github.com/JoshuaSullivan/NumericGauge.git at main
========================================
Build
========================================
Selected platform: watchOS
Swift version: 6.4
Building package at path: $PWD
https://github.com/JoshuaSullivan/NumericGauge.git
Command line invocation:
/Applications/Xcode-27.0.0-Release.Candidate.app/Contents/Developer/usr/bin/xcodebuild -IDEClonedSourcePackagesDirPathOverride=/Users/admin/builder/spi-builder-workspace/.dependencies -resolvePackageDependencies
Resolve Package Graph
the package at '/Users/admin/builder/TransientLabel' cannot be accessed (/Users/admin/builder/TransientLabel doesn't exist in file system)
Resolve Package Graph
the package at '/Users/admin/builder/TransientLabel' cannot be accessed (/Users/admin/builder/TransientLabel doesn't exist in file system)
Resolved source packages:
spi-builder-workspace: (null)
2026-09-30 13:04:32.780 xcodebuild[529:3048] Writing error result bundle to /var/folders/xq/y_g06wb113726d38xsyx71_h0000gn/T/ResultBundle_2026-30-09_13-04-0032.xcresult
xcodebuild: error: Could not resolve package dependencies:
the package at '/Users/admin/builder/TransientLabel' cannot be accessed (/Users/admin/builder/TransientLabel doesn't exist in file system)
Command line invocation:
/Applications/Xcode-27.0.0-Release.Candidate.app/Contents/Developer/usr/bin/xcodebuild -IDEClonedSourcePackagesDirPathOverride=/Users/admin/builder/spi-builder-workspace/.dependencies -resolvePackageDependencies
Resolve Package Graph
the package at '/Users/admin/builder/TransientLabel' cannot be accessed (/Users/admin/builder/TransientLabel doesn't exist in file system)
Resolved source packages:
spi-builder-workspace: (null)
2026-09-30 13:04:33.933 xcodebuild[599:3694] Writing error result bundle to /var/folders/xq/y_g06wb113726d38xsyx71_h0000gn/T/ResultBundle_2026-30-09_13-04-0033.xcresult
xcodebuild: error: Could not resolve package dependencies:
the package at '/Users/admin/builder/TransientLabel' cannot be accessed (/Users/admin/builder/TransientLabel doesn't exist in file system)
BUILD FAILURE 6.4 watchOS