The Swift Package Index logo.Swift Package Index

Build Information

Failed to build CryptomatorCloudAccess, reference develop (645522), with Swift 6.1 for watchOS using Xcode 16.3 on 17 Oct 2026 02:50:44 UTC.

Build Command

No build command. This typically means the build failed at an early stage where we determine the build command.

Build Log

========================================
RunAll
========================================
Builder version: 5.1.3
Interrupt handler set up.
========================================
Checkout
========================================
Clone URL: https://github.com/cryptomator/cloud-access-swift.git
Reference: develop
Initialized empty Git repository in /Users/admin/builder/spi-builder-workspace/.git/
From https://github.com/cryptomator/cloud-access-swift
 * branch            develop    -> FETCH_HEAD
 * [new branch]      develop    -> origin/develop
HEAD is now at 6455221 Merge pull request #45 from cryptomator/feature/swift-testing-integration-tests
Cloned https://github.com/cryptomator/cloud-access-swift.git
Revision (git rev-parse @):
645522186e75577d907697ad273f3e34ae3594f8
SUCCESS checkout https://github.com/cryptomator/cloud-access-swift.git at develop
========================================
Build
========================================
Selected platform:         watchOS
Swift version:             6.1
Building package at path:  $PWD
https://github.com/cryptomator/cloud-access-swift.git
https://github.com/cryptomator/cloud-access-swift.git
error: 'spi-builder-workspace': package 'spi-builder-workspace' is using Swift tools version 6.2.0 but the installed version is 6.1.0
error: fatalError
Command line invocation:
    /Applications/Xcode-16.3.0.app/Contents/Developer/usr/bin/xcodebuild -IDEClonedSourcePackagesDirPathOverride=/Users/admin/builder/spi-builder-workspace/.dependencies -resolvePackageDependencies
Resolve Package Graph
Fetching from https://github.com/aws-amplify/aws-sdk-ios-spm.git
Fetching from https://github.com/CocoaLumberjack/CocoaLumberjack.git
Fetching from https://github.com/openid/AppAuth-iOS.git
Fetching from https://github.com/dropbox/SwiftyDropbox.git
Fetching from https://github.com/norio-nomura/Base32.git
Fetching from https://github.com/AzureAD/microsoft-authentication-library-for-objc.git
Fetching from https://github.com/groue/GRDB.swift.git
Fetching from https://github.com/cryptomator/cryptolib-swift.git
Fetching from https://github.com/pCloud/pcloud-sdk-swift.git
Fetching from https://github.com/google/google-api-objectivec-client-for-rest.git
Fetching from https://github.com/google/GTMAppAuth.git
Fetching from https://github.com/cryptomator/JOSESwift.git
Fetching from https://github.com/box/box-ios-sdk.git
Fetching from https://github.com/google/gtm-session-fetcher.git (cached)
Fetching from https://github.com/apple/swift-log (cached)
Creating working copy of package ‘gtm-session-fetcher’
Checking out 5.3.1 of package ‘gtm-session-fetcher’
Creating working copy of package ‘CocoaLumberjack’
Checking out 3.10.0 of package ‘CocoaLumberjack’
Creating working copy of package ‘aws-sdk-ios-spm’
Checking out 2.41.0 of package ‘aws-sdk-ios-spm’
Creating working copy of package ‘microsoft-authentication-library-for-objc’
Checking out 2.16.0 of package ‘microsoft-authentication-library-for-objc’
Creating working copy of package ‘AppAuth-iOS’
Checking out 3.0.0 of package ‘AppAuth-iOS’
Creating working copy of package ‘cryptolib-swift’
Checking out 2.0.0 of package ‘cryptolib-swift’
Creating working copy of package ‘google-api-objectivec-client-for-rest’
Checking out 5.4.0 of package ‘google-api-objectivec-client-for-rest’
Creating working copy of package ‘GRDB.swift’
Checking out 7.11.1 of package ‘GRDB.swift’
Creating working copy of package ‘SwiftyDropbox’
Checking out 10.2.4 of package ‘SwiftyDropbox’
Creating working copy of package ‘Base32’
Checking out 0.9.0 of package ‘Base32’
Creating working copy of package ‘swift-log’
Checking out 1.16.1 of package ‘swift-log’
Creating working copy of package ‘pcloud-sdk-swift’
Checking out 3.2.3 of package ‘pcloud-sdk-swift’
Creating working copy of package ‘box-ios-sdk’
Checking out 10.17.0 of package ‘box-ios-sdk’
Creating working copy of package ‘GTMAppAuth’
Checking out 6.0.0 of package ‘GTMAppAuth’
Creating working copy of package ‘JOSESwift’
Checking out 3.0.0-cryptomator.2 of package ‘JOSESwift’
package 'cryptolib-swift' @ 2.0.0 is using Swift tools version 6.2.0 but the installed version is 6.1.0package 'swift-log' @ 1.16.1 is using Swift tools version 6.2.0 but the installed version is 6.1.0package 'swift-log' @ 1.16.1 is using Swift tools version 6.2.0 but the installed version is 6.1.0fatalError
2026-10-16 19:50:43.737 xcodebuild[505:2905] Writing error result bundle to /var/folders/5k/5yc19ymj0jqd5v0zvgfqz0xw0000gn/T/ResultBundle_2026-16-10_19-50-0043.xcresult
xcodebuild: error: Could not resolve package dependencies:
  package 'cryptolib-swift' @ 2.0.0 is using Swift tools version 6.2.0 but the installed version is 6.1.0
  package 'swift-log' @ 1.16.1 is using Swift tools version 6.2.0 but the installed version is 6.1.0
  package 'swift-log' @ 1.16.1 is using Swift tools version 6.2.0 but the installed version is 6.1.0
  fatalError
Command line invocation:
    /Applications/Xcode-16.3.0.app/Contents/Developer/usr/bin/xcodebuild -IDEClonedSourcePackagesDirPathOverride=/Users/admin/builder/spi-builder-workspace/.dependencies -resolvePackageDependencies
Resolve Package Graph
package 'cryptolib-swift' @ 2.0.0 is using Swift tools version 6.2.0 but the installed version is 6.1.0package 'swift-log' @ 1.16.1 is using Swift tools version 6.2.0 but the installed version is 6.1.0package 'swift-log' @ 1.16.1 is using Swift tools version 6.2.0 but the installed version is 6.1.0fatalError
2026-10-16 19:50:44.733 xcodebuild[1143:6013] Writing error result bundle to /var/folders/5k/5yc19ymj0jqd5v0zvgfqz0xw0000gn/T/ResultBundle_2026-16-10_19-50-0044.xcresult
xcodebuild: error: Could not resolve package dependencies:
  package 'cryptolib-swift' @ 2.0.0 is using Swift tools version 6.2.0 but the installed version is 6.1.0
  package 'swift-log' @ 1.16.1 is using Swift tools version 6.2.0 but the installed version is 6.1.0
  package 'swift-log' @ 1.16.1 is using Swift tools version 6.2.0 but the installed version is 6.1.0
  fatalError
BUILD FAILURE 6.1 watchOS