The Swift Package Index logo.Swift Package Index

Build Information

Failed to build SwiftyGPT, reference 3.0.0 (7bf281), with Swift 6.4 for Wasm on 20 Sep 2026 16:05:35 UTC.

Build Command

bash -c docker run --pull=always --rm -v "checkouts-54344844-0":/host -w "$PWD" -e JAVA_HOME="/root/.sdkman/candidates/java/current" -e SPI_BUILD="1" -e SPI_PROCESSING="1" registry.gitlab.com/saguaro1/spi-images:wasm-6.4-latest swift build --swift-sdk swift-6.4.x-DEVELOPMENT-SNAPSHOT-2026-09-04-a_wasm 2>&1

Build Log

========================================
RunAll
========================================
Builder version: 5.1.0
Interrupt handler set up.
========================================
Checkout
========================================
Clone URL: https://github.com/antonio-war/SwiftyGPT.git
Reference: 3.0.0
Initialized empty Git repository in /host/spi-builder-workspace/.git/
hint: Using 'master' as the name for the initial branch. This default branch name
hint: is subject to change. To configure the initial branch name to use in all
hint: of your new repositories, which will suppress this warning, call:
hint:
hint: 	git config --global init.defaultBranch <name>
hint:
hint: Names commonly chosen instead of 'master' are 'main', 'trunk' and
hint: 'development'. The just-created branch can be renamed via this command:
hint:
hint: 	git branch -m <name>
From https://github.com/antonio-war/SwiftyGPT
 * tag               3.0.0      -> FETCH_HEAD
HEAD is now at 7bf281f Merge branch 'release/3.0.0'
Cloned https://github.com/antonio-war/SwiftyGPT.git
Revision (git rev-parse @):
7bf281fb4b854e6ac3ad22ec8675b2e5d66f880c
SUCCESS checkout https://github.com/antonio-war/SwiftyGPT.git at 3.0.0
========================================
Build
========================================
Selected platform:         wasm
Swift version:             6.4
Building package at path:  $PWD
https://github.com/antonio-war/SwiftyGPT.git
Running build ...
bash -c docker run --pull=always --rm -v "checkouts-54344844-0":/host -w "$PWD" -e JAVA_HOME="/root/.sdkman/candidates/java/current" -e SPI_BUILD="1" -e SPI_PROCESSING="1" registry.gitlab.com/saguaro1/spi-images:wasm-6.4-latest swift build --swift-sdk swift-6.4.x-DEVELOPMENT-SNAPSHOT-2026-09-04-a_wasm 2>&1
wasm-6.4-latest: Pulling from saguaro1/spi-images
Digest: sha256:4328fdb43c680d205c1d6761b1e3267aa38277eefdda9ddfb17b6a0f1a77857a
Status: Image is up to date for registry.gitlab.com/saguaro1/spi-images:wasm-6.4-latest
Building for debugging...
[Planning deferred tasks]
error: SwiftCompile normal wasm32 failed with a nonzero exit code. Command line:     cd /host

[28 / 43] SwiftyGPTNetworking
/host/spi-builder-workspace/Sources/SwiftyGPTNetworking/Clients/SwiftyGPTNetworkingClient.swift:11:26: error: 'URLSession' is unavailable: This type has moved to the FoundationNetworking module. Import that module to use it.
 9 |
10 | public struct SwiftyGPTNetworkingClient: Equatable {
11 |     private let session: URLSession
   |                          `- error: 'URLSession' is unavailable: This type has moved to the FoundationNetworking module. Import that module to use it.
12 |
13 |     public init(session: URLSession = URLSession.shared) {
Foundation.URLSession:2:18: note: 'URLSession' has been explicitly marked unavailable here
1 | @available(*, unavailable, message: "This type has moved to the FoundationNetworking module. Import that module to use it.")
2 | public typealias URLSession = AnyObject
  |                  `- note: 'URLSession' has been explicitly marked unavailable here
/host/spi-builder-workspace/Sources/SwiftyGPTNetworking/Clients/SwiftyGPTNetworkingClient.swift:13:26: error: 'URLSession' is unavailable: This type has moved to the FoundationNetworking module. Import that module to use it.
11 |     private let session: URLSession
12 |
13 |     public init(session: URLSession = URLSession.shared) {
   |                          `- error: 'URLSession' is unavailable: This type has moved to the FoundationNetworking module. Import that module to use it.
14 |         self.session = session
15 |     }
Foundation.URLSession:2:18: note: 'URLSession' has been explicitly marked unavailable here
1 | @available(*, unavailable, message: "This type has moved to the FoundationNetworking module. Import that module to use it.")
2 | public typealias URLSession = AnyObject
  |                  `- note: 'URLSession' has been explicitly marked unavailable here
/host/spi-builder-workspace/Sources/SwiftyGPTNetworking/Clients/SwiftyGPTNetworkingClient.swift:13:50: error: type 'URLSession' (aka 'AnyObject') has no member 'shared'
11 |     private let session: URLSession
12 |
13 |     public init(session: URLSession = URLSession.shared) {
   |                                                  `- error: type 'URLSession' (aka 'AnyObject') has no member 'shared'
14 |         self.session = session
15 |     }
/host/spi-builder-workspace/Sources/SwiftyGPTNetworking/Clients/SwiftyGPTNetworkingClient.swift:13:50: error: default argument value of type '_' cannot be converted to type 'AnyObject'
11 |     private let session: URLSession
12 |
13 |     public init(session: URLSession = URLSession.shared) {
   |                                                  `- error: default argument value of type '_' cannot be converted to type 'AnyObject'
14 |         self.session = session
15 |     }
/host/spi-builder-workspace/Sources/SwiftyGPTNetworking/Models/SwiftyGPTNetworkingRequest.swift:17:22: error: cannot find type 'URLRequest' in scope
15 |     var headers: [String: String] { get }
16 |     var body: Data? { get }
17 |     var cachePolicy: URLRequest.CachePolicy { get }
   |                      `- error: cannot find type 'URLRequest' in scope
18 |     var timeout: TimeInterval { get }
19 |     var underlyingRequest: URLRequest { get throws }
/host/spi-builder-workspace/Sources/SwiftyGPTNetworking/Models/SwiftyGPTNetworkingRequest.swift:19:28: error: cannot find type 'URLRequest' in scope
17 |     var cachePolicy: URLRequest.CachePolicy { get }
18 |     var timeout: TimeInterval { get }
19 |     var underlyingRequest: URLRequest { get throws }
   |                            `- error: cannot find type 'URLRequest' in scope
20 | }
21 |
/host/spi-builder-workspace/Sources/SwiftyGPTNetworking/Clients/SwiftyGPTNetworkingClient.swift:10:15: error: type 'SwiftyGPTNetworkingClient' does not conform to protocol 'Equatable'
 8 | import Foundation
 9 |
10 | public struct SwiftyGPTNetworkingClient: Equatable {
   |               |- error: type 'SwiftyGPTNetworkingClient' does not conform to protocol 'Equatable'
   |               `- note: add stubs for conformance
11 |     private let session: URLSession
   |                 `- note: stored property type 'URLSession' (aka 'AnyObject') does not conform to protocol 'Equatable', preventing synthesized conformance of 'SwiftyGPTNetworkingClient' to 'Equatable'
12 |
13 |     public init(session: URLSession = URLSession.shared) {
Swift.==:1:24: note: candidate would match if 'SwiftyGPTNetworkingClient' conformed to 'RawRepresentable'
1 | @inlinable public func == <T>(lhs: T, rhs: T) -> Bool where T : RawRepresentable, T.RawValue : Equatable
  |                        `- note: candidate would match if 'SwiftyGPTNetworkingClient' conformed to 'RawRepresentable'
Swift.FloatingPoint.==:2:20: note: candidate would match if 'SwiftyGPTNetworkingClient' conformed to 'FloatingPoint'
1 | protocol FloatingPoint {
2 | public static func == (lhs: Self, rhs: Self) -> Bool}
  |                    `- note: candidate would match if 'SwiftyGPTNetworkingClient' conformed to 'FloatingPoint'
3 |
Swift.BinaryInteger.==:2:20: note: candidate would match if 'SwiftyGPTNetworkingClient' conformed to 'BinaryInteger'
1 | protocol BinaryInteger {
2 | public static func == <Other>(lhs: Self, rhs: Other) -> Bool where Other : BinaryInteger}
  |                    `- note: candidate would match if 'SwiftyGPTNetworkingClient' conformed to 'BinaryInteger'
3 |
Swift._Pointer.==:2:20: note: candidate would match if 'SwiftyGPTNetworkingClient' conformed to '_Pointer'
1 | protocol _Pointer {
2 | public static func == (lhs: Self, rhs: Self) -> Bool}
  |                    `- note: candidate would match if 'SwiftyGPTNetworkingClient' conformed to '_Pointer'
3 |
Swift._Pointer.==:2:31: note: candidate would match if 'SwiftyGPTNetworkingClient' conformed to '_Pointer'
1 | protocol _Pointer {
2 | @inlinable public static func == <Other>(lhs: Self, rhs: Other) -> Bool where Other : _Pointer}
  |                               `- note: candidate would match if 'SwiftyGPTNetworkingClient' conformed to '_Pointer'
3 |
Swift.Strideable.==:2:31: note: candidate would match if 'SwiftyGPTNetworkingClient' conformed to 'Strideable'
1 | protocol Strideable {
2 | @inlinable public static func == (x: Self, y: Self) -> Bool}
  |                               `- note: candidate would match if 'SwiftyGPTNetworkingClient' conformed to 'Strideable'
3 |
Swift.StringProtocol.==:2:31: note: candidate would match if 'SwiftyGPTNetworkingClient' conformed to 'StringProtocol'
1 | protocol StringProtocol {
2 | @inlinable public static func == <RHS>(lhs: Self, rhs: RHS) -> Bool where RHS : StringProtocol}
  |                               `- note: candidate would match if 'SwiftyGPTNetworkingClient' conformed to 'StringProtocol'
3 |
Swift.SIMD.==:2:20: note: candidate would match if 'SwiftyGPTNetworkingClient' conformed to 'SIMD'
1 | protocol SIMD {
2 | public static func == (a: Self, b: Self) -> Bool}
  |                    `- note: candidate would match if 'SwiftyGPTNetworkingClient' conformed to 'SIMD'
3 |
Foundation.__BridgedNSError.==:2:20: note: candidate would match if 'SwiftyGPTNetworkingClient' conformed to '__BridgedNSError'
1 | protocol __BridgedNSError {
2 | public static func == (lhs: Self, rhs: Self) -> Bool}
  |                    `- note: candidate would match if 'SwiftyGPTNetworkingClient' conformed to '__BridgedNSError'
3 |
Foundation._BridgedStoredNSError.==:2:20: note: candidate would match if 'SwiftyGPTNetworkingClient' conformed to '_BridgedStoredNSError'
1 | protocol _BridgedStoredNSError {
2 | public static func == (lhs: Self, rhs: Self) -> Bool}
  |                    `- note: candidate would match if 'SwiftyGPTNetworkingClient' conformed to '_BridgedStoredNSError'
3 |
FoundationEssentials.AttributedStringProtocol.==:2:20: note: candidate would match if 'SwiftyGPTNetworkingClient' conformed to 'AttributedStringProtocol'
1 | protocol AttributedStringProtocol {
2 | public static func == <RHS>(lhs: Self, rhs: RHS) -> Bool where RHS : AttributedStringProtocol}
  |                    `- note: candidate would match if 'SwiftyGPTNetworkingClient' conformed to 'AttributedStringProtocol'
3 |
Swift.Equatable.==:2:13: note: protocol requires function '==' with type '(borrowing SwiftyGPTNetworkingClient, borrowing SwiftyGPTNetworkingClient) -> Bool'
1 | protocol Equatable {
2 | static func == (lhs: borrowing Self, rhs: borrowing Self) -> Bool}
  |             `- note: protocol requires function '==' with type '(borrowing SwiftyGPTNetworkingClient, borrowing SwiftyGPTNetworkingClient) -> Bool'
3 |
/host/spi-builder-workspace/Sources/SwiftyGPTNetworking/Models/SwiftyGPTNetworkingRequest.swift:19:41: error: getter of noncopyable type cannot be 'async' or 'throws'
17 |     var cachePolicy: URLRequest.CachePolicy { get }
18 |     var timeout: TimeInterval { get }
19 |     var underlyingRequest: URLRequest { get throws }
   |                                         `- error: getter of noncopyable type cannot be 'async' or 'throws'
20 | }
21 |
/host/spi-builder-workspace/Sources/SwiftyGPTNetworking/Models/SwiftyGPTNetworkingRequest.swift:32:28: error: cannot find type 'URLRequest' in scope
30 |     }
31 |
32 |     var underlyingRequest: URLRequest {
   |                            `- error: cannot find type 'URLRequest' in scope
33 |         get throws {
34 |             var request = try URLRequest(url: url, cachePolicy: cachePolicy, timeoutInterval: timeout)
/host/spi-builder-workspace/Sources/SwiftyGPTNetworking/Models/SwiftyGPTNetworkingRequest.swift:33:9: error: getter of noncopyable type cannot be 'async' or 'throws'
31 |
32 |     var underlyingRequest: URLRequest {
33 |         get throws {
   |         `- error: getter of noncopyable type cannot be 'async' or 'throws'
34 |             var request = try URLRequest(url: url, cachePolicy: cachePolicy, timeoutInterval: timeout)
35 |             request.httpMethod = method.rawValue
/host/spi-builder-workspace/Sources/SwiftyGPTNetworking/Models/SwiftyGPTNetworkingResponse.swift:11:36: error: 'HTTPURLResponse' is unavailable: This type has moved to the FoundationNetworking module. Import that module to use it.
 9 |
10 | public struct SwiftyGPTNetworkingResponse {
11 |     public var underlyingResponse: HTTPURLResponse
   |                                    `- error: 'HTTPURLResponse' is unavailable: This type has moved to the FoundationNetworking module. Import that module to use it.
12 |     public var body: Data
13 |
Foundation.HTTPURLResponse:2:18: note: 'HTTPURLResponse' has been explicitly marked unavailable here
1 | @available(*, unavailable, message: "This type has moved to the FoundationNetworking module. Import that module to use it.")
2 | public typealias HTTPURLResponse = AnyObject
  |                  `- note: 'HTTPURLResponse' has been explicitly marked unavailable here
Failed frontend command:
/usr/bin/swift-frontend -frontend -emit-module -experimental-skip-non-inlinable-function-bodies-without-types /host/spi-builder-workspace/Sources/SwiftyGPTNetworking/Clients/SwiftyGPTNetworkingClient.swift /host/spi-builder-workspace/Sources/SwiftyGPTNetworking/Models/SwiftyGPTNetworkingMethod.swift /host/spi-builder-workspace/Sources/SwiftyGPTNetworking/Models/SwiftyGPTNetworkingRequest.swift /host/spi-builder-workspace/Sources/SwiftyGPTNetworking/Models/SwiftyGPTNetworkingResponse.swift -target wasm32-unknown-wasip1 -disable-objc-interop -sdk /root/.swiftpm/swift-sdks/swift-6.4.x-DEVELOPMENT-SNAPSHOT-2026-09-04-a_wasm.artifactbundle/swift-6.4.x-DEVELOPMENT-SNAPSHOT-2026-09-04-a_wasm/wasm32-unknown-wasip1/WASI.sdk -sysroot /root/.swiftpm/swift-sdks/swift-6.4.x-DEVELOPMENT-SNAPSHOT-2026-09-04-a_wasm.artifactbundle/swift-6.4.x-DEVELOPMENT-SNAPSHOT-2026-09-04-a_wasm/wasm32-unknown-wasip1/WASI.sdk -I /host/spi-builder-workspace/.build/out/Products/Debug-webassembly-wasm32 -module-cache-path /host/spi-builder-workspace/.build/out/ModuleCache.noindex -color-diagnostics -Xcc -fcolor-diagnostics -enable-testing -g -debug-info-format\=dwarf -dwarf-version\=4 -swift-version 5 -Onone -D SWIFT_PACKAGE -D DEBUG -D SWIFT_MODULE_RESOURCE_BUNDLE_UNAVAILABLE -D Xcode -serialize-debugging-options -enable-experimental-feature DebugDescriptionMacro -empty-abi-descriptor -external-plugin-path /usr/lib/swift/host/plugins/testing\#/usr/bin/swift-plugin-server -validate-clang-modules-once -clang-build-session-file /host/spi-builder-workspace/.build/out/ModuleCache.noindex/Session.modulevalidation -Xcc -working-directory -Xcc /host -resource-dir /root/.swiftpm/swift-sdks/swift-6.4.x-DEVELOPMENT-SNAPSHOT-2026-09-04-a_wasm.artifactbundle/swift-6.4.x-DEVELOPMENT-SNAPSHOT-2026-09-04-a_wasm/wasm32-unknown-wasip1/swift.xctoolchain/usr/lib/swift_static -use-static-resource-dir -enable-anonymous-context-mangled-names -file-compilation-dir /host -Xcc -resource-dir -Xcc /root/.swiftpm/swift-sdks/swift-6.4.x-DEVELOPMENT-SNAPSHOT-2026-09-04-a_wasm.artifactbundle/swift-6.4.x-DEVELOPMENT-SNAPSHOT-2026-09-04-a_wasm/wasm32-unknown-wasip1/swift.xctoolchain/usr/lib/swift_static/clang -Xcc -D_LIBCPP_HARDENING_MODE\=_LIBCPP_HARDENING_MODE_DEBUG -Xcc -fmodules-prune-interval\=86400 -Xcc -fmodules-prune-after\=345600 -Xcc -I/host/spi-builder-workspace/.build/out/Products/Debug-webassembly-wasm32/include -Xcc -I/host/spi-builder-workspace/.build/out/Intermediates.noindex/SwiftyGPT.build/Debug-webassembly-wasm32/SwiftyGPTNetworking-t.build/DerivedSources-normal/wasm32 -Xcc -I/host/spi-builder-workspace/.build/out/Intermediates.noindex/SwiftyGPT.build/Debug-webassembly-wasm32/SwiftyGPTNetworking-t.build/DerivedSources/wasm32 -Xcc -I/host/spi-builder-workspace/.build/out/Intermediates.noindex/SwiftyGPT.build/Debug-webassembly-wasm32/SwiftyGPTNetworking-t.build/DerivedSources -Xcc -DSWIFT_PACKAGE -Xcc -DDEBUG\=1 -no-auto-bridging-header-chaining -module-name SwiftyGPTNetworking -const-gather-protocols-file /host/spi-builder-workspace/.build/out/Intermediates.noindex/SwiftyGPT.build/Debug-webassembly-wasm32/SwiftyGPTNetworking-t.build/Objects-normal/wasm32/SwiftyGPTNetworking_const_extract_protocols.json -in-process-plugin-server-path /usr/lib/swift/host/libSwiftInProcPluginServer.so -plugin-path /usr/lib/swift/host/plugins -plugin-path /usr/local/lib/swift/host/plugins -emit-module-doc-path /host/spi-builder-workspace/.build/out/Intermediates.noindex/SwiftyGPT.build/Debug-webassembly-wasm32/SwiftyGPTNetworking-t.build/Objects-normal/wasm32/Modules/SwiftyGPTNetworking.swiftdoc -emit-module-source-info-path /host/spi-builder-workspace/.build/out/Intermediates.noindex/SwiftyGPT.build/Debug-webassembly-wasm32/SwiftyGPTNetworking-t.build/Objects-normal/wasm32/Modules/SwiftyGPTNetworking.swiftsourceinfo -emit-objc-header-path /host/spi-builder-workspace/.build/out/Intermediates.noindex/SwiftyGPT.build/Debug-webassembly-wasm32/SwiftyGPTNetworking-t.build/Objects-normal/wasm32/SwiftyGPTNetworking-Swift.h -serialize-diagnostics-path /host/spi-builder-workspace/.build/out/Intermediates.noindex/SwiftyGPT.build/Debug-webassembly-wasm32/SwiftyGPTNetworking-t.build/Objects-normal/wasm32/SwiftyGPTNetworking-primary-emit-module.dia -emit-dependencies-path /host/spi-builder-workspace/.build/out/Intermediates.noindex/SwiftyGPT.build/Debug-webassembly-wasm32/SwiftyGPTNetworking-t.build/Objects-normal/wasm32/SwiftyGPTNetworking-primary-emit-module.d -parse-as-library -o /host/spi-builder-workspace/.build/out/Intermediates.noindex/SwiftyGPT.build/Debug-webassembly-wasm32/SwiftyGPTNetworking-t.build/Objects-normal/wasm32/Modules/SwiftyGPTNetworking.swiftmodule
error: Build failed
BUILD FAILURE 6.4 wasm