The Swift Package Index logo.Swift Package Index

Build Information

Failed to build SwiftFake, reference 1.0.0 (512d53), with Swift 6.4 for Linux on 22 Sep 2026 19:54:44 UTC.

Build Command

bash -c docker run --pull=always --rm -v "checkouts-53886769-1":/host -w "$PWD" -e JAVA_HOME="/root/.sdkman/candidates/java/current" -e SPI_BUILD="1" -e SPI_PROCESSING="1" registry.gitlab.com/saguaro1/spi-images:basic-6.4-latest swift build --triple x86_64-unknown-linux-gnu 2>&1

Build Log

========================================
RunAll
========================================
Builder version: 5.1.0
Interrupt handler set up.
========================================
Checkout
========================================
Clone URL: https://github.com/ziminny/SwiftFake.git
Reference: 1.0.0
Initialized empty Git repository in /host/spi-builder-workspace/.git/
hint: Using 'master' as the name for the initial branch. This default branch name
hint: is subject to change. To configure the initial branch name to use in all
hint: of your new repositories, which will suppress this warning, call:
hint:
hint: 	git config --global init.defaultBranch <name>
hint:
hint: Names commonly chosen instead of 'master' are 'main', 'trunk' and
hint: 'development'. The just-created branch can be renamed via this command:
hint:
hint: 	git branch -m <name>
From https://github.com/ziminny/SwiftFake
 * tag               1.0.0      -> FETCH_HEAD
HEAD is now at 512d534 update package name
Cloned https://github.com/ziminny/SwiftFake.git
Revision (git rev-parse @):
512d534f2aed07833b94cc5c9da6178881d20131
SUCCESS checkout https://github.com/ziminny/SwiftFake.git at 1.0.0
========================================
Build
========================================
Selected platform:         linux
Swift version:             6.4
Building package at path:  $PWD
https://github.com/ziminny/SwiftFake.git
Running build ...
bash -c docker run --pull=always --rm -v "checkouts-53886769-1":/host -w "$PWD" -e JAVA_HOME="/root/.sdkman/candidates/java/current" -e SPI_BUILD="1" -e SPI_PROCESSING="1" registry.gitlab.com/saguaro1/spi-images:basic-6.4-latest swift build --triple x86_64-unknown-linux-gnu 2>&1
basic-6.4-latest: Pulling from saguaro1/spi-images
Digest: sha256:c77fcce225e223ac0fafed844619173fc6de8d62dd560eeb28db3182af6a282b
Status: Image is up to date for registry.gitlab.com/saguaro1/spi-images:basic-6.4-latest
Building for debugging...
[Planning deferred tasks]
[28 / 36] SwiftFake
error: SwiftCompile normal x86_64 /host/spi-builder-workspace/Sources/SwiftFake/Cases/FakeIntegers.swift failed with a nonzero exit code. Command line:     cd /host
    builtin-SwiftPerFileCompile FakeIntegers.swift
/host/spi-builder-workspace/Sources/SwiftFake/Cases/FakeIntegers.swift:14:36: error: cannot find 'arc4random_uniform' in scope
12 |     public typealias Value = Int16
13 |
14 |     public var value:Value { Int16(arc4random_uniform(UInt32(Int16.max) + 1)) }
   |                                    `- error: cannot find 'arc4random_uniform' in scope
15 |
16 |     required public init() {}
/host/spi-builder-workspace/Sources/SwiftFake/Cases/FakeIntegers.swift:23:36: error: cannot find 'arc4random_uniform' in scope
21 |     public typealias Value = Int32
22 |
23 |     public var value:Value { Int32(arc4random_uniform(UInt32(Int32.max) + 1)) }
   |                                    `- error: cannot find 'arc4random_uniform' in scope
24 |
25 |     required public init() {}
/host/spi-builder-workspace/Sources/SwiftFake/Cases/FakeIntegers.swift:32:36: error: cannot find 'arc4random_uniform' in scope
30 |     public typealias Value = Int64
31 |
32 |     public var value:Value { Int64(arc4random_uniform(UInt32(Int64.max) + 1)) }
   |                                    `- error: cannot find 'arc4random_uniform' in scope
33 |
34 |     required public init() {}
Failed frontend command:
/usr/bin/swift-frontend -frontend -c /host/spi-builder-workspace/Sources/SwiftFake/Cases/FakeAcronymsBrazilianStates.swift /host/spi-builder-workspace/Sources/SwiftFake/Cases/FakeAddresses.swift /host/spi-builder-workspace/Sources/SwiftFake/Cases/FakeAges.swift /host/spi-builder-workspace/Sources/SwiftFake/Cases/FakeBigImage.swift /host/spi-builder-workspace/Sources/SwiftFake/Cases/FakeBoolean.swift /host/spi-builder-workspace/Sources/SwiftFake/Cases/FakeBrazilianAnswerOfLaw.swift /host/spi-builder-workspace/Sources/SwiftFake/Cases/FakeBrazilianCities.swift /host/spi-builder-workspace/Sources/SwiftFake/Cases/FakeBrazilianCompanies.swift /host/spi-builder-workspace/Sources/SwiftFake/Cases/FakeBrazilianMatterOfLaw.swift /host/spi-builder-workspace/Sources/SwiftFake/Cases/FakeBrazilianNames.swift /host/spi-builder-workspace/Sources/SwiftFake/Cases/FakeBrazilianQuestionsOfLaw.swift /host/spi-builder-workspace/Sources/SwiftFake/Cases/FakeBrazilianStates.swift /host/spi-builder-workspace/Sources/SwiftFake/Cases/FakeBrazilianSubMatterOfLaw.swift /host/spi-builder-workspace/Sources/SwiftFake/Cases/FakeCNPJ.swift /host/spi-builder-workspace/Sources/SwiftFake/Cases/FakeCPF.swift /host/spi-builder-workspace/Sources/SwiftFake/Cases/FakeCars.swift /host/spi-builder-workspace/Sources/SwiftFake/Cases/FakeCompanies.swift /host/spi-builder-workspace/Sources/SwiftFake/Cases/FakeCountries.swift /host/spi-builder-workspace/Sources/SwiftFake/Cases/FakeCreditCards.swift /host/spi-builder-workspace/Sources/SwiftFake/Cases/FakeCurrencies.swift -primary-file /host/spi-builder-workspace/Sources/SwiftFake/Cases/FakeDateTimes.swift -primary-file /host/spi-builder-workspace/Sources/SwiftFake/Cases/FakeEmails.swift -primary-file /host/spi-builder-workspace/Sources/SwiftFake/Cases/FakeIntegers.swift -primary-file /host/spi-builder-workspace/Sources/SwiftFake/Cases/FakeJobTitles.swift /host/spi-builder-workspace/Sources/SwiftFake/Cases/FakeLanguages.swift /host/spi-builder-workspace/Sources/SwiftFake/Cases/FakeNames.swift /host/spi-builder-workspace/Sources/SwiftFake/Cases/FakePasswords.swift /host/spi-builder-workspace/Sources/SwiftFake/Cases/FakePhoneNumbers.swift /host/spi-builder-workspace/Sources/SwiftFake/Cases/FakeProductNames.swift /host/spi-builder-workspace/Sources/SwiftFake/Cases/FakeSmallImage.swift /host/spi-builder-workspace/Sources/SwiftFake/Cases/FakeSocialMediaHandles.swift /host/spi-builder-workspace/Sources/SwiftFake/Cases/FakeUniversities.swift /host/spi-builder-workspace/Sources/SwiftFake/Cases/FakeUserAgents.swift /host/spi-builder-workspace/Sources/SwiftFake/Cases/FakeVehicleModels.swift /host/spi-builder-workspace/Sources/SwiftFake/FakeRecords.swift /host/spi-builder-workspace/Sources/SwiftFake/FalsifiedDataProtocol\ .swift -supplementary-output-file-map /host/spi-builder-workspace/.build/out/Intermediates.noindex/SwiftFake.build/Debug-linux-x86_64/SwiftFake-t.build/Objects-normal/x86_64/supplementaryOutputs-5 -target x86_64-unknown-linux-gnu -disable-objc-interop -I /host/spi-builder-workspace/.build/out/Products/Debug-linux-x86_64 -module-cache-path /host/spi-builder-workspace/.build/out/ModuleCache.noindex -color-diagnostics -Xcc -fcolor-diagnostics -enable-testing -g -debug-info-format\=dwarf -dwarf-version\=4 -swift-version 6 -Onone -D SWIFT_PACKAGE -D DEBUG -D SWIFT_MODULE_RESOURCE_BUNDLE_UNAVAILABLE -D Xcode -serialize-debugging-options -enable-experimental-feature DebugDescriptionMacro -empty-abi-descriptor -external-plugin-path /usr/lib/swift/host/plugins/testing\#/usr/bin/swift-plugin-server -validate-clang-modules-once -clang-build-session-file /host/spi-builder-workspace/.build/out/ModuleCache.noindex/Session.modulevalidation -Xcc -working-directory -Xcc /host -enable-anonymous-context-mangled-names -file-compilation-dir /host -Xcc -fno-omit-frame-pointer -Xcc -D_LIBCPP_HARDENING_MODE\=_LIBCPP_HARDENING_MODE_DEBUG -Xcc -fmodules-prune-interval\=86400 -Xcc -fmodules-prune-after\=345600 -Xcc -I/host/spi-builder-workspace/.build/out/Products/Debug-linux-x86_64/include -Xcc -I/host/spi-builder-workspace/.build/out/Intermediates.noindex/SwiftFake.build/Debug-linux-x86_64/SwiftFake-t.build/DerivedSources-normal/x86_64 -Xcc -I/host/spi-builder-workspace/.build/out/Intermediates.noindex/SwiftFake.build/Debug-linux-x86_64/SwiftFake-t.build/DerivedSources/x86_64 -Xcc -I/host/spi-builder-workspace/.build/out/Intermediates.noindex/SwiftFake.build/Debug-linux-x86_64/SwiftFake-t.build/DerivedSources -Xcc -DSWIFT_PACKAGE -Xcc -DDEBUG\=1 -no-auto-bridging-header-chaining -module-name SwiftFake -package-name spi_builder_workspace -const-gather-protocols-file /host/spi-builder-workspace/.build/out/Intermediates.noindex/SwiftFake.build/Debug-linux-x86_64/SwiftFake-t.build/Objects-normal/x86_64/SwiftFake_const_extract_protocols.json -in-process-plugin-server-path /usr/lib/swift/host/libSwiftInProcPluginServer.so -plugin-path /usr/lib/swift/host/plugins -plugin-path /usr/local/lib/swift/host/plugins -parse-as-library -o /host/spi-builder-workspace/.build/out/Intermediates.noindex/SwiftFake.build/Debug-linux-x86_64/SwiftFake-t.build/Objects-normal/x86_64/FakeDateTimes.o -o /host/spi-builder-workspace/.build/out/Intermediates.noindex/SwiftFake.build/Debug-linux-x86_64/SwiftFake-t.build/Objects-normal/x86_64/FakeEmails.o -o /host/spi-builder-workspace/.build/out/Intermediates.noindex/SwiftFake.build/Debug-linux-x86_64/SwiftFake-t.build/Objects-normal/x86_64/FakeIntegers.o -o /host/spi-builder-workspace/.build/out/Intermediates.noindex/SwiftFake.build/Debug-linux-x86_64/SwiftFake-t.build/Objects-normal/x86_64/FakeJobTitles.o -index-unit-output-path /SwiftFake.build/Debug-linux-x86_64/SwiftFake-t.build/Objects-normal/x86_64/FakeDateTimes.o -index-unit-output-path /SwiftFake.build/Debug-linux-x86_64/SwiftFake-t.build/Objects-normal/x86_64/FakeEmails.o -index-unit-output-path /SwiftFake.build/Debug-linux-x86_64/SwiftFake-t.build/Objects-normal/x86_64/FakeIntegers.o -index-unit-output-path /SwiftFake.build/Debug-linux-x86_64/SwiftFake-t.build/Objects-normal/x86_64/FakeJobTitles.o -index-store-path /host/spi-builder-workspace/.build/out -index-system-modules
error: Build failed
BUILD FAILURE 6.4 linux