Build Information
Failed to build CHRadarGraph, reference 0.5.0 (909cea), with Swift 6.3 for macOS (SPM) on 29 Jul 2026 08:16:55 UTC.
Build Command
env DEVELOPER_DIR=/Applications/Xcode-26.4.0.app xcrun swift build --arch arm64Build Log
========================================
RunAll
========================================
Builder version: undefined version: run 'make version' to update
Interrupt handler set up.
========================================
Checkout
========================================
Clone URL: https://github.com/cnharris10/CHRadarGraph.git
Reference: 0.5.0
Initialized empty Git repository in /Users/admin/builder/spi-builder-workspace/.git/
From https://github.com/cnharris10/CHRadarGraph
* tag 0.5.0 -> FETCH_HEAD
HEAD is now at 909cea9 Fix SwiftUI reactivity gap and a negative-index crash; add title/label styling
Cloned https://github.com/cnharris10/CHRadarGraph.git
Revision (git rev-parse @):
909cea9cd12ecdea205cb17211b886dccd690677
SUCCESS checkout https://github.com/cnharris10/CHRadarGraph.git at 0.5.0
========================================
ResolveProductDependencies
========================================
Resolving dependencies ...
{
"identity": ".resolve-product-dependencies",
"name": "resolve-dependencies",
"url": "/Users/admin/builder/spi-builder-workspace/.resolve-product-dependencies",
"version": "unspecified",
"path": "/Users/admin/builder/spi-builder-workspace/.resolve-product-dependencies",
"traits": [
"default"
],
"dependencies": [
{
"identity": "chradargraph",
"name": "CHRadarGraph",
"url": "https://github.com/cnharris10/CHRadarGraph.git",
"version": "unspecified",
"path": "/Users/admin/builder/spi-builder-workspace/.resolve-product-dependencies/.build/checkouts/CHRadarGraph",
"traits": [
"default"
],
"dependencies": [
]
}
]
}
Fetching https://github.com/cnharris10/CHRadarGraph.git
[1/744] Fetching chradargraph
Fetched https://github.com/cnharris10/CHRadarGraph.git from cache (1.08s)
Creating working copy for https://github.com/cnharris10/CHRadarGraph.git
Working copy of https://github.com/cnharris10/CHRadarGraph.git resolved at 0.5.0 (909cea9)
warning: '.resolve-product-dependencies': dependency 'chradargraph' is not used by any target
Found 0 product dependencies
========================================
Build
========================================
Selected platform: macosSpm
Swift version: 6.3
Building package at path: $PWD
https://github.com/cnharris10/CHRadarGraph.git
Running build ...
env DEVELOPER_DIR=/Applications/Xcode-26.4.0.app xcrun swift build --arch arm64
Building for debugging...
[0/2] Write sources
[1/2] Write swift-version--6988338F2F200930.txt
[3/10] Compiling CHRadarGraph CHSectorLabel.swift
/Users/admin/builder/spi-builder-workspace/Sources/CHRadarGraph/CHRadarGraphDefaultValues.swift:2:8: error: no such module 'UIKit'
1 | import Foundation
2 | import UIKit
| `- error: no such module 'UIKit'
3 |
4 | struct CHRadarGraphDefaultValues {
[4/10] Compiling CHRadarGraph CHSectorData.swift
/Users/admin/builder/spi-builder-workspace/Sources/CHRadarGraph/CHRadarGraphDefaultValues.swift:2:8: error: no such module 'UIKit'
1 | import Foundation
2 | import UIKit
| `- error: no such module 'UIKit'
3 |
4 | struct CHRadarGraphDefaultValues {
[5/10] Compiling CHRadarGraph CHRadarGraphView.swift
/Users/admin/builder/spi-builder-workspace/Sources/CHRadarGraph/CHRadarGraphDefaultValues.swift:2:8: error: no such module 'UIKit'
1 | import Foundation
2 | import UIKit
| `- error: no such module 'UIKit'
3 |
4 | struct CHRadarGraphDefaultValues {
[6/10] Compiling CHRadarGraph CHSectorCell.swift
/Users/admin/builder/spi-builder-workspace/Sources/CHRadarGraph/CHRadarGraphDefaultValues.swift:2:8: error: no such module 'UIKit'
1 | import Foundation
2 | import UIKit
| `- error: no such module 'UIKit'
3 |
4 | struct CHRadarGraphDefaultValues {
[7/10] Compiling CHRadarGraph CHSectorDataCollection.swift
/Users/admin/builder/spi-builder-workspace/Sources/CHRadarGraph/CHRadarGraphDefaultValues.swift:2:8: error: no such module 'UIKit'
1 | import Foundation
2 | import UIKit
| `- error: no such module 'UIKit'
3 |
4 | struct CHRadarGraphDefaultValues {
error: emit-module command failed with exit code 1 (use -v to see invocation)
[8/10] Emitting module CHRadarGraph
/Users/admin/builder/spi-builder-workspace/Sources/CHRadarGraph/CHRadarGraphDefaultValues.swift:2:8: error: no such module 'UIKit'
1 | import Foundation
2 | import UIKit
| `- error: no such module 'UIKit'
3 |
4 | struct CHRadarGraphDefaultValues {
[9/10] Compiling CHRadarGraph CHRadarGraphDefaultValues.swift
/Users/admin/builder/spi-builder-workspace/Sources/CHRadarGraph/CHRadarGraphDefaultValues.swift:2:8: error: no such module 'UIKit'
1 | import Foundation
2 | import UIKit
| `- error: no such module 'UIKit'
3 |
4 | struct CHRadarGraphDefaultValues {
[10/10] Compiling CHRadarGraph CHRadarGraph+SwiftUI.swift
/Users/admin/builder/spi-builder-workspace/Sources/CHRadarGraph/CHRadarGraphDefaultValues.swift:2:8: error: no such module 'UIKit'
1 | import Foundation
2 | import UIKit
| `- error: no such module 'UIKit'
3 |
4 | struct CHRadarGraphDefaultValues {
BUILD FAILURE 6.3 macosSpm