The Swift Package Index logo.Swift Package Index

Build Information

Failed to build ConfigParser, reference 0.4.0 (b7d9b1), with Swift 6.4 for macOS (SPM) on 16 Sep 2026 01:13:30 UTC.

Build Command

env DEVELOPER_DIR=/Applications/Xcode-27.0.0-Release.Candidate.app xcrun swift build --arch arm64

Build Log

========================================
RunAll
========================================
Builder version: 5.1.0
Interrupt handler set up.
========================================
Checkout
========================================
Clone URL: https://github.com/ponyboy47/ConfigParser.git
Reference: 0.4.0
Initialized empty Git repository in /Users/admin/builder/spi-builder-workspace/.git/
From https://github.com/ponyboy47/ConfigParser
 * tag               0.4.0      -> FETCH_HEAD
HEAD is now at b7d9b1d Updated to rebranded TrailBlazer (now Pathman), added Data parsing, bump version
Cloned https://github.com/ponyboy47/ConfigParser.git
Revision (git rev-parse @):
b7d9b1df44b17e108bba16839ee693092cb4cfb6
SUCCESS checkout https://github.com/ponyboy47/ConfigParser.git at 0.4.0
========================================
Build
========================================
Selected platform:         macosSpm
Swift version:             6.4
Building package at path:  $PWD
https://github.com/ponyboy47/ConfigParser.git
Running build ...
env DEVELOPER_DIR=/Applications/Xcode-27.0.0-Release.Candidate.app xcrun swift build --arch arm64
Building for debugging...
[Constructing description]
[Planning 123 / 188]
[Planning deferred tasks]
[39 / 70]
[42 / 71] Cglob
[57 / 104]
[60 / 104]
[67 / 104]
[69 / 104]
[71 / 104]
[75 / 104]
[79 / 104] ErrNo
[86 / 105] ErrNo
[96 / 136]
[98 / 136]
[100 / 136]
[102 / 136]
[105 / 136]
[107 / 136]
[108 / 136]
[119 / 136] Pathman
[120 / 136] Pathman
[126 / 137]
[128 / 148] ConfigParser
Fetching https://github.com/Ponyboy47/Pathman.git
[1/4003] Fetching pathman
Fetched https://github.com/Ponyboy47/Pathman.git (1.16s)
Computing version for https://github.com/Ponyboy47/Pathman.git
Computed https://github.com/Ponyboy47/Pathman.git at 0.20.1 (1.83s)
Fetching https://github.com/Ponyboy47/ErrNo
Fetching https://github.com/Ponyboy47/Cglob
Fetching https://github.com/Ponyboy47/Cdirent
Fetching https://github.com/kareman/SwiftShell
[1/12] Fetching cdirent
[13/4903] Fetching cdirent, swiftshell
[14/4915] Fetching cdirent, swiftshell, cglob
[270/5209] Fetching cdirent, swiftshell, cglob, errno
Fetched https://github.com/Ponyboy47/Cglob (0.87s)
[1040/5197] Fetching cdirent, swiftshell, errno
Fetched https://github.com/Ponyboy47/Cdirent (1.38s)
Fetched https://github.com/Ponyboy47/ErrNo (1.39s)
Fetched https://github.com/kareman/SwiftShell (1.39s)
Computing version for https://github.com/Ponyboy47/Cglob
Computed https://github.com/Ponyboy47/Cglob at 0.1.0 (3.59s)
Computing version for https://github.com/Ponyboy47/Cdirent
Computed https://github.com/Ponyboy47/Cdirent at 0.1.0 (0.63s)
Computing version for https://github.com/Ponyboy47/ErrNo
Computed https://github.com/Ponyboy47/ErrNo at 0.5.2 (0.63s)
Computing version for https://github.com/kareman/SwiftShell
Computed https://github.com/kareman/SwiftShell at 5.1.1 (0.63s)
Creating working copy for https://github.com/Ponyboy47/Cglob
Working copy of https://github.com/Ponyboy47/Cglob resolved at 0.1.0
Creating working copy for https://github.com/Ponyboy47/Pathman.git
Working copy of https://github.com/Ponyboy47/Pathman.git resolved at 0.20.1
Creating working copy for https://github.com/Ponyboy47/Cdirent
Working copy of https://github.com/Ponyboy47/Cdirent resolved at 0.1.0
Creating working copy for https://github.com/kareman/SwiftShell
Working copy of https://github.com/kareman/SwiftShell resolved at 5.1.1
Creating working copy for https://github.com/Ponyboy47/ErrNo
Working copy of https://github.com/Ponyboy47/ErrNo resolved at 0.5.2
error: SwiftCompile normal arm64 failed with a nonzero exit code. Command line:     cd /Users/admin/builder

/Users/admin/builder/spi-builder-workspace/Sources/ConfigParser/ConfigSection+Types.swift:58:34: error: 'Float80' is unavailable: Float80 is not available on target platform.
56 |     }
57 |
58 |     func getFloat80(key: Key) -> Float80? {
   |                                  `- error: 'Float80' is unavailable: Float80 is not available on target platform.
59 |         return get(key: key)
60 |     }
Swift.Float80:2:23: note: 'Float80' has been explicitly marked unavailable here
1 | @available(*, unavailable, message: "Float80 is not available on target platform.")
2 | @frozen public struct Float80 {
  |                       `- note: 'Float80' has been explicitly marked unavailable here
3 |     public init()
4 | }
/Users/admin/builder/spi-builder-workspace/Sources/ConfigParser/ConfigValues.swift:104:60: error: 'Float80' is unavailable: Float80 is not available on target platform.
102 |
103 | extension Float80: ConfigStorable {
104 |     public static func from(value: ConfigSection.Value) -> Float80? {
    |                                                            `- error: 'Float80' is unavailable: Float80 is not available on target platform.
105 |         return Float80(value)
106 |     }
Swift.Float80:2:23: note: 'Float80' has been explicitly marked unavailable here
1 | @available(*, unavailable, message: "Float80 is not available on target platform.")
2 | @frozen public struct Float80 {
  |                       `- note: 'Float80' has been explicitly marked unavailable here
3 |     public init()
4 | }
/Users/admin/builder/spi-builder-workspace/Sources/ConfigParser/ConfigValues.swift:103:1: error: type 'Float80' does not conform to protocol 'ConfigStorable'
  4 |
  5 | public protocol ConfigStorable: ConfigRetrievable {
  6 |     func toValue() -> ConfigSection.Value
    |          `- note: protocol requires function 'toValue()' with type '() -> ConfigSection.Value' (aka '() -> String')
  7 | }
  8 |
    :
101 | }
102 |
103 | extension Float80: ConfigStorable {
    | |- error: type 'Float80' does not conform to protocol 'ConfigStorable'
    | `- note: add stubs for conformance
104 |     public static func from(value: ConfigSection.Value) -> Float80? {
105 |         return Float80(value)
/Users/admin/builder/spi-builder-workspace/Sources/ConfigParser/ConfigValues.swift:103:11: error: 'Float80' is unavailable: Float80 is not available on target platform.
101 | }
102 |
103 | extension Float80: ConfigStorable {
    |           `- error: 'Float80' is unavailable: Float80 is not available on target platform.
104 |     public static func from(value: ConfigSection.Value) -> Float80? {
105 |         return Float80(value)
Swift.Float80:2:23: note: 'Float80' has been explicitly marked unavailable here
1 | @available(*, unavailable, message: "Float80 is not available on target platform.")
2 | @frozen public struct Float80 {
  |                       `- note: 'Float80' has been explicitly marked unavailable here
3 |     public init()
4 | }
/Users/admin/builder/spi-builder-workspace/Sources/ConfigParser/Errors.swift:2:47: warning: cannot use struct 'Encoding' in an associated value of a public or '@usableFromInline' enum; 'Foundation' was not imported by this file
 1 | public enum StringError: Error {
 2 |     case notConvertibleFromData(using: String.Encoding)
   |                                               `- warning: cannot use struct 'Encoding' in an associated value of a public or '@usableFromInline' enum; 'Foundation' was not imported by this file
 3 | }
 4 |
Foundation.String.Encoding:2:15: note: struct declared here
 1 | struct String {
 2 | public struct Encoding : RawRepresentable, Sendable, Equatable {
   |               `- note: struct declared here
 3 |     public var rawValue: UInt
 4 |     public init(rawValue: UInt)
/Users/admin/builder/spi-builder-workspace/Sources/ConfigParser/Errors.swift:18:10: warning: associated value 'invalidValue(_:for:)' of 'Sendable'-conforming generic enum 'ConfigRetrievalError' contains non-Sendable type 'T.Type'
16 |
17 | public enum ConfigRetrievalError<T: ConfigRetrievable>: Error {
18 |     case invalidValue(ConfigSection.Value, for: T.Type)
   |          `- warning: associated value 'invalidValue(_:for:)' of 'Sendable'-conforming generic enum 'ConfigRetrievalError' contains non-Sendable type 'T.Type'
19 | }
20 |
Failed frontend command:
/Applications/Xcode-27.0.0-Release.Candidate.app/Contents/Developer/Toolchains/XcodeDefault.xctoolchain/usr/bin/swift-frontend -frontend -emit-module -experimental-skip-non-inlinable-function-bodies-without-types /Users/admin/builder/spi-builder-workspace/Sources/ConfigParser/Config.swift /Users/admin/builder/spi-builder-workspace/Sources/ConfigParser/ConfigParsable.swift /Users/admin/builder/spi-builder-workspace/Sources/ConfigParser/ConfigParser.swift /Users/admin/builder/spi-builder-workspace/Sources/ConfigParser/ConfigSection+Types.swift /Users/admin/builder/spi-builder-workspace/Sources/ConfigParser/ConfigSection.swift /Users/admin/builder/spi-builder-workspace/Sources/ConfigParser/ConfigValues.swift /Users/admin/builder/spi-builder-workspace/Sources/ConfigParser/Errors.swift /Users/admin/builder/spi-builder-workspace/Sources/ConfigParser/INIConfig.swift /Users/admin/builder/spi-builder-workspace/Sources/ConfigParser/ParserOptions.swift /Users/admin/builder/spi-builder-workspace/Sources/ConfigParser/ParserPosition.swift -target arm64-apple-macos12.0 -disable-cross-import-overlay-search -load-resolved-plugin /Applications/Xcode-27.0.0-Release.Candidate.app/Contents/Developer/Platforms/MacOSX.platform/Developer/usr/lib/swift/host/plugins/libFoundationMacros.dylib\#/Applications/Xcode-27.0.0-Release.Candidate.app/Contents/Developer/Platforms/MacOSX.platform/Developer/usr/bin/swift-plugin-server\#FoundationMacros -load-resolved-plugin /Applications/Xcode-27.0.0-Release.Candidate.app/Contents/Developer/Platforms/MacOSX.platform/Developer/usr/lib/swift/host/plugins/libObservationMacros.dylib\#/Applications/Xcode-27.0.0-Release.Candidate.app/Contents/Developer/Platforms/MacOSX.platform/Developer/usr/bin/swift-plugin-server\#ObservationMacros -load-resolved-plugin /Applications/Xcode-27.0.0-Release.Candidate.app/Contents/Developer/Platforms/MacOSX.platform/Developer/usr/lib/swift/host/plugins/libSwiftMacros.dylib\#/Applications/Xcode-27.0.0-Release.Candidate.app/Contents/Developer/Platforms/MacOSX.platform/Developer/usr/bin/swift-plugin-server\#SwiftMacros -disable-implicit-swift-modules -Xcc -fno-implicit-modules -Xcc -fno-implicit-module-maps -explicit-swift-module-map-file /Users/admin/builder/spi-builder-workspace/.build/out/Intermediates.noindex/ConfigParser.build/Debug/ConfigParser-t.build/Objects-normal/arm64/ConfigParser-dependencies-1.json -Xllvm -aarch64-use-tbi -enable-objc-interop -stack-check -sdk /Applications/Xcode-27.0.0-Release.Candidate.app/Contents/Developer/Platforms/MacOSX.platform/Developer/SDKs/MacOSX27.0.sdk -I /Users/admin/builder/spi-builder-workspace/.build/out/Products/Debug -Isystem /Applications/Xcode-27.0.0-Release.Candidate.app/Contents/Developer/Platforms/MacOSX.platform/Developer/usr/lib -F /Users/admin/builder/spi-builder-workspace/.build/out/Products/Debug/PackageFrameworks -F /Users/admin/builder/spi-builder-workspace/.build/out/Products/Debug -F /Applications/Xcode-27.0.0-Release.Candidate.app/Contents/Developer/Platforms/MacOSX.platform/Developer/Library/Frameworks -module-cache-path /Users/admin/builder/spi-builder-workspace/.build/out/Intermediates.noindex/SwiftExplicitPrecompiledModules -color-diagnostics -Xcc -fcolor-diagnostics -enable-testing -g -debug-info-format\=dwarf -dwarf-version\=4 -swift-version 5 -Onone -D SWIFT_PACKAGE -D DEBUG -D SWIFT_MODULE_RESOURCE_BUNDLE_UNAVAILABLE -D Xcode -serialize-debugging-options -enable-experimental-feature DebugDescriptionMacro -empty-abi-descriptor -validate-clang-modules-once -clang-build-session-file /Users/admin/builder/spi-builder-workspace/.build/out/ModuleCache.noindex/Session.modulevalidation -Xcc -working-directory -Xcc /Users/admin/builder -enable-anonymous-context-mangled-names -file-compilation-dir /Users/admin/builder -Xcc -fmodule-map-file\=/Users/admin/builder/spi-builder-workspace/.build/out/Intermediates.noindex/GeneratedModuleMaps/Cdirent.modulemap -Xcc -fmodule-map-file\=/Users/admin/builder/spi-builder-workspace/.build/out/Intermediates.noindex/GeneratedModuleMaps/Cglob.modulemap -Xcc -D_LIBCPP_HARDENING_MODE\=_LIBCPP_HARDENING_MODE_DEBUG -Xcc -ivfsstatcache -Xcc /Users/admin/builder/spi-builder-workspace/.build/out/SDKStatCaches.noindex/macosx27.0-26A425-80c5bbf1d171475443272936d42f90a36a22442a12e9d48fe1a705f55a1adfc4.sdkstatcache -Xcc -fmodules-prune-interval\=86400 -Xcc -fmodules-prune-after\=345600 -Xcc -I/Users/admin/builder/spi-builder-workspace/.build/checkouts/Cdirent/Sources/Cdirent/include -Xcc -I/Users/admin/builder/spi-builder-workspace/.build/checkouts/Cglob/Sources/Cglob/include -Xcc -I/Users/admin/builder/spi-builder-workspace/.build/out/Products/Debug/include -Xcc -I/Users/admin/builder/spi-builder-workspace/.build/out/Intermediates.noindex/ConfigParser.build/Debug/ConfigParser-t.build/DerivedSources-normal/arm64 -Xcc -I/Users/admin/builder/spi-builder-workspace/.build/out/Intermediates.noindex/ConfigParser.build/Debug/ConfigParser-t.build/DerivedSources/arm64 -Xcc -I/Users/admin/builder/spi-builder-workspace/.build/out/Intermediates.noindex/ConfigParser.build/Debug/ConfigParser-t.build/DerivedSources -Xcc -DSWIFT_PACKAGE -Xcc -DDEBUG\=1 -no-auto-bridging-header-chaining -module-name ConfigParser -const-gather-protocols-file /Users/admin/builder/spi-builder-workspace/.build/out/Intermediates.noindex/ConfigParser.build/Debug/ConfigParser-t.build/Objects-normal/arm64/ConfigParser_const_extract_protocols.json -disable-clang-spi -clang-target arm64-apple-macos27.0 -target-sdk-version 27.0 -target-sdk-name macosx27.0 -in-process-plugin-server-path /Applications/Xcode-27.0.0-Release.Candidate.app/Contents/Developer/Toolchains/XcodeDefault.xctoolchain/usr/lib/swift/host/libSwiftInProcPluginServer.dylib -emit-module-doc-path /Users/admin/builder/spi-builder-workspace/.build/out/Intermediates.noindex/ConfigParser.build/Debug/ConfigParser-t.build/Objects-normal/arm64/ConfigParser.swiftdoc -emit-module-source-info-path /Users/admin/builder/spi-builder-workspace/.build/out/Intermediates.noindex/ConfigParser.build/Debug/ConfigParser-t.build/Objects-normal/arm64/ConfigParser.swiftsourceinfo -emit-objc-header-path /Users/admin/builder/spi-builder-workspace/.build/out/Intermediates.noindex/ConfigParser.build/Debug/ConfigParser-t.build/Objects-normal/arm64/ConfigParser-Swift.h -serialize-diagnostics-path /Users/admin/builder/spi-builder-workspace/.build/out/Intermediates.noindex/ConfigParser.build/Debug/ConfigParser-t.build/Objects-normal/arm64/ConfigParser-primary-emit-module.dia -emit-dependencies-path /Users/admin/builder/spi-builder-workspace/.build/out/Intermediates.noindex/ConfigParser.build/Debug/ConfigParser-t.build/Objects-normal/arm64/ConfigParser-primary-emit-module.d -parse-as-library -o /Users/admin/builder/spi-builder-workspace/.build/out/Intermediates.noindex/ConfigParser.build/Debug/ConfigParser-t.build/Objects-normal/arm64/ConfigParser.swiftmodule -emit-abi-descriptor-path /Users/admin/builder/spi-builder-workspace/.build/out/Intermediates.noindex/ConfigParser.build/Debug/ConfigParser-t.build/Objects-normal/arm64/ConfigParser.abi.json
error: Build failed
BUILD FAILURE 6.4 macosSpm