Build Information
Failed to build MPVUI, reference main (cf277d), with Swift 6.2 for tvOS using Xcode 26.3 on 3 Oct 2026 03:50:48 UTC.
Build Command
No build command. This typically means the build failed at an early stage where we determine the build command.Build Log
========================================
RunAll
========================================
Builder version: 5.1.1
Interrupt handler set up.
========================================
Checkout
========================================
Clone URL: https://github.com/LePips/MPVUI.git
Reference: main
Initialized empty Git repository in /Users/admin/builder/spi-builder-workspace/.git/
From https://github.com/LePips/MPVUI
* branch main -> FETCH_HEAD
* [new branch] main -> origin/main
HEAD is now at cf277d9 Release 0.5.0
Cloned https://github.com/LePips/MPVUI.git
Revision (git rev-parse @):
cf277d979465b919b34bbdb33d62fdb24c377fbe
SPI manifest file found: $PWD/.spi.yml
SUCCESS checkout https://github.com/LePips/MPVUI.git at main
========================================
Build
========================================
Selected platform: tvOS
Swift version: 6.2
Building package at path: $PWD
https://github.com/LePips/MPVUI.git
Command line invocation:
/Applications/Xcode-26.3.0.app/Contents/Developer/usr/bin/xcodebuild -IDEClonedSourcePackagesDirPathOverride=/Users/admin/builder/spi-builder-workspace/.dependencies -resolvePackageDependencies
Resolve Package Graph
package 'spi-builder-workspace' is using Swift tools version 6.3.0 but the installed version is 6.2.4
Resolved source packages:
spi-builder-workspace: (null)
2026-10-02 23:50:47.548 xcodebuild[532:3072] Writing error result bundle to /var/folders/xq/y_g06wb113726d38xsyx71_h0000gn/T/ResultBundle_2026-02-10_23-50-0047.xcresult
xcodebuild: error: Could not resolve package dependencies:
package 'spi-builder-workspace' is using Swift tools version 6.3.0 but the installed version is 6.2.4
Command line invocation:
/Applications/Xcode-26.3.0.app/Contents/Developer/usr/bin/xcodebuild -IDEClonedSourcePackagesDirPathOverride=/Users/admin/builder/spi-builder-workspace/.dependencies -resolvePackageDependencies
Resolve Package Graph
package 'spi-builder-workspace' is using Swift tools version 6.3.0 but the installed version is 6.2.4
Resolved source packages:
spi-builder-workspace: (null)
2026-10-02 23:50:48.408 xcodebuild[596:3617] Writing error result bundle to /var/folders/xq/y_g06wb113726d38xsyx71_h0000gn/T/ResultBundle_2026-02-10_23-50-0048.xcresult
xcodebuild: error: Could not resolve package dependencies:
package 'spi-builder-workspace' is using Swift tools version 6.3.0 but the installed version is 6.2.4
BUILD FAILURE 6.2 tvOS