The Swift Package Index logo.Swift Package Index

Build Information

Failed to build Abstract with Swift 5.9 for tvOS using Xcode 15.2 at master.

Build Command

env DEVELOPER_DIR="/Applications/Xcode-15.0.0-Beta.app" xcrun xcodebuild -IDEClonedSourcePackagesDirPathOverride="$PWD/.dependencies" -derivedDataPath "$PWD/.derivedData" build -scheme Abstract -destination "generic/platform=tvos"

Build Log

WriteAuxiliaryFile /Users/builder/builds/o86TiJKT/2/finestructure/swiftpackageindex-builder/spi-builder-workspace/.derivedData/Build/Intermediates.noindex/Abstract.build/Debug-appletvos/Abstract.build/Objects-normal/arm64/Abstract-OutputFileMap.json (in target 'Abstract' from project 'Abstract')
    cd /Users/builder/builds/o86TiJKT/2/finestructure/swiftpackageindex-builder/spi-builder-workspace
    write-file /Users/builder/builds/o86TiJKT/2/finestructure/swiftpackageindex-builder/spi-builder-workspace/.derivedData/Build/Intermediates.noindex/Abstract.build/Debug-appletvos/Abstract.build/Objects-normal/arm64/Abstract-OutputFileMap.json
SwiftDriver Abstract normal arm64 com.apple.xcode.tools.swift.compiler (in target 'Abstract' from project 'Abstract')
    cd /Users/builder/builds/o86TiJKT/2/finestructure/swiftpackageindex-builder/spi-builder-workspace
    builtin-SwiftDriver -- /Applications/Xcode-15.0.0-Beta.app/Contents/Developer/Toolchains/XcodeDefault.xctoolchain/usr/bin/swiftc -module-name Abstract -Onone -enforce-exclusivity\=checked @/Users/builder/builds/o86TiJKT/2/finestructure/swiftpackageindex-builder/spi-builder-workspace/.derivedData/Build/Intermediates.noindex/Abstract.build/Debug-appletvos/Abstract.build/Objects-normal/arm64/Abstract.SwiftFileList -DSWIFT_PACKAGE -DDEBUG -DXcode -sdk /Applications/Xcode-15.0.0-Beta.app/Contents/Developer/Platforms/AppleTVOS.platform/Developer/SDKs/AppleTVOS17.0.sdk -target arm64-apple-tvos12.0 -g -module-cache-path /Users/builder/builds/o86TiJKT/2/finestructure/swiftpackageindex-builder/spi-builder-workspace/.derivedData/ModuleCache.noindex -Xfrontend -serialize-debugging-options -enable-testing -index-store-path /Users/builder/builds/o86TiJKT/2/finestructure/swiftpackageindex-builder/spi-builder-workspace/.derivedData/Index.noindex/DataStore -swift-version 4 -I /Users/builder/builds/o86TiJKT/2/finestructure/swiftpackageindex-builder/spi-builder-workspace/.derivedData/Build/Products/Debug-appletvos -I /Applications/Xcode-15.0.0-Beta.app/Contents/Developer/Platforms/AppleTVOS.platform/Developer/usr/lib -F /Users/builder/builds/o86TiJKT/2/finestructure/swiftpackageindex-builder/spi-builder-workspace/.derivedData/Build/Products/Debug-appletvos/PackageFrameworks -F /Users/builder/builds/o86TiJKT/2/finestructure/swiftpackageindex-builder/spi-builder-workspace/.derivedData/Build/Products/Debug-appletvos -F /Applications/Xcode-15.0.0-Beta.app/Contents/Developer/Platforms/AppleTVOS.platform/Developer/Library/Frameworks -F /Applications/Xcode-15.0.0-Beta.app/Contents/Developer/Platforms/AppleTVOS.platform/Developer/SDKs/AppleTVOS17.0.sdk/Developer/Library/Frameworks -c -j8 -enable-batch-mode -incremental -Xcc -ivfsstatcache -Xcc /Users/builder/builds/o86TiJKT/2/finestructure/swiftpackageindex-builder/spi-builder-workspace/.derivedData/SDKStatCaches.noindex/appletvos17.0-21J5273p-f1c542bf70c0c6d9321512ea4fae4f06.sdkstatcache -output-file-map /Users/builder/builds/o86TiJKT/2/finestructure/swiftpackageindex-builder/spi-builder-workspace/.derivedData/Build/Intermediates.noindex/Abstract.build/Debug-appletvos/Abstract.build/Objects-normal/arm64/Abstract-OutputFileMap.json -use-frontend-parseable-output -save-temps -no-color-diagnostics -serialize-diagnostics -emit-dependencies -emit-module -emit-module-path /Users/builder/builds/o86TiJKT/2/finestructure/swiftpackageindex-builder/spi-builder-workspace/.derivedData/Build/Intermediates.noindex/Abstract.build/Debug-appletvos/Abstract.build/Objects-normal/arm64/Abstract.swiftmodule -validate-clang-modules-once -clang-build-session-file /Users/builder/builds/o86TiJKT/2/finestructure/swiftpackageindex-builder/spi-builder-workspace/.derivedData/ModuleCache.noindex/Session.modulevalidation -Xcc -I/Users/builder/builds/o86TiJKT/2/finestructure/swiftpackageindex-builder/spi-builder-workspace/.derivedData/Build/Intermediates.noindex/Abstract.build/Debug-appletvos/Abstract.build/swift-overrides.hmap -emit-const-values -Xfrontend -const-gather-protocols-file -Xfrontend /Users/builder/builds/o86TiJKT/2/finestructure/swiftpackageindex-builder/spi-builder-workspace/.derivedData/Build/Intermediates.noindex/Abstract.build/Debug-appletvos/Abstract.build/Objects-normal/arm64/Abstract_const_extract_protocols.json -Xcc -I/Users/builder/builds/o86TiJKT/2/finestructure/swiftpackageindex-builder/spi-builder-workspace/.derivedData/Build/Products/Debug-appletvos/include -Xcc -I/Users/builder/builds/o86TiJKT/2/finestructure/swiftpackageindex-builder/spi-builder-workspace/.derivedData/Build/Intermediates.noindex/Abstract.build/Debug-appletvos/Abstract.build/DerivedSources-normal/arm64 -Xcc -I/Users/builder/builds/o86TiJKT/2/finestructure/swiftpackageindex-builder/spi-builder-workspace/.derivedData/Build/Intermediates.noindex/Abstract.build/Debug-appletvos/Abstract.build/DerivedSources/arm64 -Xcc -I/Users/builder/builds/o86TiJKT/2/finestructure/swiftpackageindex-builder/spi-builder-workspace/.derivedData/Build/Intermediates.noindex/Abstract.build/Debug-appletvos/Abstract.build/DerivedSources -Xcc -DSWIFT_PACKAGE -Xcc -DDEBUG\=1 -emit-objc-header -emit-objc-header-path /Users/builder/builds/o86TiJKT/2/finestructure/swiftpackageindex-builder/spi-builder-workspace/.derivedData/Build/Intermediates.noindex/Abstract.build/Debug-appletvos/Abstract.build/Objects-normal/arm64/Abstract-Swift.h -working-directory /Users/builder/builds/o86TiJKT/2/finestructure/swiftpackageindex-builder/spi-builder-workspace -experimental-emit-module-separately -disable-cmo

SwiftDriver\ Compilation Operadics normal arm64 com.apple.xcode.tools.swift.compiler (in target 'Operadics' from project 'Operadics')
    cd /Users/builder/builds/o86TiJKT/2/finestructure/swiftpackageindex-builder/spi-builder-workspace
    builtin-Swift-Compilation -- /Applications/Xcode-15.0.0-Beta.app/Contents/Developer/Toolchains/XcodeDefault.xctoolchain/usr/bin/swiftc -module-name Operadics -Onone -enforce-exclusivity\=checked @/Users/builder/builds/o86TiJKT/2/finestructure/swiftpackageindex-builder/spi-builder-workspace/.derivedData/Build/Intermediates.noindex/Operadics.build/Debug-appletvos/Operadics.build/Objects-normal/arm64/Operadics.SwiftFileList -DSWIFT_PACKAGE -DDEBUG -DXcode -sdk /Applications/Xcode-15.0.0-Beta.app/Contents/Developer/Platforms/AppleTVOS.platform/Developer/SDKs/AppleTVOS17.0.sdk -target arm64-apple-tvos12.0 -g -module-cache-path /Users/builder/builds/o86TiJKT/2/finestructure/swiftpackageindex-builder/spi-builder-workspace/.derivedData/ModuleCache.noindex -Xfrontend -serialize-debugging-options -enable-testing -index-store-path /Users/builder/builds/o86TiJKT/2/finestructure/swiftpackageindex-builder/spi-builder-workspace/.derivedData/Index.noindex/DataStore -swift-version 4 -I /Users/builder/builds/o86TiJKT/2/finestructure/swiftpackageindex-builder/spi-builder-workspace/.derivedData/Build/Products/Debug-appletvos -I /Applications/Xcode-15.0.0-Beta.app/Contents/Developer/Platforms/AppleTVOS.platform/Developer/usr/lib -F /Users/builder/builds/o86TiJKT/2/finestructure/swiftpackageindex-builder/spi-builder-workspace/.derivedData/Build/Products/Debug-appletvos -F /Applications/Xcode-15.0.0-Beta.app/Contents/Developer/Platforms/AppleTVOS.platform/Developer/Library/Frameworks -F /Applications/Xcode-15.0.0-Beta.app/Contents/Developer/Platforms/AppleTVOS.platform/Developer/SDKs/AppleTVOS17.0.sdk/Developer/Library/Frameworks -parse-as-library -c -j8 -enable-batch-mode -incremental -Xcc -ivfsstatcache -Xcc /Users/builder/builds/o86TiJKT/2/finestructure/swiftpackageindex-builder/spi-builder-workspace/.derivedData/SDKStatCaches.noindex/appletvos17.0-21J5273p-f1c542bf70c0c6d9321512ea4fae4f06.sdkstatcache -output-file-map /Users/builder/builds/o86TiJKT/2/finestructure/swiftpackageindex-builder/spi-builder-workspace/.derivedData/Build/Intermediates.noindex/Operadics.build/Debug-appletvos/Operadics.build/Objects-normal/arm64/Operadics-OutputFileMap.json -use-frontend-parseable-output -save-temps -no-color-diagnostics -serialize-diagnostics -emit-dependencies -emit-module -emit-module-path /Users/builder/builds/o86TiJKT/2/finestructure/swiftpackageindex-builder/spi-builder-workspace/.derivedData/Build/Intermediates.noindex/Operadics.build/Debug-appletvos/Operadics.build/Objects-normal/arm64/Operadics.swiftmodule -validate-clang-modules-once -clang-build-session-file /Users/builder/builds/o86TiJKT/2/finestructure/swiftpackageindex-builder/spi-builder-workspace/.derivedData/ModuleCache.noindex/Session.modulevalidation -Xcc -I/Users/builder/builds/o86TiJKT/2/finestructure/swiftpackageindex-builder/spi-builder-workspace/.derivedData/Build/Intermediates.noindex/Operadics.build/Debug-appletvos/Operadics.build/swift-overrides.hmap -emit-const-values -Xfrontend -const-gather-protocols-file -Xfrontend /Users/builder/builds/o86TiJKT/2/finestructure/swiftpackageindex-builder/spi-builder-workspace/.derivedData/Build/Intermediates.noindex/Operadics.build/Debug-appletvos/Operadics.build/Objects-normal/arm64/Operadics_const_extract_protocols.json -Xcc -I/Users/builder/builds/o86TiJKT/2/finestructure/swiftpackageindex-builder/spi-builder-workspace/.derivedData/Build/Products/Debug-appletvos/include -Xcc -I/Users/builder/builds/o86TiJKT/2/finestructure/swiftpackageindex-builder/spi-builder-workspace/.derivedData/Build/Intermediates.noindex/Operadics.build/Debug-appletvos/Operadics.build/DerivedSources-normal/arm64 -Xcc -I/Users/builder/builds/o86TiJKT/2/finestructure/swiftpackageindex-builder/spi-builder-workspace/.derivedData/Build/Intermediates.noindex/Operadics.build/Debug-appletvos/Operadics.build/DerivedSources/arm64 -Xcc -I/Users/builder/builds/o86TiJKT/2/finestructure/swiftpackageindex-builder/spi-builder-workspace/.derivedData/Build/Intermediates.noindex/Operadics.build/Debug-appletvos/Operadics.build/DerivedSources -Xcc -DSWIFT_PACKAGE -Xcc -DDEBUG\=1 -emit-objc-header -emit-objc-header-path /Users/builder/builds/o86TiJKT/2/finestructure/swiftpackageindex-builder/spi-builder-workspace/.derivedData/Build/Intermediates.noindex/Operadics.build/Debug-appletvos/Operadics.build/Objects-normal/arm64/Operadics-Swift.h -working-directory /Users/builder/builds/o86TiJKT/2/finestructure/swiftpackageindex-builder/spi-builder-workspace -experimental-emit-module-separately -disable-cmo

Ld /Users/builder/builds/o86TiJKT/2/finestructure/swiftpackageindex-builder/spi-builder-workspace/.derivedData/Build/Products/Debug-appletvos/Operadics.o normal (in target 'Operadics' from project 'Operadics')
    cd /Users/builder/builds/o86TiJKT/2/finestructure/swiftpackageindex-builder/spi-builder-workspace/.dependencies/checkouts/Operadics
    /Applications/Xcode-15.0.0-Beta.app/Contents/Developer/Toolchains/XcodeDefault.xctoolchain/usr/bin/clang -Xlinker -reproducible -target arm64-apple-tvos12.0 -r -isysroot /Applications/Xcode-15.0.0-Beta.app/Contents/Developer/Platforms/AppleTVOS.platform/Developer/SDKs/AppleTVOS17.0.sdk -O0 -L/Users/builder/builds/o86TiJKT/2/finestructure/swiftpackageindex-builder/spi-builder-workspace/.derivedData/Build/Intermediates.noindex/EagerLinkingTBDs/Debug-appletvos -L/Users/builder/builds/o86TiJKT/2/finestructure/swiftpackageindex-builder/spi-builder-workspace/.derivedData/Build/Products/Debug-appletvos -L/Applications/Xcode-15.0.0-Beta.app/Contents/Developer/Platforms/AppleTVOS.platform/Developer/usr/lib -F/Users/builder/builds/o86TiJKT/2/finestructure/swiftpackageindex-builder/spi-builder-workspace/.derivedData/Build/Intermediates.noindex/EagerLinkingTBDs/Debug-appletvos -F/Users/builder/builds/o86TiJKT/2/finestructure/swiftpackageindex-builder/spi-builder-workspace/.derivedData/Build/Products/Debug-appletvos -F/Applications/Xcode-15.0.0-Beta.app/Contents/Developer/Platforms/AppleTVOS.platform/Developer/Library/Frameworks -iframework /Applications/Xcode-15.0.0-Beta.app/Contents/Developer/Platforms/AppleTVOS.platform/Developer/Library/Frameworks -iframework /Applications/Xcode-15.0.0-Beta.app/Contents/Developer/Platforms/AppleTVOS.platform/Developer/SDKs/AppleTVOS17.0.sdk/Developer/Library/Frameworks -filelist /Users/builder/builds/o86TiJKT/2/finestructure/swiftpackageindex-builder/spi-builder-workspace/.derivedData/Build/Intermediates.noindex/Operadics.build/Debug-appletvos/Operadics.build/Objects-normal/arm64/Operadics.LinkFileList -nostdlib -Xlinker -object_path_lto -Xlinker /Users/builder/builds/o86TiJKT/2/finestructure/swiftpackageindex-builder/spi-builder-workspace/.derivedData/Build/Intermediates.noindex/Operadics.build/Debug-appletvos/Operadics.build/Objects-normal/arm64/Operadics_lto.o -Xlinker -export_dynamic -Xlinker -no_deduplicate -fobjc-link-runtime -L/Applications/Xcode-15.0.0-Beta.app/Contents/Developer/Toolchains/XcodeDefault.xctoolchain/usr/lib/swift/appletvos -L/usr/lib/swift -Xlinker -add_ast_path -Xlinker /Users/builder/builds/o86TiJKT/2/finestructure/swiftpackageindex-builder/spi-builder-workspace/.derivedData/Build/Intermediates.noindex/Operadics.build/Debug-appletvos/Operadics.build/Objects-normal/arm64/Operadics.swiftmodule -Xlinker -dependency_info -Xlinker /Users/builder/builds/o86TiJKT/2/finestructure/swiftpackageindex-builder/spi-builder-workspace/.derivedData/Build/Intermediates.noindex/Operadics.build/Debug-appletvos/Operadics.build/Objects-normal/arm64/Operadics_dependency_info.dat -o /Users/builder/builds/o86TiJKT/2/finestructure/swiftpackageindex-builder/spi-builder-workspace/.derivedData/Build/Products/Debug-appletvos/Operadics.o
SwiftCompile normal arm64 Compiling\ Check.swift,\ CoArbitrary.swift /Users/builder/builds/o86TiJKT/2/finestructure/swiftpackageindex-builder/spi-builder-workspace/.dependencies/checkouts/SwiftCheck/Sources/SwiftCheck/Check.swift /Users/builder/builds/o86TiJKT/2/finestructure/swiftpackageindex-builder/spi-builder-workspace/.dependencies/checkouts/SwiftCheck/Sources/SwiftCheck/CoArbitrary.swift (in target 'SwiftCheck' from project 'SwiftCheck')
    cd /Users/builder/builds/o86TiJKT/2/finestructure/swiftpackageindex-builder/spi-builder-workspace
    builtin-swiftTaskExecution -- /Applications/Xcode-15.0.0-Beta.app/Contents/Developer/Toolchains/XcodeDefault.xctoolchain/usr/bin/swift-frontend -frontend -c /Users/builder/builds/o86TiJKT/2/finestructure/swiftpackageindex-builder/spi-builder-workspace/.dependencies/checkouts/SwiftCheck/Sources/SwiftCheck/Arbitrary.swift /Users/builder/builds/o86TiJKT/2/finestructure/swiftpackageindex-builder/spi-builder-workspace/.dependencies/checkouts/SwiftCheck/Sources/SwiftCheck/Cartesian.swift -primary-file /Users/builder/builds/o86TiJKT/2/finestructure/swiftpackageindex-builder/spi-builder-workspace/.dependencies/checkouts/SwiftCheck/Sources/SwiftCheck/Check.swift -primary-file /Users/builder/builds/o86TiJKT/2/finestructure/swiftpackageindex-builder/spi-builder-workspace/.dependencies/checkouts/SwiftCheck/Sources/SwiftCheck/CoArbitrary.swift /Users/builder/builds/o86TiJKT/2/finestructure/swiftpackageindex-builder/spi-builder-workspace/.dependencies/checkouts/SwiftCheck/Sources/SwiftCheck/Compose.swift /Users/builder/builds/o86TiJKT/2/finestructure/swiftpackageindex-builder/spi-builder-workspace/.dependencies/checkouts/SwiftCheck/Sources/SwiftCheck/Gen.swift /Users/builder/builds/o86TiJKT/2/finestructure/swiftpackageindex-builder/spi-builder-workspace/.dependencies/checkouts/SwiftCheck/Sources/SwiftCheck/Lattice.swift /Users/builder/builds/o86TiJKT/2/finestructure/swiftpackageindex-builder/spi-builder-workspace/.dependencies/checkouts/SwiftCheck/Sources/SwiftCheck/Modifiers.swift /Users/builder/builds/o86TiJKT/2/finestructure/swiftpackageindex-builder/spi-builder-workspace/.dependencies/checkouts/SwiftCheck/Sources/SwiftCheck/Property.swift /Users/builder/builds/o86TiJKT/2/finestructure/swiftpackageindex-builder/spi-builder-workspace/.dependencies/checkouts/SwiftCheck/Sources/SwiftCheck/Random.swift /Users/builder/builds/o86TiJKT/2/finestructure/swiftpackageindex-builder/spi-builder-workspace/.dependencies/checkouts/SwiftCheck/Sources/SwiftCheck/Rose.swift /Users/builder/builds/o86TiJKT/2/finestructure/swiftpackageindex-builder/spi-builder-workspace/.dependencies/checkouts/SwiftCheck/Sources/SwiftCheck/State.swift /Users/builder/builds/o86TiJKT/2/finestructure/swiftpackageindex-builder/spi-builder-workspace/.dependencies/checkouts/SwiftCheck/Sources/SwiftCheck/Test.swift /Users/builder/builds/o86TiJKT/2/finestructure/swiftpackageindex-builder/spi-builder-workspace/.dependencies/checkouts/SwiftCheck/Sources/SwiftCheck/Testable.swift /Users/builder/builds/o86TiJKT/2/finestructure/swiftpackageindex-builder/spi-builder-workspace/.dependencies/checkouts/SwiftCheck/Sources/SwiftCheck/WitnessedArbitrary.swift -emit-dependencies-path /Users/builder/builds/o86TiJKT/2/finestructure/swiftpackageindex-builder/spi-builder-workspace/.derivedData/Build/Intermediates.noindex/SwiftCheck.build/Debug-appletvos/SwiftCheck.build/Objects-normal/arm64/Check.d -emit-const-values-path /Users/builder/builds/o86TiJKT/2/finestructure/swiftpackageindex-builder/spi-builder-workspace/.derivedData/Build/Intermediates.noindex/SwiftCheck.build/Debug-appletvos/SwiftCheck.build/Objects-normal/arm64/Check.swiftconstvalues -emit-reference-dependencies-path /Users/builder/builds/o86TiJKT/2/finestructure/swiftpackageindex-builder/spi-builder-workspace/.derivedData/Build/Intermediates.noindex/SwiftCheck.build/Debug-appletvos/SwiftCheck.build/Objects-normal/arm64/Check.swiftdeps -serialize-diagnostics-path /Users/builder/builds/o86TiJKT/2/finestructure/swiftpackageindex-builder/spi-builder-workspace/.derivedData/Build/Intermediates.noindex/SwiftCheck.build/Debug-appletvos/SwiftCheck.build/Objects-normal/arm64/Check.dia -emit-dependencies-path /Users/builder/builds/o86TiJKT/2/finestructure/swiftpackageindex-builder/spi-builder-workspace/.derivedData/Build/Intermediates.noindex/SwiftCheck.build/Debug-appletvos/SwiftCheck.build/Objects-normal/arm64/CoArbitrary.d -emit-const-values-path /Users/builder/builds/o86TiJKT/2/finestructure/swiftpackageindex-builder/spi-builder-workspace/.derivedData/Build/Intermediates.noindex/SwiftCheck.build/Debug-appletvos/SwiftCheck.build/Objects-normal/arm64/CoArbitrary.swiftconstvalues -emit-reference-dependencies-path /Users/builder/builds/o86TiJKT/2/finestructure/swiftpackageindex-builder/spi-builder-workspace/.derivedData/Build/Intermediates.noindex/SwiftCheck.build/Debug-appletvos/SwiftCheck.build/Objects-normal/arm64/CoArbitrary.swiftdeps -serialize-diagnostics-path /Users/builder/builds/o86TiJKT/2/finestructure/swiftpackageindex-builder/spi-builder-workspace/.derivedData/Build/Intermediates.noindex/SwiftCheck.build/Debug-appletvos/SwiftCheck.build/Objects-normal/arm64/CoArbitrary.dia -target arm64-apple-tvos12.0 -Xllvm -aarch64-use-tbi -enable-objc-interop -sdk /Applications/Xcode-15.0.0-Beta.app/Contents/Developer/Platforms/AppleTVOS.platform/Developer/SDKs/AppleTVOS17.0.sdk -I /Users/builder/builds/o86TiJKT/2/finestructure/swiftpackageindex-builder/spi-builder-workspace/.derivedData/Build/Products/Debug-appletvos -I /Applications/Xcode-15.0.0-Beta.app/Contents/Developer/Platforms/AppleTVOS.platform/Developer/usr/lib -F /Users/builder/builds/o86TiJKT/2/finestructure/swiftpackageindex-builder/spi-builder-workspace/.derivedData/Build/Products/Debug-appletvos -F /Applications/Xcode-15.0.0-Beta.app/Contents/Developer/Platforms/AppleTVOS.platform/Developer/Library/Frameworks -F /Applications/Xcode-15.0.0-Beta.app/Contents/Developer/Platforms/AppleTVOS.platform/Developer/SDKs/AppleTVOS17.0.sdk/Developer/Library/Frameworks -no-color-diagnostics -enable-testing -g -module-cache-path /Users/builder/builds/o86TiJKT/2/finestructure/swiftpackageindex-builder/spi-builder-workspace/.derivedData/ModuleCache.noindex -swift-version 4 -enforce-exclusivity\=checked -Onone -D SWIFT_PACKAGE -D DEBUG -D Xcode -serialize-debugging-options -const-gather-protocols-file /Users/builder/builds/o86TiJKT/2/finestructure/swiftpackageindex-builder/spi-builder-workspace/.derivedData/Build/Intermediates.noindex/SwiftCheck.build/Debug-appletvos/SwiftCheck.build/Objects-normal/arm64/SwiftCheck_const_extract_protocols.json -empty-abi-descriptor -plugin-path /Applications/Xcode-15.0.0-Beta.app/Contents/Developer/Toolchains/XcodeDefault.xctoolchain/usr/lib/swift/host/plugins -plugin-path /Applications/Xcode-15.0.0-Beta.app/Contents/Developer/Toolchains/XcodeDefault.xctoolchain/usr/local/lib/swift/host/plugins -validate-clang-modules-once -clang-build-session-file /Users/builder/builds/o86TiJKT/2/finestructure/swiftpackageindex-builder/spi-builder-workspace/.derivedData/ModuleCache.noindex/Session.modulevalidation -Xcc -working-directory -Xcc /Users/builder/builds/o86TiJKT/2/finestructure/swiftpackageindex-builder/spi-builder-workspace -resource-dir /Applications/Xcode-15.0.0-Beta.app/Contents/Developer/Toolchains/XcodeDefault.xctoolchain/usr/lib/swift -enable-anonymous-context-mangled-names -Xcc -ivfsstatcache -Xcc /Users/builder/builds/o86TiJKT/2/finestructure/swiftpackageindex-builder/spi-builder-workspace/.derivedData/SDKStatCaches.noindex/appletvos17.0-21J5273p-f1c542bf70c0c6d9321512ea4fae4f06.sdkstatcache -Xcc -I/Users/builder/builds/o86TiJKT/2/finestructure/swiftpackageindex-builder/spi-builder-workspace/.derivedData/Build/Intermediates.noindex/SwiftCheck.build/Debug-appletvos/SwiftCheck.build/swift-overrides.hmap -Xcc -I/Users/builder/builds/o86TiJKT/2/finestructure/swiftpackageindex-builder/spi-builder-workspace/.derivedData/Build/Products/Debug-appletvos/include -Xcc -I/Users/builder/builds/o86TiJKT/2/finestructure/swiftpackageindex-builder/spi-builder-workspace/.derivedData/Build/Intermediates.noindex/SwiftCheck.build/Debug-appletvos/SwiftCheck.build/DerivedSources-normal/arm64 -Xcc -I/Users/builder/builds/o86TiJKT/2/finestructure/swiftpackageindex-builder/spi-builder-workspace/.derivedData/Build/Intermediates.noindex/SwiftCheck.build/Debug-appletvos/SwiftCheck.build/DerivedSources/arm64 -Xcc -I/Users/builder/builds/o86TiJKT/2/finestructure/swiftpackageindex-builder/spi-builder-workspace/.derivedData/Build/Intermediates.noindex/SwiftCheck.build/Debug-appletvos/SwiftCheck.build/DerivedSources -Xcc -DSWIFT_PACKAGE -Xcc -DDEBUG\=1 -module-name SwiftCheck -frontend-parseable-output -disable-clang-spi -target-sdk-version 17.0 -target-sdk-name appletvos17.0 -o /Users/builder/builds/o86TiJKT/2/finestructure/swiftpackageindex-builder/spi-builder-workspace/.derivedData/Build/Intermediates.noindex/SwiftCheck.build/Debug-appletvos/SwiftCheck.build/Objects-normal/arm64/Check.o -o /Users/builder/builds/o86TiJKT/2/finestructure/swiftpackageindex-builder/spi-builder-workspace/.derivedData/Build/Intermediates.noindex/SwiftCheck.build/Debug-appletvos/SwiftCheck.build/Objects-normal/arm64/CoArbitrary.o -index-unit-output-path /SwiftCheck.build/Debug-appletvos/SwiftCheck.build/Objects-normal/arm64/Check.o -index-unit-output-path /SwiftCheck.build/Debug-appletvos/SwiftCheck.build/Objects-normal/arm64/CoArbitrary.o -index-store-path /Users/builder/builds/o86TiJKT/2/finestructure/swiftpackageindex-builder/spi-builder-workspace/.derivedData/Index.noindex/DataStore -index-system-modules

SwiftCompile normal arm64 /Users/builder/builds/o86TiJKT/2/finestructure/swiftpackageindex-builder/spi-builder-workspace/.dependencies/checkouts/SwiftCheck/Sources/SwiftCheck/Check.swift (in target 'SwiftCheck' from project 'SwiftCheck')
    cd /Users/builder/builds/o86TiJKT/2/finestructure/swiftpackageindex-builder/spi-builder-workspace
    /Applications/Xcode-15.0.0-Beta.app/Contents/Developer/Toolchains/XcodeDefault.xctoolchain/usr/bin/swift-frontend -c /Users/builder/builds/o86TiJKT/2/finestructure/swiftpackageindex-builder/spi-builder-workspace/.dependencies/checkouts/SwiftCheck/Sources/SwiftCheck/Arbitrary.swift /Users/builder/builds/o86TiJKT/2/finestructure/swiftpackageindex-builder/spi-builder-workspace/.dependencies/checkouts/SwiftCheck/Sources/SwiftCheck/Cartesian.swift -primary-file /Users/builder/builds/o86TiJKT/2/finestructure/swiftpackageindex-builder/spi-builder-workspace/.dependencies/checkouts/SwiftCheck/Sources/SwiftCheck/Check.swift -primary-file /Users/builder/builds/o86TiJKT/2/finestructure/swiftpackageindex-builder/spi-builder-workspace/.dependencies/checkouts/SwiftCheck/Sources/SwiftCheck/CoArbitrary.swift /Users/builder/builds/o86TiJKT/2/finestructure/swiftpackageindex-builder/spi-builder-workspace/.dependencies/checkouts/SwiftCheck/Sources/SwiftCheck/Compose.swift /Users/builder/builds/o86TiJKT/2/finestructure/swiftpackageindex-builder/spi-builder-workspace/.dependencies/checkouts/SwiftCheck/Sources/SwiftCheck/Gen.swift /Users/builder/builds/o86TiJKT/2/finestructure/swiftpackageindex-builder/spi-builder-workspace/.dependencies/checkouts/SwiftCheck/Sources/SwiftCheck/Lattice.swift /Users/builder/builds/o86TiJKT/2/finestructure/swiftpackageindex-builder/spi-builder-workspace/.dependencies/checkouts/SwiftCheck/Sources/SwiftCheck/Modifiers.swift /Users/builder/builds/o86TiJKT/2/finestructure/swiftpackageindex-builder/spi-builder-workspace/.dependencies/checkouts/SwiftCheck/Sources/SwiftCheck/Property.swift /Users/builder/builds/o86TiJKT/2/finestructure/swiftpackageindex-builder/spi-builder-workspace/.dependencies/checkouts/SwiftCheck/Sources/SwiftCheck/Random.swift /Users/builder/builds/o86TiJKT/2/finestructure/swiftpackageindex-builder/spi-builder-workspace/.dependencies/checkouts/SwiftCheck/Sources/SwiftCheck/Rose.swift /Users/builder/builds/o86TiJKT/2/finestructure/swiftpackageindex-builder/spi-builder-workspace/.dependencies/checkouts/SwiftCheck/Sources/SwiftCheck/State.swift /Users/builder/builds/o86TiJKT/2/finestructure/swiftpackageindex-builder/spi-builder-workspace/.dependencies/checkouts/SwiftCheck/Sources/SwiftCheck/Test.swift /Users/builder/builds/o86TiJKT/2/finestructure/swiftpackageindex-builder/spi-builder-workspace/.dependencies/checkouts/SwiftCheck/Sources/SwiftCheck/Testable.swift /Users/builder/builds/o86TiJKT/2/finestructure/swiftpackageindex-builder/spi-builder-workspace/.dependencies/checkouts/SwiftCheck/Sources/SwiftCheck/WitnessedArbitrary.swift -emit-dependencies-path /Users/builder/builds/o86TiJKT/2/finestructure/swiftpackageindex-builder/spi-builder-workspace/.derivedData/Build/Intermediates.noindex/SwiftCheck.build/Debug-appletvos/SwiftCheck.build/Objects-normal/arm64/Check.d -emit-const-values-path /Users/builder/builds/o86TiJKT/2/finestructure/swiftpackageindex-builder/spi-builder-workspace/.derivedData/Build/Intermediates.noindex/SwiftCheck.build/Debug-appletvos/SwiftCheck.build/Objects-normal/arm64/Check.swiftconstvalues -emit-reference-dependencies-path /Users/builder/builds/o86TiJKT/2/finestructure/swiftpackageindex-builder/spi-builder-workspace/.derivedData/Build/Intermediates.noindex/SwiftCheck.build/Debug-appletvos/SwiftCheck.build/Objects-normal/arm64/Check.swiftdeps -serialize-diagnostics-path /Users/builder/builds/o86TiJKT/2/finestructure/swiftpackageindex-builder/spi-builder-workspace/.derivedData/Build/Intermediates.noindex/SwiftCheck.build/Debug-appletvos/SwiftCheck.build/Objects-normal/arm64/Check.dia -emit-dependencies-path /Users/builder/builds/o86TiJKT/2/finestructure/swiftpackageindex-builder/spi-builder-workspace/.derivedData/Build/Intermediates.noindex/SwiftCheck.build/Debug-appletvos/SwiftCheck.build/Objects-normal/arm64/CoArbitrary.d -emit-const-values-path /Users/builder/builds/o86TiJKT/2/finestructure/swiftpackageindex-builder/spi-builder-workspace/.derivedData/Build/Intermediates.noindex/SwiftCheck.build/Debug-appletvos/SwiftCheck.build/Objects-normal/arm64/CoArbitrary.swiftconstvalues -emit-reference-dependencies-path /Users/builder/builds/o86TiJKT/2/finestructure/swiftpackageindex-builder/spi-builder-workspace/.derivedData/Build/Intermediates.noindex/SwiftCheck.build/Debug-appletvos/SwiftCheck.build/Objects-normal/arm64/CoArbitrary.swiftdeps -serialize-diagnostics-path /Users/builder/builds/o86TiJKT/2/finestructure/swiftpackageindex-builder/spi-builder-workspace/.derivedData/Build/Intermediates.noindex/SwiftCheck.build/Debug-appletvos/SwiftCheck.build/Objects-normal/arm64/CoArbitrary.dia -target arm64-apple-tvos12.0 -Xllvm -aarch64-use-tbi -enable-objc-interop -sdk /Applications/Xcode-15.0.0-Beta.app/Contents/Developer/Platforms/AppleTVOS.platform/Developer/SDKs/AppleTVOS17.0.sdk -I /Users/builder/builds/o86TiJKT/2/finestructure/swiftpackageindex-builder/spi-builder-workspace/.derivedData/Build/Products/Debug-appletvos -I /Applications/Xcode-15.0.0-Beta.app/Contents/Developer/Platforms/AppleTVOS.platform/Developer/usr/lib -F /Users/builder/builds/o86TiJKT/2/finestructure/swiftpackageindex-builder/spi-builder-workspace/.derivedData/Build/Products/Debug-appletvos -F /Applications/Xcode-15.0.0-Beta.app/Contents/Developer/Platforms/AppleTVOS.platform/Developer/Library/Frameworks -F /Applications/Xcode-15.0.0-Beta.app/Contents/Developer/Platforms/AppleTVOS.platform/Developer/SDKs/AppleTVOS17.0.sdk/Developer/Library/Frameworks -no-color-diagnostics -enable-testing -g -module-cache-path /Users/builder/builds/o86TiJKT/2/finestructure/swiftpackageindex-builder/spi-builder-workspace/.derivedData/ModuleCache.noindex -swift-version 4 -enforce-exclusivity\=checked -Onone -D SWIFT_PACKAGE -D DEBUG -D Xcode -serialize-debugging-options -const-gather-protocols-file /Users/builder/builds/o86TiJKT/2/finestructure/swiftpackageindex-builder/spi-builder-workspace/.derivedData/Build/Intermediates.noindex/SwiftCheck.build/Debug-appletvos/SwiftCheck.build/Objects-normal/arm64/SwiftCheck_const_extract_protocols.json -empty-abi-descriptor -plugin-path /Applications/Xcode-15.0.0-Beta.app/Contents/Developer/Toolchains/XcodeDefault.xctoolchain/usr/lib/swift/host/plugins -plugin-path /Applications/Xcode-15.0.0-Beta.app/Contents/Developer/Toolchains/XcodeDefault.xctoolchain/usr/local/lib/swift/host/plugins -validate-clang-modules-once -clang-build-session-file /Users/builder/builds/o86TiJKT/2/finestructure/swiftpackageindex-builder/spi-builder-workspace/.derivedData/ModuleCache.noindex/Session.modulevalidation -Xcc -working-directory -Xcc /Users/builder/builds/o86TiJKT/2/finestructure/swiftpackageindex-builder/spi-builder-workspace -resource-dir /Applications/Xcode-15.0.0-Beta.app/Contents/Developer/Toolchains/XcodeDefault.xctoolchain/usr/lib/swift -enable-anonymous-context-mangled-names -Xcc -ivfsstatcache -Xcc /Users/builder/builds/o86TiJKT/2/finestructure/swiftpackageindex-builder/spi-builder-workspace/.derivedData/SDKStatCaches.noindex/appletvos17.0-21J5273p-f1c542bf70c0c6d9321512ea4fae4f06.sdkstatcache -Xcc -I/Users/builder/builds/o86TiJKT/2/finestructure/swiftpackageindex-builder/spi-builder-workspace/.derivedData/Build/Intermediates.noindex/SwiftCheck.build/Debug-appletvos/SwiftCheck.build/swift-overrides.hmap -Xcc -I/Users/builder/builds/o86TiJKT/2/finestructure/swiftpackageindex-builder/spi-builder-workspace/.derivedData/Build/Products/Debug-appletvos/include -Xcc -I/Users/builder/builds/o86TiJKT/2/finestructure/swiftpackageindex-builder/spi-builder-workspace/.derivedData/Build/Intermediates.noindex/SwiftCheck.build/Debug-appletvos/SwiftCheck.build/DerivedSources-normal/arm64 -Xcc -I/Users/builder/builds/o86TiJKT/2/finestructure/swiftpackageindex-builder/spi-builder-workspace/.derivedData/Build/Intermediates.noindex/SwiftCheck.build/Debug-appletvos/SwiftCheck.build/DerivedSources/arm64 -Xcc -I/Users/builder/builds/o86TiJKT/2/finestructure/swiftpackageindex-builder/spi-builder-workspace/.derivedData/Build/Intermediates.noindex/SwiftCheck.build/Debug-appletvos/SwiftCheck.build/DerivedSources -Xcc -DSWIFT_PACKAGE -Xcc -DDEBUG\=1 -module-name SwiftCheck -frontend-parseable-output -disable-clang-spi -target-sdk-version 17.0 -target-sdk-name appletvos17.0 -o /Users/builder/builds/o86TiJKT/2/finestructure/swiftpackageindex-builder/spi-builder-workspace/.derivedData/Build/Intermediates.noindex/SwiftCheck.build/Debug-appletvos/SwiftCheck.build/Objects-normal/arm64/Check.o -o /Users/builder/builds/o86TiJKT/2/finestructure/swiftpackageindex-builder/spi-builder-workspace/.derivedData/Build/Intermediates.noindex/SwiftCheck.build/Debug-appletvos/SwiftCheck.build/Objects-normal/arm64/CoArbitrary.o -index-unit-output-path /SwiftCheck.build/Debug-appletvos/SwiftCheck.build/Objects-normal/arm64/Check.o -index-unit-output-path /SwiftCheck.build/Debug-appletvos/SwiftCheck.build/Objects-normal/arm64/CoArbitrary.o -index-store-path /Users/builder/builds/o86TiJKT/2/finestructure/swiftpackageindex-builder/spi-builder-workspace/.derivedData/Index.noindex/DataStore -index-system-modules

SwiftCompile normal arm64 /Users/builder/builds/o86TiJKT/2/finestructure/swiftpackageindex-builder/spi-builder-workspace/.dependencies/checkouts/SwiftCheck/Sources/SwiftCheck/CoArbitrary.swift (in target 'SwiftCheck' from project 'SwiftCheck')
    cd /Users/builder/builds/o86TiJKT/2/finestructure/swiftpackageindex-builder/spi-builder-workspace
    /Applications/Xcode-15.0.0-Beta.app/Contents/Developer/Toolchains/XcodeDefault.xctoolchain/usr/bin/swift-frontend -c /Users/builder/builds/o86TiJKT/2/finestructure/swiftpackageindex-builder/spi-builder-workspace/.dependencies/checkouts/SwiftCheck/Sources/SwiftCheck/Arbitrary.swift /Users/builder/builds/o86TiJKT/2/finestructure/swiftpackageindex-builder/spi-builder-workspace/.dependencies/checkouts/SwiftCheck/Sources/SwiftCheck/Cartesian.swift -primary-file /Users/builder/builds/o86TiJKT/2/finestructure/swiftpackageindex-builder/spi-builder-workspace/.dependencies/checkouts/SwiftCheck/Sources/SwiftCheck/Check.swift -primary-file /Users/builder/builds/o86TiJKT/2/finestructure/swiftpackageindex-builder/spi-builder-workspace/.dependencies/checkouts/SwiftCheck/Sources/SwiftCheck/CoArbitrary.swift /Users/builder/builds/o86TiJKT/2/finestructure/swiftpackageindex-builder/spi-builder-workspace/.dependencies/checkouts/SwiftCheck/Sources/SwiftCheck/Compose.swift /Users/builder/builds/o86TiJKT/2/finestructure/swiftpackageindex-builder/spi-builder-workspace/.dependencies/checkouts/SwiftCheck/Sources/SwiftCheck/Gen.swift /Users/builder/builds/o86TiJKT/2/finestructure/swiftpackageindex-builder/spi-builder-workspace/.dependencies/checkouts/SwiftCheck/Sources/SwiftCheck/Lattice.swift /Users/builder/builds/o86TiJKT/2/finestructure/swiftpackageindex-builder/spi-builder-workspace/.dependencies/checkouts/SwiftCheck/Sources/SwiftCheck/Modifiers.swift /Users/builder/builds/o86TiJKT/2/finestructure/swiftpackageindex-builder/spi-builder-workspace/.dependencies/checkouts/SwiftCheck/Sources/SwiftCheck/Property.swift /Users/builder/builds/o86TiJKT/2/finestructure/swiftpackageindex-builder/spi-builder-workspace/.dependencies/checkouts/SwiftCheck/Sources/SwiftCheck/Random.swift /Users/builder/builds/o86TiJKT/2/finestructure/swiftpackageindex-builder/spi-builder-workspace/.dependencies/checkouts/SwiftCheck/Sources/SwiftCheck/Rose.swift /Users/builder/builds/o86TiJKT/2/finestructure/swiftpackageindex-builder/spi-builder-workspace/.dependencies/checkouts/SwiftCheck/Sources/SwiftCheck/State.swift /Users/builder/builds/o86TiJKT/2/finestructure/swiftpackageindex-builder/spi-builder-workspace/.dependencies/checkouts/SwiftCheck/Sources/SwiftCheck/Test.swift /Users/builder/builds/o86TiJKT/2/finestructure/swiftpackageindex-builder/spi-builder-workspace/.dependencies/checkouts/SwiftCheck/Sources/SwiftCheck/Testable.swift /Users/builder/builds/o86TiJKT/2/finestructure/swiftpackageindex-builder/spi-builder-workspace/.dependencies/checkouts/SwiftCheck/Sources/SwiftCheck/WitnessedArbitrary.swift -emit-dependencies-path /Users/builder/builds/o86TiJKT/2/finestructure/swiftpackageindex-builder/spi-builder-workspace/.derivedData/Build/Intermediates.noindex/SwiftCheck.build/Debug-appletvos/SwiftCheck.build/Objects-normal/arm64/Check.d -emit-const-values-path /Users/builder/builds/o86TiJKT/2/finestructure/swiftpackageindex-builder/spi-builder-workspace/.derivedData/Build/Intermediates.noindex/SwiftCheck.build/Debug-appletvos/SwiftCheck.build/Objects-normal/arm64/Check.swiftconstvalues -emit-reference-dependencies-path /Users/builder/builds/o86TiJKT/2/finestructure/swiftpackageindex-builder/spi-builder-workspace/.derivedData/Build/Intermediates.noindex/SwiftCheck.build/Debug-appletvos/SwiftCheck.build/Objects-normal/arm64/Check.swiftdeps -serialize-diagnostics-path /Users/builder/builds/o86TiJKT/2/finestructure/swiftpackageindex-builder/spi-builder-workspace/.derivedData/Build/Intermediates.noindex/SwiftCheck.build/Debug-appletvos/SwiftCheck.build/Objects-normal/arm64/Check.dia -emit-dependencies-path /Users/builder/builds/o86TiJKT/2/finestructure/swiftpackageindex-builder/spi-builder-workspace/.derivedData/Build/Intermediates.noindex/SwiftCheck.build/Debug-appletvos/SwiftCheck.build/Objects-normal/arm64/CoArbitrary.d -emit-const-values-path /Users/builder/builds/o86TiJKT/2/finestructure/swiftpackageindex-builder/spi-builder-workspace/.derivedData/Build/Intermediates.noindex/SwiftCheck.build/Debug-appletvos/SwiftCheck.build/Objects-normal/arm64/CoArbitrary.swiftconstvalues -emit-reference-dependencies-path /Users/builder/builds/o86TiJKT/2/finestructure/swiftpackageindex-builder/spi-builder-workspace/.derivedData/Build/Intermediates.noindex/SwiftCheck.build/Debug-appletvos/SwiftCheck.build/Objects-normal/arm64/CoArbitrary.swiftdeps -serialize-diagnostics-path /Users/builder/builds/o86TiJKT/2/finestructure/swiftpackageindex-builder/spi-builder-workspace/.derivedData/Build/Intermediates.noindex/SwiftCheck.build/Debug-appletvos/SwiftCheck.build/Objects-normal/arm64/CoArbitrary.dia -target arm64-apple-tvos12.0 -Xllvm -aarch64-use-tbi -enable-objc-interop -sdk /Applications/Xcode-15.0.0-Beta.app/Contents/Developer/Platforms/AppleTVOS.platform/Developer/SDKs/AppleTVOS17.0.sdk -I /Users/builder/builds/o86TiJKT/2/finestructure/swiftpackageindex-builder/spi-builder-workspace/.derivedData/Build/Products/Debug-appletvos -I /Applications/Xcode-15.0.0-Beta.app/Contents/Developer/Platforms/AppleTVOS.platform/Developer/usr/lib -F /Users/builder/builds/o86TiJKT/2/finestructure/swiftpackageindex-builder/spi-builder-workspace/.derivedData/Build/Products/Debug-appletvos -F /Applications/Xcode-15.0.0-Beta.app/Contents/Developer/Platforms/AppleTVOS.platform/Developer/Library/Frameworks -F /Applications/Xcode-15.0.0-Beta.app/Contents/Developer/Platforms/AppleTVOS.platform/Developer/SDKs/AppleTVOS17.0.sdk/Developer/Library/Frameworks -no-color-diagnostics -enable-testing -g -module-cache-path /Users/builder/builds/o86TiJKT/2/finestructure/swiftpackageindex-builder/spi-builder-workspace/.derivedData/ModuleCache.noindex -swift-version 4 -enforce-exclusivity\=checked -Onone -D SWIFT_PACKAGE -D DEBUG -D Xcode -serialize-debugging-options -const-gather-protocols-file /Users/builder/builds/o86TiJKT/2/finestructure/swiftpackageindex-builder/spi-builder-workspace/.derivedData/Build/Intermediates.noindex/SwiftCheck.build/Debug-appletvos/SwiftCheck.build/Objects-normal/arm64/SwiftCheck_const_extract_protocols.json -empty-abi-descriptor -plugin-path /Applications/Xcode-15.0.0-Beta.app/Contents/Developer/Toolchains/XcodeDefault.xctoolchain/usr/lib/swift/host/plugins -plugin-path /Applications/Xcode-15.0.0-Beta.app/Contents/Developer/Toolchains/XcodeDefault.xctoolchain/usr/local/lib/swift/host/plugins -validate-clang-modules-once -clang-build-session-file /Users/builder/builds/o86TiJKT/2/finestructure/swiftpackageindex-builder/spi-builder-workspace/.derivedData/ModuleCache.noindex/Session.modulevalidation -Xcc -working-directory -Xcc /Users/builder/builds/o86TiJKT/2/finestructure/swiftpackageindex-builder/spi-builder-workspace -resource-dir /Applications/Xcode-15.0.0-Beta.app/Contents/Developer/Toolchains/XcodeDefault.xctoolchain/usr/lib/swift -enable-anonymous-context-mangled-names -Xcc -ivfsstatcache -Xcc /Users/builder/builds/o86TiJKT/2/finestructure/swiftpackageindex-builder/spi-builder-workspace/.derivedData/SDKStatCaches.noindex/appletvos17.0-21J5273p-f1c542bf70c0c6d9321512ea4fae4f06.sdkstatcache -Xcc -I/Users/builder/builds/o86TiJKT/2/finestructure/swiftpackageindex-builder/spi-builder-workspace/.derivedData/Build/Intermediates.noindex/SwiftCheck.build/Debug-appletvos/SwiftCheck.build/swift-overrides.hmap -Xcc -I/Users/builder/builds/o86TiJKT/2/finestructure/swiftpackageindex-builder/spi-builder-workspace/.derivedData/Build/Products/Debug-appletvos/include -Xcc -I/Users/builder/builds/o86TiJKT/2/finestructure/swiftpackageindex-builder/spi-builder-workspace/.derivedData/Build/Intermediates.noindex/SwiftCheck.build/Debug-appletvos/SwiftCheck.build/DerivedSources-normal/arm64 -Xcc -I/Users/builder/builds/o86TiJKT/2/finestructure/swiftpackageindex-builder/spi-builder-workspace/.derivedData/Build/Intermediates.noindex/SwiftCheck.build/Debug-appletvos/SwiftCheck.build/DerivedSources/arm64 -Xcc -I/Users/builder/builds/o86TiJKT/2/finestructure/swiftpackageindex-builder/spi-builder-workspace/.derivedData/Build/Intermediates.noindex/SwiftCheck.build/Debug-appletvos/SwiftCheck.build/DerivedSources -Xcc -DSWIFT_PACKAGE -Xcc -DDEBUG\=1 -module-name SwiftCheck -frontend-parseable-output -disable-clang-spi -target-sdk-version 17.0 -target-sdk-name appletvos17.0 -o /Users/builder/builds/o86TiJKT/2/finestructure/swiftpackageindex-builder/spi-builder-workspace/.derivedData/Build/Intermediates.noindex/SwiftCheck.build/Debug-appletvos/SwiftCheck.build/Objects-normal/arm64/Check.o -o /Users/builder/builds/o86TiJKT/2/finestructure/swiftpackageindex-builder/spi-builder-workspace/.derivedData/Build/Intermediates.noindex/SwiftCheck.build/Debug-appletvos/SwiftCheck.build/Objects-normal/arm64/CoArbitrary.o -index-unit-output-path /SwiftCheck.build/Debug-appletvos/SwiftCheck.build/Objects-normal/arm64/Check.o -index-unit-output-path /SwiftCheck.build/Debug-appletvos/SwiftCheck.build/Objects-normal/arm64/CoArbitrary.o -index-store-path /Users/builder/builds/o86TiJKT/2/finestructure/swiftpackageindex-builder/spi-builder-workspace/.derivedData/Index.noindex/DataStore -index-system-modules

SwiftEmitModule normal arm64 Emitting\ module\ for\ SwiftCheck (in target 'SwiftCheck' from project 'SwiftCheck')
    cd /Users/builder/builds/o86TiJKT/2/finestructure/swiftpackageindex-builder/spi-builder-workspace
    builtin-swiftTaskExecution -- /Applications/Xcode-15.0.0-Beta.app/Contents/Developer/Toolchains/XcodeDefault.xctoolchain/usr/bin/swift-frontend -frontend -emit-module -experimental-skip-non-inlinable-function-bodies-without-types /Users/builder/builds/o86TiJKT/2/finestructure/swiftpackageindex-builder/spi-builder-workspace/.dependencies/checkouts/SwiftCheck/Sources/SwiftCheck/Arbitrary.swift /Users/builder/builds/o86TiJKT/2/finestructure/swiftpackageindex-builder/spi-builder-workspace/.dependencies/checkouts/SwiftCheck/Sources/SwiftCheck/Cartesian.swift /Users/builder/builds/o86TiJKT/2/finestructure/swiftpackageindex-builder/spi-builder-workspace/.dependencies/checkouts/SwiftCheck/Sources/SwiftCheck/Check.swift /Users/builder/builds/o86TiJKT/2/finestructure/swiftpackageindex-builder/spi-builder-workspace/.dependencies/checkouts/SwiftCheck/Sources/SwiftCheck/CoArbitrary.swift /Users/builder/builds/o86TiJKT/2/finestructure/swiftpackageindex-builder/spi-builder-workspace/.dependencies/checkouts/SwiftCheck/Sources/SwiftCheck/Compose.swift /Users/builder/builds/o86TiJKT/2/finestructure/swiftpackageindex-builder/spi-builder-workspace/.dependencies/checkouts/SwiftCheck/Sources/SwiftCheck/Gen.swift /Users/builder/builds/o86TiJKT/2/finestructure/swiftpackageindex-builder/spi-builder-workspace/.dependencies/checkouts/SwiftCheck/Sources/SwiftCheck/Lattice.swift /Users/builder/builds/o86TiJKT/2/finestructure/swiftpackageindex-builder/spi-builder-workspace/.dependencies/checkouts/SwiftCheck/Sources/SwiftCheck/Modifiers.swift /Users/builder/builds/o86TiJKT/2/finestructure/swiftpackageindex-builder/spi-builder-workspace/.dependencies/checkouts/SwiftCheck/Sources/SwiftCheck/Property.swift /Users/builder/builds/o86TiJKT/2/finestructure/swiftpackageindex-builder/spi-builder-workspace/.dependencies/checkouts/SwiftCheck/Sources/SwiftCheck/Random.swift /Users/builder/builds/o86TiJKT/2/finestructure/swiftpackageindex-builder/spi-builder-workspace/.dependencies/checkouts/SwiftCheck/Sources/SwiftCheck/Rose.swift /Users/builder/builds/o86TiJKT/2/finestructure/swiftpackageindex-builder/spi-builder-workspace/.dependencies/checkouts/SwiftCheck/Sources/SwiftCheck/State.swift /Users/builder/builds/o86TiJKT/2/finestructure/swiftpackageindex-builder/spi-builder-workspace/.dependencies/checkouts/SwiftCheck/Sources/SwiftCheck/Test.swift /Users/builder/builds/o86TiJKT/2/finestructure/swiftpackageindex-builder/spi-builder-workspace/.dependencies/checkouts/SwiftCheck/Sources/SwiftCheck/Testable.swift /Users/builder/builds/o86TiJKT/2/finestructure/swiftpackageindex-builder/spi-builder-workspace/.dependencies/checkouts/SwiftCheck/Sources/SwiftCheck/WitnessedArbitrary.swift -target arm64-apple-tvos12.0 -Xllvm -aarch64-use-tbi -enable-objc-interop -sdk /Applications/Xcode-15.0.0-Beta.app/Contents/Developer/Platforms/AppleTVOS.platform/Developer/SDKs/AppleTVOS17.0.sdk -I /Users/builder/builds/o86TiJKT/2/finestructure/swiftpackageindex-builder/spi-builder-workspace/.derivedData/Build/Products/Debug-appletvos -I /Applications/Xcode-15.0.0-Beta.app/Contents/Developer/Platforms/AppleTVOS.platform/Developer/usr/lib -F /Users/builder/builds/o86TiJKT/2/finestructure/swiftpackageindex-builder/spi-builder-workspace/.derivedData/Build/Products/Debug-appletvos -F /Applications/Xcode-15.0.0-Beta.app/Contents/Developer/Platforms/AppleTVOS.platform/Developer/Library/Frameworks -F /Applications/Xcode-15.0.0-Beta.app/Contents/Developer/Platforms/AppleTVOS.platform/Developer/SDKs/AppleTVOS17.0.sdk/Developer/Library/Frameworks -no-color-diagnostics -enable-testing -g -module-cache-path /Users/builder/builds/o86TiJKT/2/finestructure/swiftpackageindex-builder/spi-builder-workspace/.derivedData/ModuleCache.noindex -swift-version 4 -enforce-exclusivity\=checked -Onone -D SWIFT_PACKAGE -D DEBUG -D Xcode -serialize-debugging-options -const-gather-protocols-file /Users/builder/builds/o86TiJKT/2/finestructure/swiftpackageindex-builder/spi-builder-workspace/.derivedData/Build/Intermediates.noindex/SwiftCheck.build/Debug-appletvos/SwiftCheck.build/Objects-normal/arm64/SwiftCheck_const_extract_protocols.json -empty-abi-descriptor -plugin-path /Applications/Xcode-15.0.0-Beta.app/Contents/Developer/Toolchains/XcodeDefault.xctoolchain/usr/lib/swift/host/plugins -plugin-path /Applications/Xcode-15.0.0-Beta.app/Contents/Developer/Toolchains/XcodeDefault.xctoolchain/usr/local/lib/swift/host/plugins -validate-clang-modules-once -clang-build-session-file /Users/builder/builds/o86TiJKT/2/finestructure/swiftpackageindex-builder/spi-builder-workspace/.derivedData/ModuleCache.noindex/Session.modulevalidation -Xcc -working-directory -Xcc /Users/builder/builds/o86TiJKT/2/finestructure/swiftpackageindex-builder/spi-builder-workspace -resource-dir /Applications/Xcode-15.0.0-Beta.app/Contents/Developer/Toolchains/XcodeDefault.xctoolchain/usr/lib/swift -enable-anonymous-context-mangled-names -Xcc -ivfsstatcache -Xcc /Users/builder/builds/o86TiJKT/2/finestructure/swiftpackageindex-builder/spi-builder-workspace/.derivedData/SDKStatCaches.noindex/appletvos17.0-21J5273p-f1c542bf70c0c6d9321512ea4fae4f06.sdkstatcache -Xcc -I/Users/builder/builds/o86TiJKT/2/finestructure/swiftpackageindex-builder/spi-builder-workspace/.derivedData/Build/Intermediates.noindex/SwiftCheck.build/Debug-appletvos/SwiftCheck.build/swift-overrides.hmap -Xcc -I/Users/builder/builds/o86TiJKT/2/finestructure/swiftpackageindex-builder/spi-builder-workspace/.derivedData/Build/Products/Debug-appletvos/include -Xcc -I/Users/builder/builds/o86TiJKT/2/finestructure/swiftpackageindex-builder/spi-builder-workspace/.derivedData/Build/Intermediates.noindex/SwiftCheck.build/Debug-appletvos/SwiftCheck.build/DerivedSources-normal/arm64 -Xcc -I/Users/builder/builds/o86TiJKT/2/finestructure/swiftpackageindex-builder/spi-builder-workspace/.derivedData/Build/Intermediates.noindex/SwiftCheck.build/Debug-appletvos/SwiftCheck.build/DerivedSources/arm64 -Xcc -I/Users/builder/builds/o86TiJKT/2/finestructure/swiftpackageindex-builder/spi-builder-workspace/.derivedData/Build/Intermediates.noindex/SwiftCheck.build/Debug-appletvos/SwiftCheck.build/DerivedSources -Xcc -DSWIFT_PACKAGE -Xcc -DDEBUG\=1 -module-name SwiftCheck -disable-clang-spi -target-sdk-version 17.0 -target-sdk-name appletvos17.0 -emit-module-doc-path /Users/builder/builds/o86TiJKT/2/finestructure/swiftpackageindex-builder/spi-builder-workspace/.derivedData/Build/Intermediates.noindex/SwiftCheck.build/Debug-appletvos/SwiftCheck.build/Objects-normal/arm64/SwiftCheck.swiftdoc -emit-module-source-info-path /Users/builder/builds/o86TiJKT/2/finestructure/swiftpackageindex-builder/spi-builder-workspace/.derivedData/Build/Intermediates.noindex/SwiftCheck.build/Debug-appletvos/SwiftCheck.build/Objects-normal/arm64/SwiftCheck.swiftsourceinfo -emit-objc-header-path /Users/builder/builds/o86TiJKT/2/finestructure/swiftpackageindex-builder/spi-builder-workspace/.derivedData/Build/Intermediates.noindex/SwiftCheck.build/Debug-appletvos/SwiftCheck.build/Objects-normal/arm64/SwiftCheck-Swift.h -serialize-diagnostics-path /Users/builder/builds/o86TiJKT/2/finestructure/swiftpackageindex-builder/spi-builder-workspace/.derivedData/Build/Intermediates.noindex/SwiftCheck.build/Debug-appletvos/SwiftCheck.build/Objects-normal/arm64/SwiftCheck-master-emit-module.dia -emit-dependencies-path /Users/builder/builds/o86TiJKT/2/finestructure/swiftpackageindex-builder/spi-builder-workspace/.derivedData/Build/Intermediates.noindex/SwiftCheck.build/Debug-appletvos/SwiftCheck.build/Objects-normal/arm64/SwiftCheck-master-emit-module.d -o /Users/builder/builds/o86TiJKT/2/finestructure/swiftpackageindex-builder/spi-builder-workspace/.derivedData/Build/Intermediates.noindex/SwiftCheck.build/Debug-appletvos/SwiftCheck.build/Objects-normal/arm64/SwiftCheck.swiftmodule -emit-abi-descriptor-path /Users/builder/builds/o86TiJKT/2/finestructure/swiftpackageindex-builder/spi-builder-workspace/.derivedData/Build/Intermediates.noindex/SwiftCheck.build/Debug-appletvos/SwiftCheck.build/Objects-normal/arm64/SwiftCheck.abi.json
/Users/builder/builds/o86TiJKT/2/finestructure/swiftpackageindex-builder/spi-builder-workspace/.dependencies/checkouts/SwiftCheck/Sources/SwiftCheck/WitnessedArbitrary.swift:145:26: error: conflicting conformance of 'LazySequence<Base>' to protocol 'Arbitrary'; there cannot be more than one conformance, even with different conditional bounds
extension LazySequence : Arbitrary where Base : Arbitrary {
                         ^
/Users/builder/builds/o86TiJKT/2/finestructure/swiftpackageindex-builder/spi-builder-workspace/.dependencies/checkouts/SwiftCheck/Sources/SwiftCheck/WitnessedArbitrary.swift:138:1: note: 'LazySequence<Base>' declares conformance to protocol 'Arbitrary' here
extension LazyCollection : Arbitrary where Base : Arbitrary {
^

SwiftCompile normal arm64 Compiling\ Testable.swift /Users/builder/builds/o86TiJKT/2/finestructure/swiftpackageindex-builder/spi-builder-workspace/.dependencies/checkouts/SwiftCheck/Sources/SwiftCheck/Testable.swift (in target 'SwiftCheck' from project 'SwiftCheck')
    cd /Users/builder/builds/o86TiJKT/2/finestructure/swiftpackageindex-builder/spi-builder-workspace
    builtin-swiftTaskExecution -- /Applications/Xcode-15.0.0-Beta.app/Contents/Developer/Toolchains/XcodeDefault.xctoolchain/usr/bin/swift-frontend -frontend -c /Users/builder/builds/o86TiJKT/2/finestructure/swiftpackageindex-builder/spi-builder-workspace/.dependencies/checkouts/SwiftCheck/Sources/SwiftCheck/Arbitrary.swift /Users/builder/builds/o86TiJKT/2/finestructure/swiftpackageindex-builder/spi-builder-workspace/.dependencies/checkouts/SwiftCheck/Sources/SwiftCheck/Cartesian.swift /Users/builder/builds/o86TiJKT/2/finestructure/swiftpackageindex-builder/spi-builder-workspace/.dependencies/checkouts/SwiftCheck/Sources/SwiftCheck/Check.swift /Users/builder/builds/o86TiJKT/2/finestructure/swiftpackageindex-builder/spi-builder-workspace/.dependencies/checkouts/SwiftCheck/Sources/SwiftCheck/CoArbitrary.swift /Users/builder/builds/o86TiJKT/2/finestructure/swiftpackageindex-builder/spi-builder-workspace/.dependencies/checkouts/SwiftCheck/Sources/SwiftCheck/Compose.swift /Users/builder/builds/o86TiJKT/2/finestructure/swiftpackageindex-builder/spi-builder-workspace/.dependencies/checkouts/SwiftCheck/Sources/SwiftCheck/Gen.swift /Users/builder/builds/o86TiJKT/2/finestructure/swiftpackageindex-builder/spi-builder-workspace/.dependencies/checkouts/SwiftCheck/Sources/SwiftCheck/Lattice.swift /Users/builder/builds/o86TiJKT/2/finestructure/swiftpackageindex-builder/spi-builder-workspace/.dependencies/checkouts/SwiftCheck/Sources/SwiftCheck/Modifiers.swift /Users/builder/builds/o86TiJKT/2/finestructure/swiftpackageindex-builder/spi-builder-workspace/.dependencies/checkouts/SwiftCheck/Sources/SwiftCheck/Property.swift /Users/builder/builds/o86TiJKT/2/finestructure/swiftpackageindex-builder/spi-builder-workspace/.dependencies/checkouts/SwiftCheck/Sources/SwiftCheck/Random.swift /Users/builder/builds/o86TiJKT/2/finestructure/swiftpackageindex-builder/spi-builder-workspace/.dependencies/checkouts/SwiftCheck/Sources/SwiftCheck/Rose.swift /Users/builder/builds/o86TiJKT/2/finestructure/swiftpackageindex-builder/spi-builder-workspace/.dependencies/checkouts/SwiftCheck/Sources/SwiftCheck/State.swift /Users/builder/builds/o86TiJKT/2/finestructure/swiftpackageindex-builder/spi-builder-workspace/.dependencies/checkouts/SwiftCheck/Sources/SwiftCheck/Test.swift -primary-file /Users/builder/builds/o86TiJKT/2/finestructure/swiftpackageindex-builder/spi-builder-workspace/.dependencies/checkouts/SwiftCheck/Sources/SwiftCheck/Testable.swift /Users/builder/builds/o86TiJKT/2/finestructure/swiftpackageindex-builder/spi-builder-workspace/.dependencies/checkouts/SwiftCheck/Sources/SwiftCheck/WitnessedArbitrary.swift -emit-dependencies-path /Users/builder/builds/o86TiJKT/2/finestructure/swiftpackageindex-builder/spi-builder-workspace/.derivedData/Build/Intermediates.noindex/SwiftCheck.build/Debug-appletvos/SwiftCheck.build/Objects-normal/arm64/Testable.d -emit-const-values-path /Users/builder/builds/o86TiJKT/2/finestructure/swiftpackageindex-builder/spi-builder-workspace/.derivedData/Build/Intermediates.noindex/SwiftCheck.build/Debug-appletvos/SwiftCheck.build/Objects-normal/arm64/Testable.swiftconstvalues -emit-reference-dependencies-path /Users/builder/builds/o86TiJKT/2/finestructure/swiftpackageindex-builder/spi-builder-workspace/.derivedData/Build/Intermediates.noindex/SwiftCheck.build/Debug-appletvos/SwiftCheck.build/Objects-normal/arm64/Testable.swiftdeps -serialize-diagnostics-path /Users/builder/builds/o86TiJKT/2/finestructure/swiftpackageindex-builder/spi-builder-workspace/.derivedData/Build/Intermediates.noindex/SwiftCheck.build/Debug-appletvos/SwiftCheck.build/Objects-normal/arm64/Testable.dia -target arm64-apple-tvos12.0 -Xllvm -aarch64-use-tbi -enable-objc-interop -sdk /Applications/Xcode-15.0.0-Beta.app/Contents/Developer/Platforms/AppleTVOS.platform/Developer/SDKs/AppleTVOS17.0.sdk -I /Users/builder/builds/o86TiJKT/2/finestructure/swiftpackageindex-builder/spi-builder-workspace/.derivedData/Build/Products/Debug-appletvos -I /Applications/Xcode-15.0.0-Beta.app/Contents/Developer/Platforms/AppleTVOS.platform/Developer/usr/lib -F /Users/builder/builds/o86TiJKT/2/finestructure/swiftpackageindex-builder/spi-builder-workspace/.derivedData/Build/Products/Debug-appletvos -F /Applications/Xcode-15.0.0-Beta.app/Contents/Developer/Platforms/AppleTVOS.platform/Developer/Library/Frameworks -F /Applications/Xcode-15.0.0-Beta.app/Contents/Developer/Platforms/AppleTVOS.platform/Developer/SDKs/AppleTVOS17.0.sdk/Developer/Library/Frameworks -no-color-diagnostics -enable-testing -g -module-cache-path /Users/builder/builds/o86TiJKT/2/finestructure/swiftpackageindex-builder/spi-builder-workspace/.derivedData/ModuleCache.noindex -swift-version 4 -enforce-exclusivity\=checked -Onone -D SWIFT_PACKAGE -D DEBUG -D Xcode -serialize-debugging-options -const-gather-protocols-file /Users/builder/builds/o86TiJKT/2/finestructure/swiftpackageindex-builder/spi-builder-workspace/.derivedData/Build/Intermediates.noindex/SwiftCheck.build/Debug-appletvos/SwiftCheck.build/Objects-normal/arm64/SwiftCheck_const_extract_protocols.json -empty-abi-descriptor -plugin-path /Applications/Xcode-15.0.0-Beta.app/Contents/Developer/Toolchains/XcodeDefault.xctoolchain/usr/lib/swift/host/plugins -plugin-path /Applications/Xcode-15.0.0-Beta.app/Contents/Developer/Toolchains/XcodeDefault.xctoolchain/usr/local/lib/swift/host/plugins -validate-clang-modules-once -clang-build-session-file /Users/builder/builds/o86TiJKT/2/finestructure/swiftpackageindex-builder/spi-builder-workspace/.derivedData/ModuleCache.noindex/Session.modulevalidation -Xcc -working-directory -Xcc /Users/builder/builds/o86TiJKT/2/finestructure/swiftpackageindex-builder/spi-builder-workspace -resource-dir /Applications/Xcode-15.0.0-Beta.app/Contents/Developer/Toolchains/XcodeDefault.xctoolchain/usr/lib/swift -enable-anonymous-context-mangled-names -Xcc -ivfsstatcache -Xcc /Users/builder/builds/o86TiJKT/2/finestructure/swiftpackageindex-builder/spi-builder-workspace/.derivedData/SDKStatCaches.noindex/appletvos17.0-21J5273p-f1c542bf70c0c6d9321512ea4fae4f06.sdkstatcache -Xcc -I/Users/builder/builds/o86TiJKT/2/finestructure/swiftpackageindex-builder/spi-builder-workspace/.derivedData/Build/Intermediates.noindex/SwiftCheck.build/Debug-appletvos/SwiftCheck.build/swift-overrides.hmap -Xcc -I/Users/builder/builds/o86TiJKT/2/finestructure/swiftpackageindex-builder/spi-builder-workspace/.derivedData/Build/Products/Debug-appletvos/include -Xcc -I/Users/builder/builds/o86TiJKT/2/finestructure/swiftpackageindex-builder/spi-builder-workspace/.derivedData/Build/Intermediates.noindex/SwiftCheck.build/Debug-appletvos/SwiftCheck.build/DerivedSources-normal/arm64 -Xcc -I/Users/builder/builds/o86TiJKT/2/finestructure/swiftpackageindex-builder/spi-builder-workspace/.derivedData/Build/Intermediates.noindex/SwiftCheck.build/Debug-appletvos/SwiftCheck.build/DerivedSources/arm64 -Xcc -I/Users/builder/builds/o86TiJKT/2/finestructure/swiftpackageindex-builder/spi-builder-workspace/.derivedData/Buil
d/Intermediates.noindex/SwiftCheck.build/Debug-appletvos/SwiftCheck.build/DerivedSources -Xcc -DSWIFT_PACKAGE -Xcc -DDEBUG\=1 -module-name SwiftCheck -frontend-parseable-output -disable-clang-spi -target-sdk-version 17.0 -target-sdk-name appletvos17.0 -o /Users/builder/builds/o86TiJKT/2/finestructure/swiftpackageindex-builder/spi-builder-workspace/.derivedData/Build/Intermediates.noindex/SwiftCheck.build/Debug-appletvos/SwiftCheck.build/Objects-normal/arm64/Testable.o -index-unit-output-path /SwiftCheck.build/Debug-appletvos/SwiftCheck.build/Objects-normal/arm64/Testable.o -index-store-path /Users/builder/builds/o86TiJKT/2/finestructure/swiftpackageindex-builder/spi-builder-workspace/.derivedData/Index.noindex/DataStore -index-system-modules

SwiftCompile normal arm64 /Users/builder/builds/o86TiJKT/2/finestructure/swiftpackageindex-builder/spi-builder-workspace/.dependencies/checkouts/SwiftCheck/Sources/SwiftCheck/Testable.swift (in target 'SwiftCheck' from project 'SwiftCheck')
    cd /Users/builder/builds/o86TiJKT/2/finestructure/swiftpackageindex-builder/spi-builder-workspace
    /Applications/Xcode-15.0.0-Beta.app/Contents/Developer/Toolchains/XcodeDefault.xctoolchain/usr/bin/swift-frontend -c /Users/builder/builds/o86TiJKT/2/finestructure/swiftpackageindex-builder/spi-builder-workspace/.dependencies/checkouts/SwiftCheck/Sources/SwiftCheck/Arbitrary.swift /Users/builder/builds/o86TiJKT/2/finestructure/swiftpackageindex-builder/spi-builder-workspace/.dependencies/checkouts/SwiftCheck/Sources/SwiftCheck/Cartesian.swift /Users/builder/builds/o86TiJKT/2/finestructure/swiftpackageindex-builder/spi-builder-workspace/.dependencies/checkouts/SwiftCheck/Sources/SwiftCheck/Check.swift /Users/builder/builds/o86TiJKT/2/finestructure/swiftpackageindex-builder/spi-builder-workspace/.dependencies/checkouts/SwiftCheck/Sources/SwiftCheck/CoArbitrary.swift /Users/builder/builds/o86TiJKT/2/finestructure/swiftpackageindex-builder/spi-builder-workspace/.dependencies/checkouts/SwiftCheck/Sources/SwiftCheck/Compose.swift /Users/builder/builds/o86TiJKT/2/finestructure/swiftpackageindex-builder/spi-builder-workspace/.dependencies/checkouts/SwiftCheck/Sources/SwiftCheck/Gen.swift /Users/builder/builds/o86TiJKT/2/finestructure/swiftpackageindex-builder/spi-builder-workspace/.dependencies/checkouts/SwiftCheck/Sources/SwiftCheck/Lattice.swift /Users/builder/builds/o86TiJKT/2/finestructure/swiftpackageindex-builder/spi-builder-workspace/.dependencies/checkouts/SwiftCheck/Sources/SwiftCheck/Modifiers.swift /Users/builder/builds/o86TiJKT/2/finestructure/swiftpackageindex-builder/spi-builder-workspace/.dependencies/checkouts/SwiftCheck/Sources/SwiftCheck/Property.swift /Users/builder/builds/o86TiJKT/2/finestructure/swiftpackageindex-builder/spi-builder-workspace/.dependencies/checkouts/SwiftCheck/Sources/SwiftCheck/Random.swift /Users/builder/builds/o86TiJKT/2/finestructure/swiftpackageindex-builder/spi-builder-workspace/.dependencies/checkouts/SwiftCheck/Sources/SwiftCheck/Rose.swift /Users/builder/builds/o86TiJKT/2/finestructure/swiftpackageindex-builder/spi-builder-workspace/.dependencies/checkouts/SwiftCheck/Sources/SwiftCheck/State.swift /Users/builder/builds/o86TiJKT/2/finestructure/swiftpackageindex-builder/spi-builder-workspace/.dependencies/checkouts/SwiftCheck/Sources/SwiftCheck/Test.swift -primary-file /Users/builder/builds/o86TiJKT/2/finestructure/swiftpackageindex-builder/spi-builder-workspace/.dependencies/checkouts/SwiftCheck/Sources/SwiftCheck/Testable.swift /Users/builder/builds/o86TiJKT/2/finestructure/swiftpackageindex-builder/spi-builder-workspace/.dependencies/checkouts/SwiftCheck/Sources/SwiftCheck/WitnessedArbitrary.swift -emit-dependencies-path /Users/builder/builds/o86TiJKT/2/finestructure/swiftpackageindex-builder/spi-builder-workspace/.derivedData/Build/Intermediates.noindex/SwiftCheck.build/Debug-appletvos/SwiftCheck.build/Objects-normal/arm64/Testable.d -emit-const-values-path /Users/builder/builds/o86TiJKT/2/finestructure/swiftpackageindex-builder/spi-builder-workspace/.derivedData/Build/Intermediates.noindex/SwiftCheck.build/Debug-appletvos/SwiftCheck.build/Objects-normal/arm64/Testable.swiftconstvalues -emit-reference-dependencies-path /Users/builder/builds/o86TiJKT/2/finestructure/swiftpackageindex-builder/spi-builder-workspace/.derivedData/Build/Intermediates.noindex/SwiftCheck.build/Debug-appletvos/SwiftCheck.build/Objects-normal/arm64/Testable.swiftdeps -serialize-diagnostics-path /Users/builder/builds/o86TiJKT/2/finestructure/swiftpackageindex-builder/spi-builder-workspace/.derivedData/Build/Intermediates.noindex/SwiftCheck.build/Debug-appletvos/SwiftCheck.build/Objects-normal/arm64/Testable.dia -target arm64-apple-tvos12.0 -Xllvm -aarch64-use-tbi -enable-objc-interop -sdk /Applications/Xcode-15.0.0-Beta.app/Contents/Developer/Platforms/AppleTVOS.platform/Developer/SDKs/AppleTVOS17.0.sdk -I /Users/builder/builds/o86TiJKT/2/finestructure/swiftpackageindex-builder/spi-builder-workspace/.derivedData/Build/Products/Debug-appletvos -I /Applications/Xcode-15.0.0-Beta.app/Contents/Developer/Platforms/AppleTVOS.platform/Developer/usr/lib -F /Users/builder/builds/o86TiJKT/2/finestructure/swiftpackageindex-builder/spi-builder-workspace/.derivedData/Build/Products/Debug-appletvos -F /Applications/Xcode-15.0.0-Beta.app/Contents/Developer/Platforms/AppleTVOS.platform/Developer/Library/Frameworks -F /Applications/Xcode-15.0.0-Beta.app/Contents/Developer/Platforms/AppleTVOS.platform/Developer/SDKs/AppleTVOS17.0.sdk/Developer/Library/Frameworks -no-color-diagnostics -enable-testing -g -module-cache-path /Users/builder/builds/o86TiJKT/2/finestructure/swiftpackageindex-builder/spi-builder-workspace/.derivedData/ModuleCache.noindex -swift-version 4 -enforce-exclusivity\=checked -Onone -D SWIFT_PACKAGE -D DEBUG -D Xcode -serialize-debugging-options -const-gather-protocols-file /Users/builder/builds/o86TiJKT/2/finestructure/swiftpackageindex-builder/spi-builder-workspace/.derivedData/Build/Intermediates.noindex/SwiftCheck.build/Debug-appletvos/SwiftCheck.build/Objects-normal/arm64/SwiftCheck_const_extract_protocols.json -empty-abi-descriptor -plugin-path /Applications/Xcode-15.0.0-Beta.app/Contents/Developer/Toolchains/XcodeDefault.xctoolchain/usr/lib/swift/host/plugins -plugin-path /Applications/Xcode-15.0.0-Beta.app/Contents/Developer/Toolchains/XcodeDefault.xctoolchain/usr/local/lib/swift/host/plugins -validate-clang-modules-once -clang-build-session-file /Users/builder/builds/o86TiJKT/2/finestructure/swiftpackageindex-builder/spi-builder-workspace/.derivedData/ModuleCache.noindex/Session.modulevalidation -Xcc -working-directory -Xcc /Users/builder/builds/o86TiJKT/2/finestructure/swiftpackageindex-builder/spi-builder-workspace -resource-dir /Applications/Xcode-15.0.0-Beta.app/Contents/Developer/Toolchains/XcodeDefault.xctoolchain/usr/lib/swift -enable-anonymous-context-mangled-names -Xcc -ivfsstatcache -Xcc /Users/builder/builds/o86TiJKT/2/finestructure/swiftpackageindex-builder/spi-builder-workspace/.derivedData/SDKStatCaches.noindex/appletvos17.0-21J5273p-f1c542bf70c0c6d9321512ea4fae4f06.sdkstatcache -Xcc -I/Users/builder/builds/o86TiJKT/2/finestructure/swiftpackageindex-builder/spi-builder-workspace/.derivedData/Build/Intermediates.noindex/SwiftCheck.build/Debug-appletvos/SwiftCheck.build/swift-overrides.hmap -Xcc -I/Users/builder/builds/o86TiJKT/2/finestructure/swiftpackageindex-builder/spi-builder-workspace/.derivedData/Build/Products/Debug-appletvos/include -Xcc -I/Users/builder/builds/o86TiJKT/2/finestructure/swiftpackageindex-builder/spi-builder-workspace/.derivedData/Build/Intermediates.noindex/SwiftCheck.build/Debug-appletvos/SwiftCheck.build/DerivedSources-normal/arm64 -Xcc -I/Users/builder/builds/o86TiJKT/2/finestructure/swiftpackageindex-builder/spi-builder-workspace/.derivedData/Build/Intermediates.noindex/SwiftCheck.build/Debug-appletvos/SwiftCheck.build/DerivedSources/arm64 -Xcc -I/Users/builder/builds/o86TiJKT/2/finestructure/swiftpackageindex-builder/spi-builder-workspace/.derivedData/Build/Intermediates.noindex/SwiftCheck.build/Debug-appletvos/SwiftCheck.build/DerivedSources -Xcc -DSWIFT_PACKAGE -Xcc -DDEBUG\=1 -module-name SwiftCheck -frontend-parseable-output -disable-clang-spi -target-sdk-version 17.0 -target-sdk-name appletvos17.0 -o /Users/builder/builds/o86TiJKT/2/finestructure/swiftpackageindex-builder/spi-builder-workspace/.derivedData/Build/Intermediates.noindex/SwiftCheck.build/Debug-appletvos/SwiftCheck.build/Objects-normal/arm64/Testable.o -index-unit-output-path /SwiftCheck.build/Debug-appletvos/SwiftCheck.build/Objects-normal/arm64/Testable.o -index-store-path /Users/builder/builds/o86TiJKT/2/finestructure/swiftpackageindex-builder/spi-builder-workspace/.derivedData/Index.noindex/DataStore -index-system-modules
SwiftCompile normal arm64 Compiling\ Compose.swift,\ Gen.swift /Users/builder/builds/o86TiJKT/2/finestructure/swiftpackageindex-builder/spi-builder-workspace/.dependencies/checkouts/SwiftCheck/Sources/SwiftCheck/Compose.swift /Users/builder/builds/o86TiJKT/2/finestructure/swiftpackageindex-builder/spi-builder-workspace/.dependencies/checkouts/SwiftCheck/Sources/SwiftCheck/Gen.swift (in target 'SwiftCheck' from project 'SwiftCheck')
    cd /Users/builder/builds/o86TiJKT/2/finestructure/swiftpackageindex-builder/spi-builder-workspace
    builtin-swiftTaskExecution -- /Applications/Xcode-15.0.0-Beta.app/Contents/Developer/Toolchains/XcodeDefault.xctoolchain/usr/bin/swift-frontend -frontend -c /Users/builder/builds/o86TiJKT/2/finestructure/swiftpackageindex-builder/spi-builder-workspace/.dependencies/checkouts/SwiftCheck/Sources/SwiftCheck/Arbitrary.swift /Users/builder/builds/o86TiJKT/2/finestructure/swiftpackageindex-builder/spi-builder-workspace/.dependencies/checkouts/SwiftCheck/Sources/SwiftCheck/Cartesian.swift /Users/builder/builds/o86TiJKT/2/finestructure/swiftpackageindex-builder/spi-builder-workspace/.dependencies/checkouts/SwiftCheck/Sources/SwiftCheck/Check.swift /Users/builder/builds/o86TiJKT/2/finestructure/swiftpackageindex-builder/spi-builder-workspace/.dependencies/checkouts/SwiftCheck/Sources/SwiftCheck/CoArbitrary.swift -primary-file /Users/builder/builds/o86TiJKT/2/finestructure/swiftpackageindex-builder/spi-builder-workspace/.dependencies/checkouts/SwiftCheck/Sources/SwiftCheck/Compose.swift -primary-file /Users/builder/builds/o86TiJKT/2/finestructure/swiftpackageindex-builder/spi-builder-workspace/.dependencies/checkouts/SwiftCheck/Sources/SwiftCheck/Gen.swift /Users/builder/builds/o86TiJKT/2/finestructure/swiftpackageindex-builder/spi-builder-workspace/.dependencies/checkouts/SwiftCheck/Sources/SwiftCheck/Lattice.swift /Users/builder/builds/o86TiJKT/2/finestructure/swiftpackageindex-builder/spi-builder-workspace/.dependencies/checkouts/SwiftCheck/Sources/SwiftCheck/Modifiers.swift /Users/builder/builds/o86TiJKT/2/finestructure/swiftpackageindex-builder/spi-builder-workspace/.dependencies/checkouts/SwiftCheck/Sources/SwiftCheck/Property.swift /Users/builder/builds/o86TiJKT/2/finestructure/swiftpackageindex-builder/spi-builder-workspace/.dependencies/checkouts/SwiftCheck/Sources/SwiftCheck/Random.swift /Users/builder/builds/o86TiJKT/2/finestructure/swiftpackageindex-builder/spi-builder-workspace/.dependencies/checkouts/SwiftCheck/Sources/SwiftCheck/Rose.swift /Users/builder/builds/o86TiJKT/2/finestructure/swiftpackageindex-builder/spi-builder-workspace/.dependencies/checkouts/SwiftCheck/Sources/SwiftCheck/State.swift /Users/builder/builds/o86TiJKT/2/finestructure/swiftpackageindex-builder/spi-builder-workspace/.dependencies/checkouts/SwiftCheck/Sources/SwiftCheck/Test.swift /Users/builder/builds/o86TiJKT/2/finestructure/swiftpackageindex-builder/spi-builder-workspace/.dependencies/checkouts/SwiftCheck/Sources/SwiftCheck/Testable.swift /Users/builder/builds/o86TiJKT/2/finestructure/swiftpackageindex-builder/spi-builder-workspace/.dependencies/checkouts/SwiftCheck/Sources/SwiftCheck/WitnessedArbitrary.swift -emit-dependencies-path /Users/builder/builds/o86TiJKT/2/finestructure/swiftpackageindex-builder/spi-builder-workspace/.derivedData/Build/Intermediates.noindex/SwiftCheck.build/Debug-appletvos/SwiftCheck.build/Objects-normal/arm64/Compose.d -emit-const-values-path /Users/builder/builds/o86TiJKT/2/finestructure/swiftpackageindex-builder/spi-builder-workspace/.derivedData/Build/Intermediates.noindex/SwiftCheck.build/Debug-appletvos/SwiftCheck.build/Objects-normal/arm64/Compose.swiftconstvalues -emit-reference-dependencies-path /Users/builder/builds/o86TiJKT/2/finestructure/swiftpackageindex-builder/spi-builder-workspace/.derivedData/Build/Intermediates.noindex/SwiftCheck.build/Debug-appletvos/SwiftCheck.build/Objects-normal/arm64/Compose.swiftdeps -serialize-diagnostics-path /Users/builder/builds/o86TiJKT/2/finestructure/swiftpackageindex-builder/spi-builder-workspace/.derivedData/Build/Intermediates.noindex/SwiftCheck.build/Debug-appletvos/SwiftCheck.build/Objects-normal/arm64/Compose.dia -emit-dependencies-path /Users/builder/builds/o86TiJKT/2/finestructure/swiftpackageindex-builder/spi-builder-workspace/.derivedData/Build/Intermediates.noindex/SwiftCheck.build/Debug-appletvos/SwiftCheck.build/Objects-normal/arm64/Gen.d -emit-const-values-path /Users/builder/builds/o86TiJKT/2/finestructure/swiftpackageindex-builder/spi-builder-workspace/.derivedData/Build/Intermediates.noindex/SwiftCheck.build/Debug-appletvos/SwiftCheck.build/Objects-normal/arm64/Gen.swiftconstvalues -emit-reference-dependencies-path /Users/builder/builds/o86TiJKT/2/finestructure/swiftpackageindex-builder/spi-builder-workspace/.derivedData/Build/Intermediates.noindex/SwiftCheck.build/Debug-appletvos/SwiftCheck.build/Objects-normal/arm64/Gen.swiftdeps -serialize-diagnostics-path /Users/builder/builds/o86TiJKT/2/finestructure/swiftpackageindex-builder/spi-builder-workspace/.derivedData/Build/Intermediates.noindex/SwiftCheck.build/Debug-appletvos/SwiftCheck.build/Objects-normal/arm64/Gen.dia -target arm64-apple-tvos12.0 -Xllvm -aarch64-use-tbi -enable-objc-interop -sdk /Applications/Xcode-15.0.0-Beta.app/Contents/Developer/Platforms/AppleTVOS.platform/Developer/SDKs/AppleTVOS17.0.sdk -I /Users/builder/builds/o86TiJKT/2/finestructure/swiftpackageindex-builder/spi-builder-workspace/.derivedData/Build/Products/Debug-appletvos -I /Applications/Xcode-15.0.0-Beta.app/Contents/Developer/Platforms/AppleTVOS.platform/Developer/usr/lib -F /Users/builder/builds/o86TiJKT/2/finestructure/swiftpackageindex-builder/spi-builder-workspace/.derivedData/Build/Products/Debug-appletvos -F /Applications/Xcode-15.0.0-Beta.app/Contents/Developer/Platforms/AppleTVOS.platform/Developer/Library/Frameworks -F /Applications/Xcode-15.0.0-Beta.app/Contents/Developer/Platforms/AppleTVOS.platform/Developer/SDKs/AppleTVOS17.0.sdk/Developer/Library/Frameworks -no-color-diagnostics -enable-testing -g -module-cache-path /Users/builder/builds/o86TiJKT/2/finestructure/swiftpackageindex-builder/spi-builder-workspace/.derivedData/ModuleCache.noindex -swift-version 4 -enforce-exclusivity\=checked -Onone -D SWIFT_PACKAGE -D DEBUG -D Xcode -serialize-debugging-options -const-gather-protocols-file /Users/builder/builds/o86TiJKT/2/finestructure/swiftpackageindex-builder/spi-builder-workspace/.derivedData/Build/Intermediates.noindex/SwiftCheck.build/Debug-appletvos/SwiftCheck.build/Objects-normal/arm64/SwiftCheck_const_extract_protocols.json -empty-abi-descriptor -plugin-path /Applications/Xcode-15.0.0-Beta.app/Contents/Developer/Toolchains/XcodeDefault.xctoolchain/usr/lib/swift/host/plugins -plugin-path /Applications/Xcode-15.0.0-Beta.app/Contents/Developer/Toolchains/XcodeDefault.xctoolchain/usr/local/lib/swift/host/plugins -validate-clang-modules-once -clang-build-session-file /Users/builder/builds/o86TiJKT/2/finestructure/swiftpackageindex-builder/spi-builder-workspace/.derivedData/ModuleCache.noindex/Session.modulevalidation -Xcc -working-directory -Xcc /Users/builder/builds/o86TiJKT/2/finestructure/swiftpackageindex-builder/spi-builder-workspace -resource-dir /Applications/Xcode-15.0.0-Beta.app/Contents/Developer/Toolchains/XcodeDefault.xctoolchain/usr/lib/swift -enable-anonymous-context-mangled-names -Xcc -ivfsstatcache -Xcc /Users/builder/builds/o86TiJKT/2/finestructure/swiftpackageindex-builder/spi-builder-workspace/.derivedData/SDKStatCaches.noindex/appletvos17.0-21J5273p-f1c542bf70c0c6d9321512ea4fae4f06.sdkstatcache -Xcc -I/Users/builder/builds/o86TiJKT/2/finestructure/swiftpackageindex-builder/spi-builder-workspace/.derivedData/Build/Intermediates.noindex/SwiftCheck.build/Debug-appletvos/SwiftCheck.build/swift-overrides.hmap -Xcc -I/Users/builder/builds/o86TiJKT/2/finestructure/swiftpackageindex-builder/spi-builder-workspace/.derivedData/Build/Products/Debug-appletvos/include -Xcc -I/Users/builder/builds/o86TiJKT/2/finestructure/swiftpackageindex-builder/spi-builder-workspace/.derivedData/Build/Intermediates.noindex/SwiftCheck.build/Debug-appletvos/SwiftCheck.build/DerivedSources-normal/arm64 -Xcc -I/Users/builder/builds/o86TiJKT/2/finestructure/swiftpackageindex-builder/spi-builder-workspace/.derivedData/Build/Intermediates.noindex/SwiftCheck.build/Debug-appletvos/SwiftCheck.build/DerivedSources/arm64 -Xcc -I/Users/builder/builds/o86TiJKT/2/finestructure/swiftpackageindex-builder/spi-builder-workspace/.derivedData/Build/Intermediates.noindex/SwiftCheck.build/Debug-appletvos/SwiftCheck.build/DerivedSources -Xcc -DSWIFT_PACKAGE -Xcc -DDEBUG\=1 -module-name SwiftCheck -frontend-parseable-output -disable-clang-spi -target-sdk-version 17.0 -target-sdk-name appletvos17.0 -o /Users/builder/builds/o86TiJKT/2/finestructure/swiftpackageindex-builder/spi-builder-workspace/.derivedData/Build/Intermediates.noindex/SwiftCheck.build/Debug-appletvos/SwiftCheck.build/Objects-normal/arm64/Compose.o -o /Users/builder/builds/o86TiJKT/2/finestructure/swiftpackageindex-builder/spi-builder-workspace/.derivedData/Build/Intermediates.noindex/SwiftCheck.build/Debug-appletvos/SwiftCheck.build/Objects-normal/arm64/Gen.o -index-unit-output-path /SwiftCheck.build/Debug-appletvos/SwiftCheck.build/Objects-normal/arm64/Compose.o -index-unit-output-path /SwiftCheck.build/Debug-appletvos/SwiftCheck.build/Objects-normal/arm64/Gen.o -index-store-path /Users/builder/builds/o86TiJKT/2/finestructure/swiftpackageindex-builder/spi-builder-workspace/.derivedData/Index.noindex/DataStore -index-system-modules
SwiftCompile normal arm64 /Users/builder/builds/o86TiJKT/2/finestructure/swiftpackageindex-builder/spi-builder-workspace/.dependencies/checkouts/SwiftCheck/Sources/SwiftCheck/Compose.swift (in target 'SwiftCheck' from project 'SwiftCheck')
    cd /Users/builder/builds/o86TiJKT/2/finestructure/swiftpackageindex-builder/spi-builder-workspace
    /Applications/Xcode-15.0.0-Beta.app/Contents/Developer/Toolchains/XcodeDefault.xctoolchain/usr/bin/swift-frontend -c /Users/builder/builds/o86TiJKT/2/finestructure/swiftpackageindex-builder/spi-builder-workspace/.dependencies/checkouts/SwiftCheck/Sources/SwiftCheck/Arbitrary.swift /Users/builder/builds/o86TiJKT/2/finestructure/swiftpackageindex-builder/spi-builder-workspace/.dependencies/checkouts/SwiftCheck/Sources/SwiftCheck/Cartesian.swift /Users/builder/builds/o86TiJKT/2/finestructure/swiftpackageindex-builder/spi-builder-workspace/.dependencies/checkouts/SwiftCheck/Sources/SwiftCheck/Check.swift /Users/builder/builds/o86TiJKT/2/finestructure/swiftpackageindex-builder/spi-builder-workspace/.dependencies/checkouts/SwiftCheck/Sources/SwiftCheck/CoArbitrary.swift -primary-file /Users/builder/builds/o86TiJKT/2/finestructure/swiftpackageindex-builder/spi-builder-workspace/.dependencies/checkouts/SwiftCheck/Sources/SwiftCheck/Compose.swift -primary-file /Users/builder/builds/o86TiJKT/2/finestructure/swiftpackageindex-builder/spi-builder-workspace/.dependencies/checkouts/SwiftCheck/Sources/SwiftCheck/Gen.swift /Users/builder/builds/o86TiJKT/2/finestructure/swiftpackageindex-builder/spi-builder-workspace/.dependencies/checkouts/SwiftCheck/Sources/SwiftCheck/Lattice.swift /Users/builder/builds/o86TiJKT/2/finestructure/swiftpackageindex-builder/spi-builder-workspace/.dependencies/checkouts/SwiftCheck/Sources/SwiftCheck/Modifiers.swift /Users/builder/builds/o86TiJKT/2/finestructure/swiftpackageindex-builder/spi-builder-workspace/.dependencies/checkouts/SwiftCheck/Sources/SwiftCheck/Property.swift /Users/builder/builds/o86TiJKT/2/finestructure/swiftpackageindex-builder/spi-builder-workspace/.dependencies/checkouts/SwiftCheck/Sources/SwiftCheck/Random.swift /Users/builder/builds/o86TiJKT/2/finestructure/swiftpackageindex-builder/spi-builder-workspace/.dependencies/checkouts/SwiftCheck/Sources/SwiftCheck/Rose.swift /Users/builder/builds/o86TiJKT/2/finestructure/swiftpackageindex-builder/spi-builder-workspace/.dependencies/checkouts/SwiftCheck/Sources/SwiftCheck/State.swift /Users/builder/builds/o86TiJKT/2/finestructure/swiftpackageindex-builder/spi-builder-workspace/.dependencies/checkouts/SwiftCheck/Sources/SwiftCheck/Test.swift /Users/builder/builds/o86TiJKT/2/finestructure/swiftpackageindex-builder/spi-builder-workspace/.dependencies/checkouts/SwiftCheck/Sources/SwiftCheck/Testable.swift /Users/builder/builds/o86TiJKT/2/finestructure/swiftpackageindex-builder/spi-builder-workspace/.dependencies/checkouts/SwiftCheck/Sources/SwiftCheck/WitnessedArbitrary.swift -emit-dependencies-path /Users/builder/builds/o86TiJKT/2/finestructure/swiftpackageindex-builder/spi-builder-workspace/.derivedData/Build/Intermediates.noindex/SwiftCheck.build/Debug-appletvos/SwiftCheck.build/Objects-normal/arm64/Compose.d -emit-const-values-path /Users/builder/builds/o86TiJKT/2/finestructure/swiftpackageindex-builder/spi-builder-workspace/.derivedData/Build/Intermediates.noindex/SwiftCheck.build/Debug-appletvos/SwiftCheck.build/Objects-normal/arm64/Compose.swiftconstvalues -emit-reference-dependencies-path /Users/builder/builds/o86TiJKT/2/finestructure/swiftpackageindex-builder/spi-builder-workspace/.derivedData/Build/Intermediates.noindex/SwiftCheck.build/Debug-appletvos/SwiftCheck.build/Objects-normal/arm64/Compose.swiftdeps -serialize-diagnostics-path /Users/builder/builds/o86TiJKT/2/finestructure/swiftpackageindex-builder/spi-builder-workspace/.derivedData/Build/Intermediates.noindex/SwiftCheck.build/Debug-appletvos/SwiftCheck.build/Objects-normal/arm64/Compose.dia -emit-dependencies-path /Users/builder/builds/o86TiJKT/2/finestructure/swiftpackageindex-builder/spi-builder-workspace/.derivedData/Build/Intermediates.noindex/SwiftCheck.build/Debug-appletvos/SwiftCheck.build/Objects-normal/arm64/Gen.d -emit-const-values-path /Users/builder/builds/o86TiJKT/2/finestructure/swiftpackageindex-builder/spi-builder-workspace/.derivedData/Build/Intermediates.noindex/SwiftCheck.build/Debug-appletvos/SwiftCheck.build/Objects-normal/arm64/Gen.swiftconstvalues -emit-reference-dependencies-path /Users/builder/builds/o86TiJKT/2/finestructure/swiftpackageindex-builder/spi-builder-workspace/.derivedData/Build/Intermediates.noindex/SwiftCheck.build/Debug-appletvos/SwiftCheck.build/Objects-normal/arm64/Gen.swiftdeps -serialize-diagnostics-path /Users/builder/builds/o86TiJKT/2/finestructure/swiftpackageindex-builder/spi-builder-workspace/.derivedData/Build/Intermediates.noindex/SwiftCheck.build/Debug-appletvos/SwiftCheck.build/Objects-normal/arm64/Gen.dia -target arm64-apple-tvos12.0 -Xllvm -aarch64-use-tbi -enable-objc-interop -sdk /Applications/Xcode-15.0.0-Beta.app/Contents/Developer/Platforms/AppleTVOS.platform/Developer/SDKs/AppleTVOS17.0.sdk -I /Users/builder/builds/o86TiJKT/2/finestructure/swiftpackageindex-builder/spi-builder-workspace/.derivedData/Build/Products/Debug-appletvos -I /Applications/Xcode-15.0.0-Beta.app/Contents/Developer/Platforms/AppleTVOS.platform/Developer/usr/lib -F /Users/builder/builds/o86TiJKT/2/finestructure/swiftpackageindex-builder/spi-builder-workspace/.derivedData/Build/Products/Debug-appletvos -F /Applications/Xcode-15.0.0-Beta.app/Contents/Developer/Platforms/AppleTVOS.platform/Developer/Library/Frameworks -F /Applications/Xcode-15.0.0-Beta.app/Contents/Developer/Platforms/AppleTVOS.platform/Developer/SDKs/AppleTVOS17.0.sdk/Developer/Library/Frameworks -no-color-diagnostics -enable-testing -g -module-cache-path /Users/builder/builds/o86TiJKT/2/finestructure/swiftpackageindex-builder/spi-builder-workspace/.derivedData/ModuleCache.noindex -swift-version 4 -enforce-exclusivity\=checked -Onone -D SWIFT_PACKAGE -D DEBUG -D Xcode -serialize-debugging-options -const-gather-protocols-file /Users/builder/builds/o86TiJKT/2/finestructure/swiftpackageindex-builder/spi-builder-workspace/.derivedData/Build/Intermediates.noindex/SwiftCheck.build/Debug-appletvos/SwiftCheck.build/Objects-normal/arm64/SwiftCheck_const_extract_protocols.json -empty-abi-descriptor -plugin-path /Applications/Xcode-15.0.0-Beta.app/Contents/Developer/Toolchains/XcodeDefault.xctoolchain/usr/lib/swift/host/plugins -plugin-path /Applications/Xcode-15.0.0-Beta.app/Contents/Developer/Toolchains/XcodeDefault.xctoolchain/usr/local/lib/swift/host/plugins -validate-clang-modules-once -clang-build-session-file /Users/builder/builds/o86TiJKT/2/finestructure/swiftpackageindex-builder/spi-builder-workspace/.derivedData/ModuleCache.noindex/Session.modulevalidation -Xcc -working-directory -Xcc /Users/builder/builds/o86TiJKT/2/finestructure/swiftpackageindex-builder/spi-builder-workspace -resource-dir /Applications/Xcode-15.0.0-Beta.app/Contents/Developer/Toolchains/XcodeDefault.xctoolchain/usr/lib/swift -enable-anonymous-context-mangled-names -Xcc -ivfsstatcache -Xcc /Users/builder/builds/o86TiJKT/2/finestructure/swiftpackageindex-builder/spi-builder-workspace/.derivedData/SDKStatCaches.noindex/appletvos17.0-21J5273p-f1c542bf70c0c6d9321512ea4fae4f06.sdkstatcache -Xcc -I/Users/builder/builds/o86TiJKT/2/finestructure/swiftpackageindex-builder/spi-builder-workspace/.derivedData/Build/Intermediates.noindex/SwiftCheck.build/Debug-appletvos/SwiftCheck.build/swift-overrides.hmap -Xcc -I/Users/builder/builds/o86TiJKT/2/finestructure/swiftpackageindex-builder/spi-builder-workspace/.derivedData/Build/Products/Debug-appletvos/include -Xcc -I/Users/builder/builds/o86TiJKT/2/finestructure/swiftpackageindex-builder/spi-builder-workspace/.derivedData/Build/Intermediates.noindex/SwiftCheck.build/Debug-appletvos/SwiftCheck.build/DerivedSources-normal/arm64 -Xcc -I/Users/builder/builds/o86TiJKT/2/finestructure/swiftpackageindex-builder/spi-builder-workspace/.derivedData/Build/Intermediates.noindex/SwiftCheck.build/Debug-appletvos/SwiftCheck.build/DerivedSources/arm64 -Xcc -I/Users/builder/builds/o86TiJKT/2/finestructure/swiftpackageindex-builder/spi-builder-workspace/.derivedData/Build/Intermediates.noindex/SwiftCheck.build/Debug-appletvos/SwiftCheck.build/DerivedSources -Xcc -DSWIFT_PACKAGE -Xcc -DDEBUG\=1 -module-name SwiftCheck -frontend-parseable-output -disable-clang-spi -target-sdk-version 17.0 -target-sdk-name appletvos17.0 -o /Users/builder/builds/o86TiJKT/2/finestructure/swiftpackageindex-builder/spi-builder-workspace/.derivedData/Build/Intermediates.noindex/SwiftCheck.build/Debug-appletvos/SwiftCheck.build/Objects-normal/arm64/Compose.o -o /Users/builder/builds/o86TiJKT/2/finestructure/swiftpackageindex-builder/spi-builder-workspace/.derivedData/Build/Intermediates.noindex/SwiftCheck.build/Debug-appletvos/SwiftCheck.build/Objects-normal/arm64/Gen.o -index-unit-output-path /SwiftCheck.build/Debug-appletvos/SwiftCheck.build/Objects-normal/arm64/Compose.o -index-unit-output-path /SwiftCheck.build/Debug-appletvos/SwiftCheck.build/Objects-normal/arm64/Gen.o -index-store-path /Users/builder/builds/o86TiJKT/2/finestructure/swiftpackageindex-builder/spi-builder-workspace/.derivedData/Index.noindex/DataStore -index-system-modules

SwiftCompile normal arm64 /Users/builder/builds/o86TiJKT/2/finestructure/swiftpackageindex-builder/spi-builder-workspace/.dependencies/checkouts/SwiftCheck/Sources/SwiftCheck/Gen.swift (in target 'SwiftCheck' from project 'SwiftCheck')
    cd /Users/builder/builds/o86TiJKT/2/finestructure/swiftpackageindex-builder/spi-builder-workspace
    /Applications/Xcode-15.0.0-Beta.app/Contents/Developer/Toolchains/XcodeDefault.xctoolchain/usr/bin/swift-frontend -c /Users/builder/builds/o86TiJKT/2/finestructure/swiftpackageindex-builder/spi-builder-workspace/.dependencies/checkouts/SwiftCheck/Sources/SwiftCheck/Arbitrary.swift /Users/builder/builds/o86TiJKT/2/finestructure/swiftpackageindex-builder/spi-builder-workspace/.dependencies/checkouts/SwiftCheck/Sources/SwiftCheck/Cartesian.swift /Users/builder/builds/o86TiJKT/2/finestructure/swiftpackageindex-builder/spi-builder-workspace/.dependencies/checkouts/SwiftCheck/Sources/SwiftCheck/Check.swift /Users/builder/builds/o86TiJKT/2/finestructure/swiftpackageindex-builder/spi-builder-workspace/.dependencies/checkouts/SwiftCheck/Sources/SwiftCheck/CoArbitrary.swift -primary-file /Users/builder/builds/o86TiJKT/2/finestructure/swiftpackageindex-builder/spi-builder-workspace/.dependencies/checkouts/SwiftCheck/Sources/SwiftCheck/Compose.swift -primary-file /Users/builder/builds/o86TiJKT/2/finestructure/swiftpackageindex-builder/spi-builder-workspace/.dependencies/checkouts/SwiftCheck/Sources/SwiftCheck/Gen.swift /Users/builder/builds/o86TiJKT/2/finestructure/swiftpackageindex-builder/spi-builder-workspace/.dependencies/checkouts/SwiftCheck/Sources/SwiftCheck/Lattice.swift /Users/builder/builds/o86TiJKT/2/finestructure/swiftpackageindex-builder/spi-builder-workspace/.dependencies/checkouts/SwiftCheck/Sources/SwiftCheck/Modifiers.swift /Users/builder/builds/o86TiJKT/2/finestructure/swiftpackageindex-builder/spi-builder-workspace/.dependencies/checkouts/SwiftCheck/Sources/SwiftCheck/Property.swift /Users/builder/builds/o86TiJKT/2/finestructure/swiftpackageindex-builder/spi-builder-workspace/.dependencies/checkouts/SwiftCheck/Sources/SwiftCheck/Random.swift /Users/builder/builds/o86TiJKT/2/finestructure/swiftpackageindex-builder/spi-builder-workspace/.dependencies/checkouts/SwiftCheck/Sources/SwiftCheck/Rose.swift /Users/builder/builds/o86TiJKT/2/finestructure/swiftpackageindex-builder/spi-builder-workspace/.dependencies/checkouts/SwiftCheck/Sources/SwiftCheck/State.swift /Users/builder/builds/o86TiJKT/2/finestructure/swiftpackageindex-builder/spi-builder-workspace/.dependencies/checkouts/SwiftCheck/Sources/SwiftCheck/Test.swift /Users/builder/builds/o86TiJKT/2/finestructure/swiftpackageindex-builder/spi-builder-workspace/.dependencies/checkouts/SwiftCheck/Sources/SwiftCheck/Testable.swift /Users/builder/builds/o86TiJKT/2/finestructure/swiftpackageindex-builder/spi-builder-workspace/.dependencies/checkouts/SwiftCheck/Sources/SwiftCheck/WitnessedArbitrary.swift -emit-dependencies-path /Users/builder/builds/o86TiJKT/2/finestructure/swiftpackageindex-builder/spi-builder-workspace/.derivedData/Build/Intermediates.noindex/SwiftCheck.build/Debug-appletvos/SwiftCheck.build/Objects-normal/arm64/Compose.d -emit-const-values-path /Users/builder/builds/o86TiJKT/2/finestructure/swiftpackageindex-builder/spi-builder-workspace/.derivedData/Build/Intermediates.noindex/SwiftCheck.build/Debug-appletvos/SwiftCheck.build/Objects-normal/arm64/Compose.swiftconstvalues -emit-reference-dependencies-path /Users/builder/builds/o86TiJKT/2/finestructure/swiftpackageindex-builder/spi-builder-workspace/.derivedData/Build/Intermediates.noindex/SwiftCheck.build/Debug-appletvos/SwiftCheck.build/Objects-normal/arm64/Compose.swiftdeps -serialize-diagnostics-path /Users/builder/builds/o86TiJKT/2/finestructure/swiftpackageindex-builder/spi-builder-workspace/.derivedData/Build/Intermediates.noindex/SwiftCheck.build/Debug-appletvos/SwiftCheck.build/Objects-normal/arm64/Compose.dia -emit-dependencies-path /Users/builder/builds/o86TiJKT/2/finestructure/swiftpackageindex-builder/spi-builder-workspace/.derivedData/Build/Intermediates.noindex/SwiftCheck.build/Debug-appletvos/SwiftCheck.build/Objects-normal/arm64/Gen.d -emit-const-values-path /Users/builder/builds/o86TiJKT/2/finestructure/swiftpackageindex-builder/spi-builder-workspace/.derivedData/Build/Intermediates.noindex/SwiftCheck.build/Debug-appletvos/SwiftCheck.build/Objects-normal/arm64/Gen.swiftconstvalues -emit-reference-dependencies-path /Users/builder/builds/o86TiJKT/2/finestructure/swiftpackageindex-builder/spi-builder-workspace/.derivedData/Build/Intermediates.noindex/SwiftCheck.build/Debug-appletvos/SwiftCheck.build/Objects-normal/arm64/Gen.swiftdeps -serialize-diagnostics-path /Users/builder/builds/o86TiJKT/2/finestructure/swiftpackageindex-builder/spi-builder-workspace/.derivedData/Build/Intermediates.noindex/SwiftCheck.build/Debug-appletvos/SwiftCheck.build/Objects-normal/arm64/Gen.dia -target arm64-apple-tvos12.0 -Xllvm -aarch64-use-tbi -enable-objc-interop -sdk /Applications/Xcode-15.0.0-Beta.app/Contents/Developer/Platforms/AppleTVOS.platform/Developer/SDKs/AppleTVOS17.0.sdk -I /Users/builder/builds/o86TiJKT/2/finestructure/swiftpackageindex-builder/spi-builder-workspace/.derivedData/Build/Products/Debug-appletvos -I /Applications/Xcode-15.0.0-Beta.app/Contents/Developer/Platforms/AppleTVOS.platform/Developer/usr/lib -F /Users/builder/builds/o86TiJKT/2/finestructure/swiftpackageindex-builder/spi-builder-workspace/.derivedData/Build/Products/Debug-appletvos -F /Applications/Xcode-15.0.0-Beta.app/Contents/Developer/Platforms/AppleTVOS.platform/Developer/Library/Frameworks -F /Applications/Xcode-15.0.0-Beta.app/Contents/Developer/Platforms/AppleTVOS.platform/Developer/SDKs/AppleTVOS17.0.sdk/Developer/Library/Frameworks -no-color-diagnostics -enable-testing -g -module-cache-path /Users/builder/builds/o86TiJKT/2/finestructure/swiftpackageindex-builder/spi-builder-workspace/.derivedData/ModuleCache.noindex -swift-version 4 -enforce-exclusivity\=checked -Onone -D SWIFT_PACKAGE -D DEBUG -D Xcode -serialize-debugging-options -const-gather-protocols-file /Users/builder/builds/o86TiJKT/2/finestructure/swiftpackageindex-builder/spi-builder-workspace/.derivedData/Build/Intermediates.noindex/SwiftCheck.build/Debug-appletvos/SwiftCheck.build/Objects-normal/arm64/SwiftCheck_const_extract_protocols.json -empty-abi-descriptor -plugin-path /Applications/Xcode-15.0.0-Beta.app/Contents/Developer/Toolchains/XcodeDefault.xctoolchain/usr/lib/swift/host/plugins -plugin-path /Applications/Xcode-15.0.0-Beta.app/Contents/Developer/Toolchains/XcodeDefault.xctoolchain/usr/local/lib/swift/host/plugins -validate-clang-modules-once -clang-build-session-file /Users/builder/builds/o86TiJKT/2/finestructure/swiftpackageindex-builder/spi-builder-workspace/.derivedData/ModuleCache.noindex/Session.modulevalidation -Xcc -working-directory -Xcc /Users/builder/builds/o86TiJKT/2/finestructure/swiftpackageindex-builder/spi-builder-workspace -resource-dir /Applications/Xcode-15.0.0-Beta.app/Contents/Developer/Toolchains/XcodeDefault.xctoolchain/usr/lib/swift -enable-anonymous-context-mangled-names -Xcc -ivfsstatcache -Xcc /Users/builder/builds/o86TiJKT/2/finestructure/swiftpackageindex-builder/spi-builder-workspace/.derivedData/SDKStatCaches.noindex/appletvos17.0-21J5273p-f1c542bf70c0c6d9321512ea4fae4f06.sdkstatcache -Xcc -I/Users/builder/builds/o86TiJKT/2/finestructure/swiftpackageindex-builder/spi-builder-workspace/.derivedData/Build/Intermediates.noindex/SwiftCheck.build/Debug-appletvos/SwiftCheck.build/swift-overrides.hmap -Xcc -I/Users/builder/builds/o86TiJKT/2/finestructure/swiftpackageindex-builder/spi-builder-workspace/.derivedData/Build/Products/Debug-appletvos/include -Xcc -I/Users/builder/builds/o86TiJKT/2/finestructure/swiftpackageindex-builder/spi-builder-workspace/.derivedData/Build/Intermediates.noindex/SwiftCheck.build/Debug-appletvos/SwiftCheck.build/DerivedSources-normal/arm64 -Xcc -I/Users/builder/builds/o86TiJKT/2/finestructure/swiftpackageindex-builder/spi-builder-workspace/.derivedData/Build/Intermediates.noindex/SwiftCheck.build/Debug-appletvos/SwiftCheck.build/DerivedSources/arm64 -Xcc -I/Users/builder/builds/o86TiJKT/2/finestructure/swiftpackageindex-builder/spi-builder-workspace/.derivedData/Build/Intermediates.noindex/SwiftCheck.build/Debug-appletvos/SwiftCheck.build/DerivedSources -Xcc -DSWIFT_PACKAGE -Xcc -DDEBUG\=1 -module-name SwiftCheck -frontend-parseable-output -disable-clang-spi -target-sdk-version 17.0 -target-sdk-name appletvos17.0 -o /Users/builder/builds/o86TiJKT/2/finestructure/swiftpackageindex-builder/spi-builder-workspace/.derivedData/Build/Intermediates.noindex/SwiftCheck.build/Debug-appletvos/SwiftCheck.build/Objects-normal/arm64/Compose.o -o /Users/builder/builds/o86TiJKT/2/finestructure/swiftpackageindex-builder/spi-builder-workspace/.derivedData/Build/Intermediates.noindex/SwiftCheck.build/Debug-appletvos/SwiftCheck.build/Objects-normal/arm64/Gen.o -index-unit-output-path /SwiftCheck.build/Debug-appletvos/SwiftCheck.build/Objects-normal/arm64/Compose.o -index-unit-output-path /SwiftCheck.build/Debug-appletvos/SwiftCheck.build/Objects-normal/arm64/Gen.o -index-store-path /Users/builder/builds/o86TiJKT/2/finestructure/swiftpackageindex-builder/spi-builder-workspace/.derivedData/Index.noindex/DataStore -index-system-modules
SwiftCompile normal arm64 Compiling\ Test.swift /Users/builder/builds/o86TiJKT/2/finestructure/swiftpackageindex-builder/spi-builder-workspace/.dependencies/checkouts/SwiftCheck/Sources/SwiftCheck/Test.swift (in target 'SwiftCheck' from project 'SwiftCheck')
    cd /Users/builder/builds/o86TiJKT/2/finestructure/swiftpackageindex-builder/spi-builder-workspace
    builtin-swiftTaskExecution -- /Applications/Xcode-15.0.0-Beta.app/Contents/Developer/Toolchains/XcodeDefault.xctoolchain/usr/bin/swift-frontend -frontend -c /Users/builder/builds/o86TiJKT/2/finestructure/swiftpackageindex-builder/spi-builder-workspace/.dependencies/checkouts/SwiftCheck/Sources/SwiftCheck/Arbitrary.swift /Users/builder/builds/o86TiJKT/2/finestructure/swiftpackageindex-builder/spi-builder-workspace/.dependencies/checkouts/SwiftCheck/Sources/SwiftCheck/Cartesian.swift /Users/builder/builds/o86TiJKT/2/finestructure/swiftpackageindex-builder/spi-builder-workspace/.dependencies/checkouts/SwiftCheck/Sources/SwiftCheck/Check.swift /Users/builder/builds/o86TiJKT/2/finestructure/swiftpackageindex-builder/spi-builder-workspace/.dependencies/checkouts/SwiftCheck/Sources/SwiftCheck/CoArbitrary.swift /Users/builder/builds/o86TiJKT/2/finestructure/swiftpackageindex-builder/spi-builder-workspace/.dependencies/checkouts/SwiftCheck/Sources/SwiftCheck/Compose.swift /Users/builder/builds/o86TiJKT/2/finestructure/swiftpackageindex-builder/spi-builder-workspace/.dependencies/checkouts/SwiftCheck/Sources/SwiftCheck/Gen.swift /Users/builder/builds/o86TiJKT/2/finestructure/swiftpackageindex-builder/spi-builder-workspace/.dependencies/checkouts/SwiftCheck/Sources/SwiftCheck/Lattice.swift /Users/builder/builds/o86TiJKT/2/finestructure/swiftpackageindex-builder/spi-builder-workspace/.dependencies/checkouts/SwiftCheck/Sources/SwiftCheck/Modifiers.swift /Users/builder/builds/o86TiJKT/2/finestructure/swiftpackageindex-builder/spi-builder-workspace/.dependencies/checkouts/SwiftCheck/Sources/SwiftCheck/Property.swift /Users/builder/builds/o86TiJKT/2/finestructure/swiftpackageindex-builder/spi-builder-workspace/.dependencies/checkouts/SwiftCheck/Sources/SwiftCheck/Random.swift /Users/builder/builds/o86TiJKT/2/finestructure/swiftpackageindex-builder/spi-builder-workspace/.dependencies/checkouts/SwiftCheck/Sources/SwiftCheck/Rose.swift /Users/builder/builds/o86TiJKT/2/finestructure/swiftpackageindex-builder/spi-builder-workspace/.dependencies/checkouts/SwiftCheck/Sources/SwiftCheck/State.swift -primary-file /Users/builder/builds/o86TiJKT/2/finestructure/swiftpackageindex-builder/spi-builder-workspace/.dependencies/checkouts/SwiftCheck/Sources/SwiftCheck/Test.swift /Users/builder/builds/o86TiJKT/2/finestructure/swiftpackageindex-builder/spi-builder-workspace/.dependencies/checkouts/SwiftCheck/Sources/SwiftCheck/Testable.swift /Users/builder/builds/o86TiJKT/2/finestructure/swiftpackageindex-builder/spi-builder-workspace/.dependencies/checkouts/SwiftCheck/Sources/SwiftCheck/WitnessedArbitrary.swift -emit-dependencies-path /Users/builder/builds/o86TiJKT/2/finestructure/swiftpackageindex-builder/spi-builder-workspace/.derivedData/Build/Intermediates.noindex/SwiftCheck.build/Debug-appletvos/SwiftCheck.build/Objects-normal/arm64/Test.d -emit-const-values-path /Users/builder/builds/o86TiJKT/2/finestructure/swiftpackageindex-builder/spi-builder-workspace/.derivedData/Build/Intermediates.noindex/SwiftCheck.build/Debug-appletvos/SwiftCheck.build/Objects-normal/arm64/Test.swiftconstvalues -emit-reference-dependencies-path /Users/builder/builds/o86TiJKT/2/finestructure/swiftpackageindex-builder/spi-builder-workspace/.derivedData/Build/Intermediates.noindex/SwiftCheck.build/Debug-appletvos/SwiftCheck.build/Objects-normal/arm64/Test.swiftdeps -serialize-diagnostics-path /Users/builder/builds/o86TiJKT/2/finestructure/swiftpackageindex-builder/spi-builder-workspace/.derivedData/Build/Intermediates.noindex/SwiftCheck.build/Debug-appletvos/SwiftCheck.build/Objects-normal/arm64/Test.dia -target arm64-apple-tvos12.0 -Xllvm -aarch64-use-tbi -enable-objc-interop -sdk /Applications/Xcode-15.0.0-Beta.app/Contents/Developer/Platforms/AppleTVOS.platform/Developer/SDKs/AppleTVOS17.0.sdk -I /Users/builder/builds/o86TiJKT/2/finestructure/swiftpackageindex-builder/spi-builder-workspace/.derivedData/Build/Products/Debug-appletvos -I /Applications/Xcode-15.0.0-Beta.app/Contents/Developer/Platforms/AppleTVOS.platform/Developer/usr/lib -F /Users/builder/builds/o86TiJKT/2/finestructure/swiftpackageindex-builder/spi-builder-workspace/.derivedData/Build/Products/Debug-appletvos -F /Applications/Xcode-15.0.0-Beta.app/Contents/Developer/Platforms/AppleTVOS.platform/Developer/Library/Frameworks -F /Applications/Xcode-15.0.0-Beta.app/Contents/Developer/Platforms/AppleTVOS.platform/Developer/SDKs/AppleTVOS17.0.sdk/Developer/Library/Frameworks -no-color-diagnostics -enable-testing -g -module-cache-path /Users/builder/builds/o86TiJKT/2/finestructure/swiftpackageindex-builder/spi-builder-workspace/.derivedData/ModuleCache.noindex -swift-version 4 -enforce-exclusivity\=checked -Onone -D SWIFT_PACKAGE -D DEBUG -D Xcode -serialize-debugging-options -const-gather-protocols-file /Users/builder/builds/o86TiJKT/2/finestructure/swiftpackageindex-builder/spi-builder-workspace/.derivedData/Build/Intermediates.noindex/SwiftCheck.build/Debug-appletvos/SwiftCheck.build/Objects-normal/arm64/SwiftCheck_const_extract_protocols.json -empty-abi-descriptor -plugin-path /Applications/Xcode-15.0.0-Beta.app/Contents/Developer/Toolchains/XcodeDefault.xctoolchain/usr/lib/swift/host/plugins -plugin-path /Applications/Xcode-15.0.0-Beta.app/Contents/Developer/Toolchains/XcodeDefault.xctoolchain/usr/local/lib/swift/host/plugins -validate-clang-modules-once -clang-build-session-file /Users/builder/builds/o86TiJKT/2/finestructure/swiftpackageindex-builder/spi-builder-workspace/.derivedData/ModuleCache.noindex/Session.modulevalidation -Xcc -working-directory -Xcc /Users/builder/builds/o86TiJKT/2/finestructure/swiftpackageindex-builder/spi-builder-workspace -resource-dir /Applications/Xcode-15.0.0-Beta.app/Contents/Developer/Toolchains/XcodeDefault.xctoolchain/usr/lib/swift -enable-anonymous-context-mangled-names -Xcc -ivfsstatcache -Xcc /Users/builder/builds/o86TiJKT/2/finestructure/swiftpackageindex-builder/spi-builder-workspace/.derivedData/SDKStatCaches.noindex/appletvos17.0-21J5273p-f1c542bf70c0c6d9321512ea4fae4f06.sdkstatcache -Xcc -I/Users/builder/builds/o86TiJKT/2/finestructure/swiftpackageindex-builder/spi-builder-workspace/.derivedData/Build/Intermediates.noindex/SwiftCheck.build/Debug-appletvos/SwiftCheck.build/swift-overrides.hmap -Xcc -I/Users/builder/builds/o86TiJKT/2/finestructure/swiftpackageindex-builder/spi-builder-workspace/.derivedData/Build/Products/Debug-appletvos/include -Xcc -I/Users/builder/builds/o86TiJKT/2/finestructure/swiftpackageindex-builder/spi-builder-workspace/.derivedData/Build/Intermediates.noindex/SwiftCheck.build/Debug-appletvos/SwiftCheck.build/DerivedSources-normal/arm64 -Xcc -I/Users/builder/builds/o86TiJKT/2/finestructure/swiftpackageindex-builder/spi-builder-workspace/.derivedData/Build/Intermediates.noindex/SwiftCheck.build/Debug-appletvos/SwiftCheck.build/DerivedSources/arm64 -Xcc -I/Users/builder/builds/o86TiJKT/2/finestructure/swiftpackageindex-builder/spi-builder-workspace/.derivedData/Build/Intermediates.noindex/SwiftCheck.build/Debug-appletvos/SwiftCheck.build/DerivedSources -Xcc -DSWIFT_PACKAGE -Xcc -DDEBUG\=1 -module-name SwiftCheck -frontend-parseable-output -disable-clang-spi -target-sdk-version 17.0 -target-sdk-name appletvos17.0 -o /Users/builder/builds/o86TiJKT/2/finestructure/swiftpackageindex-builder/spi-builder-workspace/.derivedData/Build/Intermediates.noindex/SwiftCheck.build/Debug-appletvos/SwiftCheck.build/Objects-normal/arm64/Test.o -index-unit-output-path /SwiftCheck.build/Debug-appletvos/SwiftCheck.build/Objects-normal/arm64/Test.o -index-store-path /Users/builder/builds/o86TiJKT/2/finestructure/swiftpackageindex-builder/spi-builder-workspace/.derivedData/Index.noindex/DataStore -index-system-modules
SwiftCompile normal arm64 /Users/builder/builds/o86TiJKT/2/finestructure/swiftpackageindex-builder/spi-builder-workspace/.dependencies/checkouts/SwiftCheck/Sources/SwiftCheck/Test.swift (in target 'SwiftCheck' from project 'SwiftCheck')
    cd /Users/builder/builds/o86TiJKT/2/finestructure/swiftpackageindex-builder/spi-builder-workspace
    /Applications/Xcode-15.0.0-Beta.app/Contents/Developer/Toolchains/XcodeDefault.xctoolchain/usr/bin/swift-frontend -c /Users/builder/builds/o86TiJKT/2/finestructure/swiftpackageindex-builder/spi-builder-workspace/.dependencies/checkouts/SwiftCheck/Sources/SwiftCheck/Arbitrary.swift /Users/builder/builds/o86TiJKT/2/finestructure/swiftpackageindex-builder/spi-builder-workspace/.dependencies/checkouts/SwiftCheck/Sources/SwiftCheck/Cartesian.swift /Users/builder/builds/o86TiJKT/2/finestructure/swiftpackageindex-builder/spi-builder-workspace/.dependencies/checkouts/SwiftCheck/Sources/SwiftCheck/Check.swift /Users/builder/builds/o86TiJKT/2/finestructure/swiftpackageindex-builder/spi-builder-workspace/.dependencies/checkouts/SwiftCheck/Sources/SwiftCheck/CoArbitrary.swift /Users/builder/builds/o86TiJKT/2/finestructure/swiftpackageindex-builder/spi-builder-workspace/.dependencies/checkouts/SwiftCheck/Sources/SwiftCheck/Compose.swift /Users/builder/builds/o86TiJKT/2/finestructure/swiftpackageindex-builder/spi-builder-workspace/.dependencies/checkouts/SwiftCheck/Sources/SwiftCheck/Gen.swift /Users/builder/builds/o86TiJKT/2/finestructure/swiftpackageindex-builder/spi-builder-workspace/.dependencies/checkouts/SwiftCheck/Sources/SwiftCheck/Lattice.swift /Users/builder/builds/o86TiJKT/2/finestructure/swiftpackageindex-builder/spi-builder-workspace/.dependencies/checkouts/SwiftCheck/Sources/SwiftCheck/Modifiers.swift /Users/builder/builds/o86TiJKT/2/finestructure/swiftpackageindex-builder/spi-builder-workspace/.dependencies/checkouts/SwiftCheck/Sources/SwiftCheck/Property.swift /Users/builder/builds/o86TiJKT/2/finestructure/swiftpackageindex-builder/spi-builder-workspace/.dependencies/checkouts/SwiftCheck/Sources/SwiftCheck/Random.swift /Users/builder/builds/o86TiJKT/2/finestructure/swiftpackageindex-builder/spi-builder-workspace/.dependencies/checkouts/SwiftCheck/Sources/SwiftCheck/Rose.swift /Users/builder/builds/o86TiJKT/2/finestructure/swiftpackageindex-builder/spi-builder-workspace/.dependencies/checkouts/SwiftCheck/Sources/SwiftCheck/State.swift -primary-file /Users/builder/builds/o86TiJKT/2/finestructure/swiftpackageindex-builder/spi-builder-workspace/.dependencies/checkouts/SwiftCheck/Sources/SwiftCheck/Test.swift /Users/builder/builds/o86TiJKT/2/finestructure/swiftpackageindex-builder/spi-builder-workspace/.dependencies/checkouts/SwiftCheck/Sources/SwiftCheck/Testable.swift /Users/builder/builds/o86TiJKT/2/finestructure/swiftpackageindex-builder/spi-builder-workspace/.dependencies/checkouts/SwiftCheck/Sources/SwiftCheck/WitnessedArbitrary.swift -emit-dependencies-path /Users/builder/builds/o86TiJKT/2/finestructure/swiftpackageindex-builder/spi-builder-workspace/.derivedData/Build/Intermediates.noindex/SwiftCheck.build/Debug-appletvos/SwiftCheck.build/Objects-normal/arm64/Test.d -emit-const-values-path /Users/builder/builds/o86TiJKT/2/finestructure/swiftpackageindex-builder/spi-builder-workspace/.derivedData/Build/Intermediates.noindex/SwiftCheck.build/Debug-appletvos/SwiftCheck.build/Objects-normal/arm64/Test.swiftconstvalues -emit-reference-dependencies-path /Users/builder/builds/o86TiJKT/2/finestructure/swiftpackageindex-builder/spi-builder-workspace/.derivedData/Build/Intermediates.noindex/SwiftCheck.build/Debug-appletvos/SwiftCheck.build/Objects-normal/arm64/Test.swiftdeps -serialize-diagnostics-path /Users/builder/builds/o86TiJKT/2/finestructure/swiftpackageindex-builder/spi-builder-workspace/.derivedData/Build/Intermediates.noindex/SwiftCheck.build/Debug-appletvos/SwiftCheck.build/Objects-normal/arm64/Test.dia -target arm64-apple-tvos12.0 -Xllvm -aarch64-use-tbi -enable-objc-interop -sdk /Applications/Xcode-15.0.0-Beta.app/Contents/Developer/Platforms/AppleTVOS.platform/Developer/SDKs/AppleTVOS17.0.sdk -I /Users/builder/builds/o86TiJKT/2/finestructure/swiftpackageindex-builder/spi-builder-workspace/.derivedData/Build/Products/Debug-appletvos -I /Applications/Xcode-15.0.0-Beta.app/Contents/Developer/Platforms/AppleTVOS.platform/Developer/usr/lib -F /Users/builder/builds/o86TiJKT/2/finestructure/swiftpackageindex-builder/spi-builder-workspace/.derivedData/Build/Products/Debug-appletvos -F /Applications/Xcode-15.0.0-Beta.app/Contents/Developer/Platforms/AppleTVOS.platform/Developer/Library/Frameworks -F /Applications/Xcode-15.0.0-Beta.app/Contents/Developer/Platforms/AppleTVOS.platform/Developer/SDKs/AppleTVOS17.0.sdk/Developer/Library/Frameworks -no-color-diagnostics -enable-testing -g -module-cache-path /Users/builder/builds/o86TiJKT/2/finestructure/swiftpackageindex-builder/spi-builder-workspace/.derivedData/ModuleCache.noindex -swift-version 4 -enforce-exclusivity\=checked -Onone -D SWIFT_PACKAGE -D DEBUG -D Xcode -serialize-debugging-options -const-gather-protocols-file /Users/builder/builds/o86TiJKT/2/finestructure/swiftpackageindex-builder/spi-builder-workspace/.derivedData/Build/Intermediates.noindex/SwiftCheck.build/Debug-appletvos/SwiftCheck.build/Objects-normal/arm64/SwiftCheck_const_extract_protocols.json -empty-abi-descriptor -plugin-path /Applications/Xcode-15.0.0-Beta.app/Contents/Developer/Toolchains/XcodeDefault.xctoolchain/usr/lib/swift/host/plugins -plugin-path /Applications/Xcode-15.0.0-Beta.app/Contents/Developer/Toolchains/XcodeDefault.xctoolchain/usr/local/lib/swift/host/plugins -validate-clang-modules-once -clang-build-session-file /Users/builder/builds/o86TiJKT/2/finestructure/swiftpackageindex-builder/spi-builder-workspace/.derivedData/ModuleCache.noindex/Session.modulevalidation -Xcc -working-directory -Xcc /Users/builder/builds/o86TiJKT/2/finestructure/swiftpackageindex-builder/spi-builder-workspace -resource-dir /Applications/Xcode-15.0.0-Beta.app/Contents/Developer/Toolchains/XcodeDefault.xctoolchain/usr/lib/swift -enable-anonymous-context-mangled-names -Xcc -ivfsstatcache -Xcc /Users/builder/builds/o86TiJKT/2/finestructure/swiftpackageindex-builder/spi-builder-workspace/.derivedData/SDKStatCaches.noindex/appletvos17.0-21J5273p-f1c542bf70c0c6d9321512ea4fae4f06.sdkstatcache -Xcc -I/Users/builder/builds/o86TiJKT/2/finestructure/swiftpackageindex-builder/spi-builder-workspace/.derivedData/Build/Intermediates.noindex/SwiftCheck.build/Debug-appletvos/SwiftCheck.build/swift-overrides.hmap -Xcc -I/Users/builder/builds/o86TiJKT/2/finestructure/swiftpackageindex-builder/spi-builder-workspace/.derivedData/Build/Products/Debug-appletvos/include -Xcc -I/Users/builder/builds/o86TiJKT/2/finestructure/swiftpackageindex-builder/spi-builder-workspace/.derivedData/Build/Intermediates.noindex/SwiftCheck.build/Debug-appletvos/SwiftCheck.build/DerivedSources-normal/arm64 -Xcc -I/Users/builder/builds/o86TiJKT/2/finestructure/swiftpackageindex-builder/spi-builder-workspace/.derivedData/Build/Intermediates.noindex/SwiftCheck.build/Debug-appletvos/SwiftCheck.build/DerivedSources/arm64 -Xcc -I/Users/builder/builds/o86TiJKT/2/finestructure/swiftpackageindex-builder/spi-builder-workspace/.derivedData/Build/Intermediates.noindex/SwiftCheck.build/Debug-appletvos/SwiftCheck.build/DerivedSources -Xcc -DSWIFT_PACKAGE -Xcc -DDEBUG\=1 -module-name SwiftCheck -frontend-parseable-output -disable-clang-spi -target-sdk-version 17.0 -target-sdk-name appletvos17.0 -o /Users/builder/builds/o86TiJKT/2/finestructure/swiftpackageindex-builder/spi-builder-workspace/.derivedData/Build/Intermediates.noindex/SwiftCheck.build/Debug-appletvos/SwiftCheck.build/Objects-normal/arm64/Test.o -index-unit-output-path /SwiftCheck.build/Debug-appletvos/SwiftCheck.build/Objects-normal/arm64/Test.o -index-store-path /Users/builder/builds/o86TiJKT/2/finestructure/swiftpackageindex-builder/spi-builder-workspace/.derivedData/Index.noindex/DataStore -index-system-modules
SwiftCompile normal arm64 Compiling\ Property.swift,\ Random.swift /Users/builder/builds/o86TiJKT/2/finestructure/swiftpackageindex-builder/spi-builder-workspace/.dependencies/checkouts/SwiftCheck/Sources/SwiftCheck/Property.swift /Users/builder/builds/o86TiJKT/2/finestructure/swiftpackageindex-builder/spi-builder-workspace/.dependencies/checkouts/SwiftCheck/Sources/SwiftCheck/Random.swift (in target 'SwiftCheck' from project 'SwiftCheck')
    cd /Users/builder/builds/o86TiJKT/2/finestructure/swiftpackageindex-builder/spi-builder-workspace
    builtin-swiftTaskExecution -- /Applications/Xcode-15.0.0-Beta.app/Contents/Developer/Toolchains/XcodeDefault.xctoolchain/usr/bin/swift-frontend -frontend -c /Users/builder/builds/o86TiJKT/2/finestructure/swiftpackageindex-builder/spi-builder-workspace/.dependencies/checkouts/SwiftCheck/Sources/SwiftCheck/Arbitrary.swift /Users/builder/builds/o86TiJKT/2/finestructure/swiftpackageindex-builder/spi-builder-workspace/.dependencies/checkouts/SwiftCheck/Sources/SwiftCheck/Cartesian.swift /Users/builder/builds/o86TiJKT/2/finestructure/swiftpackageindex-builder/spi-builder-workspace/.dependencies/checkouts/SwiftCheck/Sources/SwiftCheck/Check.swift /Users/builder/builds/o86TiJKT/2/finestructure/swiftpackageindex-builder/spi-builder-workspace/.dependencies/checkouts/SwiftCheck/Sources/SwiftCheck/CoArbitrary.swift /Users/builder/builds/o86TiJKT/2/finestructure/swiftpackageindex-builder/spi-builder-workspace/.dependencies/checkouts/SwiftCheck/Sources/SwiftCheck/Compose.swift /Users/builder/builds/o86TiJKT/2/finestructure/swiftpackageindex-builder/spi-builder-workspace/.dependencies/checkouts/SwiftCheck/Sources/SwiftCheck/Gen.swift /Users/builder/builds/o86TiJKT/2/finestructure/swiftpackageindex-builder/spi-builder-workspace/.dependencies/checkouts/SwiftCheck/Sources/SwiftCheck/Lattice.swift /Users/builder/builds/o86TiJKT/2/finestructure/swiftpackageindex-builder/spi-builder-workspace/.dependencies/checkouts/SwiftCheck/Sources/SwiftCheck/Modifiers.swift -primary-file /Users/builder/builds/o86TiJKT/2/finestructure/swiftpackageindex-builder/spi-builder-workspace/.dependencies/checkouts/SwiftCheck/Sources/SwiftCheck/Property.swift -primary-file /Users/builder/builds/o86TiJKT/2/finestructure/swiftpackageindex-builder/spi-builder-workspace/.dependencies/checkouts/SwiftCheck/Sources/SwiftCheck/Random.swift /Users/builder/builds/o86TiJKT/2/finestructure/swiftpackageindex-builder/spi-builder-workspace/.dependencies/checkouts/SwiftCheck/Sources/SwiftCheck/Rose.swift /Users/builder/builds/o86TiJKT/2/finestructure/swiftpackageindex-builder/spi-builder-workspace/.dependencies/checkouts/SwiftCheck/Sources/SwiftCheck/State.swift /Users/builder/builds/o86TiJKT/2/finestructure/swiftpackageindex-builder/spi-builder-workspace/.dependencies/checkouts/SwiftCheck/Sources/SwiftCheck/Test.swift /Users/builder/builds/o86TiJKT/2/finestructure/swiftpackageindex-builder/spi-builder-workspace/.dependencies/checkouts/SwiftCheck/Sources/SwiftCheck/Testable.swift /Users/builder/builds/o86TiJKT/2/finestructure/swiftpackageindex-builder/spi-builder-workspace/.dependencies/checkouts/SwiftCheck/Sources/SwiftCheck/WitnessedArbitrary.swift -emit-dependencies-path /Users/builder/builds/o86TiJKT/2/finestructure/swiftpackageindex-builder/spi-builder-workspace/.derivedData/Build/Intermediates.noindex/SwiftCheck.build/Debug-appletvos/SwiftCheck.build/Objects-normal/arm64/Property.d -emit-const-values-path /Users/builder/builds/o86TiJKT/2/finestructure/swiftpackageindex-builder/spi-builder-workspace/.derivedData/Build/Intermediates.noindex/SwiftCheck.build/Debug-appletvos/SwiftCheck.build/Objects-normal/arm64/Property.swiftconstvalues -emit-reference-dependencies-path /Users/builder/builds/o86TiJKT/2/finestructure/swiftpackageindex-builder/spi-builder-workspace/.derivedData/Build/Intermediates.noindex/SwiftCheck.build/Debug-appletvos/SwiftCheck.build/Objects-normal/arm64/Property.swiftdeps -serialize-diagnostics-path /Users/builder/builds/o86TiJKT/2/finestructure/swiftpackageindex-builder/spi-builder-workspace/.derivedData/Build/Intermediates.noindex/SwiftCheck.build/Debug-appletvos/SwiftCheck.build/Objects-normal/arm64/Property.dia -emit-dependencies-path /Users/builder/builds/o86TiJKT/2/finestructure/swiftpackageindex-builder/spi-builder-workspace/.derivedData/Build/Intermediates.noindex/SwiftCheck.build/Debug-appletvos/SwiftCheck.build/Objects-normal/arm64/Random.d -emit-const-values-path /Users/builder/builds/o86TiJKT/2/finestructure/swiftpackageindex-builder/spi-builder-workspace/.derivedData/Build/Intermediates.noindex/SwiftCheck.build/Debug-appletvos/SwiftCheck.build/Objects-normal/arm64/Random.swiftconstvalues -emit-reference-dependencies-path /Users/builder/builds/o86TiJKT/2/finestructure/swiftpackageindex-builder/spi-builder-workspace/.derivedData/Build/Intermediates.noindex/SwiftCheck.build/Debug-appletvos/SwiftCheck.build/Objects-normal/arm64/Random.swiftdeps -serialize-diagnostics-path /Users/builder/builds/o86TiJKT/2/finestructure/swiftpackageindex-builder/spi-builder-workspace/.derivedData/Build/Intermediates.noindex/SwiftCheck.build/Debug-appletvos/SwiftCheck.build/Objects-normal/arm64/Random.dia -target arm64-apple-tvos12.0 -Xllvm -aarch64-use-tbi -enable-objc-interop -sdk /Applications/Xcode-15.0.0-Beta.app/Contents/Developer/Platforms/AppleTVOS.platform/Developer/SDKs/AppleTVOS17.0.sdk -I /Users/builder/builds/o86TiJKT/2/finestructure/swiftpackageindex-builder/spi-builder-workspace/.derivedData/Build/Products/Debug-appletvos -I /Applications/Xcode-15.0.0-Beta.app/Contents/Developer/Platforms/AppleTVOS.platform/Developer/usr/lib -F /Users/builder/builds/o86TiJKT/2/finestructure/swiftpackageindex-builder/spi-builder-workspace/.derivedData/Build/Products/Debug-appletvos -F /Applications/Xcode-15.0.0-Beta.app/Contents/Developer/Platforms/AppleTVOS.platform/Developer/Library/Frameworks -F /Applications/Xcode-15.0.0-Beta.app/Contents/Developer/Platforms/AppleTVOS.platform/Developer/SDKs/AppleTVOS17.0.sdk/Developer/Library/Frameworks -no-color-diagnostics -enable-testing -g -module-cache-path /Users/builder/builds/o86TiJKT/2/finestructure/swiftpackageindex-builder/spi-builder-workspace/.derivedData/ModuleCache.noindex -swift-version 4 -enforce-exclusivity\=checked -Onone -D SWIFT_PACKAGE -D DEBUG -D Xcode -serialize-debugging-options -const-gather-protocols-file /Users/builder/builds/o86TiJKT/2/finestructure/swiftpackageindex-builder/spi-builder-workspace/.derivedData/Build/Intermediates.noindex/SwiftCheck.build/Debug-appletvos/SwiftCheck.build/Objects-normal/arm64/SwiftCheck_const_extract_protocols.json -empty-abi-descriptor -plugin-path /Applications/Xcode-15.0.0-Beta.app/Contents/Developer/Toolchains/XcodeDefault.xctoolchain/usr/lib/swift/host/plugins -plugin-path /Applications/Xcode-15.0.0-Beta.app/Contents/Developer/Toolchains/XcodeDefault.xctoolchain/usr/local/lib/swift/host/plugins -validate-clang-modules-once -clang-build-session-file /Users/builder/builds/o86TiJKT/2/finestructure/swiftpackageindex-builder/spi-builder-workspace/.derivedData/ModuleCache.noindex/Session.modulevalidation -Xcc -working-directory -Xcc /Users/builder/builds/o86TiJKT/2/finestructure/swiftpackageindex-builder/spi-builder-workspace -resource-dir /Applications/Xcode-15.0.0-Beta.app/Contents/Developer/Toolchains/XcodeDefault.xctoolchain/usr/lib/swift -enable-anonymous-context-mangled-names -Xcc -ivfsstatcache -Xcc /Users/builder/builds/o86TiJKT/2/finestructure/swiftpackageindex-builder/spi-builder-workspace/.derivedData/SDKStatCaches.noindex/appletvos17.0-21J5273p-f1c542bf70c0c6d9321512ea4fae4f06.sdkstatcache -Xcc -I/Users/builder/builds/o86TiJKT/2/finestructure/swiftpackageindex-builder/spi-builder-workspace/.derivedData/Build/Intermediates.noindex/SwiftCheck.build/Debug-appletvos/SwiftCheck.build/swift-overrides.hmap -Xcc -I/Users/builder/builds/o86TiJKT/2/finestructure/swiftpackageindex-builder/spi-builder-workspace/.derivedData/Build/Products/Debug-appletvos/include -Xcc -I/Users/builder/builds/o86TiJKT/2/finestructure/swiftpackageindex-builder/spi-builder-workspace/.derivedData/Build/Intermediates.noindex/SwiftCheck.build/Debug-appletvos/SwiftCheck.build/DerivedSources-normal/arm64 -Xcc -I/Users/builder/builds/o86TiJKT/2/finestructure/swiftpackageindex-builder/spi-builder-workspace/.derivedData/Build/Intermediates.noindex/SwiftCheck.build/Debug-appletvos/SwiftCheck.build/DerivedSources/arm64 -Xcc -I/Users/builder/builds/o86TiJKT/2/finestructure/swiftpackageindex-builder/spi-builder-workspace/.derivedData/Build/Intermediates.noindex/SwiftCheck.build/Debug-appletvos/SwiftCheck.build/DerivedSources -Xcc -DSWIFT_PACKAGE -Xcc -DDEBUG\=1 -module-name SwiftCheck -frontend-parseable-output -disable-clang-spi -target-sdk-version 17.0 -target-sdk-name appletvos17.0 -o /Users/builder/builds/o86TiJKT/2/finestructure/swiftpackageindex-builder/spi-builder-workspace/.derivedData/Build/Intermediates.noindex/SwiftCheck.build/Debug-appletvos/SwiftCheck.build/Objects-normal/arm64/Property.o -o /Users/builder/builds/o86TiJKT/2/finestructure/swiftpackageindex-builder/spi-builder-workspace/.derivedData/Build/Intermediates.noindex/SwiftCheck.build/Debug-appletvos/SwiftCheck.build/Objects-normal/arm64/Random.o -index-unit-output-path /SwiftCheck.build/Debug-appletvos/SwiftCheck.build/Objects-normal/arm64/Property.o -index-unit-output-path /SwiftCheck.build/Debug-appletvos/SwiftCheck.build/Objects-normal/arm64/Random.o -index-store-path /Users/builder/builds/o86TiJKT/2/finestructure/swiftpackageindex-builder/spi-builder-workspace/.derivedData/Index.noindex/DataStore -index-system-modules

SwiftCompile normal arm64 /Users/builder/builds/o86TiJKT/2/finestructure/swiftpackageindex-builder/spi-builder-workspace/.dependencies/checkouts/SwiftCheck/Sources/SwiftCheck/Property.swift (in target 'SwiftCheck' from project 'SwiftCheck')
    cd /Users/builder/builds/o86TiJKT/2/finestructure/swiftpackageindex-builder/spi-builder-workspace
    /Applications/Xcode-15.0.0-Beta.app/Contents/Developer/Toolchains/XcodeDefault.xctoolchain/usr/bin/swift-frontend -c /Users/builder/builds/o86TiJKT/2/finestructure/swiftpackageindex-builder/spi-builder-workspace/.dependencies/checkouts/SwiftCheck/Sources/SwiftCheck/Arbitrary.swift /Users/builder/builds/o86TiJKT/2/finestructure/swiftpackageindex-builder/spi-builder-workspace/.dependencies/checkouts/SwiftCheck/Sources/SwiftCheck/Cartesian.swift /Users/builder/builds/o86TiJKT/2/finestructure/swiftpackageindex-builder/spi-builder-workspace/.dependencies/checkouts/SwiftCheck/Sources/SwiftCheck/Check.swift /Users/builder/builds/o86TiJKT/2/finestructure/swiftpackageindex-builder/spi-builder-workspace/.dependencies/checkouts/SwiftCheck/Sources/SwiftCheck/CoArbitrary.swift /Users/builder/builds/o86TiJKT/2/finestructure/swiftpackageindex-builder/spi-builder-workspace/.dependencies/checkouts/SwiftCheck/Sources/SwiftCheck/Compose.swift /Users/builder/builds/o86TiJKT/2/finestructure/swiftpackageindex-builder/spi-builder-workspace/.dependencies/checkouts/SwiftCheck/Sources/SwiftCheck/Gen.swift /Users/builder/builds/o86TiJKT/2/finestructure/swiftpackageindex-builder/spi-builder-workspace/.dependencies/checkouts/SwiftCheck/Sources/SwiftCheck/Lattice.swift /Users/builder/builds/o86TiJKT/2/finestructure/swiftpackageindex-builder/spi-builder-workspace/.dependencies/checkouts/SwiftCheck/Sources/SwiftCheck/Modifiers.swift -primary-file /Users/builder/builds/o86TiJKT/2/finestructure/swiftpackageindex-builder/spi-builder-workspace/.dependencies/checkouts/SwiftCheck/Sources/SwiftCheck/Property.swift -primary-file /Users/builder/builds/o86TiJKT/2/finestructure/swiftpackageindex-builder/spi-builder-workspace/.dependencies/checkouts/SwiftCheck/Sources/SwiftCheck/Random.swift /Users/builder/builds/o86TiJKT/2/finestructure/swiftpackageindex-builder/spi-builder-workspace/.dependencies/checkouts/SwiftCheck/Sources/SwiftCheck/Rose.swift /Users/builder/builds/o86TiJKT/2/finestructure/swiftpackageindex-builder/spi-builder-workspace/.dependencies/checkouts/SwiftCheck/Sources/SwiftCheck/State.swift /Users/builder/builds/o86TiJKT/2/finestructure/swiftpackageindex-builder/spi-builder-workspace/.dependencies/checkouts/SwiftCheck/Sources/SwiftCheck/Test.swift /Users/builder/builds/o86TiJKT/2/finestructure/swiftpackageindex-builder/spi-builder-workspace/.dependencies/checkouts/SwiftCheck/Sources/SwiftCheck/Testable.swift /Users/builder/builds/o86TiJKT/2/finestructure/swiftpackageindex-builder/spi-builder-workspace/.dependencies/checkouts/SwiftCheck/Sources/SwiftCheck/WitnessedArbitrary.swift -emit-dependencies-path /Users/builder/builds/o86TiJKT/2/finestructure/swiftpackageindex-builder/spi-builder-workspace/.derivedData/Build/Intermediates.noindex/SwiftCheck.build/Debug-appletvos/SwiftCheck.build/Objects-normal/arm64/Property.d -emit-const-values-path /Users/builder/builds/o86TiJKT/2/finestructure/swiftpackageindex-builder/spi-builder-workspace/.derivedData/Build/Intermediates.noindex/SwiftCheck.build/Debug-appletvos/SwiftCheck.build/Objects-normal/arm64/Property.swiftconstvalues -emit-reference-dependencies-path /Users/builder/builds/o86TiJKT/2/finestructure/swiftpackageindex-builder/spi-builder-workspace/.derivedData/Build/Intermediates.noindex/SwiftCheck.build/Debug-appletvos/SwiftCheck.build/Objects-normal/arm64/Property.swiftdeps -serialize-diagnostics-path /Users/builder/builds/o86TiJKT/2/finestructure/swiftpackageindex-builder/spi-builder-workspace/.derivedData/Build/Intermediates.noindex/SwiftCheck.build/Debug-appletvos/SwiftCheck.build/Objects-normal/arm64/Property.dia -emit-dependencies-path /Users/builder/builds/o86TiJKT/2/finestructure/swiftpackageindex-builder/spi-builder-workspace/.derivedData/Build/Intermediates.noindex/SwiftCheck.build/Debug-appletvos/SwiftCheck.build/Objects-normal/arm64/Random.d -emit-const-values-path /Users/builder/builds/o86TiJKT/2/finestructure/swiftpackageindex-builder/spi-builder-workspace/.derivedData/Build/Intermediates.noindex/SwiftCheck.build/Debug-appletvos/SwiftCheck.build/Objects-normal/arm64/Random.swiftconstvalues -emit-reference-dependencies-path /Users/builder/builds/o86TiJKT/2/finestructure/swiftpackageindex-builder/spi-builder-workspace/.derivedData/Build/Intermediates.noindex/SwiftCheck.build/Debug-appletvos/SwiftCheck.build/Objects-normal/arm64/Random.swiftdeps -serialize-diagnostics-path /Users/builder/builds/o86TiJKT/2/finestructure/swiftpackageindex-builder/spi-builder-workspace/.derivedData/Build/Intermediates.noindex/SwiftCheck.build/Debug-appletvos/SwiftCheck.build/Objects-normal/arm64/Random.dia -target arm64-apple-tvos12.0 -Xllvm -aarch64-use-tbi -enable-objc-interop -sdk /Applications/Xcode-15.0.0-Beta.app/Contents/Developer/Platforms/AppleTVOS.platform/Developer/SDKs/AppleTVOS17.0.sdk -I /Users/builder/builds/o86TiJKT/2/finestructure/swiftpackageindex-builder/spi-builder-workspace/.derivedData/Build/Products/Debug-appletvos -I /Applications/Xcode-15.0.0-Beta.app/Contents/Developer/Platforms/AppleTVOS.platform/Developer/usr/lib -F /Users/builder/builds/o86TiJKT/2/finestructure/swiftpackageindex-builder/spi-builder-workspace/.derivedData/Build/Products/Debug-appletvos -F /Applications/Xcode-15.0.0-Beta.app/Contents/Developer/Platforms/AppleTVOS.platform/Developer/Library/Frameworks -F /Applications/Xcode-15.0.0-Beta.app/Contents/Developer/Platforms/AppleTVOS.platform/Developer/SDKs/AppleTVOS17.0.sdk/Developer/Library/Frameworks -no-color-diagnostics -enable-testing -g -module-cache-path /Users/builder/builds/o86TiJKT/2/finestructure/swiftpackageindex-builder/spi-builder-workspace/.derivedData/ModuleCache.noindex -swift-version 4 -enforce-exclusivity\=checked -Onone -D SWIFT_PACKAGE -D DEBUG -D Xcode -serialize-debugging-options -const-gather-protocols-file /Users/builder/builds/o86TiJKT/2/finestructure/swiftpackageindex-builder/spi-builder-workspace/.derivedData/Build/Intermediates.noindex/SwiftCheck.build/Debug-appletvos/SwiftCheck.build/Objects-normal/arm64/SwiftCheck_const_extract_protocols.json -empty-abi-descriptor -plugin-path /Applications/Xcode-15.0.0-Beta.app/Contents/Developer/Toolchains/XcodeDefault.xctoolchain/usr/lib/swift/host/plugins -plugin-path /Applications/Xcode-15.0.0-Beta.app/Contents/Developer/Toolchains/XcodeDefault.xctoolchain/usr/local/lib/swift/host/plugins -validate-clang-modules-once -clang-build-session-file /Users/builder/builds/o86T
iJKT/2/finestructure/swiftpackageindex-builder/spi-builder-workspace/.derivedData/ModuleCache.noindex/Session.modulevalidation -Xcc -working-directory -Xcc /Users/builder/builds/o86TiJKT/2/finestructure/swiftpackageindex-builder/spi-builder-workspace -resource-dir /Applications/Xcode-15.0.0-Beta.app/Contents/Developer/Toolchains/XcodeDefault.xctoolchain/usr/lib/swift -enable-anonymous-context-mangled-names -Xcc -ivfsstatcache -Xcc /Users/builder/builds/o86TiJKT/2/finestructure/swiftpackageindex-builder/spi-builder-workspace/.derivedData/SDKStatCaches.noindex/appletvos17.0-21J5273p-f1c542bf70c0c6d9321512ea4fae4f06.sdkstatcache -Xcc -I/Users/builder/builds/o86TiJKT/2/finestructure/swiftpackageindex-builder/spi-builder-workspace/.derivedData/Build/Intermediates.noindex/SwiftCheck.build/Debug-appletvos/SwiftCheck.build/swift-overrides.hmap -Xcc -I/Users/builder/builds/o86TiJKT/2/finestructure/swiftpackageindex-builder/spi-builder-workspace/.derivedData/Build/Products/Debug-appletvos/include -Xcc -I/Users/builder/builds/o86TiJKT/2/finestructure/swiftpackageindex-builder/spi-builder-workspace/.derivedData/Build/Intermediates.noindex/SwiftCheck.build/Debug-appletvos/SwiftCheck.build/DerivedSources-normal/arm64 -Xcc -I/Users/builder/builds/o86TiJKT/2/finestructure/swiftpackageindex-builder/spi-builder-workspace/.derivedData/Build/Intermediates.noindex/SwiftCheck.build/Debug-appletvos/SwiftCheck.build/DerivedSources/arm64 -Xcc -I/Users/builder/builds/o86TiJKT/2/finestructure/swiftpackageindex-builder/spi-builder-workspace/.derivedData/Build/Intermediates.noindex/SwiftCheck.build/Debug-appletvos/SwiftCheck.build/DerivedSources -Xcc -DSWIFT_PACKAGE -Xcc -DDEBUG\=1 -module-name SwiftCheck -frontend-parseable-output -disable-clang-spi -target-sdk-version 17.0 -target-sdk-name appletvos17.0 -o /Users/builder/builds/o86TiJKT/2/finestructure/swiftpackageindex-builder/spi-builder-workspace/.derivedData/Build/Intermediates.noindex/SwiftCheck.build/Debug-appletvos/SwiftCheck.build/Objects-normal/arm64/Property.o -o /Users/builder/builds/o86TiJKT/2/finestructure/swiftpackageindex-builder/spi-builder-workspace/.derivedData/Build/Intermediates.noindex/SwiftCheck.build/Debug-appletvos/SwiftCheck.build/Objects-normal/arm64/Random.o -index-unit-output-path /SwiftCheck.build/Debug-appletvos/SwiftCheck.build/Objects-normal/arm64/Property.o -index-unit-output-path /SwiftCheck.build/Debug-appletvos/SwiftCheck.build/Objects-normal/arm64/Random.o -index-store-path /Users/builder/builds/o86TiJKT/2/finestructure/swiftpackageindex-builder/spi-builder-workspace/.derivedData/Index.noindex/DataStore -index-system-modules
SwiftCompile normal arm64 /Users/builder/builds/o86TiJKT/2/finestructure/swiftpackageindex-builder/spi-builder-workspace/.dependencies/checkouts/SwiftCheck/Sources/SwiftCheck/Random.swift (in target 'SwiftCheck' from project 'SwiftCheck')
    cd /Users/builder/builds/o86TiJKT/2/finestructure/swiftpackageindex-builder/spi-builder-workspace
    /Applications/Xcode-15.0.0-Beta.app/Contents/Developer/Toolchains/XcodeDefault.xctoolchain/usr/bin/swift-frontend -c /Users/builder/builds/o86TiJKT/2/finestructure/swiftpackageindex-builder/spi-builder-workspace/.dependencies/checkouts/SwiftCheck/Sources/SwiftCheck/Arbitrary.swift /Users/builder/builds/o86TiJKT/2/finestructure/swiftpackageindex-builder/spi-builder-workspace/.dependencies/checkouts/SwiftCheck/Sources/SwiftCheck/Cartesian.swift /Users/builder/builds/o86TiJKT/2/finestructure/swiftpackageindex-builder/spi-builder-workspace/.dependencies/checkouts/SwiftCheck/Sources/SwiftCheck/Check.swift /Users/builder/builds/o86TiJKT/2/finestructure/swiftpackageindex-builder/spi-builder-workspace/.dependencies/checkouts/SwiftCheck/Sources/SwiftCheck/CoArbitrary.swift /Users/builder/builds/o86TiJKT/2/finestructure/swiftpackageindex-builder/spi-builder-workspace/.dependencies/checkouts/SwiftCheck/Sources/SwiftCheck/Compose.swift /Users/builder/builds/o86TiJKT/2/finestructure/swiftpackageindex-builder/spi-builder-workspace/.dependencies/checkouts/SwiftCheck/Sources/SwiftCheck/Gen.swift /Users/builder/builds/o86TiJKT/2/finestructure/swiftpackageindex-builder/spi-builder-workspace/.dependencies/checkouts/SwiftCheck/Sources/SwiftCheck/Lattice.swift /Users/builder/builds/o86TiJKT/2/finestructure/swiftpackageindex-builder/spi-builder-workspace/.dependencies/checkouts/SwiftCheck/Sources/SwiftCheck/Modifiers.swift -primary-file /Users/builder/builds/o86TiJKT/2/finestructure/swiftpackageindex-builder/spi-builder-workspace/.dependencies/checkouts/SwiftCheck/Sources/SwiftCheck/Property.swift -primary-file /Users/builder/builds/o86TiJKT/2/finestructure/swiftpackageindex-builder/spi-builder-workspace/.dependencies/checkouts/SwiftCheck/Sources/SwiftCheck/Random.swift /Users/builder/builds/o86TiJKT/2/finestructure/swiftpackageindex-builder/spi-builder-workspace/.dependencies/checkouts/SwiftCheck/Sources/SwiftCheck/Rose.swift /Users/builder/builds/o86TiJKT/2/finestructure/swiftpackageindex-builder/spi-builder-workspace/.dependencies/checkouts/SwiftCheck/Sources/SwiftCheck/State.swift /Users/builder/builds/o86TiJKT/2/finestructure/swiftpackageindex-builder/spi-builder-workspace/.dependencies/checkouts/SwiftCheck/Sources/SwiftCheck/Test.swift /Users/builder/builds/o86TiJKT/2/finestructure/swiftpackageindex-builder/spi-builder-workspace/.dependencies/checkouts/SwiftCheck/Sources/SwiftCheck/Testable.swift /Users/builder/builds/o86TiJKT/2/finestructure/swiftpackageindex-builder/spi-builder-workspace/.dependencies/checkouts/SwiftCheck/Sources/SwiftCheck/WitnessedArbitrary.swift -emit-dependencies-path /Users/builder/builds/o86TiJKT/2/finestructure/swiftpackageindex-builder/spi-builder-workspace/.derivedData/Build/Intermediates.noindex/SwiftCheck.build/Debug-appletvos/SwiftCheck.build/Objects-normal/arm64/Property.d -emit-const-values-path /Users/builder/builds/o86TiJKT/2/finestructure/swiftpackageindex-builder/spi-builder-workspace/.derivedData/Build/Intermediates.noindex/SwiftCheck.build/Debug-appletvos/SwiftCheck.build/Objects-normal/arm64/Property.swiftconstvalues -emit-reference-dependencies-path /Users/builder/builds/o86TiJKT/2/finestructure/swiftpackageindex-builder/spi-builder-workspace/.derivedData/Build/Intermediates.noindex/SwiftCheck.build/Debug-appletvos/SwiftCheck.build/Objects-normal/arm64/Property.swiftdeps -serialize-diagnostics-path /Users/builder/builds/o86TiJKT/2/finestructure/swiftpackageindex-builder/spi-builder-workspace/.derivedData/Build/Intermediates.noindex/SwiftCheck.build/Debug-appletvos/SwiftCheck.build/Objects-normal/arm64/Property.dia -emit-dependencies-path /Users/builder/builds/o86TiJKT/2/finestructure/swiftpackageindex-builder/spi-builder-workspace/.derivedData/Build/Intermediates.noindex/SwiftCheck.build/Debug-appletvos/SwiftCheck.build/Objects-normal/arm64/Random.d -emit-const-values-path /Users/builder/builds/o86TiJKT/2/finestructure/swiftpackageindex-builder/spi-builder-workspace/.derivedData/Build/Intermediates.noindex/SwiftCheck.build/Debug-appletvos/SwiftCheck.build/Objects-normal/arm64/Random.swiftconstvalues -emit-reference-dependencies-path /Users/builder/builds/o86TiJKT/2/finestructure/swiftpackageindex-builder/spi-builder-workspace/.derivedData/Build/Intermediates.noindex/SwiftCheck.build/Debug-appletvos/SwiftCheck.build/Objects-normal/arm64/Random.swiftdeps -serialize-diagnostics-path /Users/builder/builds/o86TiJKT/2/finestructure/swiftpackageindex-builder/spi-builder-workspace/.derivedData/Build/Intermediates.noindex/SwiftCheck.build/Debug-appletvos/SwiftCheck.build/Objects-normal/arm64/Random.dia -target arm64-apple-tvos12.0 -Xllvm -aarch64-use-tbi -enable-objc-interop -sdk /Applications/Xcode-15.0.0-Beta.app/Contents/Developer/Platforms/AppleTVOS.platform/Developer/SDKs/AppleTVOS17.0.sdk -I /Users/builder/builds/o86TiJKT/2/finestructure/swiftpackageindex-builder/spi-builder-workspace/.derivedData/Build/Products/Debug-appletvos -I /Applications/Xcode-15.0.0-Beta.app/Contents/Developer/Platforms/AppleTVOS.platform/Developer/usr/lib -F /Users/builder/builds/o86TiJKT/2/finestructure/swiftpackageindex-builder/spi-builder-workspace/.derivedData/Build/Products/Debug-appletvos -F /Applications/Xcode-15.0.0-Beta.app/Contents/Developer/Platforms/AppleTVOS.platform/Developer/Library/Frameworks -F /Applications/Xcode-15.0.0-Beta.app/Contents/Developer/Platforms/AppleTVOS.platform/Developer/SDKs/AppleTVOS17.0.sdk/Developer/Library/Frameworks -no-color-diagnostics -enable-testing -g -module-cache-path /Users/builder/builds/o86TiJKT/2/finestructure/swiftpackageindex-builder/spi-builder-workspace/.derivedData/ModuleCache.noindex -swift-version 4 -enforce-exclusivity\=checked -Onone -D SWIFT_PACKAGE -D DEBUG -D Xcode -serialize-debugging-options -const-gather-protocols-file /Users/builder/builds/o86TiJKT/2/finestructure/swiftpackageindex-builder/spi-builder-workspace/.derivedData/Build/Intermediates.noindex/SwiftCheck.build/Debug-appletvos/SwiftCheck.build/Objects-normal/arm64/SwiftCheck_const_extract_protocols.json -empty-abi-descriptor -plugin-path /Applications/Xcode-15.0.0-Beta.app/Contents/Developer/Toolchains/XcodeDefault.xctoolchain/usr/lib/swift/host/plugins -plugin-path /Applications/Xcode-15.0.0-Beta.app/Contents/Developer/Toolchains/XcodeDefault.xctoolchain/usr/local/lib/swift/host/plugins -validate-clang-modules-once -clang-build-session-file /Users/builder/builds/o86TiJKT/2/finestructure/swiftpackageindex-builder/spi-builder-workspace/.derivedData/ModuleCache.noindex/Session.modulevalidation -Xcc -working-directory -Xcc /Users/builder/builds/o86TiJKT/2/finestructure/swiftpackageindex-builder/spi-builder-workspace -resource-dir /Applications/Xcode-15.0.0-Beta.app/Contents/Developer/Toolchains/XcodeDefault.xctoolchain/usr/lib/swift -enable-anonymous-context-mangled-names -Xcc -ivfsstatcache -Xcc /Users/builder/builds/o86TiJKT/2/finestructure/swiftpackageindex-builder/spi-builder-workspace/.derivedData/SDKStatCaches.noindex/appletvos17.0-21J5273p-f1c542bf70c0c6d9321512ea4fae4f06.sdkstatcache -Xcc -I/Users/builder/builds/o86TiJKT/2/finestructure/swiftpackageindex-builder/spi-builder-workspace/.derivedData/Build/Intermediates.noindex/SwiftCheck.build/Debug-appletvos/SwiftCheck.build/swift-overrides.hmap -Xcc -I/Users/builder/builds/o86TiJKT/2/finestructure/swiftpackageindex-builder/spi-builder-workspace/.derivedData/Build/Products/Debug-appletvos/include -Xcc -I/Users/builder/builds/o86TiJKT/2/finestructure/swiftpackageindex-builder/spi-builder-workspace/.derivedData/Build/Intermediates.noindex/SwiftCheck.build/Debug-appletvos/SwiftCheck.build/DerivedSources-normal/arm64 -Xcc -I/Users/builder/builds/o86TiJKT/2/finestructure/swiftpackageindex-builder/spi-builder-workspace/.derivedData/Build/Intermediates.noindex/SwiftCheck.build/Debug-appletvos/SwiftCheck.build/DerivedSources/arm64 -Xcc -I/Users/builder/builds/o86TiJKT/2/finestructure/swiftpackageindex-builder/spi-builder-workspace/.derivedData/Build/Intermediates.noindex/SwiftCheck.build/Debug-appletvos/SwiftCheck.build/DerivedSources -Xcc -DSWIFT_PACKAGE -Xcc -DDEBUG\=1 -module-name SwiftCheck -frontend-parseable-output -disable-clang-spi -target-sdk-version 17.0 -target-sdk-name appletvos17.0 -o /Users/builder/builds/o86TiJKT/2/finestructure/swiftpackageindex-builder/spi-builder-workspace/.derivedData/Build/Intermediates.noindex/SwiftCheck.build/Debug-appletvos/SwiftCheck.build/Objects-normal/arm64/Property.o -o /Users/builder/builds/o86TiJKT/2/finestructure/swiftpackageindex-builder/spi-builder-workspace/.derivedData/Build/Intermediates.noindex/SwiftCheck.build/Debug-appletvos/SwiftCheck.build/Objects-normal/arm64/Random.o -index-unit-output-path /SwiftCheck.build/Debug-appletvos/SwiftCheck.build/Objects-normal/arm64/Property.o -index-unit-output-path /SwiftCheck.build/Debug-appletvos/SwiftCheck.build/Objects-normal/arm64/Random.o -index-store-path /Users/builder/builds/o86TiJKT/2/finestructure/swiftpackageindex-builder/spi-builder-workspace/.derivedData/Index.noindex/DataStore -index-system-modules

SwiftCompile normal arm64 Compiling\ WitnessedArbitrary.swift /Users/builder/builds/o86TiJKT/2/finestructure/swiftpackageindex-builder/spi-builder-workspace/.dependencies/checkouts/SwiftCheck/Sources/SwiftCheck/WitnessedArbitrary.swift (in target 'SwiftCheck' from project 'SwiftCheck')
    cd /Users/builder/builds/o86TiJKT/2/finestructure/swiftpackageindex-builder/spi-builder-workspace
    builtin-swiftTaskExecution -- /Applications/Xcode-15.0.0-Beta.app/Contents/Developer/Toolchains/XcodeDefault.xctoolchain/usr/bin/swift-frontend -frontend -c /Users/builder/builds/o86TiJKT/2/finestructure/swiftpackageindex-builder/spi-builder-workspace/.dependencies/checkouts/SwiftCheck/Sources/SwiftCheck/Arbitrary.swift /Users/builder/builds/o86TiJKT/2/finestructure/swiftpackageindex-builder/spi-builder-workspace/.dependencies/checkouts/SwiftCheck/Sources/SwiftCheck/Cartesian.swift /Users/builder/builds/o86TiJKT/2/finestructure/swiftpackageindex-builder/spi-builder-workspace/.dependencies/checkouts/SwiftCheck/Sources/SwiftCheck/Check.swift /Users/builder/builds/o86TiJKT/2/finestructure/swiftpackageindex-builder/spi-builder-workspace/.dependencies/checkouts/SwiftCheck/Sources/SwiftCheck/CoArbitrary.swift /Users/builder/builds/o86TiJKT/2/finestructure/swiftpackageindex-builder/spi-builder-workspace/.dependencies/checkouts/SwiftCheck/Sources/SwiftCheck/Compose.swift /Users/builder/builds/o86TiJKT/2/finestructure/swiftpackageindex-builder/spi-builder-workspace/.dependencies/checkouts/SwiftCheck/Sources/SwiftCheck/Gen.swift /Users/builder/builds/o86TiJKT/2/finestructure/swiftpackageindex-builder/spi-builder-workspace/.dependencies/checkouts/SwiftCheck/Sources/SwiftCheck/Lattice.swift /Users/builder/builds/o86TiJKT/2/finestructure/swiftpackageindex-builder/spi-builder-workspace/.dependencies/checkouts/SwiftCheck/Sources/SwiftCheck/Modifiers.swift /Users/builder/builds/o86TiJKT/2/finestructure/swiftpackageindex-builder/spi-builder-workspace/.dependencies/checkouts/SwiftCheck/Sources/SwiftCheck/Property.swift /Users/builder/builds/o86TiJKT/2/finestructure/swiftpackageindex-builder/spi-builder-workspace/.dependencies/checkouts/SwiftCheck/Sources/SwiftCheck/Random.swift /Users/builder/builds/o86TiJKT/2/finestructure/swiftpackageindex-builder/spi-builder-workspace/.dependencies/checkouts/SwiftCheck/Sources/SwiftCheck/Rose.swift /Users/builder/builds/o86TiJKT/2/finestructure/swiftpackageindex-builder/spi-builder-workspace/.dependencies/checkouts/SwiftCheck/Sources/SwiftCheck/State.swift /Users/builder/builds/o86TiJKT/2/finestructure/swiftpackageindex-builder/spi-builder-workspace/.dependencies/checkouts/SwiftCheck/Sources/SwiftCheck/Test.swift /Users/builder/builds/o86TiJKT/2/finestructure/swiftpackageindex-builder/spi-builder-workspace/.dependencies/checkouts/SwiftCheck/Sources/SwiftCheck/Testable.swift -primary-file /Users/builder/builds/o86TiJKT/2/finestructure/swiftpackageindex-builder/spi-builder-workspace/.dependencies/checkouts/SwiftCheck/Sources/SwiftCheck/WitnessedArbitrary.swift -emit-dependencies-path /Users/builder/builds/o86TiJKT/2/finestructure/swiftpackageindex-builder/spi-builder-workspace/.derivedData/Build/Intermediates.noindex/SwiftCheck.build/Debug-appletvos/SwiftCheck.build/Objects-normal/arm64/WitnessedArbitrary.d -emit-const-values-path /Users/builder/builds/o86TiJKT/2/finestructure/swiftpackageindex-builder/spi-builder-workspace/.derivedData/Build/Intermediates.noindex/SwiftCheck.build/Debug-appletvos/SwiftCheck.build/Objects-normal/arm64/WitnessedArbitrary.swiftconstvalues -emit-reference-dependencies-path /Users/builder/builds/o86TiJKT/2/finestructure/swiftpackageindex-builder/spi-builder-workspace/.derivedData/Build/Intermediates.noindex/SwiftCheck.build/Debug-appletvos/SwiftCheck.build/Objects-normal/arm64/WitnessedArbitrary.swiftdeps -serialize-diagnostics-path /Users/builder/builds/o86TiJKT/2/finestructure/swiftpackageindex-builder/spi-builder-workspace/.derivedData/Build/Intermediates.noindex/SwiftCheck.build/Debug-appletvos/SwiftCheck.build/Objects-normal/arm64/WitnessedArbitrary.dia -target arm64-apple-tvos12.0 -Xllvm -aarch64-use-tbi -enable-objc-interop -sdk /Applications/Xcode-15.0.0-Beta.app/Contents/Developer/Platforms/AppleTVOS.platform/Developer/SDKs/AppleTVOS17.0.sdk -I /Users/builder/builds/o86TiJKT/2/finestructure/swiftpackageindex-builder/spi-builder-workspace/.derivedData/Build/Products/Debug-appletvos -I /Applications/Xcode-15.0.0-Beta.app/Contents/Developer/Platforms/AppleTVOS.platform/Developer/usr/lib -F /Users/builder/builds/o86TiJKT/2/finestructure/swiftpackageindex-builder/spi-builder-workspace/.derivedData/Build/Products/Debug-appletvos -F /Applications/Xcode-15.0.0-Beta.app/Contents/Developer/Platforms/AppleTVOS.platform/Developer/Library/Frameworks -F /Applications/Xcode-15.0.0-Beta.app/Contents/Developer/Platforms/AppleTVOS.platform/Developer/SDKs/AppleTVOS17.0.sdk/Developer/Library/Frameworks -no-color-diagnostics -enable-testing -g -module-cache-path /Users/builder/builds/o86TiJKT/2/finestructure/swiftpackageindex-builder/spi-builder-workspace/.derivedData/ModuleCache.noindex -swift-version 4 -enforce-exclusivity\=checked -Onone -D SWIFT_PACKAGE -D DEBUG -D Xcode -serialize-debugging-options -const-gather-protocols-file /Users/builder/builds/o86TiJKT/2/finestructure/swiftpackageindex-builder/spi-builder-workspace/.derivedData/Build/Intermediates.noindex/SwiftCheck.build/Debug-appletvos/SwiftCheck.build/Objects-normal/arm64/SwiftCheck_const_extract_protocols.json -empty-abi-descriptor -plugin-path /Applications/Xcode-15.0.0-Beta.app/Contents/Developer/Toolchains/XcodeDefault.xctoolchain/usr/lib/swift/host/plugins -plugin-path /Applications/Xcode-15.0.0-Beta.app/Contents/Developer/Toolchains/XcodeDefault.xctoolchain/usr/local/lib/swift/host/plugins -validate-clang-modules-once -clang-build-session-file /Users/builder/builds/o86TiJKT/2/finestructure/swiftpackageindex-builder/spi-builder-workspace/.derivedData/ModuleCache.noindex/Session.modulevalidation -Xcc -working-directory -Xcc /Users/builder/builds/o86TiJKT/2/finestructure/swiftpackageindex-builder/spi-builder-workspace -resource-dir /Applications/Xcode-15.0.0-Beta.app/Contents/Developer/Toolchains/XcodeDefault.xctoolchain/usr/lib/swift -enable-anonymous-context-mangled-names -Xcc -ivfsstatcache -Xcc /Users/builder/builds/o86TiJKT/2/finestructure/swiftpackageindex-builder/spi-builder-workspace/.derivedData/SDKStatCaches.noindex/appletvos17.0-21J5273p-f1c542bf70c0c6d9321512ea4fae4f06.sdkstatcache -Xcc -I/Users/builder/builds/o86TiJKT/2/finestructure/swiftpackageindex-builder/spi-builder-workspace/.derivedData/Build/Intermediates.noindex/SwiftCheck.build/Debug-appletvos/SwiftCheck.build/swift-overrides.hmap -Xcc -I/Users/builder/builds/o86TiJKT/2/finestructure/swiftpackageindex-builder/spi-builder-workspace/.derivedData/Build/Products/Debug-appletvos/include -Xcc -I/Users/builder/builds/o86TiJKT/2/finestructure/swiftpackageindex-builder/spi-builder-workspace/.derivedData/Build/Intermedi
ates.noindex/SwiftCheck.build/Debug-appletvos/SwiftCheck.build/DerivedSources-normal/arm64 -Xcc -I/Users/builder/builds/o86TiJKT/2/finestructure/swiftpackageindex-builder/spi-builder-workspace/.derivedData/Build/Intermediates.noindex/SwiftCheck.build/Debug-appletvos/SwiftCheck.build/DerivedSources/arm64 -Xcc -I/Users/builder/builds/o86TiJKT/2/finestructure/swiftpackageindex-builder/spi-builder-workspace/.derivedData/Build/Intermediates.noindex/SwiftCheck.build/Debug-appletvos/SwiftCheck.build/DerivedSources -Xcc -DSWIFT_PACKAGE -Xcc -DDEBUG\=1 -module-name SwiftCheck -frontend-parseable-output -disable-clang-spi -target-sdk-version 17.0 -target-sdk-name appletvos17.0 -o /Users/builder/builds/o86TiJKT/2/finestructure/swiftpackageindex-builder/spi-builder-workspace/.derivedData/Build/Intermediates.noindex/SwiftCheck.build/Debug-appletvos/SwiftCheck.build/Objects-normal/arm64/WitnessedArbitrary.o -index-unit-output-path /SwiftCheck.build/Debug-appletvos/SwiftCheck.build/Objects-normal/arm64/WitnessedArbitrary.o -index-store-path /Users/builder/builds/o86TiJKT/2/finestructure/swiftpackageindex-builder/spi-builder-workspace/.derivedData/Index.noindex/DataStore -index-system-modules

SwiftCompile normal arm64 /Users/builder/builds/o86TiJKT/2/finestructure/swiftpackageindex-builder/spi-builder-workspace/.dependencies/checkouts/SwiftCheck/Sources/SwiftCheck/WitnessedArbitrary.swift (in target 'SwiftCheck' from project 'SwiftCheck')
    cd /Users/builder/builds/o86TiJKT/2/finestructure/swiftpackageindex-builder/spi-builder-workspace
    /Applications/Xcode-15.0.0-Beta.app/Contents/Developer/Toolchains/XcodeDefault.xctoolchain/usr/bin/swift-frontend -c /Users/builder/builds/o86TiJKT/2/finestructure/swiftpackageindex-builder/spi-builder-workspace/.dependencies/checkouts/SwiftCheck/Sources/SwiftCheck/Arbitrary.swift /Users/builder/builds/o86TiJKT/2/finestructure/swiftpackageindex-builder/spi-builder-workspace/.dependencies/checkouts/SwiftCheck/Sources/SwiftCheck/Cartesian.swift /Users/builder/builds/o86TiJKT/2/finestructure/swiftpackageindex-builder/spi-builder-workspace/.dependencies/checkouts/SwiftCheck/Sources/SwiftCheck/Check.swift /Users/builder/builds/o86TiJKT/2/finestructure/swiftpackageindex-builder/spi-builder-workspace/.dependencies/checkouts/SwiftCheck/Sources/SwiftCheck/CoArbitrary.swift /Users/builder/builds/o86TiJKT/2/finestructure/swiftpackageindex-builder/spi-builder-workspace/.dependencies/checkouts/SwiftCheck/Sources/SwiftCheck/Compose.swift /Users/builder/builds/o86TiJKT/2/finestructure/swiftpackageindex-builder/spi-builder-workspace/.dependencies/checkouts/SwiftCheck/Sources/SwiftCheck/Gen.swift /Users/builder/builds/o86TiJKT/2/finestructure/swiftpackageindex-builder/spi-builder-workspace/.dependencies/checkouts/SwiftCheck/Sources/SwiftCheck/Lattice.swift /Users/builder/builds/o86TiJKT/2/finestructure/swiftpackageindex-builder/spi-builder-workspace/.dependencies/checkouts/SwiftCheck/Sources/SwiftCheck/Modifiers.swift /Users/builder/builds/o86TiJKT/2/finestructure/swiftpackageindex-builder/spi-builder-workspace/.dependencies/checkouts/SwiftCheck/Sources/SwiftCheck/Property.swift /Users/builder/builds/o86TiJKT/2/finestructure/swiftpackageindex-builder/spi-builder-workspace/.dependencies/checkouts/SwiftCheck/Sources/SwiftCheck/Random.swift /Users/builder/builds/o86TiJKT/2/finestructure/swiftpackageindex-builder/spi-builder-workspace/.dependencies/checkouts/SwiftCheck/Sources/SwiftCheck/Rose.swift /Users/builder/builds/o86TiJKT/2/finestructure/swiftpackageindex-builder/spi-builder-workspace/.dependencies/checkouts/SwiftCheck/Sources/SwiftCheck/State.swift /Users/builder/builds/o86TiJKT/2/finestructure/swiftpackageindex-builder/spi-builder-workspace/.dependencies/checkouts/SwiftCheck/Sources/SwiftCheck/Test.swift /Users/builder/builds/o86TiJKT/2/finestructure/swiftpackageindex-builder/spi-builder-workspace/.dependencies/checkouts/SwiftCheck/Sources/SwiftCheck/Testable.swift -primary-file /Users/builder/builds/o86TiJKT/2/finestructure/swiftpackageindex-builder/spi-builder-workspace/.dependencies/checkouts/SwiftCheck/Sources/SwiftCheck/WitnessedArbitrary.swift -emit-dependencies-path /Users/builder/builds/o86TiJKT/2/finestructure/swiftpackageindex-builder/spi-builder-workspace/.derivedData/Build/Intermediates.noindex/SwiftCheck.build/Debug-appletvos/SwiftCheck.build/Objects-normal/arm64/WitnessedArbitrary.d -emit-const-values-path /Users/builder/builds/o86TiJKT/2/finestructure/swiftpackageindex-builder/spi-builder-workspace/.derivedData/Build/Intermediates.noindex/SwiftCheck.build/Debug-appletvos/SwiftCheck.build/Objects-normal/arm64/WitnessedArbitrary.swiftconstvalues -emit-reference-dependencies-path /Users/builder/builds/o86TiJKT/2/finestructure/swiftpackageindex-builder/spi-builder-workspace/.derivedData/Build/Intermediates.noindex/SwiftCheck.build/Debug-appletvos/SwiftCheck.build/Objects-normal/arm64/WitnessedArbitrary.swiftdeps -serialize-diagnostics-path /Users/builder/builds/o86TiJKT/2/finestructure/swiftpackageindex-builder/spi-builder-workspace/.derivedData/Build/Intermediates.noindex/SwiftCheck.build/Debug-appletvos/SwiftCheck.build/Objects-normal/arm64/WitnessedArbitrary.dia -target arm64-apple-tvos12.0 -Xllvm -aarch64-use-tbi -enable-objc-interop -sdk /Applications/Xcode-15.0.0-Beta.app/Contents/Developer/Platforms/AppleTVOS.platform/Developer/SDKs/AppleTVOS17.0.sdk -I /Users/builder/builds/o86TiJKT/2/finestructure/swiftpackageindex-builder/spi-builder-workspace/.derivedData/Build/Products/Debug-appletvos -I /Applications/Xcode-15.0.0-Beta.app/Contents/Developer/Platforms/AppleTVOS.platform/Developer/usr/lib -F /Users/builder/builds/o86TiJKT/2/finestructure/swiftpackageindex-builder/spi-builder-workspace/.derivedData/Build/Products/Debug-appletvos -F /Applications/Xcode-15.0.0-Beta.app/Contents/Developer/Platforms/AppleTVOS.platform/Developer/Library/Frameworks -F /Applications/Xcode-15.0.0-Beta.app/Contents/Developer/Platforms/AppleTVOS.platform/Developer/SDKs/AppleTVOS17.0.sdk/Developer/Library/Frameworks -no-color-diagnostics -enable-testing -g -module-cache-path /Users/builder/builds/o86TiJKT/2/finestructure/swiftpackageindex-builder/spi-builder-workspace/.derivedData/ModuleCache.noindex -swift-version 4 -enforce-exclusivity\=checked -Onone -D SWIFT_PACKAGE -D DEBUG -D Xcode -serialize-debugging-options -const-gather-protocols-file /Users/builder/builds/o86TiJKT/2/finestructure/swiftpackageindex-builder/spi-builder-workspace/.derivedData/Build/Intermediates.noindex/SwiftCheck.build/Debug-appletvos/SwiftCheck.build/Objects-normal/arm64/SwiftCheck_const_extract_protocols.json -empty-abi-descriptor -plugin-path /Applications/Xcode-15.0.0-Beta.app/Contents/Developer/Toolchains/XcodeDefault.xctoolchain/usr/lib/swift/host/plugins -plugin-path /Applications/Xcode-15.0.0-Beta.app/Contents/Developer/Toolchains/XcodeDefault.xctoolchain/usr/local/lib/swift/host/plugins -validate-clang-modules-once -clang-build-session-file /Users/builder/builds/o86TiJKT/2/finestructure/swiftpackageindex-builder/spi-builder-workspace/.derivedData/ModuleCache.noindex/Session.modulevalidation -Xcc -working-directory -Xcc /Users/builder/builds/o86TiJKT/2/finestructure/swiftpackageindex-builder/spi-builder-workspace -resource-dir /Applications/Xcode-15.0.0-Beta.app/Contents/Developer/Toolchains/XcodeDefault.xctoolchain/usr/lib/swift -enable-anonymous-context-mangled-names -Xcc -ivfsstatcache -Xcc /Users/builder/builds/o86TiJKT/2/finestructure/swiftpackageindex-builder/spi-builder-workspace/.derivedData/SDKStatCaches.noindex/appletvos17.0-21J5273p-f1c542bf70c0c6d9321512ea4fae4f06.sdkstatcache -Xcc -I/Users/builder/builds/o86TiJKT/2/finestructure/swiftpackageindex-builder/spi-builder-workspace/.derivedData/Build/Intermediates.noindex/SwiftCheck.build/Debug-appletvos/SwiftCheck.build/swift-overrides.hmap -Xcc -I/Users/builder/builds/o86TiJKT/2/finestructure/swiftpackageindex-builder/spi-builder-workspace/.derivedData/Build/Products/Debug-appletvos/include -Xcc -I/Users/builder/builds/o86TiJKT/2/finestructure/swiftpackageindex-builder/spi-builder-workspace/.derivedData/Build/Intermediates.noindex/SwiftCheck.build/Debug-appletvos/SwiftCheck.build/DerivedSources-normal/arm64 -Xcc -I/Users/builder/builds/o86TiJKT/2/finestructure/swiftpackageindex-builder/spi-builder-workspace/.derivedData/Build/Intermediates.noindex/SwiftCheck.build/Debug-appletvos/SwiftCheck.build/DerivedSources/arm64 -Xcc -I/Users/builder/builds/o86TiJKT/2/finestructure/swiftpackageindex-builder/spi-builder-workspace/.derivedData/Build/Intermediates.noindex/SwiftCheck.build/Debug-appletvos/SwiftCheck.build/DerivedSources -Xcc -DSWIFT_PACKAGE -Xcc -DDEBUG\=1 -module-name SwiftCheck -frontend-parseable-output -disable-clang-spi -target-sdk-version 17.0 -target-sdk-name appletvos17.0 -o /Users/builder/builds/o86TiJKT/2/finestructure/swiftpackageindex-builder/spi-builder-workspace/.derivedData/Build/Intermediates.noindex/SwiftCheck.build/Debug-appletvos/SwiftCheck.build/Objects-normal/arm64/WitnessedArbitrary.o -index-unit-output-path /SwiftCheck.build/Debug-appletvos/SwiftCheck.build/Objects-normal/arm64/WitnessedArbitrary.o -index-store-path /Users/builder/builds/o86TiJKT/2/finestructure/swiftpackageindex-builder/spi-builder-workspace/.derivedData/Index.noindex/DataStore -index-system-modules
/Users/builder/builds/o86TiJKT/2/finestructure/swiftpackageindex-builder/spi-builder-workspace/.dependencies/checkouts/SwiftCheck/Sources/SwiftCheck/WitnessedArbitrary.swift:145:26: error: conflicting conformance of 'LazySequence<Base>' to protocol 'Arbitrary'; there cannot be more than one conformance, even with different conditional bounds
extension LazySequence : Arbitrary where Base : Arbitrary {
                         ^
/Users/builder/builds/o86TiJKT/2/finestructure/swiftpackageindex-builder/spi-builder-workspace/.dependencies/checkouts/SwiftCheck/Sources/SwiftCheck/WitnessedArbitrary.swift:138:1: note: 'LazySequence<Base>' declares conformance to protocol 'Arbitrary' here
extension LazyCollection : Arbitrary where Base : Arbitrary {
^
/Users/builder/builds/o86TiJKT/2/finestructure/swiftpackageindex-builder/spi-builder-workspace/.dependencies/checkouts/SwiftCheck/Sources/SwiftCheck/WitnessedArbitrary.swift:127:22: error: use of 'min' refers to instance method rather than global function 'min' in module 'Swift'
                                return Gen.pure((min(l, r) ..< max(l, r)))
                                                 ^
/Users/builder/builds/o86TiJKT/2/finestructure/swiftpackageindex-builder/spi-builder-workspace/.dependencies/checkouts/SwiftCheck/Sources/SwiftCheck/WitnessedArbitrary.swift:127:22: note: use 'Swift.' to reference the global function in module 'Swift'
                                return Gen.pure((min(l, r) ..< max(l, r)))
                                                 ^
                                                 Swift.
Swift.min:1:24: note: 'min' declared here
@inlinable public func min<T>(_ x: T, _ y: T) -> T where T : Comparable
                       ^
/Users/builder/builds/o86TiJKT/2/finestructure/swiftpackageindex-builder/spi-builder-workspace/.dependencies/checkouts/SwiftCheck/Sources/SwiftCheck/WitnessedArbitrary.swift:127:36: error: use of 'max' refers to instance method rather than global function 'max' in module 'Swift'
                                return Gen.pure((min(l, r) ..< max(l, r)))
                                                               ^
/Users/builder/builds/o86TiJKT/2/finestructure/swiftpackageindex-builder/spi-builder-workspace/.dependencies/checkouts/SwiftCheck/Sources/SwiftCheck/WitnessedArbitrary.swift:127:36: note: use 'Swift.' to reference the global function in module 'Swift'
                                return Gen.pure((min(l, r) ..< max(l, r)))
                                                               ^
                                                               Swift.
Swift.max:1:24: note: 'max' declared here
@inlinable public func max<T>(_ x: T, _ y: T) -> T where T : Comparable
                       ^

SwiftCompile normal arm64 Compiling\ Lattice.swift,\ Modifiers.swift /Users/builder/builds/o86TiJKT/2/finestructure/swiftpackageindex-builder/spi-builder-workspace/.dependencies/checkouts/SwiftCheck/Sources/SwiftCheck/Lattice.swift /Users/builder/builds/o86TiJKT/2/finestructure/swiftpackageindex-builder/spi-builder-workspace/.dependencies/checkouts/SwiftCheck/Sources/SwiftCheck/Modifiers.swift (in target 'SwiftCheck' from project 'SwiftCheck')
    cd /Users/builder/builds/o86TiJKT/2/finestructure/swiftpackageindex-builder/spi-builder-workspace
    builtin-swiftTaskExecution -- /Applications/Xcode-15.0.0-Beta.app/Contents/Developer/Toolchains/XcodeDefault.xctoolchain/usr/bin/swift-frontend -frontend -c /Users/builder/builds/o86TiJKT/2/finestructure/swiftpackageindex-builder/spi-builder-workspace/.dependencies/checkouts/SwiftCheck/Sources/SwiftCheck/Arbitrary.swift /Users/builder/builds/o86TiJKT/2/finestructure/swiftpackageindex-builder/spi-builder-workspace/.dependencies/checkouts/SwiftCheck/Sources/SwiftCheck/Cartesian.swift /Users/builder/builds/o86TiJKT/2/finestructure/swiftpackageindex-builder/spi-builder-workspace/.dependencies/checkouts/SwiftCheck/Sources/SwiftCheck/Check.swift /Users/builder/builds/o86TiJKT/2/finestructure/swiftpackageindex-builder/spi-builder-workspace/.dependencies/checkouts/SwiftCheck/Sources/SwiftCheck/CoArbitrary.swift /Users/builder/builds/o86TiJKT/2/finestructure/swiftpackageindex-builder/spi-builder-workspace/.dependencies/checkouts/SwiftCheck/Sources/SwiftCheck/Compose.swift /Users/builder/builds/o86TiJKT/2/finestructure/swiftpackageindex-builder/spi-builder-workspace/.dependencies/checkouts/SwiftCheck/Sources/SwiftCheck/Gen.swift -primary-file /Users/builder/builds/o86TiJKT/2/finestructure/swiftpackageindex-builder/spi-builder-workspace/.dependencies/checkouts/SwiftCheck/Sources/SwiftCheck/Lattice.swift -primary-file /Users/builder/builds/o86TiJKT/2/finestructure/swiftpackageindex-builder/spi-builder-workspace/.dependencies/checkouts/SwiftCheck/Sources/SwiftCheck/Modifiers.swift /Users/builder/builds/o86TiJKT/2/finestructure/swiftpackageindex-builder/spi-builder-workspace/.dependencies/checkouts/SwiftCheck/Sources/SwiftCheck/Property.swift /Users/builder/builds/o86TiJKT/2/finestructure/swiftpackageindex-builder/spi-builder-workspace/.dependencies/checkouts/SwiftCheck/Sources/SwiftCheck/Random.swift /Users/builder/builds/o86TiJKT/2/finestructure/swiftpackageindex-builder/spi-builder-workspace/.dependencies/checkouts/SwiftCheck/Sources/SwiftCheck/Rose.swift /Users/builder/builds/o86TiJKT/2/finestructure/swiftpackageindex-builder/spi-builder-workspace/.dependencies/checkouts/SwiftCheck/Sources/SwiftCheck/State.swift /Users/builder/builds/o86TiJKT/2/finestructure/swiftpackageindex-builder/spi-builder-workspace/.dependencies/checkouts/SwiftCheck/Sources/SwiftCheck/Test.swift /Users/builder/builds/o86TiJKT/2/finestructure/swiftpackageindex-builder/spi-builder-workspace/.dependencies/checkouts/SwiftCheck/Sources/SwiftCheck/Testable.swift /Users/builder/builds/o86TiJKT/2/finestructure/swiftpackageindex-builder/spi-builder-workspace/.dependencies/checkouts/SwiftCheck/Sources/SwiftCheck/WitnessedArbitrary.swift -emit-dependencies-path /Users/builder/builds/o86TiJKT/2/finestructure/swiftpackageindex-builder/spi-builder-workspace/.derivedData/Build/Intermediates.noindex/SwiftCheck.build/Debug-appletvos/SwiftCheck.build/Objects-normal/arm64/Lattice.d -emit-const-values-path /Users/builder/builds/o86TiJKT/2/finestructure/swiftpackageindex-builder/spi-builder-workspace/.derivedData/Build/Intermediates.noindex/SwiftCheck.build/Debug-appletvos/SwiftCheck.build/Objects-normal/arm64/Lattice.swiftconstvalues -emit-reference-dependencies-path /Users/builder/builds/o86TiJKT/2/finestructure/swiftpackageindex-builder/spi-builder-workspace/.derivedData/Build/Intermediates.noindex/SwiftCheck.build/Debug-appletvos/SwiftCheck.build/Objects-normal/arm64/Lattice.swiftdeps -serialize-diagnostics-path /Users/builder/builds/o86TiJKT/2/finestructure/swiftpackageindex-builder/spi-builder-workspace/.derivedData/Build/Intermediates.noindex/SwiftCheck.build/Debug-appletvos/SwiftCheck.build/Objects-normal/arm64/Lattice.dia -emit-dependencies-path /Users/builder/builds/o86TiJKT/2/finestructure/swiftpackageindex-builder/spi-builder-workspace/
.derivedData/Build/Intermediates.noindex/SwiftCheck.build/Debug-appletvos/SwiftCheck.build/Objects-normal/arm64/Modifiers.d -emit-const-values-path /Users/builder/builds/o86TiJKT/2/finestructure/swiftpackageindex-builder/spi-builder-workspace/.derivedData/Build/Intermediates.noindex/SwiftCheck.build/Debug-appletvos/SwiftCheck.build/Objects-normal/arm64/Modifiers.swiftconstvalues -emit-reference-dependencies-path /Users/builder/builds/o86TiJKT/2/finestructure/swiftpackageindex-builder/spi-builder-workspace/.derivedData/Build/Intermediates.noindex/SwiftCheck.build/Debug-appletvos/SwiftCheck.build/Objects-normal/arm64/Modifiers.swiftdeps -serialize-diagnostics-path /Users/builder/builds/o86TiJKT/2/finestructure/swiftpackageindex-builder/spi-builder-workspace/.derivedData/Build/Intermediates.noindex/SwiftCheck.build/Debug-appletvos/SwiftCheck.build/Objects-normal/arm64/Modifiers.dia -target arm64-apple-tvos12.0 -Xllvm -aarch64-use-tbi -enable-objc-interop -sdk /Applications/Xcode-15.0.0-Beta.app/Contents/Developer/Platforms/AppleTVOS.platform/Developer/SDKs/AppleTVOS17.0.sdk -I /Users/builder/builds/o86TiJKT/2/finestructure/swiftpackageindex-builder/spi-builder-workspace/.derivedData/Build/Products/Debug-appletvos -I /Applications/Xcode-15.0.0-Beta.app/Contents/Developer/Platforms/AppleTVOS.platform/Developer/usr/lib -F /Users/builder/builds/o86TiJKT/2/finestructure/swiftpackageindex-builder/spi-builder-workspace/.derivedData/Build/Products/Debug-appletvos -F /Applications/Xcode-15.0.0-Beta.app/Contents/Developer/Platforms/AppleTVOS.platform/Developer/Library/Frameworks -F /Applications/Xcode-15.0.0-Beta.app/Contents/Developer/Platforms/AppleTVOS.platform/Developer/SDKs/AppleTVOS17.0.sdk/Developer/Library/Frameworks -no-color-diagnostics -enable-testing -g -module-cache-path /Users/builder/builds/o86TiJKT/2/finestructure/swiftpackageindex-builder/spi-builder-workspace/.derivedData/ModuleCache.noindex -swift-version 4 -enforce-exclusivity\=checked -Onone -D SWIFT_PACKAGE -D DEBUG -D Xcode -serialize-debugging-options -const-gather-protocols-file /Users/builder/builds/o86TiJKT/2/finestructure/swiftpackageindex-builder/spi-builder-workspace/.derivedData/Build/Intermediates.noindex/SwiftCheck.build/Debug-appletvos/SwiftCheck.build/Objects-normal/arm64/SwiftCheck_const_extract_protocols.json -empty-abi-descriptor -plugin-path /Applications/Xcode-15.0.0-Beta.app/Contents/Developer/Toolchains/XcodeDefault.xctoolchain/usr/lib/swift/host/plugins -plugin-path /Applications/Xcode-15.0.0-Beta.app/Contents/Developer/Toolchains/XcodeDefault.xctoolchain/usr/local/lib/swift/host/plugins -validate-clang-modules-once -clang-build-session-file /Users/builder/builds/o86TiJKT/2/finestructure/swiftpackageindex-builder/spi-builder-workspace/.derivedData/ModuleCache.noindex/Session.modulevalidation -Xcc -working-directory -Xcc /Users/builder/builds/o86TiJKT/2/finestructure/swiftpackageindex-builder/spi-builder-workspace -resource-dir /Applications/Xcode-15.0.0-Beta.app/Contents/Developer/Toolchains/XcodeDefault.xctoolchain/usr/lib/swift -enable-anonymous-context-mangled-names -Xcc -ivfsstatcache -Xcc /Users/builder/builds/o86TiJKT/2/finestructure/swiftpackageindex-builder/spi-builder-workspace/.derivedData/SDKStatCaches.noindex/appletvos17.0-21J5273p-f1c542bf70c0c6d9321512ea4fae4f06.sdkstatcache -Xcc -I/Users/builder/builds/o86TiJKT/2/finestructure/swiftpackageindex-builder/spi-builder-workspace/.derivedData/Build/Intermediates.noindex/SwiftCheck.build/Debug-appletvos/SwiftCheck.build/swift-overrides.hmap -Xcc -I/Users/builder/builds/o86TiJKT/2/finestructure/swiftpackageindex-builder/spi-builder-workspace/.derivedData/Build/Products/Debug-appletvos/include -Xcc -I/Users/builder/builds/o86TiJKT/2/finestructure/swiftpackageindex-builder/spi-builder-workspace/.derivedData/Build/Intermediates.noindex/SwiftCheck.build/Debug-appletvos/SwiftCheck.build/DerivedSources-normal/arm64 -Xcc -I/Users/builder/builds/o86TiJKT/2/finestructure/swiftpackageindex-builder/spi-builder-workspace/.derivedData/Build/Intermediates.noindex/SwiftCheck.build/Debug-appletvos/SwiftCheck.build/DerivedSources/arm64 -Xcc -I/Users/builder/builds/o86TiJKT/2/finestructure/swiftpackageindex-builder/spi-builder-workspace/.derivedData/Build/Intermediates.noindex/SwiftCheck.build/Debug-appletvos/SwiftCheck.build/DerivedSources -Xcc -DSWIFT_PACKAGE -Xcc -DDEBUG\=1 -module-name SwiftCheck -frontend-parseable-output -disable-clang-spi -target-sdk-version 17.0 -target-sdk-name appletvos17.0 -o /Users/builder/builds/o86TiJKT/2/finestructure/swiftpackageindex-builder/spi-builder-workspace/.derivedData/Build/Intermediates.noindex/SwiftCheck.build/Debug-appletvos/SwiftCheck.build/Objects-normal/arm64/Lattice.o -o /Users/builder/builds/o86TiJKT/2/finestructure/swiftpackageindex-builder/spi-builder-workspace/.derivedData/Build/Intermediates.noindex/SwiftCheck.build/Debug-appletvos/SwiftCheck.build/Objects-normal/arm64/Modifiers.o -index-unit-output-path /SwiftCheck.build/Debug-appletvos/SwiftCheck.build/Objects-normal/arm64/Lattice.o -index-unit-output-path /SwiftCheck.build/Debug-appletvos/SwiftCheck.build/Objects-normal/arm64/Modifiers.o -index-store-path /Users/builder/builds/o86TiJKT/2/finestructure/swiftpackageindex-builder/spi-builder-workspace/.derivedData/Index.noindex/DataStore -index-system-modules
SwiftCompile normal arm64 /Users/builder/builds/o86TiJKT/2/finestructure/swiftpackageindex-builder/spi-builder-workspace/.dependencies/checkouts/SwiftCheck/Sources/SwiftCheck/Lattice.swift (in target 'SwiftCheck' from project 'SwiftCheck')
    cd /Users/builder/builds/o86TiJKT/2/finestructure/swiftpackageindex-builder/spi-builder-workspace
    /Applications/Xcode-15.0.0-Beta.app/Contents/Developer/Toolchains/XcodeDefault.xctoolchain/usr/bin/swift-frontend -c /Users/builder/builds/o86TiJKT/2/finestructure/swiftpackageindex-builder/spi-builder-workspace/.dependencies/checkouts/SwiftCheck/Sources/SwiftCheck/Arbitrary.swift /Users/builder/builds/o86TiJKT/2/finestructure/swiftpackageindex-builder/spi-builder-workspace/.dependencies/checkouts/SwiftCheck/Sources/SwiftCheck/Cartesian.swift /Users/builder/builds/o86TiJKT/2/finestructure/swiftpackageindex-builder/spi-builder-workspace/.dependencies/checkouts/SwiftCheck/Sources/SwiftCheck/Check.swift /Users/builder/builds/o86TiJKT/2/finestructure/swiftpackageindex-builder/spi-builder-workspace/.dependencies/checkouts/SwiftCheck/Sources/SwiftCheck/CoArbitrary.swift /Users/builder/builds/o86TiJKT/2/finestructure/swiftpackageindex-builder/spi-builder-workspace/.dependencies/checkouts/SwiftCheck/Sources/SwiftCheck/Compose.swift /Users/builder/builds/o86TiJKT/2/finestructure/swiftpackageindex-builder/spi-builder-workspace/.dependencies/checkouts/SwiftCheck/Sources/SwiftCheck/Gen.swift -primary-file /Users/builder/builds/o86TiJKT/2/finestructure/swiftpackageindex-builder/spi-builder-workspace/.dependencies/checkouts/SwiftCheck/Sources/SwiftCheck/Lattice.swift -primary-file /Users/builder/builds/o86TiJKT/2/finestructure/swiftpackageindex-builder/spi-builder-workspace/.dependencies/checkouts/SwiftCheck/Sources/SwiftCheck/Modifiers.swift /Users/builder/builds/o86TiJKT/2/finestructure/swiftpackageindex-builder/spi-builder-workspace/.dependencies/checkouts/SwiftCheck/Sources/SwiftCheck/Property.swift /Users/builder/builds/o86TiJKT/2/finestructure/swiftpackageindex-builder/spi-builder-workspace/.dependencies/checkouts/SwiftCheck/Sources/SwiftCheck/Random.swift /Users/builder/builds/o86TiJKT/2/finestructure/swiftpackageindex-builder/spi-builder-workspace/.dependencies/checkouts/SwiftCheck/Sources/SwiftCheck/Rose.swift /Users/builder/builds/o86TiJKT/2/finestructure/swiftpackageindex-builder/spi-builder-workspace/.dependencies/checkouts/SwiftCheck/Sources/SwiftCheck/State.swift /Users/builder/builds/o86TiJKT/2/finestructure/swiftpackageindex-builder/spi-builder-workspace/.dependencies/checkouts/SwiftCheck/Sources/SwiftCheck/Test.swift /Users/builder/builds/o86TiJKT/2/finestructure/swiftpackageindex-builder/spi-builder-workspace/.dependencies/checkouts/SwiftCheck/Sources/SwiftCheck/Testable.swift /Users/builder/builds/o86TiJKT/2/finestructure/swiftpackageindex-builder/spi-builder-workspace/.dependencies/checkouts/SwiftCheck/Sources/SwiftCheck/WitnessedArbitrary.swift -emit-dependencies-path /Users/builder/builds/o86TiJKT/2/finestructure/swiftpackageindex-builder/spi-builder-workspace/.derivedData/Build/Intermediates.noindex/SwiftCheck.build/Debug-appletvos/SwiftCheck.build/Objects-normal/arm64/Lattice.d -emit-const-values-path /Users/builder/builds/o86TiJKT/2/finestructure/swiftpackageindex-builder/spi-builder-workspace/.derivedData/Build/Intermediates.noindex/SwiftCheck.build/Debug-appletvos/SwiftCheck.build/Objects-normal/arm64/Lattice.swiftconstvalues -emit-reference-dependencies-path /Users/builder/builds/o86TiJKT/2/finestructure/swiftpackageindex-builder/spi-builder-workspace/.derivedData/Build/Intermediates.noindex/SwiftCheck.build/Debug-appletvos/SwiftCheck.build/Objects-normal/arm64/Lattice.swiftdeps -serialize-diagnostics-path /Users/builder/builds/o86TiJKT/2/finestructure/swiftpackageindex-builder/spi-builder-workspace/.derivedData/Build/Intermediates.noindex/SwiftCheck.build/Debug-appletvos/SwiftCheck.build/Objects-normal/arm64/Lattice.dia -emit-dependencies-path /Users/builder/builds/o86TiJKT/2/finestructure/swiftpackageindex-builder/spi-builder-workspace/.derivedData/Build/Intermediates.noindex/SwiftCheck.build/Debug-appletvos/SwiftCheck.build/Objects-normal/arm64/Modifiers.d -emit-const-values-path /Users/builder/builds/o86TiJKT/2/finestructure/swiftpackageindex-builder/spi-builder-workspace/.derivedData/Build/Intermediates.noindex/SwiftCheck.build/Debug-appletvos/SwiftCheck.build/Objects-normal/arm64/Modifiers.swiftconstvalues -emit-reference-dependencies-path /Users/builder/builds/o86TiJKT/2/finestructure/swiftpackageindex-builder/spi-builder-workspace/.derivedData/Build/Intermediates.noindex/SwiftCheck.build/Debug-appletvos/SwiftCheck.build/Objects-normal/arm64/Modifiers.swiftdeps -serialize-diagnostics-path /Users/builder/builds/o86TiJKT/2/finestructure/swiftpackageindex-builder/spi-builder-workspace/.derivedData/Build/Intermediates.noindex/SwiftCheck.build/Debug-appletvos/SwiftCheck.build/Objects-normal/arm64/Modifiers.dia -target arm64-apple-tvos12.0 -Xllvm -aarch64-use-tbi -enable-objc-interop -sdk /Applications/Xcode-15.0.0-Beta.app/Contents/Developer/Platforms/AppleTVOS.platform/Developer/SDKs/AppleTVOS17.0.sdk -I /Users/builder/builds/o86TiJKT/2/finestructure/swiftpackageindex-builder/spi-builder-workspace/.derivedData/Build/Products/Debug-appletvos -I /Applications/Xcode-15.0.0-Beta.app/Contents/Developer/Platforms/AppleTVOS.platform/Developer/usr/lib -F /Users/builder/builds/o86TiJKT/2/finestructure/swiftpackageindex-builder/spi-builder-workspace/.derivedData/Build/Products/Debug-appletvos -F /Applications/Xcode-15.0.0-Beta.app/Contents/Developer/Platforms/AppleTVOS.platform/Developer/Library/Frameworks -F /Applications/Xcode-15.0.0-Beta.app/Contents/Developer/Platforms/AppleTVOS.platform/Developer/SDKs/AppleTVOS17.0.sdk/Developer/Library/Frameworks -no-color-diagnostics -enable-testing -g -module-cache-path /Users/builder/builds/o86TiJKT/2/finestructure/swiftpackageindex-builder/spi-builder-workspace/.derivedData/ModuleCache.noindex -swift-version 4 -enforce-exclusivity\=checked -Onone -D SWIFT_PACKAGE -D DEBUG -D Xcode -serialize-debugging-options -const-gather-protocols-file /Users/builder/builds/o86TiJKT/2/finestructure/swiftpackageindex-builder/spi-builder-workspace/.derivedData/Build/Intermediates.noindex/SwiftCheck.build/Debug-appletvos/SwiftCheck.build/Objects-normal/arm64/SwiftCheck_const_extract_protocols.json -empty-abi-descriptor -plugin-path /Applications/Xcode-15.0.0-Beta.app/Contents/Developer/Toolchains/XcodeDefault.xctoolchain/usr/lib/swift/host/plugins -plugin-path /Applications/Xcode-15.0.0-Beta.app/Contents/Developer/Toolchains/XcodeDefault.xctoolchain/usr/local/lib/swift/host/plugins -validate-clang-modules-once -clang-build-session-file /Users/builder/builds/o86TiJKT/2/finestructure/swiftpackageindex-builder/spi-builder-workspace/.derivedData/ModuleCache.noindex/Session.modulevalidation -Xcc -working-directory -Xcc /Users/builder/builds/o86TiJKT/2/finestructure/swiftpackageindex-builder/spi-builder-workspace -resource-dir /Applications/Xcode-15.0.0-Beta.app/Contents/Developer/Toolchains/XcodeDefault.xctoolchain/usr/lib/swift -enable-anonymous-context-mangled-names -Xcc -ivfsstatcache -Xcc /Users/builder/builds/o86TiJKT/2/finestructure/swiftpackageindex-builder/spi-builder-workspace/.derivedData/SDKStatCaches.noindex/appletvos17.0-21J5273p-f1c542bf70c0c6d9321512ea4fae4f06.sdkstatcache -Xcc -I/Users/builder/builds/o86TiJKT/2/finestructure/swiftpackageindex-builder/spi-builder-workspace/.derivedData/Build/Intermediates.noindex/SwiftCheck.build/Debug-appletvos/SwiftCheck.build/swift-overrides.hmap -Xcc -I/Users/builder/builds/o86TiJKT/2/finestructure/swiftpackageindex-builder/spi-builder-workspace/.derivedData/Build/Products/Debug-appletvos/include -Xcc -I/Users/builder/builds/o86TiJKT/2/finestructure/swiftpackageindex-builder/spi-builder-workspace/.derivedData/Build/Intermediates.noindex/SwiftCheck.build/Debug-appletvos/SwiftCheck.build/DerivedSources-normal/arm64 -Xcc -I/Users/builder/builds/o86TiJKT/2/finestructure/swiftpackageindex-builder/spi-builder-workspace/.derivedData/Build/Intermediates.noindex/SwiftCheck.build/Debug-appletvos/SwiftCheck.build/DerivedSources/arm64 -Xcc -I/Users/builder/builds/o86TiJKT/2/finestructure/swiftpackageindex-builder/spi-builder-workspace/.derivedData/Build/Intermediates.noindex/SwiftCheck.build/Debug-appletvos/SwiftCheck.build/DerivedSources -Xcc -DSWIFT_PACKAGE -Xcc -DDEBUG\=1 -module-name SwiftCheck -frontend-parseable-output -disable-clang-spi -target-sdk-version 17.0 -target-sdk-name appletvos17.0 -o /Users/builder/builds/o86TiJKT/2/finestructure/swiftpackageindex-builder/spi-builder-workspace/.derivedData/Build/Intermediates.noindex/SwiftCheck.build/Debug-appletvos/SwiftCheck.build/Objects-normal/arm64/Lattice.o -o /Users/builder/builds/o86TiJKT/2/finestructure/swiftpackageindex-builder/spi-builder-workspace/.derivedData/Build/Intermediates.noindex/SwiftCheck.build/Debug-appletvos/SwiftCheck.build/Objects-normal/arm64/Modifiers.o -index-unit-output-path /SwiftCheck.build/Debug-appletvos/SwiftCheck.build/Objects-normal/arm64/Lattice.o -index-unit-output-path /SwiftCheck.build/Debug-appletvos/SwiftCheck.build/Objects-normal/arm64/Modifiers.o -index-store-path /Users/builder/builds/o86TiJKT/2/finestructure/swiftpackageindex-builder/spi-builder-workspace/.derivedData/Index.noindex/DataStore -index-system-modules
SwiftCompile normal arm64 /Users/builder/builds/o86TiJKT/2/finestructure/swiftpackageindex-builder/spi-builder-workspace/.dependencies/checkouts/SwiftCheck/Sources/SwiftCheck/Modifiers.swift (in target 'SwiftCheck' from project 'SwiftCheck')
    cd /Users/builder/builds/o86TiJKT/2/finestructure/swiftpackageindex-builder/spi-builder-workspace
    /Applications/Xcode-15.0.0-Beta.app/Contents/Developer/Toolchains/XcodeDefault.xctoolchain/usr/bin/swift-frontend -c /Users/builder/builds/o86TiJKT/2/finestructure/swiftpackageindex-builder/spi-builder-workspace/.dependencies/checkouts/SwiftCheck/Sources/SwiftCheck/Arbitrary.swift /Users/builder/builds/o86TiJKT/2/finestructure/swiftpackageindex-builder/spi-builder-workspace/.dependencies/checkouts/SwiftCheck/Sources/SwiftCheck/Cartesian.swift /Users/builder/builds/o86TiJKT/2/finestructure/swiftpackageindex-builder/spi-builder-workspace/.dependencies/checkouts/SwiftCheck/Sources/SwiftCheck/Check.swift /Users/builder/builds/o86TiJKT/2/finestructure/swiftpackageindex-builder/spi-builder-workspace/.dependencies/checkouts/SwiftCheck/Sources/SwiftCheck/CoArbitrary.swift /Users/builder/builds/o86TiJKT/2/finestructure/swiftpackageindex-builder/spi-builder-workspace/.dependencies/checkouts/SwiftCheck/Sources/SwiftCheck/Compose.swift /Users/builder/builds/o86TiJKT/2/finestructure/swiftpackageindex-builder/spi-builder-workspace/.dependencies/checkouts/SwiftCheck/Sources/SwiftCheck/Gen.swift -primary-file /Users/builder/builds/o86TiJKT/2/finestructure/swiftpackageindex-builder/spi-builder-workspace/.dependencies/checkouts/SwiftCheck/Sources/SwiftCheck/Lattice.swift -primary-file /Users/builder/builds/o86TiJKT/2/finestructure/swiftpackageindex-builder/spi-builder-workspace/.dependencies/checkouts/SwiftCheck/Sources/SwiftCheck/Modifiers.swift /Users/builder/builds/o86TiJKT/2/finestructure/swiftpackageindex-builder/spi-builder-workspace/.dependencies/checkouts/SwiftCheck/Sources/SwiftCheck/Property.swift /Users/builder/builds/o86TiJKT/2/finestructure/swiftpackageindex-builder/spi-builder-workspace/.dependencies/checkouts/SwiftCheck/Sources/SwiftCheck/Random.swift /Users/builder/builds/o86TiJKT/2/finestructure/swiftpackageindex-builder/spi-builder-workspace/.dependencies/checkouts/SwiftCheck/Sources/SwiftCheck/Rose.swift /Users/builder/builds/o86TiJKT/2/finestructure/swiftpackageindex-builder/spi-builder-workspace/.dependencies/checkouts/SwiftCheck/Sources/SwiftCheck/State.swift /Users/builder/builds/o86TiJKT/2/finestructure/swiftpackageindex-builder/spi-builder-workspace/.dependencies/checkouts/SwiftCheck/Sources/SwiftCheck/Test.swift /Users/builder/builds/o86TiJKT/2/finestructure/swiftpackageindex-builder/spi-builder-workspace/.dependencies/checkouts/SwiftCheck/Sources/SwiftCheck/Testable.swift /Users/builder/builds/o86TiJKT/2/finestructure/swiftpackageindex-builder/spi-builder-workspace/.dependencies/checkouts/SwiftCheck/Sources/SwiftCheck/WitnessedArbitrary.swift -emit-dependencies-path /Users/builder/builds/o86TiJKT/2/finestructure/swiftpackageindex-builder/spi-builder-workspace/.derivedData/Build/Intermediates.noindex/SwiftCheck.build/Debug-appletvos/SwiftCheck.build/Objects-normal/arm64/Lattice.d -emit-const-values-path /Users/builder/builds/o86TiJKT/2/finestructure/swiftpackageindex-builder/spi-builder-workspace/.derivedData/Build/Intermediates.noindex/SwiftCheck.build/Debug-appletvos/SwiftCheck.build/Objects-normal/arm64/Lattice.swiftconstvalues -emit-reference-dependencies-path /Users/builder/builds/o86TiJKT/2/finestructure/swiftpackageindex-builder/spi-builder-workspace/.derivedData/Build/Intermediates.noindex/SwiftCheck.build/Debug-appletvos/SwiftCheck.build/Objects-normal/arm64/Lattice.swiftdeps -serialize-diagnostics-path /Users/builder/builds/o86TiJKT/2/finestructure/swiftpackageindex-builder/spi-builder-workspace/.derivedData/Build/Intermediates.noindex/SwiftCheck.build/Debug-appletvos/SwiftCheck.build/Objects-normal/arm64/Lattice.dia -emit-dependencies-path /Users/builder/builds/o86TiJKT/2/finestructure/swiftpackageindex-builder/spi-builder-workspace/.derivedData/Build/Intermediates.noindex/SwiftCheck.build/Debug-appletvos/SwiftCheck.build/Objects-normal/arm64/Modifiers.d -emit-const-values-path /Users/builder/builds/o86TiJKT/2/finestructure/swiftpackageindex-builder/spi-builder-workspace/.derivedData/Build/Intermediates.noindex/SwiftCheck.build/Debug-appletvos/SwiftCheck.build/Objects-normal/arm64/Modifiers.swiftconstvalues -emit-reference-dependencies-path /Users/builder/builds/o86TiJKT/2/finestructure/swiftpackageindex-builder/spi-builder-workspace/.derivedData/Build/Intermediates.noindex/SwiftCheck.build/Debug-appletvos/SwiftCheck.build/Objects-normal/arm64/Modifiers.swiftdeps -serialize-diagnostics-path /Users/builder/builds/o86TiJKT/2/finestructure/swiftpackageindex-builder/spi-builder-workspace/.derivedData/Build/Intermediates.noindex/SwiftCheck.build/Debug-appletvos/SwiftCheck.build/Objects-normal/arm64/Modifiers.dia -target arm64-apple-tvos12.0 -Xllvm -aarch64-use-tbi -enable-objc-interop -sdk /Applications/Xcode-15.0.0-Beta.app/Contents/Developer/Platforms/AppleTVOS.platform/Developer/SDKs/AppleTVOS17.0.sdk -I /Users/builder/builds/o86TiJKT/2/finestructure/swiftpackageindex-builder/spi-builder-workspace/.derivedData/Build/Products/Debug-appletvos -I /Applications/Xcode-15.0.0-Beta.app/Contents/Developer/Platforms/AppleTVOS.platform/Developer/usr/lib -F /Users/builder/builds/o86TiJKT/2/finestructure/swiftpackageindex-builder/spi-builder-workspace/.derivedData/Build/Products/Debug-appletvos -F /Applications/Xcode-15.0.0-Beta.app/Contents/Developer/Platforms/AppleTVOS.platform/Developer/Library/Frameworks -F /Applications/Xcode-15.0.0-Beta.app/Contents/Developer/Platforms/AppleTVOS.platform/Developer/SDKs/AppleTVOS17.0.sdk/Developer/Library/Frameworks -no-color-diagnostics -enable-testing -g -module-cache-path /Users/builder/builds/o86TiJKT/2/finestructure/swiftpackageindex-builder/spi-builder-workspace/.derivedData/ModuleCache.noindex -swift-version 4 -enforce-exclusivity\=checked -Onone -D SWIFT_PACKAGE -D DEBUG -D Xcode -serialize-debugging-options -const-gather-protocols-file /Users/builder/builds/o86TiJKT/2/finestructure/swiftpackageindex-builder/spi-builder-workspace/.derivedData/Build/Intermediates.noindex/SwiftCheck.build/Debug-appletvos/SwiftCheck.build/Objects-normal/arm64/SwiftCheck_const_extract_protocols.json -empty-abi-descriptor -plugin-path /Applications/Xcode-15.0.0-Beta.app/Contents/Developer/Toolchains/XcodeDefault.xctoolchain/usr/lib/swift/host/plugins -plugin-path /Applications/Xcode-15.0.0-Beta.app/Contents/Developer/Toolchains/XcodeDefault.xctoolchain/usr/local/lib/swift/host/plugins -validate-clang-modules-once -clang-build-session-file /Users/builder/builds/o86TiJKT/2/finestructure/swiftpackageindex-builder/spi-builder-workspace/.derivedData/ModuleCache.noindex/Session.modulevalidation -Xcc -working-directory -Xcc /Users/builder/builds/o86TiJKT/2/finestructure/swiftpackageindex-builder/spi-builder-workspace -resource-dir /Applications/Xcode-15.0.0-Beta.app/Contents/Developer/Toolchains/XcodeDefault.xctoolchain/usr/lib/swift -enable-anonymous-context-mangled-names -Xcc -ivfsstatcache -Xcc /Users/builder/builds/o86TiJKT/2/finestructure/swiftpackageindex-builder/spi-builder-workspace/.derivedData/SDKStatCaches.noindex/appletvos17.0-21J5273p-f1c542bf70c0c6d9321512ea4fae4f06.sdkstatcache -Xcc -I/Users/builder/builds/o86TiJKT/2/finestructure/swiftpackageindex-builder/spi-builder-workspace/.derivedData/Build/Intermediates.noindex/SwiftCheck.build/Debug-appletvos/SwiftCheck.build/swift-overrides.hmap -Xcc -I/Users/builder/builds/o86TiJKT/2/finestructure/swiftpackageindex-builder/spi-builder-workspace/.derivedData/Build/Products/Debug-appletvos/include -Xcc -I/Users/builder/builds/o86TiJKT/2/finestructure/swiftpackageindex-builder/spi-builder-workspace/.derivedData/Build/Intermediates.noindex/SwiftCheck.build/Debug-appletvos/SwiftCheck.build/DerivedSources-normal/arm64 -Xcc -I/Users/builder/builds/o86TiJKT/2/finestructure/swiftpackageindex-builder/spi-builder-workspace/.derivedData/Build/Intermediates.noindex/SwiftCheck.build/Debug-appletvos/SwiftCheck.build/DerivedSources/arm64 -Xcc -I/Users/builder/builds/o86TiJKT/2/finestructure/swiftpackageindex-builder/spi-builder-workspace/.derivedData/Build/Intermediates.noindex/SwiftCheck.build/Debug-appletvos/SwiftCheck.build/DerivedSources -Xcc -DSWIFT_PACKAGE -Xcc -DDEBUG\=1 -module-name SwiftCheck -frontend-parseable-output -disable-clang-spi -target-sdk-version 17.0 -target-sdk-name appletvos17.0 -o /Users/builder/builds/o86TiJKT/2/finestructure/swiftpackageindex-builder/spi-builder-workspace/.derivedData/Build/Intermediates.noindex/SwiftCheck.build/Debug-appletvos/SwiftCheck.build/Objects-normal/arm64/Lattice.o -o /Users/builder/builds/o86TiJKT/2/finestructure/swiftpackageindex-builder/spi-builder-workspace/.derivedData/Build/Intermediates.noindex/SwiftCheck.build/Debug-appletvos/SwiftCheck.build/Objects-normal/arm64/Modifiers.o -index-unit-output-path /SwiftCheck.build/Debug-appletvos/SwiftCheck.build/Objects-normal/arm64/Lattice.o -index-unit-output-path /SwiftCheck.build/Debug-appletvos/SwiftCheck.build/Objects-normal/arm64/Modifiers.o -index-store-path /Users/builder/builds/o86TiJKT/2/finestructure/swiftpackageindex-builder/spi-builder-workspace/.derivedData/Index.noindex/DataStore -index-system-modules
SwiftEmitModule normal arm64 Emitting\ module\ for\ Abstract (in target 'Abstract' from project 'Abstract')
    cd /Users/builder/builds/o86TiJKT/2/finestructure/swiftpackageindex-builder/spi-builder-workspace
    builtin-swiftTaskExecution -- /Applications/Xcode-15.0.0-Beta.app/Contents/Developer/Toolchains/XcodeDefault.xctoolchain/usr/bin/swift-frontend -frontend -emit-module -experimental-skip-non-inlinable-function-bodies-without-types /Users/builder/builds/o86TiJKT/2/finestructure/swiftpackageindex-builder/spi-builder-workspace/Sources/Abstract/Free/Array+FreeMonoid.swift /Users/builder/builds/o86TiJKT/2/finestructure/swiftpackageindex-builder/spi-builder-workspace/Sources/Abstract/Free/FreeSemiring/SetM.swift /Users/builder/builds/o86TiJKT/2/finestructure/swiftpackageindex-builder/spi-builder-workspace/Sources/Abstract/Free/Multiset+FreeCommutativeMonoid.swift /Users/builder/builds/o86TiJKT/2/finestructure/swiftpackageindex-builder/spi-builder-workspace/Sources/Abstract/Free/NonEmptyArray+FreeSemigroup.swift /Users/builder/builds/o86TiJKT/2/finestructure/swiftpackageindex-builder/spi-builder-workspace/Sources/Abstract/Free/Set+FreeBoundedSemilattice.swift /Users/builder/builds/o86TiJKT/2/finestructure/swiftpackageindex-builder/spi-builder-workspace/Sources/Abstract/Generated/WrapperEquatable.generated.swift /Users/builder/builds/o86TiJKT/2/finestructure/swiftpackageindex-builder/spi-builder-workspace/Sources/Abstract/Morphism/Homomorphism.swift /Users/builder/builds/o86TiJKT/2/finestructure/swiftpackageindex-builder/spi-builder-workspace/Sources/Abstract/Morphism/Isomorphism.swift /Users/builder/builds/o86TiJKT/2/finestructure/swiftpackageindex-builder/spi-builder-workspace/Sources/Abstract/Protocols/BoundedSemilattice.swift /Users/builder/builds/o86TiJKT/2/finestructure/swiftpackageindex-builder/spi-builder-workspace/Sources/Abstract/Protocols/CommutativeMonoid.swift /Users/builder/builds/o86TiJKT/2/finestructure/swiftpackageindex-builder/spi-builder-workspace/Sources/Abstract/Protocols/Magma.swift /Users/builder/builds/o86TiJKT/2/finestructure/swiftpackageindex-builder/spi-builder-workspace/Sources/Abstract/Protocols/Monoid.swift /Users/builder/builds/o86TiJKT/2/finestructure/swiftpackageindex-builder/spi-builder-workspace/Sources/Abstract/Protocols/Semigroup.swift /Users/builder/builds/o86TiJKT/2/finestructure/swiftpackageindex-builder/spi-builder-workspace/Sources/Abstract/Protocols/Semiring.swift /Users/builder/builds/o86TiJKT/2/finestructure/swiftpackageindex-builder/spi-builder-workspace/Sources/Abstract/Support/Adapters.swift /Users/builder/builds/o86TiJKT/2/finestructure/swiftpackageindex-builder/spi-builder-workspace/Sources/Abstract/Support/Law.swift /Users/builder/builds/o86TiJKT/2/finestructure/swiftpackageindex-builder/spi-builder-workspace/Sources/Abstract/Support/Wrapper.swift /Users/builder/builds/o86TiJKT/2/finestructure/swiftpackageindex-builder/spi-builder-workspace/Sources/Abstract/Types/Add.swift /Users/builder/builds/o86TiJKT/2/finestructure/swiftpackageindex-builder/spi-builder-workspace/Sources/Abstract/Types/Algebraic/Coproduct.swift /Users/builder/builds/o86TiJKT/2/finestructure/swiftpackageindex-builder/spi-builder-workspace/Sources/Abstract/Types/Algebraic/Function.swift /Users/builder/builds/o86TiJKT/2/finestructure/swiftpackageindex-builder/spi-builder-workspace/Sources/Abstract/Types/Algebraic/Inclusive.swift /Users/builder/builds/o86TiJKT/2/finestructure/swiftpackageindex-builder/spi-builder-workspace/Sources/Abstract/Types/Algebraic/Product.swift /Users/builder/builds/o86TiJKT/2/finestructure/swiftpackageindex-builder/spi-builder-workspace/Sources/Abstract/Types/And.swift /Users/builder/builds/o86TiJKT/2/finestructure/swiftpackageindex-builder/spi-builder-workspace/Sources/Abstract/Types/Bool.swift /Users/builder/builds/o86TiJKT/2/finestructure/swiftpackageindex-builder/spi-builder-workspace/Sources/Abstract/Types/EndoFunction.swift /Users/builder/builds/o86TiJKT/2/finestructure/swiftpackageindex-builder/spi-builder-workspace/Sources/Abstract/Types/First.swift /Users/builder/builds/o86TiJKT/2/finestructure/swiftpackageindex-builder/spi-builder-workspace/Sources/Abstract/Types/Last.swift /Users/builder/builds/o86TiJKT/2/finestructure/swiftpackageindex-builder/spi-builder-workspace/Sources/Abstract/Types/Max.swift /Users/builder/builds/o86TiJKT/2/finestructure/swiftpackageindex-builder/spi-builder-workspace/Sources/Abstract/Types/Min.swift /Users/builder/builds/o86TiJKT/2/finestructure/swiftpackageindex-builder/spi-builder-workspace/Sources/Abstract/Types/Multiply.swift /Users/builder/builds/o86TiJKT/2/finestructure/swiftpackageindex-builder/spi-builder-workspace/Sources/Abstract/Types/Optional.swift /Users/builder/builds/o86TiJKT/2/finestructure/swiftpackageindex-builder/spi-builder-workspace/Sources/Abstract/Types/Or.swift /Users/builder/builds/o86TiJKT/2/finestructure/swiftpackageindex-builder/spi-builder-workspace/Sources/Abstract/Types/Ordering.swift /Users/builder/builds/o86TiJKT/2/finestructure/swiftpackageindex-builder/spi-builder-workspace/Sources/Abstract/Types/String.swift /Users/builder/builds/o86TiJKT/2/finestructure/swiftpackageindex-builder/spi-builder-workspace/Sources/Abstract/Types/Tropical.swift /Users/builder/builds/o86TiJKT/2/finestructure/swiftpackageindex-builder/spi-builder-workspace/Sources/Abstract/Types/Update.swift /Users/builder/builds/o86TiJKT/2/finestructure/swiftpackageindex-builder/spi-builder-workspace/Sources/Abstract/Utility/Collections.swift /Users/builder/builds/o86TiJKT/2/finestructure/swiftpackageindex-builder/spi-builder-workspace/Sources/Abstract/Utility/Comparison.swift /Users/builder/builds/o86TiJKT/2/finestructure/swiftpackageindex-builder/spi-builder-workspace/Sources/Abstract/Utility/Predicate.swift -target arm64-apple-tvos12.0 -Xllvm -aarch64-use-tbi -enable-objc-interop -sdk /Applications/Xcode-15.0.0-Beta.app/Contents/Developer/Platforms/AppleTVOS.platform/Developer/SDKs/AppleTVOS17.0.sdk -I /Users/builder/builds/o86TiJKT/2/finestructure/swiftpackageindex-builder/spi-builder-workspace/.derivedData/Build/Products/Debug-appletvos -I /Applications/Xcode-15.0.0-Beta.app/Contents/Developer/Platforms/AppleTVOS.platform/Developer/usr/lib -F /Users/builder/builds/o86TiJKT/2/finestructure/swiftpackageindex-builder/spi-builder-workspace/.derivedData/Build/Products/Debug-appletvos/PackageFrameworks -F /Users/builder/builds/o86TiJKT/2/finestructure/swiftpackageindex-builder/spi-builder-workspace/.derivedData/Build/Products/Debug-appletvos -F /Applications/Xcode-15.0.0-Beta.app/Contents/Developer/Platforms/AppleTVOS.platform/Developer/Library/Frameworks -F /Applications/Xcode-15.0.0-Beta.app/Contents/Developer/Platforms/AppleTVOS.platform/Developer/SDKs/AppleTVOS17.0.sdk/Developer/Library/Frameworks -no-color-diagnostics -enable-testing -g -module-cache-path /Users/builder/builds/o86TiJKT/2/finestructure/swiftpackageindex-builder/spi-builder-workspace/.derivedData/ModuleCache.noindex -swift-version 4 -enforce-exclusivity\=checked -Onone -D SWIFT_PACKAGE -D DEBUG -D Xcode -serialize-debugging-options -const-gather-protocols-file /Users/builder/builds/o86TiJKT/2/finestructure/swiftpackageindex-builder/spi-builder-workspace/.derivedData/Build/Intermediates.noindex/Abstract.build/Debug-appletvos/Abstract.build/Objects-normal/arm64/Abstract_const_extract_protocols.json -empty-abi-descriptor -plugin-path /Applications/Xcode-15.0.0-Beta.app/Contents/Developer/Toolchains/XcodeDefault.xctoolchain/usr/lib/swift/host/plugins -plugin-path /Applications/Xcode-15.0.0-Beta.app/Contents/Developer/Toolchains/XcodeDefault.xctoolchain/usr/local/lib/swift/host/plugins -validate-clang-modules-once -clang-build-session-file /Users/builder/builds/o86TiJKT/2/finestructure/swiftpackageindex-builder/spi-builder-workspace/.derivedData/ModuleCache.noindex/Session.modulevalidation -Xcc -working-directory -Xcc /Users/builder/builds/o86TiJKT/2/finestructure/swiftpackageindex-builder/spi-builder-workspace -resource-dir /Applications/Xcode-15.0.0-Beta.app/Contents/Developer/Toolchains/XcodeDefault.xctoolchain/usr/lib/swift -enable-anonymous-context-mangled-names -Xcc -ivfsstatcache -Xcc /Users/builder/builds/o86TiJKT/2/finestructure/swiftpackageindex-builder/spi-builder-workspace/.derivedData/SDKStatCaches.noindex/appletvos17.0-21J5273p-f1c542bf70c0c6d9321512ea4fae4f06.sdkstatcache -Xcc -I/Users/builder/builds/o86TiJKT/2/finestructure/swiftpackageindex-builder/spi-builder-workspace/.derivedData/Build/Intermediates.noindex/Abstract.build/Debug-appletvos/Abstract.build/swift-overrides.hmap -Xcc -I/Users/builder/builds/o86TiJKT/2/finestructure/swiftpackageindex-builder/spi-builder-workspace/.derivedData/Build/Products/Debug-appletvos/include -Xcc -I/Users/builder/builds/o86TiJKT/2/finestructure/swiftpackageindex-builder/spi-builder-workspace/.derivedData/Build/Intermediates.noindex/Abstract.build/Debug-appletvos/Abstract.build/DerivedSources-normal/arm64 -Xcc -I/Users/builder/builds/o86TiJKT/2/finestructure/swiftpackageindex-builder/spi-builder-workspace/.derivedData/Build/Intermediates.noindex/Abstract.build/Debug-appletvos/Abstract.build/DerivedSources/arm64 -Xcc -I/Users/builder/builds/o86TiJKT/2/finestructure/swiftpackageindex-builder/spi-builder-workspace/.derivedData/Build/Intermediates.noindex/Abstract.build/Debug-appletvos/Abstract.build/DerivedSources -Xcc -DSWIFT_PACKAGE -Xcc -DDEBUG\=1 -module-name Abstract -disable-clang-spi -target-sdk-version 17.0 -target-sdk-name appletvos17.0 -emit-module-doc-path /Users/builder/builds/o86TiJKT/2/finestructure/swiftpackageindex-builder/spi-builder-workspace/.derivedData/Build/Intermediates.noindex/Abstract.build/Debug-appletvos/Abstract.build/Objects-normal/arm64/Abstract.swiftdoc -emit-module-source-info-path /Users/builder/builds/o86TiJKT/2/finestructure/swiftpackageindex-builder/spi-builder-workspace/.derivedData/Build/Intermediates.noindex/Abstract.build/Debug-appletvos/Abstract.build/Objects-normal/arm64/Abstract.swiftsourceinfo -emit-objc-header-path /Users/builder/builds/o86TiJKT/2/finestructure/swiftpackageindex-builder/spi-builder-workspace/.derivedData/Build/Intermediates.noindex/Abstract.build/Debug-appletvos/Abstract.build/Objects-normal/arm64/Abstract-Swift.h -serialize-diagnostics-path /Users/builder/builds/o86TiJKT/2/finestructure/swiftpackageindex-builder/spi-builder-workspace/.derivedData/Build/Intermediates.noindex/Abstract.build/Debug-appletvos/Abstract.build/Objects-normal/arm64/Abstract-master-emit-module.dia -emit-dependencies-path /Users/builder/builds/o86TiJKT/2/finestructure/swiftpackageindex-builder/spi-builder-workspace/.derivedData/Build/Intermediates.noindex/Abstract.build/Debug-appletvos/Abstract.build/Objects-normal/arm64/Abstract-master-emit-module.d -o /Users/builder/builds/o86TiJKT/2/finestructure/swiftpackageindex-builder/spi-builder-workspace/.derivedData/Build/Intermediates.noindex/Abstract.build/Debug-appletvos/Abstract.build/Objects-normal/arm64/Abstract.swiftmodule -emit-abi-descriptor-path /Users/builder/builds/o86TiJKT/2/finestructure/swiftpackageindex-builder/spi-builder-workspace/.derivedData/Build/Intermediates.noindex/Abstract.build/Debug-appletvos/Abstract.build/Objects-normal/arm64/Abstract.abi.json
Command SwiftEmitModule failed with a nonzero exit code
** BUILD FAILED **


The following build commands failed:
	SwiftEmitModule normal arm64 Emitting\ module\ for\ SwiftCheck (in target 'SwiftCheck' from project 'SwiftCheck')
	SwiftCompile normal arm64 Compiling\ WitnessedArbitrary.swift /Users/builder/builds/o86TiJKT/2/finestructure/swiftpackageindex-builder/spi-builder-workspace/.dependencies/checkouts/SwiftCheck/Sources/SwiftCheck/WitnessedArbitrary.swift (in target 'SwiftCheck' from project 'SwiftCheck')
	SwiftCompile normal arm64 /Users/builder/builds/o86TiJKT/2/finestructure/swiftpackageindex-builder/spi-builder-workspace/.dependencies/checkouts/SwiftCheck/Sources/SwiftCheck/WitnessedArbitrary.swift (in target 'SwiftCheck' from project 'SwiftCheck')
	SwiftEmitModule normal arm64 Emitting\ module\ for\ Abstract (in target 'Abstract' from project 'Abstract')
(4 failures)
Retrying in 0 seconds ...
BUILD FAILURE 5.9 tvos

Build Machine: Mac 5