Build Information
Failed to build swiftui-stack, reference main (9f1771), with Swift 6.4 for watchOS using Xcode 27.0 on 19 Sep 2026 15:03:53 UTC.
Build Command
env DEVELOPER_DIR=/Applications/Xcode-27.0.0-Release.Candidate.app xcrun xcodebuild -IDEClonedSourcePackagesDirPathOverride=$PWD/.dependencies -skipMacroValidation -skipPackagePluginValidation -derivedDataPath $PWD/.derivedData build -scheme swiftui-stack -destination generic/platform=watchOSBuild Log
SwiftDriver\ Compilation RubberBanding normal arm64 com.apple.xcode.tools.swift.compiler (in target 'RubberBanding' from project 'RubberBanding')
cd /Users/admin/builder/spi-builder-workspace/.swiftpm/xcode
builtin-Swift-Compilation -- /Applications/Xcode-27.0.0-Release.Candidate.app/Contents/Developer/Toolchains/XcodeDefault.xctoolchain/usr/bin/swiftc -parse-as-library -module-name RubberBanding -Onone @/Users/admin/builder/spi-builder-workspace/.derivedData/Build/Intermediates.noindex/RubberBanding.build/Debug-watchos/RubberBanding-t.build/Objects-normal/arm64/RubberBanding.SwiftFileList -DSWIFT_PACKAGE -DDEBUG -DSWIFT_MODULE_RESOURCE_BUNDLE_UNAVAILABLE -DXcode -plugin-path /Applications/Xcode-27.0.0-Release.Candidate.app/Contents/Developer/Toolchains/XcodeDefault.xctoolchain/usr/lib/swift/host/plugins/testing -enable-experimental-feature DebugDescriptionMacro -sdk /Applications/Xcode-27.0.0-Release.Candidate.app/Contents/Developer/Platforms/WatchOS.platform/Developer/SDKs/WatchOS27.0.sdk -target arm64-apple-watchos9.0 -g -module-cache-path /Users/admin/builder/spi-builder-workspace/.derivedData/ModuleCache.noindex -Xfrontend -serialize-debugging-options -profile-coverage-mapping -profile-generate -enable-testing -suppress-warnings -index-store-path /Users/admin/builder/spi-builder-workspace/.derivedData/Index.noindex/DataStore -Xcc -D_LIBCPP_HARDENING_MODE\=_LIBCPP_HARDENING_MODE_DEBUG -swift-version 5 -I /Users/admin/builder/spi-builder-workspace/.derivedData/Build/Products/Debug-watchos -Isystem /Applications/Xcode-27.0.0-Release.Candidate.app/Contents/Developer/Platforms/WatchOS.platform/Developer/usr/lib -F /Users/admin/builder/spi-builder-workspace/.derivedData/Build/Products/Debug-watchos -F /Applications/Xcode-27.0.0-Release.Candidate.app/Contents/Developer/Platforms/WatchOS.platform/Developer/Library/Frameworks -F /Applications/Xcode-27.0.0-Release.Candidate.app/Contents/Developer/Platforms/WatchOS.platform/Developer/SDKs/WatchOS27.0.sdk/Developer/Library/Frameworks -c -j10 -enable-batch-mode -incremental -Xcc -ivfsstatcache -Xcc /Users/admin/builder/spi-builder-workspace/.derivedData/SDKStatCaches.noindex/watchos27.0-24R360-e829b21a6f8c9b70876ba0858053c04477534ef55a1706bf4c1112bbb242f0a2.sdkstatcache -output-file-map /Users/admin/builder/spi-builder-workspace/.derivedData/Build/Intermediates.noindex/RubberBanding.build/Debug-watchos/RubberBanding-t.build/Objects-normal/arm64/RubberBanding-OutputFileMap.json -save-temps -no-color-diagnostics -explicit-module-build -module-cache-path /Users/admin/builder/spi-builder-workspace/.derivedData/Build/Intermediates.noindex/SwiftExplicitPrecompiledModules -clang-scanner-module-cache-path /Users/admin/builder/spi-builder-workspace/.derivedData/ModuleCache.noindex -sdk-module-cache-path /Users/admin/builder/spi-builder-workspace/.derivedData/SDKExplicitPrecompiledModules -emit-dependencies -emit-module -emit-module-path /Users/admin/builder/spi-builder-workspace/.derivedData/Build/Intermediates.noindex/RubberBanding.build/Debug-watchos/RubberBanding-t.build/Objects-normal/arm64/RubberBanding.swiftmodule -serialize-diagnostics -dependency-scan-serialize-diagnostics-path /Users/admin/builder/spi-builder-workspace/.derivedData/Build/Intermediates.noindex/RubberBanding.build/Debug-watchos/RubberBanding-t.build/Objects-normal/arm64/RubberBanding-dependency-scan.dia -validate-clang-modules-once -clang-build-session-file /Users/admin/builder/spi-builder-workspace/.derivedData/ModuleCache.noindex/Session.modulevalidation -Xcc -fmodules-prune-interval\=86400 -Xcc -fmodules-prune-after\=345600 -package-name swift_rubber_banding -emit-const-values -const-gather-protocols-list /Users/admin/builder/spi-builder-workspace/.derivedData/Build/Intermediates.noindex/RubberBanding.build/Debug-watchos/RubberBanding-t.build/Objects-normal/arm64/RubberBanding_const_extract_protocols.json -Xcc -I/Users/admin/builder/spi-builder-workspace/.derivedData/Build/Products/Debug-watchos/include -Xcc -I/Users/admin/builder/spi-builder-workspace/.derivedData/Build/Intermediates.noindex/RubberBanding.build/Debug-watchos/RubberBanding-t.build/DerivedSources-normal/arm64 -Xcc -I/Users/admin/builder/spi-builder-workspace/.derivedData/Build/Intermediates.noindex/RubberBanding.build/Debug-watchos/RubberBanding-t.build/DerivedSources/arm64 -Xcc -I/Users/admin/builder/spi-builder-workspace/.derivedData/Build/Intermediates.noindex/RubberBanding.build/Debug-watchos/RubberBanding-t.build/DerivedSources -Xcc -DSWIFT_PACKAGE -Xcc -DDEBUG\=1 -emit-objc-header -emit-objc-header-path /Users/admin/builder/spi-builder-workspace/.derivedData/Build/Intermediates.noindex/RubberBanding.build/Debug-watchos/RubberBanding-t.build/Objects-normal/arm64/RubberBanding-Swift.h -working-directory /Users/admin/builder/spi-builder-workspace/.swiftpm/xcode -experimental-emit-module-separately -disable-cmo
Ld /Users/admin/builder/spi-builder-workspace/.derivedData/Build/Intermediates.noindex/RubberBanding.build/Debug-watchos/RubberBanding-t.build/Objects-normal/arm64/Binary/RubberBanding.o normal arm64 (in target 'RubberBanding' from project 'RubberBanding')
cd /Users/admin/builder/spi-builder-workspace/.dependencies/checkouts/swift-rubber-banding
/Applications/Xcode-27.0.0-Release.Candidate.app/Contents/Developer/Toolchains/XcodeDefault.xctoolchain/usr/bin/clang -Xlinker -reproducible -target arm64-apple-watchos9.0 -r -isysroot /Applications/Xcode-27.0.0-Release.Candidate.app/Contents/Developer/Platforms/WatchOS.platform/Developer/SDKs/WatchOS27.0.sdk -O0 -w -Xlinker -no_warn_duplicate_libraries -F/Users/admin/builder/spi-builder-workspace/.derivedData/Build/Intermediates.noindex/EagerLinkingTBDs/Debug-watchos -F/Users/admin/builder/spi-builder-workspace/.derivedData/Build/Products/Debug-watchos -iframework /Applications/Xcode-27.0.0-Release.Candidate.app/Contents/Developer/Platforms/WatchOS.platform/Developer/Library/Frameworks -iframework /Applications/Xcode-27.0.0-Release.Candidate.app/Contents/Developer/Platforms/WatchOS.platform/Developer/SDKs/WatchOS27.0.sdk/Developer/Library/Frameworks -filelist /Users/admin/builder/spi-builder-workspace/.derivedData/Build/Intermediates.noindex/RubberBanding.build/Debug-watchos/RubberBanding-t.build/Objects-normal/arm64/RubberBanding.LinkFileList -nostdlib -Xlinker -object_path_lto -Xlinker /Users/admin/builder/spi-builder-workspace/.derivedData/Build/Intermediates.noindex/RubberBanding.build/Debug-watchos/RubberBanding-t.build/Objects-normal/arm64/RubberBanding_lto.o -Xlinker -no_deduplicate -Xlinker -debug_variant -Xlinker -dependency_info -Xlinker /Users/admin/builder/spi-builder-workspace/.derivedData/Build/Intermediates.noindex/RubberBanding.build/Debug-watchos/RubberBanding-t.build/Objects-normal/arm64/RubberBanding_dependency_info.dat -fobjc-link-runtime -L/Applications/Xcode-27.0.0-Release.Candidate.app/Contents/Developer/Toolchains/XcodeDefault.xctoolchain/usr/lib/swift/watchos -L/usr/lib/swift -Xlinker -add_ast_path -Xlinker /Users/admin/builder/spi-builder-workspace/.derivedData/Build/Intermediates.noindex/RubberBanding.build/Debug-watchos/RubberBanding-t.build/Objects-normal/arm64/RubberBanding.swiftmodule -o /Users/admin/builder/spi-builder-workspace/.derivedData/Build/Intermediates.noindex/RubberBanding.build/Debug-watchos/RubberBanding-t.build/Objects-normal/arm64/Binary/RubberBanding.o
SwiftDriverJobDiscovery normal arm64_32 Compiling rubberBand.swift (in target 'RubberBanding' from project 'RubberBanding')
SwiftDriver\ Compilation RubberBanding normal arm64_32 com.apple.xcode.tools.swift.compiler (in target 'RubberBanding' from project 'RubberBanding')
cd /Users/admin/builder/spi-builder-workspace/.swiftpm/xcode
builtin-Swift-Compilation -- /Applications/Xcode-27.0.0-Release.Candidate.app/Contents/Developer/Toolchains/XcodeDefault.xctoolchain/usr/bin/swiftc -parse-as-library -module-name RubberBanding -Onone @/Users/admin/builder/spi-builder-workspace/.derivedData/Build/Intermediates.noindex/RubberBanding.build/Debug-watchos/RubberBanding-t.build/Objects-normal/arm64_32/RubberBanding.SwiftFileList -DSWIFT_PACKAGE -DDEBUG -DSWIFT_MODULE_RESOURCE_BUNDLE_UNAVAILABLE -DXcode -plugin-path /Applications/Xcode-27.0.0-Release.Candidate.app/Contents/Developer/Toolchains/XcodeDefault.xctoolchain/usr/lib/swift/host/plugins/testing -enable-experimental-feature DebugDescriptionMacro -sdk /Applications/Xcode-27.0.0-Release.Candidate.app/Contents/Developer/Platforms/WatchOS.platform/Developer/SDKs/WatchOS27.0.sdk -target arm64_32-apple-watchos9.0 -g -module-cache-path /Users/admin/builder/spi-builder-workspace/.derivedData/ModuleCache.noindex -Xfrontend -serialize-debugging-options -profile-coverage-mapping -profile-generate -enable-testing -suppress-warnings -index-store-path /Users/admin/builder/spi-builder-workspace/.derivedData/Index.noindex/DataStore -Xcc -D_LIBCPP_HARDENING_MODE\=_LIBCPP_HARDENING_MODE_DEBUG -swift-version 5 -I /Users/admin/builder/spi-builder-workspace/.derivedData/Build/Products/Debug-watchos -Isystem /Applications/Xcode-27.0.0-Release.Candidate.app/Contents/Developer/Platforms/WatchOS.platform/Developer/usr/lib -F /Users/admin/builder/spi-builder-workspace/.derivedData/Build/Products/Debug-watchos -F /Applications/Xcode-27.0.0-Release.Candidate.app/Contents/Developer/Platforms/WatchOS.platform/Developer/Library/Frameworks -F /Applications/Xcode-27.0.0-Release.Candidate.app/Contents/Developer/Platforms/WatchOS.platform/Developer/SDKs/WatchOS27.0.sdk/Developer/Library/Frameworks -c -j10 -enable-batch-mode -incremental -Xcc -ivfsstatcache -Xcc /Users/admin/builder/spi-builder-workspace/.derivedData/SDKStatCaches.noindex/watchos27.0-24R360-e829b21a6f8c9b70876ba0858053c04477534ef55a1706bf4c1112bbb242f0a2.sdkstatcache -output-file-map /Users/admin/builder/spi-builder-workspace/.derivedData/Build/Intermediates.noindex/RubberBanding.build/Debug-watchos/RubberBanding-t.build/Objects-normal/arm64_32/RubberBanding-OutputFileMap.json -save-temps -no-color-diagnostics -explicit-module-build -module-cache-path /Users/admin/builder/spi-builder-workspace/.derivedData/Build/Intermediates.noindex/SwiftExplicitPrecompiledModules -clang-scanner-module-cache-path /Users/admin/builder/spi-builder-workspace/.derivedData/ModuleCache.noindex -sdk-module-cache-path /Users/admin/builder/spi-builder-workspace/.derivedData/SDKExplicitPrecompiledModules -emit-dependencies -emit-module -emit-module-path /Users/admin/builder/spi-builder-workspace/.derivedData/Build/Intermediates.noindex/RubberBanding.build/Debug-watchos/RubberBanding-t.build/Objects-normal/arm64_32/RubberBanding.swiftmodule -serialize-diagnostics -dependency-scan-serialize-diagnostics-path /Users/admin/builder/spi-builder-workspace/.derivedData/Build/Intermediates.noindex/RubberBanding.build/Debug-watchos/RubberBanding-t.build/Objects-normal/arm64_32/RubberBanding-dependency-scan.dia -validate-clang-modules-once -clang-build-session-file /Users/admin/builder/spi-builder-workspace/.derivedData/ModuleCache.noindex/Session.modulevalidation -Xcc -fmodules-prune-interval\=86400 -Xcc -fmodules-prune-after\=345600 -package-name swift_rubber_banding -emit-const-values -const-gather-protocols-list /Users/admin/builder/spi-builder-workspace/.derivedData/Build/Intermediates.noindex/RubberBanding.build/Debug-watchos/RubberBanding-t.build/Objects-normal/arm64_32/RubberBanding_const_extract_protocols.json -Xcc -I/Users/admin/builder/spi-builder-workspace/.derivedData/Build/Products/Debug-watchos/include -Xcc -I/Users/admin/builder/spi-builder-workspace/.derivedData/Build/Intermediates.noindex/RubberBanding.build/Debug-watchos/RubberBanding-t.build/DerivedSources-normal/arm64_32 -Xcc -I/Users/admin/builder/spi-builder-workspace/.derivedData/Build/Intermediates.noindex/RubberBanding.build/Debug-watchos/RubberBanding-t.build/DerivedSources/arm64_32 -Xcc -I/Users/admin/builder/spi-builder-workspace/.derivedData/Build/Intermediates.noindex/RubberBanding.build/Debug-watchos/RubberBanding-t.build/DerivedSources -Xcc -DSWIFT_PACKAGE -Xcc -DDEBUG\=1 -emit-objc-header -emit-objc-header-path /Users/admin/builder/spi-builder-workspace/.derivedData/Build/Intermediates.noindex/RubberBanding.build/Debug-watchos/RubberBanding-t.build/Objects-normal/arm64_32/RubberBanding-Swift.h -working-directory /Users/admin/builder/spi-builder-workspace/.swiftpm/xcode -experimental-emit-module-separately -disable-cmo
Ld /Users/admin/builder/spi-builder-workspace/.derivedData/Build/Intermediates.noindex/RubberBanding.build/Debug-watchos/RubberBanding-t.build/Objects-normal/arm64_32/Binary/RubberBanding.o normal arm64_32 (in target 'RubberBanding' from project 'RubberBanding')
cd /Users/admin/builder/spi-builder-workspace/.dependencies/checkouts/swift-rubber-banding
/Applications/Xcode-27.0.0-Release.Candidate.app/Contents/Developer/Toolchains/XcodeDefault.xctoolchain/usr/bin/clang -Xlinker -reproducible -target arm64_32-apple-watchos9.0 -r -isysroot /Applications/Xcode-27.0.0-Release.Candidate.app/Contents/Developer/Platforms/WatchOS.platform/Developer/SDKs/WatchOS27.0.sdk -O0 -w -Xlinker -no_warn_duplicate_libraries -F/Users/admin/builder/spi-builder-workspace/.derivedData/Build/Intermediates.noindex/EagerLinkingTBDs/Debug-watchos -F/Users/admin/builder/spi-builder-workspace/.derivedData/Build/Products/Debug-watchos -iframework /Applications/Xcode-27.0.0-Release.Candidate.app/Contents/Developer/Platforms/WatchOS.platform/Developer/Library/Frameworks -iframework /Applications/Xcode-27.0.0-Release.Candidate.app/Contents/Developer/Platforms/WatchOS.platform/Developer/SDKs/WatchOS27.0.sdk/Developer/Library/Frameworks -filelist /Users/admin/builder/spi-builder-workspace/.derivedData/Build/Intermediates.noindex/RubberBanding.build/Debug-watchos/RubberBanding-t.build/Objects-normal/arm64_32/RubberBanding.LinkFileList -nostdlib -Xlinker -object_path_lto -Xlinker /Users/admin/builder/spi-builder-workspace/.derivedData/Build/Intermediates.noindex/RubberBanding.build/Debug-watchos/RubberBanding-t.build/Objects-normal/arm64_32/RubberBanding_lto.o -Xlinker -no_deduplicate -Xlinker -debug_variant -Xlinker -dependency_info -Xlinker /Users/admin/builder/spi-builder-workspace/.derivedData/Build/Intermediates.noindex/RubberBanding.build/Debug-watchos/RubberBanding-t.build/Objects-normal/arm64_32/RubberBanding_dependency_info.dat -fobjc-link-runtime -L/Applications/Xcode-27.0.0-Release.Candidate.app/Contents/Developer/Toolchains/XcodeDefault.xctoolchain/usr/lib/swift/watchos -L/usr/lib/swift -Xlinker -add_ast_path -Xlinker /Users/admin/builder/spi-builder-workspace/.derivedData/Build/Intermediates.noindex/RubberBanding.build/Debug-watchos/RubberBanding-t.build/Objects-normal/arm64_32/RubberBanding.swiftmodule -o /Users/admin/builder/spi-builder-workspace/.derivedData/Build/Intermediates.noindex/RubberBanding.build/Debug-watchos/RubberBanding-t.build/Objects-normal/arm64_32/Binary/RubberBanding.o
CreateUniversalBinary /Users/admin/builder/spi-builder-workspace/.derivedData/Build/Products/Debug-watchos/RubberBanding.o normal arm64\ arm64_32 (in target 'RubberBanding' from project 'RubberBanding')
cd /Users/admin/builder/spi-builder-workspace/.dependencies/checkouts/swift-rubber-banding
/Applications/Xcode-27.0.0-Release.Candidate.app/Contents/Developer/Toolchains/XcodeDefault.xctoolchain/usr/bin/lipo -create /Users/admin/builder/spi-builder-workspace/.derivedData/Build/Intermediates.noindex/RubberBanding.build/Debug-watchos/RubberBanding-t.build/Objects-normal/arm64/Binary/RubberBanding.o /Users/admin/builder/spi-builder-workspace/.derivedData/Build/Intermediates.noindex/RubberBanding.build/Debug-watchos/RubberBanding-t.build/Objects-normal/arm64_32/Binary/RubberBanding.o -output /Users/admin/builder/spi-builder-workspace/.derivedData/Build/Products/Debug-watchos/RubberBanding.o
ExtractAppIntentsMetadata (in target 'RubberBanding' from project 'RubberBanding')
cd /Users/admin/builder/spi-builder-workspace/.dependencies/checkouts/swift-rubber-banding
/Applications/Xcode-27.0.0-Release.Candidate.app/Contents/Developer/Toolchains/XcodeDefault.xctoolchain/usr/bin/appintentsmetadataprocessor --toolchain-dir /var/run/com.apple.security.cryptexd/mnt/com.apple.MobileAsset.MetalToolchain-v27.1.266.1.7OBftl/Metal.xctoolchain --module-name RubberBanding --sdk-root /Applications/Xcode-27.0.0-Release.Candidate.app/Contents/Developer/Platforms/WatchOS.platform/Developer/SDKs/WatchOS27.0.sdk --xcode-version 27A266a --platform-family watchOS --deployment-target 9.0 --bundle-identifier swift-rubber-banding.RubberBanding --output /Users/admin/builder/spi-builder-workspace/.derivedData/Build/Products/Debug-watchos/RubberBanding.appintents --target-triple arm64-apple-watchos9.0 --target-triple arm64_32-apple-watchos9.0 --binary-file /Users/admin/builder/spi-builder-workspace/.derivedData/Build/Products/Debug-watchos/RubberBanding.o --dependency-file /Users/admin/builder/spi-builder-workspace/.derivedData/Build/Intermediates.noindex/RubberBanding.build/Debug-watchos/RubberBanding-t.build/Objects-normal/arm64/RubberBanding_dependency_info.dat --dependency-file /Users/admin/builder/spi-builder-workspace/.derivedData/Build/Intermediates.noindex/RubberBanding.build/Debug-watchos/RubberBanding-t.build/Objects-normal/arm64_32/RubberBanding_dependency_info.dat --stringsdata-file /Users/admin/builder/spi-builder-workspace/.derivedData/Build/Intermediates.noindex/RubberBanding.build/Debug-watchos/RubberBanding-t.build/Objects-normal/arm64/ExtractedAppShortcutsMetadata.stringsdata --stringsdata-file /Users/admin/builder/spi-builder-workspace/.derivedData/Build/Intermediates.noindex/RubberBanding.build/Debug-watchos/RubberBanding-t.build/Objects-normal/arm64_32/ExtractedAppShortcutsMetadata.stringsdata --source-file-list /Users/admin/builder/spi-builder-workspace/.derivedData/Build/Intermediates.noindex/RubberBanding.build/Debug-watchos/RubberBanding-t.build/Objects-normal/arm64/RubberBanding.SwiftFileList --source-file-list /Users/admin/builder/spi-builder-workspace/.derivedData/Build/Intermediates.noindex/RubberBanding.build/Debug-watchos/RubberBanding-t.build/Objects-normal/arm64_32/RubberBanding.SwiftFileList --metadata-file-list /Users/admin/builder/spi-builder-workspace/.derivedData/Build/Intermediates.noindex/RubberBanding.build/Debug-watchos/RubberBanding-t.build/RubberBanding.DependencyMetadataFileList --static-metadata-file-list /Users/admin/builder/spi-builder-workspace/.derivedData/Build/Intermediates.noindex/RubberBanding.build/Debug-watchos/RubberBanding-t.build/RubberBanding.DependencyStaticMetadataFileList --swift-const-vals-list /Users/admin/builder/spi-builder-workspace/.derivedData/Build/Intermediates.noindex/RubberBanding.build/Debug-watchos/RubberBanding-t.build/Objects-normal/arm64/RubberBanding.SwiftConstValuesFileList --swift-const-vals-list /Users/admin/builder/spi-builder-workspace/.derivedData/Build/Intermediates.noindex/RubberBanding.build/Debug-watchos/RubberBanding-t.build/Objects-normal/arm64_32/RubberBanding.SwiftConstValuesFileList --force --compile-time-extraction --deployment-aware-processing --no-app-shortcuts-localization
2026-09-19 11:03:41.419 appintentsmetadataprocessor[1003:6134] Starting appintentsmetadataprocessor export
2026-09-19 11:03:41.512 appintentsmetadataprocessor[1003:6134] Extracted no relevant App Intents symbols, skipping writing output
SwiftExplicitDependencyGeneratePcm arm64_32 /Users/admin/builder/spi-builder-workspace/.derivedData/SDKExplicitPrecompiledModules/SwiftShims-D9VBB138U50XYYGW2C2V21N3L.pcm
SwiftExplicitDependencyGeneratePcm arm64_32 /Users/admin/builder/spi-builder-workspace/.derivedData/SDKExplicitPrecompiledModules/ptrauth-EW7YZZ7LEZE1QZF2T8148IPSA.pcm
SwiftExplicitDependencyGeneratePcm arm64_32 /Users/admin/builder/spi-builder-workspace/.derivedData/SDKExplicitPrecompiledModules/_Builtin_stdbool-84ZA1VDW90AGWZ2LF5KOCM8DZ.pcm
SwiftExplicitDependencyGeneratePcm arm64_32 /Users/admin/builder/spi-builder-workspace/.derivedData/SDKExplicitPrecompiledModules/_Builtin_stddef-2F9BFIPBQ5EWNSK5G7G7V4EKL.pcm
SwiftExplicitDependencyGeneratePcm arm64_32 /Users/admin/builder/spi-builder-workspace/.derivedData/SDKExplicitPrecompiledModules/_AvailabilityInternal-22ZP1ILSQW16KHXZS5GBZHOCS.pcm
SwiftExplicitDependencyGeneratePcm arm64_32 /Users/admin/builder/spi-builder-workspace/.derivedData/SDKExplicitPrecompiledModules/_SwiftConcurrencyShims-58G4ISYSYDV3AT1DDGEE0QCUF.pcm
SwiftExplicitDependencyGeneratePcm arm64_32 /Users/admin/builder/spi-builder-workspace/.derivedData/SDKExplicitPrecompiledModules/DeveloperToolsSupport-3FQKKPF3BW0SWE1YUZ86OZWIB.pcm
SwiftExplicitDependencyGeneratePcm arm64_32 /Users/admin/builder/spi-builder-workspace/.derivedData/SDKExplicitPrecompiledModules/_Builtin_stdarg-EYJP6DFYQL9GJLH1TJ84A8MHV.pcm
SwiftExplicitDependencyGeneratePcm arm64_32 /Users/admin/builder/spi-builder-workspace/.derivedData/SDKExplicitPrecompiledModules/_Builtin_float-372PLGDQ1U3B6Z5EA5DJMDORJ.pcm
SwiftExplicitDependencyGeneratePcm arm64_32 /Users/admin/builder/spi-builder-workspace/.derivedData/SDKExplicitPrecompiledModules/ptrcheck-EAZ3I917ZFA9H6ZCL6PGLG4TR.pcm
SwiftExplicitDependencyGeneratePcm arm64 /Users/admin/builder/spi-builder-workspace/.derivedData/SDKExplicitPrecompiledModules/_Builtin_float-E4M4A8689VXF1T7P7BV56IKBT.pcm
SwiftExplicitDependencyGeneratePcm arm64 /Users/admin/builder/spi-builder-workspace/.derivedData/SDKExplicitPrecompiledModules/_Builtin_stddef-5OH846KKUPSJJT7GCX9XU1TKG.pcm
SwiftExplicitDependencyGeneratePcm arm64 /Users/admin/builder/spi-builder-workspace/.derivedData/SDKExplicitPrecompiledModules/_Builtin_stdbool-B692L2PMR118794VVYBG37897.pcm
SwiftExplicitDependencyGeneratePcm arm64 /Users/admin/builder/spi-builder-workspace/.derivedData/SDKExplicitPrecompiledModules/_SwiftConcurrencyShims-CTPSFSTDCBVSSQFHL6I305U72.pcm
SwiftExplicitDependencyGeneratePcm arm64 /Users/admin/builder/spi-builder-workspace/.derivedData/SDKExplicitPrecompiledModules/_Builtin_stdarg-3X4KLXUYEI0UGBILP4X7D0CYW.pcm
SwiftExplicitDependencyGeneratePcm arm64 /Users/admin/builder/spi-builder-workspace/.derivedData/SDKExplicitPrecompiledModules/_AvailabilityInternal-42EVAC8Q6P1ZT6G3A168N97G4.pcm
SwiftExplicitDependencyGeneratePcm arm64 /Users/admin/builder/spi-builder-workspace/.derivedData/SDKExplicitPrecompiledModules/ptrauth-C7VQASAJ967Q4Q6SRD4I3CFWZ.pcm
SwiftExplicitDependencyGeneratePcm arm64 /Users/admin/builder/spi-builder-workspace/.derivedData/SDKExplicitPrecompiledModules/ptrcheck-8K07997SIHO7YGY7UQ3LOQ3TJ.pcm
SwiftExplicitDependencyGeneratePcm arm64 /Users/admin/builder/spi-builder-workspace/.derivedData/SDKExplicitPrecompiledModules/SwiftShims-AJ4AZYHQNC33R5RLN7AGEIOMP.pcm
SwiftExplicitDependencyGeneratePcm arm64 /Users/admin/builder/spi-builder-workspace/.derivedData/SDKExplicitPrecompiledModules/DeveloperToolsSupport-CL5QT3CW0ZM498PFTWG64QMLA.pcm
SwiftExplicitDependencyGeneratePcm arm64_32 /Users/admin/builder/spi-builder-workspace/.derivedData/SDKExplicitPrecompiledModules/_DarwinFoundation1-5SNIO0SFHX9KJZTLQGIPAPXUZ.pcm
SwiftExplicitDependencyGeneratePcm arm64 /Users/admin/builder/spi-builder-workspace/.derivedData/SDKExplicitPrecompiledModules/_DarwinFoundation1-7YQ9TVI7XTOGQU9OADRXP33D1.pcm
SwiftExplicitDependencyGeneratePcm arm64_32 /Users/admin/builder/spi-builder-workspace/.derivedData/SDKExplicitPrecompiledModules/_Builtin_limits-AQMEC9CLG0FZQN6TLGDQ6WF78.pcm
SwiftExplicitDependencyGeneratePcm arm64_32 /Users/admin/builder/spi-builder-workspace/.derivedData/SDKExplicitPrecompiledModules/_DarwinFoundation2-FP2Q8F1Q2HR151SBYKTU6Q8B.pcm
SwiftExplicitDependencyGeneratePcm arm64 /Users/admin/builder/spi-builder-workspace/.derivedData/SDKExplicitPrecompiledModules/_Builtin_limits-75TRA1C7IHYOFCG3KJXQVTHJ4.pcm
SwiftExplicitDependencyGeneratePcm arm64 /Users/admin/builder/spi-builder-workspace/.derivedData/SDKExplicitPrecompiledModules/_DarwinFoundation2-CUPL4FH2SA95GMALQP4M6O8UA.pcm
SwiftExplicitDependencyGeneratePcm arm64_32 /Users/admin/builder/spi-builder-workspace/.derivedData/SDKExplicitPrecompiledModules/string_h-8QY7P4ZQXQAF14WVDITTM4R70.pcm
SwiftExplicitDependencyGeneratePcm arm64_32 /Users/admin/builder/spi-builder-workspace/.derivedData/SDKExplicitPrecompiledModules/_Builtin_tgmath-414CVW1GW3IL0HRLCNNCS6Q0U.pcm
SwiftExplicitDependencyGeneratePcm arm64_32 /Users/admin/builder/spi-builder-workspace/.derivedData/SDKExplicitPrecompiledModules/_Builtin_stdint-6IWJLTRH2WB6RCG4THPA65RDS.pcm
SwiftExplicitDependencyGeneratePcm arm64_32 /Users/admin/builder/spi-builder-workspace/.derivedData/SDKExplicitPrecompiledModules/sys_types-65NN51P1G7GN2GUAUPC53JJ7N.pcm
SwiftExplicitDependencyGeneratePcm arm64 /Users/admin/builder/spi-builder-workspace/.derivedData/SDKExplicitPrecompiledModules/_Builtin_stdint-6TUACK4YPMARFT56PLIO388SJ.pcm
SwiftExplicitDependencyGeneratePcm arm64 /Users/admin/builder/spi-builder-workspace/.derivedData/SDKExplicitPrecompiledModules/string_h-4N9Z22C0HUO8GV7GFPCLZRZA2.pcm
SwiftExplicitDependencyGeneratePcm arm64 /Users/admin/builder/spi-builder-workspace/.derivedData/SDKExplicitPrecompiledModules/sys_types-9KPVYINL86WUSHF45TU8PWZZ1.pcm
SwiftExplicitDependencyGeneratePcm arm64 /Users/admin/builder/spi-builder-workspace/.derivedData/SDKExplicitPrecompiledModules/_Builtin_tgmath-7JP2AE1NQHA1DV5JYP2OHQ3BF.pcm
SwiftExplicitDependencyGeneratePcm arm64_32 /Users/admin/builder/spi-builder-workspace/.derivedData/SDKExplicitPrecompiledModules/_Builtin_stdatomic-D2FE5M7JS5NQA5JDADVERWJM4.pcm
SwiftExplicitDependencyGeneratePcm arm64_32 /Users/admin/builder/spi-builder-workspace/.derivedData/SDKExplicitPrecompiledModules/_Builtin_intrinsics-2K07JIG9ZANIKHSNPO3O6L1K6.pcm
SwiftExplicitDependencyGeneratePcm arm64_32 /Users/admin/builder/spi-builder-workspace/.derivedData/SDKExplicitPrecompiledModules/_DarwinFoundation3-3YOBOPIW2MF1LRNQH7JBUBY4G.pcm
SwiftExplicitDependencyGeneratePcm arm64 /Users/admin/builder/spi-builder-workspace/.derivedData/SDKExplicitPrecompiledModules/_DarwinFoundation3-EJXZKD8LN9EYM9OWP9VLJ49PK.pcm
SwiftExplicitDependencyGeneratePcm arm64 /Users/admin/builder/spi-builder-workspace/.derivedData/SDKExplicitPrecompiledModules/_Builtin_intrinsics-SQV576LJA0QE7RW5HF7CQ1BX.pcm
SwiftExplicitDependencyGeneratePcm arm64 /Users/admin/builder/spi-builder-workspace/.derivedData/SDKExplicitPrecompiledModules/_Builtin_stdatomic-25T9UW3XDYID74302F31PX0RP.pcm
SwiftExplicitDependencyGeneratePcm arm64_32 /Users/admin/builder/spi-builder-workspace/.derivedData/SDKExplicitPrecompiledModules/_Builtin_inttypes-BPZJ68HW1IMYWSHROAZ0IMUJP.pcm
SwiftExplicitDependencyGeneratePcm arm64 /Users/admin/builder/spi-builder-workspace/.derivedData/SDKExplicitPrecompiledModules/_Builtin_inttypes-86YTNV5YADPJXFMJ82N3R4GWQ.pcm
SwiftExplicitDependencyGeneratePcm arm64_32 /Users/admin/builder/spi-builder-workspace/.derivedData/SDKExplicitPrecompiledModules/Darwin-10D35ZJWCWG7LJAF579U7I5V7.pcm
SwiftExplicitDependencyGeneratePcm arm64 /Users/admin/builder/spi-builder-workspace/.derivedData/SDKExplicitPrecompiledModules/Darwin-CSB8C43KELVSFIQVR0803IZPN.pcm
SwiftExplicitDependencyGeneratePcm arm64_32 /Users/admin/builder/spi-builder-workspace/.derivedData/SDKExplicitPrecompiledModules/simd-1W6O8NR1QUSWJGAN44DNNWVHX.pcm
SwiftExplicitDependencyGeneratePcm arm64 /Users/admin/builder/spi-builder-workspace/.derivedData/SDKExplicitPrecompiledModules/simd-2C11HKTI5TJB05T724EWNFZXD.pcm
SwiftExplicitDependencyGeneratePcm arm64_32 /Users/admin/builder/spi-builder-workspace/.derivedData/SDKExplicitPrecompiledModules/MachO-F47JQRYVH1SLPOQSJD8RK9MSX.pcm
SwiftExplicitDependencyGeneratePcm arm64_32 /Users/admin/builder/spi-builder-workspace/.derivedData/SDKExplicitPrecompiledModules/ObjectiveC-71AGZNHLBMR2QK817EJNUN54E.pcm
SwiftExplicitDependencyGeneratePcm arm64 /Users/admin/builder/spi-builder-workspace/.derivedData/SDKExplicitPrecompiledModules/MachO-4RYXFVY68ZDEUZYFMVL57WEKU.pcm
SwiftExplicitDependencyGeneratePcm arm64 /Users/admin/builder/spi-builder-workspace/.derivedData/SDKExplicitPrecompiledModules/ObjectiveC-22CZPC4WYQC9G8T393WT2KKLW.pcm
SwiftExplicitDependencyGeneratePcm arm64_32 /Users/admin/builder/spi-builder-workspace/.derivedData/SDKExplicitPrecompiledModules/os_object-CTXVQBCWDOH6JHUXIFDUOWFRL.pcm
SwiftExplicitDependencyGeneratePcm arm64 /Users/admin/builder/spi-builder-workspace/.derivedData/SDKExplicitPrecompiledModules/os_object-6KYGGZ4DPVZ3BBAZ6QICZN8LI.pcm
SwiftExplicitDependencyGeneratePcm arm64_32 /Users/admin/builder/spi-builder-workspace/.derivedData/SDKExplicitPrecompiledModules/os_workgroup-9L9R05BT5LTFRZ2NM68BZTVV2.pcm
SwiftExplicitDependencyGeneratePcm arm64 /Users/admin/builder/spi-builder-workspace/.derivedData/SDKExplicitPrecompiledModules/os_workgroup-AHE7ULDQBKER38CYPIKDTZF4M.pcm
SwiftExplicitDependencyGeneratePcm arm64_32 /Users/admin/builder/spi-builder-workspace/.derivedData/SDKExplicitPrecompiledModules/Spatial-4XS0QRL16224ZE9KE9TMKASKT.pcm
SwiftExplicitDependencyGeneratePcm arm64 /Users/admin/builder/spi-builder-workspace/.derivedData/SDKExplicitPrecompiledModules/Spatial-EZKKX4XFW72RZCTOIG80Z93AP.pcm
SwiftExplicitDependencyGeneratePcm arm64 /Users/admin/builder/spi-builder-workspace/.derivedData/SDKExplicitPrecompiledModules/Dispatch-39VR0G01IUJ09PQKMFGOHXZ4L.pcm
SwiftExplicitDependencyGeneratePcm arm64_32 /Users/admin/builder/spi-builder-workspace/.derivedData/SDKExplicitPrecompiledModules/Dispatch-CGIMI9KQKHNRQHR2IECIPRG14.pcm
SwiftExplicitDependencyGeneratePcm arm64 /Users/admin/builder/spi-builder-workspace/.derivedData/SDKExplicitPrecompiledModules/CoreFoundation-59XKO8YNRGGYNC5U5LK8B4EM.pcm
SwiftExplicitDependencyGeneratePcm arm64 /Users/admin/builder/spi-builder-workspace/.derivedData/SDKExplicitPrecompiledModules/XPC-650JAZBTM6I0OMHYO6CKM0CWJ.pcm
SwiftExplicitDependencyGeneratePcm arm64_32 /Users/admin/builder/spi-builder-workspace/.derivedData/SDKExplicitPrecompiledModules/XPC-7SLKI45KYLKXH9QET2WYS3UZ4.pcm
SwiftExplicitDependencyGeneratePcm arm64_32 /Users/admin/builder/spi-builder-workspace/.derivedData/SDKExplicitPrecompiledModules/CoreFoundation-76B9WJP9MDYT33HZQVSNNZQZD.pcm
SwiftExplicitDependencyGeneratePcm arm64 /Users/admin/builder/spi-builder-workspace/.derivedData/SDKExplicitPrecompiledModules/os-6BCTB8I5DCBBKFJ0Y0G4WQDDJ.pcm
SwiftExplicitDependencyGeneratePcm arm64_32 /Users/admin/builder/spi-builder-workspace/.derivedData/SDKExplicitPrecompiledModules/os-D9NWGT7PQGY2OD43XMA2KGLJK.pcm
SwiftExplicitDependencyGeneratePcm arm64 /Users/admin/builder/spi-builder-workspace/.derivedData/SDKExplicitPrecompiledModules/CoreAudioTypes-51SR7UBHOMSGMEPVFS6PLSR4M.pcm
SwiftExplicitDependencyGeneratePcm arm64 /Users/admin/builder/spi-builder-workspace/.derivedData/SDKExplicitPrecompiledModules/CoreGraphics-5488DA9QVJJ7QOFXPYOYIYFUX.pcm
SwiftExplicitDependencyGeneratePcm arm64 /Users/admin/builder/spi-builder-workspace/.derivedData/SDKExplicitPrecompiledModules/Security-69WNGEAVQP55EDBQHP3BLE8QU.pcm
SwiftExplicitDependencyGeneratePcm arm64_32 /Users/admin/builder/spi-builder-workspace/.derivedData/SDKExplicitPrecompiledModules/CoreGraphics-A4WOQTM8SYZAQP223LI6RRPEK.pcm
SwiftExplicitDependencyGeneratePcm arm64_32 /Users/admin/builder/spi-builder-workspace/.derivedData/SDKExplicitPrecompiledModules/CoreAudioTypes-AY6JAXDJMW2FLVG4UD79375PW.pcm
SwiftExplicitDependencyGeneratePcm arm64_32 /Users/admin/builder/spi-builder-workspace/.derivedData/SDKExplicitPrecompiledModules/Security-1W411BS4UH2UNMNII2341429S.pcm
SwiftExplicitDependencyGeneratePcm arm64 /Users/admin/builder/spi-builder-workspace/.derivedData/SDKExplicitPrecompiledModules/CoreAudio-368NRGVYQ33J8K75Y2DSNU06Y.pcm
SwiftExplicitDependencyGeneratePcm arm64_32 /Users/admin/builder/spi-builder-workspace/.derivedData/SDKExplicitPrecompiledModules/CoreAudio-1FTJGW5ZM9ZN5IKPBE4A9LGNF.pcm
SwiftExplicitDependencyGeneratePcm arm64 /Users/admin/builder/spi-builder-workspace/.derivedData/SDKExplicitPrecompiledModules/Foundation-B3IXODHI7VO4VRX2RWRXLVJZT.pcm
SwiftExplicitDependencyGeneratePcm arm64_32 /Users/admin/builder/spi-builder-workspace/.derivedData/SDKExplicitPrecompiledModules/Foundation-AIQ30TCDC2B0LBUU6FPQZ0HWI.pcm
SwiftExplicitDependencyGeneratePcm arm64_32 /Users/admin/builder/spi-builder-workspace/.derivedData/SDKExplicitPrecompiledModules/CoreText-34U50N378SZT64826L0B62MN6.pcm
SwiftExplicitDependencyGeneratePcm arm64_32 /Users/admin/builder/spi-builder-workspace/.derivedData/SDKExplicitPrecompiledModules/CoreVideo-BX0NALWCB2F1YOTF0NZGV9FWU.pcm
SwiftExplicitDependencyGeneratePcm arm64 /Users/admin/builder/spi-builder-workspace/.derivedData/SDKExplicitPrecompiledModules/CoreVideo-2YRZ292TS6QDW2V2V92NZMPWM.pcm
SwiftExplicitDependencyGeneratePcm arm64 /Users/admin/builder/spi-builder-workspace/.derivedData/SDKExplicitPrecompiledModules/CoreText-BEC0M2J7FJN53VXNFDZDKL9U2.pcm
SwiftExplicitDependencyGeneratePcm arm64_32 /Users/admin/builder/spi-builder-workspace/.derivedData/SDKExplicitPrecompiledModules/CoreMedia-CU8J9TNJY5EX43FQOPTAAHU29.pcm
SwiftExplicitDependencyGeneratePcm arm64 /Users/admin/builder/spi-builder-workspace/.derivedData/SDKExplicitPrecompiledModules/CoreMedia-EO02G285WTXB0RPNG3DP9O9VN.pcm
SwiftExplicitDependencyGeneratePcm arm64 /Users/admin/builder/spi-builder-workspace/.derivedData/SDKExplicitPrecompiledModules/UIUtilities-AR3EDJH6PMDGNUXQGV2JND65S.pcm
SwiftExplicitDependencyGeneratePcm arm64 /Users/admin/builder/spi-builder-workspace/.derivedData/SDKExplicitPrecompiledModules/CoreData-DAEI6Z48P97TYC3SMMGLERAJ5.pcm
SwiftExplicitDependencyGeneratePcm arm64 /Users/admin/builder/spi-builder-workspace/.derivedData/SDKExplicitPrecompiledModules/Symbols-B8SNL2YULCKW9SYIL0T5QLMV.pcm
SwiftExplicitDependencyGeneratePcm arm64 /Users/admin/builder/spi-builder-workspace/.derivedData/SDKExplicitPrecompiledModules/DataDetection-8RQ09UCIV0XSYRF8TQQD54MWN.pcm
SwiftExplicitDependencyGeneratePcm arm64 /Users/admin/builder/spi-builder-workspace/.derivedData/SDKExplicitPrecompiledModules/SceneKit-4VPDXW2J8W40JMX88G7X30C4G.pcm
SwiftExplicitDependencyGeneratePcm arm64 /Users/admin/builder/spi-builder-workspace/.derivedData/SDKExplicitPrecompiledModules/OSLog-ESJZZ70KT229YQNKF5CWYQVLA.pcm
SwiftExplicitDependencyGeneratePcm arm64 /Users/admin/builder/spi-builder-workspace/.derivedData/SDKExplicitPrecompiledModules/Accessibility-DB0V1GY4JDAXG2CZ5MW826DDE.pcm
SwiftExplicitDependencyGeneratePcm arm64 /Users/admin/builder/spi-builder-workspace/.derivedData/SDKExplicitPrecompiledModules/_LocationEssentials-C3HYVW8P89QAUDLD9VRHUF48Q.pcm
SwiftExplicitDependencyGeneratePcm arm64 /Users/admin/builder/spi-builder-workspace/.derivedData/SDKExplicitPrecompiledModules/UniformTypeIdentifiers-47SS6PHE8KOUZX5UOQUNKH397.pcm
SwiftExplicitDependencyGeneratePcm arm64 /Users/admin/builder/spi-builder-workspace/.derivedData/SDKExplicitPrecompiledModules/QuartzCore-BRDP6VIMJ6A6HG4W4NYXZ8BI3.pcm
SwiftExplicitDependencyGeneratePcm arm64_32 /Users/admin/builder/spi-builder-workspace/.derivedData/SDKExplicitPrecompiledModules/UserNotifications-F5AOMF9V2Y10QV8U00QNX8B7Q.pcm
SwiftExplicitDependencyGeneratePcm arm64_32 /Users/admin/builder/spi-builder-workspace/.derivedData/SDKExplicitPrecompiledModules/_LocationEssentials-1XWTF8V96VX3IAHKJO7PJZDU0.pcm
SwiftExplicitDependencyGeneratePcm arm64_32 /Users/admin/builder/spi-builder-workspace/.derivedData/SDKExplicitPrecompiledModules/UIUtilities-ABH83C7CSGMIJAARTF384TV0L.pcm
SwiftExplicitDependencyGeneratePcm arm64_32 /Users/admin/builder/spi-builder-workspace/.derivedData/SDKExplicitPrecompiledModules/Symbols-DP67QJL9W7VSYP70ZVEBE3KRT.pcm
SwiftExplicitDependencyGeneratePcm arm64 /Users/admin/builder/spi-builder-workspace/.derivedData/SDKExplicitPrecompiledModules/CoreLocation-B0A9Z3B1UDU8OLBQROLWD03N3.pcm
SwiftExplicitDependencyGeneratePcm arm64_32 /Users/admin/builder/spi-builder-workspace/.derivedData/SDKExplicitPrecompiledModules/CoreData-6STZ9DXY0E1K8LHUUEU1F4SE.pcm
SwiftExplicitDependencyGeneratePcm arm64_32 /Users/admin/builder/spi-builder-workspace/.derivedData/SDKExplicitPrecompiledModules/CoreTransferable-DSXZOKFM7XQLZ0FRNNKFDWZT0.pcm
SwiftExplicitDependencyGeneratePcm arm64_32 /Users/admin/builder/spi-builder-workspace/.derivedData/SDKExplicitPrecompiledModules/Accessibility-BBXP8Z81UOB3UBBTO3GG9FEEO.pcm
SwiftExplicitDependencyGeneratePcm arm64 /Users/admin/builder/spi-builder-workspace/.derivedData/SDKExplicitPrecompiledModules/SwiftUICore-D4BOUT6VJWDXKNATG8P2F95W3.pcm
SwiftExplicitDependencyGeneratePcm arm64_32 /Users/admin/builder/spi-builder-workspace/.derivedData/SDKExplicitPrecompiledModules/DataDetection-8EDL8T61430CB5CU94L1E3L0C.pcm
SwiftExplicitDependencyGeneratePcm arm64_32 /Users/admin/builder/spi-builder-workspace/.derivedData/SDKExplicitPrecompiledModules/OSLog-DXCLJ0K1EEBRV5MFYJOV1HIUX.pcm
SwiftExplicitDependencyGeneratePcm arm64_32 /Users/admin/builder/spi-builder-workspace/.derivedData/SDKExplicitPrecompiledModules/CoreLocation-4AZRAZ8X3W0CS36SZ1GS4LT05.pcm
SwiftExplicitDependencyGeneratePcm arm64_32 /Users/admin/builder/spi-builder-workspace/.derivedData/SDKExplicitPrecompiledModules/UniformTypeIdentifiers-EH256724QTCKT0XATY095QHVP.pcm
SwiftExplicitDependencyGeneratePcm arm64 /Users/admin/builder/spi-builder-workspace/.derivedData/SDKExplicitPrecompiledModules/CoreTransferable-EULYJN53RZTIP2D6F171CT1YZ.pcm
SwiftExplicitDependencyGeneratePcm arm64_32 /Users/admin/builder/spi-builder-workspace/.derivedData/SDKExplicitPrecompiledModules/QuartzCore-72UYR37X0O2APTD1XMSJ20X5X.pcm
SwiftExplicitDependencyGeneratePcm arm64_32 /Users/admin/builder/spi-builder-workspace/.derivedData/SDKExplicitPrecompiledModules/SceneKit-CLOM4E4D45A8A94N3QNHOVW3H.pcm
SwiftExplicitDependencyGeneratePcm arm64 /Users/admin/builder/spi-builder-workspace/.derivedData/SDKExplicitPrecompiledModules/CoreMotion-70RNUQRT1QM2F8WR42WPP4KQV.pcm
SwiftExplicitDependencyGeneratePcm arm64 /Users/admin/builder/spi-builder-workspace/.derivedData/SDKExplicitPrecompiledModules/UserNotifications-7VIERZPAA371031RT8VBKFYKJ.pcm
SwiftExplicitDependencyGeneratePcm arm64_32 /Users/admin/builder/spi-builder-workspace/.derivedData/SDKExplicitPrecompiledModules/CoreMotion-E9C6K7MOTJF3RC93DULCZ130U.pcm
SwiftExplicitDependencyGeneratePcm arm64_32 /Users/admin/builder/spi-builder-workspace/.derivedData/SDKExplicitPrecompiledModules/SwiftUICore-TURER010MQ2QH6SN4BGDJJKP.pcm
SwiftExplicitDependencyGeneratePcm arm64 /Users/admin/builder/spi-builder-workspace/.derivedData/SDKExplicitPrecompiledModules/UIKit-2XWL6VFNA7WRWSTXI42YLU909.pcm
SwiftExplicitDependencyGeneratePcm arm64_32 /Users/admin/builder/spi-builder-workspace/.derivedData/SDKExplicitPrecompiledModules/UIKit-BGAQE5HOOTG6M9C46O1HHPCDR.pcm
SwiftExplicitDependencyGeneratePcm arm64 /Users/admin/builder/spi-builder-workspace/.derivedData/SDKExplicitPrecompiledModules/MapKit-5U4CPBNVICOGB0BBK9BC7P4E9.pcm
SwiftExplicitDependencyGeneratePcm arm64 /Users/admin/builder/spi-builder-workspace/.derivedData/SDKExplicitPrecompiledModules/HomeKit-2JD3RMVTK0MFX7K570KHTLBBH.pcm
SwiftExplicitDependencyGeneratePcm arm64_32 /Users/admin/builder/spi-builder-workspace/.derivedData/SDKExplicitPrecompiledModules/HomeKit-DXH34ZWEY4P4FEELCOH3LXVCR.pcm
SwiftExplicitDependencyGeneratePcm arm64_32 /Users/admin/builder/spi-builder-workspace/.derivedData/SDKExplicitPrecompiledModules/MapKit-3RCPMYWFYVKLOR1JJH1M1L7O6.pcm
SwiftExplicitDependencyGeneratePcm arm64 /Users/admin/builder/spi-builder-workspace/.derivedData/SDKExplicitPrecompiledModules/WatchKit-22L6Z003SE8XPQ9JS14K57C9N.pcm
SwiftExplicitDependencyGeneratePcm arm64_32 /Users/admin/builder/spi-builder-workspace/.derivedData/SDKExplicitPrecompiledModules/WatchKit-7IATJTA58S6OFDEYHG9JSLLDQ.pcm
SwiftExplicitDependencyGeneratePcm arm64 /Users/admin/builder/spi-builder-workspace/.derivedData/SDKExplicitPrecompiledModules/SwiftUI-E6XJI4PF1Q2HPTXKL91GWARU6.pcm
SwiftExplicitDependencyGeneratePcm arm64_32 /Users/admin/builder/spi-builder-workspace/.derivedData/SDKExplicitPrecompiledModules/SwiftUI-6DR5UJH94SD7QMITGWNAX9FBI.pcm
SwiftCompile normal arm64 Compiling\ View+MeasureSize.swift /Users/admin/builder/spi-builder-workspace/.dependencies/checkouts/swiftui-support/Sources/SwiftUISupportSizing/View+MeasureSize.swift (in target 'SwiftUISupportSizing' from project 'SwiftUISupport')
SwiftCompile normal arm64 /Users/admin/builder/spi-builder-workspace/.dependencies/checkouts/swiftui-support/Sources/SwiftUISupportSizing/View+MeasureSize.swift (in target 'SwiftUISupportSizing' from project 'SwiftUISupport')
cd /Users/admin/builder/spi-builder-workspace/.swiftpm/xcode
builtin-SwiftPerFileCompile View+MeasureSize.swift
SwiftEmitModule normal arm64 Emitting\ module\ for\ SwiftUISupportSizing (in target 'SwiftUISupportSizing' from project 'SwiftUISupport')
SwiftCompile normal arm64 (in target 'SwiftUISupportSizing' from project 'SwiftUISupport')
cd /Users/admin/builder/spi-builder-workspace/.swiftpm/xcode
SwiftEmitModule normal arm64 Emitting\ module\ for\ SwiftUISupportGeometryEffect (in target 'SwiftUISupportGeometryEffect' from project 'SwiftUISupport')
SwiftCompile normal arm64 (in target 'SwiftUISupportGeometryEffect' from project 'SwiftUISupport')
cd /Users/admin/builder/spi-builder-workspace/.swiftpm/xcode
SwiftCompile normal arm64 Compiling\ ResizableModifier.swift /Users/admin/builder/spi-builder-workspace/.dependencies/checkouts/swiftui-support/Sources/SwiftUISupportSizing/ResizableModifier.swift (in target 'SwiftUISupportSizing' from project 'SwiftUISupport')
SwiftCompile normal arm64 /Users/admin/builder/spi-builder-workspace/.dependencies/checkouts/swiftui-support/Sources/SwiftUISupportSizing/ResizableModifier.swift (in target 'SwiftUISupportSizing' from project 'SwiftUISupport')
cd /Users/admin/builder/spi-builder-workspace/.swiftpm/xcode
builtin-SwiftPerFileCompile ResizableModifier.swift
SwiftCompile normal arm64 Compiling\ TranslationEffect.swift /Users/admin/builder/spi-builder-workspace/.dependencies/checkouts/swiftui-support/Sources/SwiftUISupportGeometryEffect/TranslationEffect.swift (in target 'SwiftUISupportGeometryEffect' from project 'SwiftUISupport')
SwiftCompile normal arm64 /Users/admin/builder/spi-builder-workspace/.dependencies/checkouts/swiftui-support/Sources/SwiftUISupportGeometryEffect/TranslationEffect.swift (in target 'SwiftUISupportGeometryEffect' from project 'SwiftUISupport')
cd /Users/admin/builder/spi-builder-workspace/.swiftpm/xcode
builtin-SwiftPerFileCompile TranslationEffect.swift
SwiftCompile normal arm64_32 Compiling\ View+MeasureSize.swift /Users/admin/builder/spi-builder-workspace/.dependencies/checkouts/swiftui-support/Sources/SwiftUISupportSizing/View+MeasureSize.swift (in target 'SwiftUISupportSizing' from project 'SwiftUISupport')
SwiftCompile normal arm64_32 /Users/admin/builder/spi-builder-workspace/.dependencies/checkouts/swiftui-support/Sources/SwiftUISupportSizing/View+MeasureSize.swift (in target 'SwiftUISupportSizing' from project 'SwiftUISupport')
cd /Users/admin/builder/spi-builder-workspace/.swiftpm/xcode
builtin-SwiftPerFileCompile View+MeasureSize.swift
SwiftEmitModule normal arm64_32 Emitting\ module\ for\ SwiftUISupportSizing (in target 'SwiftUISupportSizing' from project 'SwiftUISupport')
SwiftCompile normal arm64_32 (in target 'SwiftUISupportSizing' from project 'SwiftUISupport')
cd /Users/admin/builder/spi-builder-workspace/.swiftpm/xcode
SwiftCompile normal arm64_32 Compiling\ ResizableModifier.swift /Users/admin/builder/spi-builder-workspace/.dependencies/checkouts/swiftui-support/Sources/SwiftUISupportSizing/ResizableModifier.swift (in target 'SwiftUISupportSizing' from project 'SwiftUISupport')
SwiftCompile normal arm64_32 /Users/admin/builder/spi-builder-workspace/.dependencies/checkouts/swiftui-support/Sources/SwiftUISupportSizing/ResizableModifier.swift (in target 'SwiftUISupportSizing' from project 'SwiftUISupport')
cd /Users/admin/builder/spi-builder-workspace/.swiftpm/xcode
builtin-SwiftPerFileCompile ResizableModifier.swift
SwiftEmitModule normal arm64_32 Emitting\ module\ for\ SwiftUISupportGeometryEffect (in target 'SwiftUISupportGeometryEffect' from project 'SwiftUISupport')
SwiftCompile normal arm64_32 (in target 'SwiftUISupportGeometryEffect' from project 'SwiftUISupport')
cd /Users/admin/builder/spi-builder-workspace/.swiftpm/xcode
SwiftCompile normal arm64_32 Compiling\ TranslationEffect.swift /Users/admin/builder/spi-builder-workspace/.dependencies/checkouts/swiftui-support/Sources/SwiftUISupportGeometryEffect/TranslationEffect.swift (in target 'SwiftUISupportGeometryEffect' from project 'SwiftUISupport')
SwiftCompile normal arm64_32 /Users/admin/builder/spi-builder-workspace/.dependencies/checkouts/swiftui-support/Sources/SwiftUISupportGeometryEffect/TranslationEffect.swift (in target 'SwiftUISupportGeometryEffect' from project 'SwiftUISupport')
cd /Users/admin/builder/spi-builder-workspace/.swiftpm/xcode
builtin-SwiftPerFileCompile TranslationEffect.swift
SwiftDriverJobDiscovery normal arm64 Emitting module for SwiftUISupportGeometryEffect (in target 'SwiftUISupportGeometryEffect' from project 'SwiftUISupport')
SwiftDriver\ Compilation\ Requirements SwiftUISupportGeometryEffect normal arm64 com.apple.xcode.tools.swift.compiler (in target 'SwiftUISupportGeometryEffect' from project 'SwiftUISupport')
cd /Users/admin/builder/spi-builder-workspace/.swiftpm/xcode
builtin-Swift-Compilation-Requirements -- /Applications/Xcode-27.0.0-Release.Candidate.app/Contents/Developer/Toolchains/XcodeDefault.xctoolchain/usr/bin/swiftc -parse-as-library -module-name SwiftUISupportGeometryEffect -Onone @/Users/admin/builder/spi-builder-workspace/.derivedData/Build/Intermediates.noindex/SwiftUISupport.build/Debug-watchos/SwiftUISupportGeometryEffect-t.build/Objects-normal/arm64/SwiftUISupportGeometryEffect.SwiftFileList -DSWIFT_PACKAGE -DDEBUG -DSWIFT_MODULE_RESOURCE_BUNDLE_UNAVAILABLE -DXcode -plugin-path /Applications/Xcode-27.0.0-Release.Candidate.app/Contents/Developer/Toolchains/XcodeDefault.xctoolchain/usr/lib/swift/host/plugins/testing -enable-experimental-feature DebugDescriptionMacro -sdk /Applications/Xcode-27.0.0-Release.Candidate.app/Contents/Developer/Platforms/WatchOS.platform/Developer/SDKs/WatchOS27.0.sdk -target arm64-apple-watchos9.0 -g -module-cache-path /Users/admin/builder/spi-builder-workspace/.derivedData/ModuleCache.noindex -Xfrontend -serialize-debugging-options -profile-coverage-mapping -profile-generate -enable-testing -suppress-warnings -index-store-path /Users/admin/builder/spi-builder-workspace/.derivedData/Index.noindex/DataStore -Xcc -D_LIBCPP_HARDENING_MODE\=_LIBCPP_HARDENING_MODE_DEBUG -swift-version 6 -I /Users/admin/builder/spi-builder-workspace/.derivedData/Build/Products/Debug-watchos -Isystem /Applications/Xcode-27.0.0-Release.Candidate.app/Contents/Developer/Platforms/WatchOS.platform/Developer/usr/lib -F /Users/admin/builder/spi-builder-workspace/.derivedData/Build/Products/Debug-watchos -F /Applications/Xcode-27.0.0-Release.Candidate.app/Contents/Developer/Platforms/WatchOS.platform/Developer/Library/Frameworks -F /Applications/Xcode-27.0.0-Release.Candidate.app/Contents/Developer/Platforms/WatchOS.platform/Developer/SDKs/WatchOS27.0.sdk/Developer/Library/Frameworks -c -j10 -enable-batch-mode -incremental -Xcc -ivfsstatcache -Xcc /Users/admin/builder/spi-builder-workspace/.derivedData/SDKStatCaches.noindex/watchos27.0-24R360-e829b21a6f8c9b70876ba0858053c04477534ef55a1706bf4c1112bbb242f0a2.sdkstatcache -output-file-map /Users/admin/builder/spi-builder-workspace/.derivedData/Build/Intermediates.noindex/SwiftUISupport.build/Debug-watchos/SwiftUISupportGeometryEffect-t.build/Objects-normal/arm64/SwiftUISupportGeometryEffect-OutputFileMap.json -save-temps -no-color-diagnostics -explicit-module-build -module-cache-path /Users/admin/builder/spi-builder-workspace/.derivedData/Build/Intermediates.noindex/SwiftExplicitPrecompiledModules -clang-scanner-module-cache-path /Users/admin/builder/spi-builder-workspace/.derivedData/ModuleCache.noindex -sdk-module-cache-path /Users/admin/builder/spi-builder-workspace/.derivedData/SDKExplicitPrecompiledModules -emit-dependencies -emit-module -emit-module-path /Users/admin/builder/spi-builder-workspace/.derivedData/Build/Intermediates.noindex/SwiftUISupport.build/Debug-watchos/SwiftUISupportGeometryEffect-t.build/Objects-normal/arm64/SwiftUISupportGeometryEffect.swiftmodule -serialize-diagnostics -dependency-scan-serialize-diagnostics-path /Users/admin/builder/spi-builder-workspace/.derivedData/Build/Intermediates.noindex/SwiftUISupport.build/Debug-watchos/SwiftUISupportGeometryEffect-t.build/Objects-normal/arm64/SwiftUISupportGeometryEffect-dependency-scan.dia -user-module-version 0.14.0 -validate-clang-modules-once -clang-build-session-file /Users/admin/builder/spi-builder-workspace/.derivedData/ModuleCache.noindex/Session.modulevalidation -Xcc -fmodules-prune-interval\=86400 -Xcc -fmodules-prune-after\=345600 -package-name swiftui_support -emit-const-values -const-gather-protocols-list /Users/admin/builder/spi-builder-workspace/.derivedData/Build/Intermediates.noindex/SwiftUISupport.build/Debug-watchos/SwiftUISupportGeometryEffect-t.build/Objects-normal/arm64/SwiftUISupportGeometryEffect_const_extract_protocols.json -Xcc -I/Users/admin/builder/spi-builder-workspace/.derivedData/Build/Products/Debug-watchos/include -Xcc -I/Users/admin/builder/spi-builder-workspace/.derivedData/Build/Intermediates.noindex/SwiftUISupport.build/Debug-watchos/SwiftUISupportGeometryEffect-t.build/DerivedSources-normal/arm64 -Xcc -I/Users/admin/builder/spi-builder-workspace/.derivedData/Build/Intermediates.noindex/SwiftUISupport.build/Debug-watchos/SwiftUISupportGeometryEffect-t.build/DerivedSources/arm64 -Xcc -I/Users/admin/builder/spi-builder-workspace/.derivedData/Build/Intermediates.noindex/SwiftUISupport.build/Debug-watchos/SwiftUISupportGeometryEffect-t.build/DerivedSources -Xcc -DSWIFT_PACKAGE -Xcc -DDEBUG\=1 -emit-objc-header -emit-objc-header-path /Users/admin/builder/spi-builder-workspace/.derivedData/Build/Intermediates.noindex/SwiftUISupport.build/Debug-watchos/SwiftUISupportGeometryEffect-t.build/Objects-normal/arm64/SwiftUISupportGeometryEffect-Swift.h -working-directory /Users/admin/builder/spi-builder-workspace/.swiftpm/xcode -experimental-emit-module-separately -disable-cmo
Copy /Users/admin/builder/spi-builder-workspace/.derivedData/Build/Products/Debug-watchos/SwiftUISupportGeometryEffect.swiftmodule/arm64-apple-watchos.swiftmodule /Users/admin/builder/spi-builder-workspace/.derivedData/Build/Intermediates.noindex/SwiftUISupport.build/Debug-watchos/SwiftUISupportGeometryEffect-t.build/Objects-normal/arm64/SwiftUISupportGeometryEffect.swiftmodule (in target 'SwiftUISupportGeometryEffect' from project 'SwiftUISupport')
cd /Users/admin/builder/spi-builder-workspace/.dependencies/checkouts/swiftui-support
builtin-copy -exclude .DS_Store -exclude CVS -exclude .svn -exclude .git -exclude .hg -resolve-src-symlinks -rename /Users/admin/builder/spi-builder-workspace/.derivedData/Build/Intermediates.noindex/SwiftUISupport.build/Debug-watchos/SwiftUISupportGeometryEffect-t.build/Objects-normal/arm64/SwiftUISupportGeometryEffect.swiftmodule /Users/admin/builder/spi-builder-workspace/.derivedData/Build/Products/Debug-watchos/SwiftUISupportGeometryEffect.swiftmodule/arm64-apple-watchos.swiftmodule
Copy /Users/admin/builder/spi-builder-workspace/.derivedData/Build/Products/Debug-watchos/SwiftUISupportGeometryEffect.swiftmodule/arm64-apple-watchos.swiftdoc /Users/admin/builder/spi-builder-workspace/.derivedData/Build/Intermediates.noindex/SwiftUISupport.build/Debug-watchos/SwiftUISupportGeometryEffect-t.build/Objects-normal/arm64/SwiftUISupportGeometryEffect.swiftdoc (in target 'SwiftUISupportGeometryEffect' from project 'SwiftUISupport')
cd /Users/admin/builder/spi-builder-workspace/.dependencies/checkouts/swiftui-support
builtin-copy -exclude .DS_Store -exclude CVS -exclude .svn -exclude .git -exclude .hg -resolve-src-symlinks -rename /Users/admin/builder/spi-builder-workspace/.derivedData/Build/Intermediates.noindex/SwiftUISupport.build/Debug-watchos/SwiftUISupportGeometryEffect-t.build/Objects-normal/arm64/SwiftUISupportGeometryEffect.swiftdoc /Users/admin/builder/spi-builder-workspace/.derivedData/Build/Products/Debug-watchos/SwiftUISupportGeometryEffect.swiftmodule/arm64-apple-watchos.swiftdoc
Copy /Users/admin/builder/spi-builder-workspace/.derivedData/Build/Products/Debug-watchos/SwiftUISupportGeometryEffect.swiftmodule/arm64-apple-watchos.abi.json /Users/admin/builder/spi-builder-workspace/.derivedData/Build/Intermediates.noindex/SwiftUISupport.build/Debug-watchos/SwiftUISupportGeometryEffect-t.build/Objects-normal/arm64/SwiftUISupportGeometryEffect.abi.json (in target 'SwiftUISupportGeometryEffect' from project 'SwiftUISupport')
cd /Users/admin/builder/spi-builder-workspace/.dependencies/checkouts/swiftui-support
builtin-copy -exclude .DS_Store -exclude CVS -exclude .svn -exclude .git -exclude .hg -resolve-src-symlinks -rename /Users/admin/builder/spi-builder-workspace/.derivedData/Build/Intermediates.noindex/SwiftUISupport.build/Debug-watchos/SwiftUISupportGeometryEffect-t.build/Objects-normal/arm64/SwiftUISupportGeometryEffect.abi.json /Users/admin/builder/spi-builder-workspace/.derivedData/Build/Products/Debug-watchos/SwiftUISupportGeometryEffect.swiftmodule/arm64-apple-watchos.abi.json
Copy /Users/admin/builder/spi-builder-workspace/.derivedData/Build/Products/Debug-watchos/SwiftUISupportGeometryEffect.swiftmodule/Project/arm64-apple-watchos.swiftsourceinfo /Users/admin/builder/spi-builder-workspace/.derivedData/Build/Intermediates.noindex/SwiftUISupport.build/Debug-watchos/SwiftUISupportGeometryEffect-t.build/Objects-normal/arm64/SwiftUISupportGeometryEffect.swiftsourceinfo (in target 'SwiftUISupportGeometryEffect' from project 'SwiftUISupport')
cd /Users/admin/builder/spi-builder-workspace/.dependencies/checkouts/swiftui-support
builtin-copy -exclude .DS_Store -exclude CVS -exclude .svn -exclude .git -exclude .hg -resolve-src-symlinks -rename /Users/admin/builder/spi-builder-workspace/.derivedData/Build/Intermediates.noindex/SwiftUISupport.build/Debug-watchos/SwiftUISupportGeometryEffect-t.build/Objects-normal/arm64/SwiftUISupportGeometryEffect.swiftsourceinfo /Users/admin/builder/spi-builder-workspace/.derivedData/Build/Products/Debug-watchos/SwiftUISupportGeometryEffect.swiftmodule/Project/arm64-apple-watchos.swiftsourceinfo
SwiftDriverJobDiscovery normal arm64_32 Emitting module for SwiftUISupportGeometryEffect (in target 'SwiftUISupportGeometryEffect' from project 'SwiftUISupport')
SwiftDriver\ Compilation\ Requirements SwiftUISupportGeometryEffect normal arm64_32 com.apple.xcode.tools.swift.compiler (in target 'SwiftUISupportGeometryEffect' from project 'SwiftUISupport')
cd /Users/admin/builder/spi-builder-workspace/.swiftpm/xcode
builtin-Swift-Compilation-Requirements -- /Applications/Xcode-27.0.0-Release.Candidate.app/Contents/Developer/Toolchains/XcodeDefault.xctoolchain/usr/bin/swiftc -parse-as-library -module-name SwiftUISupportGeometryEffect -Onone @/Users/admin/builder/spi-builder-workspace/.derivedData/Build/Intermediates.noindex/SwiftUISupport.build/Debug-watchos/SwiftUISupportGeometryEffect-t.build/Objects-normal/arm64_32/SwiftUISupportGeometryEffect.SwiftFileList -DSWIFT_PACKAGE -DDEBUG -DSWIFT_MODULE_RESOURCE_BUNDLE_UNAVAILABLE -DXcode -plugin-path /Applications/Xcode-27.0.0-Release.Candidate.app/Contents/Developer/Toolchains/XcodeDefault.xctoolchain/usr/lib/swift/host/plugins/testing -enable-experimental-feature DebugDescriptionMacro -sdk /Applications/Xcode-27.0.0-Release.Candidate.app/Contents/Developer/Platforms/WatchOS.platform/Developer/SDKs/WatchOS27.0.sdk -target arm64_32-apple-watchos9.0 -g -module-cache-path /Users/admin/builder/spi-builder-workspace/.derivedData/ModuleCache.noindex -Xfrontend -serialize-debugging-options -profile-coverage-mapping -profile-generate -enable-testing -suppress-warnings -index-store-path /Users/admin/builder/spi-builder-workspace/.derivedData/Index.noindex/DataStore -Xcc -D_LIBCPP_HARDENING_MODE\=_LIBCPP_HARDENING_MODE_DEBUG -swift-version 6 -I /Users/admin/builder/spi-builder-workspace/.derivedData/Build/Products/Debug-watchos -Isystem /Applications/Xcode-27.0.0-Release.Candidate.app/Contents/Developer/Platforms/WatchOS.platform/Developer/usr/lib -F /Users/admin/builder/spi-builder-workspace/.derivedData/Build/Products/Debug-watchos -F /Applications/Xcode-27.0.0-Release.Candidate.app/Contents/Developer/Platforms/WatchOS.platform/Developer/Library/Frameworks -F /Applications/Xcode-27.0.0-Release.Candidate.app/Contents/Developer/Platforms/WatchOS.platform/Developer/SDKs/WatchOS27.0.sdk/Developer/Library/Frameworks -c -j10 -enable-batch-mode -incremental -Xcc -ivfsstatcache -Xcc /Users/admin/builder/spi-builder-workspace/.derivedData/SDKStatCaches.noindex/watchos27.0-24R360-e829b21a6f8c9b70876ba0858053c04477534ef55a1706bf4c1112bbb242f0a2.sdkstatcache -output-file-map /Users/admin/builder/spi-builder-workspace/.derivedData/Build/Intermediates.noindex/SwiftUISupport.build/Debug-watchos/SwiftUISupportGeometryEffect-t.build/Objects-normal/arm64_32/SwiftUISupportGeometryEffect-OutputFileMap.json -save-temps -no-color-diagnostics -explicit-module-build -module-cache-path /Users/admin/builder/spi-builder-workspace/.derivedData/Build/Intermediates.noindex/SwiftExplicitPrecompiledModules -clang-scanner-module-cache-path /Users/admin/builder/spi-builder-workspace/.derivedData/ModuleCache.noindex -sdk-module-cache-path /Users/admin/builder/spi-builder-workspace/.derivedData/SDKExplicitPrecompiledModules -emit-dependencies -emit-module -emit-module-path /Users/admin/builder/spi-builder-workspace/.derivedData/Build/Intermediates.noindex/SwiftUISupport.build/Debug-watchos/SwiftUISupportGeometryEffect-t.build/Objects-normal/arm64_32/SwiftUISupportGeometryEffect.swiftmodule -serialize-diagnostics -dependency-scan-serialize-diagnostics-path /Users/admin/builder/spi-builder-workspace/.derivedData/Build/Intermediates.noindex/SwiftUISupport.build/Debug-watchos/SwiftUISupportGeometryEffect-t.build/Objects-normal/arm64_32/SwiftUISupportGeometryEffect-dependency-scan.dia -user-module-version 0.14.0 -validate-clang-modules-once -clang-build-session-file /Users/admin/builder/spi-builder-workspace/.derivedData/ModuleCache.noindex/Session.modulevalidation -Xcc -fmodules-prune-interval\=86400 -Xcc -fmodules-prune-after\=345600 -package-name swiftui_support -emit-const-values -const-gather-protocols-list /Users/admin/builder/spi-builder-workspace/.derivedData/Build/Intermediates.noindex/SwiftUISupport.build/Debug-watchos/SwiftUISupportGeometryEffect-t.build/Objects-normal/arm64_32/SwiftUISupportGeometryEffect_const_extract_protocols.json -Xcc -I/Users/admin/builder/spi-builder-workspace/.derivedData/Build/Products/Debug-watchos/include -Xcc -I/Users/admin/builder/spi-builder-workspace/.derivedData/Build/Intermediates.noindex/SwiftUISupport.build/Debug-watchos/SwiftUISupportGeometryEffect-t.build/DerivedSources-normal/arm64_32 -Xcc -I/Users/admin/builder/spi-builder-workspace/.derivedData/Build/Intermediates.noindex/SwiftUISupport.build/Debug-watchos/SwiftUISupportGeometryEffect-t.build/DerivedSources/arm64_32 -Xcc -I/Users/admin/builder/spi-builder-workspace/.derivedData/Build/Intermediates.noindex/SwiftUISupport.build/Debug-watchos/SwiftUISupportGeometryEffect-t.build/DerivedSources -Xcc -DSWIFT_PACKAGE -Xcc -DDEBUG\=1 -emit-objc-header -emit-objc-header-path /Users/admin/builder/spi-builder-workspace/.derivedData/Build/Intermediates.noindex/SwiftUISupport.build/Debug-watchos/SwiftUISupportGeometryEffect-t.build/Objects-normal/arm64_32/SwiftUISupportGeometryEffect-Swift.h -working-directory /Users/admin/builder/spi-builder-workspace/.swiftpm/xcode -experimental-emit-module-separately -disable-cmo
SwiftMergeGeneratedHeaders /Users/admin/builder/spi-builder-workspace/.derivedData/Build/Intermediates.noindex/GeneratedModuleMaps-watchos/SwiftUISupportGeometryEffect-Swift.h /Users/admin/builder/spi-builder-workspace/.derivedData/Build/Intermediates.noindex/SwiftUISupport.build/Debug-watchos/SwiftUISupportGeometryEffect-t.build/Objects-normal/arm64/SwiftUISupportGeometryEffect-Swift.h /Users/admin/builder/spi-builder-workspace/.derivedData/Build/Intermediates.noindex/SwiftUISupport.build/Debug-watchos/SwiftUISupportGeometryEffect-t.build/Objects-normal/arm64_32/SwiftUISupportGeometryEffect-Swift.h (in target 'SwiftUISupportGeometryEffect' from project 'SwiftUISupport')
cd /Users/admin/builder/spi-builder-workspace/.dependencies/checkouts/swiftui-support
builtin-swiftHeaderTool -arch arm64 /Users/admin/builder/spi-builder-workspace/.derivedData/Build/Intermediates.noindex/SwiftUISupport.build/Debug-watchos/SwiftUISupportGeometryEffect-t.build/Objects-normal/arm64/SwiftUISupportGeometryEffect-Swift.h -arch arm64_32 /Users/admin/builder/spi-builder-workspace/.derivedData/Build/Intermediates.noindex/SwiftUISupport.build/Debug-watchos/SwiftUISupportGeometryEffect-t.build/Objects-normal/arm64_32/SwiftUISupportGeometryEffect-Swift.h -o /Users/admin/builder/spi-builder-workspace/.derivedData/Build/Intermediates.noindex/GeneratedModuleMaps-watchos/SwiftUISupportGeometryEffect-Swift.h
Copy /Users/admin/builder/spi-builder-workspace/.derivedData/Build/Products/Debug-watchos/SwiftUISupportGeometryEffect.swiftmodule/arm64_32-apple-watchos.swiftmodule /Users/admin/builder/spi-builder-workspace/.derivedData/Build/Intermediates.noindex/SwiftUISupport.build/Debug-watchos/SwiftUISupportGeometryEffect-t.build/Objects-normal/arm64_32/SwiftUISupportGeometryEffect.swiftmodule (in target 'SwiftUISupportGeometryEffect' from project 'SwiftUISupport')
cd /Users/admin/builder/spi-builder-workspace/.dependencies/checkouts/swiftui-support
builtin-copy -exclude .DS_Store -exclude CVS -exclude .svn -exclude .git -exclude .hg -resolve-src-symlinks -rename /Users/admin/builder/spi-builder-workspace/.derivedData/Build/Intermediates.noindex/SwiftUISupport.build/Debug-watchos/SwiftUISupportGeometryEffect-t.build/Objects-normal/arm64_32/SwiftUISupportGeometryEffect.swiftmodule /Users/admin/builder/spi-builder-workspace/.derivedData/Build/Products/Debug-watchos/SwiftUISupportGeometryEffect.swiftmodule/arm64_32-apple-watchos.swiftmodule
Copy /Users/admin/builder/spi-builder-workspace/.derivedData/Build/Products/Debug-watchos/SwiftUISupportGeometryEffect.swiftmodule/arm64_32-apple-watchos.swiftdoc /Users/admin/builder/spi-builder-workspace/.derivedData/Build/Intermediates.noindex/SwiftUISupport.build/Debug-watchos/SwiftUISupportGeometryEffect-t.build/Objects-normal/arm64_32/SwiftUISupportGeometryEffect.swiftdoc (in target 'SwiftUISupportGeometryEffect' from project 'SwiftUISupport')
cd /Users/admin/builder/spi-builder-workspace/.dependencies/checkouts/swiftui-support
builtin-copy -exclude .DS_Store -exclude CVS -exclude .svn -exclude .git -exclude .hg -resolve-src-symlinks -rename /Users/admin/builder/spi-builder-workspace/.derivedData/Build/Intermediates.noindex/SwiftUISupport.build/Debug-watchos/SwiftUISupportGeometryEffect-t.build/Objects-normal/arm64_32/SwiftUISupportGeometryEffect.swiftdoc /Users/admin/builder/spi-builder-workspace/.derivedData/Build/Products/Debug-watchos/SwiftUISupportGeometryEffect.swiftmodule/arm64_32-apple-watchos.swiftdoc
Copy /Users/admin/builder/spi-builder-workspace/.derivedData/Build/Products/Debug-watchos/SwiftUISupportGeometryEffect.swiftmodule/arm64_32-apple-watchos.abi.json /Users/admin/builder/spi-builder-workspace/.derivedData/Build/Intermediates.noindex/SwiftUISupport.build/Debug-watchos/SwiftUISupportGeometryEffect-t.build/Objects-normal/arm64_32/SwiftUISupportGeometryEffect.abi.json (in target 'SwiftUISupportGeometryEffect' from project 'SwiftUISupport')
cd /Users/admin/builder/spi-builder-workspace/.dependencies/checkouts/swiftui-support
builtin-copy -exclude .DS_Store -exclude CVS -exclude .svn -exclude .git -exclude .hg -resolve-src-symlinks -rename /Users/admin/builder/spi-builder-workspace/.derivedData/Build/Intermediates.noindex/SwiftUISupport.build/Debug-watchos/SwiftUISupportGeometryEffect-t.build/Objects-normal/arm64_32/SwiftUISupportGeometryEffect.abi.json /Users/admin/builder/spi-builder-workspace/.derivedData/Build/Products/Debug-watchos/SwiftUISupportGeometryEffect.swiftmodule/arm64_32-apple-watchos.abi.json
Copy /Users/admin/builder/spi-builder-workspace/.derivedData/Build/Products/Debug-watchos/SwiftUISupportGeometryEffect.swiftmodule/Project/arm64_32-apple-watchos.swiftsourceinfo /Users/admin/builder/spi-builder-workspace/.derivedData/Build/Intermediates.noindex/SwiftUISupport.build/Debug-watchos/SwiftUISupportGeometryEffect-t.build/Objects-normal/arm64_32/SwiftUISupportGeometryEffect.swiftsourceinfo (in target 'SwiftUISupportGeometryEffect' from project 'SwiftUISupport')
cd /Users/admin/builder/spi-builder-workspace/.dependencies/checkouts/swiftui-support
builtin-copy -exclude .DS_Store -exclude CVS -exclude .svn -exclude .git -exclude .hg -resolve-src-symlinks -rename /Users/admin/builder/spi-builder-workspace/.derivedData/Build/Intermediates.noindex/SwiftUISupport.build/Debug-watchos/SwiftUISupportGeometryEffect-t.build/Objects-normal/arm64_32/SwiftUISupportGeometryEffect.swiftsourceinfo /Users/admin/builder/spi-builder-workspace/.derivedData/Build/Products/Debug-watchos/SwiftUISupportGeometryEffect.swiftmodule/Project/arm64_32-apple-watchos.swiftsourceinfo
SwiftDriverJobDiscovery normal arm64 Emitting module for SwiftUISupportSizing (in target 'SwiftUISupportSizing' from project 'SwiftUISupport')
SwiftDriver\ Compilation\ Requirements SwiftUISupportSizing normal arm64 com.apple.xcode.tools.swift.compiler (in target 'SwiftUISupportSizing' from project 'SwiftUISupport')
cd /Users/admin/builder/spi-builder-workspace/.swiftpm/xcode
builtin-Swift-Compilation-Requirements -- /Applications/Xcode-27.0.0-Release.Candidate.app/Contents/Developer/Toolchains/XcodeDefault.xctoolchain/usr/bin/swiftc -parse-as-library -module-name SwiftUISupportSizing -Onone @/Users/admin/builder/spi-builder-workspace/.derivedData/Build/Intermediates.noindex/SwiftUISupport.build/Debug-watchos/SwiftUISupportSizing-t.build/Objects-normal/arm64/SwiftUISupportSizing.SwiftFileList -DSWIFT_PACKAGE -DDEBUG -DSWIFT_MODULE_RESOURCE_BUNDLE_UNAVAILABLE -DXcode -plugin-path /Applications/Xcode-27.0.0-Release.Candidate.app/Contents/Developer/Toolchains/XcodeDefault.xctoolchain/usr/lib/swift/host/plugins/testing -enable-experimental-feature DebugDescriptionMacro -sdk /Applications/Xcode-27.0.0-Release.Candidate.app/Contents/Developer/Platforms/WatchOS.platform/Developer/SDKs/WatchOS27.0.sdk -target arm64-apple-watchos9.0 -g -module-cache-path /Users/admin/builder/spi-builder-workspace/.derivedData/ModuleCache.noindex -Xfrontend -serialize-debugging-options -profile-coverage-mapping -profile-generate -enable-testing -suppress-warnings -index-store-path /Users/admin/builder/spi-builder-workspace/.derivedData/Index.noindex/DataStore -Xcc -D_LIBCPP_HARDENING_MODE\=_LIBCPP_HARDENING_MODE_DEBUG -swift-version 6 -I /Users/admin/builder/spi-builder-workspace/.derivedData/Build/Products/Debug-watchos -Isystem /Applications/Xcode-27.0.0-Release.Candidate.app/Contents/Developer/Platforms/WatchOS.platform/Developer/usr/lib -F /Users/admin/builder/spi-builder-workspace/.derivedData/Build/Products/Debug-watchos -F /Applications/Xcode-27.0.0-Release.Candidate.app/Contents/Developer/Platforms/WatchOS.platform/Developer/Library/Frameworks -F /Applications/Xcode-27.0.0-Release.Candidate.app/Contents/Developer/Platforms/WatchOS.platform/Developer/SDKs/WatchOS27.0.sdk/Developer/Library/Frameworks -c -j10 -enable-batch-mode -incremental -Xcc -ivfsstatcache -Xcc /Users/admin/builder/spi-builder-workspace/.derivedData/SDKStatCaches.noindex/watchos27.0-24R360-e829b21a6f8c9b70876ba0858053c04477534ef55a1706bf4c1112bbb242f0a2.sdkstatcache -output-file-map /Users/admin/builder/spi-builder-workspace/.derivedData/Build/Intermediates.noindex/SwiftUISupport.build/Debug-watchos/SwiftUISupportSizing-t.build/Objects-normal/arm64/SwiftUISupportSizing-OutputFileMap.json -save-temps -no-color-diagnostics -explicit-module-build -module-cache-path /Users/admin/builder/spi-builder-workspace/.derivedData/Build/Intermediates.noindex/SwiftExplicitPrecompiledModules -clang-scanner-module-cache-path /Users/admin/builder/spi-builder-workspace/.derivedData/ModuleCache.noindex -sdk-module-cache-path /Users/admin/builder/spi-builder-workspace/.derivedData/SDKExplicitPrecompiledModules -emit-dependencies -emit-module -emit-module-path /Users/admin/builder/spi-builder-workspace/.derivedData/Build/Intermediates.noindex/SwiftUISupport.build/Debug-watchos/SwiftUISupportSizing-t.build/Objects-normal/arm64/SwiftUISupportSizing.swiftmodule -serialize-diagnostics -dependency-scan-serialize-diagnostics-path /Users/admin/builder/spi-builder-workspace/.derivedData/Build/Intermediates.noindex/SwiftUISupport.build/Debug-watchos/SwiftUISupportSizing-t.build/Objects-normal/arm64/SwiftUISupportSizing-dependency-scan.dia -user-module-version 0.14.0 -validate-clang-modules-once -clang-build-session-file /Users/admin/builder/spi-builder-workspace/.derivedData/ModuleCache.noindex/Session.modulevalidation -Xcc -fmodules-prune-interval\=86400 -Xcc -fmodules-prune-after\=345600 -package-name swiftui_support -emit-const-values -const-gather-protocols-list /Users/admin/builder/spi-builder-workspace/.derivedData/Build/Intermediates.noindex/SwiftUISupport.build/Debug-watchos/SwiftUISupportSizing-t.build/Objects-normal/arm64/SwiftUISupportSizing_const_extract_protocols.json -Xcc -I/Users/admin/builder/spi-builder-workspace/.derivedData/Build/Products/Debug-watchos/include -Xcc -I/Users/admin/builder/spi-builder-workspace/.derivedData/Build/Intermediates.noindex/SwiftUISupport.build/Debug-watchos/SwiftUISupportSizing-t.build/DerivedSources-normal/arm64 -Xcc -I/Users/admin/builder/spi-builder-workspace/.derivedData/Build/Intermediates.noindex/SwiftUISupport.build/Debug-watchos/SwiftUISupportSizing-t.build/DerivedSources/arm64 -Xcc -I/Users/admin/builder/spi-builder-workspace/.derivedData/Build/Intermediates.noindex/SwiftUISupport.build/Debug-watchos/SwiftUISupportSizing-t.build/DerivedSources -Xcc -DSWIFT_PACKAGE -Xcc -DDEBUG\=1 -emit-objc-header -emit-objc-header-path /Users/admin/builder/spi-builder-workspace/.derivedData/Build/Intermediates.noindex/SwiftUISupport.build/Debug-watchos/SwiftUISupportSizing-t.build/Objects-normal/arm64/SwiftUISupportSizing-Swift.h -working-directory /Users/admin/builder/spi-builder-workspace/.swiftpm/xcode -experimental-emit-module-separately -disable-cmo
Copy /Users/admin/builder/spi-builder-workspace/.derivedData/Build/Products/Debug-watchos/SwiftUISupportSizing.swiftmodule/arm64-apple-watchos.swiftmodule /Users/admin/builder/spi-builder-workspace/.derivedData/Build/Intermediates.noindex/SwiftUISupport.build/Debug-watchos/SwiftUISupportSizing-t.build/Objects-normal/arm64/SwiftUISupportSizing.swiftmodule (in target 'SwiftUISupportSizing' from project 'SwiftUISupport')
cd /Users/admin/builder/spi-builder-workspace/.dependencies/checkouts/swiftui-support
builtin-copy -exclude .DS_Store -exclude CVS -exclude .svn -exclude .git -exclude .hg -resolve-src-symlinks -rename /Users/admin/builder/spi-builder-workspace/.derivedData/Build/Intermediates.noindex/SwiftUISupport.build/Debug-watchos/SwiftUISupportSizing-t.build/Objects-normal/arm64/SwiftUISupportSizing.swiftmodule /Users/admin/builder/spi-builder-workspace/.derivedData/Build/Products/Debug-watchos/SwiftUISupportSizing.swiftmodule/arm64-apple-watchos.swiftmodule
Copy /Users/admin/builder/spi-builder-workspace/.derivedData/Build/Products/Debug-watchos/SwiftUISupportSizing.swiftmodule/arm64-apple-watchos.swiftdoc /Users/admin/builder/spi-builder-workspace/.derivedData/Build/Intermediates.noindex/SwiftUISupport.build/Debug-watchos/SwiftUISupportSizing-t.build/Objects-normal/arm64/SwiftUISupportSizing.swiftdoc (in target 'SwiftUISupportSizing' from project 'SwiftUISupport')
cd /Users/admin/builder/spi-builder-workspace/.dependencies/checkouts/swiftui-support
builtin-copy -exclude .DS_Store -exclude CVS -exclude .svn -exclude .git -exclude .hg -resolve-src-symlinks -rename /Users/admin/builder/spi-builder-workspace/.derivedData/Build/Intermediates.noindex/SwiftUISupport.build/Debug-watchos/SwiftUISupportSizing-t.build/Objects-normal/arm64/SwiftUISupportSizing.swiftdoc /Users/admin/builder/spi-builder-workspace/.derivedData/Build/Products/Debug-watchos/SwiftUISupportSizing.swiftmodule/arm64-apple-watchos.swiftdoc
Copy /Users/admin/builder/spi-builder-workspace/.derivedData/Build/Products/Debug-watchos/SwiftUISupportSizing.swiftmodule/arm64-apple-watchos.abi.json /Users/admin/builder/spi-builder-workspace/.derivedData/Build/Intermediates.noindex/SwiftUISupport.build/Debug-watchos/SwiftUISupportSizing-t.build/Objects-normal/arm64/SwiftUISupportSizing.abi.json (in target 'SwiftUISupportSizing' from project 'SwiftUISupport')
cd /Users/admin/builder/spi-builder-workspace/.dependencies/checkouts/swiftui-support
builtin-copy -exclude .DS_Store -exclude CVS -exclude .svn -exclude .git -exclude .hg -resolve-src-symlinks -rename /Users/admin/builder/spi-builder-workspace/.derivedData/Build/Intermediates.noindex/SwiftUISupport.build/Debug-watchos/SwiftUISupportSizing-t.build/Objects-normal/arm64/SwiftUISupportSizing.abi.json /Users/admin/builder/spi-builder-workspace/.derivedData/Build/Products/Debug-watchos/SwiftUISupportSizing.swiftmodule/arm64-apple-watchos.abi.json
Copy /Users/admin/builder/spi-builder-workspace/.derivedData/Build/Products/Debug-watchos/SwiftUISupportSizing.swiftmodule/Project/arm64-apple-watchos.swiftsourceinfo /Users/admin/builder/spi-builder-workspace/.derivedData/Build/Intermediates.noindex/SwiftUISupport.build/Debug-watchos/SwiftUISupportSizing-t.build/Objects-normal/arm64/SwiftUISupportSizing.swiftsourceinfo (in target 'SwiftUISupportSizing' from project 'SwiftUISupport')
cd /Users/admin/builder/spi-builder-workspace/.dependencies/checkouts/swiftui-support
builtin-copy -exclude .DS_Store -exclude CVS -exclude .svn -exclude .git -exclude .hg -resolve-src-symlinks -rename /Users/admin/builder/spi-builder-workspace/.derivedData/Build/Intermediates.noindex/SwiftUISupport.build/Debug-watchos/SwiftUISupportSizing-t.build/Objects-normal/arm64/SwiftUISupportSizing.swiftsourceinfo /Users/admin/builder/spi-builder-workspace/.derivedData/Build/Products/Debug-watchos/SwiftUISupportSizing.swiftmodule/Project/arm64-apple-watchos.swiftsourceinfo
SwiftDriverJobDiscovery normal arm64_32 Emitting module for SwiftUISupportSizing (in target 'SwiftUISupportSizing' from project 'SwiftUISupport')
SwiftDriver\ Compilation\ Requirements SwiftUISupportSizing normal arm64_32 com.apple.xcode.tools.swift.compiler (in target 'SwiftUISupportSizing' from project 'SwiftUISupport')
cd /Users/admin/builder/spi-builder-workspace/.swiftpm/xcode
builtin-Swift-Compilation-Requirements -- /Applications/Xcode-27.0.0-Release.Candidate.app/Contents/Developer/Toolchains/XcodeDefault.xctoolchain/usr/bin/swiftc -parse-as-library -module-name SwiftUISupportSizing -Onone @/Users/admin/builder/spi-builder-workspace/.derivedData/Build/Intermediates.noindex/SwiftUISupport.build/Debug-watchos/SwiftUISupportSizing-t.build/Objects-normal/arm64_32/SwiftUISupportSizing.SwiftFileList -DSWIFT_PACKAGE -DDEBUG -DSWIFT_MODULE_RESOURCE_BUNDLE_UNAVAILABLE -DXcode -plugin-path /Applications/Xcode-27.0.0-Release.Candidate.app/Contents/Developer/Toolchains/XcodeDefault.xctoolchain/usr/lib/swift/host/plugins/testing -enable-experimental-feature DebugDescriptionMacro -sdk /Applications/Xcode-27.0.0-Release.Candidate.app/Contents/Developer/Platforms/WatchOS.platform/Developer/SDKs/WatchOS27.0.sdk -target arm64_32-apple-watchos9.0 -g -module-cache-path /Users/admin/builder/spi-builder-workspace/.derivedData/ModuleCache.noindex -Xfrontend -serialize-debugging-options -profile-coverage-mapping -profile-generate -enable-testing -suppress-warnings -index-store-path /Users/admin/builder/spi-builder-workspace/.derivedData/Index.noindex/DataStore -Xcc -D_LIBCPP_HARDENING_MODE\=_LIBCPP_HARDENING_MODE_DEBUG -swift-version 6 -I /Users/admin/builder/spi-builder-workspace/.derivedData/Build/Products/Debug-watchos -Isystem /Applications/Xcode-27.0.0-Release.Candidate.app/Contents/Developer/Platforms/WatchOS.platform/Developer/usr/lib -F /Users/admin/builder/spi-builder-workspace/.derivedData/Build/Products/Debug-watchos -F /Applications/Xcode-27.0.0-Release.Candidate.app/Contents/Developer/Platforms/WatchOS.platform/Developer/Library/Frameworks -F /Applications/Xcode-27.0.0-Release.Candidate.app/Contents/Developer/Platforms/WatchOS.platform/Developer/SDKs/WatchOS27.0.sdk/Developer/Library/Frameworks -c -j10 -enable-batch-mode -incremental -Xcc -ivfsstatcache -Xcc /Users/admin/builder/spi-builder-workspace/.derivedData/SDKStatCaches.noindex/watchos27.0-24R360-e829b21a6f8c9b70876ba0858053c04477534ef55a1706bf4c1112bbb242f0a2.sdkstatcache -output-file-map /Users/admin/builder/spi-builder-workspace/.derivedData/Build/Intermediates.noindex/SwiftUISupport.build/Debug-watchos/SwiftUISupportSizing-t.build/Objects-normal/arm64_32/SwiftUISupportSizing-OutputFileMap.json -save-temps -no-color-diagnostics -explicit-module-build -module-cache-path /Users/admin/builder/spi-builder-workspace/.derivedData/Build/Intermediates.noindex/SwiftExplicitPrecompiledModules -clang-scanner-module-cache-path /Users/admin/builder/spi-builder-workspace/.derivedData/ModuleCache.noindex -sdk-module-cache-path /Users/admin/builder/spi-builder-workspace/.derivedData/SDKExplicitPrecompiledModules -emit-dependencies -emit-module -emit-module-path /Users/admin/builder/spi-builder-workspace/.derivedData/Build/Intermediates.noindex/SwiftUISupport.build/Debug-watchos/SwiftUISupportSizing-t.build/Objects-normal/arm64_32/SwiftUISupportSizing.swiftmodule -serialize-diagnostics -dependency-scan-serialize-diagnostics-path /Users/admin/builder/spi-builder-workspace/.derivedData/Build/Intermediates.noindex/SwiftUISupport.build/Debug-watchos/SwiftUISupportSizing-t.build/Objects-normal/arm64_32/SwiftUISupportSizing-dependency-scan.dia -user-module-version 0.14.0 -validate-clang-modules-once -clang-build-session-file /Users/admin/builder/spi-builder-workspace/.derivedData/ModuleCache.noindex/Session.modulevalidation -Xcc -fmodules-prune-interval\=86400 -Xcc -fmodules-prune-after\=345600 -package-name swiftui_support -emit-const-values -const-gather-protocols-list /Users/admin/builder/spi-builder-workspace/.derivedData/Build/Intermediates.noindex/SwiftUISupport.build/Debug-watchos/SwiftUISupportSizing-t.build/Objects-normal/arm64_32/SwiftUISupportSizing_const_extract_protocols.json -Xcc -I/Users/admin/builder/spi-builder-workspace/.derivedData/Build/Products/Debug-watchos/include -Xcc -I/Users/admin/builder/spi-builder-workspace/.derivedData/Build/Intermediates.noindex/SwiftUISupport.build/Debug-watchos/SwiftUISupportSizing-t.build/DerivedSources-normal/arm64_32 -Xcc -I/Users/admin/builder/spi-builder-workspace/.derivedData/Build/Intermediates.noindex/SwiftUISupport.build/Debug-watchos/SwiftUISupportSizing-t.build/DerivedSources/arm64_32 -Xcc -I/Users/admin/builder/spi-builder-workspace/.derivedData/Build/Intermediates.noindex/SwiftUISupport.build/Debug-watchos/SwiftUISupportSizing-t.build/DerivedSources -Xcc -DSWIFT_PACKAGE -Xcc -DDEBUG\=1 -emit-objc-header -emit-objc-header-path /Users/admin/builder/spi-builder-workspace/.derivedData/Build/Intermediates.noindex/SwiftUISupport.build/Debug-watchos/SwiftUISupportSizing-t.build/Objects-normal/arm64_32/SwiftUISupportSizing-Swift.h -working-directory /Users/admin/builder/spi-builder-workspace/.swiftpm/xcode -experimental-emit-module-separately -disable-cmo
SwiftMergeGeneratedHeaders /Users/admin/builder/spi-builder-workspace/.derivedData/Build/Intermediates.noindex/GeneratedModuleMaps-watchos/SwiftUISupportSizing-Swift.h /Users/admin/builder/spi-builder-workspace/.derivedData/Build/Intermediates.noindex/SwiftUISupport.build/Debug-watchos/SwiftUISupportSizing-t.build/Objects-normal/arm64/SwiftUISupportSizing-Swift.h /Users/admin/builder/spi-builder-workspace/.derivedData/Build/Intermediates.noindex/SwiftUISupport.build/Debug-watchos/SwiftUISupportSizing-t.build/Objects-normal/arm64_32/SwiftUISupportSizing-Swift.h (in target 'SwiftUISupportSizing' from project 'SwiftUISupport')
cd /Users/admin/builder/spi-builder-workspace/.dependencies/checkouts/swiftui-support
builtin-swiftHeaderTool -arch arm64 /Users/admin/builder/spi-builder-workspace/.derivedData/Build/Intermediates.noindex/SwiftUISupport.build/Debug-watchos/SwiftUISupportSizing-t.build/Objects-normal/arm64/SwiftUISupportSizing-Swift.h -arch arm64_32 /Users/admin/builder/spi-builder-workspace/.derivedData/Build/Intermediates.noindex/SwiftUISupport.build/Debug-watchos/SwiftUISupportSizing-t.build/Objects-normal/arm64_32/SwiftUISupportSizing-Swift.h -o /Users/admin/builder/spi-builder-workspace/.derivedData/Build/Intermediates.noindex/GeneratedModuleMaps-watchos/SwiftUISupportSizing-Swift.h
Copy /Users/admin/builder/spi-builder-workspace/.derivedData/Build/Products/Debug-watchos/SwiftUISupportSizing.swiftmodule/arm64_32-apple-watchos.swiftmodule /Users/admin/builder/spi-builder-workspace/.derivedData/Build/Intermediates.noindex/SwiftUISupport.build/Debug-watchos/SwiftUISupportSizing-t.build/Objects-normal/arm64_32/SwiftUISupportSizing.swiftmodule (in target 'SwiftUISupportSizing' from project 'SwiftUISupport')
cd /Users/admin/builder/spi-builder-workspace/.dependencies/checkouts/swiftui-support
builtin-copy -exclude .DS_Store -exclude CVS -exclude .svn -exclude .git -exclude .hg -resolve-src-symlinks -rename /Users/admin/builder/spi-builder-workspace/.derivedData/Build/Intermediates.noindex/SwiftUISupport.build/Debug-watchos/SwiftUISupportSizing-t.build/Objects-normal/arm64_32/SwiftUISupportSizing.swiftmodule /Users/admin/builder/spi-builder-workspace/.derivedData/Build/Products/Debug-watchos/SwiftUISupportSizing.swiftmodule/arm64_32-apple-watchos.swiftmodule
Copy /Users/admin/builder/spi-builder-workspace/.derivedData/Build/Products/Debug-watchos/SwiftUISupportSizing.swiftmodule/arm64_32-apple-watchos.swiftdoc /Users/admin/builder/spi-builder-workspace/.derivedData/Build/Intermediates.noindex/SwiftUISupport.build/Debug-watchos/SwiftUISupportSizing-t.build/Objects-normal/arm64_32/SwiftUISupportSizing.swiftdoc (in target 'SwiftUISupportSizing' from project 'SwiftUISupport')
cd /Users/admin/builder/spi-builder-workspace/.dependencies/checkouts/swiftui-support
builtin-copy -exclude .DS_Store -exclude CVS -exclude .svn -exclude .git -exclude .hg -resolve-src-symlinks -rename /Users/admin/builder/spi-builder-workspace/.derivedData/Build/Intermediates.noindex/SwiftUISupport.build/Debug-watchos/SwiftUISupportSizing-t.build/Objects-normal/arm64_32/SwiftUISupportSizing.swiftdoc /Users/admin/builder/spi-builder-workspace/.derivedData/Build/Products/Debug-watchos/SwiftUISupportSizing.swiftmodule/arm64_32-apple-watchos.swiftdoc
Copy /Users/admin/builder/spi-builder-workspace/.derivedData/Build/Products/Debug-watchos/SwiftUISupportSizing.swiftmodule/arm64_32-apple-watchos.abi.json /Users/admin/builder/spi-builder-workspace/.derivedData/Build/Intermediates.noindex/SwiftUISupport.build/Debug-watchos/SwiftUISupportSizing-t.build/Objects-normal/arm64_32/SwiftUISupportSizing.abi.json (in target 'SwiftUISupportSizing' from project 'SwiftUISupport')
cd /Users/admin/builder/spi-builder-workspace/.dependencies/checkouts/swiftui-support
builtin-copy -exclude .DS_Store -exclude CVS -exclude .svn -exclude .git -exclude .hg -resolve-src-symlinks -rename /Users/admin/builder/spi-builder-workspace/.derivedData/Build/Intermediates.noindex/SwiftUISupport.build/Debug-watchos/SwiftUISupportSizing-t.build/Objects-normal/arm64_32/SwiftUISupportSizing.abi.json /Users/admin/builder/spi-builder-workspace/.derivedData/Build/Products/Debug-watchos/SwiftUISupportSizing.swiftmodule/arm64_32-apple-watchos.abi.json
Copy /Users/admin/builder/spi-builder-workspace/.derivedData/Build/Products/Debug-watchos/SwiftUISupportSizing.swiftmodule/Project/arm64_32-apple-watchos.swiftsourceinfo /Users/admin/builder/spi-builder-workspace/.derivedData/Build/Intermediates.noindex/SwiftUISupport.build/Debug-watchos/SwiftUISupportSizing-t.build/Objects-normal/arm64_32/SwiftUISupportSizing.swiftsourceinfo (in target 'SwiftUISupportSizing' from project 'SwiftUISupport')
cd /Users/admin/builder/spi-builder-workspace/.dependencies/checkouts/swiftui-support
builtin-copy -exclude .DS_Store -exclude CVS -exclude .svn -exclude .git -exclude .hg -resolve-src-symlinks -rename /Users/admin/builder/spi-builder-workspace/.derivedData/Build/Intermediates.noindex/SwiftUISupport.build/Debug-watchos/SwiftUISupportSizing-t.build/Objects-normal/arm64_32/SwiftUISupportSizing.swiftsourceinfo /Users/admin/builder/spi-builder-workspace/.derivedData/Build/Products/Debug-watchos/SwiftUISupportSizing.swiftmodule/Project/arm64_32-apple-watchos.swiftsourceinfo
SwiftDriver SwiftUISupport normal arm64 com.apple.xcode.tools.swift.compiler (in target 'SwiftUISupport' from project 'SwiftUISupport')
cd /Users/admin/builder/spi-builder-workspace/.swiftpm/xcode
builtin-SwiftDriver -- /Applications/Xcode-27.0.0-Release.Candidate.app/Contents/Developer/Toolchains/XcodeDefault.xctoolchain/usr/bin/swiftc -parse-as-library -module-name SwiftUISupport -Onone @/Users/admin/builder/spi-builder-workspace/.derivedData/Build/Intermediates.noindex/SwiftUISupport.build/Debug-watchos/SwiftUISupport-t.build/Objects-normal/arm64/SwiftUISupport.SwiftFileList -DSWIFT_PACKAGE -DDEBUG -DSWIFT_MODULE_RESOURCE_BUNDLE_UNAVAILABLE -DXcode -plugin-path /Applications/Xcode-27.0.0-Release.Candidate.app/Contents/Developer/Toolchains/XcodeDefault.xctoolchain/usr/lib/swift/host/plugins/testing -enable-experimental-feature DebugDescriptionMacro -sdk /Applications/Xcode-27.0.0-Release.Candidate.app/Contents/Developer/Platforms/WatchOS.platform/Developer/SDKs/WatchOS27.0.sdk -target arm64-apple-watchos9.0 -g -module-cache-path /Users/admin/builder/spi-builder-workspace/.derivedData/ModuleCache.noindex -Xfrontend -serialize-debugging-options -profile-coverage-mapping -profile-generate -enable-testing -suppress-warnings -index-store-path /Users/admin/builder/spi-builder-workspace/.derivedData/Index.noindex/DataStore -Xcc -D_LIBCPP_HARDENING_MODE\=_LIBCPP_HARDENING_MODE_DEBUG -swift-version 6 -I /Users/admin/builder/spi-builder-workspace/.derivedData/Build/Products/Debug-watchos -Isystem /Applications/Xcode-27.0.0-Release.Candidate.app/Contents/Developer/Platforms/WatchOS.platform/Developer/usr/lib -F /Users/admin/builder/spi-builder-workspace/.derivedData/Build/Products/Debug-watchos/PackageFrameworks -F /Users/admin/builder/spi-builder-workspace/.derivedData/Build/Products/Debug-watchos -F /Applications/Xcode-27.0.0-Release.Candidate.app/Contents/Developer/Platforms/WatchOS.platform/Developer/Library/Frameworks -F /Applications/Xcode-27.0.0-Release.Candidate.app/Contents/Developer/Platforms/WatchOS.platform/Developer/SDKs/WatchOS27.0.sdk/Developer/Library/Frameworks -c -j10 -enable-batch-mode -incremental -Xcc -ivfsstatcache -Xcc /Users/admin/builder/spi-builder-workspace/.derivedData/SDKStatCaches.noindex/watchos27.0-24R360-e829b21a6f8c9b70876ba0858053c04477534ef55a1706bf4c1112bbb242f0a2.sdkstatcache -output-file-map /Users/admin/builder/spi-builder-workspace/.derivedData/Build/Intermediates.noindex/SwiftUISupport.build/Debug-watchos/SwiftUISupport-t.build/Objects-normal/arm64/SwiftUISupport-OutputFileMap.json -save-temps -no-color-diagnostics -explicit-module-build -module-cache-path /Users/admin/builder/spi-builder-workspace/.derivedData/Build/Intermediates.noindex/SwiftExplicitPrecompiledModules -clang-scanner-module-cache-path /Users/admin/builder/spi-builder-workspace/.derivedData/ModuleCache.noindex -sdk-module-cache-path /Users/admin/builder/spi-builder-workspace/.derivedData/SDKExplicitPrecompiledModules -emit-dependencies -emit-module -emit-module-path /Users/admin/builder/spi-builder-workspace/.derivedData/Build/Intermediates.noindex/SwiftUISupport.build/Debug-watchos/SwiftUISupport-t.build/Objects-normal/arm64/SwiftUISupport.swiftmodule -serialize-diagnostics -dependency-scan-serialize-diagnostics-path /Users/admin/builder/spi-builder-workspace/.derivedData/Build/Intermediates.noindex/SwiftUISupport.build/Debug-watchos/SwiftUISupport-t.build/Objects-normal/arm64/SwiftUISupport-dependency-scan.dia -user-module-version 0.14.0 -validate-clang-modules-once -clang-build-session-file /Users/admin/builder/spi-builder-workspace/.derivedData/ModuleCache.noindex/Session.modulevalidation -Xcc -fmodules-prune-interval\=86400 -Xcc -fmodules-prune-after\=345600 -package-name swiftui_support -emit-const-values -const-gather-protocols-list /Users/admin/builder/spi-builder-workspace/.derivedData/Build/Intermediates.noindex/SwiftUISupport.build/Debug-watchos/SwiftUISupport-t.build/Objects-normal/arm64/SwiftUISupport_const_extract_protocols.json -Xcc -I/Users/admin/builder/spi-builder-workspace/.derivedData/Build/Products/Debug-watchos/include -Xcc -I/Users/admin/builder/spi-builder-workspace/.derivedData/Build/Intermediates.noindex/SwiftUISupport.build/Debug-watchos/SwiftUISupport-t.build/DerivedSources-normal/arm64 -Xcc -I/Users/admin/builder/spi-builder-workspace/.derivedData/Build/Intermediates.noindex/SwiftUISupport.build/Debug-watchos/SwiftUISupport-t.build/DerivedSources/arm64 -Xcc -I/Users/admin/builder/spi-builder-workspace/.derivedData/Build/Intermediates.noindex/SwiftUISupport.build/Debug-watchos/SwiftUISupport-t.build/DerivedSources -Xcc -DSWIFT_PACKAGE -Xcc -DDEBUG\=1 -emit-objc-header -emit-objc-header-path /Users/admin/builder/spi-builder-workspace/.derivedData/Build/Intermediates.noindex/SwiftUISupport.build/Debug-watchos/SwiftUISupport-t.build/Objects-normal/arm64/SwiftUISupport-Swift.h -working-directory /Users/admin/builder/spi-builder-workspace/.swiftpm/xcode -experimental-emit-module-separately -disable-cmo
SwiftDriver SwiftUISupport normal arm64_32 com.apple.xcode.tools.swift.compiler (in target 'SwiftUISupport' from project 'SwiftUISupport')
cd /Users/admin/builder/spi-builder-workspace/.swiftpm/xcode
builtin-SwiftDriver -- /Applications/Xcode-27.0.0-Release.Candidate.app/Contents/Developer/Toolchains/XcodeDefault.xctoolchain/usr/bin/swiftc -parse-as-library -module-name SwiftUISupport -Onone @/Users/admin/builder/spi-builder-workspace/.derivedData/Build/Intermediates.noindex/SwiftUISupport.build/Debug-watchos/SwiftUISupport-t.build/Objects-normal/arm64_32/SwiftUISupport.SwiftFileList -DSWIFT_PACKAGE -DDEBUG -DSWIFT_MODULE_RESOURCE_BUNDLE_UNAVAILABLE -DXcode -plugin-path /Applications/Xcode-27.0.0-Release.Candidate.app/Contents/Developer/Toolchains/XcodeDefault.xctoolchain/usr/lib/swift/host/plugins/testing -enable-experimental-feature DebugDescriptionMacro -sdk /Applications/Xcode-27.0.0-Release.Candidate.app/Contents/Developer/Platforms/WatchOS.platform/Developer/SDKs/WatchOS27.0.sdk -target arm64_32-apple-watchos9.0 -g -module-cache-path /Users/admin/builder/spi-builder-workspace/.derivedData/ModuleCache.noindex -Xfrontend -serialize-debugging-options -profile-coverage-mapping -profile-generate -enable-testing -suppress-warnings -index-store-path /Users/admin/builder/spi-builder-workspace/.derivedData/Index.noindex/DataStore -Xcc -D_LIBCPP_HARDENING_MODE\=_LIBCPP_HARDENING_MODE_DEBUG -swift-version 6 -I /Users/admin/builder/spi-builder-workspace/.derivedData/Build/Products/Debug-watchos -Isystem /Applications/Xcode-27.0.0-Release.Candidate.app/Contents/Developer/Platforms/WatchOS.platform/Developer/usr/lib -F /Users/admin/builder/spi-builder-workspace/.derivedData/Build/Products/Debug-watchos/PackageFrameworks -F /Users/admin/builder/spi-builder-workspace/.derivedData/Build/Products/Debug-watchos -F /Applications/Xcode-27.0.0-Release.Candidate.app/Contents/Developer/Platforms/WatchOS.platform/Developer/Library/Frameworks -F /Applications/Xcode-27.0.0-Release.Candidate.app/Contents/Developer/Platforms/WatchOS.platform/Developer/SDKs/WatchOS27.0.sdk/Developer/Library/Frameworks -c -j10 -enable-batch-mode -incremental -Xcc -ivfsstatcache -Xcc /Users/admin/builder/spi-builder-workspace/.derivedData/SDKStatCaches.noindex/watchos27.0-24R360-e829b21a6f8c9b70876ba0858053c04477534ef55a1706bf4c1112bbb242f0a2.sdkstatcache -output-file-map /Users/admin/builder/spi-builder-workspace/.derivedData/Build/Intermediates.noindex/SwiftUISupport.build/Debug-watchos/SwiftUISupport-t.build/Objects-normal/arm64_32/SwiftUISupport-OutputFileMap.json -save-temps -no-color-diagnostics -explicit-module-build -module-cache-path /Users/admin/builder/spi-builder-workspace/.derivedData/Build/Intermediates.noindex/SwiftExplicitPrecompiledModules -clang-scanner-module-cache-path /Users/admin/builder/spi-builder-workspace/.derivedData/ModuleCache.noindex -sdk-module-cache-path /Users/admin/builder/spi-builder-workspace/.derivedData/SDKExplicitPrecompiledModules -emit-dependencies -emit-module -emit-module-path /Users/admin/builder/spi-builder-workspace/.derivedData/Build/Intermediates.noindex/SwiftUISupport.build/Debug-watchos/SwiftUISupport-t.build/Objects-normal/arm64_32/SwiftUISupport.swiftmodule -serialize-diagnostics -dependency-scan-serialize-diagnostics-path /Users/admin/builder/spi-builder-workspace/.derivedData/Build/Intermediates.noindex/SwiftUISupport.build/Debug-watchos/SwiftUISupport-t.build/Objects-normal/arm64_32/SwiftUISupport-dependency-scan.dia -user-module-version 0.14.0 -validate-clang-modules-once -clang-build-session-file /Users/admin/builder/spi-builder-workspace/.derivedData/ModuleCache.noindex/Session.modulevalidation -Xcc -fmodules-prune-interval\=86400 -Xcc -fmodules-prune-after\=345600 -package-name swiftui_support -emit-const-values -const-gather-protocols-list /Users/admin/builder/spi-builder-workspace/.derivedData/Build/Intermediates.noindex/SwiftUISupport.build/Debug-watchos/SwiftUISupport-t.build/Objects-normal/arm64_32/SwiftUISupport_const_extract_protocols.json -Xcc -I/Users/admin/builder/spi-builder-workspace/.derivedData/Build/Products/Debug-watchos/include -Xcc -I/Users/admin/builder/spi-builder-workspace/.derivedData/Build/Intermediates.noindex/SwiftUISupport.build/Debug-watchos/SwiftUISupport-t.build/DerivedSources-normal/arm64_32 -Xcc -I/Users/admin/builder/spi-builder-workspace/.derivedData/Build/Intermediates.noindex/SwiftUISupport.build/Debug-watchos/SwiftUISupport-t.build/DerivedSources/arm64_32 -Xcc -I/Users/admin/builder/spi-builder-workspace/.derivedData/Build/Intermediates.noindex/SwiftUISupport.build/Debug-watchos/SwiftUISupport-t.build/DerivedSources -Xcc -DSWIFT_PACKAGE -Xcc -DDEBUG\=1 -emit-objc-header -emit-objc-header-path /Users/admin/builder/spi-builder-workspace/.derivedData/Build/Intermediates.noindex/SwiftUISupport.build/Debug-watchos/SwiftUISupport-t.build/Objects-normal/arm64_32/SwiftUISupport-Swift.h -working-directory /Users/admin/builder/spi-builder-workspace/.swiftpm/xcode -experimental-emit-module-separately -disable-cmo
SwiftCompile normal arm64 Compiling\ ClippingMask.swift,\ Hosting.swift /Users/admin/builder/spi-builder-workspace/.dependencies/checkouts/swiftui-support/Sources/SwiftUISupport/Components/ClippingMask.swift /Users/admin/builder/spi-builder-workspace/.dependencies/checkouts/swiftui-support/Sources/SwiftUISupport/Components/Hosting.swift (in target 'SwiftUISupport' from project 'SwiftUISupport')
/Users/admin/builder/spi-builder-workspace/.dependencies/checkouts/swiftui-support/Sources/SwiftUISupport/Components/Hosting.swift:6:70: error: cannot find type 'Context' in scope
4 |
5 | private let contentView: ContentView
6 | private let _update: @MainActor (_ uiView: ContentView, _ context: Context) -> Void
| `- error: cannot find type 'Context' in scope
7 |
8 | public init(
/Users/admin/builder/spi-builder-workspace/.dependencies/checkouts/swiftui-support/Sources/SwiftUISupport/Components/Hosting.swift:10:69: error: cannot find type 'Context' in scope
8 | public init(
9 | instantiated: ContentView,
10 | update: @escaping @MainActor (_ uiView: ContentView, _ context: Context) -> Void = { _, _ in }
| `- error: cannot find type 'Context' in scope
11 | ) {
12 | self.contentView = instantiated
/Users/admin/builder/spi-builder-workspace/.dependencies/checkouts/swiftui-support/Sources/SwiftUISupport/Components/Hosting.swift:16:35: error: cannot find type 'Context' in scope
14 | }
15 |
16 | public func makeUIView(context: Context) -> ContentView {
| `- error: cannot find type 'Context' in scope
17 | return contentView
18 | }
/Users/admin/builder/spi-builder-workspace/.dependencies/checkouts/swiftui-support/Sources/SwiftUISupport/Components/Hosting.swift:20:60: error: cannot find type 'Context' in scope
18 | }
19 |
20 | public func updateUIView(_ uiView: ContentView, context: Context) {
| `- error: cannot find type 'Context' in scope
21 | _update(uiView, context)
22 | }
/Users/admin/builder/spi-builder-workspace/.dependencies/checkouts/swiftui-support/Sources/SwiftUISupport/Components/Hosting.swift:3:46: error: cannot find type 'UIViewRepresentable' in scope
1 | import SwiftUI
2 |
3 | public struct ViewHost<ContentView: UIView>: UIViewRepresentable {
| `- error: cannot find type 'UIViewRepresentable' in scope
4 |
5 | private let contentView: ContentView
/Users/admin/builder/spi-builder-workspace/.dependencies/checkouts/swiftui-support/Sources/SwiftUISupport/Components/Hosting.swift:3:37: error: 'UIView' is unavailable in watchOS
1 | import SwiftUI
2 |
3 | public struct ViewHost<ContentView: UIView>: UIViewRepresentable {
| `- error: 'UIView' is unavailable in watchOS
4 |
5 | private let contentView: ContentView
/Applications/Xcode-27.0.0-Release.Candidate.app/Contents/Developer/Platforms/WatchOS.platform/Developer/SDKs/WatchOS27.0.sdk/System/Library/Frameworks/UIKit.framework/Headers/UIView.h:152:12: note: 'UIView' has been explicitly marked unavailable here
150 |
151 | UIKIT_EXTERN API_AVAILABLE(ios(2.0)) API_UNAVAILABLE(watchos) NS_SWIFT_UI_ACTOR
152 | @interface UIView : UIResponder <NSCoding, UIAppearance, UIAppearanceContainer, UIDynamicItem, UITraitEnvironment, UICoordinateSpace, UIFocusItem, UIFocusItemContainer, CALayerDelegate>
| `- note: 'UIView' has been explicitly marked unavailable here
153 |
154 | @property(class, nonatomic, readonly) Class layerClass; // default is [CALayer class]. Used when creating the underlying layer for the view.
/Users/admin/builder/spi-builder-workspace/.dependencies/checkouts/swiftui-support/Sources/SwiftUISupport/Components/Hosting.swift:32:69: error: cannot find type 'Context' in scope
30 | private let contentViewController: ContentViewController
31 | private let _update:
32 | @MainActor (_ uiViewController: ContentViewController, _ context: Context) -> Void
| `- error: cannot find type 'Context' in scope
33 |
34 | public init(
/Users/admin/builder/spi-builder-workspace/.dependencies/checkouts/swiftui-support/Sources/SwiftUISupport/Components/Hosting.swift:36:89: error: cannot find type 'Context' in scope
34 | public init(
35 | instantiated: ContentViewController,
36 | update: @escaping @MainActor (_ uiViewController: ContentViewController, _ context: Context) ->
| `- error: cannot find type 'Context' in scope
37 | Void = { _, _ in }
38 | ) {
/Users/admin/builder/spi-builder-workspace/.dependencies/checkouts/swiftui-support/Sources/SwiftUISupport/Components/Hosting.swift:43:45: error: cannot find type 'Context' in scope
41 | }
42 |
43 | public func makeUIViewController(context: Context) -> ContentViewController {
| `- error: cannot find type 'Context' in scope
44 | return contentViewController
45 | }
/Users/admin/builder/spi-builder-workspace/.dependencies/checkouts/swiftui-support/Sources/SwiftUISupport/Components/Hosting.swift:47:90: error: cannot find type 'Context' in scope
45 | }
46 |
47 | public func updateUIViewController(_ uiViewController: ContentViewController, context: Context) {
| `- error: cannot find type 'Context' in scope
48 | _update(uiViewController, context)
49 | }
/Users/admin/builder/spi-builder-workspace/.dependencies/checkouts/swiftui-support/Sources/SwiftUISupport/Components/Hosting.swift:27:3: error: cannot find type 'UIViewControllerRepresentable' in scope
25 |
26 | public struct ViewControllerHost<ContentViewController: UIViewController>:
27 | UIViewControllerRepresentable
| `- error: cannot find type 'UIViewControllerRepresentable' in scope
28 | {
29 |
SwiftCompile normal arm64 /Users/admin/builder/spi-builder-workspace/.dependencies/checkouts/swiftui-support/Sources/SwiftUISupport/Components/ClippingMask.swift (in target 'SwiftUISupport' from project 'SwiftUISupport')
cd /Users/admin/builder/spi-builder-workspace/.swiftpm/xcode
builtin-SwiftPerFileCompile ClippingMask.swift
SwiftCompile normal arm64 /Users/admin/builder/spi-builder-workspace/.dependencies/checkouts/swiftui-support/Sources/SwiftUISupport/Components/Hosting.swift (in target 'SwiftUISupport' from project 'SwiftUISupport')
cd /Users/admin/builder/spi-builder-workspace/.swiftpm/xcode
builtin-SwiftPerFileCompile Hosting.swift
SwiftEmitModule normal arm64 Emitting\ module\ for\ SwiftUISupport (in target 'SwiftUISupport' from project 'SwiftUISupport')
/Users/admin/builder/spi-builder-workspace/.dependencies/checkouts/swiftui-support/Sources/SwiftUISupport/Components/Hosting.swift:6:70: error: cannot find type 'Context' in scope
4 |
5 | private let contentView: ContentView
6 | private let _update: @MainActor (_ uiView: ContentView, _ context: Context) -> Void
| `- error: cannot find type 'Context' in scope
7 |
8 | public init(
/Users/admin/builder/spi-builder-workspace/.dependencies/checkouts/swiftui-support/Sources/SwiftUISupport/Components/Hosting.swift:10:69: error: cannot find type 'Context' in scope
8 | public init(
9 | instantiated: ContentView,
10 | update: @escaping @MainActor (_ uiView: ContentView, _ context: Context) -> Void = { _, _ in }
| `- error: cannot find type 'Context' in scope
11 | ) {
12 | self.contentView = instantiated
/Users/admin/builder/spi-builder-workspace/.dependencies/checkouts/swiftui-support/Sources/SwiftUISupport/Components/Hosting.swift:16:35: error: cannot find type 'Context' in scope
14 | }
15 |
16 | public func makeUIView(context: Context) -> ContentView {
| `- error: cannot find type 'Context' in scope
17 | return contentView
18 | }
/Users/admin/builder/spi-builder-workspace/.dependencies/checkouts/swiftui-support/Sources/SwiftUISupport/Components/Hosting.swift:20:60: error: cannot find type 'Context' in scope
18 | }
19 |
20 | public func updateUIView(_ uiView: ContentView, context: Context) {
| `- error: cannot find type 'Context' in scope
21 | _update(uiView, context)
22 | }
/Users/admin/builder/spi-builder-workspace/.dependencies/checkouts/swiftui-support/Sources/SwiftUISupport/Components/Hosting.swift:3:46: error: cannot find type 'UIViewRepresentable' in scope
1 | import SwiftUI
2 |
3 | public struct ViewHost<ContentView: UIView>: UIViewRepresentable {
| `- error: cannot find type 'UIViewRepresentable' in scope
4 |
5 | private let contentView: ContentView
/Users/admin/builder/spi-builder-workspace/.dependencies/checkouts/swiftui-support/Sources/SwiftUISupport/Components/Hosting.swift:3:37: error: 'UIView' is unavailable in watchOS
1 | import SwiftUI
2 |
3 | public struct ViewHost<ContentView: UIView>: UIViewRepresentable {
| `- error: 'UIView' is unavailable in watchOS
4 |
5 | private let contentView: ContentView
/Applications/Xcode-27.0.0-Release.Candidate.app/Contents/Developer/Platforms/WatchOS.platform/Developer/SDKs/WatchOS27.0.sdk/System/Library/Frameworks/UIKit.framework/Headers/UIView.h:152:12: note: 'UIView' has been explicitly marked unavailable here
150 |
151 | UIKIT_EXTERN API_AVAILABLE(ios(2.0)) API_UNAVAILABLE(watchos) NS_SWIFT_UI_ACTOR
152 | @interface UIView : UIResponder <NSCoding, UIAppearance, UIAppearanceContainer, UIDynamicItem, UITraitEnvironment, UICoordinateSpace, UIFocusItem, UIFocusItemContainer, CALayerDelegate>
| `- note: 'UIView' has been explicitly marked unavailable here
153 |
154 | @property(class, nonatomic, readonly) Class layerClass; // default is [CALayer class]. Used when creating the underlying layer for the view.
/Users/admin/builder/spi-builder-workspace/.dependencies/checkouts/swiftui-support/Sources/SwiftUISupport/Components/Hosting.swift:32:69: error: cannot find type 'Context' in scope
30 | private let contentViewController: ContentViewController
31 | private let _update:
32 | @MainActor (_ uiViewController: ContentViewController, _ context: Context) -> Void
| `- error: cannot find type 'Context' in scope
33 |
34 | public init(
/Users/admin/builder/spi-builder-workspace/.dependencies/checkouts/swiftui-support/Sources/SwiftUISupport/Components/Hosting.swift:36:89: error: cannot find type 'Context' in scope
34 | public init(
35 | instantiated: ContentViewController,
36 | update: @escaping @MainActor (_ uiViewController: ContentViewController, _ context: Context) ->
| `- error: cannot find type 'Context' in scope
37 | Void = { _, _ in }
38 | ) {
/Users/admin/builder/spi-builder-workspace/.dependencies/checkouts/swiftui-support/Sources/SwiftUISupport/Components/Hosting.swift:43:45: error: cannot find type 'Context' in scope
41 | }
42 |
43 | public func makeUIViewController(context: Context) -> ContentViewController {
| `- error: cannot find type 'Context' in scope
44 | return contentViewController
45 | }
/Users/admin/builder/spi-builder-workspace/.dependencies/checkouts/swiftui-support/Sources/SwiftUISupport/Components/Hosting.swift:47:90: error: cannot find type 'Context' in scope
45 | }
46 |
47 | public func updateUIViewController(_ uiViewController: ContentViewController, context: Context) {
| `- error: cannot find type 'Context' in scope
48 | _update(uiViewController, context)
49 | }
/Users/admin/builder/spi-builder-workspace/.dependencies/checkouts/swiftui-support/Sources/SwiftUISupport/Components/Hosting.swift:27:3: error: cannot find type 'UIViewControllerRepresentable' in scope
25 |
26 | public struct ViewControllerHost<ContentViewController: UIViewController>:
27 | UIViewControllerRepresentable
| `- error: cannot find type 'UIViewControllerRepresentable' in scope
28 | {
29 |
/Users/admin/builder/spi-builder-workspace/.dependencies/checkouts/swiftui-support/Sources/SwiftUISupport/Components/Hosting.swift:26:57: error: 'UIViewController' is unavailable in watchOS
24 | }
25 |
26 | public struct ViewControllerHost<ContentViewController: UIViewController>:
| `- error: 'UIViewController' is unavailable in watchOS
27 | UIViewControllerRepresentable
28 | {
/Applications/Xcode-27.0.0-Release.Candidate.app/Contents/Developer/Platforms/WatchOS.platform/Developer/SDKs/WatchOS27.0.sdk/System/Library/Frameworks/UIKit.framework/Headers/UIViewController.h:104:12: note: 'UIViewController' has been explicitly marked unavailable here
102 |
103 | UIKIT_EXTERN API_AVAILABLE(ios(2.0)) API_UNAVAILABLE(watchos) NS_SWIFT_UI_ACTOR
104 | @interface UIViewController : UIResponder <NSCoding, UIAppearanceContainer, UITraitEnvironment, UIContentContainer, UIFocusEnvironment>
| `- note: 'UIViewController' has been explicitly marked unavailable here
105 |
106 | /*
/Users/admin/builder/spi-builder-workspace/.dependencies/checkouts/swiftui-support/Sources/SwiftUISupport/Components/UIKitText.swift:8:33: error: 'UILabel' is unavailable in watchOS
6 | public struct UIKitText: UIViewRepresentable {
7 |
8 | public typealias UIViewType = UILabel
| `- error: 'UILabel' is unavailable in watchOS
9 |
10 | public let attributedString: NSAttributedString
/Applications/Xcode-27.0.0-Release.Candidate.app/Contents/Developer/Platforms/WatchOS.platform/Developer/SDKs/WatchOS27.0.sdk/System/Library/Frameworks/UIKit.framework/Headers/UILabel.h:33:12: note: 'UILabel' has been explicitly marked unavailable here
31 |
32 | UIKIT_EXTERN API_AVAILABLE(ios(2.0)) API_UNAVAILABLE(watchos) NS_SWIFT_UI_ACTOR
33 | @interface UILabel : UIView <NSCoding, UIContentSizeCategoryAdjusting, UILetterformAwareAdjusting>
| `- note: 'UILabel' has been explicitly marked unavailable here
34 |
35 | @property(nullable, nonatomic,copy) NSString *text; // default is nil
/Users/admin/builder/spi-builder-workspace/.dependencies/checkouts/swiftui-support/Sources/SwiftUISupport/Components/UIKitText.swift:16:35: error: cannot find type 'Context' in scope
14 | }
15 |
16 | public func makeUIView(context: Context) -> UILabel {
| `- error: cannot find type 'Context' in scope
17 | let label = UILabel()
18 | label.numberOfLines = 0
/Users/admin/builder/spi-builder-workspace/.dependencies/checkouts/swiftui-support/Sources/SwiftUISupport/Components/UIKitText.swift:16:47: error: 'UILabel' is unavailable in watchOS
14 | }
15 |
16 | public func makeUIView(context: Context) -> UILabel {
| `- error: 'UILabel' is unavailable in watchOS
17 | let label = UILabel()
18 | label.numberOfLines = 0
/Applications/Xcode-27.0.0-Release.Candidate.app/Contents/Developer/Platforms/WatchOS.platform/Developer/SDKs/WatchOS27.0.sdk/System/Library/Frameworks/UIKit.framework/Headers/UILabel.h:33:12: note: 'UILabel' has been explicitly marked unavailable here
31 |
32 | UIKIT_EXTERN API_AVAILABLE(ios(2.0)) API_UNAVAILABLE(watchos) NS_SWIFT_UI_ACTOR
33 | @interface UILabel : UIView <NSCoding, UIContentSizeCategoryAdjusting, UILetterformAwareAdjusting>
| `- note: 'UILabel' has been explicitly marked unavailable here
34 |
35 | @property(nullable, nonatomic,copy) NSString *text; // default is nil
/Users/admin/builder/spi-builder-workspace/.dependencies/checkouts/swiftui-support/Sources/SwiftUISupport/Components/UIKitText.swift:24:56: error: cannot find type 'Context' in scope
22 | }
23 |
24 | public func updateUIView(_ uiView: UILabel, context: Context) {
| `- error: cannot find type 'Context' in scope
25 | uiView.attributedText = attributedString
26 | }
/Users/admin/builder/spi-builder-workspace/.dependencies/checkouts/swiftui-support/Sources/SwiftUISupport/Components/UIKitText.swift:24:38: error: 'UILabel' is unavailable in watchOS
22 | }
23 |
24 | public func updateUIView(_ uiView: UILabel, context: Context) {
| `- error: 'UILabel' is unavailable in watchOS
25 | uiView.attributedText = attributedString
26 | }
/Applications/Xcode-27.0.0-Release.Candidate.app/Contents/Developer/Platforms/WatchOS.platform/Developer/SDKs/WatchOS27.0.sdk/System/Library/Frameworks/UIKit.framework/Headers/UILabel.h:33:12: note: 'UILabel' has been explicitly marked unavailable here
31 |
32 | UIKIT_EXTERN API_AVAILABLE(ios(2.0)) API_UNAVAILABLE(watchos) NS_SWIFT_UI_ACTOR
33 | @interface UILabel : UIView <NSCoding, UIContentSizeCategoryAdjusting, UILetterformAwareAdjusting>
| `- note: 'UILabel' has been explicitly marked unavailable here
34 |
35 | @property(nullable, nonatomic,copy) NSString *text; // default is nil
/Users/admin/builder/spi-builder-workspace/.dependencies/checkouts/swiftui-support/Sources/SwiftUISupport/Components/UIKitText.swift:6:26: error: cannot find type 'UIViewRepresentable' in scope
4 | UILabel backed SwiftUI.View
5 | */
6 | public struct UIKitText: UIViewRepresentable {
| `- error: cannot find type 'UIViewRepresentable' in scope
7 |
8 | public typealias UIViewType = UILabel
Failed frontend command:
/Applications/Xcode-27.0.0-Release.Candidate.app/Contents/Developer/Toolchains/XcodeDefault.xctoolchain/usr/bin/swift-frontend -frontend -emit-module -experimental-skip-non-inlinable-function-bodies-without-types /Users/admin/builder/spi-builder-workspace/.dependencies/checkouts/swiftui-support/Sources/SwiftUISupport/Components/ClippingMask.swift /Users/admin/builder/spi-builder-workspace/.dependencies/checkouts/swiftui-support/Sources/SwiftUISupport/Components/Hosting.swift /Users/admin/builder/spi-builder-workspace/.dependencies/checkouts/swiftui-support/Sources/SwiftUISupport/Components/LocalState.swift /Users/admin/builder/spi-builder-workspace/.dependencies/checkouts/swiftui-support/Sources/SwiftUISupport/Components/ObservedView.swift /Users/admin/builder/spi-builder-workspace/.dependencies/checkouts/swiftui-support/Sources/SwiftUISupport/Components/StyleModifier.swift /Users/admin/builder/spi-builder-workspace/.dependencies/checkouts/swiftui-support/Sources/SwiftUISupport/Components/SwiftUISupport.swift /Users/admin/builder/spi-builder-workspace/.dependencies/checkouts/swiftui-support/Sources/SwiftUISupport/Components/UIKitText.swift /Users/admin/builder/spi-builder-workspace/.dependencies/checkouts/swiftui-support/Sources/SwiftUISupport/Extensions/Animation+.swift /Users/admin/builder/spi-builder-workspace/.dependencies/checkouts/swiftui-support/Sources/SwiftUISupport/Extensions/ForEach+.swift /Users/admin/builder/spi-builder-workspace/.dependencies/checkouts/swiftui-support/Sources/SwiftUISupport/Extensions/View+.swift /Users/admin/builder/spi-builder-workspace/.dependencies/checkouts/swiftui-support/Sources/SwiftUISupport/Extensions/View+Gradient.swift /Users/admin/builder/spi-builder-workspace/.dependencies/checkouts/swiftui-support/Sources/SwiftUISupport/Extensions/View+VariadicView.swift /Users/admin/builder/spi-builder-workspace/.dependencies/checkouts/swiftui-support/Sources/SwiftUISupport/Extensions/View+circularBorder.swift -target arm64-apple-watchos9.0 -module-can-import-version UIKit 9127.0.84.1 9127.0.84 -disable-cross-import-overlay-search -load-resolved-plugin /Applications/Xcode-27.0.0-Release.Candidate.app/Contents/Developer/Platforms/WatchOS.platform/Developer/usr/lib/swift/host/plugins/libFoundationMacros.dylib\#/Applications/Xcode-27.0.0-Release.Candidate.app/Contents/Developer/Platforms/WatchOS.platform/Developer/usr/bin/swift-plugin-server\#FoundationMacros -load-resolved-plugin /Applications/Xcode-27.0.0-Release.Candidate.app/Contents/Developer/Platforms/WatchOS.platform/Developer/usr/lib/swift/host/plugins/libObservationMacros.dylib\#/Applications/Xcode-27.0.0-Release.Candidate.app/Contents/Developer/Platforms/WatchOS.platform/Developer/usr/bin/swift-plugin-server\#ObservationMacros -load-resolved-plugin /Applications/Xcode-27.0.0-Release.Candidate.app/Contents/Developer/Platforms/WatchOS.platform/Developer/usr/lib/swift/host/plugins/libPreviewsMacros.dylib\#/Applications/Xcode-27.0.0-Release.Candidate.app/Contents/Developer/Platforms/WatchOS.platform/Developer/usr/bin/swift-plugin-server\#PreviewsMacros -load-resolved-plugin /Applications/Xcode-27.0.0-Release.Candidate.app/Contents/Developer/Platforms/WatchOS.platform/Developer/usr/lib/swift/host/plugins/libSwiftMacros.dylib\#/Applications/Xcode-27.0.0-Release.Candidate.app/Contents/Developer/Platforms/WatchOS.platform/Developer/usr/bin/swift-plugin-server\#SwiftMacros -load-resolved-plugin /Applications/Xcode-27.0.0-Release.Candidate.app/Contents/Developer/Platforms/WatchOS.platform/Developer/usr/lib/swift/host/plugins/libSwiftUIMacros.dylib\#/Applications/Xcode-27.0.0-Release.Candidate.app/Contents/Developer/Platforms/WatchOS.platform/Developer/usr/bin/swift-plugin-server\#SwiftUIMacros -disable-implicit-swift-modules -Xcc -fno-implicit-modules -Xcc -fno-implicit-module-maps -explicit-swift-module-map-file /Users/admin/builder/spi-builder-workspace/.derivedData/Build/Intermediates.noindex/SwiftUISupport.build/Debug-watchos/SwiftUISupport-t.build/Objects-normal/arm64/SwiftUISupport-dependencies-1.json -Xllvm -aarch64-use-tbi -enable-objc-interop -stack-check -sdk /Applications/Xcode-27.0.0-Release.Candidate.app/Contents/Developer/Platforms/WatchOS.platform/Developer/SDKs/WatchOS27.0.sdk -I /Users/admin/builder/spi-builder-workspace/.derivedData/Build/Products/Debug-watchos -Isystem /Applications/Xcode-27.0.0-Release.Candidate.app/Contents/Developer/Platforms/WatchOS.platform/Developer/usr/lib -F /Users/admin/builder/spi-builder-workspace/.derivedData/Build/Products/Debug-watchos/PackageFrameworks -F /Users/admin/builder/spi-builder-workspace/.derivedData/Build/Products/Debug-watchos -F /Applications/Xcode-27.0.0-Release.Candidate.app/Contents/Developer/Platforms/WatchOS.platform/Developer/Library/Frameworks -F /Applications/Xcode-27.0.0-Release.Candidate.app/Contents/Developer/Platforms/WatchOS.platform/Developer/SDKs/WatchOS27.0.sdk/Developer/Library/Frameworks -module-cache-path /Users/admin/builder/spi-builder-workspace/.derivedData/Build/Intermediates.noindex/SwiftExplicitPrecompiledModules -no-color-diagnostics -Xcc -fno-color-diagnostics -enable-testing -g -debug-info-format\=dwarf -dwarf-version\=4 -suppress-warnings -profile-generate -profile-coverage-mapping -swift-version 6 -Onone -D SWIFT_PACKAGE -D DEBUG -D SWIFT_MODULE_RESOURCE_BUNDLE_UNAVAILABLE -D Xcode -serialize-debugging-options -enable-experimental-feature DebugDescriptionMacro -empty-abi-descriptor -user-module-version 0.14.0 -validate-clang-modules-once -clang-build-session-file /Users/admin/builder/spi-builder-workspace/.derivedData/ModuleCache.noindex/Session.modulevalidation -Xcc -working-directory -Xcc /Users/admin/builder/spi-builder-workspace/.swiftpm/xcode -enable-anonymous-context-mangled-names -file-compilation-dir /Users/admin/builder/spi-builder-workspace/.swiftpm/xcode -Xcc -D_LIBCPP_HARDENING_MODE\=_LIBCPP_HARDENING_MODE_DEBUG -Xcc -ivfsstatcache -Xcc /Users/admin/builder/spi-builder-workspace/.derivedData/SDKStatCaches.noindex/watchos27.0-24R360-e829b21a6f8c9b70876ba0858053c04477534ef55a1706bf4c1112bbb242f0a2.sdkstatcache -Xcc -fmodules-prune-interval\=86400 -Xcc -fmodules-prune-after\=345600 -Xcc -I/Users/admin/builder/spi-builder-workspace/.derivedData/Build/Products/Debug-watchos/include -Xcc -I/Users/admin/builder/spi-builder-workspace/.derivedData/Build/Intermediates.noindex/SwiftUISupport.build/Debug-watchos/SwiftUISupport-t.build/DerivedSources-normal/arm64 -Xcc -I/Users/admin/builder/spi-builder-workspace/.derivedData/Build/Intermediates.noindex/SwiftUISupport.build/Debug-watchos/SwiftUISupport-t.build/DerivedSources/arm64 -Xcc -I/Users/admin/builder/spi-builder-workspace/.derivedData/Build/Intermediates.noindex/SwiftUISupport.build/Debug-watchos/SwiftUISupport-t.build/DerivedSources -Xcc -DSWIFT_PACKAGE -Xcc -DDEBUG\=1 -no-auto-bridging-header-chaining -module-name SwiftUISupport -package-name swiftui_support -const-gather-protocols-file /Users/admin/builder/spi-builder-workspace/.derivedData/Build/Intermediates.noindex/SwiftUISupport.build/Debug-watchos/SwiftUISupport-t.build/Objects-normal/arm64/SwiftUISupport_const_extract_protocols.json -disable-clang-spi -clang-target arm64-apple-watchos27.0 -target-sdk-version 27.0 -target-sdk-name watchos27.0 -in-process-plugin-server-path /Applications/Xcode-27.0.0-Release.Candidate.app/Contents/Developer/Toolchains/XcodeDefault.xctoolchain/usr/lib/swift/host/libSwiftInProcPluginServer.dylib -emit-module-doc-path /Users/admin/builder/spi-builder-workspace/.derivedData/Build/Intermediates.noindex/SwiftUISupport.build/Debug-watchos/SwiftUISupport-t.build/Objects-normal/arm64/SwiftUISupport.swiftdoc -emit-module-source-info-path /Users/admin/builder/spi-builder-workspace/.derivedData/Build/Intermediates.noindex/SwiftUISupport.build/Debug-watchos/SwiftUISupport-t.build/Objects-normal/arm64/SwiftUISupport.swiftsourceinfo -emit-objc-header-path /Users/admin/builder/spi-builder-workspace/.derivedData/Build/Intermediates.noindex/SwiftUISupport.build/Debug-watchos/SwiftUISupport-t.build/Objects-normal/arm64/SwiftUISupport-Swift.h -serialize-diagnostics-path /Users/admin/builder/spi-builder-workspace/.derivedData/Build/Intermediates.noindex/SwiftUISupport.build/Debug-watchos/SwiftUISupport-t.build/Objects-normal/arm64/SwiftUISupport-primary-emit-module.dia -emit-dependencies-path /Users/admin/builder/spi-builder-workspace/.derivedData/Build/Intermediates.noindex/SwiftUISupport.build/Debug-watchos/SwiftUISupport-t.build/Objects-normal/arm64/SwiftUISupport-primary-emit-module.d -parse-as-library -o /Users/admin/builder/spi-builder-workspace/.derivedData/Build/Intermediates.noindex/SwiftUISupport.build/Debug-watchos/SwiftUISupport-t.build/Objects-normal/arm64/SwiftUISupport.swiftmodule -emit-abi-descriptor-path /Users/admin/builder/spi-builder-workspace/.derivedData/Build/Intermediates.noindex/SwiftUISupport.build/Debug-watchos/SwiftUISupport-t.build/Objects-normal/arm64/SwiftUISupport.abi.json
SwiftCompile normal arm64 (in target 'SwiftUISupport' from project 'SwiftUISupport')
cd /Users/admin/builder/spi-builder-workspace/.swiftpm/xcode
SwiftCompile normal arm64 Compiling\ ForEach+.swift /Users/admin/builder/spi-builder-workspace/.dependencies/checkouts/swiftui-support/Sources/SwiftUISupport/Extensions/ForEach+.swift (in target 'SwiftUISupport' from project 'SwiftUISupport')
SwiftCompile normal arm64 /Users/admin/builder/spi-builder-workspace/.dependencies/checkouts/swiftui-support/Sources/SwiftUISupport/Extensions/ForEach+.swift (in target 'SwiftUISupport' from project 'SwiftUISupport')
cd /Users/admin/builder/spi-builder-workspace/.swiftpm/xcode
builtin-SwiftPerFileCompile ForEach+.swift
SwiftCompile normal arm64 Compiling\ View+.swift /Users/admin/builder/spi-builder-workspace/.dependencies/checkouts/swiftui-support/Sources/SwiftUISupport/Extensions/View+.swift (in target 'SwiftUISupport' from project 'SwiftUISupport')
SwiftCompile normal arm64 /Users/admin/builder/spi-builder-workspace/.dependencies/checkouts/swiftui-support/Sources/SwiftUISupport/Extensions/View+.swift (in target 'SwiftUISupport' from project 'SwiftUISupport')
cd /Users/admin/builder/spi-builder-workspace/.swiftpm/xcode
builtin-SwiftPerFileCompile View+.swift
SwiftEmitModule normal arm64_32 Emitting\ module\ for\ SwiftUISupport (in target 'SwiftUISupport' from project 'SwiftUISupport')
SwiftCompile normal arm64_32 (in target 'SwiftUISupport' from project 'SwiftUISupport')
cd /Users/admin/builder/spi-builder-workspace/.swiftpm/xcode
PruneExplicitPrecompiledModules /Users/admin/builder/spi-builder-workspace/.derivedData/Build/Intermediates.noindex/ExplicitPrecompiledModules
PruneExplicitPrecompiledModules /Users/admin/builder/spi-builder-workspace/.derivedData/SDKExplicitPrecompiledModules
PruneExplicitPrecompiledModules /Users/admin/builder/spi-builder-workspace/.derivedData/Build/Intermediates.noindex/SwiftExplicitPrecompiledModules
2026-09-19 11:03:35.924 xcodebuild[941:5507] [MT] IDERunDestination: Supported platforms for the buildables in the current scheme is empty.
2026-09-19 11:03:36.045 xcodebuild[941:5507] [MT] IDERunDestination: Supported platforms for the buildables in the current scheme is empty.
2026-09-19 11:03:38.747 xcodebuild[941:5507] [MT] IDERunDestination: Supported platforms for the buildables in the current scheme is empty.
** BUILD FAILED **
The following build commands failed:
SwiftEmitModule normal arm64 Emitting\ module\ for\ SwiftUISupport (in target 'SwiftUISupport' from project 'SwiftUISupport')
SwiftCompile normal arm64 (in target 'SwiftUISupport' from project 'SwiftUISupport')
Building workspace swiftui-stack with scheme swiftui-stack
(3 failures)
Command line invocation:
/Applications/Xcode-27.0.0-Release.Candidate.app/Contents/Developer/usr/bin/xcodebuild -IDEClonedSourcePackagesDirPathOverride=/Users/admin/builder/spi-builder-workspace/.dependencies -resolvePackageDependencies
Resolve Package Graph
Resolved source packages:
swiftui-stack: /Users/admin/builder/spi-builder-workspace
swiftui-snap-dragging-modifier: https://github.com/FluidGroup/swiftui-snap-dragging-modifier @ 1.3.0
SwiftUISupport: https://github.com/FluidGroup/swiftui-support @ 0.14.0
ViewInspector: https://github.com/nalexn/ViewInspector.git @ 0.9.5
RubberBanding: https://github.com/FluidGroup/swift-rubber-banding @ 1.0.0
resolved source packages: swiftui-stack, swiftui-snap-dragging-modifier, SwiftUISupport, ViewInspector, RubberBanding
2026-09-19 11:03:46.794 xcodebuild[1144:6616] [MT] IDERunDestination: Supported platforms for the buildables in the current scheme is empty.
2026-09-19 11:03:46.899 xcodebuild[1144:6616] [MT] IDERunDestination: Supported platforms for the buildables in the current scheme is empty.
{
"dependencies" : [
{
"identity" : "swiftui-support",
"requirement" : {
"range" : [
{
"lower_bound" : "0.4.1",
"upper_bound" : "1.0.0"
}
]
},
"type" : "sourceControl",
"url" : "https://github.com/FluidGroup/swiftui-support"
},
{
"identity" : "swiftui-snap-dragging-modifier",
"requirement" : {
"range" : [
{
"lower_bound" : "1.1.2",
"upper_bound" : "2.0.0"
}
]
},
"type" : "sourceControl",
"url" : "https://github.com/FluidGroup/swiftui-snap-dragging-modifier"
},
{
"identity" : "viewinspector",
"requirement" : {
"range" : [
{
"lower_bound" : "0.9.2",
"upper_bound" : "1.0.0"
}
]
},
"type" : "sourceControl",
"url" : "https://github.com/nalexn/ViewInspector.git"
}
],
"manifest_display_name" : "swiftui-stack",
"name" : "swiftui-stack",
"path" : "/Users/admin/builder/spi-builder-workspace",
"platforms" : [
{
"name" : "ios",
"version" : "14.0"
}
],
"products" : [
{
"name" : "SwiftUIStack",
"targets" : [
"SwiftUIStack"
],
"type" : {
"library" : [
"automatic"
]
}
}
],
"targets" : [
{
"c99name" : "SwiftUIStackTests",
"module_type" : "SwiftTarget",
"name" : "SwiftUIStackTests",
"path" : "Tests/SwiftUIStackTests",
"product_dependencies" : [
"ViewInspector"
],
"sources" : [
"Model.swift",
"StackTests.swift"
],
"target_dependencies" : [
"SwiftUIStack"
],
"type" : "test"
},
{
"c99name" : "SwiftUIStack",
"module_type" : "SwiftTarget",
"name" : "SwiftUIStack",
"path" : "Sources/SwiftUIStack",
"product_dependencies" : [
"SwiftUISupport",
"SwiftUISnapDraggingModifier"
],
"product_memberships" : [
"SwiftUIStack"
],
"sources" : [
"AbstractStack.swift",
"AndHashable.swift",
"EnvironmentReader.swift",
"LinkEnvironmentValues.swift",
"Log.swift",
"MatchedGeometryEffectIdentifier.swift",
"NativeStackDisplay.swift",
"Stack.swift",
"StackBackground.swift",
"StackDisplaying.swift",
"StackIdentifier.swift",
"StackLink.swift",
"StackLookupStragety.swift",
"StackPath.swift",
"StackTransition+Matched.swift",
"StackTransition+Slide.swift",
"StackTransition.swift",
"StackUnwindLink.swift",
"StackedView.swift",
"View+stackDestination.swift",
"_StackContext.swift"
],
"type" : "library"
}
],
"tools_version" : "5.7"
}
{
"workspace" : {
"name" : "swiftui-stack",
"schemes" : [
"SnapDraggingModifier",
"StackTests",
"swiftui-snap-dragging-modifier",
"swiftui-stack",
"SwiftUISnapDraggingModifier"
]
}
}
2026-09-19 11:03:48.188 xcodebuild[1152:6688] [MT] IDERunDestination: Supported platforms for the buildables in the current scheme is empty.
2026-09-19 11:03:48.293 xcodebuild[1152:6688] [MT] IDERunDestination: Supported platforms for the buildables in the current scheme is empty.
{
"workspace" : {
"name" : "swiftui-stack",
"schemes" : [
"SnapDraggingModifier",
"StackTests",
"swiftui-snap-dragging-modifier",
"swiftui-stack",
"SwiftUISnapDraggingModifier"
]
}
}
2026-09-19 11:03:49.340 xcodebuild[1154:6718] [MT] IDERunDestination: Supported platforms for the buildables in the current scheme is empty.
2026-09-19 11:03:49.442 xcodebuild[1154:6718] [MT] IDERunDestination: Supported platforms for the buildables in the current scheme is empty.
Running build ...
env DEVELOPER_DIR=/Applications/Xcode-27.0.0-Release.Candidate.app xcrun xcodebuild -IDEClonedSourcePackagesDirPathOverride=$PWD/.dependencies -skipMacroValidation -skipPackagePluginValidation -derivedDataPath $PWD/.derivedData build -scheme swiftui-stack -destination generic/platform=watchOS
Command line invocation:
/Applications/Xcode-27.0.0-Release.Candidate.app/Contents/Developer/usr/bin/xcodebuild -IDEClonedSourcePackagesDirPathOverride=/Users/admin/builder/spi-builder-workspace/.dependencies -skipMacroValidation -skipPackagePluginValidation -derivedDataPath /Users/admin/builder/spi-builder-workspace/.derivedData build -scheme swiftui-stack -destination generic/platform=watchOS
Resolve Package Graph
Resolved source packages:
ViewInspector: https://github.com/nalexn/ViewInspector.git @ 0.9.5
RubberBanding: https://github.com/FluidGroup/swift-rubber-banding @ 1.0.0
swiftui-stack: /Users/admin/builder/spi-builder-workspace
SwiftUISupport: https://github.com/FluidGroup/swiftui-support @ 0.14.0
swiftui-snap-dragging-modifier: https://github.com/FluidGroup/swiftui-snap-dragging-modifier @ 1.3.0
ComputePackagePrebuildTargetDependencyGraph
Prepare packages
CreateBuildRequest
SendProjectDescription
CreateBuildOperation
ComputeTargetDependencyGraph
note: Building targets in dependency order
note: Target dependency graph (10 targets)
Target 'SwiftUIStack-product' in project 'swiftui-stack'
➜ Explicit dependency on target 'SwiftUIStack' in project 'swiftui-stack'
➜ Explicit dependency on target 'SwiftUISupport-product' in project 'SwiftUISupport'
➜ Explicit dependency on target 'SwiftUISnapDraggingModifier-product' in project 'swiftui-snap-dragging-modifier'
Target 'SwiftUIStack' in project 'swiftui-stack'
➜ Explicit dependency on target 'SwiftUISupport-product' in project 'SwiftUISupport'
➜ Explicit dependency on target 'SwiftUISnapDraggingModifier-product' in project 'swiftui-snap-dragging-modifier'
Target 'SwiftUISnapDraggingModifier-product' in project 'swiftui-snap-dragging-modifier'
➜ Explicit dependency on target 'SwiftUISnapDraggingModifier' in project 'swiftui-snap-dragging-modifier'
➜ Explicit dependency on target 'RubberBanding-product' in project 'RubberBanding'
➜ Explicit dependency on target 'SwiftUISupport-product' in project 'SwiftUISupport'
Target 'SwiftUISnapDraggingModifier' in project 'swiftui-snap-dragging-modifier'
➜ Explicit dependency on target 'RubberBanding-product' in project 'RubberBanding'
➜ Explicit dependency on target 'SwiftUISupport-product' in project 'SwiftUISupport'
Target 'RubberBanding-product' in project 'RubberBanding'
➜ Explicit dependency on target 'RubberBanding' in project 'RubberBanding'
Target 'RubberBanding' in project 'RubberBanding' (no dependencies)
Target 'SwiftUISupport-product' in project 'SwiftUISupport'
➜ Explicit dependency on target 'SwiftUISupport' in project 'SwiftUISupport'
➜ Explicit dependency on target 'SwiftUISupportSizing' in project 'SwiftUISupport'
➜ Explicit dependency on target 'SwiftUISupportGeometryEffect' in project 'SwiftUISupport'
Target 'SwiftUISupport' in project 'SwiftUISupport'
➜ Explicit dependency on target 'SwiftUISupportSizing' in project 'SwiftUISupport'
➜ Explicit dependency on target 'SwiftUISupportGeometryEffect' in project 'SwiftUISupport'
Target 'SwiftUISupportGeometryEffect' in project 'SwiftUISupport' (no dependencies)
Target 'SwiftUISupportSizing' in project 'SwiftUISupport' (no dependencies)
GatherProvisioningInputs
CreateBuildDescription
ClangStatCache /Applications/Xcode-27.0.0-Release.Candidate.app/Contents/Developer/Toolchains/XcodeDefault.xctoolchain/usr/bin/clang-stat-cache /Applications/Xcode-27.0.0-Release.Candidate.app/Contents/Developer/Platforms/WatchOS.platform/Developer/SDKs/WatchOS27.0.sdk /Users/admin/builder/spi-builder-workspace/.derivedData/SDKStatCaches.noindex/watchos27.0-24R360-e829b21a6f8c9b70876ba0858053c04477534ef55a1706bf4c1112bbb242f0a2.sdkstatcache
cd /Users/admin/builder/spi-builder-workspace/.swiftpm/xcode
/Applications/Xcode-27.0.0-Release.Candidate.app/Contents/Developer/Toolchains/XcodeDefault.xctoolchain/usr/bin/clang-stat-cache /Applications/Xcode-27.0.0-Release.Candidate.app/Contents/Developer/Platforms/WatchOS.platform/Developer/SDKs/WatchOS27.0.sdk -o /Users/admin/builder/spi-builder-workspace/.derivedData/SDKStatCaches.noindex/watchos27.0-24R360-e829b21a6f8c9b70876ba0858053c04477534ef55a1706bf4c1112bbb242f0a2.sdkstatcache
SwiftDriver SwiftUISupportSizing normal arm64_32 com.apple.xcode.tools.swift.compiler (in target 'SwiftUISupportSizing' from project 'SwiftUISupport')
cd /Users/admin/builder/spi-builder-workspace/.swiftpm/xcode
builtin-SwiftDriver -- /Applications/Xcode-27.0.0-Release.Candidate.app/Contents/Developer/Toolchains/XcodeDefault.xctoolchain/usr/bin/swiftc -parse-as-library -module-name SwiftUISupportSizing -Onone @/Users/admin/builder/spi-builder-workspace/.derivedData/Build/Intermediates.noindex/SwiftUISupport.build/Debug-watchos/SwiftUISupportSizing-t.build/Objects-normal/arm64_32/SwiftUISupportSizing.SwiftFileList -DSWIFT_PACKAGE -DDEBUG -DSWIFT_MODULE_RESOURCE_BUNDLE_UNAVAILABLE -DXcode -plugin-path /Applications/Xcode-27.0.0-Release.Candidate.app/Contents/Developer/Toolchains/XcodeDefault.xctoolchain/usr/lib/swift/host/plugins/testing -enable-experimental-feature DebugDescriptionMacro -sdk /Applications/Xcode-27.0.0-Release.Candidate.app/Contents/Developer/Platforms/WatchOS.platform/Developer/SDKs/WatchOS27.0.sdk -target arm64_32-apple-watchos9.0 -g -module-cache-path /Users/admin/builder/spi-builder-workspace/.derivedData/ModuleCache.noindex -Xfrontend -serialize-debugging-options -profile-coverage-mapping -profile-generate -enable-testing -suppress-warnings -index-store-path /Users/admin/builder/spi-builder-workspace/.derivedData/Index.noindex/DataStore -Xcc -D_LIBCPP_HARDENING_MODE\=_LIBCPP_HARDENING_MODE_DEBUG -swift-version 6 -I /Users/admin/builder/spi-builder-workspace/.derivedData/Build/Products/Debug-watchos -Isystem /Applications/Xcode-27.0.0-Release.Candidate.app/Contents/Developer/Platforms/WatchOS.platform/Developer/usr/lib -F /Users/admin/builder/spi-builder-workspace/.derivedData/Build/Products/Debug-watchos -F /Applications/Xcode-27.0.0-Release.Candidate.app/Contents/Developer/Platforms/WatchOS.platform/Developer/Library/Frameworks -F /Applications/Xcode-27.0.0-Release.Candidate.app/Contents/Developer/Platforms/WatchOS.platform/Developer/SDKs/WatchOS27.0.sdk/Developer/Library/Frameworks -c -j10 -enable-batch-mode -incremental -Xcc -ivfsstatcache -Xcc /Users/admin/builder/spi-builder-workspace/.derivedData/SDKStatCaches.noindex/watchos27.0-24R360-e829b21a6f8c9b70876ba0858053c04477534ef55a1706bf4c1112bbb242f0a2.sdkstatcache -output-file-map /Users/admin/builder/spi-builder-workspace/.derivedData/Build/Intermediates.noindex/SwiftUISupport.build/Debug-watchos/SwiftUISupportSizing-t.build/Objects-normal/arm64_32/SwiftUISupportSizing-OutputFileMap.json -save-temps -no-color-diagnostics -explicit-module-build -module-cache-path /Users/admin/builder/spi-builder-workspace/.derivedData/Build/Intermediates.noindex/SwiftExplicitPrecompiledModules -clang-scanner-module-cache-path /Users/admin/builder/spi-builder-workspace/.derivedData/ModuleCache.noindex -sdk-module-cache-path /Users/admin/builder/spi-builder-workspace/.derivedData/SDKExplicitPrecompiledModules -emit-dependencies -emit-module -emit-module-path /Users/admin/builder/spi-builder-workspace/.derivedData/Build/Intermediates.noindex/SwiftUISupport.build/Debug-watchos/SwiftUISupportSizing-t.build/Objects-normal/arm64_32/SwiftUISupportSizing.swiftmodule -serialize-diagnostics -dependency-scan-serialize-diagnostics-path /Users/admin/builder/spi-builder-workspace/.derivedData/Build/Intermediates.noindex/SwiftUISupport.build/Debug-watchos/SwiftUISupportSizing-t.build/Objects-normal/arm64_32/SwiftUISupportSizing-dependency-scan.dia -user-module-version 0.14.0 -validate-clang-modules-once -clang-build-session-file /Users/admin/builder/spi-builder-workspace/.derivedData/ModuleCache.noindex/Session.modulevalidation -Xcc -fmodules-prune-interval\=86400 -Xcc -fmodules-prune-after\=345600 -package-name swiftui_support -emit-const-values -const-gather-protocols-list /Users/admin/builder/spi-builder-workspace/.derivedData/Build/Intermediates.noindex/SwiftUISupport.build/Debug-watchos/SwiftUISupportSizing-t.build/Objects-normal/arm64_32/SwiftUISupportSizing_const_extract_protocols.json -Xcc -I/Users/admin/builder/spi-builder-workspace/.derivedData/Build/Products/Debug-watchos/include -Xcc -I/Users/admin/builder/spi-builder-workspace/.derivedData/Build/Intermediates.noindex/SwiftUISupport.build/Debug-watchos/SwiftUISupportSizing-t.build/DerivedSources-normal/arm64_32 -Xcc -I/Users/admin/builder/spi-builder-workspace/.derivedData/Build/Intermediates.noindex/SwiftUISupport.build/Debug-watchos/SwiftUISupportSizing-t.build/DerivedSources/arm64_32 -Xcc -I/Users/admin/builder/spi-builder-workspace/.derivedData/Build/Intermediates.noindex/SwiftUISupport.build/Debug-watchos/SwiftUISupportSizing-t.build/DerivedSources -Xcc -DSWIFT_PACKAGE -Xcc -DDEBUG\=1 -emit-objc-header -emit-objc-header-path /Users/admin/builder/spi-builder-workspace/.derivedData/Build/Intermediates.noindex/SwiftUISupport.build/Debug-watchos/SwiftUISupportSizing-t.build/Objects-normal/arm64_32/SwiftUISupportSizing-Swift.h -working-directory /Users/admin/builder/spi-builder-workspace/.swiftpm/xcode -experimental-emit-module-separately -disable-cmo
SwiftDriver SwiftUISupportSizing normal arm64 com.apple.xcode.tools.swift.compiler (in target 'SwiftUISupportSizing' from project 'SwiftUISupport')
cd /Users/admin/builder/spi-builder-workspace/.swiftpm/xcode
builtin-SwiftDriver -- /Applications/Xcode-27.0.0-Release.Candidate.app/Contents/Developer/Toolchains/XcodeDefault.xctoolchain/usr/bin/swiftc -parse-as-library -module-name SwiftUISupportSizing -Onone @/Users/admin/builder/spi-builder-workspace/.derivedData/Build/Intermediates.noindex/SwiftUISupport.build/Debug-watchos/SwiftUISupportSizing-t.build/Objects-normal/arm64/SwiftUISupportSizing.SwiftFileList -DSWIFT_PACKAGE -DDEBUG -DSWIFT_MODULE_RESOURCE_BUNDLE_UNAVAILABLE -DXcode -plugin-path /Applications/Xcode-27.0.0-Release.Candidate.app/Contents/Developer/Toolchains/XcodeDefault.xctoolchain/usr/lib/swift/host/plugins/testing -enable-experimental-feature DebugDescriptionMacro -sdk /Applications/Xcode-27.0.0-Release.Candidate.app/Contents/Developer/Platforms/WatchOS.platform/Developer/SDKs/WatchOS27.0.sdk -target arm64-apple-watchos9.0 -g -module-cache-path /Users/admin/builder/spi-builder-workspace/.derivedData/ModuleCache.noindex -Xfrontend -serialize-debugging-options -profile-coverage-mapping -profile-generate -enable-testing -suppress-warnings -index-store-path /Users/admin/builder/spi-builder-workspace/.derivedData/Index.noindex/DataStore -Xcc -D_LIBCPP_HARDENING_MODE\=_LIBCPP_HARDENING_MODE_DEBUG -swift-version 6 -I /Users/admin/builder/spi-builder-workspace/.derivedData/Build/Products/Debug-watchos -Isystem /Applications/Xcode-27.0.0-Release.Candidate.app/Contents/Developer/Platforms/WatchOS.platform/Developer/usr/lib -F /Users/admin/builder/spi-builder-workspace/.derivedData/Build/Products/Debug-watchos -F /Applications/Xcode-27.0.0-Release.Candidate.app/Contents/Developer/Platforms/WatchOS.platform/Developer/Library/Frameworks -F /Applications/Xcode-27.0.0-Release.Candidate.app/Contents/Developer/Platforms/WatchOS.platform/Developer/SDKs/WatchOS27.0.sdk/Developer/Library/Frameworks -c -j10 -enable-batch-mode -incremental -Xcc -ivfsstatcache -Xcc /Users/admin/builder/spi-builder-workspace/.derivedData/SDKStatCaches.noindex/watchos27.0-24R360-e829b21a6f8c9b70876ba0858053c04477534ef55a1706bf4c1112bbb242f0a2.sdkstatcache -output-file-map /Users/admin/builder/spi-builder-workspace/.derivedData/Build/Intermediates.noindex/SwiftUISupport.build/Debug-watchos/SwiftUISupportSizing-t.build/Objects-normal/arm64/SwiftUISupportSizing-OutputFileMap.json -save-temps -no-color-diagnostics -explicit-module-build -module-cache-path /Users/admin/builder/spi-builder-workspace/.derivedData/Build/Intermediates.noindex/SwiftExplicitPrecompiledModules -clang-scanner-module-cache-path /Users/admin/builder/spi-builder-workspace/.derivedData/ModuleCache.noindex -sdk-module-cache-path /Users/admin/builder/spi-builder-workspace/.derivedData/SDKExplicitPrecompiledModules -emit-dependencies -emit-module -emit-module-path /Users/admin/builder/spi-builder-workspace/.derivedData/Build/Intermediates.noindex/SwiftUISupport.build/Debug-watchos/SwiftUISupportSizing-t.build/Objects-normal/arm64/SwiftUISupportSizing.swiftmodule -serialize-diagnostics -dependency-scan-serialize-diagnostics-path /Users/admin/builder/spi-builder-workspace/.derivedData/Build/Intermediates.noindex/SwiftUISupport.build/Debug-watchos/SwiftUISupportSizing-t.build/Objects-normal/arm64/SwiftUISupportSizing-dependency-scan.dia -user-module-version 0.14.0 -validate-clang-modules-once -clang-build-session-file /Users/admin/builder/spi-builder-workspace/.derivedData/ModuleCache.noindex/Session.modulevalidation -Xcc -fmodules-prune-interval\=86400 -Xcc -fmodules-prune-after\=345600 -package-name swiftui_support -emit-const-values -const-gather-protocols-list /Users/admin/builder/spi-builder-workspace/.derivedData/Build/Intermediates.noindex/SwiftUISupport.build/Debug-watchos/SwiftUISupportSizing-t.build/Objects-normal/arm64/SwiftUISupportSizing_const_extract_protocols.json -Xcc -I/Users/admin/builder/spi-builder-workspace/.derivedData/Build/Products/Debug-watchos/include -Xcc -I/Users/admin/builder/spi-builder-workspace/.derivedData/Build/Intermediates.noindex/SwiftUISupport.build/Debug-watchos/SwiftUISupportSizing-t.build/DerivedSources-normal/arm64 -Xcc -I/Users/admin/builder/spi-builder-workspace/.derivedData/Build/Intermediates.noindex/SwiftUISupport.build/Debug-watchos/SwiftUISupportSizing-t.build/DerivedSources/arm64 -Xcc -I/Users/admin/builder/spi-builder-workspace/.derivedData/Build/Intermediates.noindex/SwiftUISupport.build/Debug-watchos/SwiftUISupportSizing-t.build/DerivedSources -Xcc -DSWIFT_PACKAGE -Xcc -DDEBUG\=1 -emit-objc-header -emit-objc-header-path /Users/admin/builder/spi-builder-workspace/.derivedData/Build/Intermediates.noindex/SwiftUISupport.build/Debug-watchos/SwiftUISupportSizing-t.build/Objects-normal/arm64/SwiftUISupportSizing-Swift.h -working-directory /Users/admin/builder/spi-builder-workspace/.swiftpm/xcode -experimental-emit-module-separately -disable-cmo
SwiftDriver SwiftUISupportGeometryEffect normal arm64 com.apple.xcode.tools.swift.compiler (in target 'SwiftUISupportGeometryEffect' from project 'SwiftUISupport')
cd /Users/admin/builder/spi-builder-workspace/.swiftpm/xcode
builtin-SwiftDriver -- /Applications/Xcode-27.0.0-Release.Candidate.app/Contents/Developer/Toolchains/XcodeDefault.xctoolchain/usr/bin/swiftc -parse-as-library -module-name SwiftUISupportGeometryEffect -Onone @/Users/admin/builder/spi-builder-workspace/.derivedData/Build/Intermediates.noindex/SwiftUISupport.build/Debug-watchos/SwiftUISupportGeometryEffect-t.build/Objects-normal/arm64/SwiftUISupportGeometryEffect.SwiftFileList -DSWIFT_PACKAGE -DDEBUG -DSWIFT_MODULE_RESOURCE_BUNDLE_UNAVAILABLE -DXcode -plugin-path /Applications/Xcode-27.0.0-Release.Candidate.app/Contents/Developer/Toolchains/XcodeDefault.xctoolchain/usr/lib/swift/host/plugins/testing -enable-experimental-feature DebugDescriptionMacro -sdk /Applications/Xcode-27.0.0-Release.Candidate.app/Contents/Developer/Platforms/WatchOS.platform/Developer/SDKs/WatchOS27.0.sdk -target arm64-apple-watchos9.0 -g -module-cache-path /Users/admin/builder/spi-builder-workspace/.derivedData/ModuleCache.noindex -Xfrontend -serialize-debugging-options -profile-coverage-mapping -profile-generate -enable-testing -suppress-warnings -index-store-path /Users/admin/builder/spi-builder-workspace/.derivedData/Index.noindex/DataStore -Xcc -D_LIBCPP_HARDENING_MODE\=_LIBCPP_HARDENING_MODE_DEBUG -swift-version 6 -I /Users/admin/builder/spi-builder-workspace/.derivedData/Build/Products/Debug-watchos -Isystem /Applications/Xcode-27.0.0-Release.Candidate.app/Contents/Developer/Platforms/WatchOS.platform/Developer/usr/lib -F /Users/admin/builder/spi-builder-workspace/.derivedData/Build/Products/Debug-watchos -F /Applications/Xcode-27.0.0-Release.Candidate.app/Contents/Developer/Platforms/WatchOS.platform/Developer/Library/Frameworks -F /Applications/Xcode-27.0.0-Release.Candidate.app/Contents/Developer/Platforms/WatchOS.platform/Developer/SDKs/WatchOS27.0.sdk/Developer/Library/Frameworks -c -j10 -enable-batch-mode -incremental -Xcc -ivfsstatcache -Xcc /Users/admin/builder/spi-builder-workspace/.derivedData/SDKStatCaches.noindex/watchos27.0-24R360-e829b21a6f8c9b70876ba0858053c04477534ef55a1706bf4c1112bbb242f0a2.sdkstatcache -output-file-map /Users/admin/builder/spi-builder-workspace/.derivedData/Build/Intermediates.noindex/SwiftUISupport.build/Debug-watchos/SwiftUISupportGeometryEffect-t.build/Objects-normal/arm64/SwiftUISupportGeometryEffect-OutputFileMap.json -save-temps -no-color-diagnostics -explicit-module-build -module-cache-path /Users/admin/builder/spi-builder-workspace/.derivedData/Build/Intermediates.noindex/SwiftExplicitPrecompiledModules -clang-scanner-module-cache-path /Users/admin/builder/spi-builder-workspace/.derivedData/ModuleCache.noindex -sdk-module-cache-path /Users/admin/builder/spi-builder-workspace/.derivedData/SDKExplicitPrecompiledModules -emit-dependencies -emit-module -emit-module-path /Users/admin/builder/spi-builder-workspace/.derivedData/Build/Intermediates.noindex/SwiftUISupport.build/Debug-watchos/SwiftUISupportGeometryEffect-t.build/Objects-normal/arm64/SwiftUISupportGeometryEffect.swiftmodule -serialize-diagnostics -dependency-scan-serialize-diagnostics-path /Users/admin/builder/spi-builder-workspace/.derivedData/Build/Intermediates.noindex/SwiftUISupport.build/Debug-watchos/SwiftUISupportGeometryEffect-t.build/Objects-normal/arm64/SwiftUISupportGeometryEffect-dependency-scan.dia -user-module-version 0.14.0 -validate-clang-modules-once -clang-build-session-file /Users/admin/builder/spi-builder-workspace/.derivedData/ModuleCache.noindex/Session.modulevalidation -Xcc -fmodules-prune-interval\=86400 -Xcc -fmodules-prune-after\=345600 -package-name swiftui_support -emit-const-values -const-gather-protocols-list /Users/admin/builder/spi-builder-workspace/.derivedData/Build/Intermediates.noindex/SwiftUISupport.build/Debug-watchos/SwiftUISupportGeometryEffect-t.build/Objects-normal/arm64/SwiftUISupportGeometryEffect_const_extract_protocols.json -Xcc -I/Users/admin/builder/spi-builder-workspace/.derivedData/Build/Products/Debug-watchos/include -Xcc -I/Users/admin/builder/spi-builder-workspace/.derivedData/Build/Intermediates.noindex/SwiftUISupport.build/Debug-watchos/SwiftUISupportGeometryEffect-t.build/DerivedSources-normal/arm64 -Xcc -I/Users/admin/builder/spi-builder-workspace/.derivedData/Build/Intermediates.noindex/SwiftUISupport.build/Debug-watchos/SwiftUISupportGeometryEffect-t.build/DerivedSources/arm64 -Xcc -I/Users/admin/builder/spi-builder-workspace/.derivedData/Build/Intermediates.noindex/SwiftUISupport.build/Debug-watchos/SwiftUISupportGeometryEffect-t.build/DerivedSources -Xcc -DSWIFT_PACKAGE -Xcc -DDEBUG\=1 -emit-objc-header -emit-objc-header-path /Users/admin/builder/spi-builder-workspace/.derivedData/Build/Intermediates.noindex/SwiftUISupport.build/Debug-watchos/SwiftUISupportGeometryEffect-t.build/Objects-normal/arm64/SwiftUISupportGeometryEffect-Swift.h -working-directory /Users/admin/builder/spi-builder-workspace/.swiftpm/xcode -experimental-emit-module-separately -disable-cmo
SwiftDriver SwiftUISupport normal arm64 com.apple.xcode.tools.swift.compiler (in target 'SwiftUISupport' from project 'SwiftUISupport')
cd /Users/admin/builder/spi-builder-workspace/.swiftpm/xcode
builtin-SwiftDriver -- /Applications/Xcode-27.0.0-Release.Candidate.app/Contents/Developer/Toolchains/XcodeDefault.xctoolchain/usr/bin/swiftc -parse-as-library -module-name SwiftUISupport -Onone @/Users/admin/builder/spi-builder-workspace/.derivedData/Build/Intermediates.noindex/SwiftUISupport.build/Debug-watchos/SwiftUISupport-t.build/Objects-normal/arm64/SwiftUISupport.SwiftFileList -DSWIFT_PACKAGE -DDEBUG -DSWIFT_MODULE_RESOURCE_BUNDLE_UNAVAILABLE -DXcode -plugin-path /Applications/Xcode-27.0.0-Release.Candidate.app/Contents/Developer/Toolchains/XcodeDefault.xctoolchain/usr/lib/swift/host/plugins/testing -enable-experimental-feature DebugDescriptionMacro -sdk /Applications/Xcode-27.0.0-Release.Candidate.app/Contents/Developer/Platforms/WatchOS.platform/Developer/SDKs/WatchOS27.0.sdk -target arm64-apple-watchos9.0 -g -module-cache-path /Users/admin/builder/spi-builder-workspace/.derivedData/ModuleCache.noindex -Xfrontend -serialize-debugging-options -profile-coverage-mapping -profile-generate -enable-testing -suppress-warnings -index-store-path /Users/admin/builder/spi-builder-workspace/.derivedData/Index.noindex/DataStore -Xcc -D_LIBCPP_HARDENING_MODE\=_LIBCPP_HARDENING_MODE_DEBUG -swift-version 6 -I /Users/admin/builder/spi-builder-workspace/.derivedData/Build/Products/Debug-watchos -Isystem /Applications/Xcode-27.0.0-Release.Candidate.app/Contents/Developer/Platforms/WatchOS.platform/Developer/usr/lib -F /Users/admin/builder/spi-builder-workspace/.derivedData/Build/Products/Debug-watchos/PackageFrameworks -F /Users/admin/builder/spi-builder-workspace/.derivedData/Build/Products/Debug-watchos -F /Applications/Xcode-27.0.0-Release.Candidate.app/Contents/Developer/Platforms/WatchOS.platform/Developer/Library/Frameworks -F /Applications/Xcode-27.0.0-Release.Candidate.app/Contents/Developer/Platforms/WatchOS.platform/Developer/SDKs/WatchOS27.0.sdk/Developer/Library/Frameworks -c -j10 -enable-batch-mode -incremental -Xcc -ivfsstatcache -Xcc /Users/admin/builder/spi-builder-workspace/.derivedData/SDKStatCaches.noindex/watchos27.0-24R360-e829b21a6f8c9b70876ba0858053c04477534ef55a1706bf4c1112bbb242f0a2.sdkstatcache -output-file-map /Users/admin/builder/spi-builder-workspace/.derivedData/Build/Intermediates.noindex/SwiftUISupport.build/Debug-watchos/SwiftUISupport-t.build/Objects-normal/arm64/SwiftUISupport-OutputFileMap.json -save-temps -no-color-diagnostics -explicit-module-build -module-cache-path /Users/admin/builder/spi-builder-workspace/.derivedData/Build/Intermediates.noindex/SwiftExplicitPrecompiledModules -clang-scanner-module-cache-path /Users/admin/builder/spi-builder-workspace/.derivedData/ModuleCache.noindex -sdk-module-cache-path /Users/admin/builder/spi-builder-workspace/.derivedData/SDKExplicitPrecompiledModules -emit-dependencies -emit-module -emit-module-path /Users/admin/builder/spi-builder-workspace/.derivedData/Build/Intermediates.noindex/SwiftUISupport.build/Debug-watchos/SwiftUISupport-t.build/Objects-normal/arm64/SwiftUISupport.swiftmodule -serialize-diagnostics -dependency-scan-serialize-diagnostics-path /Users/admin/builder/spi-builder-workspace/.derivedData/Build/Intermediates.noindex/SwiftUISupport.build/Debug-watchos/SwiftUISupport-t.build/Objects-normal/arm64/SwiftUISupport-dependency-scan.dia -user-module-version 0.14.0 -validate-clang-modules-once -clang-build-session-file /Users/admin/builder/spi-builder-workspace/.derivedData/ModuleCache.noindex/Session.modulevalidation -Xcc -fmodules-prune-interval\=86400 -Xcc -fmodules-prune-after\=345600 -package-name swiftui_support -emit-const-values -const-gather-protocols-list /Users/admin/builder/spi-builder-workspace/.derivedData/Build/Intermediates.noindex/SwiftUISupport.build/Debug-watchos/SwiftUISupport-t.build/Objects-normal/arm64/SwiftUISupport_const_extract_protocols.json -Xcc -I/Users/admin/builder/spi-builder-workspace/.derivedData/Build/Products/Debug-watchos/include -Xcc -I/Users/admin/builder/spi-builder-workspace/.derivedData/Build/Intermediates.noindex/SwiftUISupport.build/Debug-watchos/SwiftUISupport-t.build/DerivedSources-normal/arm64 -Xcc -I/Users/admin/builder/spi-builder-workspace/.derivedData/Build/Intermediates.noindex/SwiftUISupport.build/Debug-watchos/SwiftUISupport-t.build/DerivedSources/arm64 -Xcc -I/Users/admin/builder/spi-builder-workspace/.derivedData/Build/Intermediates.noindex/SwiftUISupport.build/Debug-watchos/SwiftUISupport-t.build/DerivedSources -Xcc -DSWIFT_PACKAGE -Xcc -DDEBUG\=1 -emit-objc-header -emit-objc-header-path /Users/admin/builder/spi-builder-workspace/.derivedData/Build/Intermediates.noindex/SwiftUISupport.build/Debug-watchos/SwiftUISupport-t.build/Objects-normal/arm64/SwiftUISupport-Swift.h -working-directory /Users/admin/builder/spi-builder-workspace/.swiftpm/xcode -experimental-emit-module-separately -disable-cmo
SwiftDriver SwiftUISupportGeometryEffect normal arm64_32 com.apple.xcode.tools.swift.compiler (in target 'SwiftUISupportGeometryEffect' from project 'SwiftUISupport')
cd /Users/admin/builder/spi-builder-workspace/.swiftpm/xcode
builtin-SwiftDriver -- /Applications/Xcode-27.0.0-Release.Candidate.app/Contents/Developer/Toolchains/XcodeDefault.xctoolchain/usr/bin/swiftc -parse-as-library -module-name SwiftUISupportGeometryEffect -Onone @/Users/admin/builder/spi-builder-workspace/.derivedData/Build/Intermediates.noindex/SwiftUISupport.build/Debug-watchos/SwiftUISupportGeometryEffect-t.build/Objects-normal/arm64_32/SwiftUISupportGeometryEffect.SwiftFileList -DSWIFT_PACKAGE -DDEBUG -DSWIFT_MODULE_RESOURCE_BUNDLE_UNAVAILABLE -DXcode -plugin-path /Applications/Xcode-27.0.0-Release.Candidate.app/Contents/Developer/Toolchains/XcodeDefault.xctoolchain/usr/lib/swift/host/plugins/testing -enable-experimental-feature DebugDescriptionMacro -sdk /Applications/Xcode-27.0.0-Release.Candidate.app/Contents/Developer/Platforms/WatchOS.platform/Developer/SDKs/WatchOS27.0.sdk -target arm64_32-apple-watchos9.0 -g -module-cache-path /Users/admin/builder/spi-builder-workspace/.derivedData/ModuleCache.noindex -Xfrontend -serialize-debugging-options -profile-coverage-mapping -profile-generate -enable-testing -suppress-warnings -index-store-path /Users/admin/builder/spi-builder-workspace/.derivedData/Index.noindex/DataStore -Xcc -D_LIBCPP_HARDENING_MODE\=_LIBCPP_HARDENING_MODE_DEBUG -swift-version 6 -I /Users/admin/builder/spi-builder-workspace/.derivedData/Build/Products/Debug-watchos -Isystem /Applications/Xcode-27.0.0-Release.Candidate.app/Contents/Developer/Platforms/WatchOS.platform/Developer/usr/lib -F /Users/admin/builder/spi-builder-workspace/.derivedData/Build/Products/Debug-watchos -F /Applications/Xcode-27.0.0-Release.Candidate.app/Contents/Developer/Platforms/WatchOS.platform/Developer/Library/Frameworks -F /Applications/Xcode-27.0.0-Release.Candidate.app/Contents/Developer/Platforms/WatchOS.platform/Developer/SDKs/WatchOS27.0.sdk/Developer/Library/Frameworks -c -j10 -enable-batch-mode -incremental -Xcc -ivfsstatcache -Xcc /Users/admin/builder/spi-builder-workspace/.derivedData/SDKStatCaches.noindex/watchos27.0-24R360-e829b21a6f8c9b70876ba0858053c04477534ef55a1706bf4c1112bbb242f0a2.sdkstatcache -output-file-map /Users/admin/builder/spi-builder-workspace/.derivedData/Build/Intermediates.noindex/SwiftUISupport.build/Debug-watchos/SwiftUISupportGeometryEffect-t.build/Objects-normal/arm64_32/SwiftUISupportGeometryEffect-OutputFileMap.json -save-temps -no-color-diagnostics -explicit-module-build -module-cache-path /Users/admin/builder/spi-builder-workspace/.derivedData/Build/Intermediates.noindex/SwiftExplicitPrecompiledModules -clang-scanner-module-cache-path /Users/admin/builder/spi-builder-workspace/.derivedData/ModuleCache.noindex -sdk-module-cache-path /Users/admin/builder/spi-builder-workspace/.derivedData/SDKExplicitPrecompiledModules -emit-dependencies -emit-module -emit-module-path /Users/admin/builder/spi-builder-workspace/.derivedData/Build/Intermediates.noindex/SwiftUISupport.build/Debug-watchos/SwiftUISupportGeometryEffect-t.build/Objects-normal/arm64_32/SwiftUISupportGeometryEffect.swiftmodule -serialize-diagnostics -dependency-scan-serialize-diagnostics-path /Users/admin/builder/spi-builder-workspace/.derivedData/Build/Intermediates.noindex/SwiftUISupport.build/Debug-watchos/SwiftUISupportGeometryEffect-t.build/Objects-normal/arm64_32/SwiftUISupportGeometryEffect-dependency-scan.dia -user-module-version 0.14.0 -validate-clang-modules-once -clang-build-session-file /Users/admin/builder/spi-builder-workspace/.derivedData/ModuleCache.noindex/Session.modulevalidation -Xcc -fmodules-prune-interval\=86400 -Xcc -fmodules-prune-after\=345600 -package-name swiftui_support -emit-const-values -const-gather-protocols-list /Users/admin/builder/spi-builder-workspace/.derivedData/Build/Intermediates.noindex/SwiftUISupport.build/Debug-watchos/SwiftUISupportGeometryEffect-t.build/Objects-normal/arm64_32/SwiftUISupportGeometryEffect_const_extract_protocols.json -Xcc -I/Users/admin/builder/spi-builder-workspace/.derivedData/Build/Products/Debug-watchos/include -Xcc -I/Users/admin/builder/spi-builder-workspace/.derivedData/Build/Intermediates.noindex/SwiftUISupport.build/Debug-watchos/SwiftUISupportGeometryEffect-t.build/DerivedSources-normal/arm64_32 -Xcc -I/Users/admin/builder/spi-builder-workspace/.derivedData/Build/Intermediates.noindex/SwiftUISupport.build/Debug-watchos/SwiftUISupportGeometryEffect-t.build/DerivedSources/arm64_32 -Xcc -I/Users/admin/builder/spi-builder-workspace/.derivedData/Build/Intermediates.noindex/SwiftUISupport.build/Debug-watchos/SwiftUISupportGeometryEffect-t.build/DerivedSources -Xcc -DSWIFT_PACKAGE -Xcc -DDEBUG\=1 -emit-objc-header -emit-objc-header-path /Users/admin/builder/spi-builder-workspace/.derivedData/Build/Intermediates.noindex/SwiftUISupport.build/Debug-watchos/SwiftUISupportGeometryEffect-t.build/Objects-normal/arm64_32/SwiftUISupportGeometryEffect-Swift.h -working-directory /Users/admin/builder/spi-builder-workspace/.swiftpm/xcode -experimental-emit-module-separately -disable-cmo
SwiftDriver SwiftUISupport normal arm64_32 com.apple.xcode.tools.swift.compiler (in target 'SwiftUISupport' from project 'SwiftUISupport')
cd /Users/admin/builder/spi-builder-workspace/.swiftpm/xcode
builtin-SwiftDriver -- /Applications/Xcode-27.0.0-Release.Candidate.app/Contents/Developer/Toolchains/XcodeDefault.xctoolchain/usr/bin/swiftc -parse-as-library -module-name SwiftUISupport -Onone @/Users/admin/builder/spi-builder-workspace/.derivedData/Build/Intermediates.noindex/SwiftUISupport.build/Debug-watchos/SwiftUISupport-t.build/Objects-normal/arm64_32/SwiftUISupport.SwiftFileList -DSWIFT_PACKAGE -DDEBUG -DSWIFT_MODULE_RESOURCE_BUNDLE_UNAVAILABLE -DXcode -plugin-path /Applications/Xcode-27.0.0-Release.Candidate.app/Contents/Developer/Toolchains/XcodeDefault.xctoolchain/usr/lib/swift/host/plugins/testing -enable-experimental-feature DebugDescriptionMacro -sdk /Applications/Xcode-27.0.0-Release.Candidate.app/Contents/Developer/Platforms/WatchOS.platform/Developer/SDKs/WatchOS27.0.sdk -target arm64_32-apple-watchos9.0 -g -module-cache-path /Users/admin/builder/spi-builder-workspace/.derivedData/ModuleCache.noindex -Xfrontend -serialize-debugging-options -profile-coverage-mapping -profile-generate -enable-testing -suppress-warnings -index-store-path /Users/admin/builder/spi-builder-workspace/.derivedData/Index.noindex/DataStore -Xcc -D_LIBCPP_HARDENING_MODE\=_LIBCPP_HARDENING_MODE_DEBUG -swift-version 6 -I /Users/admin/builder/spi-builder-workspace/.derivedData/Build/Products/Debug-watchos -Isystem /Applications/Xcode-27.0.0-Release.Candidate.app/Contents/Developer/Platforms/WatchOS.platform/Developer/usr/lib -F /Users/admin/builder/spi-builder-workspace/.derivedData/Build/Products/Debug-watchos/PackageFrameworks -F /Users/admin/builder/spi-builder-workspace/.derivedData/Build/Products/Debug-watchos -F /Applications/Xcode-27.0.0-Release.Candidate.app/Contents/Developer/Platforms/WatchOS.platform/Developer/Library/Frameworks -F /Applications/Xcode-27.0.0-Release.Candidate.app/Contents/Developer/Platforms/WatchOS.platform/Developer/SDKs/WatchOS27.0.sdk/Developer/Library/Frameworks -c -j10 -enable-batch-mode -incremental -Xcc -ivfsstatcache -Xcc /Users/admin/builder/spi-builder-workspace/.derivedData/SDKStatCaches.noindex/watchos27.0-24R360-e829b21a6f8c9b70876ba0858053c04477534ef55a1706bf4c1112bbb242f0a2.sdkstatcache -output-file-map /Users/admin/builder/spi-builder-workspace/.derivedData/Build/Intermediates.noindex/SwiftUISupport.build/Debug-watchos/SwiftUISupport-t.build/Objects-normal/arm64_32/SwiftUISupport-OutputFileMap.json -save-temps -no-color-diagnostics -explicit-module-build -module-cache-path /Users/admin/builder/spi-builder-workspace/.derivedData/Build/Intermediates.noindex/SwiftExplicitPrecompiledModules -clang-scanner-module-cache-path /Users/admin/builder/spi-builder-workspace/.derivedData/ModuleCache.noindex -sdk-module-cache-path /Users/admin/builder/spi-builder-workspace/.derivedData/SDKExplicitPrecompiledModules -emit-dependencies -emit-module -emit-module-path /Users/admin/builder/spi-builder-workspace/.derivedData/Build/Intermediates.noindex/SwiftUISupport.build/Debug-watchos/SwiftUISupport-t.build/Objects-normal/arm64_32/SwiftUISupport.swiftmodule -serialize-diagnostics -dependency-scan-serialize-diagnostics-path /Users/admin/builder/spi-builder-workspace/.derivedData/Build/Intermediates.noindex/SwiftUISupport.build/Debug-watchos/SwiftUISupport-t.build/Objects-normal/arm64_32/SwiftUISupport-dependency-scan.dia -user-module-version 0.14.0 -validate-clang-modules-once -clang-build-session-file /Users/admin/builder/spi-builder-workspace/.derivedData/ModuleCache.noindex/Session.modulevalidation -Xcc -fmodules-prune-interval\=86400 -Xcc -fmodules-prune-after\=345600 -package-name swiftui_support -emit-const-values -const-gather-protocols-list /Users/admin/builder/spi-builder-workspace/.derivedData/Build/Intermediates.noindex/SwiftUISupport.build/Debug-watchos/SwiftUISupport-t.build/Objects-normal/arm64_32/SwiftUISupport_const_extract_protocols.json -Xcc -I/Users/admin/builder/spi-builder-workspace/.derivedData/Build/Products/Debug-watchos/include -Xcc -I/Users/admin/builder/spi-builder-workspace/.derivedData/Build/Intermediates.noindex/SwiftUISupport.build/Debug-watchos/SwiftUISupport-t.build/DerivedSources-normal/arm64_32 -Xcc -I/Users/admin/builder/spi-builder-workspace/.derivedData/Build/Intermediates.noindex/SwiftUISupport.build/Debug-watchos/SwiftUISupport-t.build/DerivedSources/arm64_32 -Xcc -I/Users/admin/builder/spi-builder-workspace/.derivedData/Build/Intermediates.noindex/SwiftUISupport.build/Debug-watchos/SwiftUISupport-t.build/DerivedSources -Xcc -DSWIFT_PACKAGE -Xcc -DDEBUG\=1 -emit-objc-header -emit-objc-header-path /Users/admin/builder/spi-builder-workspace/.derivedData/Build/Intermediates.noindex/SwiftUISupport.build/Debug-watchos/SwiftUISupport-t.build/Objects-normal/arm64_32/SwiftUISupport-Swift.h -working-directory /Users/admin/builder/spi-builder-workspace/.swiftpm/xcode -experimental-emit-module-separately -disable-cmo
SwiftEmitModule normal arm64 Emitting\ module\ for\ SwiftUISupportSizing (in target 'SwiftUISupportSizing' from project 'SwiftUISupport')
SwiftCompile normal arm64 (in target 'SwiftUISupportSizing' from project 'SwiftUISupport')
cd /Users/admin/builder/spi-builder-workspace/.swiftpm/xcode
SwiftCompile normal arm64 Compiling\ View+MeasureSize.swift /Users/admin/builder/spi-builder-workspace/.dependencies/checkouts/swiftui-support/Sources/SwiftUISupportSizing/View+MeasureSize.swift (in target 'SwiftUISupportSizing' from project 'SwiftUISupport')
SwiftCompile normal arm64 /Users/admin/builder/spi-builder-workspace/.dependencies/checkouts/swiftui-support/Sources/SwiftUISupportSizing/View+MeasureSize.swift (in target 'SwiftUISupportSizing' from project 'SwiftUISupport')
cd /Users/admin/builder/spi-builder-workspace/.swiftpm/xcode
builtin-SwiftPerFileCompile View+MeasureSize.swift
SwiftCompile normal arm64 Compiling\ ResizableModifier.swift /Users/admin/builder/spi-builder-workspace/.dependencies/checkouts/swiftui-support/Sources/SwiftUISupportSizing/ResizableModifier.swift (in target 'SwiftUISupportSizing' from project 'SwiftUISupport')
SwiftCompile normal arm64 /Users/admin/builder/spi-builder-workspace/.dependencies/checkouts/swiftui-support/Sources/SwiftUISupportSizing/ResizableModifier.swift (in target 'SwiftUISupportSizing' from project 'SwiftUISupport')
cd /Users/admin/builder/spi-builder-workspace/.swiftpm/xcode
builtin-SwiftPerFileCompile ResizableModifier.swift
SwiftCompile normal arm64_32 Compiling\ TranslationEffect.swift /Users/admin/builder/spi-builder-workspace/.dependencies/checkouts/swiftui-support/Sources/SwiftUISupportGeometryEffect/TranslationEffect.swift (in target 'SwiftUISupportGeometryEffect' from project 'SwiftUISupport')
SwiftCompile normal arm64_32 /Users/admin/builder/spi-builder-workspace/.dependencies/checkouts/swiftui-support/Sources/SwiftUISupportGeometryEffect/TranslationEffect.swift (in target 'SwiftUISupportGeometryEffect' from project 'SwiftUISupport')
cd /Users/admin/builder/spi-builder-workspace/.swiftpm/xcode
builtin-SwiftPerFileCompile TranslationEffect.swift
SwiftCompile normal arm64 Compiling\ TranslationEffect.swift /Users/admin/builder/spi-builder-workspace/.dependencies/checkouts/swiftui-support/Sources/SwiftUISupportGeometryEffect/TranslationEffect.swift (in target 'SwiftUISupportGeometryEffect' from project 'SwiftUISupport')
SwiftCompile normal arm64 /Users/admin/builder/spi-builder-workspace/.dependencies/checkouts/swiftui-support/Sources/SwiftUISupportGeometryEffect/TranslationEffect.swift (in target 'SwiftUISupportGeometryEffect' from project 'SwiftUISupport')
cd /Users/admin/builder/spi-builder-workspace/.swiftpm/xcode
builtin-SwiftPerFileCompile TranslationEffect.swift
SwiftEmitModule normal arm64 Emitting\ module\ for\ SwiftUISupportGeometryEffect (in target 'SwiftUISupportGeometryEffect' from project 'SwiftUISupport')
SwiftCompile normal arm64 (in target 'SwiftUISupportGeometryEffect' from project 'SwiftUISupport')
cd /Users/admin/builder/spi-builder-workspace/.swiftpm/xcode
SwiftEmitModule normal arm64_32 Emitting\ module\ for\ SwiftUISupportGeometryEffect (in target 'SwiftUISupportGeometryEffect' from project 'SwiftUISupport')
SwiftCompile normal arm64_32 (in target 'SwiftUISupportGeometryEffect' from project 'SwiftUISupport')
cd /Users/admin/builder/spi-builder-workspace/.swiftpm/xcode
SwiftEmitModule normal arm64_32 Emitting\ module\ for\ SwiftUISupportSizing (in target 'SwiftUISupportSizing' from project 'SwiftUISupport')
SwiftCompile normal arm64_32 (in target 'SwiftUISupportSizing' from project 'SwiftUISupport')
cd /Users/admin/builder/spi-builder-workspace/.swiftpm/xcode
SwiftCompile normal arm64_32 Compiling\ ResizableModifier.swift /Users/admin/builder/spi-builder-workspace/.dependencies/checkouts/swiftui-support/Sources/SwiftUISupportSizing/ResizableModifier.swift (in target 'SwiftUISupportSizing' from project 'SwiftUISupport')
SwiftCompile normal arm64_32 /Users/admin/builder/spi-builder-workspace/.dependencies/checkouts/swiftui-support/Sources/SwiftUISupportSizing/ResizableModifier.swift (in target 'SwiftUISupportSizing' from project 'SwiftUISupport')
cd /Users/admin/builder/spi-builder-workspace/.swiftpm/xcode
builtin-SwiftPerFileCompile ResizableModifier.swift
SwiftEmitModule normal arm64_32 Emitting\ module\ for\ SwiftUISupport (in target 'SwiftUISupport' from project 'SwiftUISupport')
/Users/admin/builder/spi-builder-workspace/.dependencies/checkouts/swiftui-support/Sources/SwiftUISupport/Components/Hosting.swift:6:70: error: cannot find type 'Context' in scope
4 |
5 | private let contentView: ContentView
6 | private let _update: @MainActor (_ uiView: ContentView, _ context: Context) -> Void
| `- error: cannot find type 'Context' in scope
7 |
8 | public init(
/Users/admin/builder/spi-builder-workspace/.dependencies/checkouts/swiftui-support/Sources/SwiftUISupport/Components/Hosting.swift:10:69: error: cannot find type 'Context' in scope
8 | public init(
9 | instantiated: ContentView,
10 | update: @escaping @MainActor (_ uiView: ContentView, _ context: Context) -> Void = { _, _ in }
| `- error: cannot find type 'Context' in scope
11 | ) {
12 | self.contentView = instantiated
/Users/admin/builder/spi-builder-workspace/.dependencies/checkouts/swiftui-support/Sources/SwiftUISupport/Components/Hosting.swift:16:35: error: cannot find type 'Context' in scope
14 | }
15 |
16 | public func makeUIView(context: Context) -> ContentView {
| `- error: cannot find type 'Context' in scope
17 | return contentView
18 | }
/Users/admin/builder/spi-builder-workspace/.dependencies/checkouts/swiftui-support/Sources/SwiftUISupport/Components/Hosting.swift:20:60: error: cannot find type 'Context' in scope
18 | }
19 |
20 | public func updateUIView(_ uiView: ContentView, context: Context) {
| `- error: cannot find type 'Context' in scope
21 | _update(uiView, context)
22 | }
/Users/admin/builder/spi-builder-workspace/.dependencies/checkouts/swiftui-support/Sources/SwiftUISupport/Components/Hosting.swift:3:46: error: cannot find type 'UIViewRepresentable' in scope
1 | import SwiftUI
2 |
3 | public struct ViewHost<ContentView: UIView>: UIViewRepresentable {
| `- error: cannot find type 'UIViewRepresentable' in scope
4 |
5 | private let contentView: ContentView
/Users/admin/builder/spi-builder-workspace/.dependencies/checkouts/swiftui-support/Sources/SwiftUISupport/Components/Hosting.swift:3:37: error: 'UIView' is unavailable in watchOS
1 | import SwiftUI
2 |
3 | public struct ViewHost<ContentView: UIView>: UIViewRepresentable {
| `- error: 'UIView' is unavailable in watchOS
4 |
5 | private let contentView: ContentView
/Applications/Xcode-27.0.0-Release.Candidate.app/Contents/Developer/Platforms/WatchOS.platform/Developer/SDKs/WatchOS27.0.sdk/System/Library/Frameworks/UIKit.framework/Headers/UIView.h:152:12: note: 'UIView' has been explicitly marked unavailable here
150 |
151 | UIKIT_EXTERN API_AVAILABLE(ios(2.0)) API_UNAVAILABLE(watchos) NS_SWIFT_UI_ACTOR
152 | @interface UIView : UIResponder <NSCoding, UIAppearance, UIAppearanceContainer, UIDynamicItem, UITraitEnvironment, UICoordinateSpace, UIFocusItem, UIFocusItemContainer, CALayerDelegate>
| `- note: 'UIView' has been explicitly marked unavailable here
153 |
154 | @property(class, nonatomic, readonly) Class layerClass; // default is [CALayer class]. Used when creating the underlying layer for the view.
/Users/admin/builder/spi-builder-workspace/.dependencies/checkouts/swiftui-support/Sources/SwiftUISupport/Components/Hosting.swift:32:69: error: cannot find type 'Context' in scope
30 | private let contentViewController: ContentViewController
31 | private let _update:
32 | @MainActor (_ uiViewController: ContentViewController, _ context: Context) -> Void
| `- error: cannot find type 'Context' in scope
33 |
34 | public init(
/Users/admin/builder/spi-builder-workspace/.dependencies/checkouts/swiftui-support/Sources/SwiftUISupport/Components/Hosting.swift:36:89: error: cannot find type 'Context' in scope
34 | public init(
35 | instantiated: ContentViewController,
36 | update: @escaping @MainActor (_ uiViewController: ContentViewController, _ context: Context) ->
| `- error: cannot find type 'Context' in scope
37 | Void = { _, _ in }
38 | ) {
/Users/admin/builder/spi-builder-workspace/.dependencies/checkouts/swiftui-support/Sources/SwiftUISupport/Components/Hosting.swift:43:45: error: cannot find type 'Context' in scope
41 | }
42 |
43 | public func makeUIViewController(context: Context) -> ContentViewController {
| `- error: cannot find type 'Context' in scope
44 | return contentViewController
45 | }
/Users/admin/builder/spi-builder-workspace/.dependencies/checkouts/swiftui-support/Sources/SwiftUISupport/Components/Hosting.swift:47:90: error: cannot find type 'Context' in scope
45 | }
46 |
47 | public func updateUIViewController(_ uiViewController: ContentViewController, context: Context) {
| `- error: cannot find type 'Context' in scope
48 | _update(uiViewController, context)
49 | }
/Users/admin/builder/spi-builder-workspace/.dependencies/checkouts/swiftui-support/Sources/SwiftUISupport/Components/Hosting.swift:27:3: error: cannot find type 'UIViewControllerRepresentable' in scope
25 |
26 | public struct ViewControllerHost<ContentViewController: UIViewController>:
27 | UIViewControllerRepresentable
| `- error: cannot find type 'UIViewControllerRepresentable' in scope
28 | {
29 |
/Users/admin/builder/spi-builder-workspace/.dependencies/checkouts/swiftui-support/Sources/SwiftUISupport/Components/Hosting.swift:26:57: error: 'UIViewController' is unavailable in watchOS
24 | }
25 |
26 | public struct ViewControllerHost<ContentViewController: UIViewController>:
| `- error: 'UIViewController' is unavailable in watchOS
27 | UIViewControllerRepresentable
28 | {
/Applications/Xcode-27.0.0-Release.Candidate.app/Contents/Developer/Platforms/WatchOS.platform/Developer/SDKs/WatchOS27.0.sdk/System/Library/Frameworks/UIKit.framework/Headers/UIViewController.h:104:12: note: 'UIViewController' has been explicitly marked unavailable here
102 |
103 | UIKIT_EXTERN API_AVAILABLE(ios(2.0)) API_UNAVAILABLE(watchos) NS_SWIFT_UI_ACTOR
104 | @interface UIViewController : UIResponder <NSCoding, UIAppearanceContainer, UITraitEnvironment, UIContentContainer, UIFocusEnvironment>
| `- note: 'UIViewController' has been explicitly marked unavailable here
105 |
106 | /*
/Users/admin/builder/spi-builder-workspace/.dependencies/checkouts/swiftui-support/Sources/SwiftUISupport/Components/UIKitText.swift:8:33: error: 'UILabel' is unavailable in watchOS
6 | public struct UIKitText: UIViewRepresentable {
7 |
8 | public typealias UIViewType = UILabel
| `- error: 'UILabel' is unavailable in watchOS
9 |
10 | public let attributedString: NSAttributedString
/Applications/Xcode-27.0.0-Release.Candidate.app/Contents/Developer/Platforms/WatchOS.platform/Developer/SDKs/WatchOS27.0.sdk/System/Library/Frameworks/UIKit.framework/Headers/UILabel.h:33:12: note: 'UILabel' has been explicitly marked unavailable here
31 |
32 | UIKIT_EXTERN API_AVAILABLE(ios(2.0)) API_UNAVAILABLE(watchos) NS_SWIFT_UI_ACTOR
33 | @interface UILabel : UIView <NSCoding, UIContentSizeCategoryAdjusting, UILetterformAwareAdjusting>
| `- note: 'UILabel' has been explicitly marked unavailable here
34 |
35 | @property(nullable, nonatomic,copy) NSString *text; // default is nil
/Users/admin/builder/spi-builder-workspace/.dependencies/checkouts/swiftui-support/Sources/SwiftUISupport/Components/UIKitText.swift:16:35: error: cannot find type 'Context' in scope
14 | }
15 |
16 | public func makeUIView(context: Context) -> UILabel {
| `- error: cannot find type 'Context' in scope
17 | let label = UILabel()
18 | label.numberOfLines = 0
/Users/admin/builder/spi-builder-workspace/.dependencies/checkouts/swiftui-support/Sources/SwiftUISupport/Components/UIKitText.swift:16:47: error: 'UILabel' is unavailable in watchOS
14 | }
15 |
16 | public func makeUIView(context: Context) -> UILabel {
| `- error: 'UILabel' is unavailable in watchOS
17 | let label = UILabel()
18 | label.numberOfLines = 0
/Applications/Xcode-27.0.0-Release.Candidate.app/Contents/Developer/Platforms/WatchOS.platform/Developer/SDKs/WatchOS27.0.sdk/System/Library/Frameworks/UIKit.framework/Headers/UILabel.h:33:12: note: 'UILabel' has been explicitly marked unavailable here
31 |
32 | UIKIT_EXTERN API_AVAILABLE(ios(2.0)) API_UNAVAILABLE(watchos) NS_SWIFT_UI_ACTOR
33 | @interface UILabel : UIView <NSCoding, UIContentSizeCategoryAdjusting, UILetterformAwareAdjusting>
| `- note: 'UILabel' has been explicitly marked unavailable here
34 |
35 | @property(nullable, nonatomic,copy) NSString *text; // default is nil
/Users/admin/builder/spi-builder-workspace/.dependencies/checkouts/swiftui-support/Sources/SwiftUISupport/Components/UIKitText.swift:24:56: error: cannot find type 'Context' in scope
22 | }
23 |
24 | public func updateUIView(_ uiView: UILabel, context: Context) {
| `- error: cannot find type 'Context' in scope
25 | uiView.attributedText = attributedString
26 | }
/Users/admin/builder/spi-builder-workspace/.dependencies/checkouts/swiftui-support/Sources/SwiftUISupport/Components/UIKitText.swift:24:38: error: 'UILabel' is unavailable in watchOS
22 | }
23 |
24 | public func updateUIView(_ uiView: UILabel, context: Context) {
| `- error: 'UILabel' is unavailable in watchOS
25 | uiView.attributedText = attributedString
26 | }
/Applications/Xcode-27.0.0-Release.Candidate.app/Contents/Developer/Platforms/WatchOS.platform/Developer/SDKs/WatchOS27.0.sdk/System/Library/Frameworks/UIKit.framework/Headers/UILabel.h:33:12: note: 'UILabel' has been explicitly marked unavailable here
31 |
32 | UIKIT_EXTERN API_AVAILABLE(ios(2.0)) API_UNAVAILABLE(watchos) NS_SWIFT_UI_ACTOR
33 | @interface UILabel : UIView <NSCoding, UIContentSizeCategoryAdjusting, UILetterformAwareAdjusting>
| `- note: 'UILabel' has been explicitly marked unavailable here
34 |
35 | @property(nullable, nonatomic,copy) NSString *text; // default is nil
/Users/admin/builder/spi-builder-workspace/.dependencies/checkouts/swiftui-support/Sources/SwiftUISupport/Components/UIKitText.swift:6:26: error: cannot find type 'UIViewRepresentable' in scope
4 | UILabel backed SwiftUI.View
5 | */
6 | public struct UIKitText: UIViewRepresentable {
| `- error: cannot find type 'UIViewRepresentable' in scope
7 |
8 | public typealias UIViewType = UILabel
Failed frontend command:
/Applications/Xcode-27.0.0-Release.Candidate.app/Contents/Developer/Toolchains/XcodeDefault.xctoolchain/usr/bin/swift-frontend -frontend -emit-module -experimental-skip-non-inlinable-function-bodies-without-types /Users/admin/builder/spi-builder-workspace/.dependencies/checkouts/swiftui-support/Sources/SwiftUISupport/Components/ClippingMask.swift /Users/admin/builder/spi-builder-workspace/.dependencies/checkouts/swiftui-support/Sources/SwiftUISupport/Components/Hosting.swift /Users/admin/builder/spi-builder-workspace/.dependencies/checkouts/swiftui-support/Sources/SwiftUISupport/Components/LocalState.swift /Users/admin/builder/spi-builder-workspace/.dependencies/checkouts/swiftui-support/Sources/SwiftUISupport/Components/ObservedView.swift /Users/admin/builder/spi-builder-workspace/.dependencies/checkouts/swiftui-support/Sources/SwiftUISupport/Components/StyleModifier.swift /Users/admin/builder/spi-builder-workspace/.dependencies/checkouts/swiftui-support/Sources/SwiftUISupport/Components/SwiftUISupport.swift /Users/admin/builder/spi-builder-workspace/.dependencies/checkouts/swiftui-support/Sources/SwiftUISupport/Components/UIKitText.swift /Users/admin/builder/spi-builder-workspace/.dependencies/checkouts/swiftui-support/Sources/SwiftUISupport/Extensions/Animation+.swift /Users/admin/builder/spi-builder-workspace/.dependencies/checkouts/swiftui-support/Sources/SwiftUISupport/Extensions/ForEach+.swift /Users/admin/builder/spi-builder-workspace/.dependencies/checkouts/swiftui-support/Sources/SwiftUISupport/Extensions/View+.swift /Users/admin/builder/spi-builder-workspace/.dependencies/checkouts/swiftui-support/Sources/SwiftUISupport/Extensions/View+Gradient.swift /Users/admin/builder/spi-builder-workspace/.dependencies/checkouts/swiftui-support/Sources/SwiftUISupport/Extensions/View+VariadicView.swift /Users/admin/builder/spi-builder-workspace/.dependencies/checkouts/swiftui-support/Sources/SwiftUISupport/Extensions/View+circularBorder.swift -target arm64_32-apple-watchos9.0 -module-can-import-version UIKit 9127.0.84.1 9127.0.84 -disable-cross-import-overlay-search -load-resolved-plugin /Applications/Xcode-27.0.0-Release.Candidate.app/Contents/Developer/Platforms/WatchOS.platform/Developer/usr/lib/swift/host/plugins/libFoundationMacros.dylib\#/Applications/Xcode-27.0.0-Release.Candidate.app/Contents/Developer/Platforms/WatchOS.platform/Developer/usr/bin/swift-plugin-server\#FoundationMacros -load-resolved-plugin /Applications/Xcode-27.0.0-Release.Candidate.app/Contents/Developer/Platforms/WatchOS.platform/Developer/usr/lib/swift/host/plugins/libObservationMacros.dylib\#/Applications/Xcode-27.0.0-Release.Candidate.app/Contents/Developer/Platforms/WatchOS.platform/Developer/usr/bin/swift-plugin-server\#ObservationMacros -load-resolved-plugin /Applications/Xcode-27.0.0-Release.Candidate.app/Contents/Developer/Platforms/WatchOS.platform/Developer/usr/lib/swift/host/plugins/libPreviewsMacros.dylib\#/Applications/Xcode-27.0.0-Release.Candidate.app/Contents/Developer/Platforms/WatchOS.platform/Developer/usr/bin/swift-plugin-server\#PreviewsMacros -load-resolved-plugin /Applications/Xcode-27.0.0-Release.Candidate.app/Contents/Developer/Platforms/WatchOS.platform/Developer/usr/lib/swift/host/plugins/libSwiftMacros.dylib\#/Applications/Xcode-27.0.0-Release.Candidate.app/Contents/Developer/Platforms/WatchOS.platform/Developer/usr/bin/swift-plugin-server\#SwiftMacros -load-resolved-plugin /Applications/Xcode-27.0.0-Release.Candidate.app/Contents/Developer/Platforms/WatchOS.platform/Developer/usr/lib/swift/host/plugins/libSwiftUIMacros.dylib\#/Applications/Xcode-27.0.0-Release.Candidate.app/Contents/Developer/Platforms/WatchOS.platform/Developer/usr/bin/swift-plugin-server\#SwiftUIMacros -disable-implicit-swift-modules -Xcc -fno-implicit-modules -Xcc -fno-implicit-module-maps -explicit-swift-module-map-file /Users/admin/builder/spi-builder-workspace/.derivedData/Build/Intermediates.noindex/SwiftUISupport.build/Debug-watchos/SwiftUISupport-t.build/Objects-normal/arm64_32/SwiftUISupport-dependencies-2.json -enable-objc-interop -sdk /Applications/Xcode-27.0.0-Release.Candidate.app/Contents/Developer/Platforms/WatchOS.platform/Developer/SDKs/WatchOS27.0.sdk -I /Users/admin/builder/spi-builder-workspace/.derivedData/Build/Products/Debug-watchos -Isystem /Applications/Xcode-27.0.0-Release.Candidate.app/Contents/Developer/Platforms/WatchOS.platform/Developer/usr/lib -F /Users/admin/builder/spi-builder-workspace/.derivedData/Build/Products/Debug-watchos/PackageFrameworks -F /Users/admin/builder/spi-builder-workspace/.derivedData/Build/Products/Debug-watchos -F /Applications/Xcode-27.0.0-Release.Candidate.app/Contents/Developer/Platforms/WatchOS.platform/Developer/Library/Frameworks -F /Applications/Xcode-27.0.0-Release.Candidate.app/Contents/Developer/Platforms/WatchOS.platform/Developer/SDKs/WatchOS27.0.sdk/Developer/Library/Frameworks -module-cache-path /Users/admin/builder/spi-builder-workspace/.derivedData/Build/Intermediates.noindex/SwiftExplicitPrecompiledModules -no-color-diagnostics -Xcc -fno-color-diagnostics -enable-testing -g -debug-info-format\=dwarf -dwarf-version\=4 -suppress-warnings -profile-generate -profile-coverage-mapping -swift-version 6 -Onone -D SWIFT_PACKAGE -D DEBUG -D SWIFT_MODULE_RESOURCE_BUNDLE_UNAVAILABLE -D Xcode -serialize-debugging-options -enable-experimental-feature DebugDescriptionMacro -empty-abi-descriptor -user-module-version 0.14.0 -validate-clang-modules-once -clang-build-session-file /Users/admin/builder/spi-builder-workspace/.derivedData/ModuleCache.noindex/Session.modulevalidation -Xcc -working-directory -Xcc /Users/admin/builder/spi-builder-workspace/.swiftpm/xcode -enable-anonymous-context-mangled-names -file-compilation-dir /Users/admin/builder/spi-builder-workspace/.swiftpm/xcode -Xcc -D_LIBCPP_HARDENING_MODE\=_LIBCPP_HARDENING_MODE_DEBUG -Xcc -ivfsstatcache -Xcc /Users/admin/builder/spi-builder-workspace/.derivedData/SDKStatCaches.noindex/watchos27.0-24R360-e829b21a6f8c9b70876ba0858053c04477534ef55a1706bf4c1112bbb242f0a2.sdkstatcache -Xcc -fmodules-prune-interval\=86400 -Xcc -fmodules-prune-after\=345600 -Xcc -I/Users/admin/builder/spi-builder-workspace/.derivedData/Build/Products/Debug-watchos/include -Xcc -I/Users/admin/builder/spi-builder-workspace/.derivedData/Build/Intermediates.noindex/SwiftUISupport.build/Debug-watchos/SwiftUISupport-t.build/DerivedSources-normal/arm64_32 -Xcc -I/Users/admin/builder/spi-builder-workspace/.derivedData/Build/Intermediates.noindex/SwiftUISupport.build/Debug-watchos/SwiftUISupport-t.build/DerivedSources/arm64_32 -Xcc -I/Users/admin/builder/spi-builder-workspace/.derivedData/Build/Intermediates.noindex/SwiftUISupport.build/Debug-watchos/SwiftUISupport-t.build/DerivedSources -Xcc -DSWIFT_PACKAGE -Xcc -DDEBUG\=1 -no-auto-bridging-header-chaining -module-name SwiftUISupport -package-name swiftui_support -const-gather-protocols-file /Users/admin/builder/spi-builder-workspace/.derivedData/Build/Intermediates.noindex/SwiftUISupport.build/Debug-watchos/SwiftUISupport-t.build/Objects-normal/arm64_32/SwiftUISupport_const_extract_protocols.json -disable-clang-spi -clang-target arm64_32-apple-watchos27.0 -target-sdk-version 27.0 -target-sdk-name watchos27.0 -in-process-plugin-server-path /Applications/Xcode-27.0.0-Release.Candidate.app/Contents/Developer/Toolchains/XcodeDefault.xctoolchain/usr/lib/swift/host/libSwiftInProcPluginServer.dylib -emit-module-doc-path /Users/admin/builder/spi-builder-workspace/.derivedData/Build/Intermediates.noindex/SwiftUISupport.build/Debug-watchos/SwiftUISupport-t.build/Objects-normal/arm64_32/SwiftUISupport.swiftdoc -emit-module-source-info-path /Users/admin/builder/spi-builder-workspace/.derivedData/Build/Intermediates.noindex/SwiftUISupport.build/Debug-watchos/SwiftUISupport-t.build/Objects-normal/arm64_32/SwiftUISupport.swiftsourceinfo -emit-objc-header-path /Users/admin/builder/spi-builder-workspace/.derivedData/Build/Intermediates.noindex/SwiftUISupport.build/Debug-watchos/SwiftUISupport-t.build/Objects-normal/arm64_32/SwiftUISupport-Swift.h -serialize-diagnostics-path /Users/admin/builder/spi-builder-workspace/.derivedData/Build/Intermediates.noindex/SwiftUISupport.build/Debug-watchos/SwiftUISupport-t.build/Objects-normal/arm64_32/SwiftUISupport-primary-emit-module.dia -emit-dependencies-path /Users/admin/builder/spi-builder-workspace/.derivedData/Build/Intermediates.noindex/SwiftUISupport.build/Debug-watchos/SwiftUISupport-t.build/Objects-normal/arm64_32/SwiftUISupport-primary-emit-module.d -parse-as-library -o /Users/admin/builder/spi-builder-workspace/.derivedData/Build/Intermediates.noindex/SwiftUISupport.build/Debug-watchos/SwiftUISupport-t.build/Objects-normal/arm64_32/SwiftUISupport.swiftmodule -emit-abi-descriptor-path /Users/admin/builder/spi-builder-workspace/.derivedData/Build/Intermediates.noindex/SwiftUISupport.build/Debug-watchos/SwiftUISupport-t.build/Objects-normal/arm64_32/SwiftUISupport.abi.json
SwiftCompile normal arm64_32 (in target 'SwiftUISupport' from project 'SwiftUISupport')
cd /Users/admin/builder/spi-builder-workspace/.swiftpm/xcode
SwiftEmitModule normal arm64 Emitting\ module\ for\ SwiftUISupport (in target 'SwiftUISupport' from project 'SwiftUISupport')
/Users/admin/builder/spi-builder-workspace/.dependencies/checkouts/swiftui-support/Sources/SwiftUISupport/Components/Hosting.swift:6:70: error: cannot find type 'Context' in scope
4 |
5 | private let contentView: ContentView
6 | private let _update: @MainActor (_ uiView: ContentView, _ context: Context) -> Void
| `- error: cannot find type 'Context' in scope
7 |
8 | public init(
/Users/admin/builder/spi-builder-workspace/.dependencies/checkouts/swiftui-support/Sources/SwiftUISupport/Components/Hosting.swift:10:69: error: cannot find type 'Context' in scope
8 | public init(
9 | instantiated: ContentView,
10 | update: @escaping @MainActor (_ uiView: ContentView, _ context: Context) -> Void = { _, _ in }
| `- error: cannot find type 'Context' in scope
11 | ) {
12 | self.contentView = instantiated
/Users/admin/builder/spi-builder-workspace/.dependencies/checkouts/swiftui-support/Sources/SwiftUISupport/Components/Hosting.swift:16:35: error: cannot find type 'Context' in scope
14 | }
15 |
16 | public func makeUIView(context: Context) -> ContentView {
| `- error: cannot find type 'Context' in scope
17 | return contentView
18 | }
/Users/admin/builder/spi-builder-workspace/.dependencies/checkouts/swiftui-support/Sources/SwiftUISupport/Components/Hosting.swift:20:60: error: cannot find type 'Context' in scope
18 | }
19 |
20 | public func updateUIView(_ uiView: ContentView, context: Context) {
| `- error: cannot find type 'Context' in scope
21 | _update(uiView, context)
22 | }
/Users/admin/builder/spi-builder-workspace/.dependencies/checkouts/swiftui-support/Sources/SwiftUISupport/Components/Hosting.swift:3:46: error: cannot find type 'UIViewRepresentable' in scope
1 | import SwiftUI
2 |
3 | public struct ViewHost<ContentView: UIView>: UIViewRepresentable {
| `- error: cannot find type 'UIViewRepresentable' in scope
4 |
5 | private let contentView: ContentView
/Users/admin/builder/spi-builder-workspace/.dependencies/checkouts/swiftui-support/Sources/SwiftUISupport/Components/Hosting.swift:3:37: error: 'UIView' is unavailable in watchOS
1 | import SwiftUI
2 |
3 | public struct ViewHost<ContentView: UIView>: UIViewRepresentable {
| `- error: 'UIView' is unavailable in watchOS
4 |
5 | private let contentView: ContentView
/Applications/Xcode-27.0.0-Release.Candidate.app/Contents/Developer/Platforms/WatchOS.platform/Developer/SDKs/WatchOS27.0.sdk/System/Library/Frameworks/UIKit.framework/Headers/UIView.h:152:12: note: 'UIView' has been explicitly marked unavailable here
150 |
151 | UIKIT_EXTERN API_AVAILABLE(ios(2.0)) API_UNAVAILABLE(watchos) NS_SWIFT_UI_ACTOR
152 | @interface UIView : UIResponder <NSCoding, UIAppearance, UIAppearanceContainer, UIDynamicItem, UITraitEnvironment, UICoordinateSpace, UIFocusItem, UIFocusItemContainer, CALayerDelegate>
| `- note: 'UIView' has been explicitly marked unavailable here
153 |
154 | @property(class, nonatomic, readonly) Class layerClass; // default is [CALayer class]. Used when creating the underlying layer for the view.
/Users/admin/builder/spi-builder-workspace/.dependencies/checkouts/swiftui-support/Sources/SwiftUISupport/Components/Hosting.swift:32:69: error: cannot find type 'Context' in scope
30 | private let contentViewController: ContentViewController
31 | private let _update:
32 | @MainActor (_ uiViewController: ContentViewController, _ context: Context) -> Void
| `- error: cannot find type 'Context' in scope
33 |
34 | public init(
/Users/admin/builder/spi-builder-workspace/.dependencies/checkouts/swiftui-support/Sources/SwiftUISupport/Components/Hosting.swift:36:89: error: cannot find type 'Context' in scope
34 | public init(
35 | instantiated: ContentViewController,
36 | update: @escaping @MainActor (_ uiViewController: ContentViewController, _ context: Context) ->
| `- error: cannot find type 'Context' in scope
37 | Void = { _, _ in }
38 | ) {
/Users/admin/builder/spi-builder-workspace/.dependencies/checkouts/swiftui-support/Sources/SwiftUISupport/Components/Hosting.swift:43:45: error: cannot find type 'Context' in scope
41 | }
42 |
43 | public func makeUIViewController(context: Context) -> ContentViewController {
| `- error: cannot find type 'Context' in scope
44 | return contentViewController
45 | }
/Users/admin/builder/spi-builder-workspace/.dependencies/checkouts/swiftui-support/Sources/SwiftUISupport/Components/Hosting.swift:47:90: error: cannot find type 'Context' in scope
45 | }
46 |
47 | public func updateUIViewController(_ uiViewController: ContentViewController, context: Context) {
| `- error: cannot find type 'Context' in scope
48 | _update(uiViewController, context)
49 | }
/Users/admin/builder/spi-builder-workspace/.dependencies/checkouts/swiftui-support/Sources/SwiftUISupport/Components/Hosting.swift:27:3: error: cannot find type 'UIViewControllerRepresentable' in scope
25 |
26 | public struct ViewControllerHost<ContentViewController: UIViewController>:
27 | UIViewControllerRepresentable
| `- error: cannot find type 'UIViewControllerRepresentable' in scope
28 | {
29 |
SwiftCompile normal arm64 (in target 'SwiftUISupport' from project 'SwiftUISupport')
cd /Users/admin/builder/spi-builder-workspace/.swiftpm/xcode
SwiftCompile normal arm64_32 Compiling\ View+MeasureSize.swift /Users/admin/builder/spi-builder-workspace/.dependencies/checkouts/swiftui-support/Sources/SwiftUISupportSizing/View+MeasureSize.swift (in target 'SwiftUISupportSizing' from project 'SwiftUISupport')
SwiftCompile normal arm64_32 /Users/admin/builder/spi-builder-workspace/.dependencies/checkouts/swiftui-support/Sources/SwiftUISupportSizing/View+MeasureSize.swift (in target 'SwiftUISupportSizing' from project 'SwiftUISupport')
cd /Users/admin/builder/spi-builder-workspace/.swiftpm/xcode
builtin-SwiftPerFileCompile View+MeasureSize.swift
SwiftCompile normal arm64_32 Compiling\ View+.swift /Users/admin/builder/spi-builder-workspace/.dependencies/checkouts/swiftui-support/Sources/SwiftUISupport/Extensions/View+.swift (in target 'SwiftUISupport' from project 'SwiftUISupport')
SwiftCompile normal arm64_32 /Users/admin/builder/spi-builder-workspace/.dependencies/checkouts/swiftui-support/Sources/SwiftUISupport/Extensions/View+.swift (in target 'SwiftUISupport' from project 'SwiftUISupport')
cd /Users/admin/builder/spi-builder-workspace/.swiftpm/xcode
builtin-SwiftPerFileCompile View+.swift
SwiftCompile normal arm64_32 Compiling\ Animation+.swift /Users/admin/builder/spi-builder-workspace/.dependencies/checkouts/swiftui-support/Sources/SwiftUISupport/Extensions/Animation+.swift (in target 'SwiftUISupport' from project 'SwiftUISupport')
SwiftCompile normal arm64_32 /Users/admin/builder/spi-builder-workspace/.dependencies/checkouts/swiftui-support/Sources/SwiftUISupport/Extensions/Animation+.swift (in target 'SwiftUISupport' from project 'SwiftUISupport')
cd /Users/admin/builder/spi-builder-workspace/.swiftpm/xcode
builtin-SwiftPerFileCompile Animation+.swift
SwiftCompile normal arm64 Compiling\ UIKitText.swift /Users/admin/builder/spi-builder-workspace/.dependencies/checkouts/swiftui-support/Sources/SwiftUISupport/Components/UIKitText.swift (in target 'SwiftUISupport' from project 'SwiftUISupport')
SwiftCompile normal arm64 /Users/admin/builder/spi-builder-workspace/.dependencies/checkouts/swiftui-support/Sources/SwiftUISupport/Components/UIKitText.swift (in target 'SwiftUISupport' from project 'SwiftUISupport')
cd /Users/admin/builder/spi-builder-workspace/.swiftpm/xcode
builtin-SwiftPerFileCompile UIKitText.swift
PruneExplicitPrecompiledModules /Users/admin/builder/spi-builder-workspace/.derivedData/Build/Intermediates.noindex/SwiftExplicitPrecompiledModules
PruneExplicitPrecompiledModules /Users/admin/builder/spi-builder-workspace/.derivedData/SDKExplicitPrecompiledModules
PruneExplicitPrecompiledModules /Users/admin/builder/spi-builder-workspace/.derivedData/Build/Intermediates.noindex/ExplicitPrecompiledModules
2026-09-19 11:03:50.463 xcodebuild[1155:6741] [MT] IDERunDestination: Supported platforms for the buildables in the current scheme is empty.
2026-09-19 11:03:50.568 xcodebuild[1155:6741] [MT] IDERunDestination: Supported platforms for the buildables in the current scheme is empty.
2026-09-19 11:03:50.874 xcodebuild[1155:6741] [MT] IDERunDestination: Supported platforms for the buildables in the current scheme is empty.
** BUILD FAILED **
The following build commands failed:
SwiftEmitModule normal arm64_32 Emitting\ module\ for\ SwiftUISupport (in target 'SwiftUISupport' from project 'SwiftUISupport')
SwiftCompile normal arm64_32 (in target 'SwiftUISupport' from project 'SwiftUISupport')
Building workspace swiftui-stack with scheme swiftui-stack
(3 failures)
BUILD FAILURE 6.4 watchOS