The Swift Package Index logo.Swift Package Index

Build Information

Failed to build swift-rfc-1123, reference main (056381), with Swift 6.1 for tvOS using Xcode 16.3 on 1 Oct 2026 07:20:08 UTC.

Build Command

No build command. This typically means the build failed at an early stage where we determine the build command.

Build Log

========================================
RunAll
========================================
Builder version: 5.1.1
Interrupt handler set up.
========================================
Checkout
========================================
Clone URL: https://github.com/swift-ietf/swift-rfc-1123.git
Reference: main
Initialized empty Git repository in /Users/admin/builder/spi-builder-workspace/.git/
From https://github.com/swift-ietf/swift-rfc-1123
 * branch            main       -> FETCH_HEAD
 * [new branch]      main       -> origin/main
HEAD is now at 0563819 Depend on Byte instead of the removed Byte Standard Library Integration product
Cloned https://github.com/swift-ietf/swift-rfc-1123.git
Revision (git rev-parse @):
0563819ddd3ae037467012fa8b838793598baeac
SPI manifest file found: $PWD/.spi.yml
SUCCESS checkout https://github.com/swift-ietf/swift-rfc-1123.git at main
========================================
Build
========================================
Selected platform:         tvOS
Swift version:             6.1
Building package at path:  $PWD
https://github.com/swift-ietf/swift-rfc-1123.git
https://github.com/swift-ietf/swift-rfc-1123.git
error: 'spi-builder-workspace': package 'spi-builder-workspace' is using Swift tools version 6.4.0 but the installed version is 6.1.0
error: fatalError
Command line invocation:
    /Applications/Xcode-16.3.0.app/Contents/Developer/usr/bin/xcodebuild -IDEClonedSourcePackagesDirPathOverride=/Users/admin/builder/spi-builder-workspace/.dependencies -resolvePackageDependencies
Resolve Package Graph
package 'spi-builder-workspace' is using Swift tools version 6.4.0 but the installed version is 6.1.0
Resolved source packages:
  spi-builder-workspace: (null)
2026-10-01 00:20:07.477 xcodebuild[505:2892] Writing error result bundle to /var/folders/5k/5yc19ymj0jqd5v0zvgfqz0xw0000gn/T/ResultBundle_2026-01-10_00-20-0007.xcresult
xcodebuild: error: Could not resolve package dependencies:
  package 'spi-builder-workspace' is using Swift tools version 6.4.0 but the installed version is 6.1.0
Command line invocation:
    /Applications/Xcode-16.3.0.app/Contents/Developer/usr/bin/xcodebuild -IDEClonedSourcePackagesDirPathOverride=/Users/admin/builder/spi-builder-workspace/.dependencies -resolvePackageDependencies
Resolve Package Graph
package 'spi-builder-workspace' is using Swift tools version 6.4.0 but the installed version is 6.1.0
Resolved source packages:
  spi-builder-workspace: (null)
2026-10-01 00:20:08.197 xcodebuild[514:2980] Writing error result bundle to /var/folders/5k/5yc19ymj0jqd5v0zvgfqz0xw0000gn/T/ResultBundle_2026-01-10_00-20-0008.xcresult
xcodebuild: error: Could not resolve package dependencies:
  package 'spi-builder-workspace' is using Swift tools version 6.4.0 but the installed version is 6.1.0
BUILD FAILURE 6.1 tvOS